36.133.115.36 - - [17/Jul/2026:14:59:15 +0800] "POST /wp-cron.php?doing_wp_cron=1784271555.3329660892486572265625 HTTP/1.1" 200 31 "-" "WordPress/7.0; http://cqqizhou.com"
14.108.232.247 - - [17/Jul/2026:14:59:15 +0800] "POST /wp-admin/admin-ajax.php HTTP/1.1" 403 33 "http://cqqizhou.com/media" "Mozilla/5.0 (Windows NT 10.0; Win64; x64) AppleWebKit/537.36 (KHTML, like Gecko) Chrome/150.0.0.0 Safari/537.36"
14.108.232.247 - - [17/Jul/2026:14:59:33 +0800] "GET /media/2 HTTP/1.1" 200 26607 "http://cqqizhou.com/media" "Mozilla/5.0 (Windows NT 10.0; Win64; x64) AppleWebKit/537.36 (KHTML, like Gecko) Chrome/150.0.0.0 Safari/537.36"
36.133.115.36 - - [17/Jul/2026:15:00:09 +0800] "POST /wp-cron.php?doing_wp_cron=1784271609.3956871032714843750000 HTTP/1.1" 200 31 "-" "WordPress/7.0; http://cqqizhou.com"
43.153.119.119 - - [17/Jul/2026:15:00:09 +0800] "GET /wp-content/uploads/2025/12/1765268955-qizhou_Slider1_3840 HTTP/1.1" 404 9498 "-" "Mozilla/5.0 (iPhone; CPU iPhone OS 13_2_3 like Mac OS X) AppleWebKit/605.1.15 (KHTML, like Gecko) Version/13.0.3 Mobile/15E148 Safari/604.1"
36.133.115.36 - - [17/Jul/2026:15:02:43 +0800] "POST /wp-cron.php?doing_wp_cron=1784271763.5055580139160156250000 HTTP/1.1" 200 31 "-" "WordPress/7.0; http://cqqizhou.com"
114.119.132.85 - - [17/Jul/2026:15:02:43 +0800] "GET /2159/ HTTP/1.1" 301 5 "http://cqqizhou.com/2160/" "Mozilla/5.0 (Linux; Android 7.0;) AppleWebKit/537.36 (HTML, like Gecko) Mobile Safari/537.36 (compatible; PetalBot;+https://webmaster.petalsearch.com/site/petalbot)"
114.119.132.85 - - [17/Jul/2026:15:02:44 +0800] "GET /news/2159 HTTP/1.1" 200 25325 "http://cqqizhou.com/2160/" "Mozilla/5.0 (Linux; Android 7.0;) AppleWebKit/537.36 (HTML, like Gecko) Mobile Safari/537.36 (compatible; PetalBot;+https://webmaster.petalsearch.com/site/petalbot)"
14.108.232.247 - - [17/Jul/2026:15:07:41 +0800] "GET /wp-json/sliderrevolution/sliders/1?srengine=7&slideid=4 HTTP/1.1" 200 2580 "http://cqqizhou.com/" "Mozilla/5.0 (Windows NT 10.0; Win64; x64) AppleWebKit/537.36 (KHTML, like Gecko) Chrome/150.0.0.0 Safari/537.36"
36.133.115.36 - - [17/Jul/2026:15:07:41 +0800] "POST /wp-cron.php?doing_wp_cron=1784272061.6370530128479003906250 HTTP/1.1" 200 31 "-" "WordPress/7.0; http://cqqizhou.com"
14.108.232.247 - - [17/Jul/2026:15:07:41 +0800] "GET /wp-json/sliderrevolution/sliders/1?srengine=7&slideid=2 HTTP/1.1" 200 2000 "http://cqqizhou.com/" "Mozilla/5.0 (Windows NT 10.0; Win64; x64) AppleWebKit/537.36 (KHTML, like Gecko) Chrome/150.0.0.0 Safari/537.36"
14.108.232.247 - - [17/Jul/2026:15:07:42 +0800] "GET /wp-content/uploads/2025/11/1762861549-%E5%85%A8%E6%99%AF%E5%90%AF%E8%88%9F%E5%9D%A4%E7%85%8C%E5%BA%93.webp HTTP/1.1" 200 18812 "http://cqqizhou.com/media" "Mozilla/5.0 (Windows NT 10.0; Win64; x64) AppleWebKit/537.36 (KHTML, like Gecko) Chrome/150.0.0.0 Safari/537.36"
14.108.232.247 - - [17/Jul/2026:15:07:42 +0800] "GET /wp-content/uploads/2025/11/1762861550-%E4%B8%87%E5%98%89%E7%9B%9B%E5%BA%93%E5%85%A8%E6%99%AF%E5%9B%BE.webp HTTP/1.1" 200 24278 "http://cqqizhou.com/media" "Mozilla/5.0 (Windows NT 10.0; Win64; x64) AppleWebKit/537.36 (KHTML, like Gecko) Chrome/150.0.0.0 Safari/537.36"
14.108.232.247 - - [17/Jul/2026:15:07:44 +0800] "POST /wp-admin/admin-ajax.php HTTP/1.1" 403 33 "http://cqqizhou.com/media" "Mozilla/5.0 (Windows NT 10.0; Win64; x64) AppleWebKit/537.36 (KHTML, like Gecko) Chrome/150.0.0.0 Safari/537.36"
14.108.232.247 - - [17/Jul/2026:15:07:48 +0800] "GET /news/2606 HTTP/1.1" 200 24944 "http://cqqizhou.com/media" "Mozilla/5.0 (Windows NT 10.0; Win64; x64) AppleWebKit/537.36 (KHTML, like Gecko) Chrome/150.0.0.0 Safari/537.36"
14.108.232.247 - - [17/Jul/2026:15:07:48 +0800] "GET /wp-content/uploads/2026/06/1782708718-1Article_images_W900px.webp HTTP/1.1" 200 54948 "http://cqqizhou.com/news/2606" "Mozilla/5.0 (Windows NT 10.0; Win64; x64) AppleWebKit/537.36 (KHTML, like Gecko) Chrome/150.0.0.0 Safari/537.36"
14.108.232.247 - - [17/Jul/2026:15:07:48 +0800] "GET /wp-content/uploads/2026/06/1782708864-2Article_images_W900px.webp HTTP/1.1" 200 17558 "http://cqqizhou.com/news/2606" "Mozilla/5.0 (Windows NT 10.0; Win64; x64) AppleWebKit/537.36 (KHTML, like Gecko) Chrome/150.0.0.0 Safari/537.36"
14.108.232.247 - - [17/Jul/2026:15:07:48 +0800] "GET /wp-content/uploads/2026/06/1782708865-3Article_images_W900px.webp HTTP/1.1" 200 30548 "http://cqqizhou.com/news/2606" "Mozilla/5.0 (Windows NT 10.0; Win64; x64) AppleWebKit/537.36 (KHTML, like Gecko) Chrome/150.0.0.0 Safari/537.36"
14.108.232.247 - - [17/Jul/2026:15:07:48 +0800] "GET /wp-content/uploads/2026/06/1782392245-Article_images_W900px.webp HTTP/1.1" 200 62046 "http://cqqizhou.com/news/2606" "Mozilla/5.0 (Windows NT 10.0; Win64; x64) AppleWebKit/537.36 (KHTML, like Gecko) Chrome/150.0.0.0 Safari/537.36"
14.108.232.247 - - [17/Jul/2026:15:07:48 +0800] "GET /wp-content/uploads/2026/06/1782182572-Article_images_W900px.webp HTTP/1.1" 200 24314 "http://cqqizhou.com/news/2606" "Mozilla/5.0 (Windows NT 10.0; Win64; x64) AppleWebKit/537.36 (KHTML, like Gecko) Chrome/150.0.0.0 Safari/537.36"
14.108.232.247 - - [17/Jul/2026:15:07:48 +0800] "GET /wp-content/uploads/2025/07/1753410289-News2000%C3%97400_202571.webp HTTP/1.1" 200 17830 "http://cqqizhou.com/news/2606" "Mozilla/5.0 (Windows NT 10.0; Win64; x64) AppleWebKit/537.36 (KHTML, like Gecko) Chrome/150.0.0.0 Safari/537.36"
14.108.232.247 - - [17/Jul/2026:15:07:49 +0800] "POST /wp-admin/admin-ajax.php HTTP/1.1" 403 33 "http://cqqizhou.com/news/2606" "Mozilla/5.0 (Windows NT 10.0; Win64; x64) AppleWebKit/537.36 (KHTML, like Gecko) Chrome/150.0.0.0 Safari/537.36"
14.108.232.247 - - [17/Jul/2026:15:07:55 +0800] "POST /wp-admin/admin-ajax.php HTTP/1.1" 403 33 "http://cqqizhou.com/media" "Mozilla/5.0 (Windows NT 10.0; Win64; x64) AppleWebKit/537.36 (KHTML, like Gecko) Chrome/150.0.0.0 Safari/537.36"
14.108.232.247 - - [17/Jul/2026:15:07:59 +0800] "POST /wp-admin/admin-ajax.php HTTP/1.1" 403 33 "http://cqqizhou.com/news/2606" "Mozilla/5.0 (Windows NT 10.0; Win64; x64) AppleWebKit/537.36 (KHTML, like Gecko) Chrome/150.0.0.0 Safari/537.36"
14.108.232.247 - - [17/Jul/2026:15:08:19 +0800] "GET /wp-content/uploads/2026/06/1782708862-4Article_images_W900px.webp HTTP/1.1" 200 17576 "http://cqqizhou.com/news/2606" "Mozilla/5.0 (Windows NT 10.0; Win64; x64) AppleWebKit/537.36 (KHTML, like Gecko) Chrome/150.0.0.0 Safari/537.36"
36.133.115.36 - - [17/Jul/2026:15:08:49 +0800] "POST /wp-cron.php?doing_wp_cron=1784272129.1180438995361328125000 HTTP/1.1" 200 31 "-" "WordPress/7.0; http://cqqizhou.com"
14.108.232.247 - - [17/Jul/2026:15:08:49 +0800] "GET /media/2 HTTP/1.1" 200 26607 "http://cqqizhou.com/media" "Mozilla/5.0 (Windows NT 10.0; Win64; x64) AppleWebKit/537.36 (KHTML, like Gecko) Chrome/150.0.0.0 Safari/537.36"
14.108.232.247 - - [17/Jul/2026:15:08:50 +0800] "GET /news/2597 HTTP/1.1" 200 24545 "http://cqqizhou.com/media/2" "Mozilla/5.0 (Windows NT 10.0; Win64; x64) AppleWebKit/537.36 (KHTML, like Gecko) Chrome/150.0.0.0 Safari/537.36"
14.108.232.247 - - [17/Jul/2026:15:08:50 +0800] "GET /wp-content/uploads/2026/06/1781880807-Article_images_W900px.webp HTTP/1.1" 200 25354 "http://cqqizhou.com/news/2597" "Mozilla/5.0 (Windows NT 10.0; Win64; x64) AppleWebKit/537.36 (KHTML, like Gecko) Chrome/150.0.0.0 Safari/537.36"
14.108.232.247 - - [17/Jul/2026:15:08:52 +0800] "POST /wp-admin/admin-ajax.php HTTP/1.1" 403 33 "http://cqqizhou.com/news/2597" "Mozilla/5.0 (Windows NT 10.0; Win64; x64) AppleWebKit/537.36 (KHTML, like Gecko) Chrome/150.0.0.0 Safari/537.36"
14.108.232.247 - - [17/Jul/2026:15:09:02 +0800] "POST /wp-admin/admin-ajax.php HTTP/1.1" 403 33 "http://cqqizhou.com/news/2597" "Mozilla/5.0 (Windows NT 10.0; Win64; x64) AppleWebKit/537.36 (KHTML, like Gecko) Chrome/150.0.0.0 Safari/537.36"
14.108.232.247 - - [17/Jul/2026:15:09:24 +0800] "GET /news/2603 HTTP/1.1" 200 21335 "http://cqqizhou.com/news/2597" "Mozilla/5.0 (Windows NT 10.0; Win64; x64) AppleWebKit/537.36 (KHTML, like Gecko) Chrome/150.0.0.0 Safari/537.36"
36.133.115.36 - - [17/Jul/2026:15:34:05 +0800] "POST /wp-cron.php?doing_wp_cron=1784273645.1263489723205566406250 HTTP/1.1" 200 31 "-" "WordPress/7.0; http://cqqizhou.com"
43.159.145.153 - - [17/Jul/2026:15:34:05 +0800] "GET /news/tag/%e5%8d%9a%e8%81%94%e8%be%be HTTP/1.1" 200 19358 "-" "Mozilla/5.0 (iPhone; CPU iPhone OS 13_2_3 like Mac OS X) AppleWebKit/605.1.15 (KHTML, like Gecko) Version/13.0.3 Mobile/15E148 Safari/604.1"
87.199.194.213 - - [17/Jul/2026:15:35:21 +0800] "GET / HTTP/1.0" 200 159666 "http://cqqizhou.com/" "Mozilla/5.0 (Windows NT 10.0; Win64; x64) AppleWebKit/537.36 (KHTML, like Gecko) Chrome/131.0.0.0 Safari/537.36 Avast/131.0.0.0"
36.133.115.36 - - [17/Jul/2026:15:36:27 +0800] "POST /wp-cron.php?doing_wp_cron=1784273787.0894401073455810546875 HTTP/1.1" 200 31 "-" "WordPress/7.0; http://cqqizhou.com"
43.161.224.78 - - [17/Jul/2026:15:36:27 +0800] "GET / HTTP/1.1" 301 5 "-" "Mozilla/5.0 (iPhone; CPU iPhone OS 13_2_3 like Mac OS X) AppleWebKit/605.1.15 (KHTML, like Gecko) Version/13.0.3 Mobile/15E148 Safari/604.1"
43.161.224.78 - - [17/Jul/2026:15:36:29 +0800] "GET / HTTP/1.1" 200 35072 "http://www.cqqizhou.com" "Mozilla/5.0 (iPhone; CPU iPhone OS 13_2_3 like Mac OS X) AppleWebKit/605.1.15 (KHTML, like Gecko) Version/13.0.3 Mobile/15E148 Safari/604.1"
114.119.144.41 - - [17/Jul/2026:15:37:29 +0800] "GET /wp-content/uploads/2025/12/1766647830-Article_images_202512252.webp HTTP/1.1" 200 84832 "http://cqqizhou.com/2388/" "Mozilla/5.0 (Linux; Android 7.0;) AppleWebKit/537.36 (HTML, like Gecko) Mobile Safari/537.36 (compatible; PetalBot;+https://webmaster.petalsearch.com/site/petalbot)"
101.32.208.70 - - [17/Jul/2026:15:39:22 +0800] "GET /wp-content/uploads/2025/07/1751864664-Logistics800x500_1.webp HTTP/1.1" 200 76914 "-" "Mozilla/5.0 (iPhone; CPU iPhone OS 13_2_3 like Mac OS X) AppleWebKit/605.1.15 (KHTML, like Gecko) Version/13.0.3 Mobile/15E148 Safari/604.1"
36.133.115.36 - - [17/Jul/2026:15:46:51 +0800] "POST /wp-cron.php?doing_wp_cron=1784274411.5891509056091308593750 HTTP/1.1" 200 31 "-" "WordPress/7.0; http://cqqizhou.com"
35.240.69.154 - - [17/Jul/2026:15:46:51 +0800] "GET / HTTP/1.1" 200 35070 "-" "Mozilla/5.0 (Windows NT 10.0; Win64; x64) AppleWebKit/537.36 (KHTML, like Gecko) Chrome/127.0.0.0 Safari/537.36"
207.175.66.193 - - [17/Jul/2026:15:47:00 +0800] "OPTIONS / HTTP/1.1" 405 150 "-" "Mozilla/5.0 (compatible)"
207.175.66.193 - - [17/Jul/2026:15:47:01 +0800] "RFAJ / HTTP/1.1" 405 150 "-" "Mozilla/5.0 (compatible)"
207.175.66.193 - - [17/Jul/2026:15:47:02 +0800] "GET / HTTP/1.1" 301 5 "-" "Mozilla/5.0 (compatible)"
207.175.66.193 - - [17/Jul/2026:15:47:04 +0800] "HEAD / HTTP/1.1" 301 0 "-" "Mozilla/5.0 (compatible)"
207.175.66.193 - - [17/Jul/2026:15:47:06 +0800] "POST / HTTP/1.1" 200 158029 "-" "Mozilla/5.0 (compatible)"
207.175.66.193 - - [17/Jul/2026:15:47:07 +0800] "OPTIONS / HTTP/1.1" 405 150 "-" "Mozilla/5.0 (compatible)"
180.127.223.26 - - [17/Jul/2026:15:56:25 +0800] "GET /wp-content/uploads/2025/11/1762864385-QZ_Photo-10.webp HTTP/1.1" 200 145408 "-" "Mozilla/5.0 (Windows NT 6.1; WOW64; rv:29.0) Gecko/20120101 Firefox/29.0"
111.36.182.13 - - [17/Jul/2026:15:57:23 +0800] "GET /about HTTP/1.1" 200 30600 "-" "Mozilla/5.0 (Windows NT 10.0; Win64; x64) AppleWebKit/537.36 (KHTML, like Gecko) Chrome/142.0.0.0 Safari/537.36"
39.186.1.12 - - [17/Jul/2026:15:59:43 +0800] "GET / HTTP/1.1" 200 35514 "-" "Mozilla/5.0 (Macintosh; Intel Mac OS X 10_15_7) AppleWebKit/537.36 (KHTML, like Gecko) Chrome/106.0.0.0 Safari/537.36"
114.239.148.91 - - [17/Jul/2026:16:01:42 +0800] "GET /news/tag/%e7%89%a9%e6%b5%81 HTTP/1.1" 200 18716 "-" "Mozilla/5.0 (Macintosh; Intel Mac OS X 10_15_7) AppleWebKit/537.36 (KHTML, like Gecko) Chrome/139.0.0.0 Safari/537.36"
1.196.188.67 - - [17/Jul/2026:16:01:43 +0800] "GET /news/page/2 HTTP/1.1" 200 26412 "-" "Mozilla/5.0 (Macintosh; Intel Mac OS X 10_15_7) AppleWebKit/537.36 (KHTML, like Gecko) Chrome/125.0.0.0 Safari/537.36 Edg/125.0.0.0"
111.197.245.183 - - [17/Jul/2026:16:01:43 +0800] "GET /news/2165 HTTP/1.1" 200 27626 "-" "Mozilla/5.0 (Macintosh; Intel Mac OS X 10_15_7) AppleWebKit/537.36 (KHTML, like Gecko) Chrome/136.0.0.0 Safari/537.36 Edg/136.0.0.0"
117.86.187.199 - - [17/Jul/2026:16:01:43 +0800] "GET /news/portfolio-category/remaining-rolls HTTP/1.1" 200 21564 "-" "Mozilla/5.0 (Windows NT 10.0; Win64; x64) AppleWebKit/537.36 (KHTML, like Gecko) Chrome/136.0.0.0 Safari/537.36"
36.133.115.36 - - [17/Jul/2026:16:05:45 +0800] "POST /wp-cron.php?doing_wp_cron=1784275545.2421650886535644531250 HTTP/1.1" 200 31 "-" "WordPress/7.0; http://cqqizhou.com"
121.237.36.31 - - [17/Jul/2026:16:05:45 +0800] "GET / HTTP/1.1" 200 35071 "-" "Dalvik/2.1.0 (Linux; U; Android 9.0; ZTE BA520 Build/MRA58K)"
36.133.115.36 - - [17/Jul/2026:16:07:10 +0800] "POST /wp-cron.php?doing_wp_cron=1784275630.7333350181579589843750 HTTP/1.1" 200 31 "-" "WordPress/7.0; http://cqqizhou.com"
121.237.36.31 - - [17/Jul/2026:16:07:10 +0800] "GET / HTTP/1.1" 200 35071 "-" "Dalvik/2.1.0 (Linux; U; Android 9.0; ZTE BA520 Build/MRA58K)"
121.237.36.28 - - [17/Jul/2026:16:07:19 +0800] "GET / HTTP/1.1" 200 35514 "-" "Mozilla/5.0 (Macintosh; Intel Mac OS X 10_11) AppleWebKit/601.1.27 (KHTML, like Gecko) Chrome/47.0.2526.106 Safari/601.1.27"
36.133.115.36 - - [17/Jul/2026:16:08:31 +0800] "POST /wp-cron.php?doing_wp_cron=1784275711.5726699829101562500000 HTTP/1.1" 200 31 "-" "WordPress/7.0; http://cqqizhou.com"
121.237.36.31 - - [17/Jul/2026:16:08:31 +0800] "GET / HTTP/1.1" 200 35070 "-" "Mozilla/5.0 (Linux; Android 7.1.1; Mi Note 3 Build/NMF26X; wv) AppleWebKit/537.36 (KHTML, like Gecko) Version/4.0 Chrome/57.0.2987.132 MQQBrowser/6.2 TBS/044109 Mobile Safari/537.36 MicroMessenger/6.6.7.1320(0x26060739) NetType/4G Language/zh_CN"
121.237.36.31 - - [17/Jul/2026:16:08:31 +0800] "GET / HTTP/1.1" 200 35514 "-" "Mozilla/5.0 (Macintosh; Intel Mac OS X 10_11) AppleWebKit/601.1.27 (KHTML, like Gecko) Chrome/47.0.2526.106 Safari/601.1.27"
36.133.108.119 - - [17/Jul/2026:16:08:44 +0800] "GET /qz/editor-app/configuration/properties/condition-expression-popup.html?version=1783905061147 HTTP/1.1" 301 5 "-" "Scrapy/2.8.0 (+https://scrapy.org)"
36.133.108.119 - - [17/Jul/2026:16:08:45 +0800] "GET /qz/editor-app/configuration/properties/condition-expression-popup.html?version=1783905061147 HTTP/1.1" 404 9497 "-" "Scrapy/2.8.0 (+https://scrapy.org)"
36.133.115.36 - - [17/Jul/2026:16:13:17 +0800] "POST /wp-cron.php?doing_wp_cron=1784275997.1344809532165527343750 HTTP/1.1" 200 31 "-" "WordPress/7.0; http://cqqizhou.com"
121.237.36.31 - - [17/Jul/2026:16:13:17 +0800] "GET / HTTP/1.1" 200 35071 "-" "Mozilla/5.0 (Linux; Android 7.0; EVA-AL10 Build/HUAWEIEVA-AL10) AppleWebKit/537.36 (KHTML, like Gecko) Version/4.0 Chrome/35.0.1916.138 Mobile Safari/537.36 T7/7.4 baiduboxapp/8.1 (Baidu; P1 7.0)"
36.133.115.36 - - [17/Jul/2026:16:30:25 +0800] "POST /wp-cron.php?doing_wp_cron=1784277025.3274250030517578125000 HTTP/1.1" 200 31 "-" "WordPress/7.0; http://cqqizhou.com"
121.89.204.167 - - [17/Jul/2026:16:30:25 +0800] "GET / HTTP/1.1" 301 5 "-" "Mozilla/5.0 (Windows NT 10.0; Win64; x64) AppleWebKit/537.36 (KHTML, like Gecko) Chrome/73.0.3683.86 Safari/537.36"
121.89.204.167 - - [17/Jul/2026:16:30:25 +0800] "GET / HTTP/1.1" 200 35514 "-" "Mozilla/5.0 (Windows NT 10.0; Win64; x64) AppleWebKit/537.36 (KHTML, like Gecko) Chrome/73.0.3683.86 Safari/537.36"
121.89.204.167 - - [17/Jul/2026:16:30:27 +0800] "GET /contacts/ HTTP/1.1" 301 5 "-" "Mozilla/5.0 (Windows NT 10.0; Win64; x64) AppleWebKit/537.36 (KHTML, like Gecko) Chrome/73.0.3683.86 Safari/537.36"
121.89.204.167 - - [17/Jul/2026:16:30:27 +0800] "GET /contacts HTTP/1.1" 200 22272 "-" "Mozilla/5.0 (Windows NT 10.0; Win64; x64) AppleWebKit/537.36 (KHTML, like Gecko) Chrome/73.0.3683.86 Safari/537.36"
36.133.115.36 - - [17/Jul/2026:16:38:15 +0800] "POST /wp-cron.php?doing_wp_cron=1784277495.8971679210662841796875 HTTP/1.1" 200 31 "-" "WordPress/7.0; http://cqqizhou.com"
119.28.89.249 - - [17/Jul/2026:16:38:15 +0800] "GET /news/portfolio/remaining-rolls HTTP/1.1" 200 19313 "-" "Mozilla/5.0 (iPhone; CPU iPhone OS 13_2_3 like Mac OS X) AppleWebKit/605.1.15 (KHTML, like Gecko) Version/13.0.3 Mobile/15E148 Safari/604.1"
36.133.115.36 - - [17/Jul/2026:16:40:24 +0800] "POST /wp-cron.php?doing_wp_cron=1784277623.4942119121551513671875 HTTP/1.1" 200 31 "-" "WordPress/7.0; http://cqqizhou.com"
119.84.246.117 - - [17/Jul/2026:16:40:24 +0800] "GET / HTTP/1.1" 301 5 "-" "Mozilla/5.0 (Windows NT 6.1) AppleWebKit/535.11 (KHTML, like Gecko) Chrome/17.0.963.84 Safari/535.11 LBBROWSER"
119.84.246.117 - - [17/Jul/2026:16:40:24 +0800] "GET / HTTP/1.1" 200 159688 "-" "Mozilla/5.0 (Windows NT 6.1) AppleWebKit/535.11 (KHTML, like Gecko) Chrome/17.0.963.84 Safari/535.11 LBBROWSER"
119.84.246.117 - - [17/Jul/2026:16:40:25 +0800] "GET / HTTP/1.1" 301 5 "-" "Mozilla/5.0 (Windows NT 6.1; WOW64; rv:13.0) Gecko/20100101 Firefox/13.0.1"
119.84.246.117 - - [17/Jul/2026:16:40:25 +0800] "GET / HTTP/1.1" 200 159688 "-" "Mozilla/5.0 (Windows NT 6.1; WOW64; rv:13.0) Gecko/20100101 Firefox/13.0.1"
119.84.246.117 - - [17/Jul/2026:16:40:26 +0800] "GET / HTTP/1.1" 301 5 "-" "Mozilla/5.0 (Windows NT 6.1; WOW64) AppleWebKit/537.1 (KHTML, like Gecko) Chrome/21.0.1180.89 Safari/537.1"
119.84.246.117 - - [17/Jul/2026:16:40:26 +0800] "GET / HTTP/1.1" 200 159688 "-" "Mozilla/5.0 (Windows NT 6.1; WOW64) AppleWebKit/537.1 (KHTML, like Gecko) Chrome/21.0.1180.89 Safari/537.1"
45.195.190.34 - - [17/Jul/2026:16:50:06 +0800] "GET /news/2231 HTTP/1.1" 200 24231 "-" "Mozilla/5.0 (Windows NT 10.0; Win64; x64) AppleWebKit/537.36 (KHTML, like Gecko) Chrome/149.0.0.0 Safari/537.36 Edg/149.0.0.0"
36.133.115.36 - - [17/Jul/2026:16:51:24 +0800] "POST /wp-cron.php?doing_wp_cron=1784278284.8479421138763427734375 HTTP/1.1" 200 31 "-" "WordPress/7.0; http://cqqizhou.com"
43.153.87.54 - - [17/Jul/2026:16:51:24 +0800] "GET /wp-content/uploads/2025/07/1753453127- HTTP/1.1" 404 9498 "-" "Mozilla/5.0 (iPhone; CPU iPhone OS 13_2_3 like Mac OS X) AppleWebKit/605.1.15 (KHTML, like Gecko) Version/13.0.3 Mobile/15E148 Safari/604.1"
114.119.132.85 - - [17/Jul/2026:16:52:05 +0800] "GET /wp-content/uploads/2025/12/1765249046-20251209104228_110_60.webp HTTP/1.1" 200 64834 "http://cqqizhou.com/news/2339" "Mozilla/5.0 (Linux; Android 7.0;) AppleWebKit/537.36 (HTML, like Gecko) Mobile Safari/537.36 (compatible; PetalBot;+https://webmaster.petalsearch.com/site/petalbot)"
36.133.115.36 - - [17/Jul/2026:16:59:38 +0800] "POST /wp-cron.php?doing_wp_cron=1784278778.6498510837554931640625 HTTP/1.1" 200 31 "-" "WordPress/7.0; http://cqqizhou.com"
43.159.143.190 - - [17/Jul/2026:16:59:38 +0800] "GET /wp-json/oembed/1.0/embed?url=http%3A%2F%2Fcqqizhou.com%2Fnews%2Fportfolio%2Fremaining-rolls HTTP/1.1" 200 1192 "-" "Mozilla/5.0 (iPhone; CPU iPhone OS 13_2_3 like Mac OS X) AppleWebKit/605.1.15 (KHTML, like Gecko) Version/13.0.3 Mobile/15E148 Safari/604.1"
36.133.115.36 - - [17/Jul/2026:17:09:50 +0800] "POST /wp-cron.php?doing_wp_cron=1784279390.0204739570617675781250 HTTP/1.1" 200 31 "-" "WordPress/7.0; http://cqqizhou.com"
43.135.138.128 - - [17/Jul/2026:17:09:50 +0800] "GET /news/portfolio/pickled-coil HTTP/1.1" 200 19312 "-" "Mozilla/5.0 (iPhone; CPU iPhone OS 13_2_3 like Mac OS X) AppleWebKit/605.1.15 (KHTML, like Gecko) Version/13.0.3 Mobile/15E148 Safari/604.1"
36.133.115.36 - - [17/Jul/2026:17:10:15 +0800] "POST /wp-cron.php?doing_wp_cron=1784279415.2576251029968261718750 HTTP/1.1" 200 31 "-" "WordPress/7.0; http://cqqizhou.com"
43.166.255.122 - - [17/Jul/2026:17:10:15 +0800] "GET / HTTP/1.1" 200 35068 "-" "Mozilla/5.0 (iPhone; CPU iPhone OS 13_2_3 like Mac OS X) AppleWebKit/605.1.15 (KHTML, like Gecko) Version/13.0.3 Mobile/15E148 Safari/604.1"
142.44.220.205 - - [17/Jul/2026:17:10:31 +0800] "GET /work-safety HTTP/1.1" 304 0 "-" "Mozilla/5.0 (compatible; AhrefsBot/7.0; +http://ahrefs.com/robot/)"
172.110.223.132 - - [17/Jul/2026:17:10:33 +0800] "GET / HTTP/1.1" 301 5 "-" "-"
36.133.115.36 - - [17/Jul/2026:17:16:57 +0800] "POST /wp-cron.php?doing_wp_cron=1784279817.7313089370727539062500 HTTP/1.1" 200 31 "-" "WordPress/7.0; http://cqqizhou.com"
43.130.150.80 - - [17/Jul/2026:17:16:57 +0800] "GET / HTTP/1.1" 200 35071 "-" "Mozilla/5.0 (iPhone; CPU iPhone OS 13_2_3 like Mac OS X) AppleWebKit/605.1.15 (KHTML, like Gecko) Version/13.0.3 Mobile/15E148 Safari/604.1"
36.133.115.36 - - [17/Jul/2026:17:18:00 +0800] "POST /wp-cron.php?doing_wp_cron=1784279880.9175579547882080078125 HTTP/1.1" 200 31 "-" "WordPress/7.0; http://cqqizhou.com"
110.249.202.7 - - [17/Jul/2026:17:18:00 +0800] "GET /robots.txt HTTP/1.1" 200 190 "-" "Mozilla/5.0 (Linux; Android 5.0) AppleWebKit/537.36 (KHTML, like Gecko) Mobile Safari/537.36 (compatible; Bytespider; https://zhanzhang.toutiao.com/)"
36.133.115.36 - - [17/Jul/2026:17:19:56 +0800] "POST /wp-cron.php?doing_wp_cron=1784279996.5521368980407714843750 HTTP/1.1" 200 31 "-" "WordPress/7.0; http://cqqizhou.com"
49.51.195.195 - - [17/Jul/2026:17:19:56 +0800] "GET /media HTTP/1.1" 200 26496 "-" "Mozilla/5.0 (iPhone; CPU iPhone OS 13_2_3 like Mac OS X) AppleWebKit/605.1.15 (KHTML, like Gecko) Version/13.0.3 Mobile/15E148 Safari/604.1"
36.133.115.36 - - [17/Jul/2026:17:24:37 +0800] "POST /wp-cron.php?doing_wp_cron=1784280277.9460880756378173828125 HTTP/1.1" 200 31 "-" "WordPress/7.0; http://cqqizhou.com"
49.51.195.195 - - [17/Jul/2026:17:24:37 +0800] "GET / HTTP/1.1" 200 35072 "-" "Mozilla/5.0 (iPhone; CPU iPhone OS 13_2_3 like Mac OS X) AppleWebKit/605.1.15 (KHTML, like Gecko) Version/13.0.3 Mobile/15E148 Safari/604.1"
125.68.15.150 - - [17/Jul/2026:17:28:13 +0800] "GET /news/2388 HTTP/1.1" 200 21410 "-" "Mozilla/5.0 (Macintosh; Intel Mac OS X 10_15_7) AppleWebKit/537.36 (KHTML, like Gecko) Chrome/125.0.0.0 Safari/537.36"
114.119.135.202 - - [17/Jul/2026:17:29:29 +0800] "GET /wp-content/uploads/2025/09/1756868614-20250903104654_74_5.webp HTTP/1.1" 200 47858 "http://cqqizhou.com/news/page/4" "Mozilla/5.0 (Linux; Android 7.0;) AppleWebKit/537.36 (HTML, like Gecko) Mobile Safari/537.36 (compatible; PetalBot;+https://webmaster.petalsearch.com/site/petalbot)"
36.133.115.36 - - [17/Jul/2026:17:30:22 +0800] "POST /wp-cron.php?doing_wp_cron=1784280622.1655769348144531250000 HTTP/1.1" 200 31 "-" "WordPress/7.0; http://cqqizhou.com"
43.166.128.86 - - [17/Jul/2026:17:30:22 +0800] "GET /wp-json/oembed/1.0/embed?url=http%3A%2F%2Fcqqizhou.com%2Fnews%2Fportfolio%2Fpickled-coil HTTP/1.1" 200 1183 "-" "Mozilla/5.0 (iPhone; CPU iPhone OS 13_2_3 like Mac OS X) AppleWebKit/605.1.15 (KHTML, like Gecko) Version/13.0.3 Mobile/15E148 Safari/604.1"
106.46.230.66 - - [17/Jul/2026:17:31:00 +0800] "GET /news/2505 HTTP/1.1" 200 25040 "-" "Mozilla/5.0 (Macintosh; Intel Mac OS X 10_15_7) AppleWebKit/537.36 (KHTML, like Gecko) Chrome/142.0.0.0 Safari/537.36 Edg/142.0.0.0"
36.133.115.36 - - [17/Jul/2026:17:48:07 +0800] "POST /wp-cron.php?doing_wp_cron=1784281687.6829209327697753906250 HTTP/1.1" 200 31 "-" "WordPress/7.0; http://cqqizhou.com"
144.76.32.239 - - [17/Jul/2026:17:48:07 +0800] "GET /robots.txt HTTP/1.1" 200 190 "-" "Mozilla/5.0 (compatible; SERankingBacklinksBot/1.0; +https://seranking.com/backlinks-crawler)"
144.76.32.239 - - [17/Jul/2026:17:48:09 +0800] "GET /2354/ HTTP/1.1" 301 5 "-" "Mozilla/5.0 (compatible; SERankingBacklinksBot/1.0; +https://seranking.com/backlinks-crawler)"
144.76.32.239 - - [17/Jul/2026:17:48:09 +0800] "GET /news/2354 HTTP/1.1" 200 25007 "-" "Mozilla/5.0 (compatible; SERankingBacklinksBot/1.0; +https://seranking.com/backlinks-crawler)"
20.226.60.151 - - [17/Jul/2026:17:48:25 +0800] "GET /wp-content/plugins/hellopress/wp_filemanager.php HTTP/1.1" 404 27 "-" "-"
20.226.60.151 - - [17/Jul/2026:17:48:26 +0800] "GET /this_is_a_new_hello_world.php HTTP/1.1" 404 27 "-" "-"
20.226.60.151 - - [17/Jul/2026:17:48:26 +0800] "GET //ip.php HTTP/1.1" 404 27 "-" "-"
20.226.60.151 - - [17/Jul/2026:17:48:27 +0800] "GET /fw/faiyy.php HTTP/1.1" 404 27 "-" "-"
20.226.60.151 - - [17/Jul/2026:17:48:27 +0800] "GET /wp-temp.php HTTP/1.1" 404 27 "-" "-"
20.226.60.151 - - [17/Jul/2026:17:48:27 +0800] "GET //wp-content/cong.php HTTP/1.1" 404 27 "-" "-"
20.226.60.151 - - [17/Jul/2026:17:48:28 +0800] "GET /wp-includes/css/index.php HTTP/1.1" 404 27 "-" "-"
20.226.60.151 - - [17/Jul/2026:17:48:28 +0800] "GET /jj.php HTTP/1.1" 404 27 "-" "-"
20.226.60.151 - - [17/Jul/2026:17:48:28 +0800] "GET /x.php HTTP/1.1" 404 27 "-" "-"
20.226.60.151 - - [17/Jul/2026:17:48:29 +0800] "GET /sym403.php HTTP/1.1" 404 27 "-" "-"
20.226.60.151 - - [17/Jul/2026:17:48:29 +0800] "GET /zoro.php HTTP/1.1" 404 27 "-" "-"
20.226.60.151 - - [17/Jul/2026:17:48:30 +0800] "GET /hoeig.php HTTP/1.1" 404 27 "-" "-"
20.226.60.151 - - [17/Jul/2026:17:48:30 +0800] "GET /asd67.php HTTP/1.1" 404 27 "-" "-"
20.226.60.151 - - [17/Jul/2026:17:48:31 +0800] "GET /ctex1.php HTTP/1.1" 404 27 "-" "-"
20.226.60.151 - - [17/Jul/2026:17:48:31 +0800] "GET ///alls.php HTTP/1.1" 404 27 "-" "-"
20.226.60.151 - - [17/Jul/2026:17:48:32 +0800] "GET /ops.php HTTP/1.1" 404 27 "-" "-"
20.226.60.151 - - [17/Jul/2026:17:48:32 +0800] "GET /txets.php HTTP/1.1" 404 27 "-" "-"
20.226.60.151 - - [17/Jul/2026:17:48:33 +0800] "GET /dex.php HTTP/1.1" 404 27 "-" "-"
20.226.60.151 - - [17/Jul/2026:17:48:33 +0800] "GET /xpwer1.php HTTP/1.1" 404 27 "-" "-"
20.226.60.151 - - [17/Jul/2026:17:48:33 +0800] "GET /flox.php HTTP/1.1" 404 27 "-" "-"
20.226.60.151 - - [17/Jul/2026:17:48:34 +0800] "GET /popo.php HTTP/1.1" 404 27 "-" "-"
20.226.60.151 - - [17/Jul/2026:17:48:34 +0800] "GET /yas.php HTTP/1.1" 404 27 "-" "-"
20.226.60.151 - - [17/Jul/2026:17:48:35 +0800] "GET /file61.php HTTP/1.1" 404 27 "-" "-"
20.226.60.151 - - [17/Jul/2026:17:48:35 +0800] "GET /water.php HTTP/1.1" 404 27 "-" "-"
20.226.60.151 - - [17/Jul/2026:17:48:35 +0800] "GET /nano.php HTTP/1.1" 404 27 "-" "-"
20.226.60.151 - - [17/Jul/2026:17:48:36 +0800] "GET /moon.php HTTP/1.1" 404 27 "-" "-"
20.226.60.151 - - [17/Jul/2026:17:48:36 +0800] "GET /wp-info.php HTTP/1.1" 404 27 "-" "-"
20.226.60.151 - - [17/Jul/2026:17:48:36 +0800] "GET /xyn.php HTTP/1.1" 404 27 "-" "-"
20.226.60.151 - - [17/Jul/2026:17:48:37 +0800] "GET /sump1.php HTTP/1.1" 404 27 "-" "-"
20.226.60.151 - - [17/Jul/2026:17:48:37 +0800] "GET /aa.php HTTP/1.1" 404 27 "-" "-"
20.226.60.151 - - [17/Jul/2026:17:48:38 +0800] "GET /file5.php HTTP/1.1" 404 27 "-" "-"
20.226.60.151 - - [17/Jul/2026:17:48:38 +0800] "GET /2000.php HTTP/1.1" 404 27 "-" "-"
20.226.60.151 - - [17/Jul/2026:17:48:38 +0800] "GET /mds.php HTTP/1.1" 404 27 "-" "-"
20.226.60.151 - - [17/Jul/2026:17:48:39 +0800] "GET /wp-blink.php HTTP/1.1" 404 27 "-" "-"
20.226.60.151 - - [17/Jul/2026:17:48:39 +0800] "GET /zc-208.php HTTP/1.1" 404 27 "-" "-"
20.226.60.151 - - [17/Jul/2026:17:48:40 +0800] "GET /wp-post-data.php HTTP/1.1" 404 27 "-" "-"
20.226.60.151 - - [17/Jul/2026:17:48:40 +0800] "GET /classwithtostring.php HTTP/1.1" 404 27 "-" "-"
20.226.60.151 - - [17/Jul/2026:17:48:40 +0800] "GET /sid4.php HTTP/1.1" 404 27 "-" "-"
20.226.60.151 - - [17/Jul/2026:17:48:41 +0800] "GET /wp-includes/js/jquery/ HTTP/1.1" 403 146 "-" "-"
20.226.60.151 - - [17/Jul/2026:17:48:42 +0800] "GET //wp-includes/l10n/ HTTP/1.1" 403 146 "-" "-"
20.226.60.151 - - [17/Jul/2026:17:48:43 +0800] "GET /wmore1.php HTTP/1.1" 404 27 "-" "-"
20.226.60.151 - - [17/Jul/2026:17:48:43 +0800] "GET /solo1.php HTTP/1.1" 404 27 "-" "-"
20.226.60.151 - - [17/Jul/2026:17:48:44 +0800] "GET //wp-includes/assets/ HTTP/1.1" 403 146 "-" "-"
20.226.60.151 - - [17/Jul/2026:17:48:44 +0800] "GET /cong.php HTTP/1.1" 404 27 "-" "-"
20.226.60.151 - - [17/Jul/2026:17:48:45 +0800] "GET /wp-includes/css/ HTTP/1.1" 403 146 "-" "-"
20.226.60.151 - - [17/Jul/2026:17:48:46 +0800] "GET /public/css.php HTTP/1.1" 404 27 "-" "-"
20.226.60.151 - - [17/Jul/2026:17:48:47 +0800] "GET //inc.php HTTP/1.1" 404 27 "-" "-"
20.226.60.151 - - [17/Jul/2026:17:48:47 +0800] "GET /wp.php HTTP/1.1" 404 27 "-" "-"
20.226.60.151 - - [17/Jul/2026:17:48:48 +0800] "GET /btex.php HTTP/1.1" 404 27 "-" "-"
20.226.60.151 - - [17/Jul/2026:17:48:48 +0800] "GET /wp-includes/css/index.php HTTP/1.1" 404 27 "-" "-"
20.226.60.151 - - [17/Jul/2026:17:48:49 +0800] "GET /a1.php HTTP/1.1" 404 27 "-" "-"
20.226.60.151 - - [17/Jul/2026:17:48:49 +0800] "GET /ad.php HTTP/1.1" 404 27 "-" "-"
20.226.60.151 - - [17/Jul/2026:17:48:49 +0800] "GET /crgio.php HTTP/1.1" 404 27 "-" "-"
20.226.60.151 - - [17/Jul/2026:17:48:50 +0800] "GET /we.php HTTP/1.1" 404 27 "-" "-"
20.226.60.151 - - [17/Jul/2026:17:48:51 +0800] "GET /dr.php HTTP/1.1" 404 27 "-" "-"
20.226.60.151 - - [17/Jul/2026:17:48:51 +0800] "GET /sixxis.php HTTP/1.1" 404 27 "-" "-"
20.226.60.151 - - [17/Jul/2026:17:48:51 +0800] "GET /insc.php HTTP/1.1" 404 27 "-" "-"
20.226.60.151 - - [17/Jul/2026:17:48:52 +0800] "GET /wp-test.php HTTP/1.1" 404 27 "-" "-"
20.226.60.151 - - [17/Jul/2026:17:48:52 +0800] "GET /ortasekerli1.php HTTP/1.1" 404 27 "-" "-"
20.226.60.151 - - [17/Jul/2026:17:48:53 +0800] "GET /1996.php HTTP/1.1" 404 27 "-" "-"
20.226.60.151 - - [17/Jul/2026:17:48:53 +0800] "GET /mg.php HTTP/1.1" 404 27 "-" "-"
20.226.60.151 - - [17/Jul/2026:17:48:54 +0800] "GET /themes.php HTTP/1.1" 404 27 "-" "-"
20.226.60.151 - - [17/Jul/2026:17:48:54 +0800] "GET /wdone1.php HTTP/1.1" 404 27 "-" "-"
20.226.60.151 - - [17/Jul/2026:17:48:54 +0800] "GET /root.php HTTP/1.1" 404 27 "-" "-"
20.226.60.151 - - [17/Jul/2026:17:48:55 +0800] "GET /a7.php HTTP/1.1" 404 27 "-" "-"
20.226.60.151 - - [17/Jul/2026:17:48:55 +0800] "GET /xxa.php HTTP/1.1" 404 27 "-" "-"
20.226.60.151 - - [17/Jul/2026:17:48:56 +0800] "GET /wert.php HTTP/1.1" 404 27 "-" "-"
20.226.60.151 - - [17/Jul/2026:17:48:56 +0800] "GET /academy.php HTTP/1.1" 404 27 "-" "-"
20.226.60.151 - - [17/Jul/2026:17:48:57 +0800] "GET /js.php HTTP/1.1" 404 27 "-" "-"
20.226.60.151 - - [17/Jul/2026:17:48:57 +0800] "GET /wp-content/uploads/2021/02/index.php HTTP/1.1" 404 27 "-" "-"
20.226.60.151 - - [17/Jul/2026:17:48:57 +0800] "GET /bthil.php HTTP/1.1" 404 27 "-" "-"
20.226.60.151 - - [17/Jul/2026:17:48:58 +0800] "GET /h02ugyh.php HTTP/1.1" 404 27 "-" "-"
20.226.60.151 - - [17/Jul/2026:17:48:58 +0800] "GET /lol.php HTTP/1.1" 404 27 "-" "-"
20.226.60.151 - - [17/Jul/2026:17:48:59 +0800] "GET /xwpg.php HTTP/1.1" 404 27 "-" "-"
20.226.60.151 - - [17/Jul/2026:17:48:59 +0800] "GET /olik.php HTTP/1.1" 404 27 "-" "-"
20.226.60.151 - - [17/Jul/2026:17:48:59 +0800] "GET /drykl.php HTTP/1.1" 404 27 "-" "-"
20.226.60.151 - - [17/Jul/2026:17:49:00 +0800] "GET /as.php HTTP/1.1" 404 27 "-" "-"
20.226.60.151 - - [17/Jul/2026:17:49:00 +0800] "GET /100.php HTTP/1.1" 404 27 "-" "-"
20.226.60.151 - - [17/Jul/2026:17:49:01 +0800] "GET /xa.php HTTP/1.1" 404 27 "-" "-"
20.226.60.151 - - [17/Jul/2026:17:49:01 +0800] "GET /setup.php HTTP/1.1" 404 27 "-" "-"
20.226.60.151 - - [17/Jul/2026:17:49:02 +0800] "GET /aboute.php HTTP/1.1" 404 27 "-" "-"
20.226.60.151 - - [17/Jul/2026:17:49:02 +0800] "GET /wp-file-120.php HTTP/1.1" 404 27 "-" "-"
20.226.60.151 - - [17/Jul/2026:17:49:02 +0800] "GET /like.php HTTP/1.1" 404 27 "-" "-"
20.226.60.151 - - [17/Jul/2026:17:49:03 +0800] "GET /ingfo.php HTTP/1.1" 404 27 "-" "-"
20.226.60.151 - - [17/Jul/2026:17:49:03 +0800] "GET /dropdown.php HTTP/1.1" 404 27 "-" "-"
144.76.32.239 - - [17/Jul/2026:17:49:03 +0800] "GET /2388/ HTTP/1.1" 301 5 "-" "Mozilla/5.0 (compatible; SERankingBacklinksBot/1.0; +https://seranking.com/backlinks-crawler)"
20.226.60.151 - - [17/Jul/2026:17:49:04 +0800] "GET /zxcs.php HTTP/1.1" 404 27 "-" "-"
144.76.32.239 - - [17/Jul/2026:17:49:04 +0800] "GET /news/2388 HTTP/1.1" 200 21410 "-" "Mozilla/5.0 (compatible; SERankingBacklinksBot/1.0; +https://seranking.com/backlinks-crawler)"
20.226.60.151 - - [17/Jul/2026:17:49:04 +0800] "GET /ccs.php HTTP/1.1" 404 27 "-" "-"
20.226.60.151 - - [17/Jul/2026:17:49:05 +0800] "GET /fone1.php HTTP/1.1" 404 27 "-" "-"
20.226.60.151 - - [17/Jul/2026:17:49:05 +0800] "GET /st.php HTTP/1.1" 404 27 "-" "-"
20.226.60.151 - - [17/Jul/2026:17:49:06 +0800] "GET /nwflm.php HTTP/1.1" 404 27 "-" "-"
20.226.60.151 - - [17/Jul/2026:17:49:06 +0800] "GET /white.php HTTP/1.1" 404 27 "-" "-"
20.226.60.151 - - [17/Jul/2026:17:49:06 +0800] "GET /ggb.php HTTP/1.1" 404 27 "-" "-"
20.226.60.151 - - [17/Jul/2026:17:49:07 +0800] "GET /201.php HTTP/1.1" 404 27 "-" "-"
20.226.60.151 - - [17/Jul/2026:17:49:07 +0800] "GET /sec.php HTTP/1.1" 404 27 "-" "-"
20.226.60.151 - - [17/Jul/2026:17:49:08 +0800] "GET /122.php HTTP/1.1" 404 27 "-" "-"
20.226.60.151 - - [17/Jul/2026:17:49:08 +0800] "GET /op.php HTTP/1.1" 404 27 "-" "-"
20.226.60.151 - - [17/Jul/2026:17:49:09 +0800] "GET /s1.php HTTP/1.1" 404 27 "-" "-"
20.226.60.151 - - [17/Jul/2026:17:49:09 +0800] "GET /turkshell.php HTTP/1.1" 404 27 "-" "-"
20.226.60.151 - - [17/Jul/2026:17:49:09 +0800] "GET /cc3.php HTTP/1.1" 404 27 "-" "-"
20.226.60.151 - - [17/Jul/2026:17:49:10 +0800] "GET /dx.php HTTP/1.1" 404 27 "-" "-"
20.226.60.151 - - [17/Jul/2026:17:49:12 +0800] "GET /core.php HTTP/1.1" 404 27 "-" "-"
20.226.60.151 - - [17/Jul/2026:17:49:12 +0800] "GET //bak.php HTTP/1.1" 404 27 "-" "-"
20.226.60.151 - - [17/Jul/2026:17:49:13 +0800] "GET //special.php HTTP/1.1" 404 27 "-" "-"
20.226.60.151 - - [17/Jul/2026:17:49:13 +0800] "GET /bajah.php HTTP/1.1" 404 27 "-" "-"
20.226.60.151 - - [17/Jul/2026:17:49:13 +0800] "GET /miru1.php HTTP/1.1" 404 27 "-" "-"
20.226.60.151 - - [17/Jul/2026:17:49:14 +0800] "GET /19.php HTTP/1.1" 404 27 "-" "-"
20.226.60.151 - - [17/Jul/2026:17:49:14 +0800] "GET //core.php HTTP/1.1" 404 27 "-" "-"
20.226.60.151 - - [17/Jul/2026:17:49:15 +0800] "GET /mac.php HTTP/1.1" 404 27 "-" "-"
20.226.60.151 - - [17/Jul/2026:17:49:15 +0800] "GET /de.php HTTP/1.1" 404 27 "-" "-"
20.226.60.151 - - [17/Jul/2026:17:49:16 +0800] "GET /bypass.php HTTP/1.1" 404 27 "-" "-"
20.226.60.151 - - [17/Jul/2026:17:49:16 +0800] "GET /kq1.php HTTP/1.1" 404 27 "-" "-"
20.226.60.151 - - [17/Jul/2026:17:49:16 +0800] "GET /89wNbl.php HTTP/1.1" 404 27 "-" "-"
20.226.60.151 - - [17/Jul/2026:17:49:17 +0800] "GET /class-walker-footer-dev.php HTTP/1.1" 404 27 "-" "-"
20.226.60.151 - - [17/Jul/2026:17:49:17 +0800] "GET /v543.php HTTP/1.1" 404 27 "-" "-"
20.226.60.151 - - [17/Jul/2026:17:49:20 +0800] "GET /green1.php HTTP/1.1" 404 27 "-" "-"
20.226.60.151 - - [17/Jul/2026:17:49:20 +0800] "GET /fffm.php HTTP/1.1" 404 27 "-" "-"
20.226.60.151 - - [17/Jul/2026:17:49:21 +0800] "GET /autoload_classmap/function.php HTTP/1.1" 404 27 "-" "-"
20.226.60.151 - - [17/Jul/2026:17:49:21 +0800] "GET /wander.php HTTP/1.1" 404 27 "-" "-"
20.226.60.151 - - [17/Jul/2026:17:49:21 +0800] "GET //wander.php HTTP/1.1" 404 27 "-" "-"
20.226.60.151 - - [17/Jul/2026:17:49:22 +0800] "GET /7.php HTTP/1.1" 404 27 "-" "-"
20.226.60.151 - - [17/Jul/2026:17:49:22 +0800] "GET /output.php HTTP/1.1" 404 27 "-" "-"
20.226.60.151 - - [17/Jul/2026:17:49:23 +0800] "GET //w1px.php HTTP/1.1" 404 27 "-" "-"
20.226.60.151 - - [17/Jul/2026:17:49:24 +0800] "GET //file6.php HTTP/1.1" 404 27 "-" "-"
20.226.60.151 - - [17/Jul/2026:17:49:24 +0800] "GET //wp-includes/l10n/min.php HTTP/1.1" 404 27 "-" "-"
20.226.60.151 - - [17/Jul/2026:17:49:24 +0800] "GET /yawa.php HTTP/1.1" 404 27 "-" "-"
20.226.60.151 - - [17/Jul/2026:17:49:25 +0800] "GET //wp-includes/l10n/themes.php HTTP/1.1" 404 27 "-" "-"
20.226.60.151 - - [17/Jul/2026:17:49:25 +0800] "GET /public/class-walker-footer-dev.php HTTP/1.1" 404 27 "-" "-"
20.226.60.151 - - [17/Jul/2026:17:49:26 +0800] "GET /qterm.php HTTP/1.1" 404 27 "-" "-"
20.226.60.151 - - [17/Jul/2026:17:49:26 +0800] "GET /semiirrep.php HTTP/1.1" 404 27 "-" "-"
20.226.60.151 - - [17/Jul/2026:17:49:26 +0800] "GET /cgi-bin/index.php HTTP/1.1" 404 27 "-" "-"
43.159.135.203 - - [17/Jul/2026:17:49:44 +0800] "GET /wp-content/uploads/2025/11/1762908489-QZ_Photo-9.webp HTTP/1.1" 200 149094 "-" "Mozilla/5.0 (iPhone; CPU iPhone OS 13_2_3 like Mac OS X) AppleWebKit/605.1.15 (KHTML, like Gecko) Version/13.0.3 Mobile/15E148 Safari/604.1"
36.133.115.36 - - [17/Jul/2026:17:49:59 +0800] "POST /wp-cron.php?doing_wp_cron=1784281799.7739889621734619140625 HTTP/1.1" 200 31 "-" "WordPress/7.0; http://cqqizhou.com"
144.76.32.239 - - [17/Jul/2026:17:49:59 +0800] "GET /media/2 HTTP/1.1" 200 26607 "-" "Mozilla/5.0 (compatible; SERankingBacklinksBot/1.0; +https://seranking.com/backlinks-crawler)"
36.133.115.36 - - [17/Jul/2026:17:50:55 +0800] "POST /wp-cron.php?doing_wp_cron=1784281855.1343050003051757812500 HTTP/1.1" 200 31 "-" "WordPress/7.0; http://cqqizhou.com"
144.76.32.239 - - [17/Jul/2026:17:50:55 +0800] "GET /media/3 HTTP/1.1" 200 26649 "-" "Mozilla/5.0 (compatible; SERankingBacklinksBot/1.0; +https://seranking.com/backlinks-crawler)"
114.119.140.169 - - [17/Jul/2026:17:51:32 +0800] "GET /wp-content/uploads/2026/02/1772086673-20262261Article_images_W900px.webp HTTP/1.1" 200 53642 "http://cqqizhou.com/news/2505" "Mozilla/5.0 (Linux; Android 7.0;) AppleWebKit/537.36 (HTML, like Gecko) Mobile Safari/537.36 (compatible; PetalBot;+https://webmaster.petalsearch.com/site/petalbot)"
36.133.115.36 - - [17/Jul/2026:17:51:50 +0800] "POST /wp-cron.php?doing_wp_cron=1784281910.1475338935852050781250 HTTP/1.1" 200 31 "-" "WordPress/7.0; http://cqqizhou.com"
144.76.32.239 - - [17/Jul/2026:17:51:50 +0800] "GET /media/4 HTTP/1.1" 200 26661 "-" "Mozilla/5.0 (compatible; SERankingBacklinksBot/1.0; +https://seranking.com/backlinks-crawler)"
36.133.115.36 - - [17/Jul/2026:17:52:45 +0800] "POST /wp-cron.php?doing_wp_cron=1784281965.7723989486694335937500 HTTP/1.1" 200 31 "-" "WordPress/7.0; http://cqqizhou.com"
144.76.32.239 - - [17/Jul/2026:17:52:45 +0800] "GET /media/5 HTTP/1.1" 200 26530 "-" "Mozilla/5.0 (compatible; SERankingBacklinksBot/1.0; +https://seranking.com/backlinks-crawler)"
144.76.32.239 - - [17/Jul/2026:17:53:40 +0800] "GET /news/2483 HTTP/1.1" 200 24745 "-" "Mozilla/5.0 (compatible; SERankingBacklinksBot/1.0; +https://seranking.com/backlinks-crawler)"
36.133.115.36 - - [17/Jul/2026:17:54:08 +0800] "POST /wp-cron.php?doing_wp_cron=1784282048.2952120304107666015625 HTTP/1.1" 200 31 "-" "WordPress/7.0; http://cqqizhou.com"
160.119.71.9 - - [17/Jul/2026:17:54:08 +0800] "GET / HTTP/1.1" 200 109837 "-" "Mozilla/5.0 (X11; Linux x86_64; rv:144.0) Gecko/20100101 Firefox/144.0"
144.76.32.239 - - [17/Jul/2026:17:54:34 +0800] "GET /news/2496 HTTP/1.1" 200 28586 "-" "Mozilla/5.0 (compatible; SERankingBacklinksBot/1.0; +https://seranking.com/backlinks-crawler)"
144.76.32.239 - - [17/Jul/2026:17:55:29 +0800] "GET /news/2535 HTTP/1.1" 200 24014 "-" "Mozilla/5.0 (compatible; SERankingBacklinksBot/1.0; +https://seranking.com/backlinks-crawler)"
144.76.32.239 - - [17/Jul/2026:17:56:25 +0800] "GET /news/2547 HTTP/1.1" 200 25190 "-" "Mozilla/5.0 (compatible; SERankingBacklinksBot/1.0; +https://seranking.com/backlinks-crawler)"
144.76.32.239 - - [17/Jul/2026:17:57:22 +0800] "GET /news/2572 HTTP/1.1" 200 20272 "-" "Mozilla/5.0 (compatible; SERankingBacklinksBot/1.0; +https://seranking.com/backlinks-crawler)"
144.76.32.239 - - [17/Jul/2026:17:58:17 +0800] "GET /news/2575 HTTP/1.1" 200 25517 "-" "Mozilla/5.0 (compatible; SERankingBacklinksBot/1.0; +https://seranking.com/backlinks-crawler)"
144.76.32.239 - - [17/Jul/2026:17:59:14 +0800] "GET /news/2582 HTTP/1.1" 200 20456 "-" "Mozilla/5.0 (compatible; SERankingBacklinksBot/1.0; +https://seranking.com/backlinks-crawler)"
144.76.32.239 - - [17/Jul/2026:18:00:11 +0800] "GET /news/2585 HTTP/1.1" 200 20945 "-" "Mozilla/5.0 (compatible; SERankingBacklinksBot/1.0; +https://seranking.com/backlinks-crawler)"
144.76.32.239 - - [17/Jul/2026:18:01:09 +0800] "GET /news/2588 HTTP/1.1" 200 25123 "-" "Mozilla/5.0 (compatible; SERankingBacklinksBot/1.0; +https://seranking.com/backlinks-crawler)"
144.76.32.239 - - [17/Jul/2026:18:02:07 +0800] "GET /news/page/2 HTTP/1.1" 200 26412 "-" "Mozilla/5.0 (compatible; SERankingBacklinksBot/1.0; +https://seranking.com/backlinks-crawler)"
144.76.32.239 - - [17/Jul/2026:18:03:05 +0800] "GET /news/page/3 HTTP/1.1" 200 26612 "-" "Mozilla/5.0 (compatible; SERankingBacklinksBot/1.0; +https://seranking.com/backlinks-crawler)"
144.76.32.239 - - [17/Jul/2026:18:04:04 +0800] "GET /news/page/4 HTTP/1.1" 200 26408 "-" "Mozilla/5.0 (compatible; SERankingBacklinksBot/1.0; +https://seranking.com/backlinks-crawler)"
144.76.32.239 - - [17/Jul/2026:18:05:02 +0800] "GET /news/page/5 HTTP/1.1" 200 24101 "-" "Mozilla/5.0 (compatible; SERankingBacklinksBot/1.0; +https://seranking.com/backlinks-crawler)"
144.76.32.239 - - [17/Jul/2026:18:06:01 +0800] "GET /company-news HTTP/1.1" 200 26443 "-" "Mozilla/5.0 (compatible; SERankingBacklinksBot/1.0; +https://seranking.com/backlinks-crawler)"
144.76.32.239 - - [17/Jul/2026:18:06:59 +0800] "GET /news/portfolio HTTP/1.1" 200 21213 "-" "Mozilla/5.0 (compatible; SERankingBacklinksBot/1.0; +https://seranking.com/backlinks-crawler)"
36.133.115.36 - - [17/Jul/2026:18:08:00 +0800] "POST /wp-cron.php?doing_wp_cron=1784282880.2320299148559570312500 HTTP/1.1" 200 31 "-" "WordPress/7.0; http://cqqizhou.com"
144.76.32.239 - - [17/Jul/2026:18:08:00 +0800] "GET /process/processing HTTP/1.1" 301 5 "-" "Mozilla/5.0 (compatible; SERankingBacklinksBot/1.0; +https://seranking.com/backlinks-crawler)"
144.76.32.239 - - [17/Jul/2026:18:08:00 +0800] "GET /services/processing HTTP/1.1" 200 23554 "-" "Mozilla/5.0 (compatible; SERankingBacklinksBot/1.0; +https://seranking.com/backlinks-crawler)"
144.76.32.239 - - [17/Jul/2026:18:09:00 +0800] "GET /work-safety/page/2 HTTP/1.1" 200 19415 "-" "Mozilla/5.0 (compatible; SERankingBacklinksBot/1.0; +https://seranking.com/backlinks-crawler)"
43.153.123.3 - - [17/Jul/2026:18:09:54 +0800] "GET /wp-content/uploads/2026/06/1782708718-1Article_images_W900px.webp HTTP/1.1" 200 54948 "-" "Mozilla/5.0 (iPhone; CPU iPhone OS 13_2_3 like Mac OS X) AppleWebKit/605.1.15 (KHTML, like Gecko) Version/13.0.3 Mobile/15E148 Safari/604.1"
144.76.32.239 - - [17/Jul/2026:18:09:59 +0800] "GET /news/portfolio-tag/pangang HTTP/1.1" 200 21566 "-" "Mozilla/5.0 (compatible; SERankingBacklinksBot/1.0; +https://seranking.com/backlinks-crawler)"
144.76.32.239 - - [17/Jul/2026:18:10:59 +0800] "GET /news/portfolio/pickled-coil HTTP/1.1" 200 22822 "-" "Mozilla/5.0 (compatible; SERankingBacklinksBot/1.0; +https://seranking.com/backlinks-crawler)"
36.133.115.36 - - [17/Jul/2026:18:11:44 +0800] "POST /wp-cron.php?doing_wp_cron=1784283104.7300989627838134765625 HTTP/1.1" 200 31 "-" "WordPress/7.0; http://cqqizhou.com"
94.154.43.140 - - [17/Jul/2026:18:11:44 +0800] "GET / HTTP/1.0" 301 0 "-" "Shodan-Pull/1.0"
144.76.32.239 - - [17/Jul/2026:18:11:59 +0800] "GET /news/tag/%E7%89%A9%E6%B5%81 HTTP/1.1" 200 18716 "-" "Mozilla/5.0 (compatible; SERankingBacklinksBot/1.0; +https://seranking.com/backlinks-crawler)"
144.76.32.239 - - [17/Jul/2026:18:12:58 +0800] "GET /news/portfolio-tag/ansteel-thyssen HTTP/1.1" 200 22970 "-" "Mozilla/5.0 (compatible; SERankingBacklinksBot/1.0; +https://seranking.com/backlinks-crawler)"
144.76.32.239 - - [17/Jul/2026:18:13:57 +0800] "GET /news/tag/%E5%8D%9A%E8%81%94%E8%BE%BE HTTP/1.1" 200 24067 "-" "Mozilla/5.0 (compatible; SERankingBacklinksBot/1.0; +https://seranking.com/backlinks-crawler)"
144.76.32.239 - - [17/Jul/2026:18:14:56 +0800] "GET /news/tag/%E5%90%AF%E8%88%9F%E7%AE%A1%E7%90%86 HTTP/1.1" 200 24200 "-" "Mozilla/5.0 (compatible; SERankingBacklinksBot/1.0; +https://seranking.com/backlinks-crawler)"
144.76.32.239 - - [17/Jul/2026:18:15:57 +0800] "GET /news/tag/%E6%B6%88%E9%98%B2%E5%AE%89%E5%85%A8 HTTP/1.1" 200 22076 "-" "Mozilla/5.0 (compatible; SERankingBacklinksBot/1.0; +https://seranking.com/backlinks-crawler)"
144.76.32.239 - - [17/Jul/2026:18:16:57 +0800] "GET /news/tag/%E5%AE%89%E5%85%A8%E7%94%9F%E4%BA%A7%E6%9C%88 HTTP/1.1" 200 22914 "-" "Mozilla/5.0 (compatible; SERankingBacklinksBot/1.0; +https://seranking.com/backlinks-crawler)"
36.133.115.36 - - [17/Jul/2026:18:21:50 +0800] "POST /wp-cron.php?doing_wp_cron=1784283710.8864839076995849609375 HTTP/1.1" 200 31 "-" "WordPress/7.0; http://cqqizhou.com"
1.15.52.154 - - [17/Jul/2026:18:21:50 +0800] "GET / HTTP/1.1" 200 35071 "-" "Mozilla/5.0 (iPhone; CPU iPhone OS 13_2_3 like Mac OS X) AppleWebKit/605.1.15 (KHTML, like Gecko) Version/13.0.3 Mobile/15E148 Safari/604.1"
114.119.135.202 - - [17/Jul/2026:18:24:09 +0800] "GET /wp-content/uploads/2026/06/1780363375-3Article_images_W900px.webp HTTP/1.1" 200 59640 "http://cqqizhou.com/news/2592" "Mozilla/5.0 (Linux; Android 7.0;) AppleWebKit/537.36 (HTML, like Gecko) Mobile Safari/537.36 (compatible; PetalBot;+https://webmaster.petalsearch.com/site/petalbot)"
180.153.236.195 - - [17/Jul/2026:18:24:48 +0800] "GET / HTTP/1.1" 200 35514 "http://cqqizhou.com/" "Mozilla/5.0 (Windows NT 10.0; Win64; x64) AppleWebKit/537.36 (KHTML, like Gecko) Chrome/140.0.0.0 Safari/537.36 Edg/140.0.0.0; 360Spider"
114.119.135.202 - - [17/Jul/2026:18:25:31 +0800] "GET /wp-content/uploads/2025/12/1766388807-Article_images_202507245.webp HTTP/1.1" 200 63930 "http://cqqizhou.com/news/2373" "Mozilla/5.0 (Linux; Android 7.0;) AppleWebKit/537.36 (HTML, like Gecko) Mobile Safari/537.36 (compatible; PetalBot;+https://webmaster.petalsearch.com/site/petalbot)"
180.153.236.144 - - [17/Jul/2026:18:26:52 +0800] "GET / HTTP/1.1" 200 35514 "-" "Mozilla/5.0 (Windows NT 10.0; Win64; x64) AppleWebKit/537.36 (KHTML, like Gecko) Chrome/140.0.0.0 Safari/537.36 Edg/140.0.0.0; 360Spider"
114.119.146.18 - - [17/Jul/2026:18:26:55 +0800] "GET /wp-content/uploads/2025/11/1762864378-QZ_Photo-5.webp HTTP/1.1" 200 150306 "http://cqqizhou.com/media" "Mozilla/5.0 (Linux; Android 7.0;) AppleWebKit/537.36 (HTML, like Gecko) Mobile Safari/537.36 (compatible; PetalBot;+https://webmaster.petalsearch.com/site/petalbot)"
180.153.236.3 - - [17/Jul/2026:18:28:42 +0800] "GET / HTTP/1.1" 200 35514 "-" "Mozilla/5.0 (Windows NT 10.0; Win64; x64) AppleWebKit/537.36 (KHTML, like Gecko) Chrome/140.0.0.0 Safari/537.36 Edg/140.0.0.0; 360Spider"
36.133.115.36 - - [17/Jul/2026:18:29:30 +0800] "POST /wp-cron.php?doing_wp_cron=1784284170.1854119300842285156250 HTTP/1.1" 200 31 "-" "WordPress/7.0; http://cqqizhou.com"
101.33.66.34 - - [17/Jul/2026:18:29:30 +0800] "GET / HTTP/1.1" 200 35071 "-" "Mozilla/5.0 (iPhone; CPU iPhone OS 13_2_3 like Mac OS X) AppleWebKit/605.1.15 (KHTML, like Gecko) Version/13.0.3 Mobile/15E148 Safari/604.1"
36.133.115.36 - - [17/Jul/2026:18:38:44 +0800] "POST /wp-cron.php?doing_wp_cron=1784284724.3296480178833007812500 HTTP/1.1" 200 31 "-" "WordPress/7.0; http://cqqizhou.com"
5.61.209.43 - - [17/Jul/2026:18:38:44 +0800] "GET /SDK/webLanguage HTTP/1.1" 301 5 "-" "Mozilla/5.0 (Windows NT 10.0; Win64; x64) AppleWebKit/537.36 (KHTML, like Gecko) Chrome/90.0.4430.85 Safari/537.36 Edg/90.0.818.46"
114.119.138.179 - - [17/Jul/2026:18:45:26 +0800] "GET /wp-content/uploads/2025/12/1766064671-Article_images_20251218212624.webp HTTP/1.1" 200 40874 "http://cqqizhou.com/news/2361" "Mozilla/5.0 (Linux; Android 7.0;) AppleWebKit/537.36 (HTML, like Gecko) Mobile Safari/537.36 (compatible; PetalBot;+https://webmaster.petalsearch.com/site/petalbot)"
114.119.135.202 - - [17/Jul/2026:18:46:49 +0800] "GET /wp-content/uploads/2025/11/1762864379-QZ_Photo-6.webp HTTP/1.1" 200 121336 "http://cqqizhou.com/media" "Mozilla/5.0 (Linux; Android 7.0;) AppleWebKit/537.36 (HTML, like Gecko) Mobile Safari/537.36 (compatible; PetalBot;+https://webmaster.petalsearch.com/site/petalbot)"
61.240.194.95 - - [17/Jul/2026:18:47:02 +0800] "GET /news/portfolio HTTP/1.1" 200 21213 "-" "Mozilla/5.0 (Windows NT 10.0; Win64; x64) AppleWebKit/537.36 (KHTML, like Gecko) Chrome/127.0.0.0 Safari/537.36"
36.133.115.36 - - [17/Jul/2026:18:47:04 +0800] "POST /wp-cron.php?doing_wp_cron=1784285224.3315849304199218750000 HTTP/1.1" 200 31 "-" "WordPress/7.0; http://cqqizhou.com"
42.239.95.41 - - [17/Jul/2026:18:47:04 +0800] "GET /media/2 HTTP/1.1" 200 26607 "-" "Mozilla/5.0 (Macintosh; Intel Mac OS X 10_15_7) AppleWebKit/537.36 (KHTML, like Gecko) Chrome/143.0.0.0 Safari/537.36 Edg/143.0.0.0"
138.199.143.30 - - [17/Jul/2026:18:47:25 +0800] "GET / HTTP/1.1" 200 35514 "-" "Mozilla/5.0 (Windows NT 10.0; Win64; x64) AppleWebKit/537.36 (KHTML, like Gecko) Chrome/116.0.0.0 Safari/537.36"
138.199.143.30 - - [17/Jul/2026:18:47:30 +0800] "GET /contacts HTTP/1.1" 200 22272 "-" "Mozilla/5.0 (Windows NT 10.0; Win64; x64) AppleWebKit/537.36 (KHTML, like Gecko) Chrome/116.0.0.0 Safari/537.36"
49.12.172.234 - - [17/Jul/2026:18:47:33 +0800] "GET /about HTTP/1.1" 200 30600 "-" "Mozilla/5.0 (Windows NT 10.0; Win64; x64) AppleWebKit/537.36 (KHTML, like Gecko) Chrome/116.0.0.0 Safari/537.36"
36.133.115.36 - - [17/Jul/2026:18:55:16 +0800] "POST /wp-cron.php?doing_wp_cron=1784285716.0824620723724365234375 HTTP/1.1" 200 31 "-" "WordPress/7.0; http://cqqizhou.com"
43.153.113.127 - - [17/Jul/2026:18:55:16 +0800] "GET / HTTP/1.1" 301 5 "-" "Mozilla/5.0 (iPhone; CPU iPhone OS 13_2_3 like Mac OS X) AppleWebKit/605.1.15 (KHTML, like Gecko) Version/13.0.3 Mobile/15E148 Safari/604.1"
43.153.113.127 - - [17/Jul/2026:18:55:18 +0800] "GET / HTTP/1.1" 200 35071 "http://36.133.115.36" "Mozilla/5.0 (iPhone; CPU iPhone OS 13_2_3 like Mac OS X) AppleWebKit/605.1.15 (KHTML, like Gecko) Version/13.0.3 Mobile/15E148 Safari/604.1"
116.2.234.130 - - [17/Jul/2026:18:55:40 +0800] "GET /news/2514 HTTP/1.1" 200 24393 "-" "Mozilla/5.0 (Windows NT 10.0; Win64; x64) AppleWebKit/537.36 (KHTML, like Gecko) Chrome/134.0.0.0 Safari/537.36"
36.133.115.36 - - [17/Jul/2026:19:11:23 +0800] "POST /wp-cron.php?doing_wp_cron=1784286683.5663928985595703125000 HTTP/1.1" 200 31 "-" "WordPress/7.0; http://cqqizhou.com"
110.249.201.214 - - [17/Jul/2026:19:11:23 +0800] "GET /media HTTP/1.1" 200 26496 "-" "Mozilla/5.0 (Linux; Android 5.0) AppleWebKit/537.36 (KHTML, like Gecko) Mobile Safari/537.36 (compatible; Bytespider; https://zhanzhang.toutiao.com/)"
110.249.201.62 - - [17/Jul/2026:19:11:24 +0800] "GET /wp-content/uploads/2026/06/1782182572-Article_images_W900px-300x169.webp HTTP/1.1" 206 500 "http://cqqizhou.com/media" "Mozilla/5.0 (Linux; Android 5.0) AppleWebKit/537.36 (KHTML, like Gecko) Mobile Safari/537.36 (compatible; Bytespider; https://zhanzhang.toutiao.com/)"
