HEX
Server: nginx/1.16.1
System: Linux ecs-04358622 4.19.90-2107.6.0.0100.oe1.bclinux.x86_64 #1 SMP Wed Dec 1 19:59:44 CST 2021 x86_64
User: nginx (994)
PHP: 8.0.0
Disabled: NONE
Upload Files
File: /home/logs/cqqizhou_access_2026-07-17.log
43.153.49.151 - - [17/Jul/2026:00:07:02 +0800] "GET /wp-content/uploads/2025/11/1762864381-QZ_Photo-7-768x512.webp HTTP/1.1" 200 62708 "-" "Mozilla/5.0 (iPhone; CPU iPhone OS 13_2_3 like Mac OS X) AppleWebKit/605.1.15 (KHTML, like Gecko) Version/13.0.3 Mobile/15E148 Safari/604.1"
36.133.115.36 - - [17/Jul/2026:00:08:52 +0800] "POST /wp-cron.php?doing_wp_cron=1784218132.8805930614471435546875 HTTP/1.1" 200 31 "-" "WordPress/7.0; http://cqqizhou.com"
69.5.169.47 - - [17/Jul/2026:00:08:52 +0800] "GET / HTTP/1.1" 301 5 "-" "Mozilla/5.0 (compatible; Infrawatch/1.0; +https://infrawat.ch/)"
89.21.67.138 - - [17/Jul/2026:00:09:00 +0800] "GET / HTTP/1.1" 301 5 "-" "Mozilla/5.0 (compatible; Infrawatch/1.0; +https://infrawat.ch/)"
36.133.115.36 - - [17/Jul/2026:00:09:31 +0800] "POST /wp-cron.php?doing_wp_cron=1784218171.5860459804534912109375 HTTP/1.1" 200 31 "-" "WordPress/7.0; http://cqqizhou.com"
89.21.67.155 - - [17/Jul/2026:00:09:31 +0800] "GET /sse HTTP/1.1" 404 9497 "-" "Mozilla/5.0 (compatible; Infrawatch/1.0; +https://infrawat.ch/)"
36.133.115.36 - - [17/Jul/2026:00:22:10 +0800] "POST /wp-cron.php?doing_wp_cron=1784218930.7441039085388183593750 HTTP/1.1" 200 31 "-" "WordPress/7.0; http://cqqizhou.com"
114.119.135.202 - - [17/Jul/2026:00:22:10 +0800] "GET /logistics/ HTTP/1.1" 301 5 "http://cqqizhou.com/logistics/" "Mozilla/5.0 (Linux; Android 7.0;) AppleWebKit/537.36 (HTML, like Gecko) Mobile Safari/537.36 (compatible; PetalBot;+https://webmaster.petalsearch.com/site/petalbot)"
114.119.135.202 - - [17/Jul/2026:00:22:12 +0800] "GET /logistics HTTP/1.1" 200 25836 "http://cqqizhou.com/logistics/" "Mozilla/5.0 (Linux; Android 7.0;) AppleWebKit/537.36 (HTML, like Gecko) Mobile Safari/537.36 (compatible; PetalBot;+https://webmaster.petalsearch.com/site/petalbot)"
36.133.115.36 - - [17/Jul/2026:00:23:33 +0800] "POST /wp-cron.php?doing_wp_cron=1784219013.2000300884246826171875 HTTP/1.1" 200 31 "-" "WordPress/7.0; http://cqqizhou.com"
114.119.138.179 - - [17/Jul/2026:00:23:33 +0800] "GET /about HTTP/1.1" 200 24677 "http://cqqizhou.com/about" "Mozilla/5.0 (Linux; Android 7.0;) AppleWebKit/537.36 (HTML, like Gecko) Mobile Safari/537.36 (compatible; PetalBot;+https://webmaster.petalsearch.com/site/petalbot)"
36.133.115.36 - - [17/Jul/2026:00:26:12 +0800] "POST /wp-cron.php?doing_wp_cron=1784219172.3985071182250976562500 HTTP/1.1" 200 31 "-" "WordPress/7.0; http://cqqizhou.com"
43.135.134.127 - - [17/Jul/2026:00:26:12 +0800] "GET /logistics HTTP/1.1" 200 25836 "-" "Mozilla/5.0 (iPhone; CPU iPhone OS 13_2_3 like Mac OS X) AppleWebKit/605.1.15 (KHTML, like Gecko) Version/13.0.3 Mobile/15E148 Safari/604.1"
36.133.115.36 - - [17/Jul/2026:00:32:47 +0800] "POST /wp-cron.php?doing_wp_cron=1784219567.7870600223541259765625 HTTP/1.1" 200 31 "-" "WordPress/7.0; http://cqqizhou.com"
160.119.71.9 - - [17/Jul/2026:00:32:48 +0800] "GET / HTTP/1.1" 200 109837 "-" "Mozilla/5.0 (X11; Linux x86_64; rv:144.0) Gecko/20100101 Firefox/144.0"
36.133.115.36 - - [17/Jul/2026:00:48:39 +0800] "POST /wp-cron.php?doing_wp_cron=1784220519.0407710075378417968750 HTTP/1.1" 200 31 "-" "WordPress/7.0; http://cqqizhou.com"
5.61.209.43 - - [17/Jul/2026:00:48:39 +0800] "GET /SDK/webLanguage HTTP/1.1" 301 5 "-" "Mozilla/5.0 (Windows NT 10.0; Win64; x64) AppleWebKit/537.36 (KHTML, like Gecko) Chrome/90.0.4430.85 Safari/537.36 Edg/90.0.818.46"
36.133.115.36 - - [17/Jul/2026:00:51:19 +0800] "POST /wp-cron.php?doing_wp_cron=1784220679.6812200546264648437500 HTTP/1.1" 200 31 "-" "WordPress/7.0; http://cqqizhou.com"
142.44.233.136 - - [17/Jul/2026:00:51:19 +0800] "GET /media/3 HTTP/1.1" 200 26648 "-" "Mozilla/5.0 (compatible; AhrefsBot/7.0; +http://ahrefs.com/robot/)"
36.133.115.36 - - [17/Jul/2026:00:54:11 +0800] "POST /wp-cron.php?doing_wp_cron=1784220851.2282040119171142578125 HTTP/1.1" 200 31 "-" "WordPress/7.0; http://cqqizhou.com"
150.109.46.88 - - [17/Jul/2026:00:54:11 +0800] "GET /wp-content/uploads/2026/02/1769999241-4.2 HTTP/1.1" 404 9497 "-" "Mozilla/5.0 (iPhone; CPU iPhone OS 13_2_3 like Mac OS X) AppleWebKit/605.1.15 (KHTML, like Gecko) Version/13.0.3 Mobile/15E148 Safari/604.1"
220.181.108.165 - - [17/Jul/2026:01:00:50 +0800] "GET /news/2552 HTTP/1.1" 200 26043 "-" "Mozilla/5.0 (compatible; Baiduspider/2.0; +http://www.baidu.com/search/spider.html)"
36.133.115.36 - - [17/Jul/2026:01:00:51 +0800] "POST /wp-cron.php?doing_wp_cron=1784221250.9118030071258544921875 HTTP/1.1" 200 31 "-" "WordPress/7.0; http://cqqizhou.com"
220.181.108.178 - - [17/Jul/2026:01:00:51 +0800] "GET /wp-json/oembed/1.0/embed?url=http%3A%2F%2Fcqqizhou.com%2Fnews%2F2339 HTTP/1.1" 200 1261 "-" "Mozilla/5.0 (compatible; Baiduspider/2.0; +http://www.baidu.com/search/spider.html)"
116.179.37.180 - - [17/Jul/2026:01:00:51 +0800] "GET /wp-content/uploads/2026/04/1775865995-3Article_images_W900px.webp HTTP/1.1" 200 92936 "http://cqqizhou.com/news/2552" "Mozilla/5.0 (compatible; Baiduspider-render/2.0; +http://www.baidu.com/search/spider.html)"
111.225.214.176 - - [17/Jul/2026:01:01:06 +0800] "GET /robots.txt HTTP/1.1" 200 190 "-" "Mozilla/5.0 (Windows NT 10.0; WOW64) AppleWebKit/537.36 (KHTML, like Gecko) Chrome/48.0.2564.116 Safari/537.36"
111.225.214.190 - - [17/Jul/2026:01:01:06 +0800] "GET /robots.txt HTTP/1.1" 200 190 "-" "Mozilla/5.0 (Windows NT 10.0; WOW64) AppleWebKit/537.36 (KHTML, like Gecko) Chrome/48.0.2564.116 Safari/537.36"
36.133.115.36 - - [17/Jul/2026:01:01:24 +0800] "POST /wp-cron.php?doing_wp_cron=1784221284.5033710002899169921875 HTTP/1.1" 200 31 "-" "WordPress/7.0; http://cqqizhou.com"
43.165.197.116 - - [17/Jul/2026:01:01:24 +0800] "GET / HTTP/1.1" 301 5 "-" "Mozilla/5.0 (iPhone; CPU iPhone OS 13_2_3 like Mac OS X) AppleWebKit/605.1.15 (KHTML, like Gecko) Version/13.0.3 Mobile/15E148 Safari/604.1"
43.165.197.116 - - [17/Jul/2026:01:01:27 +0800] "GET / HTTP/1.1" 200 35071 "http://www.cqqizhou.com" "Mozilla/5.0 (iPhone; CPU iPhone OS 13_2_3 like Mac OS X) AppleWebKit/605.1.15 (KHTML, like Gecko) Version/13.0.3 Mobile/15E148 Safari/604.1"
43.134.100.175 - - [17/Jul/2026:01:05:47 +0800] "GET /wp-content/uploads/2025/11/1762864381-QZ_Photo-7.webp HTTP/1.1" 200 129922 "-" "Mozilla/5.0 (iPhone; CPU iPhone OS 13_2_3 like Mac OS X) AppleWebKit/605.1.15 (KHTML, like Gecko) Version/13.0.3 Mobile/15E148 Safari/604.1"
36.133.115.36 - - [17/Jul/2026:01:22:24 +0800] "POST /wp-cron.php?doing_wp_cron=1784222544.6882050037384033203125 HTTP/1.1" 200 31 "-" "WordPress/7.0; http://cqqizhou.com"
102.220.160.154 - - [17/Jul/2026:01:22:24 +0800] "GET /wp-login.php HTTP/1.1" 200 2821 "-" "Mozilla/5.0 (Macintosh; Intel Mac OS X 13_6_1; rv:120.0) Gecko/20100101 Firefox/120.0"
102.220.160.154 - - [17/Jul/2026:01:22:38 +0800] "POST /wp-login.php HTTP/1.1" 200 3042 "http://CQQIZHOU.COM/wp-login.php" "Mozilla/5.0 (X11; Linux x86_64) AppleWebKit/537.36 (KHTML, like Gecko) Chrome/118.0.0.0 Safari/537.36"
102.220.160.154 - - [17/Jul/2026:01:22:42 +0800] "POST /wp-login.php HTTP/1.1" 200 3044 "http://CQQIZHOU.COM/wp-login.php" "Mozilla/5.0 (Windows NT 10.0; Win64; x64; rv:118.0) Gecko/20100101 Firefox/118.0"
102.220.160.154 - - [17/Jul/2026:01:22:46 +0800] "POST /wp-login.php HTTP/1.1" 200 3042 "http://CQQIZHOU.COM/wp-login.php" "Mozilla/5.0 (X11; Ubuntu; Linux x86_64) AppleWebKit/537.36 (KHTML, like Gecko) Chrome/118.0.0.0 Safari/537.36"
102.220.160.154 - - [17/Jul/2026:01:22:50 +0800] "POST /wp-login.php HTTP/1.1" 200 3040 "http://CQQIZHOU.COM/wp-login.php" "Mozilla/5.0 (X11; Linux x86_64) AppleWebKit/537.36 (KHTML, like Gecko) Chrome/121.0.0.0 Safari/537.36"
102.220.160.154 - - [17/Jul/2026:01:22:53 +0800] "POST /wp-login.php HTTP/1.1" 200 3049 "http://CQQIZHOU.COM/wp-login.php" "Mozilla/5.0 (Windows NT 10.0; Win64; x64; rv:119.0) Gecko/20100101 Firefox/119.0"
102.220.160.154 - - [17/Jul/2026:01:22:56 +0800] "POST /wp-login.php HTTP/1.1" 200 3040 "http://CQQIZHOU.COM/wp-login.php" "Mozilla/5.0 (Macintosh; Intel Mac OS X 10_15_7) AppleWebKit/537.36 (KHTML, like Gecko) Chrome/118.0.0.0 Safari/537.36"
102.220.160.154 - - [17/Jul/2026:01:23:00 +0800] "POST /wp-login.php HTTP/1.1" 200 3048 "http://CQQIZHOU.COM/wp-login.php" "Mozilla/5.0 (Macintosh; Intel Mac OS X 13_6_1; rv:121.0) Gecko/20100101 Firefox/121.0"
102.220.160.154 - - [17/Jul/2026:01:23:03 +0800] "POST /wp-login.php HTTP/1.1" 200 3040 "http://CQQIZHOU.COM/wp-login.php" "Mozilla/5.0 (Windows NT 11.0; Win64; x64) AppleWebKit/537.36 (KHTML, like Gecko) Chrome/118.0.0.0 Safari/537.36"
36.133.115.36 - - [17/Jul/2026:01:23:10 +0800] "POST /wp-cron.php?doing_wp_cron=1784222590.7393829822540283203125 HTTP/1.1" 200 31 "-" "WordPress/7.0; http://cqqizhou.com"
102.220.160.154 - - [17/Jul/2026:01:23:10 +0800] "POST /wp-login.php HTTP/1.1" 200 2987 "http://CQQIZHOU.COM/wp-login.php" "Mozilla/5.0 (Macintosh; Intel Mac OS X 10_15_7) AppleWebKit/537.36 (KHTML, like Gecko) Chrome/118.0.0.0 Safari/537.36"
102.220.160.154 - - [17/Jul/2026:01:23:13 +0800] "POST /wp-login.php HTTP/1.1" 200 2987 "http://CQQIZHOU.COM/wp-login.php" "Mozilla/5.0 (Macintosh; Intel Mac OS X 10_15_7) AppleWebKit/605.1.15 (KHTML, like Gecko) Version/17.1 Safari/605.1.15"
102.220.160.154 - - [17/Jul/2026:01:23:17 +0800] "POST /wp-login.php HTTP/1.1" 200 3043 "http://CQQIZHOU.COM/wp-login.php" "Mozilla/5.0 (Windows NT 10.0; Win64; x64) AppleWebKit/537.36 (KHTML, like Gecko) Chrome/118.0.0.0 Safari/537.36"
102.220.160.154 - - [17/Jul/2026:01:23:20 +0800] "POST /wp-login.php HTTP/1.1" 200 2987 "http://CQQIZHOU.COM/wp-login.php" "Mozilla/5.0 (Macintosh; Intel Mac OS X 13_6_1) AppleWebKit/537.36 (KHTML, like Gecko) Chrome/119.0.0.0 Safari/537.36"
102.220.160.154 - - [17/Jul/2026:01:23:23 +0800] "POST /wp-login.php HTTP/1.1" 200 3041 "http://CQQIZHOU.COM/wp-login.php" "Mozilla/5.0 (Windows NT 11.0; Win64; x64; rv:118.0) Gecko/20100101 Firefox/118.0"
102.220.160.154 - - [17/Jul/2026:01:23:26 +0800] "POST /wp-login.php HTTP/1.1" 200 2987 "http://CQQIZHOU.COM/wp-login.php" "Mozilla/5.0 (Macintosh; Intel Mac OS X 10_15_7) AppleWebKit/605.1.15 (KHTML, like Gecko) Version/17.0 Safari/605.1.15"
102.220.160.154 - - [17/Jul/2026:01:23:30 +0800] "POST /wp-login.php HTTP/1.1" 200 3042 "http://CQQIZHOU.COM/wp-login.php" "Mozilla/5.0 (Macintosh; Intel Mac OS X 10_15_7) AppleWebKit/537.36 (KHTML, like Gecko) Chrome/119.0.0.0 Safari/537.36"
102.220.160.154 - - [17/Jul/2026:01:23:33 +0800] "POST /wp-login.php HTTP/1.1" 200 2987 "http://CQQIZHOU.COM/wp-login.php" "Mozilla/5.0 (Windows NT 10.0; Win64; x64; rv:118.0) Gecko/20100101 Firefox/118.0"
102.220.160.154 - - [17/Jul/2026:01:23:36 +0800] "POST /wp-login.php HTTP/1.1" 200 2987 "http://CQQIZHOU.COM/wp-login.php" "Mozilla/5.0 (Windows NT 10.0; Win64; x64; rv:121.0) Gecko/20100101 Firefox/121.0"
102.220.160.154 - - [17/Jul/2026:01:23:40 +0800] "POST /wp-login.php HTTP/1.1" 200 3038 "http://CQQIZHOU.COM/wp-login.php" "Mozilla/5.0 (Macintosh; Intel Mac OS X 10_15_7; rv:120.0) Gecko/20100101 Firefox/120.0"
102.220.160.154 - - [17/Jul/2026:01:23:43 +0800] "POST /wp-login.php HTTP/1.1" 200 3039 "http://CQQIZHOU.COM/wp-login.php" "Mozilla/5.0 (Macintosh; Intel Mac OS X 13_6_1) AppleWebKit/605.1.15 (KHTML, like Gecko) Version/17.1 Safari/605.1.15"
102.220.160.154 - - [17/Jul/2026:01:23:47 +0800] "POST /wp-login.php HTTP/1.1" 200 3042 "http://CQQIZHOU.COM/wp-login.php" "Mozilla/5.0 (Macintosh; Intel Mac OS X 13_6_1) AppleWebKit/537.36 (KHTML, like Gecko) Chrome/121.0.0.0 Safari/537.36"
102.220.160.154 - - [17/Jul/2026:01:23:51 +0800] "POST /wp-login.php HTTP/1.1" 200 3042 "http://CQQIZHOU.COM/wp-login.php" "Mozilla/5.0 (Windows NT 10.0; Win64; x64) AppleWebKit/537.36 (KHTML, like Gecko) Chrome/118.0.0.0 Safari/537.36"
102.220.160.154 - - [17/Jul/2026:01:23:53 +0800] "POST /wp-login.php HTTP/1.1" 200 3042 "http://CQQIZHOU.COM/wp-login.php" "Mozilla/5.0 (Windows NT 11.0; Win64; x64) AppleWebKit/537.36 (KHTML, like Gecko) Chrome/121.0.0.0 Safari/537.36"
102.220.160.154 - - [17/Jul/2026:01:23:57 +0800] "POST /wp-login.php HTTP/1.1" 200 3040 "http://CQQIZHOU.COM/wp-login.php" "Mozilla/5.0 (Macintosh; Intel Mac OS X 13_6_1) AppleWebKit/537.36 (KHTML, like Gecko) Chrome/120.0.0.0 Safari/537.36"
102.220.160.154 - - [17/Jul/2026:01:24:00 +0800] "POST /wp-login.php HTTP/1.1" 200 3039 "http://CQQIZHOU.COM/wp-login.php" "Mozilla/5.0 (Windows NT 10.0; Win64; x64) AppleWebKit/537.36 (KHTML, like Gecko) Chrome/121.0.0.0 Safari/537.36"
102.220.160.154 - - [17/Jul/2026:01:24:04 +0800] "POST /wp-login.php HTTP/1.1" 200 3043 "http://CQQIZHOU.COM/wp-login.php" "Mozilla/5.0 (Macintosh; Intel Mac OS X 10_15_7) AppleWebKit/605.1.15 (KHTML, like Gecko) Version/17.1 Safari/605.1.15"
36.133.115.36 - - [17/Jul/2026:01:24:14 +0800] "POST /wp-cron.php?doing_wp_cron=1784222654.5770280361175537109375 HTTP/1.1" 200 31 "-" "WordPress/7.0; http://cqqizhou.com"
102.220.160.154 - - [17/Jul/2026:01:24:14 +0800] "POST /wp-login.php HTTP/1.1" 200 3040 "http://CQQIZHOU.COM/wp-login.php" "Mozilla/5.0 (Macintosh; Intel Mac OS X 10_15_7; rv:119.0) Gecko/20100101 Firefox/119.0"
102.220.160.154 - - [17/Jul/2026:01:24:28 +0800] "POST /wp-login.php HTTP/1.1" 200 3043 "http://CQQIZHOU.COM/wp-login.php" "Mozilla/5.0 (Macintosh; Intel Mac OS X 13_6_1) AppleWebKit/605.1.15 (KHTML, like Gecko) Version/17.0 Safari/605.1.15"
102.220.160.154 - - [17/Jul/2026:01:24:36 +0800] "POST /wp-login.php HTTP/1.1" 200 3043 "http://CQQIZHOU.COM/wp-login.php" "Mozilla/5.0 (Windows NT 10.0; Win64; x64; rv:120.0) Gecko/20100101 Firefox/120.0"
102.220.160.154 - - [17/Jul/2026:01:24:40 +0800] "POST /wp-login.php HTTP/1.1" 200 3044 "http://CQQIZHOU.COM/wp-login.php" "Mozilla/5.0 (X11; Linux x86_64) AppleWebKit/537.36 (KHTML, like Gecko) Chrome/119.0.0.0 Safari/537.36"
102.220.160.154 - - [17/Jul/2026:01:24:49 +0800] "POST /wp-login.php HTTP/1.1" 200 3040 "http://CQQIZHOU.COM/wp-login.php" "Mozilla/5.0 (Macintosh; Intel Mac OS X 10_15_7) AppleWebKit/537.36 (KHTML, like Gecko) Chrome/121.0.0.0 Safari/537.36"
102.220.160.154 - - [17/Jul/2026:01:24:52 +0800] "POST /wp-login.php HTTP/1.1" 200 3043 "http://CQQIZHOU.COM/wp-login.php" "Mozilla/5.0 (Macintosh; Intel Mac OS X 10_15_7) AppleWebKit/605.1.15 (KHTML, like Gecko) Version/17.2 Safari/605.1.15"
102.220.160.154 - - [17/Jul/2026:01:24:57 +0800] "POST /wp-login.php HTTP/1.1" 200 3044 "http://CQQIZHOU.COM/wp-login.php" "Mozilla/5.0 (Windows NT 11.0; Win64; x64) AppleWebKit/537.36 (KHTML, like Gecko) Chrome/120.0.0.0 Safari/537.36"
36.133.115.36 - - [17/Jul/2026:01:25:12 +0800] "POST /wp-cron.php?doing_wp_cron=1784222712.8588230609893798828125 HTTP/1.1" 200 31 "-" "WordPress/7.0; http://cqqizhou.com"
102.220.160.154 - - [17/Jul/2026:01:25:12 +0800] "POST /wp-login.php HTTP/1.1" 200 3047 "http://CQQIZHOU.COM/wp-login.php" "Mozilla/5.0 (Macintosh; Intel Mac OS X 10_15_7) AppleWebKit/605.1.15 (KHTML, like Gecko) Version/17.1 Safari/605.1.15"
102.220.160.154 - - [17/Jul/2026:01:25:15 +0800] "POST /wp-login.php HTTP/1.1" 200 3043 "http://CQQIZHOU.COM/wp-login.php" "Mozilla/5.0 (Macintosh; Intel Mac OS X 13_6_1) AppleWebKit/537.36 (KHTML, like Gecko) Chrome/118.0.0.0 Safari/537.36"
102.220.160.154 - - [17/Jul/2026:01:25:19 +0800] "POST /wp-login.php HTTP/1.1" 200 3042 "http://CQQIZHOU.COM/wp-login.php" "Mozilla/5.0 (Macintosh; Intel Mac OS X 10_15_7) AppleWebKit/605.1.15 (KHTML, like Gecko) Version/16.6 Safari/605.1.15"
102.220.160.154 - - [17/Jul/2026:01:25:21 +0800] "POST /wp-login.php HTTP/1.1" 200 3038 "http://CQQIZHOU.COM/wp-login.php" "Mozilla/5.0 (X11; Ubuntu; Linux x86_64) AppleWebKit/537.36 (KHTML, like Gecko) Chrome/121.0.0.0 Safari/537.36"
102.220.160.154 - - [17/Jul/2026:01:25:27 +0800] "POST /wp-login.php HTTP/1.1" 200 2987 "http://CQQIZHOU.COM/wp-login.php" "Mozilla/5.0 (Macintosh; Intel Mac OS X 13_6_1) AppleWebKit/537.36 (KHTML, like Gecko) Chrome/119.0.0.0 Safari/537.36"
102.220.160.154 - - [17/Jul/2026:01:25:31 +0800] "POST /wp-login.php HTTP/1.1" 200 3043 "http://CQQIZHOU.COM/wp-login.php" "Mozilla/5.0 (Macintosh; Intel Mac OS X 10_15_7) AppleWebKit/605.1.15 (KHTML, like Gecko) Version/17.2 Safari/605.1.15"
102.220.160.154 - - [17/Jul/2026:01:25:34 +0800] "POST /wp-login.php HTTP/1.1" 200 3046 "http://CQQIZHOU.COM/wp-login.php" "Mozilla/5.0 (Macintosh; Intel Mac OS X 10_15_7) AppleWebKit/605.1.15 (KHTML, like Gecko) Version/16.6 Safari/605.1.15"
102.220.160.154 - - [17/Jul/2026:01:25:42 +0800] "POST /wp-login.php HTTP/1.1" 200 2954 "http://CQQIZHOU.COM/wp-login.php" "Mozilla/5.0 (Macintosh; Intel Mac OS X 10_15_7; rv:118.0) Gecko/20100101 Firefox/118.0"
102.220.160.154 - - [17/Jul/2026:01:25:46 +0800] "POST /wp-login.php HTTP/1.1" 200 3044 "http://CQQIZHOU.COM/wp-login.php" "Mozilla/5.0 (Windows NT 11.0; Win64; x64; rv:118.0) Gecko/20100101 Firefox/118.0"
102.220.160.154 - - [17/Jul/2026:01:25:50 +0800] "POST /wp-login.php HTTP/1.1" 200 3043 "http://CQQIZHOU.COM/wp-login.php" "Mozilla/5.0 (Macintosh; Intel Mac OS X 13_6_1) AppleWebKit/605.1.15 (KHTML, like Gecko) Version/17.1 Safari/605.1.15"
102.220.160.154 - - [17/Jul/2026:01:25:53 +0800] "POST /wp-login.php HTTP/1.1" 200 3044 "http://CQQIZHOU.COM/wp-login.php" "Mozilla/5.0 (Windows NT 11.0; Win64; x64) AppleWebKit/537.36 (KHTML, like Gecko) Chrome/118.0.0.0 Safari/537.36"
102.220.160.154 - - [17/Jul/2026:01:25:56 +0800] "POST /wp-login.php HTTP/1.1" 200 3040 "http://CQQIZHOU.COM/wp-login.php" "Mozilla/5.0 (Macintosh; Intel Mac OS X 10_15_7) AppleWebKit/537.36 (KHTML, like Gecko) Chrome/120.0.0.0 Safari/537.36"
102.220.160.154 - - [17/Jul/2026:01:26:00 +0800] "POST /wp-login.php HTTP/1.1" 200 3039 "http://CQQIZHOU.COM/wp-login.php" "Mozilla/5.0 (Macintosh; Intel Mac OS X 10_15_7) AppleWebKit/537.36 (KHTML, like Gecko) Chrome/118.0.0.0 Safari/537.36"
102.220.160.154 - - [17/Jul/2026:01:26:05 +0800] "POST /wp-login.php HTTP/1.1" 200 3049 "http://CQQIZHOU.COM/wp-login.php" "Mozilla/5.0 (Macintosh; Intel Mac OS X 13_6_1; rv:118.0) Gecko/20100101 Firefox/118.0"
36.133.115.36 - - [17/Jul/2026:01:26:10 +0800] "POST /wp-cron.php?doing_wp_cron=1784222770.6593420505523681640625 HTTP/1.1" 200 31 "-" "WordPress/7.0; http://cqqizhou.com"
102.220.160.154 - - [17/Jul/2026:01:26:10 +0800] "POST /wp-login.php HTTP/1.1" 200 3039 "http://CQQIZHOU.COM/wp-login.php" "Mozilla/5.0 (Windows NT 11.0; Win64; x64; rv:119.0) Gecko/20100101 Firefox/119.0"
102.220.160.154 - - [17/Jul/2026:01:26:16 +0800] "POST /wp-login.php HTTP/1.1" 200 3046 "http://CQQIZHOU.COM/wp-login.php" "Mozilla/5.0 (Macintosh; Intel Mac OS X 10_15_7) AppleWebKit/537.36 (KHTML, like Gecko) Chrome/120.0.0.0 Safari/537.36"
102.220.160.154 - - [17/Jul/2026:01:26:24 +0800] "POST /wp-login.php HTTP/1.1" 200 2987 "http://CQQIZHOU.COM/wp-login.php" "Mozilla/5.0 (Windows NT 11.0; Win64; x64) AppleWebKit/537.36 (KHTML, like Gecko) Chrome/121.0.0.0 Safari/537.36"
102.220.160.154 - - [17/Jul/2026:01:26:33 +0800] "POST /wp-login.php HTTP/1.1" 200 2987 "http://CQQIZHOU.COM/wp-login.php" "Mozilla/5.0 (Macintosh; Intel Mac OS X 10_15_7) AppleWebKit/605.1.15 (KHTML, like Gecko) Version/17.1 Safari/605.1.15"
102.220.160.154 - - [17/Jul/2026:01:26:43 +0800] "POST /wp-login.php HTTP/1.1" 200 3038 "http://CQQIZHOU.COM/wp-login.php" "Mozilla/5.0 (X11; Ubuntu; Linux x86_64) AppleWebKit/537.36 (KHTML, like Gecko) Chrome/118.0.0.0 Safari/537.36"
102.220.160.154 - - [17/Jul/2026:01:26:58 +0800] "POST /wp-login.php HTTP/1.1" 200 3038 "http://CQQIZHOU.COM/wp-login.php" "Mozilla/5.0 (Windows NT 10.0; Win64; x64) AppleWebKit/537.36 (KHTML, like Gecko) Chrome/121.0.0.0 Safari/537.36"
36.133.115.36 - - [17/Jul/2026:01:36:05 +0800] "POST /wp-cron.php?doing_wp_cron=1784223365.3667149543762207031250 HTTP/1.1" 200 31 "-" "WordPress/7.0; http://cqqizhou.com"
43.153.123.4 - - [17/Jul/2026:01:36:05 +0800] "GET /about HTTP/1.1" 200 24677 "-" "Mozilla/5.0 (iPhone; CPU iPhone OS 13_2_3 like Mac OS X) AppleWebKit/605.1.15 (KHTML, like Gecko) Version/13.0.3 Mobile/15E148 Safari/604.1"
141.98.11.224 - - [17/Jul/2026:01:36:37 +0800] "GET / HTTP/1.0" 200 159666 "http://cqqizhou.com/" "Mozilla/5.0 (Windows NT 10.0; Win64; x64) AppleWebKit/537.36 (KHTML, like Gecko) Chrome/131.0.0.0 Safari/537.36"
36.133.115.36 - - [17/Jul/2026:01:36:39 +0800] "POST /wp-cron.php?doing_wp_cron=1784223399.5880639553070068359375 HTTP/1.1" 200 31 "-" "WordPress/7.0; http://cqqizhou.com"
141.98.11.224 - - [17/Jul/2026:01:36:39 +0800] "GET /contacts/ HTTP/1.0" 301 0 "http://cqqizhou.com/contacts/" "Mozilla/5.0 (Windows NT 10.0; Win64; x64) AppleWebKit/537.36 (KHTML, like Gecko) Chrome/131.0.0.0 Safari/537.36"
141.98.11.224 - - [17/Jul/2026:01:36:40 +0800] "GET /contacts HTTP/1.0" 200 79845 "http://cqqizhou.com/contacts" "Mozilla/5.0 (Windows NT 10.0; Win64; x64) AppleWebKit/537.36 (KHTML, like Gecko) Chrome/131.0.0.0 Safari/537.36"
141.98.11.224 - - [17/Jul/2026:01:36:43 +0800] "POST /contacts HTTP/1.0" 200 70297 "http://cqqizhou.com/contacts" "Mozilla/5.0 (Windows NT 10.0; Win64; x64) AppleWebKit/537.36 (KHTML, like Gecko) Chrome/131.0.0.0 Safari/537.36"
114.119.146.18 - - [17/Jul/2026:01:41:02 +0800] "GET /wp-content/uploads/2025/12/1766375846-Article20251216211545.webp HTTP/1.1" 200 70386 "http://cqqizhou.com/news/2354" "Mozilla/5.0 (Linux; Android 7.0;) AppleWebKit/537.36 (HTML, like Gecko) Mobile Safari/537.36 (compatible; PetalBot;+https://webmaster.petalsearch.com/site/petalbot)"
36.133.115.36 - - [17/Jul/2026:01:45:42 +0800] "POST /wp-cron.php?doing_wp_cron=1784223942.0192999839782714843750 HTTP/1.1" 200 31 "-" "WordPress/7.0; http://cqqizhou.com"
49.51.243.156 - - [17/Jul/2026:01:45:42 +0800] "GET /news/portfolio/duplex-stainless-steel HTTP/1.1" 200 19264 "-" "Mozilla/5.0 (iPhone; CPU iPhone OS 13_2_3 like Mac OS X) AppleWebKit/605.1.15 (KHTML, like Gecko) Version/13.0.3 Mobile/15E148 Safari/604.1"
36.133.115.36 - - [17/Jul/2026:01:55:54 +0800] "POST /wp-cron.php?doing_wp_cron=1784224553.9876511096954345703125 HTTP/1.1" 200 31 "-" "WordPress/7.0; http://cqqizhou.com"
124.156.206.145 - - [17/Jul/2026:01:55:54 +0800] "GET /wp-content/uploads/revslider/slider-1/1750861156-logistics_Slider_3840 HTTP/1.1" 404 9498 "-" "Mozilla/5.0 (iPhone; CPU iPhone OS 13_2_3 like Mac OS X) AppleWebKit/605.1.15 (KHTML, like Gecko) Version/13.0.3 Mobile/15E148 Safari/604.1"
40.77.167.41 - - [17/Jul/2026:02:03:04 +0800] "GET / HTTP/1.1" 200 35514 "-" "Mozilla/5.0 AppleWebKit/537.36 (KHTML, like Gecko; compatible; bingbot/2.0; +http://www.bing.com/bingbot.htm) Chrome/116.0.1938.76 Safari/537.36"
36.133.115.36 - - [17/Jul/2026:02:06:51 +0800] "POST /wp-cron.php?doing_wp_cron=1784225210.9409410953521728515625 HTTP/1.1" 200 31 "-" "WordPress/7.0; http://cqqizhou.com"
129.226.193.111 - - [17/Jul/2026:02:06:51 +0800] "GET /news/portfolio-category/dual-phase-steel HTTP/1.1" 200 18210 "-" "Mozilla/5.0 (iPhone; CPU iPhone OS 13_2_3 like Mac OS X) AppleWebKit/605.1.15 (KHTML, like Gecko) Version/13.0.3 Mobile/15E148 Safari/604.1"
36.133.115.36 - - [17/Jul/2026:02:16:35 +0800] "POST /wp-cron.php?doing_wp_cron=1784225795.5880069732666015625000 HTTP/1.1" 200 31 "-" "WordPress/7.0; http://cqqizhou.com"
94.154.43.243 - - [17/Jul/2026:02:16:42 +0800] "GET / HTTP/1.1" 200 158029 "-" "-"
36.133.115.36 - - [17/Jul/2026:02:37:28 +0800] "POST /wp-cron.php?doing_wp_cron=1784227047.9598779678344726562500 HTTP/1.1" 200 31 "-" "WordPress/7.0; http://cqqizhou.com"
43.166.246.180 - - [17/Jul/2026:02:37:28 +0800] "GET /wp-content/uploads/2025/07/1750945417-honor300 HTTP/1.1" 404 9497 "-" "Mozilla/5.0 (iPhone; CPU iPhone OS 13_2_3 like Mac OS X) AppleWebKit/605.1.15 (KHTML, like Gecko) Version/13.0.3 Mobile/15E148 Safari/604.1"
36.133.115.36 - - [17/Jul/2026:02:40:39 +0800] "POST /wp-cron.php?doing_wp_cron=1784227239.6469030380249023437500 HTTP/1.1" 200 31 "-" "WordPress/7.0; http://cqqizhou.com"
43.156.37.91 - - [17/Jul/2026:02:40:39 +0800] "GET /wp-content/uploads/2025/07/1750945514-honor300 HTTP/1.1" 404 9498 "-" "Mozilla/5.0 (iPhone; CPU iPhone OS 13_2_3 like Mac OS X) AppleWebKit/605.1.15 (KHTML, like Gecko) Version/13.0.3 Mobile/15E148 Safari/604.1"
139.59.16.16 - - [17/Jul/2026:02:58:01 +0800] "GET / HTTP/1.1" 200 35514 "-" "Mozilla/5.0 (X11; Linux x86_64) AppleWebKit/537.36 (KHTML, like Gecko) Chrome/142.0.0.0 Safari/537.36"
36.133.115.36 - - [17/Jul/2026:03:01:07 +0800] "POST /wp-cron.php?doing_wp_cron=1784228467.2105240821838378906250 HTTP/1.1" 200 31 "-" "WordPress/7.0; http://cqqizhou.com"
43.154.127.188 - - [17/Jul/2026:03:01:07 +0800] "GET /news/2606 HTTP/1.1" 200 20882 "-" "Mozilla/5.0 (iPhone; CPU iPhone OS 13_2_3 like Mac OS X) AppleWebKit/605.1.15 (KHTML, like Gecko) Version/13.0.3 Mobile/15E148 Safari/604.1"
36.133.115.36 - - [17/Jul/2026:03:05:17 +0800] "POST /wp-cron.php?doing_wp_cron=1784228717.4940640926361083984375 HTTP/1.1" 200 31 "-" "WordPress/7.0; http://cqqizhou.com"
36.133.108.125 - - [17/Jul/2026:03:05:17 +0800] "HEAD /login HTTP/1.1" 302 0 "-" "Mozilla/5.0 (Macintosh; U; Intel Mac OS X 10_6_6; en-gb) AppleWebKit/533.20.25 (KHTML, like Gecko) Version/5.0.4 Safari/533.20.27"
115.159.33.43 - - [17/Jul/2026:03:06:02 +0800] "GET / HTTP/1.1" 301 5 "-" "Mozilla/5.0 (Windows NT 10.0; Win64; x64) AppleWebKit/537.36 (KHTML, like Gecko) Chrome/79.0.3945.117 Safari/537.36"
36.133.115.36 - - [17/Jul/2026:03:16:09 +0800] "POST /wp-cron.php?doing_wp_cron=1784229369.5657289028167724609375 HTTP/1.1" 200 31 "-" "WordPress/7.0; http://cqqizhou.com"
106.8.139.161 - - [17/Jul/2026:03:16:09 +0800] "GET /robots.txt HTTP/1.1" 200 190 "-" "YisouSpider"
151.243.11.236 - - [17/Jul/2026:03:16:50 +0800] "GET / HTTP/1.1" 301 5 "-" "Mozilla/5.0 (compatible; FlowIQLabsBot/1.0; +https://flowiq-labs.com/scanning-info)"
43.128.149.102 - - [17/Jul/2026:03:21:46 +0800] "GET /wp-content/uploads/2026/06/1782182572-Article_images_W900px-300x169.webp HTTP/1.1" 200 9224 "-" "Mozilla/5.0 (iPhone; CPU iPhone OS 13_2_3 like Mac OS X) AppleWebKit/605.1.15 (KHTML, like Gecko) Version/13.0.3 Mobile/15E148 Safari/604.1"
170.106.65.93 - - [17/Jul/2026:03:33:58 +0800] "GET /wp-content/uploads/2026/06/1782708864-2Article_images_W900px-300x225.webp HTTP/1.1" 200 5200 "-" "Mozilla/5.0 (iPhone; CPU iPhone OS 13_2_3 like Mac OS X) AppleWebKit/605.1.15 (KHTML, like Gecko) Version/13.0.3 Mobile/15E148 Safari/604.1"
36.133.115.36 - - [17/Jul/2026:03:44:53 +0800] "POST /wp-cron.php?doing_wp_cron=1784231093.0038709640502929687500 HTTP/1.1" 200 31 "-" "WordPress/7.0; http://cqqizhou.com"
142.44.228.50 - - [17/Jul/2026:03:44:53 +0800] "GET /robots.txt HTTP/1.1" 200 190 "-" "Mozilla/5.0 (compatible; AhrefsBot/7.0; +http://ahrefs.com/robot/)"
54.39.0.160 - - [17/Jul/2026:03:44:54 +0800] "GET /news/2518 HTTP/1.1" 200 24800 "-" "Mozilla/5.0 (compatible; AhrefsBot/7.0; +http://ahrefs.com/robot/)"
43.154.250.181 - - [17/Jul/2026:03:47:08 +0800] "GET /wp-content/uploads/2026/06/1782708865-3Article_images_W900px-300x191.webp HTTP/1.1" 200 9968 "-" "Mozilla/5.0 (iPhone; CPU iPhone OS 13_2_3 like Mac OS X) AppleWebKit/605.1.15 (KHTML, like Gecko) Version/13.0.3 Mobile/15E148 Safari/604.1"
36.133.115.36 - - [17/Jul/2026:03:53:31 +0800] "POST /wp-cron.php?doing_wp_cron=1784231611.6539900302886962890625 HTTP/1.1" 200 31 "-" "WordPress/7.0; http://cqqizhou.com"
43.153.67.21 - - [17/Jul/2026:03:53:31 +0800] "GET /news/2603 HTTP/1.1" 200 21000 "-" "Mozilla/5.0 (iPhone; CPU iPhone OS 13_2_3 like Mac OS X) AppleWebKit/605.1.15 (KHTML, like Gecko) Version/13.0.3 Mobile/15E148 Safari/604.1"
36.133.115.36 - - [17/Jul/2026:04:16:46 +0800] "POST /wp-cron.php?doing_wp_cron=1784233006.8603680133819580078125 HTTP/1.1" 200 31 "-" "WordPress/7.0; http://cqqizhou.com"
160.119.71.9 - - [17/Jul/2026:04:16:47 +0800] "GET / HTTP/1.1" 200 109837 "-" "Mozilla/5.0 (X11; Linux x86_64; rv:144.0) Gecko/20100101 Firefox/144.0"
112.1.126.139 - - [17/Jul/2026:04:28:39 +0800] "GET / HTTP/1.1" 200 35514 "-" "Mozilla/5.0 (Windows NT 6.1) AppleWebKit/537.36 (KHTML, like Gecko) Chrome/73.0.3683.68"
36.133.115.36 - - [17/Jul/2026:04:28:40 +0800] "POST /wp-cron.php?doing_wp_cron=1784233720.6200881004333496093750 HTTP/1.1" 200 31 "-" "WordPress/7.0; http://cqqizhou.com"
111.32.123.90 - - [17/Jul/2026:04:28:40 +0800] "GET / HTTP/1.1" 301 5 "-" "Mozilla/5.0 (Windows NT 6.1; WOW64) AppleWebKit/537.36 (KHTML, like Gecko) Chrome/72.0.3626.7"
111.32.123.90 - - [17/Jul/2026:04:28:40 +0800] "GET http://cqqizhou.com/ HTTP/1.1" 200 35514 "-" "Mozilla/5.0 (Windows NT 6.1; WOW64) AppleWebKit/537.36 (KHTML, like Gecko) Chrome/72.0.3626.7"
170.106.107.87 - - [17/Jul/2026:04:42:37 +0800] "GET /wp-content/uploads/2026/06/1782182572-Article_images_W900px-768x432.webp HTTP/1.1" 200 27308 "-" "Mozilla/5.0 (iPhone; CPU iPhone OS 13_2_3 like Mac OS X) AppleWebKit/605.1.15 (KHTML, like Gecko) Version/13.0.3 Mobile/15E148 Safari/604.1"
36.133.115.36 - - [17/Jul/2026:04:47:49 +0800] "POST /wp-cron.php?doing_wp_cron=1784234869.5013670921325683593750 HTTP/1.1" 200 31 "-" "WordPress/7.0; http://cqqizhou.com"
146.56.229.214 - - [17/Jul/2026:04:47:49 +0800] "GET / HTTP/1.1" 200 35071 "-" "Mozilla/5.0 (iPhone; CPU iPhone OS 13_2_3 like Mac OS X) AppleWebKit/605.1.15 (KHTML, like Gecko) Version/13.0.3 Mobile/15E148 Safari/604.1"
36.133.115.36 - - [17/Jul/2026:05:03:59 +0800] "POST /wp-cron.php?doing_wp_cron=1784235839.4115059375762939453125 HTTP/1.1" 200 31 "-" "WordPress/7.0; http://cqqizhou.com"
49.51.33.159 - - [17/Jul/2026:05:03:59 +0800] "GET / HTTP/1.1" 200 35073 "-" "Mozilla/5.0 (iPhone; CPU iPhone OS 13_2_3 like Mac OS X) AppleWebKit/605.1.15 (KHTML, like Gecko) Version/13.0.3 Mobile/15E148 Safari/604.1"
182.32.238.231 - - [17/Jul/2026:05:10:22 +0800] "GET / HTTP/1.1" 200 35514 "-" "Mozilla/5.0 (Macintosh; Intel Mac OS X 10_15_7) AppleWebKit/537.36 (KHTML, like Gecko) Chrome/120.0.0.0 Safari/537.36"
36.133.115.36 - - [17/Jul/2026:05:11:10 +0800] "POST /wp-cron.php?doing_wp_cron=1784236270.9148139953613281250000 HTTP/1.1" 200 31 "-" "WordPress/7.0; http://cqqizhou.com"
43.154.140.188 - - [17/Jul/2026:05:11:10 +0800] "GET /logistics/ HTTP/1.1" 301 5 "-" "Mozilla/5.0 (iPhone; CPU iPhone OS 13_2_3 like Mac OS X) AppleWebKit/605.1.15 (KHTML, like Gecko) Version/13.0.3 Mobile/15E148 Safari/604.1"
43.154.140.188 - - [17/Jul/2026:05:11:13 +0800] "GET /logistics HTTP/1.1" 200 25836 "http://cqqizhou.com/logistics/" "Mozilla/5.0 (iPhone; CPU iPhone OS 13_2_3 like Mac OS X) AppleWebKit/605.1.15 (KHTML, like Gecko) Version/13.0.3 Mobile/15E148 Safari/604.1"
36.133.115.36 - - [17/Jul/2026:05:20:33 +0800] "POST /wp-cron.php?doing_wp_cron=1784236833.7222619056701660156250 HTTP/1.1" 200 31 "-" "WordPress/7.0; http://cqqizhou.com"
43.154.250.181 - - [17/Jul/2026:05:20:33 +0800] "GET / HTTP/1.1" 200 35071 "-" "Mozilla/5.0 (iPhone; CPU iPhone OS 13_2_3 like Mac OS X) AppleWebKit/605.1.15 (KHTML, like Gecko) Version/13.0.3 Mobile/15E148 Safari/604.1"
36.133.115.36 - - [17/Jul/2026:05:22:16 +0800] "POST /wp-cron.php?doing_wp_cron=1784236936.1827290058135986328125 HTTP/1.1" 200 31 "-" "WordPress/7.0; http://cqqizhou.com"
43.166.129.247 - - [17/Jul/2026:05:22:16 +0800] "GET /wp-content/uploads/2025/07/1753453096- HTTP/1.1" 404 9498 "-" "Mozilla/5.0 (iPhone; CPU iPhone OS 13_2_3 like Mac OS X) AppleWebKit/605.1.15 (KHTML, like Gecko) Version/13.0.3 Mobile/15E148 Safari/604.1"
36.133.115.36 - - [17/Jul/2026:05:25:56 +0800] "POST /wp-cron.php?doing_wp_cron=1784237156.2625379562377929687500 HTTP/1.1" 200 31 "-" "WordPress/7.0; http://cqqizhou.com"
34.116.214.132 - - [17/Jul/2026:05:25:56 +0800] "GET / HTTP/1.1" 301 5 "-" "Mozilla/5.0 (iPhone13,2; U; CPU iPhone OS 14_0 like Mac OS X) AppleWebKit/602.1.50 (KHTML, like Gecko) Version/10.0 Mobile/15E148 Safari/602.1"
34.116.214.132 - - [17/Jul/2026:05:25:59 +0800] "GET / HTTP/1.1" 200 35071 "-" "Mozilla/5.0 (iPhone13,2; U; CPU iPhone OS 14_0 like Mac OS X) AppleWebKit/602.1.50 (KHTML, like Gecko) Version/10.0 Mobile/15E148 Safari/602.1"
34.116.214.132 - - [17/Jul/2026:05:26:07 +0800] "GET /wp-content/uploads/2025/07/1751425283-qizhou.kf_.qq_.com_.webp HTTP/1.1" 200 16864 "http://cqqizhou.com/" "Mozilla/5.0 (iPhone13,2; U; CPU iPhone OS 14_0 like Mac OS X) AppleWebKit/602.1.50 (KHTML, like Gecko) Version/10.0 Mobile/15E148 Safari/602.1"
34.116.214.132 - - [17/Jul/2026:05:26:12 +0800] "GET /wp-content/uploads/2025/07/1753456723-%E5%8F%8C%E7%9B%B8%E9%92%A2roduct_Single600.webp HTTP/1.1" 200 22790 "http://cqqizhou.com/" "Mozilla/5.0 (iPhone13,2; U; CPU iPhone OS 14_0 like Mac OS X) AppleWebKit/602.1.50 (KHTML, like Gecko) Version/10.0 Mobile/15E148 Safari/602.1"
34.116.214.132 - - [17/Jul/2026:05:26:12 +0800] "GET /wp-content/uploads/2025/07/1753453096-%E5%8F%8C%E7%9B%B8%E9%92%A2product_Single600%C3%97284.webp HTTP/1.1" 200 14562 "http://cqqizhou.com/" "Mozilla/5.0 (iPhone13,2; U; CPU iPhone OS 14_0 like Mac OS X) AppleWebKit/602.1.50 (KHTML, like Gecko) Version/10.0 Mobile/15E148 Safari/602.1"
34.116.214.132 - - [17/Jul/2026:05:26:12 +0800] "GET /wp-content/uploads/2025/07/1753456770-%E7%83%AD%E9%95%80%E9%94%8C%E5%8D%B7product_Single600.webp HTTP/1.1" 200 27502 "http://cqqizhou.com/" "Mozilla/5.0 (iPhone13,2; U; CPU iPhone OS 14_0 like Mac OS X) AppleWebKit/602.1.50 (KHTML, like Gecko) Version/10.0 Mobile/15E148 Safari/602.1"
34.116.214.132 - - [17/Jul/2026:05:26:13 +0800] "GET /wp-content/uploads/2025/07/1753453127-%E4%BD%99%E5%8D%B7product_Single600%C3%97284.webp HTTP/1.1" 200 18744 "http://cqqizhou.com/" "Mozilla/5.0 (iPhone13,2; U; CPU iPhone OS 14_0 like Mac OS X) AppleWebKit/602.1.50 (KHTML, like Gecko) Version/10.0 Mobile/15E148 Safari/602.1"
34.116.214.132 - - [17/Jul/2026:05:26:16 +0800] "GET /wp-content/uploads/2025/12/1765268955-qizhou_Slider1_3840%C3%972160_20251210-scaled.webp HTTP/1.1" 200 152162 "http://cqqizhou.com/" "Mozilla/5.0 (iPhone13,2; U; CPU iPhone OS 14_0 like Mac OS X) AppleWebKit/602.1.50 (KHTML, like Gecko) Version/10.0 Mobile/15E148 Safari/602.1"
34.116.214.132 - - [17/Jul/2026:05:26:17 +0800] "GET /wp-content/uploads/revslider/slider-1/1750861156-logistics_Slider_3840%C3%972160_20250625191356-scaled-50x100.webp HTTP/1.1" 200 1416 "http://cqqizhou.com/" "Mozilla/5.0 (iPhone13,2; U; CPU iPhone OS 14_0 like Mac OS X) AppleWebKit/602.1.50 (KHTML, like Gecko) Version/10.0 Mobile/15E148 Safari/602.1"
34.116.214.132 - - [17/Jul/2026:05:26:17 +0800] "GET /wp-content/uploads/2026/01/1768276119-qizhoujiagong_Slider_3840%C3%972160_20260113-scaled-50x100.webp HTTP/1.1" 200 976 "http://cqqizhou.com/" "Mozilla/5.0 (iPhone13,2; U; CPU iPhone OS 14_0 like Mac OS X) AppleWebKit/602.1.50 (KHTML, like Gecko) Version/10.0 Mobile/15E148 Safari/602.1"
34.116.214.132 - - [17/Jul/2026:05:26:18 +0800] "GET /wp-content/uploads/2026/01/1768276119-qizhoujiagong_Slider_3840%C3%972160_20260113-scaled-50x100.webp HTTP/1.1" 200 976 "http://cqqizhou.com/" "Mozilla/5.0 (iPhone13,2; U; CPU iPhone OS 14_0 like Mac OS X) AppleWebKit/602.1.50 (KHTML, like Gecko) Version/10.0 Mobile/15E148 Safari/602.1"
34.116.214.132 - - [17/Jul/2026:05:26:18 +0800] "GET /wp-content/uploads/revslider/slider-1/1750861156-logistics_Slider_3840%C3%972160_20250625191356-scaled-50x100.webp HTTP/1.1" 200 1416 "http://cqqizhou.com/" "Mozilla/5.0 (iPhone13,2; U; CPU iPhone OS 14_0 like Mac OS X) AppleWebKit/602.1.50 (KHTML, like Gecko) Version/10.0 Mobile/15E148 Safari/602.1"
36.133.115.36 - - [17/Jul/2026:05:26:18 +0800] "POST /wp-cron.php?doing_wp_cron=1784237178.6072421073913574218750 HTTP/1.1" 200 31 "-" "WordPress/7.0; http://cqqizhou.com"
34.116.214.132 - - [17/Jul/2026:05:26:18 +0800] "GET /wp-json/sliderrevolution/sliders/1?srengine=7&slideid=4 HTTP/1.1" 200 2580 "http://cqqizhou.com/" "Mozilla/5.0 (iPhone13,2; U; CPU iPhone OS 14_0 like Mac OS X) AppleWebKit/602.1.50 (KHTML, like Gecko) Version/10.0 Mobile/15E148 Safari/602.1"
34.116.214.132 - - [17/Jul/2026:05:26:18 +0800] "GET /wp-json/sliderrevolution/sliders/1?srengine=7&slideid=2 HTTP/1.1" 200 2000 "http://cqqizhou.com/" "Mozilla/5.0 (iPhone13,2; U; CPU iPhone OS 14_0 like Mac OS X) AppleWebKit/602.1.50 (KHTML, like Gecko) Version/10.0 Mobile/15E148 Safari/602.1"
34.116.214.132 - - [17/Jul/2026:05:26:19 +0800] "GET /wp-content/uploads/revslider/slider-1/1750861156-logistics_Slider_3840%C3%972160_20250625191356-scaled.webp HTTP/1.1" 200 197360 "http://cqqizhou.com/" "Mozilla/5.0 (iPhone13,2; U; CPU iPhone OS 14_0 like Mac OS X) AppleWebKit/602.1.50 (KHTML, like Gecko) Version/10.0 Mobile/15E148 Safari/602.1"
34.116.214.132 - - [17/Jul/2026:05:26:19 +0800] "GET /wp-content/uploads/2026/01/1768276119-qizhoujiagong_Slider_3840%C3%972160_20260113-scaled.webp HTTP/1.1" 200 131696 "http://cqqizhou.com/" "Mozilla/5.0 (iPhone13,2; U; CPU iPhone OS 14_0 like Mac OS X) AppleWebKit/602.1.50 (KHTML, like Gecko) Version/10.0 Mobile/15E148 Safari/602.1"
34.116.214.132 - - [17/Jul/2026:05:26:26 +0800] "GET /wp-content/uploads/2025/12/1765268955-qizhou_Slider1_3840%C3%972160_20251210-scaled-50x100.webp HTTP/1.1" 200 1812 "http://cqqizhou.com/" "Mozilla/5.0 (iPhone13,2; U; CPU iPhone OS 14_0 like Mac OS X) AppleWebKit/602.1.50 (KHTML, like Gecko) Version/10.0 Mobile/15E148 Safari/602.1"
34.116.214.132 - - [17/Jul/2026:05:26:27 +0800] "GET /wp-content/uploads/2025/12/1765268955-qizhou_Slider1_3840%C3%972160_20251210-scaled-50x100.webp HTTP/1.1" 200 1812 "http://cqqizhou.com/" "Mozilla/5.0 (iPhone13,2; U; CPU iPhone OS 14_0 like Mac OS X) AppleWebKit/602.1.50 (KHTML, like Gecko) Version/10.0 Mobile/15E148 Safari/602.1"
34.116.214.132 - - [17/Jul/2026:05:26:35 +0800] "GET /wp-content/uploads/2026/01/1768276119-qizhoujiagong_Slider_3840%C3%972160_20260113-scaled-50x100.webp HTTP/1.1" 200 976 "http://cqqizhou.com/" "Mozilla/5.0 (iPhone13,2; U; CPU iPhone OS 14_0 like Mac OS X) AppleWebKit/602.1.50 (KHTML, like Gecko) Version/10.0 Mobile/15E148 Safari/602.1"
34.116.214.132 - - [17/Jul/2026:05:26:44 +0800] "GET /wp-content/uploads/revslider/slider-1/1750861156-logistics_Slider_3840%C3%972160_20250625191356-scaled-50x100.webp HTTP/1.1" 200 1416 "http://cqqizhou.com/" "Mozilla/5.0 (iPhone13,2; U; CPU iPhone OS 14_0 like Mac OS X) AppleWebKit/602.1.50 (KHTML, like Gecko) Version/10.0 Mobile/15E148 Safari/602.1"
36.133.115.36 - - [17/Jul/2026:05:27:59 +0800] "POST /wp-cron.php?doing_wp_cron=1784237279.6044259071350097656250 HTTP/1.1" 200 31 "-" "WordPress/7.0; http://cqqizhou.com"
49.51.253.83 - - [17/Jul/2026:05:27:59 +0800] "GET / HTTP/1.1" 200 35071 "-" "Mozilla/5.0 (iPhone; CPU iPhone OS 13_2_3 like Mac OS X) AppleWebKit/605.1.15 (KHTML, like Gecko) Version/13.0.3 Mobile/15E148 Safari/604.1"
36.133.115.36 - - [17/Jul/2026:05:28:47 +0800] "POST /wp-cron.php?doing_wp_cron=1784237327.1791679859161376953125 HTTP/1.1" 200 31 "-" "WordPress/7.0; http://cqqizhou.com"
114.119.149.89 - - [17/Jul/2026:05:28:47 +0800] "GET /about HTTP/1.1" 200 24677 "http://cqqizhou.com/about" "Mozilla/5.0 (Linux; Android 7.0;) AppleWebKit/537.36 (HTML, like Gecko) Mobile Safari/537.36 (compatible; PetalBot;+https://webmaster.petalsearch.com/site/petalbot)"
36.133.115.36 - - [17/Jul/2026:05:33:53 +0800] "POST /wp-cron.php?doing_wp_cron=1784237633.6392550468444824218750 HTTP/1.1" 200 31 "-" "WordPress/7.0; http://cqqizhou.com"
170.106.193.108 - - [17/Jul/2026:05:33:53 +0800] "GET /wp-content/uploads/2025/07/1753456770- HTTP/1.1" 404 9498 "-" "Mozilla/5.0 (iPhone; CPU iPhone OS 13_2_3 like Mac OS X) AppleWebKit/605.1.15 (KHTML, like Gecko) Version/13.0.3 Mobile/15E148 Safari/604.1"
42.54.56.233 - - [17/Jul/2026:05:34:40 +0800] "GET /news/2543 HTTP/1.1" 200 26046 "-" "Mozilla/5.0 (Windows NT 10.0; Win64; x64) AppleWebKit/537.36 (KHTML, like Gecko) Chrome/125.0.0.0 Safari/537.36"
223.109.255.162 - - [17/Jul/2026:05:35:56 +0800] "GET / HTTP/1.1" 200 35514 "-" "Sogou web spider/4.0(+http://www.sogou.com/docs/help/webmasters.htm#07)"
36.133.115.36 - - [17/Jul/2026:05:39:27 +0800] "POST /wp-cron.php?doing_wp_cron=1784237967.7688300609588623046875 HTTP/1.1" 200 31 "-" "WordPress/7.0; http://cqqizhou.com"
43.134.62.67 - - [17/Jul/2026:05:39:27 +0800] "GET /news/portfolio-category/hot-dip-galvanized-coil HTTP/1.1" 200 18212 "-" "Mozilla/5.0 (iPhone; CPU iPhone OS 13_2_3 like Mac OS X) AppleWebKit/605.1.15 (KHTML, like Gecko) Version/13.0.3 Mobile/15E148 Safari/604.1"
180.153.236.15 - - [17/Jul/2026:05:51:48 +0800] "GET / HTTP/1.1" 200 35514 "http://cqqizhou.com" "Mozilla/5.0 (Windows NT 10.0; Win64; x64) AppleWebKit/537.36 (KHTML, like Gecko) Chrome/140.0.0.0 Safari/537.36 Edg/140.0.0.0; 360Spider"
36.133.115.36 - - [17/Jul/2026:05:52:12 +0800] "POST /wp-cron.php?doing_wp_cron=1784238731.9932889938354492187500 HTTP/1.1" 200 31 "-" "WordPress/7.0; http://cqqizhou.com"
43.134.100.175 - - [17/Jul/2026:05:52:12 +0800] "GET / HTTP/1.1" 200 35070 "-" "Mozilla/5.0 (iPhone; CPU iPhone OS 13_2_3 like Mac OS X) AppleWebKit/605.1.15 (KHTML, like Gecko) Version/13.0.3 Mobile/15E148 Safari/604.1"
114.119.138.179 - - [17/Jul/2026:05:52:38 +0800] "GET /logistics/ HTTP/1.1" 301 5 "http://cqqizhou.com/logistics/" "Mozilla/5.0 (Linux; Android 7.0;) AppleWebKit/537.36 (HTML, like Gecko) Mobile Safari/537.36 (compatible; PetalBot;+https://webmaster.petalsearch.com/site/petalbot)"
114.119.138.179 - - [17/Jul/2026:05:52:40 +0800] "GET /logistics HTTP/1.1" 200 25836 "http://cqqizhou.com/logistics/" "Mozilla/5.0 (Linux; Android 7.0;) AppleWebKit/537.36 (HTML, like Gecko) Mobile Safari/537.36 (compatible; PetalBot;+https://webmaster.petalsearch.com/site/petalbot)"
114.119.135.202 - - [17/Jul/2026:05:55:25 +0800] "GET /wp-content/uploads/2026/02/1770341654-2026253Article_images_W900px.webp HTTP/1.1" 200 88106 "http://cqqizhou.com/news/2486" "Mozilla/5.0 (Linux; Android 7.0;) AppleWebKit/537.36 (HTML, like Gecko) Mobile Safari/537.36 (compatible; PetalBot;+https://webmaster.petalsearch.com/site/petalbot)"
180.153.236.135 - - [17/Jul/2026:05:56:47 +0800] "GET / HTTP/1.1" 200 35514 "-" "Mozilla/5.0 (Windows NT 10.0; Win64; x64) AppleWebKit/537.36 (KHTML, like Gecko) Chrome/140.0.0.0 Safari/537.36 Edg/140.0.0.0; 360Spider"
36.133.115.36 - - [17/Jul/2026:05:56:48 +0800] "POST /wp-cron.php?doing_wp_cron=1784239008.9415690898895263671875 HTTP/1.1" 200 31 "-" "WordPress/7.0; http://cqqizhou.com"
114.119.140.169 - - [17/Jul/2026:05:56:48 +0800] "GET /news/portfolio/remaining-rolls HTTP/1.1" 200 19286 "http://cqqizhou.com/news/portfolio-category/remaining-rolls" "Mozilla/5.0 (Linux; Android 7.0;) AppleWebKit/537.36 (HTML, like Gecko) Mobile Safari/537.36 (compatible; PetalBot;+https://webmaster.petalsearch.com/site/petalbot)"
114.119.146.18 - - [17/Jul/2026:05:58:14 +0800] "GET /wp-content/uploads/2026/06/1780363377-2Article_images_W900px.webp HTTP/1.1" 200 59160 "http://cqqizhou.com/news/2592" "Mozilla/5.0 (Linux; Android 7.0;) AppleWebKit/537.36 (HTML, like Gecko) Mobile Safari/537.36 (compatible; PetalBot;+https://webmaster.petalsearch.com/site/petalbot)"
114.119.140.169 - - [17/Jul/2026:05:59:37 +0800] "GET /wp-content/uploads/2025/07/1753453127-%E4%BD%99%E5%8D%B7product_Single600%C3%97284.webp HTTP/1.1" 200 18744 "http://cqqizhou.com/news/portfolio-tag/ansteel-thyssen" "Mozilla/5.0 (Linux; Android 7.0;) AppleWebKit/537.36 (HTML, like Gecko) Mobile Safari/537.36 (compatible; PetalBot;+https://webmaster.petalsearch.com/site/petalbot)"
36.133.115.36 - - [17/Jul/2026:06:02:24 +0800] "POST /wp-cron.php?doing_wp_cron=1784239344.1206250190734863281250 HTTP/1.1" 200 31 "-" "WordPress/7.0; http://cqqizhou.com"
114.119.135.202 - - [17/Jul/2026:06:02:24 +0800] "GET /work-safety/ HTTP/1.1" 301 5 "http://cqqizhou.com/2418/" "Mozilla/5.0 (Linux; Android 7.0;) AppleWebKit/537.36 (HTML, like Gecko) Mobile Safari/537.36 (compatible; PetalBot;+https://webmaster.petalsearch.com/site/petalbot)"
114.119.135.202 - - [17/Jul/2026:06:02:25 +0800] "GET /work-safety HTTP/1.1" 200 19681 "http://cqqizhou.com/2418/" "Mozilla/5.0 (Linux; Android 7.0;) AppleWebKit/537.36 (HTML, like Gecko) Mobile Safari/537.36 (compatible; PetalBot;+https://webmaster.petalsearch.com/site/petalbot)"
36.133.115.36 - - [17/Jul/2026:06:03:47 +0800] "POST /wp-cron.php?doing_wp_cron=1784239427.6297640800476074218750 HTTP/1.1" 200 31 "-" "WordPress/7.0; http://cqqizhou.com"
114.119.146.18 - - [17/Jul/2026:06:03:47 +0800] "GET /news/page/3 HTTP/1.1" 200 20664 "http://cqqizhou.com/news/" "Mozilla/5.0 (Linux; Android 8.0.0; SM-G955U Build/R16NW) AppleWebKit/537.36 (KHTML, like Gecko) Chrome/148.0.0.0 Mobile Safari/537.36"
36.133.115.36 - - [17/Jul/2026:06:04:11 +0800] "POST /wp-cron.php?doing_wp_cron=1784239451.8479790687561035156250 HTTP/1.1" 200 31 "-" "WordPress/7.0; http://cqqizhou.com"
172.110.223.132 - - [17/Jul/2026:06:04:11 +0800] "GET / HTTP/1.1" 301 5 "-" "-"
36.133.115.36 - - [17/Jul/2026:06:05:11 +0800] "POST /wp-cron.php?doing_wp_cron=1784239511.4339740276336669921875 HTTP/1.1" 200 31 "-" "WordPress/7.0; http://cqqizhou.com"
114.119.149.89 - - [17/Jul/2026:06:05:11 +0800] "GET /news/2601 HTTP/1.1" 200 20271 "http://cqqizhou.com/2162/" "Mozilla/5.0 (Linux; Android 7.0;) AppleWebKit/537.36 (HTML, like Gecko) Mobile Safari/537.36 (compatible; PetalBot;+https://webmaster.petalsearch.com/site/petalbot)"
36.133.115.36 - - [17/Jul/2026:06:06:34 +0800] "POST /wp-cron.php?doing_wp_cron=1784239594.8396399021148681640625 HTTP/1.1" 200 31 "-" "WordPress/7.0; http://cqqizhou.com"
114.119.132.85 - - [17/Jul/2026:06:06:34 +0800] "GET /news/2475 HTTP/1.1" 200 23250 "http://cqqizhou.com/2162/" "Mozilla/5.0 (Linux; Android 7.0;) AppleWebKit/537.36 (HTML, like Gecko) Mobile Safari/537.36 (compatible; PetalBot;+https://webmaster.petalsearch.com/site/petalbot)"
36.133.115.36 - - [17/Jul/2026:06:07:58 +0800] "POST /wp-cron.php?doing_wp_cron=1784239678.4861009120941162109375 HTTP/1.1" 200 31 "-" "WordPress/7.0; http://cqqizhou.com"
114.119.149.89 - - [17/Jul/2026:06:07:58 +0800] "GET /news/2373 HTTP/1.1" 200 22740 "http://cqqizhou.com/company-news/page/3" "Mozilla/5.0 (Linux; Android 7.0;) AppleWebKit/537.36 (HTML, like Gecko) Mobile Safari/537.36 (compatible; PetalBot;+https://webmaster.petalsearch.com/site/petalbot)"
36.133.115.36 - - [17/Jul/2026:06:09:22 +0800] "POST /wp-cron.php?doing_wp_cron=1784239762.0840749740600585937500 HTTP/1.1" 200 31 "-" "WordPress/7.0; http://cqqizhou.com"
114.119.132.85 - - [17/Jul/2026:06:09:22 +0800] "GET /media HTTP/1.1" 200 26493 "http://cqqizhou.com/2162/" "Mozilla/5.0 (Linux; Android 7.0;) AppleWebKit/537.36 (HTML, like Gecko) Mobile Safari/537.36 (compatible; PetalBot;+https://webmaster.petalsearch.com/site/petalbot)"
220.181.108.168 - - [17/Jul/2026:06:10:21 +0800] "GET /news/2163 HTTP/1.1" 200 24482 "-" "Mozilla/5.0 (compatible; Baiduspider/2.0; +http://www.baidu.com/search/spider.html)"
116.179.37.41 - - [17/Jul/2026:06:10:28 +0800] "GET /wp-content/uploads/2025/07/1753454089-Article_images_W900px.webp HTTP/1.1" 200 27552 "http://cqqizhou.com/news/2163" "Mozilla/5.0 (compatible; Baiduspider-render/2.0; +http://www.baidu.com/search/spider.html)"
36.133.115.36 - - [17/Jul/2026:06:30:32 +0800] "POST /wp-cron.php?doing_wp_cron=1784241031.9996609687805175781250 HTTP/1.1" 200 31 "-" "WordPress/7.0; http://cqqizhou.com"
110.37.32.51 - - [17/Jul/2026:06:30:37 +0800] "GET /boaform/admin/formLogin?username=ec8&psd=ec8 HTTP/1.0" 404 32849 "-" "-"
36.133.115.36 - - [17/Jul/2026:06:31:29 +0800] "POST /wp-cron.php?doing_wp_cron=1784241089.7577550411224365234375 HTTP/1.1" 200 31 "-" "WordPress/7.0; http://cqqizhou.com"
129.226.146.146 - - [17/Jul/2026:06:31:29 +0800] "GET /news/portfolio-category/cold-rolled-coil HTTP/1.1" 200 18218 "-" "Mozilla/5.0 (iPhone; CPU iPhone OS 13_2_3 like Mac OS X) AppleWebKit/605.1.15 (KHTML, like Gecko) Version/13.0.3 Mobile/15E148 Safari/604.1"
36.133.115.36 - - [17/Jul/2026:06:50:20 +0800] "POST /wp-cron.php?doing_wp_cron=1784242220.5876638889312744140625 HTTP/1.1" 200 31 "-" "WordPress/7.0; http://cqqizhou.com"
43.157.172.39 - - [17/Jul/2026:06:50:20 +0800] "GET /news/portfolio/%e5%86%b7%e8%bd%a7%e6%9d%bf HTTP/1.1" 200 19317 "-" "Mozilla/5.0 (iPhone; CPU iPhone OS 13_2_3 like Mac OS X) AppleWebKit/605.1.15 (KHTML, like Gecko) Version/13.0.3 Mobile/15E148 Safari/604.1"
36.133.115.36 - - [17/Jul/2026:06:55:48 +0800] "POST /wp-cron.php?doing_wp_cron=1784242548.8981111049652099609375 HTTP/1.1" 200 31 "-" "WordPress/7.0; http://cqqizhou.com"
139.215.46.218 - - [17/Jul/2026:06:55:48 +0800] "GET / HTTP/1.1" 200 35071 "https://m.baidu.com/?eqid=670eb09ff76d9cc6100000036a596150" "Mozilla/5.0 (iPhone; CPU iPhone OS 18_7 like Mac OS X) AppleWebKit/605.1.15 (KHTML, like Gecko) Mobile/15E148 SP-engine/3.59.0 main/1.0 baiduboxapp/15.67.0.10 (Baidu; P2 26.5.2) NABar/1.0 themeUA=Theme/default"
36.133.115.36 - - [17/Jul/2026:06:59:42 +0800] "POST /wp-cron.php?doing_wp_cron=1784242782.3018391132354736328125 HTTP/1.1" 200 31 "-" "WordPress/7.0; http://cqqizhou.com"
94.154.43.254 - - [17/Jul/2026:06:59:42 +0800] "GET / HTTP/1.1" 200 35070 "-" "Linux Gnu (cow)"
111.225.149.10 - - [17/Jul/2026:07:00:03 +0800] "GET /news/2160 HTTP/1.1" 200 26005 "-" "Mozilla/5.0 (Linux; Android 5.0) AppleWebKit/537.36 (KHTML, like Gecko) Mobile Safari/537.36 (compatible; Bytespider; https://zhanzhang.toutiao.com/)"
111.225.149.10 - - [17/Jul/2026:07:00:04 +0800] "GET /wp-content/uploads/2025/07/1753454299-Article_images_W900px-768x432.webp HTTP/1.1" 206 500 "http://cqqizhou.com/news/2160" "Mozilla/5.0 (Linux; Android 5.0) AppleWebKit/537.36 (KHTML, like Gecko) Mobile Safari/537.36 (compatible; Bytespider; https://zhanzhang.toutiao.com/)"
111.225.149.10 - - [17/Jul/2026:07:00:04 +0800] "GET /wp-content/uploads/2026/01/1770349139-202624Article_images_W900%C3%97500px20260--768x427.webp HTTP/1.1" 206 500 "http://cqqizhou.com/news/2160" "Mozilla/5.0 (Linux; Android 5.0) AppleWebKit/537.36 (KHTML, like Gecko) Mobile Safari/537.36 (compatible; Bytespider; https://zhanzhang.toutiao.com/)"
111.225.149.134 - - [17/Jul/2026:07:00:04 +0800] "GET /wp-content/uploads/2026/02/1769999241-4.2%E7%B1%B3%E9%AB%98%E6%A0%8F%E8%B4%A7%E8%BD%A6-768x432.webp HTTP/1.1" 206 500 "http://cqqizhou.com/news/2160" "Mozilla/5.0 (Linux; Android 5.0) AppleWebKit/537.36 (KHTML, like Gecko) Mobile Safari/537.36 (compatible; Bytespider; https://zhanzhang.toutiao.com/)"
