36.133.115.36 - - [17/Jul/2026:07:02:43 +0800] "POST /wp-cron.php?doing_wp_cron=1784242963.6735219955444335937500 HTTP/1.1" 200 31 "-" "WordPress/7.0; http://cqqizhou.com"
49.51.183.84 - - [17/Jul/2026:07:02:43 +0800] "GET /news/2601 HTTP/1.1" 200 20272 "-" "Mozilla/5.0 (iPhone; CPU iPhone OS 13_2_3 like Mac OS X) AppleWebKit/605.1.15 (KHTML, like Gecko) Version/13.0.3 Mobile/15E148 Safari/604.1"
36.133.115.36 - - [17/Jul/2026:07:11:52 +0800] "POST /wp-cron.php?doing_wp_cron=1784243512.4472329616546630859375 HTTP/1.1" 200 31 "-" "WordPress/7.0; http://cqqizhou.com"
43.153.102.138 - - [17/Jul/2026:07:11:52 +0800] "GET /bug HTTP/1.1" 200 12202 "-" "Mozilla/5.0 (iPhone; CPU iPhone OS 13_2_3 like Mac OS X) AppleWebKit/605.1.15 (KHTML, like Gecko) Version/13.0.3 Mobile/15E148 Safari/604.1"
36.133.115.36 - - [17/Jul/2026:07:22:00 +0800] "POST /wp-cron.php?doing_wp_cron=1784244120.0229430198669433593750 HTTP/1.1" 200 31 "-" "WordPress/7.0; http://cqqizhou.com"
43.153.12.58 - - [17/Jul/2026:07:22:00 +0800] "GET /club/ HTTP/1.1" 301 5 "-" "Mozilla/5.0 (iPhone; CPU iPhone OS 13_2_3 like Mac OS X) AppleWebKit/605.1.15 (KHTML, like Gecko) Version/13.0.3 Mobile/15E148 Safari/604.1"
43.153.12.58 - - [17/Jul/2026:07:22:04 +0800] "GET /club HTTP/1.1" 200 12418 "http://cqqizhou.com/club/" "Mozilla/5.0 (iPhone; CPU iPhone OS 13_2_3 like Mac OS X) AppleWebKit/605.1.15 (KHTML, like Gecko) Version/13.0.3 Mobile/15E148 Safari/604.1"
36.133.115.36 - - [17/Jul/2026:07:31:10 +0800] "POST /wp-cron.php?doing_wp_cron=1784244670.2897760868072509765625 HTTP/1.1" 200 31 "-" "WordPress/7.0; http://cqqizhou.com"
124.156.179.141 - - [17/Jul/2026:07:31:10 +0800] "GET /news/portfolio HTTP/1.1" 200 17617 "-" "Mozilla/5.0 (iPhone; CPU iPhone OS 13_2_3 like Mac OS X) AppleWebKit/605.1.15 (KHTML, like Gecko) Version/13.0.3 Mobile/15E148 Safari/604.1"
36.133.115.36 - - [17/Jul/2026:07:37:56 +0800] "POST /wp-cron.php?doing_wp_cron=1784245075.9758410453796386718750 HTTP/1.1" 200 31 "-" "WordPress/7.0; http://cqqizhou.com"
43.153.96.79 - - [17/Jul/2026:07:37:56 +0800] "GET /wp-json/oembed/1.0/embed?url=http%3A%2F%2Fcqqizhou.com%2Fnews%2Fportfolio%2F%25e5%2586%25b7%25e8%25bd%25a7%25e6%259d%25bf HTTP/1.1" 200 1213 "-" "Mozilla/5.0 (iPhone; CPU iPhone OS 13_2_3 like Mac OS X) AppleWebKit/605.1.15 (KHTML, like Gecko) Version/13.0.3 Mobile/15E148 Safari/604.1"
36.133.115.36 - - [17/Jul/2026:07:50:00 +0800] "POST /wp-cron.php?doing_wp_cron=1784245800.3510789871215820312500 HTTP/1.1" 200 31 "-" "WordPress/7.0; http://cqqizhou.com"
43.167.245.18 - - [17/Jul/2026:07:50:00 +0800] "GET /news/portfolio-tag/pangang HTTP/1.1" 200 18215 "-" "Mozilla/5.0 (iPhone; CPU iPhone OS 13_2_3 like Mac OS X) AppleWebKit/605.1.15 (KHTML, like Gecko) Version/13.0.3 Mobile/15E148 Safari/604.1"
36.133.115.36 - - [17/Jul/2026:07:58:04 +0800] "POST /wp-cron.php?doing_wp_cron=1784246284.4555690288543701171875 HTTP/1.1" 200 31 "-" "WordPress/7.0; http://cqqizhou.com"
160.119.71.9 - - [17/Jul/2026:07:58:04 +0800] "GET / HTTP/1.1" 200 109837 "-" "Mozilla/5.0 (X11; Linux x86_64; rv:144.0) Gecko/20100101 Firefox/144.0"
45.195.190.21 - - [17/Jul/2026:07:59:36 +0800] "GET /news/2496 HTTP/1.1" 200 28586 "-" "Mozilla/5.0 (Windows NT 10.0; Win64; x64) AppleWebKit/537.36 (KHTML, like Gecko) Chrome/149.0.0.0 Safari/537.36 Edg/149.0.0.0"
36.133.115.36 - - [17/Jul/2026:08:06:11 +0800] "POST /wp-cron.php?doing_wp_cron=1784246771.8810191154479980468750 HTTP/1.1" 200 31 "-" "WordPress/7.0; http://cqqizhou.com"
43.159.141.150 - - [17/Jul/2026:08:06:11 +0800] "GET / HTTP/1.1" 301 5 "-" "Mozilla/5.0 (iPhone; CPU iPhone OS 13_2_3 like Mac OS X) AppleWebKit/605.1.15 (KHTML, like Gecko) Version/13.0.3 Mobile/15E148 Safari/604.1"
43.159.141.150 - - [17/Jul/2026:08:06:14 +0800] "GET / HTTP/1.1" 200 35071 "http://36.133.115.36" "Mozilla/5.0 (iPhone; CPU iPhone OS 13_2_3 like Mac OS X) AppleWebKit/605.1.15 (KHTML, like Gecko) Version/13.0.3 Mobile/15E148 Safari/604.1"
36.133.115.36 - - [17/Jul/2026:08:21:42 +0800] "POST /wp-cron.php?doing_wp_cron=1784247702.2319729328155517578125 HTTP/1.1" 200 31 "-" "WordPress/7.0; http://cqqizhou.com"
43.130.72.177 - - [17/Jul/2026:08:21:42 +0800] "GET /wp-json/oembed/1.0/embed?url=http%3A%2F%2Fcqqizhou.com%2Fclub HTTP/1.1" 200 1104 "-" "Mozilla/5.0 (iPhone; CPU iPhone OS 13_2_3 like Mac OS X) AppleWebKit/605.1.15 (KHTML, like Gecko) Version/13.0.3 Mobile/15E148 Safari/604.1"
36.133.115.36 - - [17/Jul/2026:08:27:52 +0800] "POST /wp-cron.php?doing_wp_cron=1784248072.3884310722351074218750 HTTP/1.1" 200 31 "-" "WordPress/7.0; http://cqqizhou.com"
47.128.31.141 - - [17/Jul/2026:08:27:52 +0800] "GET /robots.txt HTTP/1.1" 200 190 "-" "Mozilla/5.0 (Linux; Android 5.0) AppleWebKit/537.36 (KHTML, like Gecko) Mobile Safari/537.36 (compatible; Bytespider; spider-feedback@bytedance.com)"
36.133.115.36 - - [17/Jul/2026:08:32:08 +0800] "POST /wp-cron.php?doing_wp_cron=1784248328.8307490348815917968750 HTTP/1.1" 200 31 "-" "WordPress/7.0; http://cqqizhou.com"
49.51.36.179 - - [17/Jul/2026:08:32:08 +0800] "GET /news/portfolio/%e5%86%b7%e8%bd%a7%e5%8d%b7 HTTP/1.1" 200 19319 "-" "Mozilla/5.0 (iPhone; CPU iPhone OS 13_2_3 like Mac OS X) AppleWebKit/605.1.15 (KHTML, like Gecko) Version/13.0.3 Mobile/15E148 Safari/604.1"
36.133.115.36 - - [17/Jul/2026:08:34:09 +0800] "POST /wp-cron.php?doing_wp_cron=1784248449.6034080982208251953125 HTTP/1.1" 200 31 "-" "WordPress/7.0; http://cqqizhou.com"
43.159.148.221 - - [17/Jul/2026:08:34:09 +0800] "GET / HTTP/1.1" 200 35071 "-" "Mozilla/5.0 (iPhone; CPU iPhone OS 13_2_3 like Mac OS X) AppleWebKit/605.1.15 (KHTML, like Gecko) Version/13.0.3 Mobile/15E148 Safari/604.1"
223.74.100.3 - - [17/Jul/2026:08:42:48 +0800] "GET /services/processing HTTP/1.1" 200 23554 "-" "Mozilla/5.0 (Macintosh; Intel Mac OS X 10_15_7) AppleWebKit/537.36 (KHTML, like Gecko) Chrome/142.0.0.0 Safari/537.36 Edg/142.0.0.0"
36.133.115.36 - - [17/Jul/2026:08:42:57 +0800] "POST /wp-cron.php?doing_wp_cron=1784248977.5905919075012207031250 HTTP/1.1" 200 31 "-" "WordPress/7.0; http://cqqizhou.com"
43.159.149.56 - - [17/Jul/2026:08:42:57 +0800] "GET /news/2592 HTTP/1.1" 200 20590 "-" "Mozilla/5.0 (iPhone; CPU iPhone OS 13_2_3 like Mac OS X) AppleWebKit/605.1.15 (KHTML, like Gecko) Version/13.0.3 Mobile/15E148 Safari/604.1"
36.133.115.36 - - [17/Jul/2026:08:51:34 +0800] "POST /wp-cron.php?doing_wp_cron=1784249494.2493770122528076171875 HTTP/1.1" 200 31 "-" "WordPress/7.0; http://cqqizhou.com"
43.130.116.87 - - [17/Jul/2026:08:51:34 +0800] "GET / HTTP/1.1" 200 35071 "-" "Mozilla/5.0 (iPhone; CPU iPhone OS 13_2_3 like Mac OS X) AppleWebKit/605.1.15 (KHTML, like Gecko) Version/13.0.3 Mobile/15E148 Safari/604.1"
220.181.108.155 - - [17/Jul/2026:09:05:52 +0800] "GET /news/tag/%E9%92%A2%E6%9D%90%E9%87%87%E8%B4%AD HTTP/1.1" 200 21603 "-" "Mozilla/5.0 (compatible; Baiduspider/2.0; +http://www.baidu.com/search/spider.html)"
36.133.115.36 - - [17/Jul/2026:09:07:21 +0800] "POST /wp-cron.php?doing_wp_cron=1784250441.7230288982391357421875 HTTP/1.1" 200 31 "-" "WordPress/7.0; http://cqqizhou.com"
81.68.78.229 - - [17/Jul/2026:09:07:21 +0800] "GET / HTTP/1.1" 301 5 "-" "Go-http-client/1.1"
81.68.78.229 - - [17/Jul/2026:09:07:21 +0800] "GET / HTTP/1.1" 200 35514 "http://xa1.shaanxi.cn.antiddos.cspt.fullcone.cn" "Go-http-client/1.1"
36.133.115.36 - - [17/Jul/2026:09:09:17 +0800] "POST /wp-cron.php?doing_wp_cron=1784250557.6570870876312255859375 HTTP/1.1" 200 31 "-" "WordPress/7.0; http://cqqizhou.com"
124.156.179.141 - - [17/Jul/2026:09:09:17 +0800] "GET / HTTP/1.1" 200 35071 "-" "Mozilla/5.0 (iPhone; CPU iPhone OS 13_2_3 like Mac OS X) AppleWebKit/605.1.15 (KHTML, like Gecko) Version/13.0.3 Mobile/15E148 Safari/604.1"
36.133.115.36 - - [17/Jul/2026:09:13:54 +0800] "POST /wp-cron.php?doing_wp_cron=1784250834.4994859695434570312500 HTTP/1.1" 200 31 "-" "WordPress/7.0; http://cqqizhou.com"
5.61.209.43 - - [17/Jul/2026:09:13:54 +0800] "GET /SDK/webLanguage HTTP/1.1" 301 5 "-" "Mozilla/5.0 (Windows NT 10.0; Win64; x64) AppleWebKit/537.36 (KHTML, like Gecko) Chrome/90.0.4430.85 Safari/537.36 Edg/90.0.818.46"
36.133.115.36 - - [17/Jul/2026:09:18:54 +0800] "POST /wp-cron.php?doing_wp_cron=1784251134.5496668815612792968750 HTTP/1.1" 200 31 "-" "WordPress/7.0; http://cqqizhou.com"
94.154.43.50 - - [17/Jul/2026:09:18:54 +0800] "GET / HTTP/1.1" 200 35071 "-" "Mozilla/5.0 (Windows NT 10.0; Win64; x64) AppleWebKit/537.36 (KHTML, like Gecko) Chrome/90.0.4430.85 Safari/537.36 Edg/90.0.818.46"
36.133.115.36 - - [17/Jul/2026:09:21:27 +0800] "POST /wp-cron.php?doing_wp_cron=1784251287.9149808883666992187500 HTTP/1.1" 200 31 "-" "WordPress/7.0; http://cqqizhou.com"
49.51.36.179 - - [17/Jul/2026:09:21:27 +0800] "GET /news/portfolio-tag/ansteel-thyssen HTTP/1.1" 200 18653 "-" "Mozilla/5.0 (iPhone; CPU iPhone OS 13_2_3 like Mac OS X) AppleWebKit/605.1.15 (KHTML, like Gecko) Version/13.0.3 Mobile/15E148 Safari/604.1"
36.133.115.36 - - [17/Jul/2026:09:30:11 +0800] "POST /wp-cron.php?doing_wp_cron=1784251811.9272069931030273437500 HTTP/1.1" 200 31 "-" "WordPress/7.0; http://cqqizhou.com"
43.130.78.203 - - [17/Jul/2026:09:30:11 +0800] "GET /wp-content/uploads/2025/07/1753453029- HTTP/1.1" 404 9497 "-" "Mozilla/5.0 (iPhone; CPU iPhone OS 13_2_3 like Mac OS X) AppleWebKit/605.1.15 (KHTML, like Gecko) Version/13.0.3 Mobile/15E148 Safari/604.1"
43.166.253.94 - - [17/Jul/2026:09:40:53 +0800] "GET /wp-content/uploads/2026/06/1780363377-2Article_images_W900px-300x202.webp HTTP/1.1" 200 15426 "-" "Mozilla/5.0 (iPhone; CPU iPhone OS 13_2_3 like Mac OS X) AppleWebKit/605.1.15 (KHTML, like Gecko) Version/13.0.3 Mobile/15E148 Safari/604.1"
36.133.108.121 - - [17/Jul/2026:09:42:06 +0800] "HEAD /SDK/webLanguage HTTP/1.1" 499 0 "-" "Mozilla/5.0 (Windows NT 6.1; rv:21.0) Gecko/20100101 Firefox/21.0"
36.133.115.36 - - [17/Jul/2026:09:42:06 +0800] "POST /wp-cron.php?doing_wp_cron=1784252526.7765018939971923828125 HTTP/1.1" 200 31 "-" "WordPress/7.0; http://cqqizhou.com"
61.155.157.28 - - [17/Jul/2026:09:43:51 +0800] "GET / HTTP/1.1" 200 35514 "-" "Mozilla/5.0 (Windows NT 10.0; Win64; x64) AppleWebKit/537.36 (KHTML, like Gecko) Chrome/100.0.4896.127 Safari/537.36"
61.155.157.28 - - [17/Jul/2026:09:44:06 +0800] "GET /wp-content/uploads/2025/07/1751425283-qizhou.kf_.qq_.com_.webp HTTP/1.1" 200 16864 "http://cqqizhou.com/" "Mozilla/5.0 (Windows NT 10.0; Win64; x64) AppleWebKit/537.36 (KHTML, like Gecko) Chrome/100.0.4896.127 Safari/537.36"
61.155.157.28 - - [17/Jul/2026:09:44:12 +0800] "GET /wp-content/uploads/2025/07/1750174127-Marketing1920x800_3.webp HTTP/1.1" 200 52790 "http://cqqizhou.com/wp-content/uploads/elementor/css/post-1666.css?ver=1782709289" "Mozilla/5.0 (Windows NT 10.0; Win64; x64) AppleWebKit/537.36 (KHTML, like Gecko) Chrome/100.0.4896.127 Safari/537.36"
61.155.157.28 - - [17/Jul/2026:09:45:10 +0800] "GET /wp-content/uploads/2025/07/1753456723-%E5%8F%8C%E7%9B%B8%E9%92%A2roduct_Single600.webp HTTP/1.1" 200 22790 "http://cqqizhou.com/" "Mozilla/5.0 (Windows NT 10.0; Win64; x64) AppleWebKit/537.36 (KHTML, like Gecko) Chrome/100.0.4896.127 Safari/537.36"
61.155.157.28 - - [17/Jul/2026:09:45:10 +0800] "GET /wp-content/uploads/2025/07/1753453096-%E5%8F%8C%E7%9B%B8%E9%92%A2product_Single600%C3%97284.webp HTTP/1.1" 200 14562 "http://cqqizhou.com/" "Mozilla/5.0 (Windows NT 10.0; Win64; x64) AppleWebKit/537.36 (KHTML, like Gecko) Chrome/100.0.4896.127 Safari/537.36"
61.155.157.28 - - [17/Jul/2026:09:45:11 +0800] "GET /wp-content/uploads/2025/07/1753456770-%E7%83%AD%E9%95%80%E9%94%8C%E5%8D%B7product_Single600.webp HTTP/1.1" 200 27502 "http://cqqizhou.com/" "Mozilla/5.0 (Windows NT 10.0; Win64; x64) AppleWebKit/537.36 (KHTML, like Gecko) Chrome/100.0.4896.127 Safari/537.36"
61.155.157.28 - - [17/Jul/2026:09:45:12 +0800] "GET /wp-content/uploads/2025/07/1753453127-%E4%BD%99%E5%8D%B7product_Single600%C3%97284.webp HTTP/1.1" 200 18744 "http://cqqizhou.com/" "Mozilla/5.0 (Windows NT 10.0; Win64; x64) AppleWebKit/537.36 (KHTML, like Gecko) Chrome/100.0.4896.127 Safari/537.36"
61.155.157.28 - - [17/Jul/2026:09:45:17 +0800] "GET /wp-content/uploads/2026/06/1782392245-Article_images_W900px.webp HTTP/1.1" 200 62046 "http://cqqizhou.com/" "Mozilla/5.0 (Windows NT 10.0; Win64; x64) AppleWebKit/537.36 (KHTML, like Gecko) Chrome/100.0.4896.127 Safari/537.36"
61.155.157.28 - - [17/Jul/2026:09:45:17 +0800] "GET /wp-content/uploads/2026/06/1782182572-Article_images_W900px.webp HTTP/1.1" 200 24314 "http://cqqizhou.com/" "Mozilla/5.0 (Windows NT 10.0; Win64; x64) AppleWebKit/537.36 (KHTML, like Gecko) Chrome/100.0.4896.127 Safari/537.36"
61.155.157.28 - - [17/Jul/2026:09:45:18 +0800] "GET /wp-content/uploads/2026/06/1781880807-Article_images_W900px.webp HTTP/1.1" 200 25354 "http://cqqizhou.com/" "Mozilla/5.0 (Windows NT 10.0; Win64; x64) AppleWebKit/537.36 (KHTML, like Gecko) Chrome/100.0.4896.127 Safari/537.36"
61.155.157.28 - - [17/Jul/2026:09:45:21 +0800] "GET /wp-content/uploads/2026/06/1782708718-1Article_images_W900px.webp HTTP/1.1" 200 54948 "http://cqqizhou.com/" "Mozilla/5.0 (Windows NT 10.0; Win64; x64) AppleWebKit/537.36 (KHTML, like Gecko) Chrome/100.0.4896.127 Safari/537.36"
61.155.157.28 - - [17/Jul/2026:09:45:21 +0800] "GET /wp-content/uploads/2025/07/1751829454-Smart-warehousing800x500.webp HTTP/1.1" 200 68012 "http://cqqizhou.com/wp-content/uploads/elementor/css/post-1666.css?ver=1782709289" "Mozilla/5.0 (Windows NT 10.0; Win64; x64) AppleWebKit/537.36 (KHTML, like Gecko) Chrome/100.0.4896.127 Safari/537.36"
61.155.157.28 - - [17/Jul/2026:09:45:21 +0800] "GET /wp-content/uploads/2025/12/1765268955-qizhou_Slider1_3840%C3%972160_20251210-scaled.webp HTTP/1.1" 200 73564 "http://cqqizhou.com/" "Mozilla/5.0 (Windows NT 10.0; Win64; x64) AppleWebKit/537.36 (KHTML, like Gecko) Chrome/100.0.4896.127 Safari/537.36"
36.133.115.36 - - [17/Jul/2026:09:46:06 +0800] "POST /wp-cron.php?doing_wp_cron=1784252766.8329799175262451171875 HTTP/1.1" 200 31 "-" "WordPress/7.0; http://cqqizhou.com"
117.188.162.101 - - [17/Jul/2026:09:46:06 +0800] "GET /company-news/page/1 HTTP/1.1" 301 5 "-" "Mozilla/5.0 (Windows NT 10.0; Win64; x64) AppleWebKit/537.36 (KHTML, like Gecko) Chrome/137.0.0.0 Safari/537.36"
117.188.162.101 - - [17/Jul/2026:09:46:07 +0800] "GET http://cqqizhou.com/company-news HTTP/1.1" 200 26443 "-" "Mozilla/5.0 (Windows NT 10.0; Win64; x64) AppleWebKit/537.36 (KHTML, like Gecko) Chrome/137.0.0.0 Safari/537.36"
36.133.115.36 - - [17/Jul/2026:10:02:35 +0800] "POST /wp-cron.php?doing_wp_cron=1784253755.0302109718322753906250 HTTP/1.1" 200 31 "-" "WordPress/7.0; http://cqqizhou.com"
43.162.114.69 - - [17/Jul/2026:10:02:35 +0800] "GET / HTTP/1.1" 301 5 "-" "Mozilla/5.0 (iPhone; CPU iPhone OS 13_2_3 like Mac OS X) AppleWebKit/605.1.15 (KHTML, like Gecko) Version/13.0.3 Mobile/15E148 Safari/604.1"
43.162.114.69 - - [17/Jul/2026:10:02:37 +0800] "GET / HTTP/1.1" 200 35071 "http://www.cqqizhou.com" "Mozilla/5.0 (iPhone; CPU iPhone OS 13_2_3 like Mac OS X) AppleWebKit/605.1.15 (KHTML, like Gecko) Version/13.0.3 Mobile/15E148 Safari/604.1"
150.109.46.88 - - [17/Jul/2026:10:10:09 +0800] "GET /news/portfolio/remaining-rolls HTTP/1.1" 499 0 "-" "Mozilla/5.0 (iPhone; CPU iPhone OS 13_2_3 like Mac OS X) AppleWebKit/605.1.15 (KHTML, like Gecko) Version/13.0.3 Mobile/15E148 Safari/604.1"
36.133.115.36 - - [17/Jul/2026:10:12:58 +0800] "POST /wp-cron.php?doing_wp_cron=1784254378.3688509464263916015625 HTTP/1.1" 200 31 "-" "WordPress/7.0; http://cqqizhou.com"
183.199.198.80 - - [17/Jul/2026:10:12:58 +0800] "GET /2165/ HTTP/1.1" 301 5 "-" "Mozilla/5.0 (Windows NT 10.0; Win64; x64) AppleWebKit/537.36 (KHTML, like Gecko) Chrome/106.0.5249.119 Safari/537.36"
183.199.198.80 - - [17/Jul/2026:10:12:58 +0800] "GET /news/2165 HTTP/1.1" 200 27626 "http://cqqizhou.com/2165/" "Mozilla/5.0 (Windows NT 10.0; Win64; x64) AppleWebKit/537.36 (KHTML, like Gecko) Chrome/106.0.5249.119 Safari/537.36"
36.133.115.36 - - [17/Jul/2026:10:16:32 +0800] "POST /wp-cron.php?doing_wp_cron=1784254592.9479510784149169921875 HTTP/1.1" 200 31 "-" "WordPress/7.0; http://cqqizhou.com"
35.237.64.22 - - [17/Jul/2026:10:16:32 +0800] "HEAD /new/ HTTP/1.1" 301 0 "-" "Mozilla/5.0 (Linux; Android 10; vivo 1904) AppleWebKit/537.36 (KHTML, like Gecko) Chrome/117.0.5938.60 Mobile Safari/537.36"
35.237.64.22 - - [17/Jul/2026:10:16:34 +0800] "HEAD /news HTTP/1.1" 200 0 "http://cqqizhou.com/new/" "Mozilla/5.0 (Linux; Android 10; vivo 1904) AppleWebKit/537.36 (KHTML, like Gecko) Chrome/117.0.5938.60 Mobile Safari/537.36"
35.237.64.22 - - [17/Jul/2026:10:16:35 +0800] "HEAD /backup/ HTTP/1.1" 404 0 "-" "Mozilla/5.0 (Linux; Android 13; Pixel 7a) AppleWebKit/537.36 (KHTML, like Gecko) Chrome/124.0.6367.82 Mobile Safari/537.36"
35.237.64.22 - - [17/Jul/2026:10:16:36 +0800] "HEAD /wp/ HTTP/1.1" 404 0 "-" "Mozilla/5.0 (X11; Fedora; Linux x86_64; rv:125.0) Gecko/20100101 Firefox/125.0"
35.237.64.22 - - [17/Jul/2026:10:16:37 +0800] "HEAD /old/ HTTP/1.1" 404 0 "-" "Mozilla/5.0 (Linux; Android 11; RMX2195) AppleWebKit/537.36 (KHTML, like Gecko) Chrome/120.0.6099.210 Mobile Safari/537.36 OPR/75.2.3995.72468"
35.237.64.22 - - [17/Jul/2026:10:16:38 +0800] "HEAD /wordpress/ HTTP/1.1" 404 0 "-" "Mozilla/5.0 (X11; Linux x86_64; rv:127.0) Gecko/20100101 Firefox/127.0"
35.237.64.22 - - [17/Jul/2026:10:16:38 +0800] "HEAD / HTTP/1.1" 200 0 "-" "Mozilla/5.0 (Windows NT 10.0; Win64; x64) AppleWebKit/537.36 (KHTML, like Gecko) Chrome/126.0.6478.70 Safari/537.36 Vivaldi/6.7.3200.25"
35.237.64.22 - - [17/Jul/2026:10:16:39 +0800] "HEAD /blog/ HTTP/1.1" 404 0 "-" "Mozilla/5.0 (Linux; Android 13; Nokia G42 5G) AppleWebKit/537.36 (KHTML, like Gecko) Chrome/126.0.6478.41 Mobile Safari/537.36"
36.133.115.36 - - [17/Jul/2026:10:41:17 +0800] "POST /wp-cron.php?doing_wp_cron=1784256076.9945700168609619140625 HTTP/1.1" 200 31 "-" "WordPress/7.0; http://cqqizhou.com"
43.135.142.7 - - [17/Jul/2026:10:41:17 +0800] "GET /wp-content/uploads/2026/01/1768276119-qizhoujiagong_Slider_3840 HTTP/1.1" 404 9499 "-" "Mozilla/5.0 (iPhone; CPU iPhone OS 13_2_3 like Mac OS X) AppleWebKit/605.1.15 (KHTML, like Gecko) Version/13.0.3 Mobile/15E148 Safari/604.1"
36.133.115.36 - - [17/Jul/2026:10:50:10 +0800] "POST /wp-cron.php?doing_wp_cron=1784256610.8602180480957031250000 HTTP/1.1" 200 31 "-" "WordPress/7.0; http://cqqizhou.com"
114.119.133.1 - - [17/Jul/2026:10:50:10 +0800] "GET /wp-sitemap.xml HTTP/1.1" 501 253 "-" "Mozilla/5.0 (Linux; Android 7.0;) AppleWebKit/537.36 (KHTML, like Gecko) Mobile Safari/537.36 (compatible; PetalBot;+https://webmaster.petalsearch.com/site/petalbot)"
49.51.36.179 - - [17/Jul/2026:10:50:37 +0800] "GET /services/ HTTP/1.1" 301 5 "-" "Mozilla/5.0 (iPhone; CPU iPhone OS 13_2_3 like Mac OS X) AppleWebKit/605.1.15 (KHTML, like Gecko) Version/13.0.3 Mobile/15E148 Safari/604.1"
49.51.36.179 - - [17/Jul/2026:10:50:43 +0800] "GET /services HTTP/1.1" 200 26398 "http://cqqizhou.com/services/" "Mozilla/5.0 (iPhone; CPU iPhone OS 13_2_3 like Mac OS X) AppleWebKit/605.1.15 (KHTML, like Gecko) Version/13.0.3 Mobile/15E148 Safari/604.1"
209.222.98.158 - - [17/Jul/2026:10:54:56 +0800] "GET / HTTP/1.1" 200 35514 "-" "Mozilla/5.0 (Windows NT 10.0; Win64; x64) AppleWebKit/537.36 (KHTML, like Gecko) Chrome/120.0.0.0 Safari/537.36"
36.133.115.36 - - [17/Jul/2026:11:00:27 +0800] "POST /wp-cron.php?doing_wp_cron=1784257227.2385559082031250000000 HTTP/1.1" 200 31 "-" "WordPress/7.0; http://cqqizhou.com"
160.119.71.9 - - [17/Jul/2026:11:00:27 +0800] "GET / HTTP/1.1" 200 109837 "-" "Mozilla/5.0 (X11; Linux x86_64; rv:144.0) Gecko/20100101 Firefox/144.0"
36.133.115.36 - - [17/Jul/2026:11:08:32 +0800] "POST /wp-cron.php?doing_wp_cron=1784257712.6089859008789062500000 HTTP/1.1" 200 31 "-" "WordPress/7.0; http://cqqizhou.com"
1.15.52.154 - - [17/Jul/2026:11:08:32 +0800] "GET / HTTP/1.1" 301 5 "-" "Mozilla/5.0 (iPhone; CPU iPhone OS 13_2_3 like Mac OS X) AppleWebKit/605.1.15 (KHTML, like Gecko) Version/13.0.3 Mobile/15E148 Safari/604.1"
1.15.52.154 - - [17/Jul/2026:11:08:35 +0800] "GET / HTTP/1.1" 200 35070 "http://www.cqqizhou.com" "Mozilla/5.0 (iPhone; CPU iPhone OS 13_2_3 like Mac OS X) AppleWebKit/605.1.15 (KHTML, like Gecko) Version/13.0.3 Mobile/15E148 Safari/604.1"
36.133.115.36 - - [17/Jul/2026:11:10:05 +0800] "POST /wp-cron.php?doing_wp_cron=1784257805.6724801063537597656250 HTTP/1.1" 200 31 "-" "WordPress/7.0; http://cqqizhou.com"
114.119.135.202 - - [17/Jul/2026:11:10:05 +0800] "GET /services/ HTTP/1.1" 301 5 "http://cqqizhou.com/" "Mozilla/5.0 (Linux; Android 7.0;) AppleWebKit/537.36 (HTML, like Gecko) Mobile Safari/537.36 (compatible; PetalBot;+https://webmaster.petalsearch.com/site/petalbot)"
114.119.135.202 - - [17/Jul/2026:11:10:06 +0800] "GET /services HTTP/1.1" 200 26398 "http://cqqizhou.com/" "Mozilla/5.0 (Linux; Android 7.0;) AppleWebKit/537.36 (HTML, like Gecko) Mobile Safari/537.36 (compatible; PetalBot;+https://webmaster.petalsearch.com/site/petalbot)"
114.119.146.18 - - [17/Jul/2026:11:14:38 +0800] "GET /wp-content/uploads/2026/06/1782182572-Article_images_W900px.webp HTTP/1.1" 200 24314 "http://cqqizhou.com/work-safety/page/1" "Mozilla/5.0 (Linux; Android 7.0;) AppleWebKit/537.36 (HTML, like Gecko) Mobile Safari/537.36 (compatible; PetalBot;+https://webmaster.petalsearch.com/site/petalbot)"
36.133.115.36 - - [17/Jul/2026:11:16:48 +0800] "POST /wp-cron.php?doing_wp_cron=1784258208.5428500175476074218750 HTTP/1.1" 200 31 "-" "WordPress/7.0; http://cqqizhou.com"
172.93.215.245 - - [17/Jul/2026:11:16:48 +0800] "POST /wp-admin/admin-ajax.php HTTP/1.1" 400 11 "-" "Mozilla/5.0 (Windows NT 10.0; Win64; x64) AppleWebKit/537.36 (KHTML, like Gecko) Chrome/120.0.0.0 Safari/537.36"
110.249.202.211 - - [17/Jul/2026:11:17:04 +0800] "GET /robots.txt HTTP/1.1" 200 190 "-" "Mozilla/5.0 (Linux; Android 5.0) AppleWebKit/537.36 (KHTML, like Gecko) Mobile Safari/537.36 (compatible; Bytespider; https://zhanzhang.toutiao.com/)"
43.159.141.150 - - [17/Jul/2026:11:23:04 +0800] "GET /wp-content/uploads/2025/12/1764853152-ISO1.webp HTTP/1.1" 200 233824 "-" "Mozilla/5.0 (iPhone; CPU iPhone OS 13_2_3 like Mac OS X) AppleWebKit/605.1.15 (KHTML, like Gecko) Version/13.0.3 Mobile/15E148 Safari/604.1"
36.133.115.36 - - [17/Jul/2026:11:24:01 +0800] "POST /wp-cron.php?doing_wp_cron=1784258641.1686780452728271484375 HTTP/1.1" 200 31 "-" "WordPress/7.0; http://cqqizhou.com"
193.47.62.168 - - [17/Jul/2026:11:24:01 +0800] "GET /wp-json/gravitysmtp/v1/tests/mock-data?page=gravitysmtp-settings HTTP/1.1" 404 154 "-" "Mozilla/5.0 (compatible; SecurityResearch/1.0; )"
114.119.138.179 - - [17/Jul/2026:11:31:21 +0800] "GET /wp-content/uploads/2025/12/1766373840-Article_images_20251220.webp HTTP/1.1" 200 40034 "http://cqqizhou.com/news/2361" "Mozilla/5.0 (Linux; Android 7.0;) AppleWebKit/537.36 (HTML, like Gecko) Mobile Safari/537.36 (compatible; PetalBot;+https://webmaster.petalsearch.com/site/petalbot)"
36.133.115.36 - - [17/Jul/2026:11:32:39 +0800] "POST /wp-cron.php?doing_wp_cron=1784259159.2780029773712158203125 HTTP/1.1" 200 31 "-" "WordPress/7.0; http://cqqizhou.com"
43.159.149.56 - - [17/Jul/2026:11:32:39 +0800] "GET /news HTTP/1.1" 200 20027 "-" "Mozilla/5.0 (iPhone; CPU iPhone OS 13_2_3 like Mac OS X) AppleWebKit/605.1.15 (KHTML, like Gecko) Version/13.0.3 Mobile/15E148 Safari/604.1"
114.119.140.169 - - [17/Jul/2026:11:32:46 +0800] "GET /news/portfolio/%e5%86%b7%e8%bd%a7%e6%9d%bf HTTP/1.1" 200 19317 "http://cqqizhou.com/news/portfolio-tag/pangang" "Mozilla/5.0 (Linux; Android 7.0;) AppleWebKit/537.36 (HTML, like Gecko) Mobile Safari/537.36 (compatible; PetalBot;+https://webmaster.petalsearch.com/site/petalbot)"
43.130.106.18 - - [17/Jul/2026:11:41:06 +0800] "GET /wp-content/uploads/2025/12/1764853157-ISO3-768x1076.webp HTTP/1.1" 200 114618 "-" "Mozilla/5.0 (iPhone; CPU iPhone OS 13_2_3 like Mac OS X) AppleWebKit/605.1.15 (KHTML, like Gecko) Version/13.0.3 Mobile/15E148 Safari/604.1"
36.133.115.36 - - [17/Jul/2026:11:47:32 +0800] "POST /wp-cron.php?doing_wp_cron=1784260052.8530130386352539062500 HTTP/1.1" 200 31 "-" "WordPress/7.0; http://cqqizhou.com"
103.234.99.121 - - [17/Jul/2026:11:47:32 +0800] "GET / HTTP/1.1" 301 5 "-" "Mozilla/5.0 (iPhone; CPU iPhone OS 18_5 like Mac OS X) AppleWebKit/605.1.15 (KHTML, like Gecko) Version/18.5 Mobile/15E148 Safari/604.1"
36.133.115.36 - - [17/Jul/2026:11:49:03 +0800] "POST /wp-cron.php?doing_wp_cron=1784260143.1550469398498535156250 HTTP/1.1" 200 31 "-" "WordPress/7.0; http://cqqizhou.com"
114.119.132.85 - - [17/Jul/2026:11:49:03 +0800] "GET /about HTTP/1.1" 200 24680 "http://cqqizhou.com/about" "Mozilla/5.0 (Linux; Android 7.0;) AppleWebKit/537.36 (HTML, like Gecko) Mobile Safari/537.36 (compatible; PetalBot;+https://webmaster.petalsearch.com/site/petalbot)"
36.133.115.36 - - [17/Jul/2026:11:50:27 +0800] "POST /wp-cron.php?doing_wp_cron=1784260227.1510920524597167968750 HTTP/1.1" 200 31 "-" "WordPress/7.0; http://cqqizhou.com"
114.119.149.89 - - [17/Jul/2026:11:50:27 +0800] "GET /news/2163 HTTP/1.1" 200 20436 "http://cqqizhou.com/news/page/4" "Mozilla/5.0 (Linux; Android 7.0;) AppleWebKit/537.36 (HTML, like Gecko) Mobile Safari/537.36 (compatible; PetalBot;+https://webmaster.petalsearch.com/site/petalbot)"
36.133.115.36 - - [17/Jul/2026:11:51:49 +0800] "POST /wp-cron.php?doing_wp_cron=1784260309.6322140693664550781250 HTTP/1.1" 200 31 "-" "WordPress/7.0; http://cqqizhou.com"
114.119.132.85 - - [17/Jul/2026:11:51:49 +0800] "GET /company-news HTTP/1.1" 200 20513 "http://cqqizhou.com/news/2582" "Mozilla/5.0 (Linux; Android 7.0;) AppleWebKit/537.36 (HTML, like Gecko) Mobile Safari/537.36 (compatible; PetalBot;+https://webmaster.petalsearch.com/site/petalbot)"
36.133.115.36 - - [17/Jul/2026:11:52:44 +0800] "POST /wp-cron.php?doing_wp_cron=1784260364.1562008857727050781250 HTTP/1.1" 200 31 "-" "WordPress/7.0; http://cqqizhou.com"
111.68.14.38 - - [17/Jul/2026:11:52:44 +0800] "GET / HTTP/1.1" 301 5 "-" "Mozilla/5.0 (Windows NT 10.0; Win64; x64) AppleWebKit/537.36 (KHTML, like Gecko) Chrome/87.0.4280.66 Safari/537.36"
111.68.14.38 - - [17/Jul/2026:11:52:44 +0800] "GET / HTTP/1.1" 200 35514 "http://www.cqqizhou.com/" "Mozilla/5.0 (Windows NT 10.0; Win64; x64) AppleWebKit/537.36 (KHTML, like Gecko) Chrome/87.0.4280.66 Safari/537.36"
36.133.115.36 - - [17/Jul/2026:11:56:48 +0800] "POST /wp-cron.php?doing_wp_cron=1784260608.3521399497985839843750 HTTP/1.1" 200 31 "-" "WordPress/7.0; http://cqqizhou.com"
61.155.157.14 - - [17/Jul/2026:11:56:48 +0800] "GET / HTTP/1.1" 301 5 "-" "Mozilla/5.0 (Windows NT 10.0; Win64; x64) AppleWebKit/537.36 (KHTML, like Gecko) Chrome/100.0.4896.127 Safari/537.36"
61.155.157.14 - - [17/Jul/2026:11:56:50 +0800] "GET / HTTP/1.1" 200 35514 "-" "Mozilla/5.0 (Windows NT 10.0; Win64; x64) AppleWebKit/537.36 (KHTML, like Gecko) Chrome/100.0.4896.127 Safari/537.36"
61.155.157.14 - - [17/Jul/2026:11:56:59 +0800] "GET /wp-json/sliderrevolution/sliders/1?srengine=7&slideid=2 HTTP/1.1" 200 2000 "http://cqqizhou.com/" "Mozilla/5.0 (Windows NT 10.0; Win64; x64) AppleWebKit/537.36 (KHTML, like Gecko) Chrome/100.0.4896.127 Safari/537.36"
61.155.157.14 - - [17/Jul/2026:11:56:59 +0800] "GET /wp-json/sliderrevolution/sliders/1?srengine=7&slideid=4 HTTP/1.1" 200 2580 "http://cqqizhou.com/" "Mozilla/5.0 (Windows NT 10.0; Win64; x64) AppleWebKit/537.36 (KHTML, like Gecko) Chrome/100.0.4896.127 Safari/537.36"
61.155.157.14 - - [17/Jul/2026:11:57:14 +0800] "GET /wp-content/uploads/2025/07/1751425283-qizhou.kf_.qq_.com_.webp HTTP/1.1" 200 16864 "http://cqqizhou.com/" "Mozilla/5.0 (Windows NT 10.0; Win64; x64) AppleWebKit/537.36 (KHTML, like Gecko) Chrome/100.0.4896.127 Safari/537.36"
61.155.157.14 - - [17/Jul/2026:11:57:14 +0800] "GET /wp-content/uploads/2025/07/1751425283-qizhou.kf_.qq_.com_.webp HTTP/1.1" 200 16864 "http://cqqizhou.com/" "Mozilla/5.0 (Windows NT 10.0; Win64; x64) AppleWebKit/537.36 (KHTML, like Gecko) Chrome/100.0.4896.127 Safari/537.36"
36.133.115.36 - - [17/Jul/2026:11:59:07 +0800] "POST /wp-cron.php?doing_wp_cron=1784260747.8525118827819824218750 HTTP/1.1" 200 31 "-" "WordPress/7.0; http://cqqizhou.com"
101.32.15.141 - - [17/Jul/2026:11:59:07 +0800] "GET / HTTP/1.1" 200 35071 "-" "Mozilla/5.0 (iPhone; CPU iPhone OS 13_2_3 like Mac OS X) AppleWebKit/605.1.15 (KHTML, like Gecko) Version/13.0.3 Mobile/15E148 Safari/604.1"
115.202.194.28 - - [17/Jul/2026:12:00:29 +0800] "GET /news/2475 HTTP/1.1" 200 27335 "-" "Mozilla/5.0 (Macintosh; Intel Mac OS X 10_15_7) AppleWebKit/537.36 (KHTML, like Gecko) Chrome/143.0.0.0 Safari/537.36 Edg/143.0.0.0"
54.39.136.226 - - [17/Jul/2026:12:11:23 +0800] "GET /news/2588 HTTP/1.1" 200 25123 "-" "Mozilla/5.0 (compatible; AhrefsBot/7.0; +http://ahrefs.com/robot/)"
61.155.157.14 - - [17/Jul/2026:12:12:55 +0800] "GET / HTTP/1.1" 200 35514 "-" "Mozilla/5.0 (Windows NT 10.0; Win64; x64) AppleWebKit/537.36 (KHTML, like Gecko) Chrome/100.0.4896.127 Safari/537.36"
61.155.157.14 - - [17/Jul/2026:12:13:01 +0800] "GET /wp-json/sliderrevolution/sliders/1?srengine=7&slideid=2 HTTP/1.1" 200 2000 "http://cqqizhou.com/" "Mozilla/5.0 (Windows NT 10.0; Win64; x64) AppleWebKit/537.36 (KHTML, like Gecko) Chrome/100.0.4896.127 Safari/537.36"
36.133.115.36 - - [17/Jul/2026:12:13:01 +0800] "POST /wp-cron.php?doing_wp_cron=1784261581.2417390346527099609375 HTTP/1.1" 200 31 "-" "WordPress/7.0; http://cqqizhou.com"
61.155.157.14 - - [17/Jul/2026:12:13:01 +0800] "GET /wp-json/sliderrevolution/sliders/1?srengine=7&slideid=4 HTTP/1.1" 200 2580 "http://cqqizhou.com/" "Mozilla/5.0 (Windows NT 10.0; Win64; x64) AppleWebKit/537.36 (KHTML, like Gecko) Chrome/100.0.4896.127 Safari/537.36"
36.133.115.36 - - [17/Jul/2026:12:13:14 +0800] "POST /wp-cron.php?doing_wp_cron=1784261594.8793869018554687500000 HTTP/1.1" 200 31 "-" "WordPress/7.0; http://cqqizhou.com"
61.155.157.14 - - [17/Jul/2026:12:13:14 +0800] "GET /contacts/ HTTP/1.1" 301 5 "http://cqqizhou.com/" "Mozilla/5.0 (Windows NT 10.0; Win64; x64) AppleWebKit/537.36 (KHTML, like Gecko) Chrome/100.0.4896.127 Safari/537.36"
61.155.157.14 - - [17/Jul/2026:12:13:14 +0800] "GET /contacts HTTP/1.1" 200 22272 "http://cqqizhou.com/" "Mozilla/5.0 (Windows NT 10.0; Win64; x64) AppleWebKit/537.36 (KHTML, like Gecko) Chrome/100.0.4896.127 Safari/537.36"
61.155.157.14 - - [17/Jul/2026:12:13:22 +0800] "GET /wp-json/contact-form-7/v1/contact-forms/158/feedback/schema HTTP/1.1" 200 358 "http://cqqizhou.com/contacts" "Mozilla/5.0 (Windows NT 10.0; Win64; x64) AppleWebKit/537.36 (KHTML, like Gecko) Chrome/100.0.4896.127 Safari/537.36"
61.155.157.14 - - [17/Jul/2026:12:13:22 +0800] "GET /wp-json/contact-form-7/v1/contact-forms/158/refill HTTP/1.1" 200 33 "http://cqqizhou.com/contacts" "Mozilla/5.0 (Windows NT 10.0; Win64; x64) AppleWebKit/537.36 (KHTML, like Gecko) Chrome/100.0.4896.127 Safari/537.36"
61.155.157.14 - - [17/Jul/2026:12:13:55 +0800] "GET /about HTTP/1.1" 200 30600 "http://cqqizhou.com/" "Mozilla/5.0 (Windows NT 10.0; Win64; x64) AppleWebKit/537.36 (KHTML, like Gecko) Chrome/100.0.4896.127 Safari/537.36"
61.155.157.14 - - [17/Jul/2026:12:14:36 +0800] "GET /about HTTP/1.1" 200 30600 "http://cqqizhou.com/" "Mozilla/5.0 (Windows NT 10.0; Win64; x64) AppleWebKit/537.36 (KHTML, like Gecko) Chrome/100.0.4896.127 Safari/537.36"
36.133.115.36 - - [17/Jul/2026:12:20:17 +0800] "POST /wp-cron.php?doing_wp_cron=1784262017.4244229793548583984375 HTTP/1.1" 200 31 "-" "WordPress/7.0; http://cqqizhou.com"
49.51.183.15 - - [17/Jul/2026:12:20:17 +0800] "GET /news/page/3 HTTP/1.1" 200 20664 "-" "Mozilla/5.0 (iPhone; CPU iPhone OS 13_2_3 like Mac OS X) AppleWebKit/605.1.15 (KHTML, like Gecko) Version/13.0.3 Mobile/15E148 Safari/604.1"
36.133.115.36 - - [17/Jul/2026:12:24:43 +0800] "POST /wp-cron.php?doing_wp_cron=1784262283.3469440937042236328125 HTTP/1.1" 200 31 "-" "WordPress/7.0; http://cqqizhou.com"
121.89.204.167 - - [17/Jul/2026:12:24:43 +0800] "GET / HTTP/1.1" 301 5 "-" "Mozilla/5.0 (Windows NT 10.0; Win64; x64) AppleWebKit/537.36 (KHTML, like Gecko) Chrome/73.0.3683.86 Safari/537.36"
121.89.204.167 - - [17/Jul/2026:12:24:43 +0800] "GET / HTTP/1.1" 200 35514 "-" "Mozilla/5.0 (Windows NT 10.0; Win64; x64) AppleWebKit/537.36 (KHTML, like Gecko) Chrome/73.0.3683.86 Safari/537.36"
121.89.204.167 - - [17/Jul/2026:12:24:44 +0800] "GET /contacts/ HTTP/1.1" 301 5 "-" "Mozilla/5.0 (Windows NT 10.0; Win64; x64) AppleWebKit/537.36 (KHTML, like Gecko) Chrome/73.0.3683.86 Safari/537.36"
121.89.204.167 - - [17/Jul/2026:12:24:44 +0800] "GET /contacts HTTP/1.1" 200 22272 "-" "Mozilla/5.0 (Windows NT 10.0; Win64; x64) AppleWebKit/537.36 (KHTML, like Gecko) Chrome/73.0.3683.86 Safari/537.36"
49.51.183.84 - - [17/Jul/2026:12:30:56 +0800] "GET /wp-content/uploads/2026/05/1779328461-1Article_images_W900px-300x169.webp HTTP/1.1" 200 10480 "-" "Mozilla/5.0 (iPhone; CPU iPhone OS 13_2_3 like Mac OS X) AppleWebKit/605.1.15 (KHTML, like Gecko) Version/13.0.3 Mobile/15E148 Safari/604.1"
111.68.14.38 - - [17/Jul/2026:12:36:46 +0800] "GET /dedecms/install/index.php?step=2 HTTP/1.1" 404 47 "http://www.baidu.com/" "Mozilla/5.0 (Windows NT 10.0; Win64; x64) AppleWebKit/537.36 (KHTML, like Gecko) Chrome/85.0.4183.121 Safari/537.36"
111.68.14.38 - - [17/Jul/2026:12:36:46 +0800] "GET /DedeCMS/uploads/install/index.php?step=2 HTTP/1.1" 404 47 "http://www.baidu.com/" "Mozilla/5.0 (Windows NT 10.0; Win64; x64) AppleWebKit/537.36 (KHTML, like Gecko) Chrome/85.0.4183.121 Safari/537.36"
111.68.14.38 - - [17/Jul/2026:12:36:46 +0800] "GET /DedeCMS-V5.7.114-UTF8/uploads/install/index.php?step=2 HTTP/1.1" 404 47 "http://www.baidu.com/" "Mozilla/5.0 (Windows NT 10.0; Win64; x64) AppleWebKit/537.36 (KHTML, like Gecko) Chrome/85.0.4183.121 Safari/537.36"
111.68.14.38 - - [17/Jul/2026:12:36:46 +0800] "GET /uploads/install/index.php?step=2 HTTP/1.1" 404 47 "http://www.baidu.com/" "Mozilla/5.0 (Windows NT 10.0; Win64; x64) AppleWebKit/537.36 (KHTML, like Gecko) Chrome/85.0.4183.121 Safari/537.36"
111.68.14.38 - - [17/Jul/2026:12:36:46 +0800] "GET /upload/install/index.php?step=2 HTTP/1.1" 404 47 "http://www.baidu.com/" "Mozilla/5.0 (Windows NT 10.0; Win64; x64) AppleWebKit/537.36 (KHTML, like Gecko) Chrome/85.0.4183.121 Safari/537.36"
36.133.115.36 - - [17/Jul/2026:12:49:47 +0800] "POST /wp-cron.php?doing_wp_cron=1784263787.9359200000762939453125 HTTP/1.1" 200 31 "-" "WordPress/7.0; http://cqqizhou.com"
52.15.166.135 - - [17/Jul/2026:12:49:47 +0800] "GET / HTTP/1.1" 301 5 "-" "visionheight.com/scan Mozilla/5.0 (Macintosh; Intel Mac OS X 10_15_7) Chrome/126.0.0.0 Safari/537.36"
52.15.166.135 - - [17/Jul/2026:12:49:53 +0800] "GET / HTTP/1.1" 200 35514 "http://36.133.115.36/" "visionheight.com/scan Mozilla/5.0 (Macintosh; Intel Mac OS X 10_15_7) Chrome/126.0.0.0 Safari/537.36"
36.133.115.36 - - [17/Jul/2026:12:50:22 +0800] "POST /wp-cron.php?doing_wp_cron=1784263822.0291531085968017578125 HTTP/1.1" 200 31 "-" "WordPress/7.0; http://cqqizhou.com"
43.166.255.122 - - [17/Jul/2026:12:50:22 +0800] "GET /wp-json/oembed/1.0/embed?url=http%3A%2F%2Fcqqizhou.com%2F HTTP/1.1" 200 1095 "-" "Mozilla/5.0 (iPhone; CPU iPhone OS 13_2_3 like Mac OS X) AppleWebKit/605.1.15 (KHTML, like Gecko) Version/13.0.3 Mobile/15E148 Safari/604.1"
52.15.166.135 - - [17/Jul/2026:12:50:38 +0800] "GET / HTTP/1.1" 301 5 "-" "visionheight.com/scan Mozilla/5.0 (Macintosh; Intel Mac OS X 10_15_7) Chrome/126.0.0.0 Safari/537.36"
36.161.1.132 - - [17/Jul/2026:12:57:17 +0800] "GET /news/2162 HTTP/1.1" 200 25836 "-" "Mozilla/5.0 (Windows NT 10.0; Win64; x64) AppleWebKit/537.36 (KHTML, like Gecko) Chrome/137.0.0.0 Safari/537.36"
122.157.117.235 - - [17/Jul/2026:12:57:19 +0800] "GET /news/2215 HTTP/1.1" 200 24658 "-" "Mozilla/5.0 (Macintosh; Intel Mac OS X 10_15_7) AppleWebKit/537.36 (KHTML, like Gecko) Chrome/128.0.0.0 Safari/537.36 Edg/128.0.0.0"
36.133.115.36 - - [17/Jul/2026:12:59:04 +0800] "POST /wp-cron.php?doing_wp_cron=1784264344.6490559577941894531250 HTTP/1.1" 200 31 "-" "WordPress/7.0; http://cqqizhou.com"
43.131.36.84 - - [17/Jul/2026:12:59:04 +0800] "GET /material.html HTTP/1.1" 404 9498 "-" "Mozilla/5.0 (iPhone; CPU iPhone OS 13_2_3 like Mac OS X) AppleWebKit/605.1.15 (KHTML, like Gecko) Version/13.0.3 Mobile/15E148 Safari/604.1"
36.133.115.36 - - [17/Jul/2026:13:00:59 +0800] "POST /wp-cron.php?doing_wp_cron=1784264459.4775249958038330078125 HTTP/1.1" 200 31 "-" "WordPress/7.0; http://cqqizhou.com"
114.119.149.89 - - [17/Jul/2026:13:00:59 +0800] "GET /logistics/ HTTP/1.1" 301 5 "http://cqqizhou.com/logistics/" "Mozilla/5.0 (Linux; Android 7.0;) AppleWebKit/537.36 (HTML, like Gecko) Mobile Safari/537.36 (compatible; PetalBot;+https://webmaster.petalsearch.com/site/petalbot)"
114.119.149.89 - - [17/Jul/2026:13:01:02 +0800] "GET /logistics HTTP/1.1" 200 25835 "http://cqqizhou.com/logistics/" "Mozilla/5.0 (Linux; Android 7.0;) AppleWebKit/537.36 (HTML, like Gecko) Mobile Safari/537.36 (compatible; PetalBot;+https://webmaster.petalsearch.com/site/petalbot)"
114.119.146.18 - - [17/Jul/2026:13:02:26 +0800] "GET /wp-content/uploads/2026/06/1780362799-1Article_images_W900px-300x169.webp HTTP/1.1" 200 13330 "http://cqqizhou.com/media/2" "Mozilla/5.0 (Linux; Android 7.0;) AppleWebKit/537.36 (HTML, like Gecko) Mobile Safari/537.36 (compatible; PetalBot;+https://webmaster.petalsearch.com/site/petalbot)"
114.119.140.169 - - [17/Jul/2026:13:03:43 +0800] "GET /wp-content/uploads/2025/11/1762864375-QZ_Photo-3.webp HTTP/1.1" 200 338100 "http://cqqizhou.com/media/2" "Mozilla/5.0 (Linux; Android 7.0;) AppleWebKit/537.36 (HTML, like Gecko) Mobile Safari/537.36 (compatible; PetalBot;+https://webmaster.petalsearch.com/site/petalbot)"
36.133.115.36 - - [17/Jul/2026:13:05:07 +0800] "POST /wp-cron.php?doing_wp_cron=1784264707.6295199394226074218750 HTTP/1.1" 200 31 "-" "WordPress/7.0; http://cqqizhou.com"
114.119.146.18 - - [17/Jul/2026:13:05:07 +0800] "GET /portfolio-category/remaining-rolls/ HTTP/1.1" 301 5 "http://cqqizhou.com/" "Mozilla/5.0 (Linux; Android 7.0;) AppleWebKit/537.36 (HTML, like Gecko) Mobile Safari/537.36 (compatible; PetalBot;+https://webmaster.petalsearch.com/site/petalbot)"
114.119.146.18 - - [17/Jul/2026:13:05:11 +0800] "GET /news/portfolio/remaining-rolls HTTP/1.1" 200 19286 "http://cqqizhou.com/" "Mozilla/5.0 (Linux; Android 7.0;) AppleWebKit/537.36 (HTML, like Gecko) Mobile Safari/537.36 (compatible; PetalBot;+https://webmaster.petalsearch.com/site/petalbot)"
36.133.115.36 - - [17/Jul/2026:13:06:51 +0800] "POST /wp-cron.php?doing_wp_cron=1784264811.0390141010284423828125 HTTP/1.1" 200 31 "-" "WordPress/7.0; http://cqqizhou.com"
114.119.132.85 - - [17/Jul/2026:13:06:51 +0800] "GET /2354/ HTTP/1.1" 301 5 "http://cqqizhou.com/logistics/" "Mozilla/5.0 (Linux; Android 8.0.0; SM-G955U Build/R16NW) AppleWebKit/537.36 (KHTML, like Gecko) Chrome/148.0.0.0 Mobile Safari/537.36"
114.119.132.85 - - [17/Jul/2026:13:06:52 +0800] "GET /news/2354 HTTP/1.1" 200 20984 "http://cqqizhou.com/logistics/" "Mozilla/5.0 (Linux; Android 8.0.0; SM-G955U Build/R16NW) AppleWebKit/537.36 (KHTML, like Gecko) Chrome/148.0.0.0 Mobile Safari/537.36"
36.133.115.36 - - [17/Jul/2026:13:08:41 +0800] "POST /wp-cron.php?doing_wp_cron=1784264921.3623020648956298828125 HTTP/1.1" 200 31 "-" "WordPress/7.0; http://cqqizhou.com"
150.109.10.41 - - [17/Jul/2026:13:08:41 +0800] "GET /industry HTTP/1.1" 200 19774 "-" "Mozilla/5.0 (iPhone; CPU iPhone OS 13_2_3 like Mac OS X) AppleWebKit/605.1.15 (KHTML, like Gecko) Version/13.0.3 Mobile/15E148 Safari/604.1"
154.219.113.100 - - [17/Jul/2026:13:09:06 +0800] "GET /wp-content/plugins/wp-file-manager/lib/php/connector.minimal.php HTTP/1.1" 404 47 "-" "python-httpx/0.28.1"
113.173.163.29 - - [17/Jul/2026:13:28:09 +0800] "GET /news/2163 HTTP/1.1" 200 24482 "-" "Mozilla/5.0 (Macintosh; Intel Mac OS X 10.15; rv:144.0) Gecko/20100101 Firefox/144.0"
180.153.236.37 - - [17/Jul/2026:13:31:37 +0800] "GET / HTTP/1.1" 200 35514 "-" "Mozilla/5.0 (Windows NT 10.0; Win64; x64) AppleWebKit/537.36 (KHTML, like Gecko) Chrome/140.0.0.0 Safari/537.36 Edg/140.0.0.0; 360Spider"
36.133.115.36 - - [17/Jul/2026:13:39:29 +0800] "POST /wp-cron.php?doing_wp_cron=1784266769.8941459655761718750000 HTTP/1.1" 200 31 "-" "WordPress/7.0; http://cqqizhou.com"
170.106.35.153 - - [17/Jul/2026:13:39:29 +0800] "GET /news/2163 HTTP/1.1" 200 20463 "-" "Mozilla/5.0 (iPhone; CPU iPhone OS 13_2_3 like Mac OS X) AppleWebKit/605.1.15 (KHTML, like Gecko) Version/13.0.3 Mobile/15E148 Safari/604.1"
43.157.172.39 - - [17/Jul/2026:13:48:19 +0800] "GET /wp-content/uploads/2025/07/1753454299-Article_images_W900px-300x169.webp HTTP/1.1" 200 15072 "-" "Mozilla/5.0 (iPhone; CPU iPhone OS 13_2_3 like Mac OS X) AppleWebKit/605.1.15 (KHTML, like Gecko) Version/13.0.3 Mobile/15E148 Safari/604.1"
43.153.86.78 - - [17/Jul/2026:14:00:34 +0800] "GET /wp-content/uploads/2025/07/1753454299-Article_images_W900px-768x432.webp HTTP/1.1" 200 53850 "-" "Mozilla/5.0 (iPhone; CPU iPhone OS 13_2_3 like Mac OS X) AppleWebKit/605.1.15 (KHTML, like Gecko) Version/13.0.3 Mobile/15E148 Safari/604.1"
114.119.140.169 - - [17/Jul/2026:14:03:03 +0800] "GET /wp-content/uploads/2026/04/1775195054-1Article_images_W900px-300x169.webp HTTP/1.1" 200 8472 "http://cqqizhou.com/media/5" "Mozilla/5.0 (Linux; Android 7.0;) AppleWebKit/537.36 (HTML, like Gecko) Mobile Safari/537.36 (compatible; PetalBot;+https://webmaster.petalsearch.com/site/petalbot)"
114.119.144.41 - - [17/Jul/2026:14:04:26 +0800] "GET /wp-content/uploads/2025/11/1762908477-QZ_Photo-2.webp HTTP/1.1" 200 185928 "http://cqqizhou.com/media" "Mozilla/5.0 (Linux; Android 7.0;) AppleWebKit/537.36 (HTML, like Gecko) Mobile Safari/537.36 (compatible; PetalBot;+https://webmaster.petalsearch.com/site/petalbot)"
36.133.115.36 - - [17/Jul/2026:14:10:31 +0800] "POST /wp-cron.php?doing_wp_cron=1784268631.1976480484008789062500 HTTP/1.1" 200 31 "-" "WordPress/7.0; http://cqqizhou.com"
43.166.238.12 - - [17/Jul/2026:14:10:31 +0800] "GET / HTTP/1.1" 301 5 "-" "Mozilla/5.0 (iPhone; CPU iPhone OS 13_2_3 like Mac OS X) AppleWebKit/605.1.15 (KHTML, like Gecko) Version/13.0.3 Mobile/15E148 Safari/604.1"
43.166.238.12 - - [17/Jul/2026:14:10:34 +0800] "GET / HTTP/1.1" 200 35071 "http://36.133.115.36" "Mozilla/5.0 (iPhone; CPU iPhone OS 13_2_3 like Mac OS X) AppleWebKit/605.1.15 (KHTML, like Gecko) Version/13.0.3 Mobile/15E148 Safari/604.1"
43.166.244.251 - - [17/Jul/2026:14:12:08 +0800] "GET /wp-content/uploads/2025/07/1753454089-Article_images_W900px-300x169.webp HTTP/1.1" 200 9480 "-" "Mozilla/5.0 (iPhone; CPU iPhone OS 13_2_3 like Mac OS X) AppleWebKit/605.1.15 (KHTML, like Gecko) Version/13.0.3 Mobile/15E148 Safari/604.1"
121.229.156.69 - - [17/Jul/2026:14:18:56 +0800] "GET / HTTP/1.1" 200 35514 "-" "Sogou web spider/4.0(+http://www.sogou.com/docs/help/webmasters.htm#07)"
36.133.115.36 - - [17/Jul/2026:14:30:05 +0800] "POST /wp-cron.php?doing_wp_cron=1784269804.7053980827331542968750 HTTP/1.1" 200 31 "-" "WordPress/7.0; http://cqqizhou.com"
43.166.238.12 - - [17/Jul/2026:14:30:05 +0800] "GET /news/2543 HTTP/1.1" 200 22053 "-" "Mozilla/5.0 (iPhone; CPU iPhone OS 13_2_3 like Mac OS X) AppleWebKit/605.1.15 (KHTML, like Gecko) Version/13.0.3 Mobile/15E148 Safari/604.1"
199.244.88.218 - - [17/Jul/2026:14:53:17 +0800] "GET / HTTP/1.1" 200 35514 "-" "Mozilla/5.0 (X11; Linux x86_64) AppleWebKit/537.36 (KHTML, like Gecko) Chrome/105.0.0.0 Safari/537.36"
14.108.232.247 - - [17/Jul/2026:14:58:48 +0800] "GET / HTTP/1.1" 200 35514 "-" "Mozilla/5.0 (Windows NT 10.0; Win64; x64) AppleWebKit/537.36 (KHTML, like Gecko) Chrome/150.0.0.0 Safari/537.36"
14.108.232.247 - - [17/Jul/2026:14:58:48 +0800] "GET /wp-content/uploads/2025/07/1751425283-qizhou.kf_.qq_.com_.webp HTTP/1.1" 304 0 "http://cqqizhou.com/" "Mozilla/5.0 (Windows NT 10.0; Win64; x64) AppleWebKit/537.36 (KHTML, like Gecko) Chrome/150.0.0.0 Safari/537.36"
14.108.232.247 - - [17/Jul/2026:14:58:49 +0800] "GET /wp-content/uploads/2025/07/1753453096-%E5%8F%8C%E7%9B%B8%E9%92%A2product_Single600%C3%97284.webp HTTP/1.1" 304 0 "http://cqqizhou.com/" "Mozilla/5.0 (Windows NT 10.0; Win64; x64) AppleWebKit/537.36 (KHTML, like Gecko) Chrome/150.0.0.0 Safari/537.36"
14.108.232.247 - - [17/Jul/2026:14:58:49 +0800] "GET /wp-content/uploads/2025/07/1753453127-%E4%BD%99%E5%8D%B7product_Single600%C3%97284.webp HTTP/1.1" 304 0 "http://cqqizhou.com/" "Mozilla/5.0 (Windows NT 10.0; Win64; x64) AppleWebKit/537.36 (KHTML, like Gecko) Chrome/150.0.0.0 Safari/537.36"
14.108.232.247 - - [17/Jul/2026:14:58:49 +0800] "GET /wp-content/uploads/2025/07/1753456723-%E5%8F%8C%E7%9B%B8%E9%92%A2roduct_Single600.webp HTTP/1.1" 304 0 "http://cqqizhou.com/" "Mozilla/5.0 (Windows NT 10.0; Win64; x64) AppleWebKit/537.36 (KHTML, like Gecko) Chrome/150.0.0.0 Safari/537.36"
14.108.232.247 - - [17/Jul/2026:14:58:49 +0800] "GET /wp-content/uploads/2025/07/1753456770-%E7%83%AD%E9%95%80%E9%94%8C%E5%8D%B7product_Single600.webp HTTP/1.1" 304 0 "http://cqqizhou.com/" "Mozilla/5.0 (Windows NT 10.0; Win64; x64) AppleWebKit/537.36 (KHTML, like Gecko) Chrome/150.0.0.0 Safari/537.36"
14.108.232.247 - - [17/Jul/2026:14:58:49 +0800] "GET /wp-content/uploads/2025/12/1765268955-qizhou_Slider1_3840%C3%972160_20251210-scaled.webp HTTP/1.1" 304 0 "http://cqqizhou.com/" "Mozilla/5.0 (Windows NT 10.0; Win64; x64) AppleWebKit/537.36 (KHTML, like Gecko) Chrome/150.0.0.0 Safari/537.36"
14.108.232.247 - - [17/Jul/2026:14:58:49 +0800] "GET /wp-content/uploads/2026/01/1768276119-qizhoujiagong_Slider_3840%C3%972160_20260113-scaled-50x100.webp HTTP/1.1" 304 0 "http://cqqizhou.com/" "Mozilla/5.0 (Windows NT 10.0; Win64; x64) AppleWebKit/537.36 (KHTML, like Gecko) Chrome/150.0.0.0 Safari/537.36"
14.108.232.247 - - [17/Jul/2026:14:58:49 +0800] "GET /wp-content/uploads/revslider/slider-1/1750861156-logistics_Slider_3840%C3%972160_20250625191356-scaled-50x100.webp HTTP/1.1" 304 0 "http://cqqizhou.com/" "Mozilla/5.0 (Windows NT 10.0; Win64; x64) AppleWebKit/537.36 (KHTML, like Gecko) Chrome/150.0.0.0 Safari/537.36"
36.133.115.36 - - [17/Jul/2026:14:58:50 +0800] "POST /wp-cron.php?doing_wp_cron=1784271530.7707300186157226562500 HTTP/1.1" 200 31 "-" "WordPress/7.0; http://cqqizhou.com"
14.108.232.247 - - [17/Jul/2026:14:58:50 +0800] "GET /wp-json/sliderrevolution/sliders/1?srengine=7&slideid=2 HTTP/1.1" 200 2000 "http://cqqizhou.com/" "Mozilla/5.0 (Windows NT 10.0; Win64; x64) AppleWebKit/537.36 (KHTML, like Gecko) Chrome/150.0.0.0 Safari/537.36"
14.108.232.247 - - [17/Jul/2026:14:58:50 +0800] "GET /wp-content/uploads/revslider/slider-1/1750861156-logistics_Slider_3840%C3%972160_20250625191356-scaled.webp HTTP/1.1" 304 0 "http://cqqizhou.com/" "Mozilla/5.0 (Windows NT 10.0; Win64; x64) AppleWebKit/537.36 (KHTML, like Gecko) Chrome/150.0.0.0 Safari/537.36"
14.108.232.247 - - [17/Jul/2026:14:58:50 +0800] "GET /wp-json/sliderrevolution/sliders/1?srengine=7&slideid=4 HTTP/1.1" 200 2580 "http://cqqizhou.com/" "Mozilla/5.0 (Windows NT 10.0; Win64; x64) AppleWebKit/537.36 (KHTML, like Gecko) Chrome/150.0.0.0 Safari/537.36"
14.108.232.247 - - [17/Jul/2026:14:58:50 +0800] "GET /wp-content/uploads/2026/01/1768276119-qizhoujiagong_Slider_3840%C3%972160_20260113-scaled.webp HTTP/1.1" 304 0 "http://cqqizhou.com/" "Mozilla/5.0 (Windows NT 10.0; Win64; x64) AppleWebKit/537.36 (KHTML, like Gecko) Chrome/150.0.0.0 Safari/537.36"
14.108.232.247 - - [17/Jul/2026:14:58:52 +0800] "GET /media HTTP/1.1" 200 32265 "http://cqqizhou.com/" "Mozilla/5.0 (Windows NT 10.0; Win64; x64) AppleWebKit/537.36 (KHTML, like Gecko) Chrome/150.0.0.0 Safari/537.36"
14.108.232.247 - - [17/Jul/2026:14:58:53 +0800] "GET /wp-content/uploads/2026/06/1782708718-1Article_images_W900px-300x169.webp HTTP/1.1" 200 15992 "http://cqqizhou.com/media" "Mozilla/5.0 (Windows NT 10.0; Win64; x64) AppleWebKit/537.36 (KHTML, like Gecko) Chrome/150.0.0.0 Safari/537.36"
14.108.232.247 - - [17/Jul/2026:14:58:53 +0800] "GET /wp-content/uploads/2026/06/1782392245-Article_images_W900px-300x169.webp HTTP/1.1" 200 13736 "http://cqqizhou.com/media" "Mozilla/5.0 (Windows NT 10.0; Win64; x64) AppleWebKit/537.36 (KHTML, like Gecko) Chrome/150.0.0.0 Safari/537.36"
14.108.232.247 - - [17/Jul/2026:14:58:53 +0800] "GET /wp-content/uploads/2026/06/1782182572-Article_images_W900px-300x169.webp HTTP/1.1" 200 9224 "http://cqqizhou.com/media" "Mozilla/5.0 (Windows NT 10.0; Win64; x64) AppleWebKit/537.36 (KHTML, like Gecko) Chrome/150.0.0.0 Safari/537.36"
14.108.232.247 - - [17/Jul/2026:14:58:53 +0800] "GET /wp-content/uploads/media/qizhou_Brochure.webp HTTP/1.1" 200 26142 "http://cqqizhou.com/media" "Mozilla/5.0 (Windows NT 10.0; Win64; x64) AppleWebKit/537.36 (KHTML, like Gecko) Chrome/150.0.0.0 Safari/537.36"
14.108.232.247 - - [17/Jul/2026:14:58:56 +0800] "POST /wp-admin/admin-ajax.php HTTP/1.1" 403 33 "http://cqqizhou.com/media" "Mozilla/5.0 (Windows NT 10.0; Win64; x64) AppleWebKit/537.36 (KHTML, like Gecko) Chrome/150.0.0.0 Safari/537.36"
14.108.232.247 - - [17/Jul/2026:14:59:01 +0800] "GET /media/2 HTTP/1.1" 200 26606 "http://cqqizhou.com/media" "Mozilla/5.0 (Windows NT 10.0; Win64; x64) AppleWebKit/537.36 (KHTML, like Gecko) Chrome/150.0.0.0 Safari/537.36"
14.108.232.247 - - [17/Jul/2026:14:59:01 +0800] "GET /wp-content/uploads/2026/06/1781880807-Article_images_W900px-300x169.webp HTTP/1.1" 200 7478 "http://cqqizhou.com/media/2" "Mozilla/5.0 (Windows NT 10.0; Win64; x64) AppleWebKit/537.36 (KHTML, like Gecko) Chrome/150.0.0.0 Safari/537.36"
14.108.232.247 - - [17/Jul/2026:14:59:01 +0800] "GET /wp-content/uploads/2026/06/1780363378-1Article_images_W900px-300x169.webp HTTP/1.1" 200 15744 "http://cqqizhou.com/media/2" "Mozilla/5.0 (Windows NT 10.0; Win64; x64) AppleWebKit/537.36 (KHTML, like Gecko) Chrome/150.0.0.0 Safari/537.36"
14.108.232.247 - - [17/Jul/2026:14:59:01 +0800] "GET /wp-content/uploads/2026/06/1780362799-1Article_images_W900px-300x169.webp HTTP/1.1" 200 13330 "http://cqqizhou.com/media/2" "Mozilla/5.0 (Windows NT 10.0; Win64; x64) AppleWebKit/537.36 (KHTML, like Gecko) Chrome/150.0.0.0 Safari/537.36"
14.108.232.247 - - [17/Jul/2026:14:59:05 +0800] "POST /wp-admin/admin-ajax.php HTTP/1.1" 403 33 "http://cqqizhou.com/media" "Mozilla/5.0 (Windows NT 10.0; Win64; x64) AppleWebKit/537.36 (KHTML, like Gecko) Chrome/150.0.0.0 Safari/537.36"
