File: /home/logs/cqqizhou_access_2026-06-22.log
36.133.115.36 - - [22/Jun/2026:00:00:37 +0800] "POST /wp-cron.php?doing_wp_cron=1782057637.3339409828186035156250 HTTP/1.1" 200 31 "-" "WordPress/7.0; http://cqqizhou.com"
110.249.202.197 - - [22/Jun/2026:00:00:37 +0800] "GET /robots.txt HTTP/1.1" 200 190 "-" "Mozilla/5.0 (Linux; Android 5.0) AppleWebKit/537.36 (KHTML, like Gecko) Mobile Safari/537.36 (compatible; Bytespider; https://zhanzhang.toutiao.com/)"
36.133.115.36 - - [22/Jun/2026:00:16:04 +0800] "POST /wp-cron.php?doing_wp_cron=1782058564.0950460433959960937500 HTTP/1.1" 200 31 "-" "WordPress/7.0; http://cqqizhou.com"
170.106.187.106 - - [22/Jun/2026:00:16:04 +0800] "GET / HTTP/1.1" 301 5 "-" "Mozilla/5.0 (iPhone; CPU iPhone OS 13_2_3 like Mac OS X) AppleWebKit/605.1.15 (KHTML, like Gecko) Version/13.0.3 Mobile/15E148 Safari/604.1"
170.106.187.106 - - [22/Jun/2026:00:16:07 +0800] "GET / HTTP/1.1" 200 35215 "http://36.133.115.36" "Mozilla/5.0 (iPhone; CPU iPhone OS 13_2_3 like Mac OS X) AppleWebKit/605.1.15 (KHTML, like Gecko) Version/13.0.3 Mobile/15E148 Safari/604.1"
36.133.115.36 - - [22/Jun/2026:00:19:44 +0800] "POST /wp-cron.php?doing_wp_cron=1782058784.7941420078277587890625 HTTP/1.1" 200 31 "-" "WordPress/7.0; http://cqqizhou.com"
216.244.66.245 - - [22/Jun/2026:00:19:44 +0800] "GET /robots.txt HTTP/1.1" 200 390 "-" "Mozilla/5.0 (compatible; DotBot/1.2; +https://opensiteexplorer.org/dotbot; help@moz.com)"
36.133.115.36 - - [22/Jun/2026:00:26:36 +0800] "POST /wp-cron.php?doing_wp_cron=1782059196.9160730838775634765625 HTTP/1.1" 200 31 "-" "WordPress/7.0; http://cqqizhou.com"
216.244.66.245 - - [22/Jun/2026:00:26:36 +0800] "GET /news/2547 HTTP/1.1" 200 87173 "-" "Mozilla/5.0 (compatible; DotBot/1.2; +https://opensiteexplorer.org/dotbot; help@moz.com)"
36.133.115.36 - - [22/Jun/2026:00:27:10 +0800] "POST /wp-cron.php?doing_wp_cron=1782059230.3284161090850830078125 HTTP/1.1" 200 31 "-" "WordPress/7.0; http://cqqizhou.com"
216.244.66.245 - - [22/Jun/2026:00:27:10 +0800] "GET /2231/ HTTP/1.1" 301 5 "-" "Mozilla/5.0 (compatible; DotBot/1.2; +https://opensiteexplorer.org/dotbot; help@moz.com)"
216.244.66.245 - - [22/Jun/2026:00:28:45 +0800] "GET /wp-content/uploads/2025/07/1750649215-qizhou1920x1080_11.webp HTTP/1.1" 200 171642 "-" "Mozilla/5.0 (compatible; DotBot/1.2; +https://opensiteexplorer.org/dotbot; help@moz.com)"
36.133.115.36 - - [22/Jun/2026:00:34:15 +0800] "POST /wp-cron.php?doing_wp_cron=1782059655.0168199539184570312500 HTTP/1.1" 200 31 "-" "WordPress/7.0; http://cqqizhou.com"
119.84.246.117 - - [22/Jun/2026:00:34:15 +0800] "GET / HTTP/1.1" 301 5 "-" "Mozilla/5.0 (Windows NT 6.1) AppleWebKit/535.11 (KHTML, like Gecko) Chrome/17.0.963.84 Safari/535.11 LBBROWSER"
119.84.246.117 - - [22/Jun/2026:00:34:15 +0800] "GET / HTTP/1.1" 200 172697 "-" "Mozilla/5.0 (Windows NT 6.1) AppleWebKit/535.11 (KHTML, like Gecko) Chrome/17.0.963.84 Safari/535.11 LBBROWSER"
119.84.246.117 - - [22/Jun/2026:00:34:16 +0800] "GET / HTTP/1.1" 301 5 "-" "Mozilla/5.0 (Windows; U; Windows NT 5.2) AppleWebKit/525.13 (KHTML, like Gecko) Version/3.1 Safari/525.13"
119.84.246.117 - - [22/Jun/2026:00:34:16 +0800] "GET / HTTP/1.1" 200 172697 "-" "Mozilla/5.0 (Windows; U; Windows NT 5.2) AppleWebKit/525.13 (KHTML, like Gecko) Version/3.1 Safari/525.13"
119.84.246.117 - - [22/Jun/2026:00:34:17 +0800] "GET / HTTP/1.1" 301 5 "-" "Mozilla/5.0 (Windows; U; Windows NT 6.1; zh_CN) AppleWebKit/534.7 (KHTML, like Gecko) Chrome/18.0 BIDUBrowser/2.6 Safari/534.7"
119.84.246.117 - - [22/Jun/2026:00:34:17 +0800] "GET / HTTP/1.1" 200 172697 "-" "Mozilla/5.0 (Windows; U; Windows NT 6.1; zh_CN) AppleWebKit/534.7 (KHTML, like Gecko) Chrome/18.0 BIDUBrowser/2.6 Safari/534.7"
218.24.70.204 - - [22/Jun/2026:00:35:51 +0800] "GET /wp-content/uploads/2026/04/1775698330-3Article_images_W900px.webp HTTP/1.1" 206 2 "-" "Mozilla/5.0 (Macintosh; Intel Mac OS X 10_15_7) AppleWebKit/537.36 (KHTML, like Gecko) Chrome/92.0.4515.115 Safari/537.36 Edg/92.0.4515.115"
223.74.144.123 - - [22/Jun/2026:00:35:58 +0800] "GET /wp-content/uploads/2026/04/1775698330-3Article_images_W900px.webp HTTP/1.1" 200 38520 "-" "Mozilla/5.0 (Macintosh; Intel Mac OS X 10_15_7) AppleWebKit/537.36 (KHTML, like Gecko) Chrome/92.0.4515.43 Safari/537.36 Edg/92.0.4515.43"
111.225.149.184 - - [22/Jun/2026:00:46:27 +0800] "GET /wp-content/uploads/2026/04/1777513410-1Article_images_W900px-300x169.webp HTTP/1.1" 200 9202 "http://cqqizhou.com/media/3" "Mozilla/5.0 (Linux; Android 5.0) AppleWebKit/537.36 (KHTML, like Gecko) Mobile Safari/537.36 (compatible; Bytespider; https://zhanzhang.toutiao.com/)"
36.133.115.36 - - [22/Jun/2026:00:52:45 +0800] "POST /wp-cron.php?doing_wp_cron=1782060765.6237349510192871093750 HTTP/1.1" 200 31 "-" "WordPress/7.0; http://cqqizhou.com"
112.90.2.178 - - [22/Jun/2026:00:52:45 +0800] "GET /2165/ HTTP/1.1" 301 5 "-" "Mozilla/5.0 (Windows NT 10.0; Win64; x64) AppleWebKit/537.36 (KHTML, like Gecko) Chrome/111.0.0.0 Safari/537.36"
157.148.59.100 - - [22/Jun/2026:00:52:47 +0800] "GET /news/2165 HTTP/1.1" 200 27580 "-" "Mozilla/5.0 (Windows NT 10.0; Win64; x64) AppleWebKit/537.36 (KHTML, like Gecko) Chrome/111.0.0.0 Safari/537.36"
36.133.115.36 - - [22/Jun/2026:01:36:10 +0800] "POST /wp-cron.php?doing_wp_cron=1782063370.0571610927581787109375 HTTP/1.1" 200 31 "-" "WordPress/7.0; http://cqqizhou.com"
165.154.36.91 - - [22/Jun/2026:01:36:10 +0800] "GET /version HTTP/1.1" 301 5 "-" "-"
165.154.36.91 - - [22/Jun/2026:01:36:13 +0800] "GET / HTTP/1.1" 200 158028 "-" "-"
165.154.36.91 - - [22/Jun/2026:01:36:19 +0800] "GET / HTTP/1.1" 200 158028 "-" "-"
165.154.36.91 - - [22/Jun/2026:01:36:22 +0800] "GET /v1 HTTP/1.1" 301 5 "-" "-"
165.154.36.91 - - [22/Jun/2026:01:36:25 +0800] "GET / HTTP/1.1" 200 158028 "-" "-"
165.154.36.91 - - [22/Jun/2026:01:36:29 +0800] "GET / HTTP/1.1" 200 158028 "-" "Mozilla/5.0 (Windows NT 6.1) AppleWebKit/537.36 (KHTML, like Gecko) Chrome/49.0.2623.112 Safari/537.36"
120.241.127.246 - - [22/Jun/2026:01:42:24 +0800] "GET /about HTTP/1.1" 200 25029 "-" "Mozilla/5.0 (Windows NT 10.0; Win64; x64) AppleWebKit/537.36 (KHTML, like Gecko) Chrome/111.0.0.0 Safari/537.36"
208.84.100.177 - - [22/Jun/2026:01:46:53 +0800] "GET / HTTP/1.1" 200 41076 "-" "Mozilla/5.0 (Windows NT 10.0; Win64; x64; rv:150.0) Gecko/20100101 Firefox/150.0"
36.133.115.36 - - [22/Jun/2026:01:53:07 +0800] "POST /wp-cron.php?doing_wp_cron=1782064387.8300049304962158203125 HTTP/1.1" 200 31 "-" "WordPress/7.0; http://cqqizhou.com"
1.199.167.26 - - [22/Jun/2026:01:53:07 +0800] "GET /sitemap.xml HTTP/1.1" 200 673 "-" "okhttp/3.0"
156.245.205.34 - - [22/Jun/2026:02:00:57 +0800] "GET /s.php HTTP/1.1" 404 47 "-" "Mozilla/5.0 (Windows NT 10.0; WOW64; rv:48.0) Gecko/20100101 Firefox/48.0"
36.133.115.36 - - [22/Jun/2026:02:00:58 +0800] "POST /wp-cron.php?doing_wp_cron=1782064858.8736200332641601562500 HTTP/1.1" 200 31 "-" "WordPress/7.0; http://cqqizhou.com"
156.245.205.34 - - [22/Jun/2026:02:00:58 +0800] "GET /baker.php/ HTTP/1.1" 404 9499 "-" "Mozilla/5.0 (Windows NT 10.0; WOW64; rv:48.0) Gecko/20100101 Firefox/48.0"
36.133.115.36 - - [22/Jun/2026:02:12:16 +0800] "POST /wp-cron.php?doing_wp_cron=1782065536.1047720909118652343750 HTTP/1.1" 200 31 "-" "WordPress/7.0; http://cqqizhou.com"
170.106.163.84 - - [22/Jun/2026:02:12:16 +0800] "GET / HTTP/1.1" 200 35214 "-" "Mozilla/5.0 (iPhone; CPU iPhone OS 13_2_3 like Mac OS X) AppleWebKit/605.1.15 (KHTML, like Gecko) Version/13.0.3 Mobile/15E148 Safari/604.1"
36.133.115.36 - - [22/Jun/2026:02:17:10 +0800] "POST /wp-cron.php?doing_wp_cron=1782065830.3923239707946777343750 HTTP/1.1" 200 31 "-" "WordPress/7.0; http://cqqizhou.com"
183.207.45.99 - - [22/Jun/2026:02:17:10 +0800] "GET / HTTP/1.1" 301 5 "-" "Mozilla/5.0 (Windows NT 10.0; Win64; x64) AppleWebKit/537.36 (KHTML, like Gecko) Chrome/107.0.0.0 Safari/537.36"
183.207.45.99 - - [22/Jun/2026:02:17:10 +0800] "GET / HTTP/1.1" 200 41076 "-" "Mozilla/5.0 (Windows NT 10.0; Win64; x64) AppleWebKit/537.36 (KHTML, like Gecko) Chrome/107.0.0.0 Safari/537.36"
183.207.45.99 - - [22/Jun/2026:02:17:11 +0800] "GET /bug HTTP/1.1" 200 12204 "-" "Mozilla/5.0 (Windows NT 10.0; Win64; x64) AppleWebKit/537.36 (KHTML, like Gecko) Chrome/107.0.0.0 Safari/537.36"
183.207.45.99 - - [22/Jun/2026:02:17:12 +0800] "GET /contacts/ HTTP/1.1" 301 5 "-" "Mozilla/5.0 (Windows NT 10.0; Win64; x64) AppleWebKit/537.36 (KHTML, like Gecko) Chrome/107.0.0.0 Safari/537.36"
183.207.45.99 - - [22/Jun/2026:02:17:13 +0800] "GET /contacts HTTP/1.1" 200 19140 "-" "Mozilla/5.0 (Windows NT 10.0; Win64; x64) AppleWebKit/537.36 (KHTML, like Gecko) Chrome/107.0.0.0 Safari/537.36"
51.222.95.38 - - [22/Jun/2026:02:17:13 +0800] "GET /news/2597 HTTP/1.1" 200 24659 "-" "Mozilla/5.0 (compatible; AhrefsBot/7.0; +http://ahrefs.com/robot/)"
183.207.45.99 - - [22/Jun/2026:02:17:14 +0800] "GET /logistics HTTP/1.1" 200 25855 "-" "Mozilla/5.0 (Windows NT 10.0; Win64; x64) AppleWebKit/537.36 (KHTML, like Gecko) Chrome/107.0.0.0 Safari/537.36"
183.207.45.99 - - [22/Jun/2026:02:17:15 +0800] "GET /services HTTP/1.1" 200 26401 "-" "Mozilla/5.0 (Windows NT 10.0; Win64; x64) AppleWebKit/537.36 (KHTML, like Gecko) Chrome/107.0.0.0 Safari/537.36"
183.207.45.99 - - [22/Jun/2026:02:17:16 +0800] "GET / HTTP/1.1" 301 5 "-" "Mozilla/5.0 (Windows NT 10.0; Win64; x64) AppleWebKit/537.36 (KHTML, like Gecko) Chrome/107.0.0.0 Safari/537.36"
183.207.45.99 - - [22/Jun/2026:02:17:16 +0800] "GET / HTTP/1.1" 200 41076 "-" "Mozilla/5.0 (Windows NT 10.0; Win64; x64) AppleWebKit/537.36 (KHTML, like Gecko) Chrome/107.0.0.0 Safari/537.36"
183.207.45.99 - - [22/Jun/2026:02:17:17 +0800] "GET / HTTP/1.1" 301 5 "-" "Mozilla/5.0 (Windows NT 10.0; Win64; x64) AppleWebKit/537.36 (KHTML, like Gecko) Chrome/107.0.0.0 Safari/537.36"
183.207.45.99 - - [22/Jun/2026:02:17:17 +0800] "GET / HTTP/1.1" 200 41076 "-" "Mozilla/5.0 (Windows NT 10.0; Win64; x64) AppleWebKit/537.36 (KHTML, like Gecko) Chrome/107.0.0.0 Safari/537.36"
183.207.45.99 - - [22/Jun/2026:02:17:18 +0800] "GET / HTTP/1.1" 301 5 "-" "Mozilla/5.0 (Windows NT 10.0; Win64; x64) AppleWebKit/537.36 (KHTML, like Gecko) Chrome/107.0.0.0 Safari/537.36"
183.207.45.99 - - [22/Jun/2026:02:17:18 +0800] "GET / HTTP/1.1" 200 41076 "-" "Mozilla/5.0 (Windows NT 10.0; Win64; x64) AppleWebKit/537.36 (KHTML, like Gecko) Chrome/107.0.0.0 Safari/537.36"
183.207.45.99 - - [22/Jun/2026:02:17:19 +0800] "GET / HTTP/1.1" 301 5 "-" "Mozilla/5.0 (Windows NT 10.0; Win64; x64) AppleWebKit/537.36 (KHTML, like Gecko) Chrome/107.0.0.0 Safari/537.36"
183.207.45.99 - - [22/Jun/2026:02:17:19 +0800] "GET / HTTP/1.1" 200 41076 "-" "Mozilla/5.0 (Windows NT 10.0; Win64; x64) AppleWebKit/537.36 (KHTML, like Gecko) Chrome/107.0.0.0 Safari/537.36"
183.207.45.99 - - [22/Jun/2026:02:17:20 +0800] "GET / HTTP/1.1" 301 5 "-" "Mozilla/5.0 (Windows NT 10.0; Win64; x64) AppleWebKit/537.36 (KHTML, like Gecko) Chrome/107.0.0.0 Safari/537.36"
183.207.45.99 - - [22/Jun/2026:02:17:20 +0800] "GET / HTTP/1.1" 200 41076 "-" "Mozilla/5.0 (Windows NT 10.0; Win64; x64) AppleWebKit/537.36 (KHTML, like Gecko) Chrome/107.0.0.0 Safari/537.36"
183.207.45.99 - - [22/Jun/2026:02:17:21 +0800] "GET /bug HTTP/1.1" 200 12204 "-" "Mozilla/5.0 (Windows NT 10.0; Win64; x64) AppleWebKit/537.36 (KHTML, like Gecko) Chrome/107.0.0.0 Safari/537.36"
183.207.45.99 - - [22/Jun/2026:02:17:22 +0800] "GET /contacts/ HTTP/1.1" 301 5 "-" "Mozilla/5.0 (Windows NT 10.0; Win64; x64) AppleWebKit/537.36 (KHTML, like Gecko) Chrome/107.0.0.0 Safari/537.36"
183.207.45.99 - - [22/Jun/2026:02:17:23 +0800] "GET /contacts HTTP/1.1" 200 19140 "-" "Mozilla/5.0 (Windows NT 10.0; Win64; x64) AppleWebKit/537.36 (KHTML, like Gecko) Chrome/107.0.0.0 Safari/537.36"
183.207.45.99 - - [22/Jun/2026:02:17:24 +0800] "GET /logistics HTTP/1.1" 200 25855 "-" "Mozilla/5.0 (Windows NT 10.0; Win64; x64) AppleWebKit/537.36 (KHTML, like Gecko) Chrome/107.0.0.0 Safari/537.36"
183.207.45.99 - - [22/Jun/2026:02:17:25 +0800] "GET /logistics HTTP/1.1" 200 25854 "-" "Mozilla/5.0 (Windows NT 10.0; Win64; x64) AppleWebKit/537.36 (KHTML, like Gecko) Chrome/107.0.0.0 Safari/537.36"
183.207.45.99 - - [22/Jun/2026:02:17:26 +0800] "GET /2354/ HTTP/1.1" 404 9499 "-" "Mozilla/5.0 (Windows NT 10.0; Win64; x64) AppleWebKit/537.36 (KHTML, like Gecko) Chrome/107.0.0.0 Safari/537.36"
183.207.45.99 - - [22/Jun/2026:02:17:27 +0800] "GET /logistics HTTP/1.1" 200 25855 "-" "Mozilla/5.0 (Windows NT 10.0; Win64; x64) AppleWebKit/537.36 (KHTML, like Gecko) Chrome/107.0.0.0 Safari/537.36"
183.207.45.99 - - [22/Jun/2026:02:17:28 +0800] "GET /process/processing HTTP/1.1" 404 9499 "-" "Mozilla/5.0 (Windows NT 10.0; Win64; x64) AppleWebKit/537.36 (KHTML, like Gecko) Chrome/107.0.0.0 Safari/537.36"
183.207.45.99 - - [22/Jun/2026:02:17:29 +0800] "GET /2388/ HTTP/1.1" 404 9499 "-" "Mozilla/5.0 (Windows NT 10.0; Win64; x64) AppleWebKit/537.36 (KHTML, like Gecko) Chrome/107.0.0.0 Safari/537.36"
183.207.45.99 - - [22/Jun/2026:02:17:30 +0800] "GET /services HTTP/1.1" 200 26402 "-" "Mozilla/5.0 (Windows NT 10.0; Win64; x64) AppleWebKit/537.36 (KHTML, like Gecko) Chrome/107.0.0.0 Safari/537.36"
51.222.95.173 - - [22/Jun/2026:02:21:14 +0800] "GET /wp-content/uploads/2026/06/1781880807-Article_images_W900px.webp HTTP/1.1" 200 25354 "-" "Mozilla/5.0 (compatible; AhrefsBot/7.0; +http://ahrefs.com/robot/)"
36.133.115.36 - - [22/Jun/2026:02:26:23 +0800] "POST /wp-cron.php?doing_wp_cron=1782066383.8386199474334716796875 HTTP/1.1" 200 31 "-" "WordPress/7.0; http://cqqizhou.com"
183.207.45.122 - - [22/Jun/2026:02:26:23 +0800] "GET / HTTP/1.1" 301 5 "-" "Mozilla/5.0 (Windows NT 10.0; Win64; x64) AppleWebKit/537.36 (KHTML, like Gecko) Chrome/59.0.3071.104 Safari/537.36"
183.207.45.122 - - [22/Jun/2026:02:26:24 +0800] "GET / HTTP/1.1" 200 172697 "-" "Mozilla/5.0 (Windows NT 10.0; Win64; x64) AppleWebKit/537.36 (KHTML, like Gecko) Chrome/59.0.3071.104 Safari/537.36"
36.133.115.36 - - [22/Jun/2026:02:37:22 +0800] "POST /wp-cron.php?doing_wp_cron=1782067042.1004030704498291015625 HTTP/1.1" 200 31 "-" "WordPress/7.0; http://cqqizhou.com"
216.244.66.245 - - [22/Jun/2026:02:37:22 +0800] "GET /robots.txt HTTP/1.1" 200 390 "-" "Mozilla/5.0 (compatible; DotBot/1.2; +https://opensiteexplorer.org/dotbot; help@moz.com)"
36.133.115.36 - - [22/Jun/2026:02:40:25 +0800] "POST /wp-cron.php?doing_wp_cron=1782067225.5784590244293212890625 HTTP/1.1" 200 31 "-" "WordPress/7.0; http://cqqizhou.com"
43.133.187.11 - - [22/Jun/2026:02:40:25 +0800] "GET / HTTP/1.1" 200 35215 "-" "Mozilla/5.0 (iPhone; CPU iPhone OS 13_2_3 like Mac OS X) AppleWebKit/605.1.15 (KHTML, like Gecko) Version/13.0.3 Mobile/15E148 Safari/604.1"
216.244.66.245 - - [22/Jun/2026:02:45:57 +0800] "GET /wp-content/uploads/2025/07/1750649179-qizhou1920x1080_1.webp HTTP/1.1" 200 172154 "-" "Mozilla/5.0 (compatible; DotBot/1.2; +https://opensiteexplorer.org/dotbot; help@moz.com)"
124.118.77.125 - - [22/Jun/2026:02:45:58 +0800] "GET /wp-content/uploads/2026/01/1768527484-Article_images_W900%C3%97500px202601163.webp HTTP/1.1" 206 2 "-" "Mozilla/5.0 (Macintosh; Intel Mac OS X 10_15_7) AppleWebKit/537.36 (KHTML, like Gecko) Chrome/126.0.0.0 Safari/537.36"
124.118.77.125 - - [22/Jun/2026:02:46:12 +0800] "GET http://cqqizhou.com/wp-content/uploads/2026/01/1768527484-Article_images_W900%C3%97500px202601163.webp HTTP/1.1" 200 79498 "-" "Mozilla/5.0 (Macintosh; Intel Mac OS X 10_15_7) AppleWebKit/537.36 (KHTML, like Gecko) Chrome/94.0.4606.81 Safari/537.36 Edg/94.0.4606.81"
36.133.115.36 - - [22/Jun/2026:02:59:08 +0800] "POST /wp-cron.php?doing_wp_cron=1782068348.6343460083007812500000 HTTP/1.1" 200 31 "-" "WordPress/7.0; http://cqqizhou.com"
43.134.98.88 - - [22/Jun/2026:02:59:08 +0800] "GET / HTTP/1.1" 301 5 "-" "Mozilla/5.0 (iPhone; CPU iPhone OS 13_2_3 like Mac OS X) AppleWebKit/605.1.15 (KHTML, like Gecko) Version/13.0.3 Mobile/15E148 Safari/604.1"
43.134.98.88 - - [22/Jun/2026:02:59:10 +0800] "GET / HTTP/1.1" 200 35216 "http://www.cqqizhou.com" "Mozilla/5.0 (iPhone; CPU iPhone OS 13_2_3 like Mac OS X) AppleWebKit/605.1.15 (KHTML, like Gecko) Version/13.0.3 Mobile/15E148 Safari/604.1"
36.133.115.36 - - [22/Jun/2026:03:01:21 +0800] "POST /wp-cron.php?doing_wp_cron=1782068481.5771830081939697265625 HTTP/1.1" 200 31 "-" "WordPress/7.0; http://cqqizhou.com"
129.211.172.249 - - [22/Jun/2026:03:01:21 +0800] "GET / HTTP/1.1" 301 5 "-" "Mozilla/5.0 (iPhone; CPU iPhone OS 13_2_3 like Mac OS X) AppleWebKit/605.1.15 (KHTML, like Gecko) Version/13.0.3 Mobile/15E148 Safari/604.1"
129.211.172.249 - - [22/Jun/2026:03:01:23 +0800] "GET / HTTP/1.1" 200 35216 "http://www.cqqizhou.com" "Mozilla/5.0 (iPhone; CPU iPhone OS 13_2_3 like Mac OS X) AppleWebKit/605.1.15 (KHTML, like Gecko) Version/13.0.3 Mobile/15E148 Safari/604.1"
36.133.115.36 - - [22/Jun/2026:03:10:55 +0800] "POST /wp-cron.php?doing_wp_cron=1782069055.5754330158233642578125 HTTP/1.1" 200 31 "-" "WordPress/7.0; http://cqqizhou.com"
115.159.33.43 - - [22/Jun/2026:03:10:55 +0800] "GET / HTTP/1.1" 301 5 "-" "Mozilla/5.0 (Windows NT 10.0; Win64; x64) AppleWebKit/537.36 (KHTML, like Gecko) Chrome/79.0.3945.117 Safari/537.36"
36.133.115.36 - - [22/Jun/2026:03:46:57 +0800] "POST /wp-cron.php?doing_wp_cron=1782071217.5175399780273437500000 HTTP/1.1" 200 31 "-" "WordPress/7.0; http://cqqizhou.com"
203.154.14.18 - - [22/Jun/2026:03:46:57 +0800] "GET / HTTP/1.1" 200 158028 "-" "-"
221.225.23.200 - - [22/Jun/2026:04:05:55 +0800] "GET / HTTP/1.1" 200 41076 "-" "Mozilla/5.0 (Macintosh; Intel Mac OS X 10_15_7) AppleWebKit/537.36 (KHTML, like Gecko) Chrome/106.0.0.0 Safari/537.36"
18.118.122.82 - - [22/Jun/2026:04:08:33 +0800] "GET / HTTP/1.1" 200 41076 "-" "Mozilla/5.0 (Windows NT 10.0; Win64; x64) AppleWebKit/537.36 (KHTML, like Gecko) Chrome/146.0.7423.12 Safari/537.36"
18.118.122.82 - - [22/Jun/2026:04:08:35 +0800] "GET /robots.txt HTTP/1.1" 200 190 "-" "python-requests/2.31.0"
36.133.115.36 - - [22/Jun/2026:04:08:35 +0800] "POST /wp-cron.php?doing_wp_cron=1782072515.2672600746154785156250 HTTP/1.1" 200 31 "-" "WordPress/7.0; http://cqqizhou.com"
18.118.122.82 - - [22/Jun/2026:04:08:35 +0800] "GET /robots.txt HTTP/1.1" 200 190 "-" "python-requests/2.31.0"
18.118.122.82 - - [22/Jun/2026:04:08:36 +0800] "GET /contacts HTTP/1.1" 200 22096 "-" "Mozilla/5.0 (Windows NT 10.0; Win64; x64) AppleWebKit/537.36 (KHTML, like Gecko) Chrome/146.0.7423.12 Safari/537.36"
18.118.122.82 - - [22/Jun/2026:04:08:36 +0800] "GET /ads.txt HTTP/1.1" 200 25989 "-" "python-requests/2.31.0"
18.118.122.82 - - [22/Jun/2026:04:08:37 +0800] "GET /contacts/ HTTP/1.1" 301 5 "-" "Mozilla/5.0 (Windows NT 10.0; Win64; x64) AppleWebKit/537.36 (KHTML, like Gecko) Chrome/146.0.7423.12 Safari/537.36"
18.118.122.82 - - [22/Jun/2026:04:08:38 +0800] "GET /contacts HTTP/1.1" 200 22096 "-" "Mozilla/5.0 (Windows NT 10.0; Win64; x64) AppleWebKit/537.36 (KHTML, like Gecko) Chrome/146.0.7423.12 Safari/537.36"
18.118.122.82 - - [22/Jun/2026:04:08:39 +0800] "GET /about HTTP/1.1" 200 25029 "-" "Mozilla/5.0 (Windows NT 10.0; Win64; x64) AppleWebKit/537.36 (KHTML, like Gecko) Chrome/146.0.7423.12 Safari/537.36"
36.133.115.36 - - [22/Jun/2026:04:09:12 +0800] "POST /wp-cron.php?doing_wp_cron=1782072552.0995891094207763671875 HTTP/1.1" 200 31 "-" "WordPress/7.0; http://cqqizhou.com"
216.244.66.245 - - [22/Jun/2026:04:09:12 +0800] "GET /robots.txt HTTP/1.1" 200 390 "-" "Mozilla/5.0 (compatible; DotBot/1.2; +https://opensiteexplorer.org/dotbot; help@moz.com)"
36.133.115.36 - - [22/Jun/2026:04:12:40 +0800] "POST /wp-cron.php?doing_wp_cron=1782072760.0092620849609375000000 HTTP/1.1" 200 31 "-" "WordPress/7.0; http://cqqizhou.com"
66.249.79.6 - - [22/Jun/2026:04:12:40 +0800] "GET /robots.txt HTTP/1.1" 200 190 "-" "Mozilla/5.0 (compatible; Googlebot/2.1; +http://www.google.com/bot.html)"
66.249.79.5 - - [22/Jun/2026:04:12:41 +0800] "GET /news/2420 HTTP/1.1" 200 20022 "-" "Mozilla/5.0 (Linux; Android 6.0.1; Nexus 5X Build/MMB29P) AppleWebKit/537.36 (KHTML, like Gecko) Chrome/148.0.7778.96 Mobile Safari/537.36 (compatible; Googlebot/2.1; +http://www.google.com/bot.html)"
124.238.142.181 - - [22/Jun/2026:04:14:28 +0800] "GET http://cqqizhou.com/wp-content/uploads/2026/02/1769999335-17.5%E7%B1%B3%E5%B9%B3%E6%9D%BF%E8%B4%A7%E8%BD%A6.webp HTTP/1.1" 200 56978 "http://cqqizhou.com/" "Mozilla/5.0 (Windows NT 10.0; Win64; x64) AppleWebKit/537.36 (KHTML, like Gecko) Chrome/104.0.5112.81 Safari/537.36"
36.133.115.36 - - [22/Jun/2026:04:14:44 +0800] "POST /wp-cron.php?doing_wp_cron=1782072884.4543290138244628906250 HTTP/1.1" 200 31 "-" "WordPress/7.0; http://cqqizhou.com"
43.157.172.39 - - [22/Jun/2026:04:14:44 +0800] "GET / HTTP/1.1" 301 5 "-" "Mozilla/5.0 (iPhone; CPU iPhone OS 13_2_3 like Mac OS X) AppleWebKit/605.1.15 (KHTML, like Gecko) Version/13.0.3 Mobile/15E148 Safari/604.1"
43.157.172.39 - - [22/Jun/2026:04:14:47 +0800] "GET / HTTP/1.1" 200 35216 "http://36.133.115.36" "Mozilla/5.0 (iPhone; CPU iPhone OS 13_2_3 like Mac OS X) AppleWebKit/605.1.15 (KHTML, like Gecko) Version/13.0.3 Mobile/15E148 Safari/604.1"
36.133.115.36 - - [22/Jun/2026:04:16:06 +0800] "POST /wp-cron.php?doing_wp_cron=1782072966.5104329586029052734375 HTTP/1.1" 200 31 "-" "WordPress/7.0; http://cqqizhou.com"
216.244.66.245 - - [22/Jun/2026:04:16:07 +0800] "GET /media/4 HTTP/1.1" 200 120229 "-" "Mozilla/5.0 (compatible; DotBot/1.2; +https://opensiteexplorer.org/dotbot; help@moz.com)"
180.153.197.239 - - [22/Jun/2026:04:27:19 +0800] "GET /robots.txt HTTP/1.1" 200 190 "http://cqqizhou.com/robots.txt" "Mozilla/5.0 (Macintosh; Intel Mac OS X 10_15_7) AppleWebKit/537.36 (KHTML, like Gecko) Chrome/123.0.0.0 Safari/537.36"
36.133.115.36 - - [22/Jun/2026:04:27:19 +0800] "POST /wp-cron.php?doing_wp_cron=1782073639.0451560020446777343750 HTTP/1.1" 200 31 "-" "WordPress/7.0; http://cqqizhou.com"
180.153.197.32 - - [22/Jun/2026:04:27:19 +0800] "GET /robots.txt HTTP/1.1" 200 190 "http://cqqizhou.com/robots.txt" "Mozilla/5.0 (Macintosh; Intel Mac OS X 10_15_7) AppleWebKit/537.36 (KHTML, like Gecko) Chrome/123.0.0.0 Safari/537.36"
180.153.236.28 - - [22/Jun/2026:04:28:21 +0800] "GET / HTTP/1.1" 200 41076 "http://cqqizhou.com/" "User-Agent:Mozilla/5.0 (Windows NT 10.0; Win64; x64) AppleWebKit/537.36 (KHTML, like Gecko) Chrome/140.0.0.0 Safari/537.36 Edg/140.0.0.0; 360Spider"
36.133.115.36 - - [22/Jun/2026:04:38:31 +0800] "POST /wp-cron.php?doing_wp_cron=1782074311.0168929100036621093750 HTTP/1.1" 200 31 "-" "WordPress/7.0; http://cqqizhou.com"
112.34.110.149 - - [22/Jun/2026:04:38:31 +0800] "GET / HTTP/1.1" 301 5 "http://www.baidu.com/" "Mozilla/5.0 (iPhone; CPU iPhone OS 16_6 like Mac OS X) AppleWebKit/605.1.15 (KHTML, like Gecko) Version/16.6 Mobile/15E148 Safari/604.1"
112.34.110.149 - - [22/Jun/2026:04:38:32 +0800] "GET / HTTP/1.1" 200 35215 "http://www.baidu.com/" "Mozilla/5.0 (iPhone; CPU iPhone OS 16_6 like Mac OS X) AppleWebKit/605.1.15 (KHTML, like Gecko) Version/16.6 Mobile/15E148 Safari/604.1"
36.133.115.36 - - [22/Jun/2026:04:40:50 +0800] "POST /wp-cron.php?doing_wp_cron=1782074450.3173220157623291015625 HTTP/1.1" 200 31 "-" "WordPress/7.0; http://cqqizhou.com"
112.90.14.49 - - [22/Jun/2026:04:40:50 +0800] "GET /portfolio/%e5%86%b7%e8%bd%a7%e5%8d%b7/ HTTP/1.1" 301 5 "-" "Mozilla/5.0 (Windows NT 10.0; Win64; x64) AppleWebKit/537.36 (KHTML, like Gecko) Chrome/112.0.0.0 Safari/537.36"
120.241.209.164 - - [22/Jun/2026:04:41:02 +0800] "GET /portfolio/%e5%86%b7%e8%bd%a7%e5%8d%b7/ HTTP/1.1" 301 5 "-" "Mozilla/5.0 (Windows NT 10.0; Win64; x64) AppleWebKit/537.36 (KHTML, like Gecko) Chrome/131.0.0.0 Safari/537.36"
120.241.209.164 - - [22/Jun/2026:04:41:04 +0800] "GET /news/portfolio/%e5%86%b7%e8%bd%a7%e5%8d%b7 HTTP/1.1" 200 22741 "http://cqqizhou.com/portfolio/%e5%86%b7%e8%bd%a7%e5%8d%b7/" "Mozilla/5.0 (Windows NT 10.0; Win64; x64) AppleWebKit/537.36 (KHTML, like Gecko) Chrome/131.0.0.0 Safari/537.36"
112.90.2.175 - - [22/Jun/2026:04:46:15 +0800] "GET /contacts HTTP/1.1" 200 22096 "-" "Mozilla/5.0 (Windows NT 10.0; Win64; x64) AppleWebKit/537.36 (KHTML, like Gecko) Chrome/110.0.0.0 Safari/537.36"
36.133.115.36 - - [22/Jun/2026:04:46:26 +0800] "POST /wp-cron.php?doing_wp_cron=1782074786.0279040336608886718750 HTTP/1.1" 200 31 "-" "WordPress/7.0; http://cqqizhou.com"
14.29.109.94 - - [22/Jun/2026:04:46:26 +0800] "GET /portfolio/pickled-coil/ HTTP/1.1" 301 5 "-" "Mozilla/5.0 (Windows NT 10.0; Win64; x64) AppleWebKit/537.36 (KHTML, like Gecko) Chrome/133.0.0.0 Safari/537.36"
14.29.109.116 - - [22/Jun/2026:04:46:27 +0800] "GET /wp-json/contact-form-7/v1/contact-forms/158/refill HTTP/1.1" 200 33 "http://cqqizhou.com/contacts" "Mozilla/5.0 (Windows NT 10.0; Win64; x64) AppleWebKit/537.36 (KHTML, like Gecko) Chrome/110.0.0.0 Safari/537.36"
14.29.109.116 - - [22/Jun/2026:04:46:32 +0800] "GET /portfolio/pickled-coil/ HTTP/1.1" 301 5 "-" "Mozilla/5.0 (Windows NT 10.0; Win64; x64) AppleWebKit/537.36 (KHTML, like Gecko) Chrome/106.0.5249.119 Safari/537.36"
14.29.109.94 - - [22/Jun/2026:04:46:42 +0800] "GET /news/portfolio/pickled-coil HTTP/1.1" 200 22803 "http://cqqizhou.com/portfolio/pickled-coil/" "Mozilla/5.0 (Windows NT 10.0; Win64; x64) AppleWebKit/537.36 (KHTML, like Gecko) Chrome/133.0.0.0 Safari/537.36"
106.112.213.11 - - [22/Jun/2026:04:46:44 +0800] "GET /portfolio/pickled-coil/ HTTP/1.1" 301 5 "-" "Mozilla/5.0 (Windows NT 10.0; Win64; x64) AppleWebKit/537.36 (KHTML, like Gecko) Chrome/133.0.0.0 Safari/537.36"
106.112.213.11 - - [22/Jun/2026:04:46:44 +0800] "GET /news/portfolio/pickled-coil HTTP/1.1" 200 22823 "http://cqqizhou.com/portfolio/pickled-coil/" "Mozilla/5.0 (Windows NT 10.0; Win64; x64) AppleWebKit/537.36 (KHTML, like Gecko) Chrome/133.0.0.0 Safari/537.36"
36.133.115.36 - - [22/Jun/2026:04:53:31 +0800] "POST /wp-cron.php?doing_wp_cron=1782075211.9489080905914306640625 HTTP/1.1" 200 31 "-" "WordPress/7.0; http://cqqizhou.com"
203.154.14.18 - - [22/Jun/2026:04:53:32 +0800] "GET / HTTP/1.1" 200 158028 "-" "-"
36.133.115.36 - - [22/Jun/2026:04:54:42 +0800] "POST /wp-cron.php?doing_wp_cron=1782075282.0350680351257324218750 HTTP/1.1" 200 31 "-" "WordPress/7.0; http://cqqizhou.com"
216.244.66.245 - - [22/Jun/2026:04:54:42 +0800] "GET /robots.txt HTTP/1.1" 200 390 "-" "Mozilla/5.0 (compatible; DotBot/1.2; +https://opensiteexplorer.org/dotbot; help@moz.com)"
36.133.115.36 - - [22/Jun/2026:05:01:44 +0800] "POST /wp-cron.php?doing_wp_cron=1782075704.5625538825988769531250 HTTP/1.1" 200 31 "-" "WordPress/7.0; http://cqqizhou.com"
216.244.66.245 - - [22/Jun/2026:05:01:44 +0800] "GET /news/2354 HTTP/1.1" 200 87161 "-" "Mozilla/5.0 (compatible; DotBot/1.2; +https://opensiteexplorer.org/dotbot; help@moz.com)"
216.244.66.245 - - [22/Jun/2026:05:03:07 +0800] "GET /wp-content/uploads/2025/07/1750649200-qizhou1920x1080_7.webp HTTP/1.1" 200 238866 "-" "Mozilla/5.0 (compatible; DotBot/1.2; +https://opensiteexplorer.org/dotbot; help@moz.com)"
36.133.115.36 - - [22/Jun/2026:05:29:24 +0800] "POST /wp-cron.php?doing_wp_cron=1782077364.5380880832672119140625 HTTP/1.1" 200 31 "-" "WordPress/7.0; http://cqqizhou.com"
195.178.110.42 - - [22/Jun/2026:05:29:24 +0800] "GET / HTTP/1.1" 200 35216 "-" "Mozilla/5.0 (Windows NT 10.0; Win64; x64) AppleWebKit/537.36 (KHTML, like Gecko) Chrome/90.0.4430.85 Safari/537.36 Edg/90.0.818.46"
36.133.115.36 - - [22/Jun/2026:05:41:27 +0800] "POST /wp-cron.php?doing_wp_cron=1782078087.7115330696105957031250 HTTP/1.1" 200 31 "-" "WordPress/7.0; http://cqqizhou.com"
119.84.246.117 - - [22/Jun/2026:05:41:27 +0800] "GET / HTTP/1.1" 301 5 "-" "-"
119.84.246.117 - - [22/Jun/2026:05:41:27 +0800] "GET / HTTP/1.1" 200 172697 "-" "-"
119.84.246.117 - - [22/Jun/2026:05:41:29 +0800] "GET / HTTP/1.1" 301 5 "-" "Mozilla/5.0 (Windows NT 6.1; WOW64; rv:12.0) Gecko/20100101 Firefox/12.0"
119.84.246.117 - - [22/Jun/2026:05:41:29 +0800] "GET / HTTP/1.1" 200 41076 "-" "Mozilla/5.0 (Windows NT 6.1; WOW64; rv:12.0) Gecko/20100101 Firefox/12.0"
119.84.246.117 - - [22/Jun/2026:05:41:30 +0800] "GET /wp-content/uploads/2025/07/1751425283-qizhou.kf_.qq_.com_.webp HTTP/1.1" 200 16864 "http://cqqizhou.com/" "Mozilla/5.0 (Windows NT 6.1; WOW64; rv:12.0) Gecko/20100101 Firefox/12.0"
119.84.246.117 - - [22/Jun/2026:05:41:30 +0800] "GET /wp-content/uploads/2025/07/1753453096-%E5%8F%8C%E7%9B%B8%E9%92%A2product_Single600%C3%97284.webp HTTP/1.1" 200 14562 "http://cqqizhou.com/" "Mozilla/5.0 (Windows NT 6.1; WOW64; rv:12.0) Gecko/20100101 Firefox/12.0"
119.84.246.117 - - [22/Jun/2026:05:41:30 +0800] "GET /wp-content/uploads/2025/07/1753456770-%E7%83%AD%E9%95%80%E9%94%8C%E5%8D%B7product_Single600.webp HTTP/1.1" 200 27502 "http://cqqizhou.com/" "Mozilla/5.0 (Windows NT 6.1; WOW64; rv:12.0) Gecko/20100101 Firefox/12.0"
119.84.246.117 - - [22/Jun/2026:05:41:30 +0800] "GET /wp-content/uploads/2025/07/1753453127-%E4%BD%99%E5%8D%B7product_Single600%C3%97284.webp HTTP/1.1" 200 18744 "http://cqqizhou.com/" "Mozilla/5.0 (Windows NT 6.1; WOW64; rv:12.0) Gecko/20100101 Firefox/12.0"
119.84.246.117 - - [22/Jun/2026:05:41:30 +0800] "GET /wp-content/uploads/2026/06/1781880807-Article_images_W900px.webp HTTP/1.1" 200 25354 "http://cqqizhou.com/" "Mozilla/5.0 (Windows NT 6.1; WOW64; rv:12.0) Gecko/20100101 Firefox/12.0"
119.84.246.117 - - [22/Jun/2026:05:41:30 +0800] "GET /wp-content/uploads/2026/06/1780363378-1Article_images_W900px.webp HTTP/1.1" 200 62100 "http://cqqizhou.com/" "Mozilla/5.0 (Windows NT 6.1; WOW64; rv:12.0) Gecko/20100101 Firefox/12.0"
119.84.246.117 - - [22/Jun/2026:05:41:30 +0800] "GET /wp-content/uploads/2026/06/1780362799-1Article_images_W900px.webp HTTP/1.1" 200 61690 "http://cqqizhou.com/" "Mozilla/5.0 (Windows NT 6.1; WOW64; rv:12.0) Gecko/20100101 Firefox/12.0"
119.84.246.117 - - [22/Jun/2026:05:41:30 +0800] "GET /wp-content/uploads/2026/05/1779957408-1Article_images_W900px.webp HTTP/1.1" 200 36526 "http://cqqizhou.com/" "Mozilla/5.0 (Windows NT 6.1; WOW64; rv:12.0) Gecko/20100101 Firefox/12.0"
119.84.246.117 - - [22/Jun/2026:05:41:30 +0800] "GET /wp-content/uploads/2026/05/1779925245-Article_images_W900px.webp HTTP/1.1" 200 27996 "http://cqqizhou.com/" "Mozilla/5.0 (Windows NT 6.1; WOW64; rv:12.0) Gecko/20100101 Firefox/12.0"
119.84.246.117 - - [22/Jun/2026:05:41:30 +0800] "GET /wp-content/uploads/2025/07/1753456723-%E5%8F%8C%E7%9B%B8%E9%92%A2roduct_Single600.webp HTTP/1.1" 200 22790 "http://cqqizhou.com/" "Mozilla/5.0 (Windows NT 6.1; WOW64; rv:12.0) Gecko/20100101 Firefox/12.0"
36.133.115.36 - - [22/Jun/2026:05:47:44 +0800] "POST /wp-cron.php?doing_wp_cron=1782078464.9546139240264892578125 HTTP/1.1" 200 31 "-" "WordPress/7.0; http://cqqizhou.com"
157.148.43.72 - - [22/Jun/2026:05:47:44 +0800] "GET /2153/ HTTP/1.1" 301 5 "-" "Mozilla/5.0 (Windows NT 10.0; Win64; x64) AppleWebKit/537.36 (KHTML, like Gecko) Chrome/111.0.0.0 Safari/537.36"
120.233.109.123 - - [22/Jun/2026:05:47:45 +0800] "GET /news/2153 HTTP/1.1" 200 25084 "-" "Mozilla/5.0 (Windows NT 10.0; Win64; x64) AppleWebKit/537.36 (KHTML, like Gecko) Chrome/111.0.0.0 Safari/537.36"
36.133.115.36 - - [22/Jun/2026:05:57:24 +0800] "POST /wp-cron.php?doing_wp_cron=1782079044.1939749717712402343750 HTTP/1.1" 200 31 "-" "WordPress/7.0; http://cqqizhou.com"
8.230.98.179 - - [22/Jun/2026:05:57:24 +0800] "HEAD /wp/ HTTP/1.1" 404 0 "-" "Mozilla/5.0 (iPad; CPU OS 17_4 like Mac OS X) AppleWebKit/605.1.15 (KHTML, like Gecko) Version/17.4 Mobile/15E148 Safari/604.1"
8.230.98.179 - - [22/Jun/2026:05:57:25 +0800] "HEAD /new/ HTTP/1.1" 301 0 "-" "Mozilla/5.0 (Macintosh; Intel Mac OS X 13_5) AppleWebKit/605.1.15 (KHTML, like Gecko) Version/16.5 Safari/605.1.15"
8.230.98.179 - - [22/Jun/2026:05:57:25 +0800] "HEAD /news HTTP/1.1" 200 0 "http://cqqizhou.com/new/" "Mozilla/5.0 (Macintosh; Intel Mac OS X 13_5) AppleWebKit/605.1.15 (KHTML, like Gecko) Version/16.5 Safari/605.1.15"
8.230.98.179 - - [22/Jun/2026:05:57:26 +0800] "HEAD / HTTP/1.1" 200 0 "-" "Mozilla/5.0 (Linux; Android 14; OnePlus 12) AppleWebKit/537.36 (KHTML, like Gecko) Chrome/125.0.6422.102 Mobile Safari/537.36"
8.230.98.179 - - [22/Jun/2026:05:57:27 +0800] "HEAD /blog/ HTTP/1.1" 404 0 "-" "Mozilla/5.0 (Linux; Android 14; Samsung SM-A546B) AppleWebKit/537.36 (KHTML, like Gecko) Chrome/126.0.6478.14 Mobile Safari/537.36"
8.230.98.179 - - [22/Jun/2026:05:57:28 +0800] "HEAD /old/ HTTP/1.1" 404 0 "-" "Mozilla/5.0 (Linux; Android 11; RMX2195) AppleWebKit/537.36 (KHTML, like Gecko) Chrome/120.0.6099.210 Mobile Safari/537.36 OPR/75.2.3995.72468"
8.230.98.179 - - [22/Jun/2026:05:57:29 +0800] "HEAD /wordpress/ HTTP/1.1" 404 0 "-" "Mozilla/5.0 (iPhone; CPU iPhone OS 17_5 like Mac OS X) AppleWebKit/605.1.15 (KHTML, like Gecko) Version/17.5 Mobile/15E148 Safari/604.1"
8.230.98.179 - - [22/Jun/2026:05:57:30 +0800] "HEAD /backup/ HTTP/1.1" 404 0 "-" "Mozilla/5.0 (Linux; Android 13; Nokia G42 5G) AppleWebKit/537.36 (KHTML, like Gecko) Chrome/126.0.6478.41 Mobile Safari/537.36"
36.133.115.36 - - [22/Jun/2026:06:20:03 +0800] "POST /wp-cron.php?doing_wp_cron=1782080403.7622170448303222656250 HTTP/1.1" 200 31 "-" "WordPress/7.0; http://cqqizhou.com"
49.51.204.74 - - [22/Jun/2026:06:20:03 +0800] "GET / HTTP/1.1" 200 35215 "-" "Mozilla/5.0 (iPhone; CPU iPhone OS 13_2_3 like Mac OS X) AppleWebKit/605.1.15 (KHTML, like Gecko) Version/13.0.3 Mobile/15E148 Safari/604.1"
36.133.115.36 - - [22/Jun/2026:06:24:31 +0800] "POST /wp-cron.php?doing_wp_cron=1782080671.0527989864349365234375 HTTP/1.1" 200 31 "-" "WordPress/7.0; http://cqqizhou.com"
216.244.66.245 - - [22/Jun/2026:06:24:31 +0800] "GET /robots.txt HTTP/1.1" 200 390 "-" "Mozilla/5.0 (compatible; DotBot/1.2; +https://opensiteexplorer.org/dotbot; help@moz.com)"
216.244.66.245 - - [22/Jun/2026:06:32:22 +0800] "GET /news/2155 HTTP/1.1" 200 97419 "-" "Mozilla/5.0 (compatible; DotBot/1.2; +https://opensiteexplorer.org/dotbot; help@moz.com)"
36.133.115.36 - - [22/Jun/2026:06:32:55 +0800] "POST /wp-cron.php?doing_wp_cron=1782081175.0515160560607910156250 HTTP/1.1" 200 31 "-" "WordPress/7.0; http://cqqizhou.com"
216.244.66.245 - - [22/Jun/2026:06:32:55 +0800] "GET /news/portfolio-category/pickled-coil HTTP/1.1" 200 76289 "-" "Mozilla/5.0 (compatible; DotBot/1.2; +https://opensiteexplorer.org/dotbot; help@moz.com)"
36.133.115.36 - - [22/Jun/2026:06:48:09 +0800] "POST /wp-cron.php?doing_wp_cron=1782082089.5345420837402343750000 HTTP/1.1" 200 31 "-" "WordPress/7.0; http://cqqizhou.com"
43.134.111.60 - - [22/Jun/2026:06:48:09 +0800] "GET / HTTP/1.1" 301 5 "-" "Mozilla/5.0 (iPhone; CPU iPhone OS 13_2_3 like Mac OS X) AppleWebKit/605.1.15 (KHTML, like Gecko) Version/13.0.3 Mobile/15E148 Safari/604.1"
43.134.111.60 - - [22/Jun/2026:06:48:11 +0800] "GET / HTTP/1.1" 200 35214 "http://www.cqqizhou.com" "Mozilla/5.0 (iPhone; CPU iPhone OS 13_2_3 like Mac OS X) AppleWebKit/605.1.15 (KHTML, like Gecko) Version/13.0.3 Mobile/15E148 Safari/604.1"
189.84.238.246 - - [22/Jun/2026:06:54:37 +0800] "GET /admin/config.php HTTP/1.0" 404 16 "-" "Mozilla/5.0 (Windows NT 10.0; Win64; x64; rv:110.0) Gecko/20100101 Firefox/110.0"
62.141.44.236 - - [22/Jun/2026:07:03:33 +0800] "GET / HTTP/1.1" 200 41076 "-" "Mozilla/5.0 (Windows NT 10.0; Win64; x64) AppleWebKit/537.36 (KHTML, like Gecko) Chrome/91.0.4472.114 Safari/537.36 Edg/91.0.864.54"
116.179.32.226 - - [22/Jun/2026:07:09:38 +0800] "GET /contacts HTTP/1.1" 200 22096 "-" "Mozilla/5.0 (compatible; Baiduspider/2.0; +http://www.baidu.com/search/spider.html)"
36.133.115.36 - - [22/Jun/2026:07:09:39 +0800] "POST /wp-cron.php?doing_wp_cron=1782083379.1939480304718017578125 HTTP/1.1" 200 31 "-" "WordPress/7.0; http://cqqizhou.com"
220.181.108.159 - - [22/Jun/2026:07:09:39 +0800] "GET /2388/ HTTP/1.1" 301 5 "-" "Mozilla/5.0 (compatible; Baiduspider/2.0; +http://www.baidu.com/search/spider.html)"
220.181.108.177 - - [22/Jun/2026:07:09:39 +0800] "GET /news/2388 HTTP/1.1" 200 25105 "-" "Mozilla/5.0 (compatible; Baiduspider/2.0; +http://www.baidu.com/search/spider.html)"
116.179.37.104 - - [22/Jun/2026:07:09:41 +0800] "GET /wp-content/uploads/2025/12/1766647829-Article_images_202512251.webp HTTP/1.1" 200 53246 "http://cqqizhou.com/news/2388" "Mozilla/5.0 (compatible; Baiduspider-render/2.0; +http://www.baidu.com/search/spider.html)"
116.179.37.115 - - [22/Jun/2026:07:09:41 +0800] "GET /wp-content/uploads/2025/12/1766647830-Article_images_202512252.webp HTTP/1.1" 200 84832 "http://cqqizhou.com/news/2388" "Mozilla/5.0 (compatible; Baiduspider-render/2.0; +http://www.baidu.com/search/spider.html)"
116.179.37.188 - - [22/Jun/2026:07:09:43 +0800] "GET /wp-content/uploads/2025/07/1750005875-qizhou_map2025616.webp HTTP/1.1" 200 348798 "http://cqqizhou.com/contacts" "Mozilla/5.0 (compatible; Baiduspider-render/2.0; +http://www.baidu.com/search/spider.html)"
116.179.37.40 - - [22/Jun/2026:07:09:43 +0800] "GET /wp-content/uploads/2025/11/1762826323-Contacts2000x400_20251111.webp HTTP/1.1" 200 15144 "http://cqqizhou.com/contacts" "Mozilla/5.0 (compatible; Baiduspider-render/2.0; +http://www.baidu.com/search/spider.html)"
87.199.199.98 - - [22/Jun/2026:07:34:02 +0800] "GET / HTTP/1.1" 200 41076 "-" "WebScraperBot/0.1 (+domain-check)"
36.133.115.36 - - [22/Jun/2026:07:34:03 +0800] "POST /wp-cron.php?doing_wp_cron=1782084843.4452660083770751953125 HTTP/1.1" 200 31 "-" "WordPress/7.0; http://cqqizhou.com"
87.199.199.98 - - [22/Jun/2026:07:34:03 +0800] "GET /robots.txt HTTP/1.1" 200 190 "-" "WebScraperBot/0.1 (+domain-check)"
87.199.199.98 - - [22/Jun/2026:07:34:04 +0800] "GET /sitemap.xml HTTP/1.1" 200 673 "-" "WebScraperBot/0.1 (+domain-check)"
87.199.199.98 - - [22/Jun/2026:07:34:05 +0800] "GET /wp-sitemap.xml HTTP/1.1" 501 253 "-" "WebScraperBot/0.1 (+domain-check)"
87.199.199.98 - - [22/Jun/2026:07:34:06 +0800] "GET /feed HTTP/1.1" 200 42813 "-" "WebScraperBot/0.1 (+domain-check)"
36.133.115.36 - - [22/Jun/2026:07:34:08 +0800] "POST /wp-cron.php?doing_wp_cron=1782084848.4473528861999511718750 HTTP/1.1" 200 31 "-" "WordPress/7.0; http://cqqizhou.com"
87.199.199.98 - - [22/Jun/2026:07:34:08 +0800] "GET /comments/feed HTTP/1.1" 200 703 "-" "WebScraperBot/0.1 (+domain-check)"
87.199.199.98 - - [22/Jun/2026:07:34:09 +0800] "GET /wp-json/oembed/1.0/embed?url=http%3A%2F%2Fcqqizhou.com%2F HTTP/1.1" 200 1094 "-" "WebScraperBot/0.1 (+domain-check)"
87.199.199.98 - - [22/Jun/2026:07:34:15 +0800] "GET / HTTP/1.1" 200 41076 "-" "WebScraperBot/0.1 (+domain-check)"
87.199.199.98 - - [22/Jun/2026:07:34:16 +0800] "GET /about HTTP/1.1" 200 25029 "-" "WebScraperBot/0.1 (+domain-check)"
87.199.199.98 - - [22/Jun/2026:07:34:17 +0800] "GET /services HTTP/1.1" 200 26713 "-" "WebScraperBot/0.1 (+domain-check)"
87.199.199.98 - - [22/Jun/2026:07:34:17 +0800] "GET /logistics HTTP/1.1" 200 26175 "-" "WebScraperBot/0.1 (+domain-check)"
87.199.199.98 - - [22/Jun/2026:07:34:17 +0800] "GET /media HTTP/1.1" 200 32370 "-" "WebScraperBot/0.1 (+domain-check)"
87.199.199.98 - - [22/Jun/2026:07:34:17 +0800] "GET /news HTTP/1.1" 200 26086 "-" "WebScraperBot/0.1 (+domain-check)"
87.199.199.98 - - [22/Jun/2026:07:34:19 +0800] "GET /contacts/ HTTP/1.1" 301 5 "-" "WebScraperBot/0.1 (+domain-check)"
87.199.199.98 - - [22/Jun/2026:07:34:19 +0800] "GET /contacts HTTP/1.1" 200 22096 "http://cqqizhou.com/contacts/" "WebScraperBot/0.1 (+domain-check)"
87.199.199.98 - - [22/Jun/2026:07:34:19 +0800] "GET /contacts HTTP/1.1" 200 22096 "-" "WebScraperBot/0.1 (+domain-check)"
87.199.199.98 - - [22/Jun/2026:07:34:20 +0800] "GET /services/ HTTP/1.1" 301 5 "-" "WebScraperBot/0.1 (+domain-check)"
87.199.199.98 - - [22/Jun/2026:07:34:21 +0800] "GET /services HTTP/1.1" 200 26713 "http://cqqizhou.com/services/" "WebScraperBot/0.1 (+domain-check)"
87.199.199.98 - - [22/Jun/2026:07:34:22 +0800] "GET /logistics/ HTTP/1.1" 301 5 "-" "WebScraperBot/0.1 (+domain-check)"
87.199.199.98 - - [22/Jun/2026:07:34:22 +0800] "GET /logistics HTTP/1.1" 200 26175 "http://cqqizhou.com/logistics/" "WebScraperBot/0.1 (+domain-check)"
87.199.199.98 - - [22/Jun/2026:07:34:23 +0800] "GET /news/portfolio/%e5%86%b7%e8%bd%a7%e6%9d%bf HTTP/1.1" 200 22759 "-" "WebScraperBot/0.1 (+domain-check)"
87.199.199.98 - - [22/Jun/2026:07:34:23 +0800] "GET /news/portfolio-category/cold-rolled-coil HTTP/1.1" 200 21720 "-" "WebScraperBot/0.1 (+domain-check)"
87.199.199.98 - - [22/Jun/2026:07:34:23 +0800] "GET /news/portfolio/duplex-stainless-steel HTTP/1.1" 200 22816 "-" "WebScraperBot/0.1 (+domain-check)"
87.199.199.98 - - [22/Jun/2026:07:34:24 +0800] "GET /news/portfolio-category/dual-phase-steel HTTP/1.1" 200 21713 "-" "WebScraperBot/0.1 (+domain-check)"
87.199.199.98 - - [22/Jun/2026:07:34:24 +0800] "GET /news/portfolio/hot-dip-galvanized-coil HTTP/1.1" 200 22961 "-" "WebScraperBot/0.1 (+domain-check)"
87.199.199.98 - - [22/Jun/2026:07:34:24 +0800] "GET /news/portfolio-category/hot-dip-galvanized-coil HTTP/1.1" 200 21723 "-" "WebScraperBot/0.1 (+domain-check)"
87.199.199.98 - - [22/Jun/2026:07:34:25 +0800] "GET /news/portfolio/remaining-rolls HTTP/1.1" 200 22824 "-" "WebScraperBot/0.1 (+domain-check)"
87.199.199.98 - - [22/Jun/2026:07:34:25 +0800] "GET /news/portfolio-category/remaining-rolls HTTP/1.1" 200 21692 "-" "WebScraperBot/0.1 (+domain-check)"
87.199.199.98 - - [22/Jun/2026:07:34:26 +0800] "GET /material.html HTTP/1.1" 404 9499 "-" "WebScraperBot/0.1 (+domain-check)"
87.199.199.98 - - [22/Jun/2026:07:34:26 +0800] "GET /news/2597 HTTP/1.1" 200 24659 "-" "WebScraperBot/0.1 (+domain-check)"
87.199.199.98 - - [22/Jun/2026:07:34:27 +0800] "GET /work-safety HTTP/1.1" 200 26099 "-" "WebScraperBot/0.1 (+domain-check)"
87.199.199.98 - - [22/Jun/2026:07:34:27 +0800] "GET /news/2592 HTTP/1.1" 200 24764 "-" "WebScraperBot/0.1 (+domain-check)"
87.199.199.98 - - [22/Jun/2026:07:34:28 +0800] "GET /news/2588 HTTP/1.1" 200 25039 "-" "WebScraperBot/0.1 (+domain-check)"
87.199.199.98 - - [22/Jun/2026:07:34:28 +0800] "GET /company-news HTTP/1.1" 200 26293 "-" "WebScraperBot/0.1 (+domain-check)"
87.199.199.98 - - [22/Jun/2026:07:34:28 +0800] "GET /news/2585 HTTP/1.1" 200 20880 "-" "WebScraperBot/0.1 (+domain-check)"
87.199.199.98 - - [22/Jun/2026:07:34:28 +0800] "GET /news/2582 HTTP/1.1" 200 20387 "-" "WebScraperBot/0.1 (+domain-check)"
87.199.199.98 - - [22/Jun/2026:07:34:30 +0800] "GET /club/ HTTP/1.1" 301 5 "-" "WebScraperBot/0.1 (+domain-check)"
87.199.199.98 - - [22/Jun/2026:07:34:30 +0800] "GET /club HTTP/1.1" 200 12541 "http://cqqizhou.com/club/" "WebScraperBot/0.1 (+domain-check)"
87.199.199.98 - - [22/Jun/2026:07:34:30 +0800] "GET /bug HTTP/1.1" 200 13323 "-" "WebScraperBot/0.1 (+domain-check)"
87.199.199.98 - - [22/Jun/2026:07:34:33 +0800] "GET / HTTP/1.1" 200 41076 "-" "WebScraperBot/0.1 (+domain-check)"
87.199.199.98 - - [22/Jun/2026:07:34:33 +0800] "GET /news/portfolio-category/remaining-rolls HTTP/1.1" 200 21692 "-" "WebScraperBot/0.1 (+domain-check)"
87.199.199.98 - - [22/Jun/2026:07:34:33 +0800] "GET /company-news HTTP/1.1" 200 26293 "-" "WebScraperBot/0.1 (+domain-check)"
87.199.199.98 - - [22/Jun/2026:07:34:34 +0800] "GET /news/portfolio-category/cold-rolled-coil HTTP/1.1" 200 21720 "-" "WebScraperBot/0.1 (+domain-check)"
87.199.199.98 - - [22/Jun/2026:07:34:35 +0800] "GET /news/tag/%e5%8d%9a%e8%81%94%e8%be%be HTTP/1.1" 200 23736 "-" "WebScraperBot/0.1 (+domain-check)"
87.199.199.98 - - [22/Jun/2026:07:34:36 +0800] "GET /news/portfolio-category/dual-phase-steel HTTP/1.1" 200 21713 "-" "WebScraperBot/0.1 (+domain-check)"
87.199.199.98 - - [22/Jun/2026:07:34:36 +0800] "GET /news/tag/%e5%90%af%e8%88%9f%e7%ae%a1%e7%90%86 HTTP/1.1" 200 24082 "-" "WebScraperBot/0.1 (+domain-check)"
87.199.199.98 - - [22/Jun/2026:07:34:36 +0800] "GET /work-safety HTTP/1.1" 200 26099 "-" "WebScraperBot/0.1 (+domain-check)"
87.199.199.98 - - [22/Jun/2026:07:34:38 +0800] "GET /news/tag/%e5%ae%89%e5%85%a8%e7%94%9f%e4%ba%a7%e6%9c%88 HTTP/1.1" 200 21703 "-" "WebScraperBot/0.1 (+domain-check)"
87.199.199.98 - - [22/Jun/2026:07:34:38 +0800] "GET /news/portfolio-tag/pangang HTTP/1.1" 200 21703 "-" "WebScraperBot/0.1 (+domain-check)"
87.199.199.98 - - [22/Jun/2026:07:34:39 +0800] "GET /news/tag/%e6%b6%88%e9%98%b2%e5%ae%89%e5%85%a8 HTTP/1.1" 200 18506 "-" "WebScraperBot/0.1 (+domain-check)"
87.199.199.98 - - [22/Jun/2026:07:34:40 +0800] "GET /news/portfolio-category/hot-dip-galvanized-coil HTTP/1.1" 200 21723 "-" "WebScraperBot/0.1 (+domain-check)"
87.199.199.98 - - [22/Jun/2026:07:34:41 +0800] "GET /news/tag/%e7%89%a9%e6%b5%81 HTTP/1.1" 200 18578 "-" "WebScraperBot/0.1 (+domain-check)"
87.199.199.98 - - [22/Jun/2026:07:34:42 +0800] "GET /industry HTTP/1.1" 200 20164 "-" "WebScraperBot/0.1 (+domain-check)"
87.199.199.98 - - [22/Jun/2026:07:34:43 +0800] "GET /news/tag/%e8%b4%a2%e5%8a%a1%e9%83%a8 HTTP/1.1" 200 18574 "-" "WebScraperBot/0.1 (+domain-check)"
87.199.199.98 - - [22/Jun/2026:07:34:44 +0800] "GET /news/portfolio-category/pickled-coil HTTP/1.1" 200 21689 "-" "WebScraperBot/0.1 (+domain-check)"
87.199.199.98 - - [22/Jun/2026:07:34:45 +0800] "GET /news/tag/%e9%87%8d%e5%ba%86%e9%82%ae%e7%94%b5%e5%a4%a7%e5%ad%a6 HTTP/1.1" 200 18525 "-" "WebScraperBot/0.1 (+domain-check)"
87.199.199.98 - - [22/Jun/2026:07:34:47 +0800] "GET /news/tag/%e9%92%a2%e6%9d%90%e9%87%87%e8%b4%ad HTTP/1.1" 200 18541 "-" "WebScraperBot/0.1 (+domain-check)"
87.199.199.98 - - [22/Jun/2026:07:34:47 +0800] "GET /news/portfolio-tag/ansteel-thyssen HTTP/1.1" 200 23117 "-" "WebScraperBot/0.1 (+domain-check)"
87.199.199.98 - - [22/Jun/2026:07:34:50 +0800] "GET /news/2535 HTTP/1.1" 200 24092 "-" "WebScraperBot/0.1 (+domain-check)"
87.199.199.98 - - [22/Jun/2026:07:34:51 +0800] "GET /logistics/ HTTP/1.1" 301 5 "-" "WebScraperBot/0.1 (+domain-check)"
87.199.199.98 - - [22/Jun/2026:07:34:51 +0800] "GET /logistics HTTP/1.1" 200 26175 "http://cqqizhou.com/logistics/" "WebScraperBot/0.1 (+domain-check)"
87.199.199.98 - - [22/Jun/2026:07:34:54 +0800] "GET /wp-json/oembed/1.0/embed?url=http%3A%2F%2Fcqqizhou.com%2Fnews%2Fportfolio%2Fremaining-rolls HTTP/1.1" 200 1192 "-" "WebScraperBot/0.1 (+domain-check)"
87.199.199.98 - - [22/Jun/2026:07:34:55 +0800] "GET /wp-json/oembed/1.0/embed?url=http%3A%2F%2Fcqqizhou.com%2Fnews%2F2582 HTTP/1.1" 200 1286 "-" "WebScraperBot/0.1 (+domain-check)"
87.199.199.98 - - [22/Jun/2026:07:34:56 +0800] "GET / HTTP/1.1" 200 41076 "-" "WebScraperBot/0.1 (+domain-check)"
87.199.199.98 - - [22/Jun/2026:07:34:58 +0800] "GET /media/4 HTTP/1.1" 200 26535 "-" "WebScraperBot/0.1 (+domain-check)"
87.199.199.98 - - [22/Jun/2026:07:34:59 +0800] "GET /wp-json/oembed/1.0/embed?url=http%3A%2F%2Fcqqizhou.com%2Fnews%2Fportfolio%2Fhot-dip-galvanized-coil HTTP/1.1" 200 1198 "-" "WebScraperBot/0.1 (+domain-check)"
87.199.199.98 - - [22/Jun/2026:07:35:00 +0800] "GET /wp-json/oembed/1.0/embed?url=http%3A%2F%2Fcqqizhou.com%2Fnews%2F2597 HTTP/1.1" 200 1308 "-" "WebScraperBot/0.1 (+domain-check)"
87.199.199.98 - - [22/Jun/2026:07:35:01 +0800] "GET /news HTTP/1.1" 200 26086 "-" "WebScraperBot/0.1 (+domain-check)"
87.199.199.98 - - [22/Jun/2026:07:35:01 +0800] "GET /news/portfolio/%e5%86%b7%e8%bd%a7%e6%9d%bf HTTP/1.1" 200 22759 "-" "WebScraperBot/0.1 (+domain-check)"
87.199.199.98 - - [22/Jun/2026:07:35:03 +0800] "GET /news/2420 HTTP/1.1" 200 24025 "-" "WebScraperBot/0.1 (+domain-check)"
87.199.199.98 - - [22/Jun/2026:07:35:05 +0800] "GET /material.html HTTP/1.1" 404 9498 "-" "WebScraperBot/0.1 (+domain-check)"
87.199.199.98 - - [22/Jun/2026:07:35:05 +0800] "GET /wp-content/uploads/2025/07/1750649212-qizhou1920x1080_10.webp HTTP/1.1" 200 143362 "-" "WebScraperBot/0.1 (+domain-check)"
87.199.199.98 - - [22/Jun/2026:07:35:06 +0800] "GET /news/2547 HTTP/1.1" 200 25291 "-" "WebScraperBot/0.1 (+domain-check)"
87.199.199.98 - - [22/Jun/2026:07:35:07 +0800] "GET /2354/ HTTP/1.1" 301 5 "-" "WebScraperBot/0.1 (+domain-check)"
87.199.199.98 - - [22/Jun/2026:07:35:07 +0800] "GET /news/2354 HTTP/1.1" 200 24970 "http://cqqizhou.com/2354/" "WebScraperBot/0.1 (+domain-check)"
36.133.115.36 - - [22/Jun/2026:07:35:09 +0800] "POST /wp-cron.php?doing_wp_cron=1782084909.1900100708007812500000 HTTP/1.1" 200 31 "-" "WordPress/7.0; http://cqqizhou.com"
87.199.199.98 - - [22/Jun/2026:07:35:09 +0800] "GET /media/3 HTTP/1.1" 200 26664 "-" "WebScraperBot/0.1 (+domain-check)"
87.199.199.98 - - [22/Jun/2026:07:35:10 +0800] "GET /wp-json/oembed/1.0/embed?url=http%3A%2F%2Fcqqizhou.com%2Fnews%2F2585 HTTP/1.1" 200 1300 "-" "WebScraperBot/0.1 (+domain-check)"
87.199.199.98 - - [22/Jun/2026:07:35:11 +0800] "GET /process/processing HTTP/1.1" 301 5 "-" "WebScraperBot/0.1 (+domain-check)"
87.199.199.98 - - [22/Jun/2026:07:35:12 +0800] "GET /services/processing HTTP/1.1" 200 23519 "http://cqqizhou.com/process/processing" "WebScraperBot/0.1 (+domain-check)"
87.199.199.98 - - [22/Jun/2026:07:35:12 +0800] "GET /wp-content/uploads/2025/07/1750649189-qizhou1920x1080_4.webp HTTP/1.1" 200 174962 "-" "WebScraperBot/0.1 (+domain-check)"
87.199.199.98 - - [22/Jun/2026:07:35:13 +0800] "GET /wp-content/uploads/2025/11/1762864378-QZ_Photo-5.webp HTTP/1.1" 200 150306 "-" "WebScraperBot/0.1 (+domain-check)"
87.199.199.98 - - [22/Jun/2026:07:35:14 +0800] "GET /news/2575 HTTP/1.1" 200 25581 "-" "WebScraperBot/0.1 (+domain-check)"
87.199.199.98 - - [22/Jun/2026:07:35:15 +0800] "GET /news/page/3 HTTP/1.1" 200 26678 "-" "WebScraperBot/0.1 (+domain-check)"
87.199.199.98 - - [22/Jun/2026:07:35:16 +0800] "GET /news/2361 HTTP/1.1" 200 25498 "-" "WebScraperBot/0.1 (+domain-check)"
87.199.199.98 - - [22/Jun/2026:07:35:17 +0800] "GET /contacts/ HTTP/1.1" 301 5 "-" "WebScraperBot/0.1 (+domain-check)"
87.199.199.98 - - [22/Jun/2026:07:35:18 +0800] "GET /contacts HTTP/1.1" 200 22096 "http://cqqizhou.com/contacts/" "WebScraperBot/0.1 (+domain-check)"
87.199.199.98 - - [22/Jun/2026:07:35:19 +0800] "GET /news/portfolio/pickled-coil HTTP/1.1" 200 22823 "-" "WebScraperBot/0.1 (+domain-check)"
87.199.199.98 - - [22/Jun/2026:07:35:19 +0800] "GET /news/2418 HTTP/1.1" 200 27926 "-" "WebScraperBot/0.1 (+domain-check)"
87.199.199.98 - - [22/Jun/2026:07:35:20 +0800] "GET /wp-json/oembed/1.0/embed?url=http%3A%2F%2Fcqqizhou.com%2Fnews%2F2592 HTTP/1.1" 200 1294 "-" "WebScraperBot/0.1 (+domain-check)"
87.199.199.98 - - [22/Jun/2026:07:35:22 +0800] "GET /wp-content/uploads/2025/11/1762864369-QZ_Photo-11.webp HTTP/1.1" 200 240198 "-" "WebScraperBot/0.1 (+domain-check)"
