87.199.199.98 - - [22/Jun/2026:07:35:25 +0800] "GET /wp-json/oembed/1.0/embed?url=http%3A%2F%2Fcqqizhou.com%2Fnews%2F2588 HTTP/1.1" 200 1269 "-" "WebScraperBot/0.1 (+domain-check)"
87.199.199.98 - - [22/Jun/2026:07:35:26 +0800] "GET /wp-json/oembed/1.0/embed?url=http%3A%2F%2Fcqqizhou.com%2F HTTP/1.1" 200 1092 "-" "WebScraperBot/0.1 (+domain-check)"
87.199.199.98 - - [22/Jun/2026:07:35:26 +0800] "GET /about HTTP/1.1" 200 25029 "-" "WebScraperBot/0.1 (+domain-check)"
87.199.199.98 - - [22/Jun/2026:07:35:27 +0800] "GET /logistics HTTP/1.1" 200 26175 "-" "WebScraperBot/0.1 (+domain-check)"
87.199.199.98 - - [22/Jun/2026:07:35:28 +0800] "GET /news/2585 HTTP/1.1" 200 20880 "-" "WebScraperBot/0.1 (+domain-check)"
87.199.199.98 - - [22/Jun/2026:07:35:28 +0800] "GET /news/portfolio/hot-dip-galvanized-coil HTTP/1.1" 200 22961 "-" "WebScraperBot/0.1 (+domain-check)"
87.199.199.98 - - [22/Jun/2026:07:35:29 +0800] "GET /news/2534 HTTP/1.1" 200 24791 "-" "WebScraperBot/0.1 (+domain-check)"
87.199.199.98 - - [22/Jun/2026:07:35:30 +0800] "GET /feed HTTP/1.1" 200 42813 "-" "WebScraperBot/0.1 (+domain-check)"
87.199.199.98 - - [22/Jun/2026:07:35:32 +0800] "GET /news/2572 HTTP/1.1" 200 20215 "-" "WebScraperBot/0.1 (+domain-check)"
87.199.199.98 - - [22/Jun/2026:07:35:33 +0800] "GET /news/2518 HTTP/1.1" 200 24705 "-" "WebScraperBot/0.1 (+domain-check)"
87.199.199.98 - - [22/Jun/2026:07:35:34 +0800] "GET /company-news/page/2 HTTP/1.1" 200 26670 "-" "WebScraperBot/0.1 (+domain-check)"
87.199.199.98 - - [22/Jun/2026:07:35:35 +0800] "GET /wp-content/uploads/2025/11/1762864385-QZ_Photo-10.webp HTTP/1.1" 200 145408 "-" "WebScraperBot/0.1 (+domain-check)"
87.199.199.98 - - [22/Jun/2026:07:35:35 +0800] "GET /news/2483 HTTP/1.1" 200 24815 "-" "WebScraperBot/0.1 (+domain-check)"
87.199.199.98 - - [22/Jun/2026:07:35:36 +0800] "GET /wp-content/uploads/2025/07/1750649200-qizhou1920x1080_7.webp HTTP/1.1" 200 238866 "-" "WebScraperBot/0.1 (+domain-check)"
87.199.199.98 - - [22/Jun/2026:07:35:36 +0800] "GET /news/2582 HTTP/1.1" 200 20387 "-" "WebScraperBot/0.1 (+domain-check)"
87.199.199.98 - - [22/Jun/2026:07:35:37 +0800] "GET /wp-content/uploads/2025/11/1762864375-QZ_Photo-3.webp HTTP/1.1" 200 338100 "-" "WebScraperBot/0.1 (+domain-check)"
87.199.199.98 - - [22/Jun/2026:07:35:37 +0800] "GET /wp-content/uploads/2025/11/1762864370-QZ_Photo-1.webp HTTP/1.1" 200 162970 "-" "WebScraperBot/0.1 (+domain-check)"
87.199.199.98 - - [22/Jun/2026:07:35:39 +0800] "GET /wp-json/oembed/1.0/embed?url=http%3A%2F%2Fcqqizhou.com%2Fnews%2Fportfolio%2F%25e5%2586%25b7%25e8%25bd%25a7%25e6%259d%25bf HTTP/1.1" 200 1214 "-" "WebScraperBot/0.1 (+domain-check)"
87.199.199.98 - - [22/Jun/2026:07:35:39 +0800] "GET /wp-content/uploads/2025/07/1750649183-qizhou1920x1080_2.webp HTTP/1.1" 200 267936 "-" "WebScraperBot/0.1 (+domain-check)"
87.199.199.98 - - [22/Jun/2026:07:35:40 +0800] "GET /wp-json/oembed/1.0/embed?url=http%3A%2F%2Fcqqizhou.com%2Fservices HTTP/1.1" 200 1106 "-" "WebScraperBot/0.1 (+domain-check)"
87.199.199.98 - - [22/Jun/2026:07:35:41 +0800] "GET /wp-content/uploads/2025/11/1762864379-QZ_Photo-6.webp HTTP/1.1" 200 121336 "-" "WebScraperBot/0.1 (+domain-check)"
87.199.199.98 - - [22/Jun/2026:07:35:41 +0800] "GET /club HTTP/1.1" 200 12541 "-" "WebScraperBot/0.1 (+domain-check)"
87.199.199.98 - - [22/Jun/2026:07:35:42 +0800] "GET /wp-content/uploads/2025/07/1750649193-qizhou1920x1080_5.webp HTTP/1.1" 200 110214 "-" "WebScraperBot/0.1 (+domain-check)"
87.199.199.98 - - [22/Jun/2026:07:35:42 +0800] "GET /wp-content/uploads/2025/07/1750649203-qizhou1920x1080_8.webp HTTP/1.1" 200 256782 "-" "WebScraperBot/0.1 (+domain-check)"
87.199.199.98 - - [22/Jun/2026:07:35:43 +0800] "GET /news/portfolio/duplex-stainless-steel HTTP/1.1" 200 22816 "-" "WebScraperBot/0.1 (+domain-check)"
87.199.199.98 - - [22/Jun/2026:07:35:44 +0800] "GET /news/2527 HTTP/1.1" 200 25543 "-" "WebScraperBot/0.1 (+domain-check)"
87.199.199.98 - - [22/Jun/2026:07:35:44 +0800] "GET /wp-content/uploads/2025/11/1762908489-QZ_Photo-9.webp HTTP/1.1" 200 149094 "-" "WebScraperBot/0.1 (+domain-check)"
87.199.199.98 - - [22/Jun/2026:07:35:45 +0800] "GET /work-safety/page/2 HTTP/1.1" 200 21826 "-" "WebScraperBot/0.1 (+domain-check)"
87.199.199.98 - - [22/Jun/2026:07:35:45 +0800] "GET /company-news/page/3 HTTP/1.1" 200 23889 "-" "WebScraperBot/0.1 (+domain-check)"
87.199.199.98 - - [22/Jun/2026:07:35:46 +0800] "GET /news/2597 HTTP/1.1" 200 24659 "-" "WebScraperBot/0.1 (+domain-check)"
87.199.199.98 - - [22/Jun/2026:07:35:48 +0800] "GET /media/5 HTTP/1.1" 200 26654 "-" "WebScraperBot/0.1 (+domain-check)"
87.199.199.98 - - [22/Jun/2026:07:35:48 +0800] "GET /news/portfolio/remaining-rolls HTTP/1.1" 200 22824 "-" "WebScraperBot/0.1 (+domain-check)"
87.199.199.98 - - [22/Jun/2026:07:35:49 +0800] "GET /news/2592 HTTP/1.1" 200 24764 "-" "WebScraperBot/0.1 (+domain-check)"
87.199.199.98 - - [22/Jun/2026:07:35:49 +0800] "GET /wp-content/uploads/2025/07/1750649179-qizhou1920x1080_1.webp HTTP/1.1" 200 172154 "-" "WebScraperBot/0.1 (+domain-check)"
87.199.199.98 - - [22/Jun/2026:07:35:50 +0800] "GET /wp-json/oembed/1.0/embed?url=http%3A%2F%2Fcqqizhou.com%2Fnews%2Fportfolio%2Fduplex-stainless-steel HTTP/1.1" 200 1202 "-" "WebScraperBot/0.1 (+domain-check)"
87.199.199.98 - - [22/Jun/2026:07:35:52 +0800] "GET /2388/ HTTP/1.1" 301 5 "-" "WebScraperBot/0.1 (+domain-check)"
87.199.199.98 - - [22/Jun/2026:07:35:52 +0800] "GET /news/2388 HTTP/1.1" 200 25105 "http://cqqizhou.com/2388/" "WebScraperBot/0.1 (+domain-check)"
87.199.199.98 - - [22/Jun/2026:07:35:53 +0800] "GET /wp-content/uploads/2026/01/1767696142-aojiaqiao20260104.webp HTTP/1.1" 200 184988 "-" "WebScraperBot/0.1 (+domain-check)"
87.199.199.98 - - [22/Jun/2026:07:35:54 +0800] "GET /wp-json/oembed/1.0/embed?url=http%3A%2F%2Fcqqizhou.com%2Fclub HTTP/1.1" 200 1106 "-" "WebScraperBot/0.1 (+domain-check)"
87.199.199.98 - - [22/Jun/2026:07:35:55 +0800] "GET /contacts HTTP/1.1" 200 22096 "-" "WebScraperBot/0.1 (+domain-check)"
87.199.199.98 - - [22/Jun/2026:07:35:56 +0800] "GET /wp-json/oembed/1.0/embed?url=http%3A%2F%2Fcqqizhou.com%2Fcontacts HTTP/1.1" 200 1108 "-" "WebScraperBot/0.1 (+domain-check)"
87.199.199.98 - - [22/Jun/2026:07:35:56 +0800] "GET /news/portfolio HTTP/1.1" 200 21229 "-" "WebScraperBot/0.1 (+domain-check)"
87.199.199.98 - - [22/Jun/2026:07:35:57 +0800] "GET /club/ HTTP/1.1" 301 5 "-" "WebScraperBot/0.1 (+domain-check)"
87.199.199.98 - - [22/Jun/2026:07:35:58 +0800] "GET /club HTTP/1.1" 200 12541 "http://cqqizhou.com/club/" "WebScraperBot/0.1 (+domain-check)"
87.199.199.98 - - [22/Jun/2026:07:35:58 +0800] "GET /bug HTTP/1.1" 200 13323 "-" "WebScraperBot/0.1 (+domain-check)"
87.199.199.98 - - [22/Jun/2026:07:36:00 +0800] "GET /services/ HTTP/1.1" 301 5 "-" "WebScraperBot/0.1 (+domain-check)"
87.199.199.98 - - [22/Jun/2026:07:36:00 +0800] "GET /services HTTP/1.1" 200 26713 "http://cqqizhou.com/services/" "WebScraperBot/0.1 (+domain-check)"
87.199.199.98 - - [22/Jun/2026:07:36:01 +0800] "GET /wp-json/oembed/1.0/embed?url=http%3A%2F%2Fcqqizhou.com%2Fabout HTTP/1.1" 200 1101 "-" "WebScraperBot/0.1 (+domain-check)"
87.199.199.98 - - [22/Jun/2026:07:36:01 +0800] "GET /wp-content/uploads/2025/07/1750174127-Marketing1920x800_3.webp HTTP/1.1" 200 52790 "-" "WebScraperBot/0.1 (+domain-check)"
87.199.199.98 - - [22/Jun/2026:07:36:03 +0800] "GET /wp-json/oembed/1.0/embed?url=http%3A%2F%2Fcqqizhou.com%2Fmedia HTTP/1.1" 200 1107 "-" "WebScraperBot/0.1 (+domain-check)"
87.199.199.98 - - [22/Jun/2026:07:36:03 +0800] "GET /wp-content/uploads/2025/07/1750649197-qizhou1920x1080_6.webp HTTP/1.1" 200 150354 "-" "WebScraperBot/0.1 (+domain-check)"
87.199.199.98 - - [22/Jun/2026:07:36:05 +0800] "GET /media/2 HTTP/1.1" 200 26651 "-" "WebScraperBot/0.1 (+domain-check)"
87.199.199.98 - - [22/Jun/2026:07:36:06 +0800] "GET /wp-json/oembed/1.0/embed?url=http%3A%2F%2Fcqqizhou.com%2Fbug HTTP/1.1" 200 1101 "-" "WebScraperBot/0.1 (+domain-check)"
87.199.199.98 - - [22/Jun/2026:07:36:07 +0800] "GET /news/2588 HTTP/1.1" 200 25039 "-" "WebScraperBot/0.1 (+domain-check)"
36.133.115.36 - - [22/Jun/2026:07:36:09 +0800] "POST /wp-cron.php?doing_wp_cron=1782084969.5588939189910888671875 HTTP/1.1" 200 31 "-" "WordPress/7.0; http://cqqizhou.com"
87.199.199.98 - - [22/Jun/2026:07:36:09 +0800] "GET /news/2514 HTTP/1.1" 200 24320 "-" "WebScraperBot/0.1 (+domain-check)"
87.199.199.98 - - [22/Jun/2026:07:36:10 +0800] "GET /comments/feed HTTP/1.1" 200 703 "-" "WebScraperBot/0.1 (+domain-check)"
87.199.199.98 - - [22/Jun/2026:07:36:11 +0800] "GET /media HTTP/1.1" 200 32370 "-" "WebScraperBot/0.1 (+domain-check)"
87.199.199.98 - - [22/Jun/2026:07:36:11 +0800] "GET /wp-content/uploads/2025/11/1762908477-QZ_Photo-2.webp HTTP/1.1" 200 185928 "-" "WebScraperBot/0.1 (+domain-check)"
87.199.199.98 - - [22/Jun/2026:07:36:12 +0800] "GET /news/2552 HTTP/1.1" 200 26006 "-" "WebScraperBot/0.1 (+domain-check)"
87.199.199.98 - - [22/Jun/2026:07:36:13 +0800] "GET /news/page/5 HTTP/1.1" 200 22876 "-" "WebScraperBot/0.1 (+domain-check)"
87.199.199.98 - - [22/Jun/2026:07:36:13 +0800] "GET /services HTTP/1.1" 200 26713 "-" "WebScraperBot/0.1 (+domain-check)"
87.199.199.98 - - [22/Jun/2026:07:36:14 +0800] "GET /wp-content/uploads/2025/07/1750649215-qizhou1920x1080_11.webp HTTP/1.1" 200 171642 "-" "WebScraperBot/0.1 (+domain-check)"
87.199.199.98 - - [22/Jun/2026:07:36:15 +0800] "GET /wp-json/oembed/1.0/embed?url=http%3A%2F%2Fcqqizhou.com%2Flogistics HTTP/1.1" 200 1112 "-" "WebScraperBot/0.1 (+domain-check)"
87.199.199.98 - - [22/Jun/2026:07:36:16 +0800] "GET /wp-content/uploads/2025/07/1750656103-Visionr2000x800_20250623131702.webp HTTP/1.1" 200 57650 "-" "WebScraperBot/0.1 (+domain-check)"
87.199.199.98 - - [22/Jun/2026:07:36:16 +0800] "GET /wp-content/uploads/2025/07/1750649186-qizhou1920x1080_3.webp HTTP/1.1" 200 134070 "-" "WebScraperBot/0.1 (+domain-check)"
87.199.199.98 - - [22/Jun/2026:07:36:17 +0800] "GET /wp-content/uploads/2025/11/1762864376-QZ_Photo-4.webp HTTP/1.1" 200 249734 "-" "WebScraperBot/0.1 (+domain-check)"
87.199.199.98 - - [22/Jun/2026:07:36:18 +0800] "GET /news/page/4 HTTP/1.1" 200 26226 "-" "WebScraperBot/0.1 (+domain-check)"
87.199.199.98 - - [22/Jun/2026:07:36:18 +0800] "GET /news/2496 HTTP/1.1" 200 28671 "-" "WebScraperBot/0.1 (+domain-check)"
87.199.199.98 - - [22/Jun/2026:07:36:18 +0800] "GET /wp-content/uploads/2025/07/1753410289-News2000%C3%97400_202571.webp HTTP/1.1" 200 17830 "-" "WebScraperBot/0.1 (+domain-check)"
87.199.199.98 - - [22/Jun/2026:07:36:19 +0800] "GET /news/2559 HTTP/1.1" 200 24721 "-" "WebScraperBot/0.1 (+domain-check)"
87.199.199.98 - - [22/Jun/2026:07:36:19 +0800] "GET /news/page/2 HTTP/1.1" 200 26680 "-" "WebScraperBot/0.1 (+domain-check)"
87.199.199.98 - - [22/Jun/2026:07:36:19 +0800] "GET /wp-content/uploads/2025/07/1750649207-qizhou1920x1080_9.webp HTTP/1.1" 200 146108 "-" "WebScraperBot/0.1 (+domain-check)"
36.133.115.36 - - [22/Jun/2026:07:46:22 +0800] "POST /wp-cron.php?doing_wp_cron=1782085582.5525729656219482421875 HTTP/1.1" 200 31 "-" "WordPress/7.0; http://cqqizhou.com"
204.76.203.36 - - [22/Jun/2026:07:46:22 +0800] "GET /SDK/webLanguage HTTP/1.1" 301 5 "-" "Mozilla/5.0 (Windows NT 10.0; Win64; x64) AppleWebKit/537.36 (KHTML, like Gecko) Chrome/90.0.4430.85 Safari/537.36 Edg/90.0.818.46"
36.133.115.36 - - [22/Jun/2026:07:50:33 +0800] "POST /wp-cron.php?doing_wp_cron=1782085833.4969940185546875000000 HTTP/1.1" 200 31 "-" "WordPress/7.0; http://cqqizhou.com"
175.8.27.70 - - [22/Jun/2026:07:50:33 +0800] "GET / HTTP/1.1" 301 5 "-" "Mozilla/5.0 (Macintosh; Intel Mac OS X 10_15_7) AppleWebKit/537.36 (KHTML, like Gecko) Chrome/140.0.0.0 Safari/537.36"
223.96.82.81 - - [22/Jun/2026:07:50:34 +0800] "GET / HTTP/1.1" 200 41076 "http://www.cqqizhou.com" "Mozilla/5.0 (Macintosh; Intel Mac OS X 10_15_7) AppleWebKit/537.36 (KHTML, like Gecko) Chrome/140.0.0.0 Safari/537.36"
113.239.51.6 - - [22/Jun/2026:07:51:38 +0800] "GET /wp-content/uploads/2025/07/1751425283-qizhou.kf_.qq_.com_.webp HTTP/1.1" 206 2 "-" "Mozilla/5.0 (Macintosh; Intel Mac OS X 10_15_7) AppleWebKit/537.36 (KHTML, like Gecko) Chrome/94.0.4606.54 Safari/537.36"
113.239.51.6 - - [22/Jun/2026:07:51:46 +0800] "GET /wp-content/uploads/2025/07/1751425283-qizhou.kf_.qq_.com_.webp HTTP/1.1" 200 16864 "-" "Mozilla/5.0 (Macintosh; Intel Mac OS X 10_15_7) AppleWebKit/537.36 (KHTML, like Gecko) Chrome/96.0.4664.55 Safari/537.36"
36.133.115.36 - - [22/Jun/2026:07:56:22 +0800] "POST /wp-cron.php?doing_wp_cron=1782086182.4264039993286132812500 HTTP/1.1" 200 31 "-" "WordPress/7.0; http://cqqizhou.com"
216.244.66.245 - - [22/Jun/2026:07:56:22 +0800] "GET /robots.txt HTTP/1.1" 200 390 "-" "Mozilla/5.0 (compatible; DotBot/1.2; +https://opensiteexplorer.org/dotbot; help@moz.com)"
36.133.115.36 - - [22/Jun/2026:07:59:58 +0800] "POST /wp-cron.php?doing_wp_cron=1782086397.9765660762786865234375 HTTP/1.1" 200 31 "-" "WordPress/7.0; http://cqqizhou.com"
183.255.32.34 - - [22/Jun/2026:07:59:58 +0800] "GET / HTTP/1.1" 301 5 "-" "Mozilla/5.0 (Windows NT 10.0) AppleWebKit/537.36 (KHTML, like Gecko) Chrome/85.0.4183.38"
183.255.32.34 - - [22/Jun/2026:07:59:58 +0800] "GET http://cqqizhou.com/ HTTP/1.1" 200 41076 "-" "Mozilla/5.0 (Windows NT 10.0) AppleWebKit/537.36 (KHTML, like Gecko) Chrome/85.0.4183.38"
183.251.240.183 - - [22/Jun/2026:07:59:58 +0800] "GET / HTTP/1.1" 200 41076 "-" "Mozilla/5.0 (Windows NT 6.2; WOW64) AppleWebKit/537.36 (KHTML, like Gecko) Chrome/80.0.3987.16"
216.244.66.245 - - [22/Jun/2026:08:03:44 +0800] "GET /news/2153 HTTP/1.1" 200 86513 "-" "Mozilla/5.0 (compatible; DotBot/1.2; +https://opensiteexplorer.org/dotbot; help@moz.com)"
180.153.236.250 - - [22/Jun/2026:08:04:09 +0800] "GET / HTTP/1.1" 200 41076 "http://cqqizhou.com" "User-Agent:Mozilla/5.0 (Windows NT 10.0; Win64; x64) AppleWebKit/537.36 (KHTML, like Gecko) Chrome/140.0.0.0 Safari/537.36 Edg/140.0.0.0; 360Spider"
116.179.32.158 - - [22/Jun/2026:08:07:32 +0800] "GET /news/portfolio/%E5%86%B7%E8%BD%A7%E6%9D%BF HTTP/1.1" 200 22759 "-" "Mozilla/5.0 (compatible; Baiduspider/2.0; +http://www.baidu.com/search/spider.html)"
116.179.37.55 - - [22/Jun/2026:08:07:37 +0800] "GET /wp-content/uploads/2025/07/1753453096-%E5%8F%8C%E7%9B%B8%E9%92%A2product_Single600%C3%97284-150x150.webp HTTP/1.1" 200 3528 "http://cqqizhou.com/news/portfolio/%E5%86%B7%E8%BD%A7%E6%9D%BF" "Mozilla/5.0 (compatible; Baiduspider-render/2.0; +http://www.baidu.com/search/spider.html)"
116.179.37.157 - - [22/Jun/2026:08:07:37 +0800] "GET /wp-content/uploads/2025/07/1753456723-%E5%8F%8C%E7%9B%B8%E9%92%A2roduct_Single600-300x300.webp HTTP/1.1" 200 12454 "http://cqqizhou.com/news/portfolio/%E5%86%B7%E8%BD%A7%E6%9D%BF" "Mozilla/5.0 (compatible; Baiduspider-render/2.0; +http://www.baidu.com/search/spider.html)"
36.133.115.36 - - [22/Jun/2026:08:27:24 +0800] "POST /wp-cron.php?doing_wp_cron=1782088044.5522379875183105468750 HTTP/1.1" 200 31 "-" "WordPress/7.0; http://cqqizhou.com"
203.154.14.18 - - [22/Jun/2026:08:27:24 +0800] "GET / HTTP/1.1" 200 158028 "-" "-"
36.133.115.36 - - [22/Jun/2026:08:31:16 +0800] "POST /wp-cron.php?doing_wp_cron=1782088276.6135900020599365234375 HTTP/1.1" 200 31 "-" "WordPress/7.0; http://cqqizhou.com"
116.179.32.36 - - [22/Jun/2026:08:31:16 +0800] "GET /wp-json/oembed/1.0/embed?url=http%3A%2F%2Fcqqizhou.com%2Fnews%2F2464 HTTP/1.1" 200 1261 "-" "Mozilla/5.0 (compatible; Baiduspider/2.0; +http://www.baidu.com/search/spider.html)"
120.241.208.69 - - [22/Jun/2026:08:46:22 +0800] "GET /news/2159 HTTP/1.1" 200 29404 "-" "Mozilla/5.0 (Windows NT 10.0; Win64; x64) AppleWebKit/537.36 (KHTML, like Gecko) Chrome/116.0.0.0 Safari/537.36"
36.133.115.36 - - [22/Jun/2026:08:51:31 +0800] "POST /wp-cron.php?doing_wp_cron=1782089491.7121920585632324218750 HTTP/1.1" 200 31 "-" "WordPress/7.0; http://cqqizhou.com"
14.29.109.254 - - [22/Jun/2026:08:51:31 +0800] "GET /2215/ HTTP/1.1" 301 5 "-" "Mozilla/5.0 (Windows NT 10.0; Win64; x64) AppleWebKit/537.36 (KHTML, like Gecko) Chrome/112.0.0.0 Safari/537.36"
120.241.208.124 - - [22/Jun/2026:08:51:42 +0800] "GET /2215/ HTTP/1.1" 301 5 "-" "Mozilla/5.0 (Windows NT 10.0; Win64; x64) AppleWebKit/537.36 (KHTML, like Gecko) Chrome/110.0.0.0 Safari/537.36"
120.241.208.124 - - [22/Jun/2026:08:51:44 +0800] "GET /news/2215 HTTP/1.1" 200 24609 "http://cqqizhou.com/2215/" "Mozilla/5.0 (Windows NT 10.0; Win64; x64) AppleWebKit/537.36 (KHTML, like Gecko) Chrome/110.0.0.0 Safari/537.36"
36.133.115.36 - - [22/Jun/2026:09:03:51 +0800] "POST /wp-cron.php?doing_wp_cron=1782090231.7742419242858886718750 HTTP/1.1" 200 31 "-" "WordPress/7.0; http://cqqizhou.com"
146.56.199.139 - - [22/Jun/2026:09:03:51 +0800] "GET / HTTP/1.1" 200 35218 "-" "Mozilla/5.0 (iPhone; CPU iPhone OS 13_2_3 like Mac OS X) AppleWebKit/605.1.15 (KHTML, like Gecko) Version/13.0.3 Mobile/15E148 Safari/604.1"
36.133.115.36 - - [22/Jun/2026:09:05:07 +0800] "POST /wp-cron.php?doing_wp_cron=1782090307.6378068923950195312500 HTTP/1.1" 200 31 "-" "WordPress/7.0; http://cqqizhou.com"
110.249.202.68 - - [22/Jun/2026:09:05:07 +0800] "GET /robots.txt HTTP/1.1" 200 190 "-" "Mozilla/5.0 (Linux; Android 5.0) AppleWebKit/537.36 (KHTML, like Gecko) Mobile Safari/537.36 (compatible; Bytespider; https://zhanzhang.toutiao.com/)"
36.133.115.36 - - [22/Jun/2026:09:06:36 +0800] "POST /wp-cron.php?doing_wp_cron=1782090395.9656789302825927734375 HTTP/1.1" 200 31 "-" "WordPress/7.0; http://cqqizhou.com"
112.21.82.126 - - [22/Jun/2026:09:06:36 +0800] "GET /services/qzgyl@cq-qizhou.com HTTP/1.1" 404 9499 "-" "Mozilla/5.0 (Macintosh; Intel Mac OS X 10_15_7) AppleWebKit/537.36 (KHTML, like Gecko) Chrome/140.0.0.0 Safari/537.36"
116.179.32.74 - - [22/Jun/2026:09:22:28 +0800] "GET /news/2418 HTTP/1.1" 200 27926 "-" "Mozilla/5.0 (compatible; Baiduspider/2.0; +http://www.baidu.com/search/spider.html)"
36.133.115.36 - - [22/Jun/2026:09:40:13 +0800] "POST /wp-cron.php?doing_wp_cron=1782092413.1656520366668701171875 HTTP/1.1" 200 31 "-" "WordPress/7.0; http://cqqizhou.com"
183.56.147.153 - - [22/Jun/2026:09:40:13 +0800] "GET /news/2505 HTTP/1.1" 200 24957 "-" "Mozilla/5.0 (Windows NT 10.0; Win64; x64) AppleWebKit/537.36 (KHTML, like Gecko) Chrome/107.0.0.0 Safari/537.36"
36.133.115.36 - - [22/Jun/2026:10:06:12 +0800] "POST /wp-cron.php?doing_wp_cron=1782093972.1395070552825927734375 HTTP/1.1" 200 31 "-" "WordPress/7.0; http://cqqizhou.com"
8.130.121.213 - - [22/Jun/2026:10:06:12 +0800] "GET / HTTP/1.1" 200 35218 "-" "Go-http-client/1.1"
36.133.115.36 - - [22/Jun/2026:10:12:00 +0800] "POST /wp-cron.php?doing_wp_cron=1782094320.2173449993133544921875 HTTP/1.1" 200 31 "-" "WordPress/7.0; http://cqqizhou.com"
216.244.66.245 - - [22/Jun/2026:10:12:00 +0800] "GET /robots.txt HTTP/1.1" 200 390 "-" "Mozilla/5.0 (compatible; DotBot/1.2; +https://opensiteexplorer.org/dotbot; help@moz.com)"
43.153.73.200 - - [22/Jun/2026:10:14:27 +0800] "GET / HTTP/1.1" 200 35218 "-" "Mozilla/5.0 (iPhone; CPU iPhone OS 13_2_3 like Mac OS X) AppleWebKit/605.1.15 (KHTML, like Gecko) Version/13.0.3 Mobile/15E148 Safari/604.1"
216.244.66.245 - - [22/Jun/2026:10:19:18 +0800] "GET /services/processing HTTP/1.1" 200 91582 "-" "Mozilla/5.0 (compatible; DotBot/1.2; +https://opensiteexplorer.org/dotbot; help@moz.com)"
36.133.115.36 - - [22/Jun/2026:10:23:05 +0800] "POST /wp-cron.php?doing_wp_cron=1782094985.3579330444335937500000 HTTP/1.1" 200 31 "-" "WordPress/7.0; http://cqqizhou.com"
223.108.79.96 - - [22/Jun/2026:10:23:05 +0800] "GET / HTTP/1.1" 301 5 "http://servicewechat.com/" "Mozilla/5.0 (Linux; Android 13; 23049RAD8C Build/TKQ1.221114.001) AppleWebKit/537.36 (KHTML, like Gecko) Version/4.0 Chrome/115.0.0.0 Mobile Safari/537.36 MicroMessenger/8.0.45"
223.108.79.96 - - [22/Jun/2026:10:23:07 +0800] "GET / HTTP/1.1" 200 35219 "http://servicewechat.com/" "Mozilla/5.0 (Linux; Android 13; 23049RAD8C Build/TKQ1.221114.001) AppleWebKit/537.36 (KHTML, like Gecko) Version/4.0 Chrome/115.0.0.0 Mobile Safari/537.36 MicroMessenger/8.0.45"
223.108.79.96 - - [22/Jun/2026:10:23:07 +0800] "GET /wp-content/uploads/2025/07/1751425283-qizhou.kf_.qq_.com_.webp HTTP/1.1" 200 16864 "http://servicewechat.com/" "Mozilla/5.0 (Linux; Android 13; 23049RAD8C Build/TKQ1.221114.001) AppleWebKit/537.36 (KHTML, like Gecko) Version/4.0 Chrome/115.0.0.0 Mobile Safari/537.36 MicroMessenger/8.0.45"
223.108.79.96 - - [22/Jun/2026:10:23:09 +0800] "GET /wp-content/uploads/2025/12/1765268955-qizhou_Slider1_3840%C3%972160_20251210-scaled.webp HTTP/1.1" 200 152162 "http://servicewechat.com/" "Mozilla/5.0 (Linux; Android 13; 23049RAD8C Build/TKQ1.221114.001) AppleWebKit/537.36 (KHTML, like Gecko) Version/4.0 Chrome/115.0.0.0 Mobile Safari/537.36 MicroMessenger/8.0.45"
223.108.79.96 - - [22/Jun/2026:10:23:09 +0800] "GET /wp-content/uploads/2026/01/1768276119-qizhoujiagong_Slider_3840%C3%972160_20260113-scaled-50x100.webp HTTP/1.1" 200 976 "http://servicewechat.com/" "Mozilla/5.0 (Linux; Android 13; 23049RAD8C Build/TKQ1.221114.001) AppleWebKit/537.36 (KHTML, like Gecko) Version/4.0 Chrome/115.0.0.0 Mobile Safari/537.36 MicroMessenger/8.0.45"
223.108.79.96 - - [22/Jun/2026:10:23:09 +0800] "GET /wp-content/uploads/revslider/slider-1/1750861156-logistics_Slider_3840%C3%972160_20250625191356-scaled-50x100.webp HTTP/1.1" 200 1416 "http://servicewechat.com/" "Mozilla/5.0 (Linux; Android 13; 23049RAD8C Build/TKQ1.221114.001) AppleWebKit/537.36 (KHTML, like Gecko) Version/4.0 Chrome/115.0.0.0 Mobile Safari/537.36 MicroMessenger/8.0.45"
223.108.79.96 - - [22/Jun/2026:10:23:10 +0800] "GET /wp-content/uploads/2025/07/1753453127-%E4%BD%99%E5%8D%B7product_Single600%C3%97284.webp HTTP/1.1" 200 18744 "http://servicewechat.com/" "Mozilla/5.0 (Linux; Android 13; 23049RAD8C Build/TKQ1.221114.001) AppleWebKit/537.36 (KHTML, like Gecko) Version/4.0 Chrome/115.0.0.0 Mobile Safari/537.36 MicroMessenger/8.0.45"
223.108.79.96 - - [22/Jun/2026:10:23:10 +0800] "GET /wp-content/uploads/2025/07/1753456723-%E5%8F%8C%E7%9B%B8%E9%92%A2roduct_Single600.webp HTTP/1.1" 200 22790 "http://servicewechat.com/" "Mozilla/5.0 (Linux; Android 13; 23049RAD8C Build/TKQ1.221114.001) AppleWebKit/537.36 (KHTML, like Gecko) Version/4.0 Chrome/115.0.0.0 Mobile Safari/537.36 MicroMessenger/8.0.45"
223.108.79.96 - - [22/Jun/2026:10:23:10 +0800] "GET /wp-content/uploads/2025/07/1753453096-%E5%8F%8C%E7%9B%B8%E9%92%A2product_Single600%C3%97284.webp HTTP/1.1" 200 14562 "http://servicewechat.com/" "Mozilla/5.0 (Linux; Android 13; 23049RAD8C Build/TKQ1.221114.001) AppleWebKit/537.36 (KHTML, like Gecko) Version/4.0 Chrome/115.0.0.0 Mobile Safari/537.36 MicroMessenger/8.0.45"
223.108.79.96 - - [22/Jun/2026:10:23:10 +0800] "GET /wp-content/uploads/2025/07/1753456770-%E7%83%AD%E9%95%80%E9%94%8C%E5%8D%B7product_Single600.webp HTTP/1.1" 200 27502 "http://servicewechat.com/" "Mozilla/5.0 (Linux; Android 13; 23049RAD8C Build/TKQ1.221114.001) AppleWebKit/537.36 (KHTML, like Gecko) Version/4.0 Chrome/115.0.0.0 Mobile Safari/537.36 MicroMessenger/8.0.45"
223.108.79.96 - - [22/Jun/2026:10:23:10 +0800] "GET /wp-json/sliderrevolution/sliders/1?srengine=7&slideid=2 HTTP/1.1" 499 0 "http://servicewechat.com/" "Mozilla/5.0 (Linux; Android 13; 23049RAD8C Build/TKQ1.221114.001) AppleWebKit/537.36 (KHTML, like Gecko) Version/4.0 Chrome/115.0.0.0 Mobile Safari/537.36 MicroMessenger/8.0.45"
223.108.79.96 - - [22/Jun/2026:10:23:10 +0800] "GET /wp-json/sliderrevolution/sliders/1?srengine=7&slideid=4 HTTP/1.1" 499 0 "http://servicewechat.com/" "Mozilla/5.0 (Linux; Android 13; 23049RAD8C Build/TKQ1.221114.001) AppleWebKit/537.36 (KHTML, like Gecko) Version/4.0 Chrome/115.0.0.0 Mobile Safari/537.36 MicroMessenger/8.0.45"
36.133.115.36 - - [22/Jun/2026:10:23:10 +0800] "POST /wp-cron.php?doing_wp_cron=1782094990.5003769397735595703125 HTTP/1.1" 200 31 "-" "WordPress/7.0; http://cqqizhou.com"
36.133.115.36 - - [22/Jun/2026:10:32:34 +0800] "POST /wp-cron.php?doing_wp_cron=1782095554.3679630756378173828125 HTTP/1.1" 200 31 "-" "WordPress/7.0; http://cqqizhou.com"
180.122.53.93 - - [22/Jun/2026:10:32:34 +0800] "GET /portfolio-tag/ansteel-thyssen/ HTTP/1.1" 404 9500 "-" "Mozilla/5.0 (Macintosh; Intel Mac OS X 10_15_7) AppleWebKit/537.36 (KHTML, like Gecko) Chrome/140.0.0.0 Safari/537.36"
36.133.115.36 - - [22/Jun/2026:10:34:46 +0800] "POST /wp-cron.php?doing_wp_cron=1782095686.8248760700225830078125 HTTP/1.1" 200 31 "-" "WordPress/7.0; http://cqqizhou.com"
194.195.252.210 - - [22/Jun/2026:10:34:46 +0800] "GET / HTTP/1.0" 301 0 "-" "Mozilla/5.0 (Windows NT 10.0; Win64; x64) AppleWebKit/537.36 (KHTML, like Gecko) Chrome/124.0.0.0 Safari/537.36"
170.106.110.146 - - [22/Jun/2026:10:34:55 +0800] "GET / HTTP/1.1" 200 35218 "-" "Mozilla/5.0 (iPhone; CPU iPhone OS 13_2_3 like Mac OS X) AppleWebKit/605.1.15 (KHTML, like Gecko) Version/13.0.3 Mobile/15E148 Safari/604.1"
36.133.115.36 - - [22/Jun/2026:10:38:27 +0800] "POST /wp-cron.php?doing_wp_cron=1782095907.5949299335479736328125 HTTP/1.1" 200 31 "-" "WordPress/7.0; http://cqqizhou.com"
176.65.139.66 - - [22/Jun/2026:10:38:27 +0800] "GET / HTTP/1.0" 301 0 "-" "Shodan-Pull/1.0"
36.133.115.36 - - [22/Jun/2026:10:39:47 +0800] "POST /wp-cron.php?doing_wp_cron=1782095987.1342740058898925781250 HTTP/1.1" 200 31 "-" "WordPress/7.0; http://cqqizhou.com"
114.119.133.34 - - [22/Jun/2026:10:39:47 +0800] "GET /wp-sitemap.xml HTTP/1.1" 501 253 "-" "Mozilla/5.0 (Linux; Android 7.0;) AppleWebKit/537.36 (KHTML, like Gecko) Mobile Safari/537.36 (compatible; PetalBot;+https://webmaster.petalsearch.com/site/petalbot)"
36.133.115.36 - - [22/Jun/2026:10:44:39 +0800] "POST /wp-cron.php?doing_wp_cron=1782096279.2470810413360595703125 HTTP/1.1" 200 31 "-" "WordPress/7.0; http://cqqizhou.com"
35.195.128.73 - - [22/Jun/2026:10:44:39 +0800] "GET / HTTP/1.1" 200 35219 "-" "Mozilla/5.0 (Windows NT 10.0; Win64; x64) AppleWebKit/537.36 (KHTML, like Gecko) Chrome/127.0.0.0 Safari/537.36"
36.133.115.36 - - [22/Jun/2026:10:57:27 +0800] "POST /wp-cron.php?doing_wp_cron=1782097047.5804920196533203125000 HTTP/1.1" 200 31 "-" "WordPress/7.0; http://cqqizhou.com"
216.244.66.245 - - [22/Jun/2026:10:57:27 +0800] "GET /robots.txt HTTP/1.1" 200 390 "-" "Mozilla/5.0 (compatible; DotBot/1.2; +https://opensiteexplorer.org/dotbot; help@moz.com)"
216.244.66.245 - - [22/Jun/2026:11:03:48 +0800] "GET /news/page/5 HTTP/1.1" 200 82339 "-" "Mozilla/5.0 (compatible; DotBot/1.2; +https://opensiteexplorer.org/dotbot; help@moz.com)"
121.229.156.93 - - [22/Jun/2026:11:21:10 +0800] "GET / HTTP/1.1" 200 41076 "-" "Sogou web spider/4.0(+http://www.sogou.com/docs/help/webmasters.htm#07)"
36.133.115.36 - - [22/Jun/2026:11:28:36 +0800] "POST /wp-cron.php?doing_wp_cron=1782098916.6728971004486083984375 HTTP/1.1" 200 31 "-" "WordPress/7.0; http://cqqizhou.com"
36.133.108.119 - - [22/Jun/2026:11:28:36 +0800] "HEAD / HTTP/1.1" 301 0 "-" "Mozilla/5.0 (Macintosh; U; Intel Mac OS X 10_5_8; zh-cn) AppleWebKit/533.18.1 (KHTML, like Gecko) Version/5.0.2 Safari/533.18.5"
39.149.221.142 - - [22/Jun/2026:11:37:32 +0800] "GET / HTTP/1.1" 200 41076 "-" "Mozilla/5.0 (Windows NT 6.1; WOW64) AppleWebKit/536.3 (KHTML, like Gecko) Chrome/19.0.1062.0 Safari/536.3"
36.133.115.36 - - [22/Jun/2026:11:37:36 +0800] "POST /wp-cron.php?doing_wp_cron=1782099456.0768799781799316406250 HTTP/1.1" 200 31 "-" "WordPress/7.0; http://cqqizhou.com"
39.149.221.142 - - [22/Jun/2026:11:37:36 +0800] "GET /contacts/ HTTP/1.1" 301 5 "http://cqqizhou.com" "Mozilla/5.0 (Windows NT 6.1; WOW64) AppleWebKit/536.3 (KHTML, like Gecko) Chrome/19.0.1062.0 Safari/536.3"
112.90.2.249 - - [22/Jun/2026:11:41:38 +0800] "GET /news/2373 HTTP/1.1" 200 26861 "-" "Mozilla/5.0 (Windows NT 10.0; Win64; x64) AppleWebKit/537.36 (KHTML, like Gecko) Chrome/133.0.0.0 Safari/537.36"
36.133.115.36 - - [22/Jun/2026:11:49:31 +0800] "POST /wp-cron.php?doing_wp_cron=1782100171.1632270812988281250000 HTTP/1.1" 200 31 "-" "WordPress/7.0; http://cqqizhou.com"
47.95.206.183 - - [22/Jun/2026:11:49:31 +0800] "GET / HTTP/1.0" 301 0 "-" "-"
47.95.206.183 - - [22/Jun/2026:11:49:42 +0800] "GET / HTTP/1.0" 301 0 "-" "-"
47.95.206.183 - - [22/Jun/2026:11:49:42 +0800] "GET /nmaplowercheck1782100172 HTTP/1.1" 404 32862 "-" "Mozilla/5.0 (compatible; Nmap Scripting Engine; https://nmap.org/book/nse.html)"
47.95.206.183 - - [22/Jun/2026:11:49:42 +0800] "POST /sdk HTTP/1.1" 404 32862 "-" "Mozilla/5.0 (compatible; Nmap Scripting Engine; https://nmap.org/book/nse.html)"
47.95.206.183 - - [22/Jun/2026:11:49:43 +0800] "GET /HNAP1 HTTP/1.1" 404 32862 "-" "Mozilla/5.0 (compatible; Nmap Scripting Engine; https://nmap.org/book/nse.html)"
47.95.206.183 - - [22/Jun/2026:11:49:43 +0800] "GET /evox/about HTTP/1.1" 404 32862 "-" "Mozilla/5.0 (compatible; Nmap Scripting Engine; https://nmap.org/book/nse.html)"
47.95.206.183 - - [22/Jun/2026:11:50:02 +0800] "GET / HTTP/1.0" 301 0 "-" "-"
47.95.206.183 - - [22/Jun/2026:11:50:03 +0800] "GET / HTTP/1.1" 301 5 "-" "-"
36.133.115.36 - - [22/Jun/2026:12:14:33 +0800] "POST /wp-cron.php?doing_wp_cron=1782101673.5174369812011718750000 HTTP/1.1" 200 31 "-" "WordPress/7.0; http://cqqizhou.com"
43.165.198.5 - - [22/Jun/2026:12:14:33 +0800] "GET / HTTP/1.1" 301 5 "-" "Mozilla/5.0 (iPhone; CPU iPhone OS 13_2_3 like Mac OS X) AppleWebKit/605.1.15 (KHTML, like Gecko) Version/13.0.3 Mobile/15E148 Safari/604.1"
43.165.198.5 - - [22/Jun/2026:12:14:35 +0800] "GET / HTTP/1.1" 200 35218 "http://36.133.115.36" "Mozilla/5.0 (iPhone; CPU iPhone OS 13_2_3 like Mac OS X) AppleWebKit/605.1.15 (KHTML, like Gecko) Version/13.0.3 Mobile/15E148 Safari/604.1"
36.133.115.36 - - [22/Jun/2026:12:33:56 +0800] "POST /wp-cron.php?doing_wp_cron=1782102836.0350999832153320312500 HTTP/1.1" 200 31 "-" "WordPress/7.0; http://cqqizhou.com"
172.234.217.129 - - [22/Jun/2026:12:33:56 +0800] "GET / HTTP/1.1" 301 5 "-" "Mozilla/5.0 (Macintosh; Intel Mac OS X 13_1) AppleWebKit/537.36 (KHTML, like Gecko) Chrome/108.0.0.0 Safari/537.36"
172.234.217.129 - - [22/Jun/2026:12:33:56 +0800] "GET / HTTP/1.1" 200 41076 "http://36.133.115.36/" "Mozilla/5.0 (Macintosh; Intel Mac OS X 13_1) AppleWebKit/537.36 (KHTML, like Gecko) Chrome/108.0.0.0 Safari/537.36"
36.133.115.36 - - [22/Jun/2026:13:02:30 +0800] "POST /wp-cron.php?doing_wp_cron=1782104550.6933200359344482421875 HTTP/1.1" 200 31 "-" "WordPress/7.0; http://cqqizhou.com"
103.203.56.2 - - [22/Jun/2026:13:02:30 +0800] "GET / HTTP/1.1" 301 5 "-" "HTTP Banner Detection (https://security.ipip.net)"
36.133.115.36 - - [22/Jun/2026:13:13:09 +0800] "POST /wp-cron.php?doing_wp_cron=1782105189.7024600505828857421875 HTTP/1.1" 200 31 "-" "WordPress/7.0; http://cqqizhou.com"
216.244.66.245 - - [22/Jun/2026:13:13:09 +0800] "GET /robots.txt HTTP/1.1" 200 390 "-" "Mozilla/5.0 (compatible; DotBot/1.2; +https://opensiteexplorer.org/dotbot; help@moz.com)"
120.241.208.66 - - [22/Jun/2026:13:18:10 +0800] "GET /news/portfolio/%E5%86%B7%E8%BD%A7%E6%9D%BF HTTP/1.1" 200 22759 "-" "Mozilla/5.0 (Windows NT 10.0; Win64; x64) AppleWebKit/537.36 (KHTML, like Gecko) Chrome/108.0.0.0 Safari/537.36"
216.244.66.245 - - [22/Jun/2026:13:19:48 +0800] "GET /news/portfolio/%E5%86%B7%E8%BD%A7%E5%8D%B7 HTTP/1.1" 200 80304 "-" "Mozilla/5.0 (compatible; DotBot/1.2; +https://opensiteexplorer.org/dotbot; help@moz.com)"
36.133.115.36 - - [22/Jun/2026:13:34:41 +0800] "POST /wp-cron.php?doing_wp_cron=1782106481.8286280632019042968750 HTTP/1.1" 200 31 "-" "WordPress/7.0; http://cqqizhou.com"
71.6.232.24 - - [22/Jun/2026:13:34:41 +0800] "GET / HTTP/1.1" 301 5 "-" "Mozilla/5.0 (Windows NT 10.0; Win64; x64) AppleWebKit/537.36 (KHTML, like Gecko) Chrome/134.0.0.0 Safari/537.36"
36.133.115.36 - - [22/Jun/2026:13:50:42 +0800] "POST /wp-cron.php?doing_wp_cron=1782107442.7907450199127197265625 HTTP/1.1" 200 31 "-" "WordPress/7.0; http://cqqizhou.com"
36.133.108.119 - - [22/Jun/2026:13:50:42 +0800] "HEAD /.env HTTP/1.1" 404 0 "-" "Mozilla/5.0 (X11; Linux x86_64) AppleWebKit/537.36 (KHTML, like Gecko) Chrome/41.0.2227.0 Safari/537.36"
36.133.115.36 - - [22/Jun/2026:14:12:11 +0800] "POST /wp-cron.php?doing_wp_cron=1782108731.2244930267333984375000 HTTP/1.1" 200 31 "-" "WordPress/7.0; http://cqqizhou.com"
120.241.208.35 - - [22/Jun/2026:14:12:11 +0800] "GET /2440/ HTTP/1.1" 301 5 "-" "Mozilla/5.0 (Windows NT 10.0; Win64; x64) AppleWebKit/537.36 (KHTML, like Gecko) Chrome/103.0.0.0 Safari/537.36"
157.148.43.163 - - [22/Jun/2026:14:12:13 +0800] "GET /news/2440 HTTP/1.1" 200 26164 "-" "Mozilla/5.0 (Windows NT 10.0; Win64; x64) AppleWebKit/537.36 (KHTML, like Gecko) Chrome/103.0.0.0 Safari/537.36"
36.133.115.36 - - [22/Jun/2026:14:15:25 +0800] "POST /wp-cron.php?doing_wp_cron=1782108925.7332949638366699218750 HTTP/1.1" 200 31 "-" "WordPress/7.0; http://cqqizhou.com"
157.148.43.108 - - [22/Jun/2026:14:15:25 +0800] "GET /2231/ HTTP/1.1" 301 5 "-" "Mozilla/5.0 (Windows NT 10.0; Win64; x64) AppleWebKit/537.36 (KHTML, like Gecko) Chrome/104.0.5112.81 Safari/537.36"
157.148.43.145 - - [22/Jun/2026:14:15:27 +0800] "GET /news/2231 HTTP/1.1" 200 24170 "-" "Mozilla/5.0 (Windows NT 10.0; Win64; x64) AppleWebKit/537.36 (KHTML, like Gecko) Chrome/104.0.5112.81 Safari/537.36"
36.133.115.36 - - [22/Jun/2026:14:20:45 +0800] "POST /wp-cron.php?doing_wp_cron=1782109245.0254600048065185546875 HTTP/1.1" 200 31 "-" "WordPress/7.0; http://cqqizhou.com"
66.249.79.6 - - [22/Jun/2026:14:20:45 +0800] "GET /news/portfolio-category/hot-dip-galvanized-coil HTTP/1.1" 200 18349 "-" "Mozilla/5.0 (Linux; Android 6.0.1; Nexus 5X Build/MMB29P) AppleWebKit/537.36 (KHTML, like Gecko) Chrome/148.0.7778.96 Mobile Safari/537.36 (compatible; Googlebot/2.1; +http://www.google.com/bot.html)"
36.133.115.36 - - [22/Jun/2026:14:25:22 +0800] "POST /wp-cron.php?doing_wp_cron=1782109522.0923619270324707031250 HTTP/1.1" 200 31 "-" "WordPress/7.0; http://cqqizhou.com"
69.5.169.137 - - [22/Jun/2026:14:25:22 +0800] "GET / HTTP/1.1" 301 5 "-" "Mozilla/5.0 (compatible; Infrawatch/1.0; +https://infrawat.ch/)"
185.223.235.19 - - [22/Jun/2026:14:25:56 +0800] "GET / HTTP/1.1" 301 5 "-" "Mozilla/5.0 (compatible; Infrawatch/1.0; +https://infrawat.ch/)"
185.223.235.35 - - [22/Jun/2026:14:25:58 +0800] "GET / HTTP/1.1" 200 41076 "-" "Mozilla/5.0 (compatible; Infrawatch/1.0; +https://infrawat.ch/)"
89.21.67.153 - - [22/Jun/2026:14:26:06 +0800] "POST / HTTP/1.1" 200 35219 "-" "Mozilla/5.0 (compatible; Infrawatch/1.0; +https://infrawat.ch/)"
36.133.115.36 - - [22/Jun/2026:14:34:17 +0800] "POST /wp-cron.php?doing_wp_cron=1782110057.7262830734252929687500 HTTP/1.1" 200 31 "-" "WordPress/7.0; http://cqqizhou.com"
176.65.139.66 - - [22/Jun/2026:14:34:17 +0800] "GET / HTTP/1.0" 301 0 "-" "Shodan-Pull/1.0"
36.133.115.36 - - [22/Jun/2026:14:48:32 +0800] "POST /wp-cron.php?doing_wp_cron=1782110912.9011530876159667968750 HTTP/1.1" 200 31 "-" "WordPress/7.0; http://cqqizhou.com"
43.135.164.228 - - [22/Jun/2026:14:48:32 +0800] "GET / HTTP/1.1" 301 5 "-" "Mozilla/5.0 (iPhone; CPU iPhone OS 13_2_3 like Mac OS X) AppleWebKit/605.1.15 (KHTML, like Gecko) Version/13.0.3 Mobile/15E148 Safari/604.1"
43.135.164.228 - - [22/Jun/2026:14:48:34 +0800] "GET / HTTP/1.1" 200 35219 "http://36.133.115.36" "Mozilla/5.0 (iPhone; CPU iPhone OS 13_2_3 like Mac OS X) AppleWebKit/605.1.15 (KHTML, like Gecko) Version/13.0.3 Mobile/15E148 Safari/604.1"
36.133.115.36 - - [22/Jun/2026:14:50:16 +0800] "POST /wp-cron.php?doing_wp_cron=1782111016.3287980556488037109375 HTTP/1.1" 200 31 "-" "WordPress/7.0; http://cqqizhou.com"
114.119.140.169 - - [22/Jun/2026:14:50:16 +0800] "GET /robots.txt HTTP/1.1" 200 190 "http://cqqizhou.com/robots.txt" "Mozilla/5.0 (Windows NT 10.0; Win64; x64) AppleWebKit/537.36 (KHTML, like Gecko) Chrome/148.0.0.0 Safari/537.36"
36.133.115.36 - - [22/Jun/2026:15:35:45 +0800] "POST /wp-cron.php?doing_wp_cron=1782113745.7508089542388916015625 HTTP/1.1" 200 31 "-" "WordPress/7.0; http://cqqizhou.com"
66.249.79.5 - - [22/Jun/2026:15:35:45 +0800] "GET /news/portfolio/remaining-rolls HTTP/1.1" 200 19313 "-" "Mozilla/5.0 (Linux; Android 6.0.1; Nexus 5X Build/MMB29P) AppleWebKit/537.36 (KHTML, like Gecko) Chrome/148.0.7778.96 Mobile Safari/537.36 (compatible; Googlebot/2.1; +http://www.google.com/bot.html)"
36.133.115.36 - - [22/Jun/2026:15:51:21 +0800] "POST /wp-cron.php?doing_wp_cron=1782114681.4442019462585449218750 HTTP/1.1" 200 31 "-" "WordPress/7.0; http://cqqizhou.com"
1.13.158.23 - - [22/Jun/2026:15:51:21 +0800] "GET / HTTP/1.1" 301 5 "-" "Mozilla/5.0 (iPhone; CPU iPhone OS 13_2_3 like Mac OS X) AppleWebKit/605.1.15 (KHTML, like Gecko) Version/13.0.3 Mobile/15E148 Safari/604.1"
1.13.158.23 - - [22/Jun/2026:15:51:23 +0800] "GET / HTTP/1.1" 200 35219 "http://www.cqqizhou.com" "Mozilla/5.0 (iPhone; CPU iPhone OS 13_2_3 like Mac OS X) AppleWebKit/605.1.15 (KHTML, like Gecko) Version/13.0.3 Mobile/15E148 Safari/604.1"
223.88.237.72 - - [22/Jun/2026:16:10:48 +0800] "GET / HTTP/1.1" 200 41076 "http://cqqizhou.com/" "User-Agent:Mozilla/5.0 (Windows NT 6.1; WOW64) AppleWebKit/537.36 (KHTML, like Gecko) Chrome/50.0.2661.102 Safari/537.36"
192.71.126.249 - - [22/Jun/2026:16:24:44 +0800] "GET / HTTP/1.1" 200 41076 "-" "Mozilla/5.0 (Windows NT 10.0; Win64; x64) AppleWebKit/537.36 (KHTML, like Gecko) Chrome/121.0.0.0 Safari/537.3"
192.71.224.103 - - [22/Jun/2026:16:24:45 +0800] "GET /news/portfolio-category/hot-dip-galvanized-coil HTTP/1.1" 200 21723 "-" "Mozilla/5.0 (Windows NT 10.0; Win64; x64) AppleWebKit/537.36 (KHTML, like Gecko) Chrome/121.0.0.0 Safari/537.3"
192.71.2.99 - - [22/Jun/2026:16:24:46 +0800] "GET /news/portfolio/%e5%86%b7%e8%bd%a7%e6%9d%bf HTTP/1.1" 200 22759 "-" "Mozilla/5.0 (Windows NT 10.0; Win64; x64) AppleWebKit/537.36 (KHTML, like Gecko) Chrome/121.0.0.0 Safari/537.3"
192.71.12.181 - - [22/Jun/2026:16:24:47 +0800] "GET /news/portfolio-category/dual-phase-steel HTTP/1.1" 200 21713 "-" "Mozilla/5.0 (Windows NT 10.0; Win64; x64) AppleWebKit/537.36 (KHTML, like Gecko) Chrome/121.0.0.0 Safari/537.3"
62.60.130.224 - - [22/Jun/2026:16:27:30 +0800] "GET /images/images/cache.php HTTP/1.1" 404 47 "www.google.com" "Mozlila/5.0 (Linux; Android 7.0; SM-G892A Bulid/NRD90M; wv) AppleWebKit/537.36 (KHTML, like Gecko) Version/4.0 Chrome/60.0.3112.107 Moblie Safari/537.36"
36.133.115.36 - - [22/Jun/2026:17:04:43 +0800] "POST /wp-cron.php?doing_wp_cron=1782119083.1456120014190673828125 HTTP/1.1" 200 31 "-" "WordPress/7.0; http://cqqizhou.com"
176.65.139.168 - - [22/Jun/2026:17:04:43 +0800] "GET / HTTP/1.1" 200 35219 "-" "Linux Gnu (cow)"
36.133.115.36 - - [22/Jun/2026:17:10:49 +0800] "POST /wp-cron.php?doing_wp_cron=1782119449.3365070819854736328125 HTTP/1.1" 200 31 "-" "WordPress/7.0; http://cqqizhou.com"
170.106.65.93 - - [22/Jun/2026:17:10:49 +0800] "GET / HTTP/1.1" 200 35219 "-" "Mozilla/5.0 (iPhone; CPU iPhone OS 13_2_3 like Mac OS X) AppleWebKit/605.1.15 (KHTML, like Gecko) Version/13.0.3 Mobile/15E148 Safari/604.1"
36.133.115.36 - - [22/Jun/2026:17:19:26 +0800] "POST /wp-cron.php?doing_wp_cron=1782119966.4228849411010742187500 HTTP/1.1" 200 31 "-" "WordPress/7.0; http://cqqizhou.com"
219.154.75.66 - - [22/Jun/2026:17:19:26 +0800] "GET / HTTP/1.1" 301 5 "-" "Mozilla/5.0 (Windows NT 10.0; Win64; x64) AppleWebKit/537.36 (KHTML, like Gecko) Chrome/131.0.0.0 Safari/537.36"
219.154.75.66 - - [22/Jun/2026:17:19:27 +0800] "GET / HTTP/1.1" 301 5 "-" "Mozilla/5.0 (Windows NT 10.0; Win64; x64) AppleWebKit/537.36 (KHTML, like Gecko) Chrome/131.0.0.0 Safari/537.36"
219.154.75.66 - - [22/Jun/2026:17:19:27 +0800] "GET /wE4nZRgF9QPXnoCr HTTP/1.1" 404 9499 "-" "Mozilla/5.0 (Windows NT 10.0; Win64; x64) AppleWebKit/537.36 (KHTML, like Gecko) Chrome/131.0.0.0 Safari/537.36"
219.154.75.66 - - [22/Jun/2026:17:19:27 +0800] "GET /?OPXX={qGUm}&vJNK=<> HTTP/1.1" 200 35219 "-" "Mozilla/5.0 (Windows NT 10.0; Win64; x64) AppleWebKit/537.36 (KHTML, like Gecko) Chrome/131.0.0.0 Safari/537.36"
219.154.75.66 - - [22/Jun/2026:17:19:28 +0800] "GET / HTTP/1.1" 301 5 "-" "Mozilla/5.0 (Windows NT 10.0; Win64; x64) AppleWebKit/537.36 (KHTML, like Gecko) Chrome/131.0.0.0 Safari/537.36"
219.154.75.66 - - [22/Jun/2026:17:19:28 +0800] "GET / HTTP/1.1" 301 5 "-" "Mozilla/5.0 (Windows NT 10.0; Win64; x64) AppleWebKit/537.36 (KHTML, like Gecko) Chrome/131.0.0.0 Safari/537.36"
219.154.75.66 - - [22/Jun/2026:17:19:28 +0800] "GET / HTTP/1.1" 301 5 "http://36.133.115.36/" "Mozilla/5.0 (Windows NT 10.0; Win64; x64) AppleWebKit/537.36 (KHTML, like Gecko) Chrome/131.0.0.0 Safari/537.36"
219.154.75.66 - - [22/Jun/2026:17:19:29 +0800] "GET /tOSBi6UT HTTP/1.1" 404 9499 "-" "Mozilla/5.0 (Windows NT 10.0; Win64; x64) AppleWebKit/537.36 (KHTML, like Gecko) Chrome/131.0.0.0 Safari/537.36"
219.154.75.66 - - [22/Jun/2026:17:19:29 +0800] "GET / HTTP/1.1" 301 5 "-" "Mozilla/5.0 (Windows NT 10.0; Win64; x64) AppleWebKit/537.36 (KHTML, like Gecko) Chrome/131.0.0.0 Safari/537.36"
219.154.75.66 - - [22/Jun/2026:17:19:30 +0800] "POST /graphql HTTP/1.1" 404 9499 "-" "Mozilla/5.0 (Windows NT 10.0; Win64; x64) AppleWebKit/537.36 (KHTML, like Gecko) Chrome/131.0.0.0 Safari/537.36"
219.154.75.66 - - [22/Jun/2026:17:19:30 +0800] "GET /cidgg4sz1ed0.php HTTP/1.1" 404 47 "http://36.133.115.36/" "Mozilla/5.0 (Windows NT 10.0; Win64; x64) AppleWebKit/537.36 (KHTML, like Gecko) Chrome/131.0.0.0 Safari/537.36"
219.154.75.66 - - [22/Jun/2026:17:19:30 +0800] "POST /graphql HTTP/1.1" 404 9498 "-" "Mozilla/5.0 (Windows NT 10.0; Win64; x64) AppleWebKit/537.36 (KHTML, like Gecko) Chrome/131.0.0.0 Safari/537.36"
219.154.75.66 - - [22/Jun/2026:17:19:30 +0800] "POST /graphiql HTTP/1.1" 404 9498 "-" "Mozilla/5.0 (Windows NT 10.0; Win64; x64) AppleWebKit/537.36 (KHTML, like Gecko) Chrome/131.0.0.0 Safari/537.36"
219.154.75.66 - - [22/Jun/2026:17:19:30 +0800] "POST / HTTP/1.1" 200 35219 "-" "Mozilla/5.0 (Windows NT 10.0; Win64; x64) AppleWebKit/537.36 (KHTML, like Gecko) Chrome/131.0.0.0 Safari/537.36"
219.154.75.66 - - [22/Jun/2026:17:19:30 +0800] "GET /README.md HTTP/1.1" 404 9498 "-" "Mozilla/5.0 (Windows NT 10.0; Win64; x64) AppleWebKit/537.36 (KHTML, like Gecko) Chrome/131.0.0.0 Safari/537.36"
219.154.75.66 - - [22/Jun/2026:17:19:31 +0800] "GET /cidgg4sz1ed0.jsp HTTP/1.1" 404 9498 "http://36.133.115.36/" "Mozilla/5.0 (Windows NT 10.0; Win64; x64) AppleWebKit/537.36 (KHTML, like Gecko) Chrome/131.0.0.0 Safari/537.36"
219.154.75.66 - - [22/Jun/2026:17:19:31 +0800] "POST /v3/graphiql HTTP/1.1" 404 9498 "-" "Mozilla/5.0 (Windows NT 10.0; Win64; x64) AppleWebKit/537.36 (KHTML, like Gecko) Chrome/131.0.0.0 Safari/537.36"
219.154.75.66 - - [22/Jun/2026:17:19:31 +0800] "POST /v3/graphql-public HTTP/1.1" 404 9498 "-" "Mozilla/5.0 (Windows NT 10.0; Win64; x64) AppleWebKit/537.36 (KHTML, like Gecko) Chrome/131.0.0.0 Safari/537.36"
219.154.75.66 - - [22/Jun/2026:17:19:31 +0800] "POST /dev/graphql HTTP/1.1" 404 9498 "-" "Mozilla/5.0 (Windows NT 10.0; Win64; x64) AppleWebKit/537.36 (KHTML, like Gecko) Chrome/131.0.0.0 Safari/537.36"
219.154.75.66 - - [22/Jun/2026:17:19:31 +0800] "GET / HTTP/1.1" 301 5 "-" "Mozilla/5.0 (Windows NT 10.0; Win64; x64) AppleWebKit/537.36 (KHTML, like Gecko) Chrome/131.0.0.0 Safari/537.36"
219.154.75.66 - - [22/Jun/2026:17:19:32 +0800] "POST /v1/graphiql HTTP/1.1" 404 9499 "-" "Mozilla/5.0 (Windows NT 10.0; Win64; x64) AppleWebKit/537.36 (KHTML, like Gecko) Chrome/131.0.0.0 Safari/537.36"
219.154.75.66 - - [22/Jun/2026:17:19:32 +0800] "POST /api/v2/graphql HTTP/1.1" 404 9499 "-" "Mozilla/5.0 (Windows NT 10.0; Win64; x64) AppleWebKit/537.36 (KHTML, like Gecko) Chrome/131.0.0.0 Safari/537.36"
219.154.75.66 - - [22/Jun/2026:17:19:32 +0800] "POST /appsync HTTP/1.1" 404 9499 "-" "Mozilla/5.0 (Windows NT 10.0; Win64; x64) AppleWebKit/537.36 (KHTML, like Gecko) Chrome/131.0.0.0 Safari/537.36"
219.154.75.66 - - [22/Jun/2026:17:19:32 +0800] "GET /docs/LICENSE.md HTTP/1.1" 404 9499 "-" "Mozilla/5.0 (Windows NT 10.0; Win64; x64) AppleWebKit/537.36 (KHTML, like Gecko) Chrome/131.0.0.0 Safari/537.36"
219.154.75.66 - - [22/Jun/2026:17:19:32 +0800] "POST /v1/graphql HTTP/1.1" 404 9499 "-" "Mozilla/5.0 (Windows NT 10.0; Win64; x64) AppleWebKit/537.36 (KHTML, like Gecko) Chrome/131.0.0.0 Safari/537.36"
219.154.75.66 - - [22/Jun/2026:17:19:32 +0800] "GET /adminer-4.2.5-mysql-en.php HTTP/1.1" 404 47 "http://36.133.115.36/" "Mozilla/5.0 (Windows NT 10.0; Win64; x64) AppleWebKit/537.36 (KHTML, like Gecko) Chrome/131.0.0.0 Safari/537.36"
219.154.75.66 - - [22/Jun/2026:17:19:32 +0800] "GET /adminer-4.2.5-mysql.php HTTP/1.1" 404 47 "http://36.133.115.36/" "Mozilla/5.0 (Windows NT 10.0; Win64; x64) AppleWebKit/537.36 (KHTML, like Gecko) Chrome/131.0.0.0 Safari/537.36"
219.154.75.66 - - [22/Jun/2026:17:19:32 +0800] "GET /adminer-4.3.0.php HTTP/1.1" 404 47 "http://36.133.115.36/" "Mozilla/5.0 (Windows NT 10.0; Win64; x64) AppleWebKit/537.36 (KHTML, like Gecko) Chrome/131.0.0.0 Safari/537.36"
219.154.75.66 - - [22/Jun/2026:17:19:32 +0800] "GET /adminer-4.3.0-en.php HTTP/1.1" 404 47 "http://36.133.115.36/" "Mozilla/5.0 (Windows NT 10.0; Win64; x64) AppleWebKit/537.36 (KHTML, like Gecko) Chrome/131.0.0.0 Safari/537.36"
219.154.75.66 - - [22/Jun/2026:17:19:32 +0800] "GET /adminer-4.3.0-mysql-en.php HTTP/1.1" 404 47 "http://36.133.115.36/" "Mozilla/5.0 (Windows NT 10.0; Win64; x64) AppleWebKit/537.36 (KHTML, like Gecko) Chrome/131.0.0.0 Safari/537.36"
219.154.75.66 - - [22/Jun/2026:17:19:32 +0800] "GET /adminer-4.3.0-mysql.php HTTP/1.1" 404 47 "http://36.133.115.36/" "Mozilla/5.0 (Windows NT 10.0; Win64; x64) AppleWebKit/537.36 (KHTML, like Gecko) Chrome/131.0.0.0 Safari/537.36"
219.154.75.66 - - [22/Jun/2026:17:19:32 +0800] "GET /adminer-4.3.1.php HTTP/1.1" 404 47 "http://36.133.115.36/" "Mozilla/5.0 (Windows NT 10.0; Win64; x64) AppleWebKit/537.36 (KHTML, like Gecko) Chrome/131.0.0.0 Safari/537.36"
219.154.75.66 - - [22/Jun/2026:17:19:32 +0800] "GET /adminer-4.3.1-en.php HTTP/1.1" 404 47 "http://36.133.115.36/" "Mozilla/5.0 (Windows NT 10.0; Win64; x64) AppleWebKit/537.36 (KHTML, like Gecko) Chrome/131.0.0.0 Safari/537.36"
219.154.75.66 - - [22/Jun/2026:17:19:32 +0800] "GET /adminer-4.3.1-mysql-en.php HTTP/1.1" 404 47 "http://36.133.115.36/" "Mozilla/5.0 (Windows NT 10.0; Win64; x64) AppleWebKit/537.36 (KHTML, like Gecko) Chrome/131.0.0.0 Safari/537.36"
219.154.75.66 - - [22/Jun/2026:17:19:33 +0800] "GET /adminer-4.3.1-mysql.php HTTP/1.1" 404 47 "http://36.133.115.36/" "Mozilla/5.0 (Windows NT 10.0; Win64; x64) AppleWebKit/537.36 (KHTML, like Gecko) Chrome/131.0.0.0 Safari/537.36"
219.154.75.66 - - [22/Jun/2026:17:19:33 +0800] "GET /adminer-4.4.0.php HTTP/1.1" 404 47 "http://36.133.115.36/" "Mozilla/5.0 (Windows NT 10.0; Win64; x64) AppleWebKit/537.36 (KHTML, like Gecko) Chrome/131.0.0.0 Safari/537.36"
219.154.75.66 - - [22/Jun/2026:17:19:33 +0800] "GET /adminer-4.4.0-en.php HTTP/1.1" 404 47 "http://36.133.115.36/" "Mozilla/5.0 (Windows NT 10.0; Win64; x64) AppleWebKit/537.36 (KHTML, like Gecko) Chrome/131.0.0.0 Safari/537.36"
219.154.75.66 - - [22/Jun/2026:17:19:33 +0800] "GET /adminer-4.4.0-mysql-en.php HTTP/1.1" 404 47 "http://36.133.115.36/" "Mozilla/5.0 (Windows NT 10.0; Win64; x64) AppleWebKit/537.36 (KHTML, like Gecko) Chrome/131.0.0.0 Safari/537.36"
219.154.75.66 - - [22/Jun/2026:17:19:33 +0800] "GET /adminer-4.5.0.php HTTP/1.1" 404 47 "http://36.133.115.36/" "Mozilla/5.0 (Windows NT 10.0; Win64; x64) AppleWebKit/537.36 (KHTML, like Gecko) Chrome/131.0.0.0 Safari/537.36"
219.154.75.66 - - [22/Jun/2026:17:19:33 +0800] "GET /robots.txt HTTP/1.1" 200 190 "-" "Mozilla/5.0 (Windows NT 10.0; Win64; x64) AppleWebKit/537.36 (KHTML, like Gecko) Chrome/131.0.0.0 Safari/537.36"
219.154.75.66 - - [22/Jun/2026:17:19:33 +0800] "GET /adminer-4.5.0-mysql-en.php HTTP/1.1" 404 47 "http://36.133.115.36/" "Mozilla/5.0 (Windows NT 10.0; Win64; x64) AppleWebKit/537.36 (KHTML, like Gecko) Chrome/131.0.0.0 Safari/537.36"
219.154.75.66 - - [22/Jun/2026:17:19:33 +0800] "GET /adminer-4.5.0-mysql.php HTTP/1.1" 404 47 "http://36.133.115.36/" "Mozilla/5.0 (Windows NT 10.0; Win64; x64) AppleWebKit/537.36 (KHTML, like Gecko) Chrome/131.0.0.0 Safari/537.36"
219.154.75.66 - - [22/Jun/2026:17:19:33 +0800] "GET /adminer-4.6.0.php HTTP/1.1" 404 47 "http://36.133.115.36/" "Mozilla/5.0 (Windows NT 10.0; Win64; x64) AppleWebKit/537.36 (KHTML, like Gecko) Chrome/131.0.0.0 Safari/537.36"
219.154.75.66 - - [22/Jun/2026:17:19:33 +0800] "GET / HTTP/1.1" 301 5 "http://36.133.115.36/" "Mozilla/5.0 (Windows NT 10.0; Win64; x64) AppleWebKit/537.36 (KHTML, like Gecko) Chrome/131.0.0.0 Safari/537.36"
219.154.75.66 - - [22/Jun/2026:17:19:33 +0800] "GET /adminer-4.6.0-en.php HTTP/1.1" 404 47 "http://36.133.115.36/" "Mozilla/5.0 (Windows NT 10.0; Win64; x64) AppleWebKit/537.36 (KHTML, like Gecko) Chrome/131.0.0.0 Safari/537.36"
219.154.75.66 - - [22/Jun/2026:17:19:33 +0800] "GET /adminer-4.6.0-mysql-en.php HTTP/1.1" 404 47 "http://36.133.115.36/" "Mozilla/5.0 (Windows NT 10.0; Win64; x64) AppleWebKit/537.36 (KHTML, like Gecko) Chrome/131.0.0.0 Safari/537.36"
219.154.75.66 - - [22/Jun/2026:17:19:33 +0800] "GET /adminer-4.6.0-mysql.php HTTP/1.1" 404 47 "http://36.133.115.36/" "Mozilla/5.0 (Windows NT 10.0; Win64; x64) AppleWebKit/537.36 (KHTML, like Gecko) Chrome/131.0.0.0 Safari/537.36"
219.154.75.66 - - [22/Jun/2026:17:19:33 +0800] "GET /adminer-4.6.1.php HTTP/1.1" 404 47 "http://36.133.115.36/" "Mozilla/5.0 (Windows NT 10.0; Win64; x64) AppleWebKit/537.36 (KHTML, like Gecko) Chrome/131.0.0.0 Safari/537.36"
219.154.75.66 - - [22/Jun/2026:17:19:33 +0800] "GET /adminer-4.6.1-en.php HTTP/1.1" 404 47 "http://36.133.115.36/" "Mozilla/5.0 (Windows NT 10.0; Win64; x64) AppleWebKit/537.36 (KHTML, like Gecko) Chrome/131.0.0.0 Safari/537.36"
219.154.75.66 - - [22/Jun/2026:17:19:33 +0800] "GET /adminer-4.6.1-mysql-en.php HTTP/1.1" 404 47 "http://36.133.115.36/" "Mozilla/5.0 (Windows NT 10.0; Win64; x64) AppleWebKit/537.36 (KHTML, like Gecko) Chrome/131.0.0.0 Safari/537.36"
219.154.75.66 - - [22/Jun/2026:17:19:33 +0800] "GET /adminer-4.6.1-mysql.php HTTP/1.1" 404 47 "http://36.133.115.36/" "Mozilla/5.0 (Windows NT 10.0; Win64; x64) AppleWebKit/537.36 (KHTML, like Gecko) Chrome/131.0.0.0 Safari/537.36"
219.154.75.66 - - [22/Jun/2026:17:19:33 +0800] "GET /adminer-4.6.2.php HTTP/1.1" 404 47 "http://36.133.115.36/" "Mozilla/5.0 (Windows NT 10.0; Win64; x64) AppleWebKit/537.36 (KHTML, like Gecko) Chrome/131.0.0.0 Safari/537.36"
