File: /home/logs/cqqizhou_access_2026-05-30.log
36.133.115.36 - - [30/May/2026:00:02:50 +0800] "POST /wp-cron.php?doing_wp_cron=1780070570.0610990524291992187500 HTTP/1.1" 200 31 "-" "WordPress/6.9; http://cqqizhou.com"
66.249.73.230 - - [30/May/2026:00:02:50 +0800] "GET /feed HTTP/1.1" 200 42081 "-" "Mozilla/5.0 (Linux; Android 6.0.1; Nexus 5X Build/MMB29P) AppleWebKit/537.36 (KHTML, like Gecko) Chrome/148.0.7778.96 Mobile Safari/537.36 (compatible; Googlebot/2.1; +http://www.google.com/bot.html)"
183.207.45.108 - - [30/May/2026:00:03:45 +0800] "GET / HTTP/1.1" 200 160266 "-" "Mozilla/5.0 (Windows NT 10.0; Win64; x64) AppleWebKit/537.36 (KHTML, like Gecko) Chrome/59.0.3071.104 Safari/537.36"
121.91.186.13 - - [30/May/2026:00:18:07 +0800] "GET /wp-content/uploads/2026/05/1779328461-1Article_images_W900px-768x432.webp HTTP/1.1" 200 37678 "http://cqqizhou.com/2418" "Mozilla/5.0 (Macintosh; Intel Mac OS X 10_15_7) AppleWebKit/537.36 (KHTML, like Gecko) Chrome/130.0.0.0 Safari/537.36"
36.133.115.36 - - [30/May/2026:00:23:03 +0800] "POST /wp-cron.php?doing_wp_cron=1780071783.0691781044006347656250 HTTP/1.1" 200 31 "-" "WordPress/6.9; http://cqqizhou.com"
45.148.10.67 - - [30/May/2026:00:23:03 +0800] "GET / HTTP/1.1" 200 35150 "-" "Mozilla/5.0 (Windows NT 10.0; Win64; x64) AppleWebKit/537.36 (KHTML, like Gecko) Chrome/131.0.0.0 Safari/537.36"
51.89.129.214 - - [30/May/2026:00:29:27 +0800] "GET /media HTTP/1.1" 200 32299 "-" "Mozilla/5.0 (compatible; AhrefsBot/7.0; +http://ahrefs.com/robot/)"
36.133.115.36 - - [30/May/2026:00:31:37 +0800] "POST /wp-cron.php?doing_wp_cron=1780072297.3738019466400146484375 HTTP/1.1" 200 31 "-" "WordPress/6.9; http://cqqizhou.com"
115.52.230.1 - - [30/May/2026:00:31:37 +0800] "GET / HTTP/1.1" 301 5 "-" "Mozilla/5.0 (Macintosh; Intel Mac OS X 10_15_7) AppleWebKit/537.36 (KHTML, like Gecko) Chrome/143.0.0.0 Safari/537.36"
115.52.230.1 - - [30/May/2026:00:31:37 +0800] "GET / HTTP/1.1" 200 35594 "-" "Mozilla/5.0 (Macintosh; Intel Mac OS X 10_15_7) AppleWebKit/537.36 (KHTML, like Gecko) Chrome/143.0.0.0 Safari/537.36"
36.133.115.36 - - [30/May/2026:00:32:38 +0800] "POST /wp-cron.php?doing_wp_cron=1780072358.8056120872497558593750 HTTP/1.1" 200 31 "-" "WordPress/6.9; http://cqqizhou.com"
223.97.137.196 - - [30/May/2026:00:32:38 +0800] "GET /Ly9jcXFpemhvdS5jb20vd3AtY29udGVudC91cGxvYWRzLzIwMjYvMDEvMTc2ODI3NjExOS1xaXpob3VqaWFnb25nX1NsaWRlcl8zODQww5cyMTYwXzIwMjYwMTEzLXNjYWxlZC53ZWJw HTTP/1.1" 404 9409 "-" "Mozilla/5.0 (Windows NT 6.2; WOW64) AppleWebKit/537.36 (KHTML, like Gecko) Chrome/70.0.3538.16"
54.38.147.82 - - [30/May/2026:00:34:29 +0800] "GET /wp-content/uploads/2026/05/1779925245-Article_images_W900px-300x169.webp HTTP/1.1" 200 11964 "-" "Mozilla/5.0 (compatible; AhrefsBot/7.0; +http://ahrefs.com/robot/)"
198.244.242.99 - - [30/May/2026:00:34:33 +0800] "GET /wp-content/uploads/2026/05/1779957408-1Article_images_W900px-300x169.webp HTTP/1.1" 200 11432 "-" "Mozilla/5.0 (compatible; AhrefsBot/7.0; +http://ahrefs.com/robot/)"
120.239.234.8 - - [30/May/2026:00:45:28 +0800] "GET / HTTP/1.1" 200 35594 "-" "Mozilla/5.0 (Windows NT 10.0; Win64; x64) AppleWebKit/537.36 (KHTML, like Gecko) Chrome/142.0.0.0 Safari/537.36"
36.133.115.36 - - [30/May/2026:00:46:09 +0800] "POST /wp-cron.php?doing_wp_cron=1780073169.7544128894805908203125 HTTP/1.1" 200 31 "-" "WordPress/6.9; http://cqqizhou.com"
18.216.72.146 - - [30/May/2026:00:46:09 +0800] "GET / HTTP/1.1" 301 5 "-" "visionheight.com/scan Mozilla/5.0 (Macintosh; Intel Mac OS X 10_15_7) Chrome/126.0.0.0 Safari/537.36"
18.216.72.146 - - [30/May/2026:00:46:10 +0800] "GET / HTTP/1.1" 200 35594 "http://36.133.115.36/" "visionheight.com/scan Mozilla/5.0 (Macintosh; Intel Mac OS X 10_15_7) Chrome/126.0.0.0 Safari/537.36"
36.133.115.36 - - [30/May/2026:00:49:09 +0800] "POST /wp-cron.php?doing_wp_cron=1780073349.0927569866180419921875 HTTP/1.1" 200 31 "-" "WordPress/6.9; http://cqqizhou.com"
18.216.72.146 - - [30/May/2026:00:49:09 +0800] "GET / HTTP/1.1" 301 5 "-" "visionheight.com/scan Mozilla/5.0 (Macintosh; Intel Mac OS X 10_15_7) Chrome/126.0.0.0 Safari/537.36"
36.133.115.36 - - [30/May/2026:00:51:03 +0800] "POST /wp-cron.php?doing_wp_cron=1780073463.8708610534667968750000 HTTP/1.1" 200 31 "-" "WordPress/6.9; http://cqqizhou.com"
36.133.108.119 - - [30/May/2026:00:51:03 +0800] "HEAD / HTTP/1.1" 301 0 "-" "Mozilla/5.0 (iPad; CPU OS 6_0 like Mac OS X) AppleWebKit/536.26 (KHTML, like Gecko) Version/6.0 Mobile/10A5355d Safari/8536.25"
36.133.108.119 - - [30/May/2026:00:51:05 +0800] "GET / HTTP/1.1" 301 5 "-" "Scrapy/2.8.0 (+https://scrapy.org)"
36.133.115.36 - - [30/May/2026:00:59:38 +0800] "POST /wp-cron.php?doing_wp_cron=1780073978.3329429626464843750000 HTTP/1.1" 200 31 "-" "WordPress/6.9; http://cqqizhou.com"
183.192.88.223 - - [30/May/2026:00:59:38 +0800] "GET /portfolio-tag/ansteel-thyssen/ HTTP/1.1" 404 9409 "-" "Mozilla/5.0 (Macintosh; Intel Mac OS X 10_15_7) AppleWebKit/537.36 (KHTML, like Gecko) Chrome/140.0.0.0 Safari/537.36"
36.133.115.36 - - [30/May/2026:01:00:52 +0800] "POST /wp-cron.php?doing_wp_cron=1780074052.5863358974456787109375 HTTP/1.1" 200 31 "-" "WordPress/6.9; http://cqqizhou.com"
1.26.164.226 - - [30/May/2026:01:00:52 +0800] "GET /Ly9jcXFpemhvdS5jb20vd3AtY29udGVudC91cGxvYWRzL3JldnNsaWRlci9zbGlkZXItMS8xNzUwODYxMTU2LWxvZ2lzdGljc19TbGlkZXJfMzg0MMOXMjE2MF8yMDI1MDYyNTE5MTM1Ni1zY2FsZWQud2VicA== HTTP/1.1" 404 9409 "-" "Mozilla/5.0 (Windows NT 10.0; Win64; x64) AppleWebKit/537.36 (KHTML, like Gecko) Chrome/75.0.3770.140"
36.133.115.36 - - [30/May/2026:01:05:40 +0800] "POST /wp-cron.php?doing_wp_cron=1780074340.7441959381103515625000 HTTP/1.1" 200 31 "-" "WordPress/6.9; http://cqqizhou.com"
115.203.146.111 - - [30/May/2026:01:05:40 +0800] "GET /portfolio-category/cold-rolled-coil/ HTTP/1.1" 404 9407 "-" "Mozilla/5.0 (Macintosh; Intel Mac OS X 10.15; rv:135.0) Gecko/20100101 Firefox/135.0"
121.91.184.42 - - [30/May/2026:01:11:21 +0800] "GET /wp-content/uploads/2025/12/1766388811-Article_images_202507249-768x346.webp HTTP/1.1" 200 50030 "-" "Mozilla/5.0 (Macintosh; Intel Mac OS X 10_15_7) AppleWebKit/537.36 (KHTML, like Gecko) Chrome/130.0.0.0 Safari/537.36"
36.133.115.36 - - [30/May/2026:01:14:54 +0800] "POST /wp-cron.php?doing_wp_cron=1780074894.7411520481109619140625 HTTP/1.1" 200 31 "-" "WordPress/6.9; http://cqqizhou.com"
8.216.86.98 - - [30/May/2026:01:14:54 +0800] "GET / HTTP/1.1" 301 5 "-" "curl/7.78.0"
51.195.244.56 - - [30/May/2026:01:16:13 +0800] "GET /news/portfolio/%E5%86%B7%E8%BD%A7%E6%9D%BF HTTP/1.1" 200 22710 "-" "Mozilla/5.0 (compatible; AhrefsBot/7.0; +http://ahrefs.com/robot/)"
36.133.115.36 - - [30/May/2026:01:33:50 +0800] "POST /wp-cron.php?doing_wp_cron=1780076030.2131640911102294921875 HTTP/1.1" 200 31 "-" "WordPress/6.9; http://cqqizhou.com"
39.128.229.210 - - [30/May/2026:01:33:50 +0800] "GET /Ly9jcXFpemhvdS5jb20vd3AtY29udGVudC91cGxvYWRzLzIwMjYvMDEvMTc2ODI4MDI3MC1hbnF1YW5fU2xpZGVyXzM4NDDDlzIxNjBfMjAyNjAxMTQtc2NhbGVkLndlYnA= HTTP/1.1" 404 9408 "-" "Mozilla/5.0 (Windows NT 10.0; WOW64) AppleWebKit/537.36 (KHTML, like Gecko) Chrome/73.0.3683.68"
36.133.115.36 - - [30/May/2026:01:42:52 +0800] "POST /wp-cron.php?doing_wp_cron=1780076572.1672880649566650390625 HTTP/1.1" 200 31 "-" "WordPress/6.9; http://cqqizhou.com"
74.91.112.147 - - [30/May/2026:01:42:52 +0800] "GET / HTTP/1.0" 301 0 "-" "ivre-masscan/1.3 https://github.com/robertdavidgraham/"
20.29.25.231 - - [30/May/2026:01:49:49 +0800] "GET /wp-content/plugins/hellopress/wp_filemanager.php HTTP/1.1" 404 27 "-" "-"
20.29.25.231 - - [30/May/2026:01:49:49 +0800] "GET /mac.php HTTP/1.1" 404 27 "-" "-"
180.153.236.116 - - [30/May/2026:02:01:17 +0800] "GET / HTTP/1.1" 200 35594 "http://cqqizhou.com" "User-Agent:Mozilla/5.0 (Windows NT 10.0; Win64; x64) AppleWebKit/537.36 (KHTML, like Gecko) Chrome/140.0.0.0 Safari/537.36 Edg/140.0.0.0; 360Spider"
36.133.115.36 - - [30/May/2026:02:02:51 +0800] "POST /wp-cron.php?doing_wp_cron=1780077771.7203559875488281250000 HTTP/1.1" 200 31 "-" "WordPress/6.9; http://cqqizhou.com"
49.51.252.146 - - [30/May/2026:02:02:51 +0800] "GET / HTTP/1.1" 301 5 "-" "Mozilla/5.0 (iPhone; CPU iPhone OS 13_2_3 like Mac OS X) AppleWebKit/605.1.15 (KHTML, like Gecko) Version/13.0.3 Mobile/15E148 Safari/604.1"
49.51.252.146 - - [30/May/2026:02:02:54 +0800] "GET / HTTP/1.1" 200 35151 "http://www.cqqizhou.com" "Mozilla/5.0 (iPhone; CPU iPhone OS 13_2_3 like Mac OS X) AppleWebKit/605.1.15 (KHTML, like Gecko) Version/13.0.3 Mobile/15E148 Safari/604.1"
51.195.244.140 - - [30/May/2026:02:03:19 +0800] "GET /contacts HTTP/1.1" 200 22098 "-" "Mozilla/5.0 (compatible; AhrefsBot/7.0; +http://ahrefs.com/robot/)"
36.133.115.36 - - [30/May/2026:02:04:03 +0800] "POST /wp-cron.php?doing_wp_cron=1780077843.2313721179962158203125 HTTP/1.1" 200 31 "-" "WordPress/6.9; http://cqqizhou.com"
221.210.165.52 - - [30/May/2026:02:04:03 +0800] "GET /Ly9jcXFpemhvdS5jb20vd3AtY29udGVudC91cGxvYWRzLzIwMjUvMTIvMTc2NTI2ODk1NS1xaXpob3VfU2xpZGVyMV8zODQww5cyMTYwXzIwMjUxMjEwLXNjYWxlZC53ZWJw HTTP/1.1" 404 9408 "-" "Mozilla/5.0 (Windows NT 6.2) AppleWebKit/537.36 (KHTML, like Gecko) Chrome/76.0.3809.68"
36.133.108.121 - - [30/May/2026:02:16:50 +0800] "HEAD /www/vendor/phpunit/phpunit/src/Util/PHP/eval-stdin.php HTTP/1.1" 404 0 "-" "Mozilla/5.0 (iPad; U; CPU OS 3_2 like Mac OS X; en-us) AppleWebKit/531.21.10 (KHTML, like Gecko) Version/4.0.4 Mobile/7B334b Safari/531.21.10"
36.133.115.36 - - [30/May/2026:02:17:13 +0800] "POST /wp-cron.php?doing_wp_cron=1780078633.3486618995666503906250 HTTP/1.1" 200 31 "-" "WordPress/6.9; http://cqqizhou.com"
183.207.48.155 - - [30/May/2026:02:17:13 +0800] "GET / HTTP/1.1" 301 5 "-" "Mozilla/5.0 (Windows NT 10.0; Win64; x64) AppleWebKit/537.36 (KHTML, like Gecko) Chrome/59.0.3071.104 Safari/537.36"
183.207.48.155 - - [30/May/2026:02:17:13 +0800] "GET / HTTP/1.1" 200 160266 "-" "Mozilla/5.0 (Windows NT 10.0; Win64; x64) AppleWebKit/537.36 (KHTML, like Gecko) Chrome/59.0.3071.104 Safari/537.36"
36.133.115.36 - - [30/May/2026:02:21:42 +0800] "POST /wp-cron.php?doing_wp_cron=1780078902.7059049606323242187500 HTTP/1.1" 200 31 "-" "WordPress/6.9; http://cqqizhou.com"
5.61.209.126 - - [30/May/2026:02:21:42 +0800] "GET /SDK/webLanguage HTTP/1.1" 301 5 "-" "Mozilla/5.0 (Windows NT 10.0; Win64; x64) AppleWebKit/537.36 (KHTML, like Gecko) Chrome/90.0.4430.85 Safari/537.36 Edg/90.0.818.46"
36.133.115.36 - - [30/May/2026:02:26:56 +0800] "POST /wp-cron.php?doing_wp_cron=1780079216.3882939815521240234375 HTTP/1.1" 200 31 "-" "WordPress/6.9; http://cqqizhou.com"
119.84.246.117 - - [30/May/2026:02:26:56 +0800] "GET / HTTP/1.1" 301 5 "-" "Mozilla/5.0 (Windows NT 6.1; WOW64) AppleWebKit/536.11 (KHTML, like Gecko) Chrome/20.0.1132.57 Safari/536.11"
119.84.246.117 - - [30/May/2026:02:26:56 +0800] "GET / HTTP/1.1" 200 160266 "-" "Mozilla/5.0 (Windows NT 6.1; WOW64) AppleWebKit/536.11 (KHTML, like Gecko) Chrome/20.0.1132.57 Safari/536.11"
119.84.246.117 - - [30/May/2026:02:26:57 +0800] "GET / HTTP/1.1" 301 5 "-" "Mozilla/5.0 (Windows NT 6.1; WOW64; rv:13.0) Gecko/20100101 Firefox/13.0.1"
119.84.246.117 - - [30/May/2026:02:26:57 +0800] "GET / HTTP/1.1" 200 160266 "-" "Mozilla/5.0 (Windows NT 6.1; WOW64; rv:13.0) Gecko/20100101 Firefox/13.0.1"
119.84.246.117 - - [30/May/2026:02:26:58 +0800] "GET / HTTP/1.1" 301 5 "-" "Mozilla/5.0 (Windows NT 6.1; WOW64) AppleWebKit/535.11 (KHTML, like Gecko) Chrome/17.0.963.84 Safari/535.11 SE 2.X MetaSr 1.0"
119.84.246.117 - - [30/May/2026:02:26:58 +0800] "GET / HTTP/1.1" 200 160266 "-" "Mozilla/5.0 (Windows NT 6.1; WOW64) AppleWebKit/535.11 (KHTML, like Gecko) Chrome/17.0.963.84 Safari/535.11 SE 2.X MetaSr 1.0"
185.191.239.248 - - [30/May/2026:02:26:58 +0800] "GET /wp-json/wp/v2/posts HTTP/1.1" 200 82597 "-" "Mozilla/5.0 (Windows NT 10.0; Win64; x64) AppleWebKit/537.36 (KHTML, like Gecko) Chrome/120.0.0.0 Safari/537.36"
36.133.115.36 - - [30/May/2026:02:33:35 +0800] "POST /wp-cron.php?doing_wp_cron=1780079615.0138781070709228515625 HTTP/1.1" 200 31 "-" "WordPress/6.9; http://cqqizhou.com"
101.32.128.28 - - [30/May/2026:02:33:35 +0800] "GET /logistics/ HTTP/1.1" 301 5 "-" "Mozilla/5.0 (iPhone; CPU iPhone OS 13_2_3 like Mac OS X) AppleWebKit/605.1.15 (KHTML, like Gecko) Version/13.0.3 Mobile/15E148 Safari/604.1"
101.32.128.28 - - [30/May/2026:02:33:37 +0800] "GET /logistics HTTP/1.1" 200 25822 "http://cqqizhou.com/logistics/" "Mozilla/5.0 (iPhone; CPU iPhone OS 13_2_3 like Mac OS X) AppleWebKit/605.1.15 (KHTML, like Gecko) Version/13.0.3 Mobile/15E148 Safari/604.1"
198.244.226.18 - - [30/May/2026:02:36:41 +0800] "GET /logistics HTTP/1.1" 200 26176 "-" "Mozilla/5.0 (compatible; AhrefsBot/7.0; +http://ahrefs.com/robot/)"
36.133.115.36 - - [30/May/2026:02:54:13 +0800] "POST /wp-cron.php?doing_wp_cron=1780080853.0198180675506591796875 HTTP/1.1" 200 31 "-" "WordPress/6.9; http://cqqizhou.com"
103.81.254.194 - - [30/May/2026:02:54:13 +0800] "HEAD / HTTP/1.1" 301 0 "-" "python-requests/2.31.0"
103.81.254.194 - - [30/May/2026:02:54:13 +0800] "GET /jibas/index.php HTTP/1.1" 404 47 "-" "python-requests/2.31.0"
103.81.254.194 - - [30/May/2026:02:54:14 +0800] "GET /sismadak/index.php HTTP/1.1" 404 47 "-" "python-requests/2.31.0"
103.81.254.194 - - [30/May/2026:02:54:14 +0800] "GET /sirsak/index.php HTTP/1.1" 404 47 "-" "python-requests/2.31.0"
103.81.254.194 - - [30/May/2026:02:54:15 +0800] "GET /sidokar/index.php HTTP/1.1" 404 47 "-" "python-requests/2.31.0"
103.81.254.194 - - [30/May/2026:02:54:16 +0800] "GET /webapps/index.php HTTP/1.1" 404 47 "-" "python-requests/2.31.0"
36.133.115.36 - - [30/May/2026:03:01:51 +0800] "POST /wp-cron.php?doing_wp_cron=1780081311.5420899391174316406250 HTTP/1.1" 200 31 "-" "WordPress/6.9; http://cqqizhou.com"
43.135.115.233 - - [30/May/2026:03:01:51 +0800] "GET /contacts HTTP/1.1" 200 19099 "-" "Mozilla/5.0 (iPhone; CPU iPhone OS 13_2_3 like Mac OS X) AppleWebKit/605.1.15 (KHTML, like Gecko) Version/13.0.3 Mobile/15E148 Safari/604.1"
36.133.115.36 - - [30/May/2026:03:08:14 +0800] "POST /wp-cron.php?doing_wp_cron=1780081694.4306159019470214843750 HTTP/1.1" 200 31 "-" "WordPress/6.9; http://cqqizhou.com"
43.157.172.39 - - [30/May/2026:03:08:14 +0800] "GET /services HTTP/1.1" 200 26365 "-" "Mozilla/5.0 (iPhone; CPU iPhone OS 13_2_3 like Mac OS X) AppleWebKit/605.1.15 (KHTML, like Gecko) Version/13.0.3 Mobile/15E148 Safari/604.1"
36.133.115.36 - - [30/May/2026:03:15:57 +0800] "POST /wp-cron.php?doing_wp_cron=1780082157.3486459255218505859375 HTTP/1.1" 200 31 "-" "WordPress/6.9; http://cqqizhou.com"
115.159.33.43 - - [30/May/2026:03:15:57 +0800] "GET / HTTP/1.1" 301 5 "-" "Mozilla/5.0 (Windows NT 10.0; Win64; x64) AppleWebKit/537.36 (KHTML, like Gecko) Chrome/79.0.3945.117 Safari/537.36"
36.133.115.36 - - [30/May/2026:03:20:14 +0800] "POST /wp-cron.php?doing_wp_cron=1780082414.4198999404907226562500 HTTP/1.1" 200 31 "-" "WordPress/6.9; http://cqqizhou.com"
43.130.57.46 - - [30/May/2026:03:20:14 +0800] "GET /comments/feed HTTP/1.1" 200 703 "-" "Mozilla/5.0 (iPhone; CPU iPhone OS 13_2_3 like Mac OS X) AppleWebKit/605.1.15 (KHTML, like Gecko) Version/13.0.3 Mobile/15E148 Safari/604.1"
36.133.115.36 - - [30/May/2026:03:41:56 +0800] "POST /wp-cron.php?doing_wp_cron=1780083715.9698560237884521484375 HTTP/1.1" 200 31 "-" "WordPress/6.9; http://cqqizhou.com"
43.156.228.27 - - [30/May/2026:03:41:56 +0800] "GET /club/ HTTP/1.1" 301 5 "-" "Mozilla/5.0 (iPhone; CPU iPhone OS 13_2_3 like Mac OS X) AppleWebKit/605.1.15 (KHTML, like Gecko) Version/13.0.3 Mobile/15E148 Safari/604.1"
43.156.228.27 - - [30/May/2026:03:42:00 +0800] "GET /club HTTP/1.1" 200 12358 "http://cqqizhou.com/club/" "Mozilla/5.0 (iPhone; CPU iPhone OS 13_2_3 like Mac OS X) AppleWebKit/605.1.15 (KHTML, like Gecko) Version/13.0.3 Mobile/15E148 Safari/604.1"
36.133.115.36 - - [30/May/2026:03:45:45 +0800] "POST /wp-cron.php?doing_wp_cron=1780083945.3054220676422119140625 HTTP/1.1" 200 31 "-" "WordPress/6.9; http://cqqizhou.com"
66.249.73.228 - - [30/May/2026:03:45:45 +0800] "GET /robots.txt HTTP/1.1" 200 190 "-" "Mozilla/5.0 (compatible; Googlebot/2.1; +http://www.google.com/bot.html)"
66.249.73.230 - - [30/May/2026:03:45:46 +0800] "GET /news/2164 HTTP/1.1" 200 20241 "-" "Mozilla/5.0 (Linux; Android 6.0.1; Nexus 5X Build/MMB29P) AppleWebKit/537.36 (KHTML, like Gecko) Chrome/148.0.7778.96 Mobile Safari/537.36 (compatible; Googlebot/2.1; +http://www.google.com/bot.html)"
36.133.115.36 - - [30/May/2026:03:49:36 +0800] "POST /wp-cron.php?doing_wp_cron=1780084176.2687520980834960937500 HTTP/1.1" 200 31 "-" "WordPress/6.9; http://cqqizhou.com"
45.148.10.67 - - [30/May/2026:03:49:36 +0800] "GET / HTTP/1.1" 200 35152 "-" "Mozilla/5.0 (Windows NT 10.0; Win64; x64) AppleWebKit/537.36 (KHTML, like Gecko) Chrome/131.0.0.0 Safari/537.36"
46.101.244.198 - - [30/May/2026:03:57:13 +0800] "GET / HTTP/1.1" 200 35594 "-" "Mozilla/5.0 (X11; Linux x86_64) AppleWebKit/537.36 (KHTML, like Gecko) Chrome/142.0.0.0 Safari/537.36"
36.133.115.36 - - [30/May/2026:04:06:11 +0800] "POST /wp-cron.php?doing_wp_cron=1780085171.3188180923461914062500 HTTP/1.1" 200 31 "-" "WordPress/6.9; http://cqqizhou.com"
150.109.12.46 - - [30/May/2026:04:06:11 +0800] "GET / HTTP/1.1" 200 35152 "-" "Mozilla/5.0 (iPhone; CPU iPhone OS 13_2_3 like Mac OS X) AppleWebKit/605.1.15 (KHTML, like Gecko) Version/13.0.3 Mobile/15E148 Safari/604.1"
129.226.146.42 - - [30/May/2026:04:18:40 +0800] "GET /wp-content/uploads/2025/12/1764853157-ISO3-214x300.webp HTTP/1.1" 200 13896 "-" "Mozilla/5.0 (iPhone; CPU iPhone OS 13_2_3 like Mac OS X) AppleWebKit/605.1.15 (KHTML, like Gecko) Version/13.0.3 Mobile/15E148 Safari/604.1"
36.133.115.36 - - [30/May/2026:04:23:00 +0800] "POST /wp-cron.php?doing_wp_cron=1780086180.6345291137695312500000 HTTP/1.1" 200 31 "-" "WordPress/6.9; http://cqqizhou.com"
69.5.169.197 - - [30/May/2026:04:23:00 +0800] "GET /api/getData?path=player%3Aplayer%2Fdata&roles=value HTTP/1.1" 301 5 "-" "-"
36.133.115.36 - - [30/May/2026:04:27:40 +0800] "POST /wp-cron.php?doing_wp_cron=1780086460.4606339931488037109375 HTTP/1.1" 200 31 "-" "WordPress/6.9; http://cqqizhou.com"
103.254.77.149 - - [30/May/2026:04:27:40 +0800] "GET /news/tag/%e9%92%a2%e6%9d%90%e9%87%87%e8%b4%ad HTTP/1.1" 200 21600 "-" "Mozilla/5.0 (Windows NT 10.0; Win64; x64) AppleWebKit/537.36 (KHTML, like Gecko) Chrome/142.0.0.0 Safari/537.36"
103.254.77.149 - - [30/May/2026:04:27:42 +0800] "POST /wp-admin/admin-ajax.php HTTP/1.1" 499 0 "http://cqqizhou.com/news/tag/%e9%92%a2%e6%9d%90%e9%87%87%e8%b4%ad" "Mozilla/5.0 (Windows NT 10.0; Win64; x64) AppleWebKit/537.36 (KHTML, like Gecko) Chrome/142.0.0.0 Safari/537.36"
175.174.176.43 - - [30/May/2026:04:27:45 +0800] "GET /news/2214 HTTP/1.1" 200 26338 "-" "Mozilla/5.0 (Macintosh; Intel Mac OS X 10.15; rv:133.0) Gecko/20100101 Firefox/133.0"
36.133.115.36 - - [30/May/2026:04:28:56 +0800] "POST /wp-cron.php?doing_wp_cron=1780086536.3189990520477294921875 HTTP/1.1" 200 31 "-" "WordPress/6.9; http://cqqizhou.com"
124.156.200.223 - - [30/May/2026:04:28:56 +0800] "GET /wp-json/oembed/1.0/embed?url=http%3A%2F%2Fcqqizhou.com%2Fclub HTTP/1.1" 200 1141 "-" "Mozilla/5.0 (iPhone; CPU iPhone OS 13_2_3 like Mac OS X) AppleWebKit/605.1.15 (KHTML, like Gecko) Version/13.0.3 Mobile/15E148 Safari/604.1"
36.133.115.36 - - [30/May/2026:04:30:31 +0800] "POST /wp-cron.php?doing_wp_cron=1780086631.3765890598297119140625 HTTP/1.1" 200 31 "-" "WordPress/6.9; http://cqqizhou.com"
36.133.108.125 - - [30/May/2026:04:30:31 +0800] "HEAD /SDK/webLanguage HTTP/1.1" 404 0 "-" "Mozilla/5.0 (Windows NT 6.3; rv:36.0) Gecko/20100101 Firefox/36.0"
36.133.115.36 - - [30/May/2026:04:39:54 +0800] "POST /wp-cron.php?doing_wp_cron=1780087194.6263430118560791015625 HTTP/1.1" 200 31 "-" "WordPress/6.9; http://cqqizhou.com"
129.226.83.4 - - [30/May/2026:04:39:54 +0800] "GET /wp-json/ HTTP/1.1" 200 20659 "-" "Mozilla/5.0 (iPhone; CPU iPhone OS 13_2_3 like Mac OS X) AppleWebKit/605.1.15 (KHTML, like Gecko) Version/13.0.3 Mobile/15E148 Safari/604.1"
36.133.115.36 - - [30/May/2026:04:51:12 +0800] "POST /wp-cron.php?doing_wp_cron=1780087872.0101680755615234375000 HTTP/1.1" 200 31 "-" "WordPress/6.9; http://cqqizhou.com"
170.106.187.106 - - [30/May/2026:04:51:12 +0800] "GET /wp-content/uploads/2025/12/1765268955-qizhou_Slider1_3840 HTTP/1.1" 404 9409 "-" "Mozilla/5.0 (iPhone; CPU iPhone OS 13_2_3 like Mac OS X) AppleWebKit/605.1.15 (KHTML, like Gecko) Version/13.0.3 Mobile/15E148 Safari/604.1"
36.133.115.36 - - [30/May/2026:05:00:45 +0800] "POST /wp-cron.php?doing_wp_cron=1780088445.7363519668579101562500 HTTP/1.1" 200 31 "-" "WordPress/6.9; http://cqqizhou.com"
66.249.73.230 - - [30/May/2026:05:00:45 +0800] "GET /news/2361 HTTP/1.1" 200 21451 "-" "Mozilla/5.0 (Linux; Android 6.0.1; Nexus 5X Build/MMB29P) AppleWebKit/537.36 (KHTML, like Gecko) Chrome/148.0.7778.96 Mobile Safari/537.36 (compatible; Googlebot/2.1; +http://www.google.com/bot.html)"
36.133.115.36 - - [30/May/2026:05:21:28 +0800] "POST /wp-cron.php?doing_wp_cron=1780089688.7993750572204589843750 HTTP/1.1" 200 31 "-" "WordPress/6.9; http://cqqizhou.com"
49.232.104.223 - - [30/May/2026:05:21:28 +0800] "GET / HTTP/1.1" 301 5 "-" "Mozilla/5.0 (iPhone; CPU iPhone OS 13_2_3 like Mac OS X) AppleWebKit/605.1.15 (KHTML, like Gecko) Version/13.0.3 Mobile/15E148 Safari/604.1"
49.232.104.223 - - [30/May/2026:05:21:30 +0800] "GET / HTTP/1.1" 200 35152 "http://www.cqqizhou.com" "Mozilla/5.0 (iPhone; CPU iPhone OS 13_2_3 like Mac OS X) AppleWebKit/605.1.15 (KHTML, like Gecko) Version/13.0.3 Mobile/15E148 Safari/604.1"
36.133.115.36 - - [30/May/2026:05:36:35 +0800] "POST /wp-cron.php?doing_wp_cron=1780090594.9701929092407226562500 HTTP/1.1" 200 31 "-" "WordPress/6.9; http://cqqizhou.com"
5.61.209.126 - - [30/May/2026:05:36:35 +0800] "GET /SDK/webLanguage HTTP/1.1" 301 5 "-" "Mozilla/5.0 (Windows NT 10.0; Win64; x64) AppleWebKit/537.36 (KHTML, like Gecko) Chrome/90.0.4430.85 Safari/537.36 Edg/90.0.818.46"
112.30.92.51 - - [30/May/2026:05:38:17 +0800] "GET /material.html HTTP/1.1" 200 6459 "-" "Mozilla/5.0 (Windows NT 10.0; Win64; x64) AppleWebKit/537.36 (KHTML, like Gecko) Chrome/142.0.0.0 Safari/537.36"
120.241.209.141 - - [30/May/2026:05:39:03 +0800] "GET /material.html HTTP/1.1" 200 6459 "-" "Mozilla/5.0 (Windows NT 10.0; Win64; x64) AppleWebKit/537.36 (KHTML, like Gecko) Chrome/106.0.5249.119 Safari/537.36"
193.239.172.217 - - [30/May/2026:05:52:08 +0800] "GET /wp-content/uploads/2026/02/1769999241-4.2%E7%B1%B3%E9%AB%98%E6%A0%8F%E8%B4%A7%E8%BD%A6.webp HTTP/1.1" 200 54794 "-" "Mozilla/5.0 (Macintosh; Intel Mac OS X 10_15_7) AppleWebKit/537.36 (KHTML, like Gecko) Chrome/130.0.0.0 Safari/537.36"
36.133.115.36 - - [30/May/2026:05:56:06 +0800] "POST /wp-cron.php?doing_wp_cron=1780091766.7838609218597412109375 HTTP/1.1" 200 31 "-" "WordPress/6.9; http://cqqizhou.com"
34.153.24.216 - - [30/May/2026:05:56:06 +0800] "HEAD /wp/ HTTP/1.1" 404 0 "-" "Mozilla/5.0 (Macintosh; Intel Mac OS X 15_0) AppleWebKit/537.36 (KHTML, like Gecko) Chrome/125.0.6422.141 Safari/537.36"
34.153.24.216 - - [30/May/2026:05:56:07 +0800] "HEAD /new/ HTTP/1.1" 301 0 "-" "Mozilla/5.0 (Linux; Android 10; vivo 1904) AppleWebKit/537.36 (KHTML, like Gecko) Chrome/117.0.5938.60 Mobile Safari/537.36"
36.133.115.36 - - [30/May/2026:05:56:08 +0800] "POST /wp-cron.php?doing_wp_cron=1780091768.6149981021881103515625 HTTP/1.1" 200 31 "-" "WordPress/6.9; http://cqqizhou.com"
34.153.24.216 - - [30/May/2026:05:56:08 +0800] "HEAD /news HTTP/1.1" 200 0 "http://cqqizhou.com/new/" "Mozilla/5.0 (Linux; Android 10; vivo 1904) AppleWebKit/537.36 (KHTML, like Gecko) Chrome/117.0.5938.60 Mobile Safari/537.36"
34.153.24.216 - - [30/May/2026:05:56:09 +0800] "HEAD / HTTP/1.1" 200 0 "-" "Mozilla/5.0 (Linux; Android 10; vivo 1904) AppleWebKit/537.36 (KHTML, like Gecko) Chrome/117.0.5938.60 Mobile Safari/537.36"
34.153.24.216 - - [30/May/2026:05:56:10 +0800] "HEAD /wordpress/ HTTP/1.1" 404 0 "-" "Mozilla/5.0 (Linux; Android 12; TECNO CK6n) AppleWebKit/537.36 (KHTML, like Gecko) Chrome/125.0.6422.50 Mobile Safari/537.36"
34.153.24.216 - - [30/May/2026:05:56:11 +0800] "HEAD /old/ HTTP/1.1" 404 0 "-" "Mozilla/5.0 (Windows NT 11.0; Win64; x64) AppleWebKit/537.36 (KHTML, like Gecko) Chrome/128.0.6540.18 Safari/537.36"
34.153.24.216 - - [30/May/2026:05:56:12 +0800] "HEAD /backup/ HTTP/1.1" 404 0 "-" "Mozilla/5.0 (Macintosh; Intel Mac OS X 14_5) AppleWebKit/605.1.15 (KHTML, like Gecko) Version/17.5 Safari/605.1.15"
34.153.24.216 - - [30/May/2026:05:56:13 +0800] "HEAD /blog/ HTTP/1.1" 404 0 "-" "Mozilla/5.0 (Linux; Android 10; vivo 1904) AppleWebKit/537.36 (KHTML, like Gecko) Chrome/117.0.5938.60 Mobile Safari/537.36"
36.133.115.36 - - [30/May/2026:06:15:31 +0800] "POST /wp-cron.php?doing_wp_cron=1780092931.9366750717163085937500 HTTP/1.1" 200 31 "-" "WordPress/6.9; http://cqqizhou.com"
117.185.143.227 - - [30/May/2026:06:15:31 +0800] "GET /2418/ HTTP/1.1" 301 5 "-" "Mozilla/5.0 (Macintosh; Intel Mac OS X 10_15_7) AppleWebKit/537.36 (KHTML, like Gecko) Chrome/134.0.0.0 Safari/537.36"
117.185.143.227 - - [30/May/2026:06:15:32 +0800] "GET /news/2418 HTTP/1.1" 200 24171 "http://cqqizhou.com/2418/" "Mozilla/5.0 (Macintosh; Intel Mac OS X 10_15_7) AppleWebKit/537.36 (KHTML, like Gecko) Chrome/134.0.0.0 Safari/537.36"
43.173.187.149 - - [30/May/2026:06:15:32 +0800] "GET /2418/ HTTP/1.1" 301 5 "-" "Mozilla/5.0 (Macintosh; Intel Mac OS X 10_15_7) AppleWebKit/537.36 (KHTML, like Gecko) Chrome/134.0.0.0 Safari/537.36"
43.166.244.149 - - [30/May/2026:06:15:32 +0800] "GET /2418/ HTTP/1.1" 301 5 "-" "Mozilla/5.0 (Macintosh; Intel Mac OS X 10_15_7) AppleWebKit/537.36 (KHTML, like Gecko) Chrome/134.0.0.0 Safari/537.36"
43.173.187.149 - - [30/May/2026:06:15:32 +0800] "GET /news/2418 HTTP/1.1" 200 24171 "http://cqqizhou.com/2418/" "Mozilla/5.0 (Macintosh; Intel Mac OS X 10_15_7) AppleWebKit/537.36 (KHTML, like Gecko) Chrome/134.0.0.0 Safari/537.36"
43.166.244.149 - - [30/May/2026:06:15:32 +0800] "GET /news/2418 HTTP/1.1" 200 24171 "http://cqqizhou.com/2418/" "Mozilla/5.0 (Macintosh; Intel Mac OS X 10_15_7) AppleWebKit/537.36 (KHTML, like Gecko) Chrome/134.0.0.0 Safari/537.36"
36.133.115.36 - - [30/May/2026:06:25:02 +0800] "POST /wp-cron.php?doing_wp_cron=1780093502.5706830024719238281250 HTTP/1.1" 200 31 "-" "WordPress/6.9; http://cqqizhou.com"
43.155.27.244 - - [30/May/2026:06:25:02 +0800] "GET / HTTP/1.1" 301 5 "-" "Mozilla/5.0 (iPhone; CPU iPhone OS 13_2_3 like Mac OS X) AppleWebKit/605.1.15 (KHTML, like Gecko) Version/13.0.3 Mobile/15E148 Safari/604.1"
36.133.115.36 - - [30/May/2026:06:35:17 +0800] "POST /wp-cron.php?doing_wp_cron=1780094117.0221130847930908203125 HTTP/1.1" 200 31 "-" "WordPress/6.9; http://cqqizhou.com"
34.131.223.32 - - [30/May/2026:06:35:17 +0800] "GET /.git/config HTTP/1.1" 404 9409 "-" "Mozilla/5.0 (X11; Linux x86_64) AppleWebKit/538.1 (KHTML, like Gecko) QupZilla/1.9.0 Safari/538.1"
36.133.115.36 - - [30/May/2026:06:43:47 +0800] "POST /wp-cron.php?doing_wp_cron=1780094627.8628311157226562500000 HTTP/1.1" 200 31 "-" "WordPress/6.9; http://cqqizhou.com"
116.28.15.217 - - [30/May/2026:06:43:47 +0800] "GET /contacts/ HTTP/1.1" 301 5 "-" "Mozilla/5.0 (Windows NT 10.0; Win64; x64) AppleWebKit/537.36 (KHTML, like Gecko) Chrome/136.0.0.0 Safari/537.36"
116.28.15.217 - - [30/May/2026:06:43:48 +0800] "GET http://cqqizhou.com/contacts HTTP/1.1" 200 22098 "-" "Mozilla/5.0 (Windows NT 10.0; Win64; x64) AppleWebKit/537.36 (KHTML, like Gecko) Chrome/136.0.0.0 Safari/537.36"
27.99.155.223 - - [30/May/2026:07:03:28 +0800] "GET /wp-content/uploads/2026/04/1775865780-1Article_images_W900px.webp HTTP/1.1" 200 41840 "-" "Mozilla/5.0 (Macintosh; Intel Mac OS X 10_15_7) AppleWebKit/537.36 (KHTML, like Gecko) Chrome/130.0.0.0 Safari/537.36"
36.133.115.36 - - [30/May/2026:07:03:55 +0800] "POST /wp-cron.php?doing_wp_cron=1780095835.6449561119079589843750 HTTP/1.1" 200 31 "-" "WordPress/6.9; http://cqqizhou.com"
47.82.181.161 - - [30/May/2026:07:03:55 +0800] "GET /wp-json/wp/v2/posts HTTP/1.1" 200 16798 "-" "Mozilla/5.0 (Windows NT 10.0; Win64; x64) AppleWebKit/537.36 (KHTML, like Gecko) Chrome/120.0.0.0 Safari/537.36"
36.133.115.36 - - [30/May/2026:07:25:29 +0800] "POST /wp-cron.php?doing_wp_cron=1780097129.4282009601593017578125 HTTP/1.1" 200 31 "-" "WordPress/6.9; http://cqqizhou.com"
119.84.246.117 - - [30/May/2026:07:25:29 +0800] "GET / HTTP/1.1" 301 5 "-" "-"
119.84.246.117 - - [30/May/2026:07:25:29 +0800] "GET / HTTP/1.1" 200 160266 "-" "-"
119.84.246.117 - - [30/May/2026:07:25:31 +0800] "GET / HTTP/1.1" 301 5 "-" "Mozilla/5.0 (Windows NT 6.1; WOW64) AppleWebKit/537.1 (KHTML, like Gecko) Chrome/21.0.1180.89 Safari/537.1"
119.84.246.117 - - [30/May/2026:07:25:31 +0800] "GET / HTTP/1.1" 200 35594 "-" "Mozilla/5.0 (Windows NT 6.1; WOW64) AppleWebKit/537.1 (KHTML, like Gecko) Chrome/21.0.1180.89 Safari/537.1"
119.84.246.117 - - [30/May/2026:07:25:31 +0800] "GET /wp-content/uploads/2025/07/1753456723-%E5%8F%8C%E7%9B%B8%E9%92%A2roduct_Single600.webp HTTP/1.1" 200 22790 "http://cqqizhou.com/" "Mozilla/5.0 (Windows NT 6.1; WOW64) AppleWebKit/537.1 (KHTML, like Gecko) Chrome/21.0.1180.89 Safari/537.1"
119.84.246.117 - - [30/May/2026:07:25:31 +0800] "GET /wp-content/uploads/2025/07/1751425283-qizhou.kf_.qq_.com_.webp HTTP/1.1" 200 16864 "http://cqqizhou.com/" "Mozilla/5.0 (Windows NT 6.1; WOW64) AppleWebKit/537.1 (KHTML, like Gecko) Chrome/21.0.1180.89 Safari/537.1"
119.84.246.117 - - [30/May/2026:07:25:31 +0800] "GET /wp-content/uploads/2025/07/1753453096-%E5%8F%8C%E7%9B%B8%E9%92%A2product_Single600%C3%97284.webp HTTP/1.1" 200 14562 "http://cqqizhou.com/" "Mozilla/5.0 (Windows NT 6.1; WOW64) AppleWebKit/537.1 (KHTML, like Gecko) Chrome/21.0.1180.89 Safari/537.1"
119.84.246.117 - - [30/May/2026:07:25:31 +0800] "GET /wp-content/uploads/2025/07/1753456770-%E7%83%AD%E9%95%80%E9%94%8C%E5%8D%B7product_Single600.webp HTTP/1.1" 200 27502 "http://cqqizhou.com/" "Mozilla/5.0 (Windows NT 6.1; WOW64) AppleWebKit/537.1 (KHTML, like Gecko) Chrome/21.0.1180.89 Safari/537.1"
119.84.246.117 - - [30/May/2026:07:25:31 +0800] "GET /wp-content/uploads/2026/05/1779957408-1Article_images_W900px.webp HTTP/1.1" 200 36526 "http://cqqizhou.com/" "Mozilla/5.0 (Windows NT 6.1; WOW64) AppleWebKit/537.1 (KHTML, like Gecko) Chrome/21.0.1180.89 Safari/537.1"
119.84.246.117 - - [30/May/2026:07:25:31 +0800] "GET /wp-content/uploads/2025/07/1753453127-%E4%BD%99%E5%8D%B7product_Single600%C3%97284.webp HTTP/1.1" 200 18744 "http://cqqizhou.com/" "Mozilla/5.0 (Windows NT 6.1; WOW64) AppleWebKit/537.1 (KHTML, like Gecko) Chrome/21.0.1180.89 Safari/537.1"
119.84.246.117 - - [30/May/2026:07:25:31 +0800] "GET /wp-content/uploads/2026/05/1779328461-1Article_images_W900px.webp HTTP/1.1" 200 37908 "http://cqqizhou.com/" "Mozilla/5.0 (Windows NT 6.1; WOW64) AppleWebKit/537.1 (KHTML, like Gecko) Chrome/21.0.1180.89 Safari/537.1"
119.84.246.117 - - [30/May/2026:07:25:31 +0800] "GET /wp-content/uploads/2026/05/1779925245-Article_images_W900px.webp HTTP/1.1" 200 27996 "http://cqqizhou.com/" "Mozilla/5.0 (Windows NT 6.1; WOW64) AppleWebKit/537.1 (KHTML, like Gecko) Chrome/21.0.1180.89 Safari/537.1"
119.84.246.117 - - [30/May/2026:07:25:31 +0800] "GET /wp-content/uploads/2026/05/1779059685-1Article_images_W900px.webp HTTP/1.1" 200 50738 "http://cqqizhou.com/" "Mozilla/5.0 (Windows NT 6.1; WOW64) AppleWebKit/537.1 (KHTML, like Gecko) Chrome/21.0.1180.89 Safari/537.1"
119.84.246.117 - - [30/May/2026:07:25:31 +0800] "GET /wp-content/uploads/2026/04/1777513410-1Article_images_W900px.webp HTTP/1.1" 200 30786 "http://cqqizhou.com/" "Mozilla/5.0 (Windows NT 6.1; WOW64) AppleWebKit/537.1 (KHTML, like Gecko) Chrome/21.0.1180.89 Safari/537.1"
36.133.115.36 - - [30/May/2026:07:30:45 +0800] "POST /wp-cron.php?doing_wp_cron=1780097445.6509690284729003906250 HTTP/1.1" 200 31 "-" "WordPress/6.9; http://cqqizhou.com"
66.249.73.230 - - [30/May/2026:07:30:45 +0800] "GET /news/2514 HTTP/1.1" 200 20142 "-" "Mozilla/5.0 (Linux; Android 6.0.1; Nexus 5X Build/MMB29P) AppleWebKit/537.36 (KHTML, like Gecko) Chrome/148.0.7778.96 Mobile Safari/537.36 (compatible; Googlebot/2.1; +http://www.google.com/bot.html)"
44.203.145.15 - - [30/May/2026:08:13:01 +0800] "GET / HTTP/1.1" 499 0 "-" "Go-http-client/1.1"
36.133.115.36 - - [30/May/2026:08:13:02 +0800] "POST /wp-cron.php?doing_wp_cron=1780099982.3589110374450683593750 HTTP/1.1" 200 31 "-" "WordPress/6.9; http://cqqizhou.com"
36.133.115.36 - - [30/May/2026:08:24:51 +0800] "POST /wp-cron.php?doing_wp_cron=1780100691.9126160144805908203125 HTTP/1.1" 200 31 "-" "WordPress/6.9; http://cqqizhou.com"
43.157.95.131 - - [30/May/2026:08:24:51 +0800] "GET / HTTP/1.1" 200 35151 "-" "Mozilla/5.0 (iPhone; CPU iPhone OS 13_2_3 like Mac OS X) AppleWebKit/605.1.15 (KHTML, like Gecko) Version/13.0.3 Mobile/15E148 Safari/604.1"
35.244.104.141 - - [30/May/2026:08:29:20 +0800] "GET /config/docker-compose.yml HTTP/1.1" 404 146 "-" "Python-urllib/2.5"
35.244.104.141 - - [30/May/2026:08:29:20 +0800] "GET /settings.yml HTTP/1.1" 404 548 "-" "Mozilla/5.0 (Windows NT 6.1) AppleWebKit/537.36 (KHTML, like Gecko) Chrome/63.0.3239.108 Safari/537.36"
35.244.104.141 - - [30/May/2026:08:29:20 +0800] "GET /db.php HTTP/1.1" 404 146 "-" "msnbot-media/1.1 ( http://search.msn.com/msnbot.htm)"
35.244.104.141 - - [30/May/2026:08:29:20 +0800] "GET /config.json HTTP/1.1" 404 146 "-" "Xenu Link Sleuth/1.3.8"
35.244.104.141 - - [30/May/2026:08:29:20 +0800] "GET /settings.ini HTTP/1.1" 404 548 "-" "Mozilla/5.0 (Linux; Android 9; moto g(6) plus) AppleWebKit/537.36 (KHTML, like Gecko) Chrome/76.0.3809.111 Mobile Safari/537.36"
35.244.104.141 - - [30/May/2026:08:29:20 +0800] "GET /db.yml HTTP/1.1" 404 146 "-" "Links/0.9.1 (Linux 2.4.24; i386;)"
35.244.104.141 - - [30/May/2026:08:29:20 +0800] "GET /config.env HTTP/1.1" 404 548 "-" "Mozilla/5.0 (X11; Linux x86_64) AppleWebKit/537.36 (KHTML, like Gecko) Chrome/74.0.3729.157 Safari/537.36"
35.244.104.141 - - [30/May/2026:08:29:20 +0800] "GET /terraform.tfvars HTTP/1.1" 404 548 "-" "Mozilla/5.0 (Linux; Android 9; SAMSUNG SM-N950F Build/PPR1.180610.011) AppleWebKit/537.36 (KHTML, like Gecko) SamsungBrowser/9.4 Chrome/67.0.3396.87 Mobile Safari/537.36"
35.244.104.141 - - [30/May/2026:08:29:20 +0800] "GET /credentials.yaml HTTP/1.1" 404 548 "-" "Mozilla/5.0 (Linux; Android 8.0.0; SM-J737A) AppleWebKit/537.36 (KHTML, like Gecko) Chrome/75.0.3770.143 Mobile Safari/537.36"
35.244.104.141 - - [30/May/2026:08:29:20 +0800] "GET /secrets.env HTTP/1.1" 404 146 "-" "BlackBerry9000/4.6.0.167 Profile/MIDP-2.0 Configuration/CLDC-1.1 VendorID/102"
35.244.104.141 - - [30/May/2026:08:29:20 +0800] "GET /secrets.json HTTP/1.1" 404 548 "-" "Mozilla/5.0 (Windows NT 6.1) AppleWebKit/537.36 (KHTML, like Gecko) Chrome/41.0.2228.0 Safari/537.36"
35.244.104.141 - - [30/May/2026:08:29:20 +0800] "GET /sql/dump.sql HTTP/1.1" 404 548 "-" "Mozilla/5.0 (Windows NT 10.0; Win64; x64) AppleWebKit/537.36 (KHTML, like Gecko) Chrome/68.0.3436.0 Safari/537.36"
35.244.104.141 - - [30/May/2026:08:29:20 +0800] "GET /site.zip HTTP/1.1" 404 548 "-" "Mozilla/5.0 (Windows NT 6.1; WOW64) AppleWebKit/537.36 (KHTML, like Gecko) Chrome/63.0.3239.26 Safari/537.36 Core/1.63.5977.400 LBBROWSER/10.1.3752.400"
35.244.104.141 - - [30/May/2026:08:29:20 +0800] "GET /secrets.yml HTTP/1.1" 404 548 "-" "Mozilla/4.0 (compatible; MSIE 8.0; Windows NT 6.1; Trident/4.0)"
35.244.104.141 - - [30/May/2026:08:29:20 +0800] "GET /backup.tar.gz HTTP/1.1" 404 146 "-" "SonyEricssonK610i/R1CB Browser/NetFront/3.3 Profile/MIDP-2.0 Configuration/CLDC-1.1"
35.244.104.141 - - [30/May/2026:08:29:20 +0800] "GET /app.yaml HTTP/1.1" 404 146 "-" "Mozilla/5.0 (X11; Linux x86_64) AppleWebKit/604.1 (KHTML, like Gecko) Version/11.0 Safari/604.1 Ubuntu/17.04 (3.24.1-0ubuntu1) Epiphany/3.24.1"
35.244.104.141 - - [30/May/2026:08:29:20 +0800] "GET /application.json HTTP/1.1" 404 146 "-" "Mozilla/5.0 (iPhone; CPU iPhone OS 12_1_2 like Mac OS X) AppleWebKit/605.1.15 (KHTML, like Gecko) Mobile/16C104 MicroMessenger/7.0.5(0x17000523) NetType/4G Language/zh_CN"
35.244.104.141 - - [30/May/2026:08:29:20 +0800] "GET /application.properties HTTP/1.1" 404 146 "-" "Nokia6230/2.0 (04.44) Profile/MIDP-2.0 Configuration/CLDC-1.1"
35.244.104.141 - - [30/May/2026:08:29:20 +0800] "GET /db.json HTTP/1.1" 404 548 "-" "Mozilla/5.0 (Linux; Android 8.0.0; SM-A530F) AppleWebKit/537.36 (KHTML, like Gecko) Chrome/76.0.3809.111 Mobile Safari/537.36"
35.244.104.141 - - [30/May/2026:08:29:20 +0800] "GET /database.php HTTP/1.1" 404 548 "-" "Mozilla/5.0 (Macintosh; Intel Mac OS X 10_13_6) AppleWebKit/537.36 (KHTML, like Gecko) Chrome/71.0.3542.0 Safari/537.36"
35.244.104.141 - - [30/May/2026:08:29:20 +0800] "GET /api/config.yml HTTP/1.1" 404 548 "-" "Mozilla/5.0 (Linux; Android 7.0; LG-H820) AppleWebKit/537.36 (KHTML, like Gecko) Chrome/76.0.3809.111 Mobile Safari/537.36"
35.244.104.141 - - [30/May/2026:08:29:20 +0800] "GET /configuration.json HTTP/1.1" 404 548 "-" "Mozilla/5.0 (Linux; Android 6.0; Le X620 Build/MRA58K) AppleWebKit/537.36 (KHTML, like Gecko) Chrome/56.0.2924.87 Mobile Safari/537.36"
35.244.104.141 - - [30/May/2026:08:29:20 +0800] "GET /appsettings.Development.json HTTP/1.1" 404 146 "-" "msnbot-media/1.1 ( http://search.msn.com/msnbot.htm)"
35.244.104.141 - - [30/May/2026:08:29:20 +0800] "GET /api/database.yml HTTP/1.1" 404 548 "-" "Mozilla/5.0 (Linux; Android 7.0; LGL84VL Build/NRD90U) AppleWebKit/537.36 (KHTML, like Gecko) Chrome/59.0.3071.125 Mobile Safari/537.36"
35.244.104.141 - - [30/May/2026:08:29:20 +0800] "GET /api/application.yml HTTP/1.1" 404 548 "-" "Mozilla/5.0 (Windows NT 10.0; WOW64) AppleWebKit/537.36 (KHTML, like Gecko) Chrome/75.0.3770.143 YaBrowser/19.7.2.516 Yowser/2.5 Safari/537.36"
35.244.104.141 - - [30/May/2026:08:29:20 +0800] "GET /parameters.php HTTP/1.1" 404 548 "-" "Mozilla/5.0 (Linux; Android 9; Redmi Note 7) AppleWebKit/537.36 (KHTML, like Gecko) Chrome/76.0.3809.89 Mobile Safari/537.36"
35.244.104.141 - - [30/May/2026:08:29:20 +0800] "GET /database.yml HTTP/1.1" 404 548 "-" "Mozilla/5.0 (Linux; Android 7.0; i1) AppleWebKit/537.36 (KHTML, like Gecko) Chrome/74.0.3729.157 Mobile Safari/537.36"
35.244.104.141 - - [30/May/2026:08:29:20 +0800] "GET /api/application.properties HTTP/1.1" 404 548 "-" "Mozilla/5.0 (Linux; Android 9; CLT-L29 Build/HUAWEICLT-L29) AppleWebKit/537.36 (KHTML, like Gecko) Chrome/69.0.3497.100 Mobile Safari/537.36 OPR/48.1.2331.132804"
35.244.104.141 - - [30/May/2026:08:29:20 +0800] "GET /api/appsettings.json HTTP/1.1" 404 146 "-" "Mozilla/5.0 (iPad; CPU OS 12_4 like Mac OS X) AppleWebKit/605.1.15 (KHTML, like Gecko) Version/12.1.2 Mobile/15E148 Safari/604.1"
35.244.104.141 - - [30/May/2026:08:29:20 +0800] "GET /keys.json HTTP/1.1" 404 548 "-" "Mozilla/5.0 (Linux; Android 8.0.0; PRA-LX1) AppleWebKit/537.36 (KHTML, like Gecko) Chrome/75.0.3770.101 Mobile Safari/537.36"
35.244.104.141 - - [30/May/2026:08:29:20 +0800] "GET /api/credentials.json HTTP/1.1" 404 548 "-" "Mozilla/5.0 (Linux; Android 8.1.0; SM-T580) AppleWebKit/537.36 (KHTML, like Gecko) Chrome/76.0.3809.111 Safari/537.36"
35.244.104.141 - - [30/May/2026:08:29:20 +0800] "GET /database.json HTTP/1.1" 404 548 "-" "Mozilla/5.0 (Macintosh; Intel Mac OS X 10_14_4) AppleWebKit/537.36 (KHTML, like Gecko) Chrome/76.0.3809.80 Safari/537.36"
35.244.104.141 - - [30/May/2026:08:29:20 +0800] "GET /api/keys.json HTTP/1.1" 404 548 "-" "Mozilla/5.0 (Macintosh; Intel Mac OS X 10_10_1) AppleWebKit/537.36 (KHTML, like Gecko) Chrome/41.0.2227.1 Safari/537.36"
35.244.104.141 - - [30/May/2026:08:29:20 +0800] "GET /api_keys.yml HTTP/1.1" 404 548 "-" "Mozilla/5.0 (X11; Linux x86_64) AppleWebKit/537.36 (KHTML, like Gecko) Chrome/73.0.3683.103 Safari/537.36"
35.244.104.141 - - [30/May/2026:08:29:20 +0800] "GET /api/parameters.yml HTTP/1.1" 404 146 "-" "Links (2.1pre15; Linux 2.4.26 i686; 158x61)"
35.244.104.141 - - [30/May/2026:08:29:20 +0800] "GET /settings.php HTTP/1.1" 404 548 "-" "Mozilla/5.0 (Macintosh; Intel Mac OS X 10_13_6) AppleWebKit/537.36 (KHTML, like Gecko) Chrome/75.0.3770.142 Safari/537.36 OPR/62.0.3331.119"
35.244.104.141 - - [30/May/2026:08:29:20 +0800] "GET /private.json HTTP/1.1" 404 548 "-" "Mozilla/5.0 (Linux; Android 9; SM-A505F) AppleWebKit/537.36 (KHTML, like Gecko) Chrome/76.0.3809.111 Mobile Safari/537.36"
35.244.104.141 - - [30/May/2026:08:29:20 +0800] "GET /api/v2/config.json HTTP/1.1" 404 548 "-" "Mozilla/5.0 (X11; Linux x86_64) AppleWebKit/537.36 (KHTML, like Gecko) Chrome/77.0.3865.35 Safari/537.36"
35.244.104.141 - - [30/May/2026:08:29:20 +0800] "GET /api-keys.json HTTP/1.1" 404 548 "-" "Mozilla/5.0 (Linux; Android 9; Pixel 2) AppleWebKit/537.36 (KHTML, like Gecko) Chrome/76.0.3809.111 Mobile Safari/537.36"
35.244.104.141 - - [30/May/2026:08:29:20 +0800] "GET /api/database.php HTTP/1.1" 404 146 "-" "Mozilla/5.0 (Linux; U; Android 1.5; de-de; HTC Magic Build/PLAT-RC33) AppleWebKit/528.5 (KHTML, like Gecko) Version/3.1.2 Mobile Safari/525.20.1 FirePHP/0.3"
35.244.104.141 - - [30/May/2026:08:29:20 +0800] "GET /app/config.php HTTP/1.1" 404 146 "-" "Mozilla/5.0 (Linux; webOS/2.2.4; U; en-US) AppleWebKit/534.6 (KHTML, like Gecko) webOSBrowser/221.56 Safari/534.6 Pre/3.0"
35.244.104.141 - - [30/May/2026:08:29:20 +0800] "GET /parameters.yaml HTTP/1.1" 404 548 "-" "Mozilla/5.0 (Linux; Android 8.0.0; SM-G950U1) AppleWebKit/537.36 (KHTML, like Gecko) Chrome/76.0.3809.111 Mobile Safari/537.36"
35.244.104.141 - - [30/May/2026:08:29:20 +0800] "GET /app/config.json HTTP/1.1" 404 548 "-" "Mozilla/5.0 (Windows NT 6.1; Win64; x64) AppleWebKit/537.36 (KHTML, like Gecko) Chrome/76.0.3809.87 Safari/537.36"
35.244.104.141 - - [30/May/2026:08:29:20 +0800] "GET /app/settings.json HTTP/1.1" 404 146 "-" "Mozilla/5.0 (compatible; YandexBot/3.0; +http://yandex.com/bots)"
35.244.104.141 - - [30/May/2026:08:29:20 +0800] "GET /api_keys.json HTTP/1.1" 404 548 "-" "Mozilla/5.0 (Windows; U; Windows NT 5.2; en-US) AppleWebKit/537.36 (KHTML, like Gecko) Chrome/57.0.2987.108 Safari/537.36 UCBrowser/12.13.0.1207"
35.244.104.141 - - [30/May/2026:08:29:20 +0800] "GET /app/settings.php HTTP/1.1" 404 146 "-" "Mozilla/5.0 (Macintosh; Intel Mac OS X 10.6; rv:2.0.1) Gecko/20100101 Firefox/4.0.1 Camino/2.2.1"
35.244.104.141 - - [30/May/2026:08:29:20 +0800] "GET /database.yaml HTTP/1.1" 404 146 "-" "Mozilla/5.0 (X11; Linux x86_64; rv:55.0) Gecko/20100101 Firefox/55.0"
35.244.104.141 - - [30/May/2026:08:29:20 +0800] "GET /database.ini HTTP/1.1" 404 146 "-" "Mozilla/5.0 (Windows NT 10.0; rv:45.9) Gecko/20100101 Goanna/3.2 Firefox/45.9 PaleMoon/27.4.0"
35.244.104.141 - - [30/May/2026:08:29:20 +0800] "GET /api/config.json HTTP/1.1" 404 548 "-" "Mozilla/5.0 (Linux; Android 9; RMX1851) AppleWebKit/537.36 (KHTML, like Gecko) Chrome/76.0.3809.111 Mobile Safari/537.36"
35.244.104.141 - - [30/May/2026:08:29:20 +0800] "GET /app/database.yml HTTP/1.1" 404 146 "-" "Mozilla/5.0 (X11; U; Linux armv7l like Android; en-us) AppleWebKit/531.2+ (KHTML, like Gecko) Version/5.0 Safari/533.2+ Kindle/3.0+"
35.244.104.141 - - [30/May/2026:08:29:20 +0800] "GET /app/database.php HTTP/1.1" 404 548 "-" "Mozilla/5.0 (Windows NT 6.1; WOW64) AppleWebKit/537.36 (KHTML, like Gecko) Chrome/63.0.3239.132 Safari/537.36"
35.244.104.141 - - [30/May/2026:08:29:20 +0800] "GET /app/credentials.json HTTP/1.1" 404 548 "-" "Mozilla/5.0 (Linux; Android 9; ANE-LX3) AppleWebKit/537.36 (KHTML, like Gecko) Chrome/76.0.3809.111 Mobile Safari/537.36"
35.244.104.141 - - [30/May/2026:08:29:20 +0800] "GET /app/application.properties HTTP/1.1" 404 548 "-" "Mozilla/5.0 (Linux; Android 9; SM-M205FN) AppleWebKit/537.36 (KHTML, like Gecko) Chrome/76.0.3809.111 Mobile Safari/537.36"
35.244.104.141 - - [30/May/2026:08:29:20 +0800] "GET /credentials.yml HTTP/1.1" 404 146 "-" "SonyEricssonT610/R201 Profile/MIDP-1.0 Configuration/CLDC-1.0"
35.244.104.141 - - [30/May/2026:08:29:20 +0800] "GET /appsettings.json HTTP/1.1" 404 548 "-" "Mozilla/5.0 (X11; Linux x86_64) AppleWebKit/537.36 (KHTML, like Gecko) Chrome/58.0.3029.110 Safari/537.36"
35.244.104.141 - - [30/May/2026:08:29:21 +0800] "GET /app.yml HTTP/1.1" 404 146 "-" "Mozilla/5.0 (X11; U; Linux i686; en-US; rv:1.9.0.11) Gecko/2009060309 Ubuntu/9.10 (karmic) Firefox/3.0.11"
35.244.104.141 - - [30/May/2026:08:29:21 +0800] "GET /api/config.php HTTP/1.1" 404 548 "-" "Mozilla/5.0 (Windows; U; Windows NT 6.1; en-US) AppleWebKit/532.5 (KHTML, like Gecko) Chrome/4.0.249.0 Safari/532.5"
35.244.104.141 - - [30/May/2026:08:29:21 +0800] "GET /backend/settings.php HTTP/1.1" 404 548 "-" "Mozilla/5.0 (Macintosh; Intel Mac OS X 10_14_6) AppleWebKit/537.36 (KHTML, like Gecko) Chrome/74.0.3729.169 YaBrowser/19.6.0.1583 Yowser/2.5 Safari/537.36"
35.244.104.141 - - [30/May/2026:08:29:21 +0800] "GET /backend/config.yml HTTP/1.1" 404 548 "-" "Mozilla/5.0 (Linux; Android 9; Redmi Note 6 Pro) AppleWebKit/537.36 (KHTML, like Gecko) Chrome/75.0.3770.143 Mobile Safari/537.36"
35.244.104.141 - - [30/May/2026:08:29:21 +0800] "GET /backend/settings.json HTTP/1.1" 404 548 "-" "Mozilla/5.0 (Windows NT 10.0; Win64; x64) AppleWebKit/537.36 (KHTML, like Gecko) Chrome/62.0.3202.94 Safari/537.36"
35.244.104.141 - - [30/May/2026:08:29:21 +0800] "GET /credentials.json HTTP/1.1" 404 548 "-" "Mozilla/5.0 (Windows NT 10.0; Win64; x64) AppleWebKit/537.36 (KHTML, like Gecko) Chrome/75.0.3770.102 Safari/537.36 Vivaldi/2.6.1566.44"
35.244.104.141 - - [30/May/2026:08:29:21 +0800] "GET /secret.json HTTP/1.1" 404 548 "-" "Mozilla/5.0 (Macintosh; Intel Mac OS X 10_12_6) AppleWebKit/537.36 (KHTML, like Gecko) Chrome/76.0.3809.87 Safari/537.36"
35.244.104.141 - - [30/May/2026:08:29:21 +0800] "GET /backend/database.yml HTTP/1.1" 404 548 "-" "Mozilla/5.0 (Macintosh; Intel Mac OS X 10_14_3) AppleWebKit/537.36 (KHTML, like Gecko) Chrome/76.0.3809.100 Safari/537.36"
35.244.104.141 - - [30/May/2026:08:29:21 +0800] "GET /api/secrets.json HTTP/1.1" 404 146 "-" "Mozilla/5.0 (Windows NT 10.0; Win64; x64; rv:68.0) Gecko/20100101 Firefox/68.0"
35.244.104.141 - - [30/May/2026:08:29:21 +0800] "GET /api/v1/config.json HTTP/1.1" 404 146 "-" "Mozilla/5.0 (X11; Linux x86_64; rv:38.0) Gecko/20100101 Firefox/38.0 Iceweasel/38.2.1"
35.244.104.141 - - [30/May/2026:08:29:21 +0800] "GET /backend/parameters.yml HTTP/1.1" 404 548 "-" "Mozilla/5.0 (Windows NT 6.1; Win64; x64) AppleWebKit/537.36 (KHTML, like Gecko) Chrome/66.0.3359.170 Safari/537.36"
35.244.104.141 - - [30/May/2026:08:29:21 +0800] "GET /src/config.json HTTP/1.1" 404 548 "-" "Mozilla/5.0 (Windows NT 6.1; WOW64) AppleWebKit/537.1 (KHTML, like Gecko) Chrome/22.0.1207.1 Safari/537.1"
35.244.104.141 - - [30/May/2026:08:29:21 +0800] "GET /secrets.yaml HTTP/1.1" 404 548 "-" "Mozilla/5.0 (X11; Linux x86_64) AppleWebKit/537.36 (KHTML, like Gecko) Chrome/55.0.2876.0 Safari/537.36"
35.244.104.141 - - [30/May/2026:08:29:21 +0800] "GET /backend/settings.py HTTP/1.1" 404 548 "-" "Mozilla/4.0 (compatible; MSIE 7.0; Windows NT 6.0)"
35.244.104.141 - - [30/May/2026:08:29:21 +0800] "GET /src/config.yml HTTP/1.1" 404 146 "-" "Mozilla/5.0 (Macintosh; U; PPC Mac OS X 10.5; en-US; rv:1.9.0.3) Gecko/2008092414 Firefox/3.0.3"
35.244.104.141 - - [30/May/2026:08:29:21 +0800] "GET /app/config.yml HTTP/1.1" 404 146 "-" "Mozilla/5.0 (X11; U; Linux i586; en-US; rv:1.7.3) Gecko/20040924 Epiphany/1.4.4 (Ubuntu)"
35.244.104.141 - - [30/May/2026:08:29:21 +0800] "GET /src/database.yml HTTP/1.1" 404 548 "-" "Mozilla/1.22 (compatible; MSIE 5.01; PalmOS 3.0) EudoraWeb 2.1"
35.244.104.141 - - [30/May/2026:08:29:21 +0800] "GET /backend/credentials.json HTTP/1.1" 404 548 "-" "Mozilla/5.0 (Windows NT 10.0; Win64; x64) AppleWebKit/537.36 (KHTML, like Gecko) Chrome/71.0.3578.98 Safari/537.36"
35.244.104.141 - - [30/May/2026:08:29:21 +0800] "GET /src/credentials.json HTTP/1.1" 404 548 "-" "Mozilla/5.0 (Windows NT 10.0; Win64; x64) AppleWebKit/537.36 (KHTML, like Gecko) Chrome/73.0.3683.103 Safari/537.36 OPR/60.0.3255.70"
35.244.104.141 - - [30/May/2026:08:29:21 +0800] "GET /backend/secrets.json HTTP/1.1" 404 548 "-" "Mozilla/5.0 (Macintosh; Intel Mac OS X 10_13_6) AppleWebKit/537.36 (KHTML, like Gecko) Chrome/75.0.3770.142 Safari/537.36 OPR/62.0.3331.119"
35.244.104.141 - - [30/May/2026:08:29:21 +0800] "GET /src/secrets.json HTTP/1.1" 404 146 "-" "Jigsaw/2.2.5 W3C_CSS_Validator_JFouffa/2.0"
35.244.104.141 - - [30/May/2026:08:29:21 +0800] "GET /src/application.properties HTTP/1.1" 404 548 "-" "Mozilla/5.0 (Linux; Android 9; LM-G710VM) AppleWebKit/537.36 (KHTML, like Gecko) Chrome/76.0.3809.111 Mobile Safari/537.36"
35.244.104.141 - - [30/May/2026:08:29:21 +0800] "GET /backend/appsettings.json HTTP/1.1" 404 548 "-" "Mozilla/5.0 (compatible; MSIE 10.6; Windows NT 6.1; Trident/5.0; InfoPath.2; SLCC1; .NET CLR 3.0.4506.2152; .NET CLR 3.5.30729; .NET CLR 2.0.50727) 3gpp-gba UNTRUSTED/1.0"
35.244.104.141 - - [30/May/2026:08:29:21 +0800] "GET /server/config.json HTTP/1.1" 404 146 "-" "Mozilla/5.0 (Linux; U; Android 2.2; en-us; Sprint APA9292KT Build/FRF91) AppleWebKit/533.1 (KHTML, like Gecko) Version/4.0 Mobile Safari/533.1"
35.244.104.141 - - [30/May/2026:08:29:21 +0800] "GET /api/v2/application.yml HTTP/1.1" 404 548 "-" "Mozilla/5.0 (Linux; Android 9; Mi A2) AppleWebKit/537.36 (KHTML, like Gecko) Chrome/76.0.3809.111 Mobile Safari/537.36"
35.244.104.141 - - [30/May/2026:08:29:21 +0800] "GET /app/parameters.yml HTTP/1.1" 404 548 "-" "Mozilla/5.0 (Linux; Android 8.0.0; LG-H870DS) AppleWebKit/537.36 (KHTML, like Gecko) Chrome/76.0.3809.111 Mobile Safari/537.36"
35.244.104.141 - - [30/May/2026:08:29:21 +0800] "GET /backend/config.json HTTP/1.1" 404 548 "-" "Mozilla/5.0 (Macintosh; Intel Mac OS X 10_14_3) AppleWebKit/537.36 (KHTML, like Gecko) Chrome/76.0.3809.110 Safari/537.36 Vivaldi/2.7.1628.28"
35.244.104.141 - - [30/May/2026:08:29:21 +0800] "GET /api/settings.json HTTP/1.1" 404 548 "-" "Mozilla/5.0 (Linux; Android 8.1.0; Redmi Y2) AppleWebKit/537.36 (KHTML, like Gecko) Chrome/76.0.3809.89 Mobile Safari/537.36"
35.244.104.141 - - [30/May/2026:08:29:21 +0800] "GET /src/settings.py HTTP/1.1" 404 548 "-" "Mozilla/5.0 (Linux; Android 8.0.0; WAS-LX1) AppleWebKit/537.36 (KHTML, like Gecko) Chrome/75.0.3770.143 Mobile Safari/537.36"
