192.109.200.101 - - [09/May/2026:18:04:17 +0800] "POST /wp-login.php HTTP/1.1" 200 3064 "http://cqqizhou.com/wp-login.php" "Mozilla/5.0 (Macintosh; Intel Mac OS X 10_15_7) AppleWebKit/537.36 (KHTML, like Gecko) Chrome/118.0.0.0 Safari/537.36"
192.109.200.101 - - [09/May/2026:18:04:19 +0800] "POST /wp-login.php HTTP/1.1" 200 3058 "http://cqqizhou.com/wp-login.php" "Mozilla/5.0 (Macintosh; Intel Mac OS X 13_6_1) AppleWebKit/537.36 (KHTML, like Gecko) Chrome/121.0.0.0 Safari/537.36"
192.109.200.101 - - [09/May/2026:18:04:21 +0800] "POST /wp-login.php HTTP/1.1" 200 3051 "http://cqqizhou.com/wp-login.php" "Mozilla/5.0 (Macintosh; Intel Mac OS X 10_15_7) AppleWebKit/605.1.15 (KHTML, like Gecko) Version/16.6 Safari/605.1.15"
192.109.200.101 - - [09/May/2026:18:04:24 +0800] "POST /wp-login.php HTTP/1.1" 200 3059 "http://cqqizhou.com/wp-login.php" "Mozilla/5.0 (Macintosh; Intel Mac OS X 13_6_1) AppleWebKit/605.1.15 (KHTML, like Gecko) Version/16.6 Safari/605.1.15"
192.109.200.101 - - [09/May/2026:18:04:26 +0800] "POST /wp-login.php HTTP/1.1" 200 3055 "http://cqqizhou.com/wp-login.php" "Mozilla/5.0 (X11; Linux x86_64) AppleWebKit/537.36 (KHTML, like Gecko) Chrome/119.0.0.0 Safari/537.36"
192.109.200.101 - - [09/May/2026:18:04:29 +0800] "POST /wp-login.php HTTP/1.1" 200 3057 "http://cqqizhou.com/wp-login.php" "Mozilla/5.0 (X11; Linux x86_64) AppleWebKit/537.36 (KHTML, like Gecko) Chrome/121.0.0.0 Safari/537.36"
192.109.200.101 - - [09/May/2026:18:04:31 +0800] "POST /wp-login.php HTTP/1.1" 200 3002 "http://cqqizhou.com/wp-login.php" "Mozilla/5.0 (X11; Ubuntu; Linux x86_64) AppleWebKit/537.36 (KHTML, like Gecko) Chrome/118.0.0.0 Safari/537.36"
192.109.200.101 - - [09/May/2026:18:04:33 +0800] "POST /wp-login.php HTTP/1.1" 200 3064 "http://cqqizhou.com/wp-login.php" "Mozilla/5.0 (X11; Linux x86_64) AppleWebKit/537.36 (KHTML, like Gecko) Chrome/121.0.0.0 Safari/537.36"
192.109.200.101 - - [09/May/2026:18:04:36 +0800] "POST /wp-login.php HTTP/1.1" 200 3053 "http://cqqizhou.com/wp-login.php" "Mozilla/5.0 (Windows NT 10.0; Win64; x64) AppleWebKit/537.36 (KHTML, like Gecko) Chrome/118.0.0.0 Safari/537.36"
192.109.200.101 - - [09/May/2026:18:04:38 +0800] "POST /wp-login.php HTTP/1.1" 200 2968 "http://cqqizhou.com/wp-login.php" "Mozilla/5.0 (X11; Ubuntu; Linux x86_64) AppleWebKit/537.36 (KHTML, like Gecko) Chrome/121.0.0.0 Safari/537.36"
192.109.200.101 - - [09/May/2026:18:04:41 +0800] "POST /wp-login.php HTTP/1.1" 200 3058 "http://cqqizhou.com/wp-login.php" "Mozilla/5.0 (Windows NT 11.0; Win64; x64; rv:120.0) Gecko/20100101 Firefox/120.0"
192.109.200.101 - - [09/May/2026:18:04:43 +0800] "POST /wp-login.php HTTP/1.1" 200 3055 "http://cqqizhou.com/wp-login.php" "Mozilla/5.0 (Windows NT 11.0; Win64; x64; rv:121.0) Gecko/20100101 Firefox/121.0"
192.109.200.101 - - [09/May/2026:18:04:45 +0800] "POST /wp-login.php HTTP/1.1" 200 3054 "http://cqqizhou.com/wp-login.php" "Mozilla/5.0 (Windows NT 10.0; Win64; x64) AppleWebKit/537.36 (KHTML, like Gecko) Chrome/121.0.0.0 Safari/537.36"
192.109.200.101 - - [09/May/2026:18:04:49 +0800] "POST /wp-login.php HTTP/1.1" 200 3056 "http://cqqizhou.com/wp-login.php" "Mozilla/5.0 (Windows NT 10.0; Win64; x64; rv:119.0) Gecko/20100101 Firefox/119.0"
192.109.200.101 - - [09/May/2026:18:04:51 +0800] "POST /wp-login.php HTTP/1.1" 200 3052 "http://cqqizhou.com/wp-login.php" "Mozilla/5.0 (X11; Ubuntu; Linux x86_64) AppleWebKit/537.36 (KHTML, like Gecko) Chrome/121.0.0.0 Safari/537.36"
192.109.200.101 - - [09/May/2026:18:04:54 +0800] "POST /wp-login.php HTTP/1.1" 200 3057 "http://cqqizhou.com/wp-login.php" "Mozilla/5.0 (Windows NT 11.0; Win64; x64) AppleWebKit/537.36 (KHTML, like Gecko) Chrome/118.0.0.0 Safari/537.36"
192.109.200.101 - - [09/May/2026:18:04:56 +0800] "POST /wp-login.php HTTP/1.1" 200 3056 "http://cqqizhou.com/wp-login.php" "Mozilla/5.0 (Macintosh; Intel Mac OS X 13_6_1) AppleWebKit/605.1.15 (KHTML, like Gecko) Version/17.0 Safari/605.1.15"
192.109.200.101 - - [09/May/2026:18:04:58 +0800] "POST /wp-login.php HTTP/1.1" 200 3060 "http://cqqizhou.com/wp-login.php" "Mozilla/5.0 (Macintosh; Intel Mac OS X 10_15_7) AppleWebKit/605.1.15 (KHTML, like Gecko) Version/16.6 Safari/605.1.15"
192.109.200.101 - - [09/May/2026:18:05:00 +0800] "POST /wp-login.php HTTP/1.1" 200 3053 "http://cqqizhou.com/wp-login.php" "Mozilla/5.0 (X11; Linux x86_64) AppleWebKit/537.36 (KHTML, like Gecko) Chrome/118.0.0.0 Safari/537.36"
192.109.200.101 - - [09/May/2026:18:05:03 +0800] "POST /wp-login.php HTTP/1.1" 200 3053 "http://cqqizhou.com/wp-login.php" "Mozilla/5.0 (X11; Linux x86_64) AppleWebKit/537.36 (KHTML, like Gecko) Chrome/120.0.0.0 Safari/537.36"
192.109.200.101 - - [09/May/2026:18:05:05 +0800] "POST /wp-login.php HTTP/1.1" 200 3054 "http://cqqizhou.com/wp-login.php" "Mozilla/5.0 (Macintosh; Intel Mac OS X 13_6_1) AppleWebKit/537.36 (KHTML, like Gecko) Chrome/118.0.0.0 Safari/537.36"
192.109.200.101 - - [09/May/2026:18:05:07 +0800] "POST /wp-login.php HTTP/1.1" 200 3057 "http://cqqizhou.com/wp-login.php" "Mozilla/5.0 (Windows NT 11.0; Win64; x64) AppleWebKit/537.36 (KHTML, like Gecko) Chrome/121.0.0.0 Safari/537.36"
36.133.115.36 - - [09/May/2026:18:05:09 +0800] "POST /wp-cron.php?doing_wp_cron=1778321109.9132690429687500000000 HTTP/1.1" 200 31 "-" "WordPress/6.9; http://cqqizhou.com"
192.109.200.101 - - [09/May/2026:18:05:09 +0800] "POST /wp-login.php HTTP/1.1" 200 3053 "http://cqqizhou.com/wp-login.php" "Mozilla/5.0 (Macintosh; Intel Mac OS X 13_6_1; rv:121.0) Gecko/20100101 Firefox/121.0"
192.109.200.101 - - [09/May/2026:18:05:12 +0800] "POST /wp-login.php HTTP/1.1" 200 3060 "http://cqqizhou.com/wp-login.php" "Mozilla/5.0 (Windows NT 11.0; Win64; x64; rv:118.0) Gecko/20100101 Firefox/118.0"
192.109.200.101 - - [09/May/2026:18:05:14 +0800] "POST /wp-login.php HTTP/1.1" 200 3053 "http://cqqizhou.com/wp-login.php" "Mozilla/5.0 (Macintosh; Intel Mac OS X 10_15_7) AppleWebKit/537.36 (KHTML, like Gecko) Chrome/120.0.0.0 Safari/537.36"
192.109.200.101 - - [09/May/2026:18:05:16 +0800] "POST /wp-login.php HTTP/1.1" 200 3055 "http://cqqizhou.com/wp-login.php" "Mozilla/5.0 (Windows NT 10.0; Win64; x64; rv:120.0) Gecko/20100101 Firefox/120.0"
192.109.200.101 - - [09/May/2026:18:05:19 +0800] "POST /wp-login.php HTTP/1.1" 200 3057 "http://cqqizhou.com/wp-login.php" "Mozilla/5.0 (Windows NT 10.0; Win64; x64) AppleWebKit/537.36 (KHTML, like Gecko) Chrome/119.0.0.0 Safari/537.36"
192.109.200.101 - - [09/May/2026:18:05:21 +0800] "POST /wp-login.php HTTP/1.1" 200 3053 "http://cqqizhou.com/wp-login.php" "Mozilla/5.0 (Windows NT 10.0; Win64; x64; rv:118.0) Gecko/20100101 Firefox/118.0"
192.109.200.101 - - [09/May/2026:18:05:23 +0800] "POST /wp-login.php HTTP/1.1" 200 3054 "http://cqqizhou.com/wp-login.php" "Mozilla/5.0 (Macintosh; Intel Mac OS X 13_6_1) AppleWebKit/537.36 (KHTML, like Gecko) Chrome/121.0.0.0 Safari/537.36"
192.109.200.101 - - [09/May/2026:18:05:25 +0800] "POST /wp-login.php HTTP/1.1" 200 3055 "http://cqqizhou.com/wp-login.php" "Mozilla/5.0 (X11; Ubuntu; Linux x86_64) AppleWebKit/537.36 (KHTML, like Gecko) Chrome/121.0.0.0 Safari/537.36"
192.109.200.101 - - [09/May/2026:18:05:28 +0800] "POST /wp-login.php HTTP/1.1" 200 3054 "http://cqqizhou.com/wp-login.php" "Mozilla/5.0 (Windows NT 11.0; Win64; x64; rv:119.0) Gecko/20100101 Firefox/119.0"
192.109.200.101 - - [09/May/2026:18:05:30 +0800] "POST /wp-login.php HTTP/1.1" 200 3054 "http://cqqizhou.com/wp-login.php" "Mozilla/5.0 (Macintosh; Intel Mac OS X 13_6_1) AppleWebKit/605.1.15 (KHTML, like Gecko) Version/17.0 Safari/605.1.15"
192.109.200.101 - - [09/May/2026:18:05:33 +0800] "POST /wp-login.php HTTP/1.1" 200 3062 "http://cqqizhou.com/wp-login.php" "Mozilla/5.0 (Macintosh; Intel Mac OS X 10_15_7) AppleWebKit/605.1.15 (KHTML, like Gecko) Version/17.1 Safari/605.1.15"
192.109.200.101 - - [09/May/2026:18:05:35 +0800] "POST /wp-login.php HTTP/1.1" 200 3056 "http://cqqizhou.com/wp-login.php" "Mozilla/5.0 (Macintosh; Intel Mac OS X 13_6_1) AppleWebKit/537.36 (KHTML, like Gecko) Chrome/118.0.0.0 Safari/537.36"
192.109.200.101 - - [09/May/2026:18:05:37 +0800] "POST /wp-login.php HTTP/1.1" 200 3055 "http://cqqizhou.com/wp-login.php" "Mozilla/5.0 (Macintosh; Intel Mac OS X 13_6_1) AppleWebKit/537.36 (KHTML, like Gecko) Chrome/120.0.0.0 Safari/537.36"
192.109.200.101 - - [09/May/2026:18:05:39 +0800] "POST /wp-login.php HTTP/1.1" 200 3058 "http://cqqizhou.com/wp-login.php" "Mozilla/5.0 (Windows NT 11.0; Win64; x64) AppleWebKit/537.36 (KHTML, like Gecko) Chrome/118.0.0.0 Safari/537.36"
192.109.200.101 - - [09/May/2026:18:05:42 +0800] "POST /wp-login.php HTTP/1.1" 200 3060 "http://cqqizhou.com/wp-login.php" "Mozilla/5.0 (Macintosh; Intel Mac OS X 13_6_1; rv:118.0) Gecko/20100101 Firefox/118.0"
192.109.200.101 - - [09/May/2026:18:05:44 +0800] "POST /wp-login.php HTTP/1.1" 200 3057 "http://cqqizhou.com/wp-login.php" "Mozilla/5.0 (Windows NT 10.0; Win64; x64; rv:120.0) Gecko/20100101 Firefox/120.0"
192.109.200.101 - - [09/May/2026:18:05:48 +0800] "POST /wp-login.php HTTP/1.1" 200 3002 "http://cqqizhou.com/wp-login.php" "Mozilla/5.0 (Macintosh; Intel Mac OS X 13_6_1; rv:119.0) Gecko/20100101 Firefox/119.0"
192.109.200.101 - - [09/May/2026:18:05:50 +0800] "POST /wp-login.php HTTP/1.1" 200 3053 "http://cqqizhou.com/wp-login.php" "Mozilla/5.0 (X11; Linux x86_64) AppleWebKit/537.36 (KHTML, like Gecko) Chrome/119.0.0.0 Safari/537.36"
192.109.200.101 - - [09/May/2026:18:05:53 +0800] "POST /wp-login.php HTTP/1.1" 200 3058 "http://cqqizhou.com/wp-login.php" "Mozilla/5.0 (Macintosh; Intel Mac OS X 13_6_1) AppleWebKit/537.36 (KHTML, like Gecko) Chrome/121.0.0.0 Safari/537.36"
192.109.200.101 - - [09/May/2026:18:05:55 +0800] "POST /wp-login.php HTTP/1.1" 200 3054 "http://cqqizhou.com/wp-login.php" "Mozilla/5.0 (Windows NT 10.0; Win64; x64; rv:120.0) Gecko/20100101 Firefox/120.0"
192.109.200.101 - - [09/May/2026:18:05:57 +0800] "POST /wp-login.php HTTP/1.1" 200 3053 "http://cqqizhou.com/wp-login.php" "Mozilla/5.0 (X11; Ubuntu; Linux x86_64) AppleWebKit/537.36 (KHTML, like Gecko) Chrome/120.0.0.0 Safari/537.36"
192.109.200.101 - - [09/May/2026:18:06:00 +0800] "POST /wp-login.php HTTP/1.1" 200 3002 "http://cqqizhou.com/wp-login.php" "Mozilla/5.0 (Windows NT 10.0; Win64; x64; rv:119.0) Gecko/20100101 Firefox/119.0"
192.109.200.101 - - [09/May/2026:18:06:02 +0800] "POST /wp-login.php HTTP/1.1" 200 3060 "http://cqqizhou.com/wp-login.php" "Mozilla/5.0 (Windows NT 11.0; Win64; x64; rv:120.0) Gecko/20100101 Firefox/120.0"
192.109.200.101 - - [09/May/2026:18:06:05 +0800] "POST /wp-login.php HTTP/1.1" 200 3060 "http://cqqizhou.com/wp-login.php" "Mozilla/5.0 (Windows NT 10.0; Win64; x64; rv:120.0) Gecko/20100101 Firefox/120.0"
192.109.200.101 - - [09/May/2026:18:06:07 +0800] "POST /wp-login.php HTTP/1.1" 200 2968 "http://cqqizhou.com/wp-login.php" "Mozilla/5.0 (Windows NT 11.0; Win64; x64) AppleWebKit/537.36 (KHTML, like Gecko) Chrome/119.0.0.0 Safari/537.36"
36.133.115.36 - - [09/May/2026:18:06:09 +0800] "POST /wp-cron.php?doing_wp_cron=1778321169.8855860233306884765625 HTTP/1.1" 200 31 "-" "WordPress/6.9; http://cqqizhou.com"
192.109.200.101 - - [09/May/2026:18:06:09 +0800] "POST /wp-login.php HTTP/1.1" 200 3002 "http://cqqizhou.com/wp-login.php" "Mozilla/5.0 (Macintosh; Intel Mac OS X 10_15_7; rv:119.0) Gecko/20100101 Firefox/119.0"
192.109.200.101 - - [09/May/2026:18:06:12 +0800] "POST /wp-login.php HTTP/1.1" 200 3054 "http://cqqizhou.com/wp-login.php" "Mozilla/5.0 (Macintosh; Intel Mac OS X 13_6_1) AppleWebKit/605.1.15 (KHTML, like Gecko) Version/17.0 Safari/605.1.15"
192.109.200.101 - - [09/May/2026:18:06:14 +0800] "POST /wp-login.php HTTP/1.1" 200 3058 "http://cqqizhou.com/wp-login.php" "Mozilla/5.0 (Windows NT 10.0; Win64; x64) AppleWebKit/537.36 (KHTML, like Gecko) Chrome/121.0.0.0 Safari/537.36"
192.109.200.101 - - [09/May/2026:18:06:16 +0800] "POST /wp-login.php HTTP/1.1" 200 3056 "http://cqqizhou.com/wp-login.php" "Mozilla/5.0 (Windows NT 11.0; Win64; x64) AppleWebKit/537.36 (KHTML, like Gecko) Chrome/118.0.0.0 Safari/537.36"
192.109.200.101 - - [09/May/2026:18:06:19 +0800] "POST /wp-login.php HTTP/1.1" 200 2968 "http://cqqizhou.com/wp-login.php" "Mozilla/5.0 (Macintosh; Intel Mac OS X 10_15_7; rv:121.0) Gecko/20100101 Firefox/121.0"
192.109.200.101 - - [09/May/2026:18:06:21 +0800] "POST /wp-login.php HTTP/1.1" 200 3058 "http://cqqizhou.com/wp-login.php" "Mozilla/5.0 (Macintosh; Intel Mac OS X 10_15_7) AppleWebKit/537.36 (KHTML, like Gecko) Chrome/120.0.0.0 Safari/537.36"
192.109.200.101 - - [09/May/2026:18:06:24 +0800] "POST /wp-login.php HTTP/1.1" 200 3055 "http://cqqizhou.com/wp-login.php" "Mozilla/5.0 (Macintosh; Intel Mac OS X 10_15_7) AppleWebKit/537.36 (KHTML, like Gecko) Chrome/119.0.0.0 Safari/537.36"
192.109.200.101 - - [09/May/2026:18:06:26 +0800] "POST /wp-login.php HTTP/1.1" 200 3053 "http://cqqizhou.com/wp-login.php" "Mozilla/5.0 (X11; Ubuntu; Linux x86_64) AppleWebKit/537.36 (KHTML, like Gecko) Chrome/120.0.0.0 Safari/537.36"
192.109.200.101 - - [09/May/2026:18:06:29 +0800] "POST /wp-login.php HTTP/1.1" 200 3058 "http://cqqizhou.com/wp-login.php" "Mozilla/5.0 (Macintosh; Intel Mac OS X 10_15_7) AppleWebKit/605.1.15 (KHTML, like Gecko) Version/17.1 Safari/605.1.15"
192.109.200.101 - - [09/May/2026:18:06:31 +0800] "POST /wp-login.php HTTP/1.1" 200 3054 "http://cqqizhou.com/wp-login.php" "Mozilla/5.0 (X11; Ubuntu; Linux x86_64) AppleWebKit/537.36 (KHTML, like Gecko) Chrome/120.0.0.0 Safari/537.36"
192.109.200.101 - - [09/May/2026:18:06:33 +0800] "POST /wp-login.php HTTP/1.1" 200 3054 "http://cqqizhou.com/wp-login.php" "Mozilla/5.0 (Macintosh; Intel Mac OS X 10_15_7) AppleWebKit/605.1.15 (KHTML, like Gecko) Version/17.2 Safari/605.1.15"
192.109.200.101 - - [09/May/2026:18:06:36 +0800] "POST /wp-login.php HTTP/1.1" 200 2968 "http://cqqizhou.com/wp-login.php" "Mozilla/5.0 (X11; Ubuntu; Linux x86_64) AppleWebKit/537.36 (KHTML, like Gecko) Chrome/119.0.0.0 Safari/537.36"
192.109.200.101 - - [09/May/2026:18:06:38 +0800] "POST /wp-login.php HTTP/1.1" 200 3059 "http://cqqizhou.com/wp-login.php" "Mozilla/5.0 (Macintosh; Intel Mac OS X 13_6_1; rv:120.0) Gecko/20100101 Firefox/120.0"
192.109.200.101 - - [09/May/2026:18:06:41 +0800] "POST /wp-login.php HTTP/1.1" 200 3055 "http://cqqizhou.com/wp-login.php" "Mozilla/5.0 (Macintosh; Intel Mac OS X 13_6_1) AppleWebKit/537.36 (KHTML, like Gecko) Chrome/119.0.0.0 Safari/537.36"
192.109.200.101 - - [09/May/2026:18:06:43 +0800] "POST /wp-login.php HTTP/1.1" 200 3054 "http://cqqizhou.com/wp-login.php" "Mozilla/5.0 (Macintosh; Intel Mac OS X 13_6_1) AppleWebKit/605.1.15 (KHTML, like Gecko) Version/17.2 Safari/605.1.15"
192.109.200.101 - - [09/May/2026:18:06:46 +0800] "POST /wp-login.php HTTP/1.1" 200 3057 "http://cqqizhou.com/wp-login.php" "Mozilla/5.0 (Macintosh; Intel Mac OS X 13_6_1; rv:120.0) Gecko/20100101 Firefox/120.0"
192.109.200.101 - - [09/May/2026:18:06:49 +0800] "POST /wp-login.php HTTP/1.1" 200 3058 "http://cqqizhou.com/wp-login.php" "Mozilla/5.0 (Windows NT 10.0; Win64; x64) AppleWebKit/537.36 (KHTML, like Gecko) Chrome/118.0.0.0 Safari/537.36"
192.109.200.101 - - [09/May/2026:18:06:52 +0800] "POST /wp-login.php HTTP/1.1" 200 3003 "http://cqqizhou.com/wp-login.php" "Mozilla/5.0 (Macintosh; Intel Mac OS X 13_6_1; rv:118.0) Gecko/20100101 Firefox/118.0"
192.109.200.101 - - [09/May/2026:18:06:54 +0800] "POST /wp-login.php HTTP/1.1" 200 3057 "http://cqqizhou.com/wp-login.php" "Mozilla/5.0 (Macintosh; Intel Mac OS X 13_6_1) AppleWebKit/605.1.15 (KHTML, like Gecko) Version/16.6 Safari/605.1.15"
192.109.200.101 - - [09/May/2026:18:06:57 +0800] "POST /wp-login.php HTTP/1.1" 200 3052 "http://cqqizhou.com/wp-login.php" "Mozilla/5.0 (Windows NT 11.0; Win64; x64) AppleWebKit/537.36 (KHTML, like Gecko) Chrome/119.0.0.0 Safari/537.36"
192.109.200.101 - - [09/May/2026:18:06:59 +0800] "POST /wp-login.php HTTP/1.1" 200 3058 "http://cqqizhou.com/wp-login.php" "Mozilla/5.0 (Macintosh; Intel Mac OS X 10_15_7; rv:118.0) Gecko/20100101 Firefox/118.0"
192.109.200.101 - - [09/May/2026:18:07:01 +0800] "POST /wp-login.php HTTP/1.1" 200 3055 "http://cqqizhou.com/wp-login.php" "Mozilla/5.0 (Macintosh; Intel Mac OS X 10_15_7; rv:119.0) Gecko/20100101 Firefox/119.0"
192.109.200.101 - - [09/May/2026:18:07:04 +0800] "POST /wp-login.php HTTP/1.1" 200 3055 "http://cqqizhou.com/wp-login.php" "Mozilla/5.0 (Macintosh; Intel Mac OS X 13_6_1) AppleWebKit/605.1.15 (KHTML, like Gecko) Version/17.0 Safari/605.1.15"
192.109.200.101 - - [09/May/2026:18:07:06 +0800] "POST /wp-login.php HTTP/1.1" 200 3058 "http://cqqizhou.com/wp-login.php" "Mozilla/5.0 (Macintosh; Intel Mac OS X 13_6_1) AppleWebKit/605.1.15 (KHTML, like Gecko) Version/16.6 Safari/605.1.15"
36.133.115.36 - - [09/May/2026:18:07:08 +0800] "POST /wp-cron.php?doing_wp_cron=1778321228.9149959087371826171875 HTTP/1.1" 200 31 "-" "WordPress/6.9; http://cqqizhou.com"
192.109.200.101 - - [09/May/2026:18:07:08 +0800] "POST /wp-login.php HTTP/1.1" 200 3059 "http://cqqizhou.com/wp-login.php" "Mozilla/5.0 (Macintosh; Intel Mac OS X 10_15_7; rv:121.0) Gecko/20100101 Firefox/121.0"
192.109.200.101 - - [09/May/2026:18:07:11 +0800] "POST /wp-login.php HTTP/1.1" 200 3054 "http://cqqizhou.com/wp-login.php" "Mozilla/5.0 (Macintosh; Intel Mac OS X 10_15_7) AppleWebKit/605.1.15 (KHTML, like Gecko) Version/17.2 Safari/605.1.15"
192.109.200.101 - - [09/May/2026:18:07:13 +0800] "POST /wp-login.php HTTP/1.1" 200 3054 "http://cqqizhou.com/wp-login.php" "Mozilla/5.0 (Windows NT 10.0; Win64; x64) AppleWebKit/537.36 (KHTML, like Gecko) Chrome/120.0.0.0 Safari/537.36"
192.109.200.101 - - [09/May/2026:18:07:15 +0800] "POST /wp-login.php HTTP/1.1" 200 3056 "http://cqqizhou.com/wp-login.php" "Mozilla/5.0 (X11; Ubuntu; Linux x86_64) AppleWebKit/537.36 (KHTML, like Gecko) Chrome/121.0.0.0 Safari/537.36"
192.109.200.101 - - [09/May/2026:18:07:18 +0800] "POST /wp-login.php HTTP/1.1" 200 3055 "http://cqqizhou.com/wp-login.php" "Mozilla/5.0 (Macintosh; Intel Mac OS X 10_15_7) AppleWebKit/537.36 (KHTML, like Gecko) Chrome/120.0.0.0 Safari/537.36"
192.109.200.101 - - [09/May/2026:18:07:20 +0800] "POST /wp-login.php HTTP/1.1" 200 3054 "http://cqqizhou.com/wp-login.php" "Mozilla/5.0 (X11; Linux x86_64) AppleWebKit/537.36 (KHTML, like Gecko) Chrome/119.0.0.0 Safari/537.36"
192.109.200.101 - - [09/May/2026:18:07:23 +0800] "POST /wp-login.php HTTP/1.1" 200 3053 "http://cqqizhou.com/wp-login.php" "Mozilla/5.0 (Windows NT 11.0; Win64; x64; rv:120.0) Gecko/20100101 Firefox/120.0"
192.109.200.101 - - [09/May/2026:18:07:25 +0800] "POST /wp-login.php HTTP/1.1" 200 3057 "http://cqqizhou.com/wp-login.php" "Mozilla/5.0 (X11; Ubuntu; Linux x86_64) AppleWebKit/537.36 (KHTML, like Gecko) Chrome/118.0.0.0 Safari/537.36"
192.109.200.101 - - [09/May/2026:18:07:27 +0800] "POST /wp-login.php HTTP/1.1" 200 3058 "http://cqqizhou.com/wp-login.php" "Mozilla/5.0 (X11; Ubuntu; Linux x86_64) AppleWebKit/537.36 (KHTML, like Gecko) Chrome/120.0.0.0 Safari/537.36"
192.109.200.101 - - [09/May/2026:18:07:30 +0800] "POST /wp-login.php HTTP/1.1" 200 3053 "http://cqqizhou.com/wp-login.php" "Mozilla/5.0 (Macintosh; Intel Mac OS X 13_6_1) AppleWebKit/605.1.15 (KHTML, like Gecko) Version/16.6 Safari/605.1.15"
192.109.200.101 - - [09/May/2026:18:07:32 +0800] "POST /wp-login.php HTTP/1.1" 200 3062 "http://cqqizhou.com/wp-login.php" "Mozilla/5.0 (Macintosh; Intel Mac OS X 10_15_7) AppleWebKit/605.1.15 (KHTML, like Gecko) Version/17.2 Safari/605.1.15"
192.109.200.101 - - [09/May/2026:18:07:34 +0800] "POST /wp-login.php HTTP/1.1" 200 3055 "http://cqqizhou.com/wp-login.php" "Mozilla/5.0 (Windows NT 10.0; Win64; x64; rv:119.0) Gecko/20100101 Firefox/119.0"
192.109.200.101 - - [09/May/2026:18:07:37 +0800] "POST /wp-login.php HTTP/1.1" 200 3056 "http://cqqizhou.com/wp-login.php" "Mozilla/5.0 (Macintosh; Intel Mac OS X 13_6_1; rv:118.0) Gecko/20100101 Firefox/118.0"
192.109.200.101 - - [09/May/2026:18:07:39 +0800] "POST /wp-login.php HTTP/1.1" 200 3054 "http://cqqizhou.com/wp-login.php" "Mozilla/5.0 (Windows NT 11.0; Win64; x64) AppleWebKit/537.36 (KHTML, like Gecko) Chrome/119.0.0.0 Safari/537.36"
192.109.200.101 - - [09/May/2026:18:07:42 +0800] "POST /wp-login.php HTTP/1.1" 200 3058 "http://cqqizhou.com/wp-login.php" "Mozilla/5.0 (Macintosh; Intel Mac OS X 13_6_1) AppleWebKit/537.36 (KHTML, like Gecko) Chrome/119.0.0.0 Safari/537.36"
192.109.200.101 - - [09/May/2026:18:07:44 +0800] "POST /wp-login.php HTTP/1.1" 200 3002 "http://cqqizhou.com/wp-login.php" "Mozilla/5.0 (Macintosh; Intel Mac OS X 13_6_1; rv:118.0) Gecko/20100101 Firefox/118.0"
192.109.200.101 - - [09/May/2026:18:07:47 +0800] "POST /wp-login.php HTTP/1.1" 200 3055 "http://cqqizhou.com/wp-login.php" "Mozilla/5.0 (X11; Linux x86_64) AppleWebKit/537.36 (KHTML, like Gecko) Chrome/121.0.0.0 Safari/537.36"
192.109.200.101 - - [09/May/2026:18:07:50 +0800] "POST /wp-login.php HTTP/1.1" 200 3055 "http://cqqizhou.com/wp-login.php" "Mozilla/5.0 (X11; Linux x86_64) AppleWebKit/537.36 (KHTML, like Gecko) Chrome/121.0.0.0 Safari/537.36"
192.109.200.101 - - [09/May/2026:18:07:53 +0800] "POST /wp-login.php HTTP/1.1" 200 3055 "http://cqqizhou.com/wp-login.php" "Mozilla/5.0 (Windows NT 10.0; Win64; x64; rv:121.0) Gecko/20100101 Firefox/121.0"
192.109.200.101 - - [09/May/2026:18:07:55 +0800] "POST /wp-login.php HTTP/1.1" 200 3053 "http://cqqizhou.com/wp-login.php" "Mozilla/5.0 (Windows NT 10.0; Win64; x64) AppleWebKit/537.36 (KHTML, like Gecko) Chrome/120.0.0.0 Safari/537.36"
192.109.200.101 - - [09/May/2026:18:07:57 +0800] "POST /wp-login.php HTTP/1.1" 200 2968 "http://cqqizhou.com/wp-login.php" "Mozilla/5.0 (Windows NT 10.0; Win64; x64) AppleWebKit/537.36 (KHTML, like Gecko) Chrome/118.0.0.0 Safari/537.36"
192.109.200.101 - - [09/May/2026:18:08:00 +0800] "POST /wp-login.php HTTP/1.1" 200 3057 "http://cqqizhou.com/wp-login.php" "Mozilla/5.0 (Windows NT 10.0; Win64; x64; rv:119.0) Gecko/20100101 Firefox/119.0"
192.109.200.101 - - [09/May/2026:18:08:02 +0800] "POST /wp-login.php HTTP/1.1" 200 3057 "http://cqqizhou.com/wp-login.php" "Mozilla/5.0 (Windows NT 10.0; Win64; x64) AppleWebKit/537.36 (KHTML, like Gecko) Chrome/118.0.0.0 Safari/537.36"
192.109.200.101 - - [09/May/2026:18:08:04 +0800] "POST /wp-login.php HTTP/1.1" 200 3056 "http://cqqizhou.com/wp-login.php" "Mozilla/5.0 (X11; Linux x86_64) AppleWebKit/537.36 (KHTML, like Gecko) Chrome/121.0.0.0 Safari/537.36"
192.109.200.101 - - [09/May/2026:18:08:06 +0800] "POST /wp-login.php HTTP/1.1" 200 3058 "http://cqqizhou.com/wp-login.php" "Mozilla/5.0 (Macintosh; Intel Mac OS X 10_15_7; rv:119.0) Gecko/20100101 Firefox/119.0"
36.133.115.36 - - [09/May/2026:18:08:09 +0800] "POST /wp-cron.php?doing_wp_cron=1778321289.0385370254516601562500 HTTP/1.1" 200 31 "-" "WordPress/6.9; http://cqqizhou.com"
192.109.200.101 - - [09/May/2026:18:08:09 +0800] "POST /wp-login.php HTTP/1.1" 200 3058 "http://cqqizhou.com/wp-login.php" "Mozilla/5.0 (Macintosh; Intel Mac OS X 13_6_1) AppleWebKit/537.36 (KHTML, like Gecko) Chrome/118.0.0.0 Safari/537.36"
192.109.200.101 - - [09/May/2026:18:08:11 +0800] "POST /wp-login.php HTTP/1.1" 200 3059 "http://cqqizhou.com/wp-login.php" "Mozilla/5.0 (Macintosh; Intel Mac OS X 10_15_7) AppleWebKit/537.36 (KHTML, like Gecko) Chrome/120.0.0.0 Safari/537.36"
192.109.200.101 - - [09/May/2026:18:08:13 +0800] "POST /wp-login.php HTTP/1.1" 200 3058 "http://cqqizhou.com/wp-login.php" "Mozilla/5.0 (Macintosh; Intel Mac OS X 13_6_1) AppleWebKit/605.1.15 (KHTML, like Gecko) Version/17.0 Safari/605.1.15"
192.109.200.101 - - [09/May/2026:18:08:15 +0800] "POST /wp-login.php HTTP/1.1" 200 3059 "http://cqqizhou.com/wp-login.php" "Mozilla/5.0 (Windows NT 11.0; Win64; x64; rv:121.0) Gecko/20100101 Firefox/121.0"
192.109.200.101 - - [09/May/2026:18:08:18 +0800] "POST /wp-login.php HTTP/1.1" 200 3053 "http://cqqizhou.com/wp-login.php" "Mozilla/5.0 (X11; Ubuntu; Linux x86_64) AppleWebKit/537.36 (KHTML, like Gecko) Chrome/119.0.0.0 Safari/537.36"
192.109.200.101 - - [09/May/2026:18:08:20 +0800] "POST /wp-login.php HTTP/1.1" 200 3056 "http://cqqizhou.com/wp-login.php" "Mozilla/5.0 (Macintosh; Intel Mac OS X 13_6_1) AppleWebKit/537.36 (KHTML, like Gecko) Chrome/120.0.0.0 Safari/537.36"
192.109.200.101 - - [09/May/2026:18:08:22 +0800] "POST /wp-login.php HTTP/1.1" 200 2968 "http://cqqizhou.com/wp-login.php" "Mozilla/5.0 (Macintosh; Intel Mac OS X 13_6_1) AppleWebKit/537.36 (KHTML, like Gecko) Chrome/121.0.0.0 Safari/537.36"
192.109.200.101 - - [09/May/2026:18:08:25 +0800] "POST /wp-login.php HTTP/1.1" 200 3002 "http://cqqizhou.com/wp-login.php" "Mozilla/5.0 (Macintosh; Intel Mac OS X 13_6_1) AppleWebKit/537.36 (KHTML, like Gecko) Chrome/120.0.0.0 Safari/537.36"
192.109.200.101 - - [09/May/2026:18:08:27 +0800] "POST /wp-login.php HTTP/1.1" 200 2968 "http://cqqizhou.com/wp-login.php" "Mozilla/5.0 (Macintosh; Intel Mac OS X 10_15_7) AppleWebKit/605.1.15 (KHTML, like Gecko) Version/17.2 Safari/605.1.15"
192.109.200.101 - - [09/May/2026:18:08:29 +0800] "POST /wp-login.php HTTP/1.1" 200 3059 "http://cqqizhou.com/wp-login.php" "Mozilla/5.0 (Macintosh; Intel Mac OS X 13_6_1) AppleWebKit/605.1.15 (KHTML, like Gecko) Version/17.1 Safari/605.1.15"
192.109.200.101 - - [09/May/2026:18:08:31 +0800] "POST /wp-login.php HTTP/1.1" 200 3053 "http://cqqizhou.com/wp-login.php" "Mozilla/5.0 (X11; Linux x86_64) AppleWebKit/537.36 (KHTML, like Gecko) Chrome/121.0.0.0 Safari/537.36"
192.109.200.101 - - [09/May/2026:18:08:34 +0800] "POST /wp-login.php HTTP/1.1" 200 3059 "http://cqqizhou.com/wp-login.php" "Mozilla/5.0 (Macintosh; Intel Mac OS X 13_6_1) AppleWebKit/537.36 (KHTML, like Gecko) Chrome/120.0.0.0 Safari/537.36"
192.109.200.101 - - [09/May/2026:18:08:36 +0800] "POST /wp-login.php HTTP/1.1" 200 3056 "http://cqqizhou.com/wp-login.php" "Mozilla/5.0 (Windows NT 11.0; Win64; x64; rv:118.0) Gecko/20100101 Firefox/118.0"
192.109.200.101 - - [09/May/2026:18:08:38 +0800] "POST /wp-login.php HTTP/1.1" 200 3053 "http://cqqizhou.com/wp-login.php" "Mozilla/5.0 (X11; Ubuntu; Linux x86_64) AppleWebKit/537.36 (KHTML, like Gecko) Chrome/118.0.0.0 Safari/537.36"
192.109.200.101 - - [09/May/2026:18:08:41 +0800] "POST /wp-login.php HTTP/1.1" 200 3053 "http://cqqizhou.com/wp-login.php" "Mozilla/5.0 (X11; Ubuntu; Linux x86_64) AppleWebKit/537.36 (KHTML, like Gecko) Chrome/119.0.0.0 Safari/537.36"
192.109.200.101 - - [09/May/2026:18:08:43 +0800] "POST /wp-login.php HTTP/1.1" 200 3058 "http://cqqizhou.com/wp-login.php" "Mozilla/5.0 (Macintosh; Intel Mac OS X 10_15_7) AppleWebKit/605.1.15 (KHTML, like Gecko) Version/17.2 Safari/605.1.15"
192.109.200.101 - - [09/May/2026:18:08:45 +0800] "POST /wp-login.php HTTP/1.1" 200 3056 "http://cqqizhou.com/wp-login.php" "Mozilla/5.0 (Windows NT 10.0; Win64; x64; rv:119.0) Gecko/20100101 Firefox/119.0"
192.109.200.101 - - [09/May/2026:18:08:49 +0800] "POST /wp-login.php HTTP/1.1" 200 3002 "http://cqqizhou.com/wp-login.php" "Mozilla/5.0 (Macintosh; Intel Mac OS X 10_15_7) AppleWebKit/537.36 (KHTML, like Gecko) Chrome/121.0.0.0 Safari/537.36"
192.109.200.101 - - [09/May/2026:18:08:52 +0800] "POST /wp-login.php HTTP/1.1" 200 2968 "http://cqqizhou.com/wp-login.php" "Mozilla/5.0 (Macintosh; Intel Mac OS X 13_6_1) AppleWebKit/537.36 (KHTML, like Gecko) Chrome/120.0.0.0 Safari/537.36"
192.109.200.101 - - [09/May/2026:18:08:54 +0800] "POST /wp-login.php HTTP/1.1" 200 3002 "http://cqqizhou.com/wp-login.php" "Mozilla/5.0 (Macintosh; Intel Mac OS X 10_15_7; rv:121.0) Gecko/20100101 Firefox/121.0"
192.109.200.101 - - [09/May/2026:18:08:57 +0800] "POST /wp-login.php HTTP/1.1" 200 3002 "http://cqqizhou.com/wp-login.php" "Mozilla/5.0 (Macintosh; Intel Mac OS X 10_15_7) AppleWebKit/605.1.15 (KHTML, like Gecko) Version/16.6 Safari/605.1.15"
192.109.200.101 - - [09/May/2026:18:08:59 +0800] "POST /wp-login.php HTTP/1.1" 200 3057 "http://cqqizhou.com/wp-login.php" "Mozilla/5.0 (Macintosh; Intel Mac OS X 10_15_7) AppleWebKit/537.36 (KHTML, like Gecko) Chrome/120.0.0.0 Safari/537.36"
192.109.200.101 - - [09/May/2026:18:09:02 +0800] "POST /wp-login.php HTTP/1.1" 200 3053 "http://cqqizhou.com/wp-login.php" "Mozilla/5.0 (Macintosh; Intel Mac OS X 13_6_1) AppleWebKit/537.36 (KHTML, like Gecko) Chrome/119.0.0.0 Safari/537.36"
192.109.200.101 - - [09/May/2026:18:09:04 +0800] "POST /wp-login.php HTTP/1.1" 200 3055 "http://cqqizhou.com/wp-login.php" "Mozilla/5.0 (Macintosh; Intel Mac OS X 10_15_7; rv:120.0) Gecko/20100101 Firefox/120.0"
192.109.200.101 - - [09/May/2026:18:09:07 +0800] "POST /wp-login.php HTTP/1.1" 200 3053 "http://cqqizhou.com/wp-login.php" "Mozilla/5.0 (X11; Linux x86_64) AppleWebKit/537.36 (KHTML, like Gecko) Chrome/118.0.0.0 Safari/537.36"
36.133.115.36 - - [09/May/2026:18:09:09 +0800] "POST /wp-cron.php?doing_wp_cron=1778321349.4736559391021728515625 HTTP/1.1" 200 31 "-" "WordPress/6.9; http://cqqizhou.com"
192.109.200.101 - - [09/May/2026:18:09:09 +0800] "POST /wp-login.php HTTP/1.1" 200 3002 "http://cqqizhou.com/wp-login.php" "Mozilla/5.0 (Macintosh; Intel Mac OS X 10_15_7) AppleWebKit/605.1.15 (KHTML, like Gecko) Version/17.2 Safari/605.1.15"
192.109.200.101 - - [09/May/2026:18:09:11 +0800] "POST /wp-login.php HTTP/1.1" 200 3055 "http://cqqizhou.com/wp-login.php" "Mozilla/5.0 (Windows NT 10.0; Win64; x64; rv:118.0) Gecko/20100101 Firefox/118.0"
192.109.200.101 - - [09/May/2026:18:09:14 +0800] "POST /wp-login.php HTTP/1.1" 200 3056 "http://cqqizhou.com/wp-login.php" "Mozilla/5.0 (X11; Linux x86_64) AppleWebKit/537.36 (KHTML, like Gecko) Chrome/120.0.0.0 Safari/537.36"
192.109.200.101 - - [09/May/2026:18:09:16 +0800] "POST /wp-login.php HTTP/1.1" 200 3059 "http://cqqizhou.com/wp-login.php" "Mozilla/5.0 (Windows NT 10.0; Win64; x64) AppleWebKit/537.36 (KHTML, like Gecko) Chrome/119.0.0.0 Safari/537.36"
192.109.200.101 - - [09/May/2026:18:09:19 +0800] "POST /wp-login.php HTTP/1.1" 200 3063 "http://cqqizhou.com/wp-login.php" "Mozilla/5.0 (X11; Linux x86_64) AppleWebKit/537.36 (KHTML, like Gecko) Chrome/119.0.0.0 Safari/537.36"
192.109.200.101 - - [09/May/2026:18:09:21 +0800] "POST /wp-login.php HTTP/1.1" 200 3053 "http://cqqizhou.com/wp-login.php" "Mozilla/5.0 (Macintosh; Intel Mac OS X 13_6_1; rv:121.0) Gecko/20100101 Firefox/121.0"
192.109.200.101 - - [09/May/2026:18:09:23 +0800] "POST /wp-login.php HTTP/1.1" 200 2968 "http://cqqizhou.com/wp-login.php" "Mozilla/5.0 (Macintosh; Intel Mac OS X 13_6_1) AppleWebKit/537.36 (KHTML, like Gecko) Chrome/121.0.0.0 Safari/537.36"
192.109.200.101 - - [09/May/2026:18:09:26 +0800] "POST /wp-login.php HTTP/1.1" 200 3002 "http://cqqizhou.com/wp-login.php" "Mozilla/5.0 (Macintosh; Intel Mac OS X 13_6_1) AppleWebKit/605.1.15 (KHTML, like Gecko) Version/17.0 Safari/605.1.15"
192.109.200.101 - - [09/May/2026:18:09:28 +0800] "POST /wp-login.php HTTP/1.1" 200 3002 "http://cqqizhou.com/wp-login.php" "Mozilla/5.0 (Windows NT 11.0; Win64; x64; rv:119.0) Gecko/20100101 Firefox/119.0"
192.109.200.101 - - [09/May/2026:18:09:31 +0800] "POST /wp-login.php HTTP/1.1" 200 3052 "http://cqqizhou.com/wp-login.php" "Mozilla/5.0 (X11; Linux x86_64) AppleWebKit/537.36 (KHTML, like Gecko) Chrome/118.0.0.0 Safari/537.36"
192.109.200.101 - - [09/May/2026:18:09:33 +0800] "POST /wp-login.php HTTP/1.1" 200 3052 "http://cqqizhou.com/wp-login.php" "Mozilla/5.0 (Windows NT 11.0; Win64; x64) AppleWebKit/537.36 (KHTML, like Gecko) Chrome/118.0.0.0 Safari/537.36"
43.135.145.73 - - [09/May/2026:18:09:50 +0800] "GET /wp-content/uploads/2025/07/1751829518-Precision-processing-services800x500.webp HTTP/1.1" 200 28964 "-" "Mozilla/5.0 (iPhone; CPU iPhone OS 13_2_3 like Mac OS X) AppleWebKit/605.1.15 (KHTML, like Gecko) Version/13.0.3 Mobile/15E148 Safari/604.1"
43.164.190.124 - - [09/May/2026:18:28:33 +0800] "GET /wp-content/uploads/2025/12/1764853155-ISO2-768x1076.webp HTTP/1.1" 200 98458 "-" "Mozilla/5.0 (iPhone; CPU iPhone OS 13_2_3 like Mac OS X) AppleWebKit/605.1.15 (KHTML, like Gecko) Version/13.0.3 Mobile/15E148 Safari/604.1"
36.133.115.36 - - [09/May/2026:18:29:11 +0800] "POST /wp-cron.php?doing_wp_cron=1778322551.5650019645690917968750 HTTP/1.1" 200 31 "-" "WordPress/6.9; http://cqqizhou.com"
45.148.10.67 - - [09/May/2026:18:29:11 +0800] "GET / HTTP/1.1" 200 35140 "-" "Mozilla/5.0 (Windows NT 10.0; Win64; x64) AppleWebKit/537.36 (KHTML, like Gecko) Chrome/131.0.0.0 Safari/537.36"
36.133.115.36 - - [09/May/2026:18:35:08 +0800] "POST /wp-cron.php?doing_wp_cron=1778322908.0055620670318603515625 HTTP/1.1" 200 31 "-" "WordPress/6.9; http://cqqizhou.com"
218.68.62.213 - - [09/May/2026:18:35:08 +0800] "GET /contacts/ HTTP/1.1" 301 5 "-" "Mozilla/5.0 (Windows NT 10.0; Win64; x64) AppleWebKit/537.36 (KHTML, like Gecko) Chrome/136.0.0.0 Safari/537.36"
218.68.62.213 - - [09/May/2026:18:35:08 +0800] "GET http://cqqizhou.com/contacts HTTP/1.1" 200 22232 "-" "Mozilla/5.0 (Windows NT 10.0; Win64; x64) AppleWebKit/537.36 (KHTML, like Gecko) Chrome/136.0.0.0 Safari/537.36"
36.133.115.36 - - [09/May/2026:18:43:02 +0800] "POST /wp-cron.php?doing_wp_cron=1778323382.3385150432586669921875 HTTP/1.1" 200 31 "-" "WordPress/6.9; http://cqqizhou.com"
157.55.39.50 - - [09/May/2026:18:43:02 +0800] "GET /news HTTP/1.1" 200 26104 "-" "Mozilla/5.0 AppleWebKit/537.36 (KHTML, like Gecko; compatible; bingbot/2.0; +http://www.bing.com/bingbot.htm) Chrome/116.0.1938.76 Safari/537.36"
36.133.115.36 - - [09/May/2026:18:45:21 +0800] "POST /wp-cron.php?doing_wp_cron=1778323521.9055979251861572265625 HTTP/1.1" 200 31 "-" "WordPress/6.9; http://cqqizhou.com"
110.249.202.193 - - [09/May/2026:18:45:21 +0800] "GET /2418/ HTTP/1.1" 301 5 "-" "Mozilla/5.0 (Linux; Android 5.0) AppleWebKit/537.36 (KHTML, like Gecko) Mobile Safari/537.36 (compatible; Bytespider; https://zhanzhang.toutiao.com/)"
110.249.202.193 - - [09/May/2026:18:45:22 +0800] "GET /news/2418 HTTP/1.1" 200 23734 "-" "Mozilla/5.0 (Linux; Android 5.0) AppleWebKit/537.36 (KHTML, like Gecko) Mobile Safari/537.36 (compatible; Bytespider; https://zhanzhang.toutiao.com/)"
110.249.202.193 - - [09/May/2026:18:45:23 +0800] "GET /wp-content/uploads/2026/04/1775698332-Article_images_W900px-768x432.webp HTTP/1.1" 206 500 "http://cqqizhou.com/news/2418" "Mozilla/5.0 (Linux; Android 5.0) AppleWebKit/537.36 (KHTML, like Gecko) Mobile Safari/537.36 (compatible; Bytespider; https://zhanzhang.toutiao.com/)"
110.249.202.209 - - [09/May/2026:18:45:23 +0800] "GET /wp-content/uploads/2025/07/1751425283-qizhou.kf_.qq_.com_.webp HTTP/1.1" 206 500 "http://cqqizhou.com/news/2418" "Mozilla/5.0 (Linux; Android 5.0) AppleWebKit/537.36 (KHTML, like Gecko) Mobile Safari/537.36 (compatible; Bytespider; https://zhanzhang.toutiao.com/)"
110.249.202.92 - - [09/May/2026:18:45:23 +0800] "GET /wp-content/uploads/2026/04/1775195054-1Article_images_W900px-768x432.webp HTTP/1.1" 206 500 "http://cqqizhou.com/news/2418" "Mozilla/5.0 (Linux; Android 5.0) AppleWebKit/537.36 (KHTML, like Gecko) Mobile Safari/537.36 (compatible; Bytespider; https://zhanzhang.toutiao.com/)"
110.249.202.44 - - [09/May/2026:18:45:23 +0800] "GET /wp-content/uploads/revslider/slider-1/1750861156-logistics_Slider_3840%C3%972160_20250625191356-scaled-768x432.webp HTTP/1.1" 206 500 "http://cqqizhou.com/news/2418" "Mozilla/5.0 (Linux; Android 5.0) AppleWebKit/537.36 (KHTML, like Gecko) Mobile Safari/537.36 (compatible; Bytespider; https://zhanzhang.toutiao.com/)"
36.133.115.36 - - [09/May/2026:18:51:03 +0800] "POST /wp-cron.php?doing_wp_cron=1778323863.2309091091156005859375 HTTP/1.1" 200 31 "-" "WordPress/6.9; http://cqqizhou.com"
1.24.16.199 - - [09/May/2026:18:51:03 +0800] "GET / HTTP/1.1" 200 158617 "-" "-"
36.133.115.36 - - [09/May/2026:18:52:00 +0800] "POST /wp-cron.php?doing_wp_cron=1778323920.8611578941345214843750 HTTP/1.1" 200 31 "-" "WordPress/6.9; http://cqqizhou.com"
124.72.224.212 - - [09/May/2026:18:52:00 +0800] "GET / HTTP/1.1" 301 5 "-" "Mozilla/5.0 (Windows NT 6.1) AppleWebKit/537.36 (KHTML, like Gecko) Chrome/49.0.2623.112 Safari/537.36"
207.46.13.107 - - [09/May/2026:18:59:45 +0800] "GET /wp-content/uploads/2026/04/1775865780-1Article_images_W900px.webp HTTP/1.1" 200 41840 "-" "Mozilla/5.0 AppleWebKit/537.36 (KHTML, like Gecko; compatible; bingbot/2.0; +http://www.bing.com/bingbot.htm) Chrome/116.0.1938.76 Safari/537.36"
36.133.115.36 - - [09/May/2026:19:13:40 +0800] "POST /wp-cron.php?doing_wp_cron=1778325220.1171939373016357421875 HTTP/1.1" 200 31 "-" "WordPress/6.9; http://cqqizhou.com"
101.32.49.171 - - [09/May/2026:19:13:40 +0800] "GET / HTTP/1.1" 200 35140 "-" "Mozilla/5.0 (iPhone; CPU iPhone OS 13_2_3 like Mac OS X) AppleWebKit/605.1.15 (KHTML, like Gecko) Version/13.0.3 Mobile/15E148 Safari/604.1"
36.133.115.36 - - [09/May/2026:19:27:02 +0800] "POST /wp-cron.php?doing_wp_cron=1778326022.2649779319763183593750 HTTP/1.1" 200 31 "-" "WordPress/6.9; http://cqqizhou.com"
129.226.93.214 - - [09/May/2026:19:27:02 +0800] "GET / HTTP/1.1" 200 35140 "-" "Mozilla/5.0 (iPhone; CPU iPhone OS 13_2_3 like Mac OS X) AppleWebKit/605.1.15 (KHTML, like Gecko) Version/13.0.3 Mobile/15E148 Safari/604.1"
36.133.115.36 - - [09/May/2026:19:36:38 +0800] "POST /wp-cron.php?doing_wp_cron=1778326598.2717149257659912109375 HTTP/1.1" 200 31 "-" "WordPress/6.9; http://cqqizhou.com"
43.153.71.132 - - [09/May/2026:19:36:38 +0800] "GET / HTTP/1.1" 301 5 "-" "Mozilla/5.0 (iPhone; CPU iPhone OS 13_2_3 like Mac OS X) AppleWebKit/605.1.15 (KHTML, like Gecko) Version/13.0.3 Mobile/15E148 Safari/604.1"
43.153.71.132 - - [09/May/2026:19:36:40 +0800] "GET / HTTP/1.1" 200 35140 "http://www.cqqizhou.com" "Mozilla/5.0 (iPhone; CPU iPhone OS 13_2_3 like Mac OS X) AppleWebKit/605.1.15 (KHTML, like Gecko) Version/13.0.3 Mobile/15E148 Safari/604.1"
36.133.115.36 - - [09/May/2026:19:37:35 +0800] "POST /wp-cron.php?doing_wp_cron=1778326655.9292149543762207031250 HTTP/1.1" 200 31 "-" "WordPress/6.9; http://cqqizhou.com"
43.164.190.28 - - [09/May/2026:19:37:35 +0800] "GET / HTTP/1.1" 200 35140 "-" "Mozilla/5.0 (iPhone; CPU iPhone OS 13_2_3 like Mac OS X) AppleWebKit/605.1.15 (KHTML, like Gecko) Version/13.0.3 Mobile/15E148 Safari/604.1"
36.133.115.36 - - [09/May/2026:21:23:01 +0800] "POST /wp-cron.php?doing_wp_cron=1778332981.7013869285583496093750 HTTP/1.1" 200 31 "-" "WordPress/6.9; http://cqqizhou.com"
47.128.31.122 - - [09/May/2026:21:23:01 +0800] "GET /robots.txt HTTP/1.1" 200 190 "-" "Mozilla/5.0 (Linux; Android 5.0) AppleWebKit/537.36 (KHTML, like Gecko) Mobile Safari/537.36 (compatible; Bytespider; spider-feedback@bytedance.com)"
36.133.115.36 - - [09/May/2026:21:27:53 +0800] "POST /wp-cron.php?doing_wp_cron=1778333273.4580430984497070312500 HTTP/1.1" 200 31 "-" "WordPress/6.9; http://cqqizhou.com"
45.148.10.67 - - [09/May/2026:21:27:53 +0800] "GET / HTTP/1.1" 200 35141 "-" "Mozilla/5.0 (Windows NT 10.0; Win64; x64) AppleWebKit/537.36 (KHTML, like Gecko) Chrome/131.0.0.0 Safari/537.36"
36.133.115.36 - - [09/May/2026:21:33:41 +0800] "POST /wp-cron.php?doing_wp_cron=1778333621.7860159873962402343750 HTTP/1.1" 200 31 "-" "WordPress/6.9; http://cqqizhou.com"
123.57.13.121 - - [09/May/2026:21:33:41 +0800] "GET / HTTP/1.1" 301 5 "-" "Mozilla/5.0 (Windows NT 10.0; Win64; x64) AppleWebKit/537.36 (KHTML, like Gecko) Chrome/104.0.0.0 Safari/537.36"
36.133.115.36 - - [09/May/2026:21:59:02 +0800] "POST /wp-cron.php?doing_wp_cron=1778335142.5223729610443115234375 HTTP/1.1" 200 31 "-" "WordPress/6.9; http://cqqizhou.com"
104.218.164.117 - - [09/May/2026:21:59:02 +0800] "GET / HTTP/1.1" 301 5 "-" "Mozilla/5.0 (Macintosh; Intel Mac OS X 10_15_7) AppleWebKit/537.36 (KHTML, like Gecko) Chrome/120.0.0.0 Safari/537.36 Edg/120.0.0.0"
36.133.115.36 - - [09/May/2026:21:59:27 +0800] "POST /wp-cron.php?doing_wp_cron=1778335167.3981599807739257812500 HTTP/1.1" 200 31 "-" "WordPress/6.9; http://cqqizhou.com"
104.218.164.117 - - [09/May/2026:21:59:27 +0800] "GET /robots.txt HTTP/1.1" 200 190 "-" "Mozilla/5.0 (Macintosh; Intel Mac OS X 10_15_7) AppleWebKit/537.36 (KHTML, like Gecko) Chrome/120.0.0.0 Safari/537.36 Edg/120.0.0.0"
104.218.164.117 - - [09/May/2026:21:59:28 +0800] "GET /sitemap.xml HTTP/1.1" 200 556 "-" "Mozilla/5.0 (Macintosh; Intel Mac OS X 10_15_7) AppleWebKit/537.36 (KHTML, like Gecko) Chrome/120.0.0.0 Safari/537.36 Edg/120.0.0.0"
36.133.115.36 - - [09/May/2026:22:10:25 +0800] "POST /wp-cron.php?doing_wp_cron=1778335825.2676320075988769531250 HTTP/1.1" 200 31 "-" "WordPress/6.9; http://cqqizhou.com"
45.154.98.149 - - [09/May/2026:22:10:25 +0800] "GET /.env HTTP/1.1" 404 9410 "-" "python-requests/2.32.3"
36.133.115.36 - - [09/May/2026:22:21:28 +0800] "POST /wp-cron.php?doing_wp_cron=1778336488.3709759712219238281250 HTTP/1.1" 200 31 "-" "WordPress/6.9; http://cqqizhou.com"
119.84.246.117 - - [09/May/2026:22:21:28 +0800] "GET / HTTP/1.1" 301 5 "-" "Mozilla/5.0 (Windows NT 6.1; WOW64; rv:13.0) Gecko/20100101 Firefox/13.0.1"
119.84.246.117 - - [09/May/2026:22:21:28 +0800] "GET / HTTP/1.1" 200 172543 "-" "Mozilla/5.0 (Windows NT 6.1; WOW64; rv:13.0) Gecko/20100101 Firefox/13.0.1"
119.84.246.117 - - [09/May/2026:22:21:29 +0800] "GET / HTTP/1.1" 301 5 "-" "Mozilla/5.0 (Windows; U; Windows NT 5.2) AppleWebKit/525.13 (KHTML, like Gecko) Chrome/0.2.149.27 Safari/525.13"
119.84.246.117 - - [09/May/2026:22:21:29 +0800] "GET / HTTP/1.1" 200 172543 "-" "Mozilla/5.0 (Windows; U; Windows NT 5.2) AppleWebKit/525.13 (KHTML, like Gecko) Chrome/0.2.149.27 Safari/525.13"
119.84.246.117 - - [09/May/2026:22:21:30 +0800] "GET / HTTP/1.1" 301 5 "-" "Mozilla/5.0 (Windows NT 6.1; WOW64) AppleWebKit/535.19 (KHTML, like Gecko) Chrome/18.0.1025.168 Safari/535.19 QIHU 360EE"
119.84.246.117 - - [09/May/2026:22:21:30 +0800] "GET / HTTP/1.1" 200 172543 "-" "Mozilla/5.0 (Windows NT 6.1; WOW64) AppleWebKit/535.19 (KHTML, like Gecko) Chrome/18.0.1025.168 Safari/535.19 QIHU 360EE"
36.133.115.36 - - [09/May/2026:22:23:25 +0800] "POST /wp-cron.php?doing_wp_cron=1778336605.3569259643554687500000 HTTP/1.1" 200 31 "-" "WordPress/6.9; http://cqqizhou.com"
116.179.32.113 - - [09/May/2026:22:23:25 +0800] "GET /company-news/page/2 HTTP/1.1" 200 26578 "-" "Mozilla/5.0 (compatible; Baiduspider/2.0; +http://www.baidu.com/search/spider.html)"
116.179.37.240 - - [09/May/2026:22:23:30 +0800] "GET /wp-content/uploads/2025/07/1753455746-DSC01472.webp HTTP/1.1" 200 31854 "http://cqqizhou.com/company-news/page/2" "Mozilla/5.0 (compatible; Baiduspider-render/2.0; +http://www.baidu.com/search/spider.html)"
36.133.115.36 - - [09/May/2026:22:34:38 +0800] "POST /wp-cron.php?doing_wp_cron=1778337278.5680210590362548828125 HTTP/1.1" 200 31 "-" "WordPress/6.9; http://cqqizhou.com"
93.123.72.166 - - [09/May/2026:22:34:38 +0800] "GET /SDK/webLanguage HTTP/1.1" 301 5 "-" "Mozilla/5.0 (Windows NT 10.0; Win64; x64) AppleWebKit/537.36 (KHTML, like Gecko) Chrome/90.0.4430.85 Safari/537.36 Edg/90.0.818.46"
36.133.115.36 - - [09/May/2026:22:41:25 +0800] "POST /wp-cron.php?doing_wp_cron=1778337685.5434570312500000000000 HTTP/1.1" 200 31 "-" "WordPress/6.9; http://cqqizhou.com"
13.218.68.64 - - [09/May/2026:22:41:25 +0800] "GET / HTTP/1.1" 301 5 "-" "Mozilla/5.0 (Windows NT 10.0; Win64; x64) AppleWebKit/537.36 (KHTML, like Gecko) Chrome/136.0.0.0 Safari/537.36"
220.175.88.155 - - [09/May/2026:22:49:33 +0800] "GET /indexback.php HTTP/1.1" 404 47 "http://www.cqqizhou.com/indexback.php" "Mozilla/5.0 (Windows NT 6.1; WOW64) AppleWebKit/537.11 (KHTML, like Gecko) Chrome/23.0.1271.97 Safari/537.11"
220.175.88.155 - - [09/May/2026:22:49:33 +0800] "GET /1234.php HTTP/1.1" 404 47 "http://www.cqqizhou.com/1234.php" "Mozilla/5.0 (Windows NT 6.1; WOW64) AppleWebKit/537.11 (KHTML, like Gecko) Chrome/23.0.1271.97 Safari/537.11"
220.175.88.155 - - [09/May/2026:22:49:33 +0800] "GET /login8.php HTTP/1.1" 404 47 "http://www.cqqizhou.com/login8.php" "Mozilla/5.0 (Windows NT 6.1; WOW64) AppleWebKit/537.11 (KHTML, like Gecko) Chrome/23.0.1271.97 Safari/537.11"
220.175.88.155 - - [09/May/2026:22:49:33 +0800] "GET /logins.php HTTP/1.1" 404 47 "http://www.cqqizhou.com/logins.php" "Mozilla/5.0 (Windows NT 6.1; WOW64) AppleWebKit/537.11 (KHTML, like Gecko) Chrome/23.0.1271.97 Safari/537.11"
111.76.42.34 - - [09/May/2026:22:49:34 +0800] "GET /7.php HTTP/1.1" 404 47 "http://www.cqqizhou.com/7.php" "Mozilla/5.0 (Windows NT 6.1; WOW64) AppleWebKit/537.11 (KHTML, like Gecko) Chrome/23.0.1271.97 Safari/537.11"
220.175.88.155 - - [09/May/2026:22:49:34 +0800] "GET /11.php HTTP/1.1" 404 47 "http://www.cqqizhou.com/11.php" "Mozilla/5.0 (Windows NT 6.1; WOW64) AppleWebKit/537.11 (KHTML, like Gecko) Chrome/23.0.1271.97 Safari/537.11"
220.175.88.155 - - [09/May/2026:22:49:34 +0800] "GET /admin.php HTTP/1.1" 404 47 "http://www.cqqizhou.com/admin.php" "Mozilla/5.0 (Windows NT 6.1; WOW64) AppleWebKit/537.11 (KHTML, like Gecko) Chrome/23.0.1271.97 Safari/537.11"
220.175.88.155 - - [09/May/2026:22:49:34 +0800] "GET /1.php HTTP/1.1" 404 47 "http://www.cqqizhou.com/1.php" "Mozilla/5.0 (Windows NT 6.1; WOW64) AppleWebKit/537.11 (KHTML, like Gecko) Chrome/23.0.1271.97 Safari/537.11"
220.175.88.155 - - [09/May/2026:22:49:34 +0800] "GET /dd.php HTTP/1.1" 404 47 "http://www.cqqizhou.com/dd.php" "Mozilla/5.0 (Windows NT 6.1; WOW64) AppleWebKit/537.11 (KHTML, like Gecko) Chrome/23.0.1271.97 Safari/537.11"
220.175.88.155 - - [09/May/2026:22:49:34 +0800] "GET /admins.php HTTP/1.1" 404 47 "http://www.cqqizhou.com/admins.php" "Mozilla/5.0 (Windows NT 6.1; WOW64) AppleWebKit/537.11 (KHTML, like Gecko) Chrome/23.0.1271.97 Safari/537.11"
220.175.88.155 - - [09/May/2026:22:49:34 +0800] "GET /a.php HTTP/1.1" 404 47 "http://www.cqqizhou.com/a.php" "Mozilla/5.0 (Windows NT 6.1; WOW64) AppleWebKit/537.11 (KHTML, like Gecko) Chrome/23.0.1271.97 Safari/537.11"
220.175.88.155 - - [09/May/2026:22:49:34 +0800] "GET /nginx.php HTTP/1.1" 404 47 "http://www.cqqizhou.com/nginx.php" "Mozilla/5.0 (Windows NT 6.1; WOW64) AppleWebKit/537.11 (KHTML, like Gecko) Chrome/23.0.1271.97 Safari/537.11"
111.76.42.34 - - [09/May/2026:22:49:34 +0800] "GET /newfile.php HTTP/1.1" 404 47 "http://www.cqqizhou.com/newfile.php" "Mozilla/5.0 (Windows NT 6.1; WOW64) AppleWebKit/537.11 (KHTML, like Gecko) Chrome/23.0.1271.97 Safari/537.11"
220.175.88.155 - - [09/May/2026:22:49:34 +0800] "GET /ak.php HTTP/1.1" 404 47 "http://www.cqqizhou.com/ak.php" "Mozilla/5.0 (Windows NT 6.1; WOW64) AppleWebKit/537.11 (KHTML, like Gecko) Chrome/23.0.1271.97 Safari/537.11"
220.175.88.155 - - [09/May/2026:22:49:34 +0800] "GET /system1.php HTTP/1.1" 404 47 "http://www.cqqizhou.com/system1.php" "Mozilla/5.0 (Windows NT 6.1; WOW64) AppleWebKit/537.11 (KHTML, like Gecko) Chrome/23.0.1271.97 Safari/537.11"
220.175.88.155 - - [09/May/2026:22:49:34 +0800] "GET /fun.php HTTP/1.1" 404 47 "http://www.cqqizhou.com/fun.php" "Mozilla/5.0 (Windows NT 6.1; WOW64) AppleWebKit/537.11 (KHTML, like Gecko) Chrome/23.0.1271.97 Safari/537.11"
195.26.225.209 - - [09/May/2026:22:53:25 +0800] "GET / HTTP/1.1" 200 41024 "-" "Mozilla/5.0 (Windows NT 10.0; Win64; x64) AppleWebKit/537.36 (KHTML, like Gecko) Chrome/120.0.0.0 Safari/537.36"
36.133.115.36 - - [09/May/2026:23:09:36 +0800] "POST /wp-cron.php?doing_wp_cron=1778339376.0417549610137939453125 HTTP/1.1" 200 31 "-" "WordPress/6.9; http://cqqizhou.com"
110.249.201.62 - - [09/May/2026:23:09:36 +0800] "GET /robots.txt HTTP/1.1" 200 190 "-" "Mozilla/5.0 (Linux; Android 5.0) AppleWebKit/537.36 (KHTML, like Gecko) Mobile Safari/537.36 (compatible; Bytespider; https://zhanzhang.toutiao.com/)"
36.133.115.36 - - [09/May/2026:23:30:41 +0800] "POST /wp-cron.php?doing_wp_cron=1778340641.3894948959350585937500 HTTP/1.1" 200 31 "-" "WordPress/6.9; http://cqqizhou.com"
183.186.134.208 - - [09/May/2026:23:30:41 +0800] "GET /news/2524 HTTP/1.1" 301 5 "http://cqqizhou.com/" "Mozilla/5.0 (Windows NT 10.0; Win64; x64) AppleWebKit/537.36 (KHTML, like Gecko) Chrome/131.0.0.0 Safari/537.36"
183.186.134.208 - - [09/May/2026:23:30:42 +0800] "GET /news/2518/2article_images_w900px HTTP/1.1" 301 5 "http://cqqizhou.com/" "Mozilla/5.0 (Windows NT 10.0; Win64; x64) AppleWebKit/537.36 (KHTML, like Gecko) Chrome/131.0.0.0 Safari/537.36"
183.186.134.208 - - [09/May/2026:23:30:44 +0800] "GET /wp-content/uploads/2026/03/1772790943-2Article_images_W900px.webp HTTP/1.1" 200 45662 "http://cqqizhou.com/" "Mozilla/5.0 (Windows NT 10.0; Win64; x64) AppleWebKit/537.36 (KHTML, like Gecko) Chrome/131.0.0.0 Safari/537.36"
36.133.115.36 - - [09/May/2026:23:42:55 +0800] "POST /wp-cron.php?doing_wp_cron=1778341375.9401190280914306640625 HTTP/1.1" 200 31 "-" "WordPress/6.9; http://cqqizhou.com"
106.53.66.219 - - [09/May/2026:23:42:55 +0800] "GET /news/2521 HTTP/1.1" 301 5 "http://cqqizhou.com/" "Mozilla/5.0 (Windows NT 10.0; Win64; x64) AppleWebKit/537.36 (KHTML, like Gecko) Chrome/116.0.0.0 Safari/537.36"
106.53.66.219 - - [09/May/2026:23:42:57 +0800] "GET /news/2518/1article_images_w900px HTTP/1.1" 301 5 "http://cqqizhou.com/" "Mozilla/5.0 (Windows NT 10.0; Win64; x64) AppleWebKit/537.36 (KHTML, like Gecko) Chrome/116.0.0.0 Safari/537.36"
106.53.66.219 - - [09/May/2026:23:42:57 +0800] "GET /wp-content/uploads/2026/03/1772790943-1Article_images_W900px.webp HTTP/1.1" 200 35332 "http://cqqizhou.com/" "Mozilla/5.0 (Windows NT 10.0; Win64; x64) AppleWebKit/537.36 (KHTML, like Gecko) Chrome/116.0.0.0 Safari/537.36"
36.133.115.36 - - [09/May/2026:23:59:25 +0800] "POST /wp-cron.php?doing_wp_cron=1778342365.2624740600585937500000 HTTP/1.1" 200 31 "-" "WordPress/6.9; http://cqqizhou.com"
220.181.108.156 - - [09/May/2026:23:59:25 +0800] "GET /news/2159 HTTP/1.1" 200 29196 "-" "Mozilla/5.0 (compatible; Baiduspider/2.0; +http://www.baidu.com/search/spider.html)"