14.108.233.176 - - [09/May/2026:10:38:36 +0800] "POST /wp-admin/admin-ajax.php HTTP/1.1" 200 78 "http://cqqizhou.com/wp-admin/user-edit.php?user_id=3&wp_http_referer=%2Fwp-admin%2Fusers.php%3Fid%3D3" "Mozilla/5.0 (Windows NT 10.0; Win64; x64) AppleWebKit/537.36 (KHTML, like Gecko) Chrome/147.0.0.0 Safari/537.36 Edg/147.0.0.0"
14.108.233.176 - - [09/May/2026:10:38:37 +0800] "GET /wp-json/wp/v2/block-patterns/patterns?_locale=user HTTP/1.1" 200 19854 "http://cqqizhou.com/wp-admin/post-new.php" "Mozilla/5.0 (Windows NT 10.0; Win64; x64) AppleWebKit/537.36 (KHTML, like Gecko) Chrome/144.0.0.0 Safari/537.36 Edg/144.0.0.0"
14.108.233.176 - - [09/May/2026:10:38:41 +0800] "POST /wp-admin/admin-ajax.php HTTP/1.1" 499 0 "http://cqqizhou.com/wp-admin/post-new.php" "Mozilla/5.0 (Windows NT 10.0; Win64; x64) AppleWebKit/537.36 (KHTML, like Gecko) Chrome/144.0.0.0 Safari/537.36 Edg/144.0.0.0"
36.133.115.36 - - [09/May/2026:10:39:23 +0800] "POST /wp-cron.php?doing_wp_cron=1778294363.1796751022338867187500 HTTP/1.1" 200 31 "-" "WordPress/6.9; http://cqqizhou.com"
14.108.233.176 - - [09/May/2026:10:39:23 +0800] "GET /wp-admin/plugins.php HTTP/1.1" 200 94279 "http://cqqizhou.com/wp-admin/user-edit.php?user_id=3&wp_http_referer=%2Fwp-admin%2Fusers.php%3Fid%3D3" "Mozilla/5.0 (Windows NT 10.0; Win64; x64) AppleWebKit/537.36 (KHTML, like Gecko) Chrome/147.0.0.0 Safari/537.36 Edg/147.0.0.0"
14.108.233.176 - - [09/May/2026:10:39:23 +0800] "GET /wp-admin/load-styles.php?c=0&dir=ltr&load%5Bchunk_0%5D=dashicons,admin-bar,common,forms,admin-menu,dashboard,list-tables,edit,revisions,media,themes,about,nav-menus,wp-pointer,widgets&load%5Bchunk_1%5D=,site-icon,l10n,buttons,media-views,wp-color-picker,editor-buttons,wp-auth-check,wp-components,wp-commands,wp-jquery-ui-dialog&ver=6.9 HTTP/1.1" 200 132592 "http://cqqizhou.com/wp-admin/plugins.php" "Mozilla/5.0 (Windows NT 10.0; Win64; x64) AppleWebKit/537.36 (KHTML, like Gecko) Chrome/147.0.0.0 Safari/537.36 Edg/147.0.0.0"
14.108.233.176 - - [09/May/2026:10:40:03 +0800] "POST /wp-admin/admin-ajax.php HTTP/1.1" 200 161 "http://cqqizhou.com/wp-admin/plugins.php" "Mozilla/5.0 (Windows NT 10.0; Win64; x64) AppleWebKit/537.36 (KHTML, like Gecko) Chrome/147.0.0.0 Safari/537.36 Edg/147.0.0.0"
36.133.115.36 - - [09/May/2026:10:40:25 +0800] "POST /wp-cron.php?doing_wp_cron=1778294425.3747689723968505859375 HTTP/1.1" 200 31 "-" "WordPress/6.9; http://cqqizhou.com"
14.108.233.176 - - [09/May/2026:10:40:25 +0800] "POST /wp-admin/admin-ajax.php HTTP/1.1" 200 78 "http://cqqizhou.com/wp-admin/plugins.php" "Mozilla/5.0 (Windows NT 10.0; Win64; x64) AppleWebKit/537.36 (KHTML, like Gecko) Chrome/147.0.0.0 Safari/537.36 Edg/147.0.0.0"
14.108.233.176 - - [09/May/2026:10:40:25 +0800] "POST /wp-admin/admin-ajax.php HTTP/1.1" 200 148 "http://cqqizhou.com/wp-admin/plugins.php" "Mozilla/5.0 (Windows NT 10.0; Win64; x64) AppleWebKit/537.36 (KHTML, like Gecko) Chrome/147.0.0.0 Safari/537.36 Edg/147.0.0.0"
36.133.115.36 - - [09/May/2026:10:42:32 +0800] "POST /wp-cron.php?doing_wp_cron=1778294552.3677630424499511718750 HTTP/1.1" 200 31 "-" "WordPress/6.9; http://cqqizhou.com"
14.108.233.176 - - [09/May/2026:10:42:32 +0800] "POST /wp-admin/admin-ajax.php HTTP/1.1" 200 78 "http://cqqizhou.com/wp-admin/plugins.php" "Mozilla/5.0 (Windows NT 10.0; Win64; x64) AppleWebKit/537.36 (KHTML, like Gecko) Chrome/147.0.0.0 Safari/537.36 Edg/147.0.0.0"
36.133.115.36 - - [09/May/2026:10:43:29 +0800] "POST /wp-cron.php?doing_wp_cron=1778294608.9836161136627197265625 HTTP/1.1" 200 31 "-" "WordPress/6.9; http://cqqizhou.com"
14.108.233.176 - - [09/May/2026:10:43:29 +0800] "POST /wp-admin/admin-ajax.php HTTP/1.1" 200 78 "http://cqqizhou.com/wp-admin/plugins.php" "Mozilla/5.0 (Windows NT 10.0; Win64; x64) AppleWebKit/537.36 (KHTML, like Gecko) Chrome/147.0.0.0 Safari/537.36 Edg/147.0.0.0"
93.123.72.166 - - [09/May/2026:10:43:35 +0800] "GET /SDK/webLanguage HTTP/1.1" 301 5 "-" "Mozilla/5.0 (Windows NT 10.0; Win64; x64) AppleWebKit/537.36 (KHTML, like Gecko) Chrome/90.0.4430.85 Safari/537.36 Edg/90.0.818.46"
36.133.115.36 - - [09/May/2026:11:05:02 +0800] "POST /wp-cron.php?doing_wp_cron=1778295902.0513529777526855468750 HTTP/1.1" 200 31 "-" "WordPress/6.9; http://cqqizhou.com"
27.129.235.225 - - [09/May/2026:11:05:02 +0800] "GET / HTTP/1.1" 200 41011 "-" "Mozilla/5.0 (Macintosh; Intel Mac OS X 10_15_7) AppleWebKit/537.36 (KHTML, like Gecko) Chrome/140.0.0.0 Safari/537.36"
36.133.115.36 - - [09/May/2026:11:06:56 +0800] "POST /wp-cron.php?doing_wp_cron=1778296016.5953500270843505859375 HTTP/1.1" 200 31 "-" "WordPress/6.9; http://cqqizhou.com"
51.182.173.17 - - [09/May/2026:11:06:56 +0800] "GET /news/2155 HTTP/1.1" 200 29454 "-" "Mozilla/5.0 (Windows NT 10.0; Win64; x64) AppleWebKit/537.36 (KHTML, like Gecko) Chrome/138.0.0.0 Safari/537.36"
36.133.115.36 - - [09/May/2026:11:13:53 +0800] "POST /wp-cron.php?doing_wp_cron=1778296433.6077609062194824218750 HTTP/1.1" 200 31 "-" "WordPress/6.9; http://cqqizhou.com"
182.87.144.168 - - [09/May/2026:11:13:53 +0800] "GET / HTTP/1.1" 301 5 "-" "Mozilla/5.0 (Macintosh; Intel Mac OS X 10_15_7) AppleWebKit/537.36 (KHTML, like Gecko) Chrome/106.0.0.0 Safari/537.36"
182.87.144.168 - - [09/May/2026:11:13:53 +0800] "GET http://cqqizhou.com/ HTTP/1.1" 200 41024 "-" "Mozilla/5.0 (Macintosh; Intel Mac OS X 10_15_7) AppleWebKit/537.36 (KHTML, like Gecko) Chrome/106.0.0.0 Safari/537.36"
36.133.115.36 - - [09/May/2026:11:27:58 +0800] "POST /wp-cron.php?doing_wp_cron=1778297277.9778180122375488281250 HTTP/1.1" 200 31 "-" "WordPress/6.9; http://cqqizhou.com"
39.149.95.140 - - [09/May/2026:11:27:58 +0800] "GET /portfolio-category/hot-dip-galvanized-coil/ HTTP/1.1" 301 5 "-" "Mozilla/5.0 (Macintosh; Intel Mac OS X 10_15_7) AppleWebKit/537.36 (KHTML, like Gecko) Chrome/136.0.0.0 Safari/537.36"
183.217.214.214 - - [09/May/2026:11:27:59 +0800] "GET /news/portfolio/hot-dip-galvanized-coil HTTP/1.1" 200 22910 "-" "Mozilla/5.0 (Macintosh; Intel Mac OS X 10_15_7) AppleWebKit/537.36 (KHTML, like Gecko) Chrome/136.0.0.0 Safari/537.36"
36.133.115.36 - - [09/May/2026:11:30:27 +0800] "POST /wp-cron.php?doing_wp_cron=1778297427.9165260791778564453125 HTTP/1.1" 200 31 "-" "WordPress/6.9; http://cqqizhou.com"
61.170.147.80 - - [09/May/2026:11:30:27 +0800] "GET /news/2543 HTTP/1.1" 200 22203 "-" "Mozilla/5.0 (Windows NT 10.0; Win64; x64) AppleWebKit/537.36 (KHTML, like Gecko) Chrome/142.0.0.0 Safari/537.36"
112.90.14.81 - - [09/May/2026:11:30:56 +0800] "GET /news/2543 HTTP/1.1" 200 22221 "-" "Mozilla/5.0 (Windows NT 10.0; Win64; x64) AppleWebKit/537.36 (KHTML, like Gecko) Chrome/108.0.0.0 Safari/537.36"
36.133.115.36 - - [09/May/2026:12:15:11 +0800] "POST /wp-cron.php?doing_wp_cron=1778300111.3213560581207275390625 HTTP/1.1" 200 31 "-" "WordPress/6.9; http://cqqizhou.com"
43.153.35.128 - - [09/May/2026:12:15:11 +0800] "GET / HTTP/1.1" 301 5 "-" "Mozilla/5.0 (iPhone; CPU iPhone OS 13_2_3 like Mac OS X) AppleWebKit/605.1.15 (KHTML, like Gecko) Version/13.0.3 Mobile/15E148 Safari/604.1"
43.153.35.128 - - [09/May/2026:12:15:13 +0800] "GET / HTTP/1.1" 200 35140 "http://www.cqqizhou.com" "Mozilla/5.0 (iPhone; CPU iPhone OS 13_2_3 like Mac OS X) AppleWebKit/605.1.15 (KHTML, like Gecko) Version/13.0.3 Mobile/15E148 Safari/604.1"
36.133.115.36 - - [09/May/2026:12:33:29 +0800] "POST /wp-cron.php?doing_wp_cron=1778301209.5213129520416259765625 HTTP/1.1" 200 31 "-" "WordPress/6.9; http://cqqizhou.com"
66.228.62.150 - - [09/May/2026:12:33:29 +0800] "GET / HTTP/1.1" 301 5 "-" "Mozilla/5.0 zgrab/0.x"
66.249.74.8 - - [09/May/2026:12:33:44 +0800] "GET /wp-content/uploads/2026/03/1772790943-1Article_images_W900px.webp HTTP/1.1" 200 35332 "-" "GoogleOther-Image/1.0"
117.132.41.103 - - [09/May/2026:12:43:28 +0800] "GET / HTTP/1.1" 200 41024 "-" "Mozilla/5.0 (Macintosh; Intel Mac OS X 10_15_7) AppleWebKit/537.36 (KHTML, like Gecko) Chrome/140.0.0.0 Safari/537.36"
36.133.115.36 - - [09/May/2026:12:43:37 +0800] "POST /wp-cron.php?doing_wp_cron=1778301817.7940609455108642578125 HTTP/1.1" 200 31 "-" "WordPress/6.9; http://cqqizhou.com"
49.85.97.246 - - [09/May/2026:12:43:37 +0800] "GET /news/portfolio-category/remaining-rolls HTTP/1.1" 200 21550 "-" "Mozilla/5.0 (Macintosh; Intel Mac OS X 10_15_7) AppleWebKit/537.36 (KHTML, like Gecko) Chrome/140.0.0.0 Safari/537.36"
36.133.115.36 - - [09/May/2026:12:59:56 +0800] "POST /wp-cron.php?doing_wp_cron=1778302796.1776340007781982421875 HTTP/1.1" 200 31 "-" "WordPress/6.9; http://cqqizhou.com"
43.166.1.243 - - [09/May/2026:12:59:56 +0800] "GET /logistics/ HTTP/1.1" 301 5 "-" "Mozilla/5.0 (iPhone; CPU iPhone OS 13_2_3 like Mac OS X) AppleWebKit/605.1.15 (KHTML, like Gecko) Version/13.0.3 Mobile/15E148 Safari/604.1"
43.166.1.243 - - [09/May/2026:13:00:00 +0800] "GET /logistics HTTP/1.1" 200 25815 "http://cqqizhou.com/logistics/" "Mozilla/5.0 (iPhone; CPU iPhone OS 13_2_3 like Mac OS X) AppleWebKit/605.1.15 (KHTML, like Gecko) Version/13.0.3 Mobile/15E148 Safari/604.1"
36.133.115.36 - - [09/May/2026:13:08:44 +0800] "POST /wp-cron.php?doing_wp_cron=1778303324.2745199203491210937500 HTTP/1.1" 200 31 "-" "WordPress/6.9; http://cqqizhou.com"
183.216.25.15 - - [09/May/2026:13:08:44 +0800] "GET /news/2164 HTTP/1.1" 200 24118 "-" "Mozilla/5.0 (Macintosh; Intel Mac OS X 10.15; rv:133.0) Gecko/20100101 Firefox/133.0"
36.133.115.36 - - [09/May/2026:13:09:16 +0800] "POST /wp-cron.php?doing_wp_cron=1778303356.7308959960937500000000 HTTP/1.1" 200 31 "-" "WordPress/6.9; http://cqqizhou.com"
47.95.204.180 - - [09/May/2026:13:09:16 +0800] "GET / HTTP/1.0" 301 0 "-" "-"
47.95.204.180 - - [09/May/2026:13:09:27 +0800] "GET / HTTP/1.0" 301 0 "-" "-"
47.95.204.180 - - [09/May/2026:13:09:27 +0800] "GET /nmaplowercheck1778303360 HTTP/1.1" 404 32979 "-" "Mozilla/5.0 (compatible; Nmap Scripting Engine; https://nmap.org/book/nse.html)"
47.95.204.180 - - [09/May/2026:13:09:27 +0800] "POST /sdk HTTP/1.1" 404 32979 "-" "Mozilla/5.0 (compatible; Nmap Scripting Engine; https://nmap.org/book/nse.html)"
47.95.204.180 - - [09/May/2026:13:09:28 +0800] "GET /evox/about HTTP/1.1" 404 32979 "-" "Mozilla/5.0 (compatible; Nmap Scripting Engine; https://nmap.org/book/nse.html)"
47.95.204.180 - - [09/May/2026:13:09:28 +0800] "GET /HNAP1 HTTP/1.1" 404 32979 "-" "Mozilla/5.0 (compatible; Nmap Scripting Engine; https://nmap.org/book/nse.html)"
47.95.204.180 - - [09/May/2026:13:09:47 +0800] "GET / HTTP/1.0" 301 0 "-" "-"
47.95.204.180 - - [09/May/2026:13:09:48 +0800] "GET / HTTP/1.1" 301 5 "-" "-"
36.133.115.36 - - [09/May/2026:13:17:11 +0800] "POST /wp-cron.php?doing_wp_cron=1778303831.0185840129852294921875 HTTP/1.1" 200 31 "-" "WordPress/6.9; http://cqqizhou.com"
49.51.233.95 - - [09/May/2026:13:17:11 +0800] "GET /news/portfolio/%e5%86%b7%e8%bd%a7%e6%9d%bf HTTP/1.1" 200 19302 "-" "Mozilla/5.0 (iPhone; CPU iPhone OS 13_2_3 like Mac OS X) AppleWebKit/605.1.15 (KHTML, like Gecko) Version/13.0.3 Mobile/15E148 Safari/604.1"
144.31.35.25 - - [09/May/2026:13:53:02 +0800] "GET /wp-content/uploads/2025/07/1753456770-%E7%83%AD%E9%95%80%E9%94%8C%E5%8D%B7product_Single600-300x300.webp HTTP/1.1" 200 15134 "-" "-"
36.133.115.36 - - [09/May/2026:13:54:17 +0800] "POST /wp-cron.php?doing_wp_cron=1778306057.8786790370941162109375 HTTP/1.1" 200 31 "-" "WordPress/6.9; http://cqqizhou.com"
45.148.10.67 - - [09/May/2026:13:54:17 +0800] "GET / HTTP/1.1" 200 35140 "-" "Mozilla/5.0 (Windows NT 10.0; Win64; x64) AppleWebKit/537.36 (KHTML, like Gecko) Chrome/131.0.0.0 Safari/537.36"
220.175.84.77 - - [09/May/2026:13:57:26 +0800] "GET /wp-admin/1234.php HTTP/1.1" 404 47 "http://cqqizhou.com/wp-admin/1234.php" "Mozilla/5.0 (Windows NT 6.1; WOW64) AppleWebKit/537.11 (KHTML, like Gecko) Chrome/23.0.1271.97 Safari/537.11"
182.87.79.50 - - [09/May/2026:13:57:26 +0800] "GET /wp-admin/login8.php HTTP/1.1" 404 47 "http://cqqizhou.com/wp-admin/login8.php" "Mozilla/5.0 (Windows NT 6.1; WOW64) AppleWebKit/537.11 (KHTML, like Gecko) Chrome/23.0.1271.97 Safari/537.11"
106.228.7.61 - - [09/May/2026:13:57:26 +0800] "GET /wp-admin/indexback.php HTTP/1.1" 404 47 "http://cqqizhou.com/wp-admin/indexback.php" "Mozilla/5.0 (Windows NT 6.1; WOW64) AppleWebKit/537.11 (KHTML, like Gecko) Chrome/23.0.1271.97 Safari/537.11"
220.175.84.77 - - [09/May/2026:13:57:26 +0800] "GET /wp-admin/logins.php HTTP/1.1" 404 47 "http://cqqizhou.com/wp-admin/logins.php" "Mozilla/5.0 (Windows NT 6.1; WOW64) AppleWebKit/537.11 (KHTML, like Gecko) Chrome/23.0.1271.97 Safari/537.11"
182.87.79.50 - - [09/May/2026:13:57:26 +0800] "GET /wp-admin/7.php HTTP/1.1" 404 47 "http://cqqizhou.com/wp-admin/7.php" "Mozilla/5.0 (Windows NT 6.1; WOW64) AppleWebKit/537.11 (KHTML, like Gecko) Chrome/23.0.1271.97 Safari/537.11"
106.228.7.61 - - [09/May/2026:13:57:28 +0800] "GET /wp-admin/11.php HTTP/1.1" 404 47 "http://cqqizhou.com/wp-admin/11.php" "Mozilla/5.0 (Windows NT 6.1; WOW64) AppleWebKit/537.11 (KHTML, like Gecko) Chrome/23.0.1271.97 Safari/537.11"
220.175.84.77 - - [09/May/2026:13:57:28 +0800] "GET /wp-admin/1.php HTTP/1.1" 404 47 "http://cqqizhou.com/wp-admin/1.php" "Mozilla/5.0 (Windows NT 6.1; WOW64) AppleWebKit/537.11 (KHTML, like Gecko) Chrome/23.0.1271.97 Safari/537.11"
220.175.84.77 - - [09/May/2026:13:57:28 +0800] "GET /wp-admin/dd.php HTTP/1.1" 404 47 "http://cqqizhou.com/wp-admin/dd.php" "Mozilla/5.0 (Windows NT 6.1; WOW64) AppleWebKit/537.11 (KHTML, like Gecko) Chrome/23.0.1271.97 Safari/537.11"
220.175.84.77 - - [09/May/2026:13:57:28 +0800] "GET /wp-admin/admins.php HTTP/1.1" 404 47 "http://cqqizhou.com/wp-admin/admins.php" "Mozilla/5.0 (Windows NT 6.1; WOW64) AppleWebKit/537.11 (KHTML, like Gecko) Chrome/23.0.1271.97 Safari/537.11"
220.175.84.77 - - [09/May/2026:13:57:28 +0800] "GET /wp-admin/nginx.php HTTP/1.1" 404 47 "http://cqqizhou.com/wp-admin/nginx.php" "Mozilla/5.0 (Windows NT 6.1; WOW64) AppleWebKit/537.11 (KHTML, like Gecko) Chrome/23.0.1271.97 Safari/537.11"
220.175.84.77 - - [09/May/2026:13:57:29 +0800] "GET /wp-admin/newfile.php HTTP/1.1" 404 47 "http://cqqizhou.com/wp-admin/newfile.php" "Mozilla/5.0 (Windows NT 6.1; WOW64) AppleWebKit/537.11 (KHTML, like Gecko) Chrome/23.0.1271.97 Safari/537.11"
182.87.79.50 - - [09/May/2026:13:57:29 +0800] "GET /wp-admin/a.php HTTP/1.1" 404 47 "http://cqqizhou.com/wp-admin/a.php" "Mozilla/5.0 (Windows NT 6.1; WOW64) AppleWebKit/537.11 (KHTML, like Gecko) Chrome/23.0.1271.97 Safari/537.11"
220.175.84.77 - - [09/May/2026:13:57:29 +0800] "GET /wp-admin/ak.php HTTP/1.1" 404 47 "http://cqqizhou.com/wp-admin/ak.php" "Mozilla/5.0 (Windows NT 6.1; WOW64) AppleWebKit/537.11 (KHTML, like Gecko) Chrome/23.0.1271.97 Safari/537.11"
220.175.84.77 - - [09/May/2026:13:57:29 +0800] "GET /wp-admin/system1.php HTTP/1.1" 404 47 "http://cqqizhou.com/wp-admin/system1.php" "Mozilla/5.0 (Windows NT 6.1; WOW64) AppleWebKit/537.11 (KHTML, like Gecko) Chrome/23.0.1271.97 Safari/537.11"
220.175.84.77 - - [09/May/2026:13:57:29 +0800] "GET /wp-admin/fun.php HTTP/1.1" 404 47 "http://cqqizhou.com/wp-admin/fun.php" "Mozilla/5.0 (Windows NT 6.1; WOW64) AppleWebKit/537.11 (KHTML, like Gecko) Chrome/23.0.1271.97 Safari/537.11"
220.175.84.77 - - [09/May/2026:13:57:29 +0800] "GET /wp-content/indexback.php HTTP/1.1" 404 47 "http://cqqizhou.com/wp-content/indexback.php" "Mozilla/5.0 (Windows NT 6.1; WOW64) AppleWebKit/537.11 (KHTML, like Gecko) Chrome/23.0.1271.97 Safari/537.11"
220.175.84.77 - - [09/May/2026:13:57:29 +0800] "GET /wp-content/1234.php HTTP/1.1" 404 47 "http://cqqizhou.com/wp-content/1234.php" "Mozilla/5.0 (Windows NT 6.1; WOW64) AppleWebKit/537.11 (KHTML, like Gecko) Chrome/23.0.1271.97 Safari/537.11"
220.175.84.77 - - [09/May/2026:13:57:29 +0800] "GET /wp-content/login8.php HTTP/1.1" 404 47 "http://cqqizhou.com/wp-content/login8.php" "Mozilla/5.0 (Windows NT 6.1; WOW64) AppleWebKit/537.11 (KHTML, like Gecko) Chrome/23.0.1271.97 Safari/537.11"
220.175.84.77 - - [09/May/2026:13:57:29 +0800] "GET /wp-content/logins.php HTTP/1.1" 404 47 "http://cqqizhou.com/wp-content/logins.php" "Mozilla/5.0 (Windows NT 6.1; WOW64) AppleWebKit/537.11 (KHTML, like Gecko) Chrome/23.0.1271.97 Safari/537.11"
220.175.84.77 - - [09/May/2026:13:57:29 +0800] "GET /wp-content/7.php HTTP/1.1" 404 47 "http://cqqizhou.com/wp-content/7.php" "Mozilla/5.0 (Windows NT 6.1; WOW64) AppleWebKit/537.11 (KHTML, like Gecko) Chrome/23.0.1271.97 Safari/537.11"
220.175.84.77 - - [09/May/2026:13:57:29 +0800] "GET /wp-content/admin.php HTTP/1.1" 404 47 "http://cqqizhou.com/wp-content/admin.php" "Mozilla/5.0 (Windows NT 6.1; WOW64) AppleWebKit/537.11 (KHTML, like Gecko) Chrome/23.0.1271.97 Safari/537.11"
220.175.84.77 - - [09/May/2026:13:57:29 +0800] "GET /wp-content/dd.php HTTP/1.1" 404 47 "http://cqqizhou.com/wp-content/dd.php" "Mozilla/5.0 (Windows NT 6.1; WOW64) AppleWebKit/537.11 (KHTML, like Gecko) Chrome/23.0.1271.97 Safari/537.11"
182.87.79.50 - - [09/May/2026:13:57:29 +0800] "GET /wp-content/11.php HTTP/1.1" 404 47 "http://cqqizhou.com/wp-content/11.php" "Mozilla/5.0 (Windows NT 6.1; WOW64) AppleWebKit/537.11 (KHTML, like Gecko) Chrome/23.0.1271.97 Safari/537.11"
59.62.65.118 - - [09/May/2026:13:57:29 +0800] "GET /wp-content/1.php HTTP/1.1" 404 47 "http://cqqizhou.com/wp-content/1.php" "Mozilla/5.0 (Windows NT 6.1; WOW64) AppleWebKit/537.11 (KHTML, like Gecko) Chrome/23.0.1271.97 Safari/537.11"
220.175.84.77 - - [09/May/2026:13:57:29 +0800] "GET /wp-content/admins.php HTTP/1.1" 404 47 "http://cqqizhou.com/wp-content/admins.php" "Mozilla/5.0 (Windows NT 6.1; WOW64) AppleWebKit/537.11 (KHTML, like Gecko) Chrome/23.0.1271.97 Safari/537.11"
220.175.84.77 - - [09/May/2026:13:57:29 +0800] "GET /wp-content/nginx.php HTTP/1.1" 404 47 "http://cqqizhou.com/wp-content/nginx.php" "Mozilla/5.0 (Windows NT 6.1; WOW64) AppleWebKit/537.11 (KHTML, like Gecko) Chrome/23.0.1271.97 Safari/537.11"
220.175.84.77 - - [09/May/2026:13:57:29 +0800] "GET /wp-content/newfile.php HTTP/1.1" 404 47 "http://cqqizhou.com/wp-content/newfile.php" "Mozilla/5.0 (Windows NT 6.1; WOW64) AppleWebKit/537.11 (KHTML, like Gecko) Chrome/23.0.1271.97 Safari/537.11"
59.62.65.118 - - [09/May/2026:13:57:29 +0800] "GET /wp-content/ak.php HTTP/1.1" 404 47 "http://cqqizhou.com/wp-content/ak.php" "Mozilla/5.0 (Windows NT 6.1; WOW64) AppleWebKit/537.11 (KHTML, like Gecko) Chrome/23.0.1271.97 Safari/537.11"
220.175.84.77 - - [09/May/2026:13:57:29 +0800] "GET /wp-content/system1.php HTTP/1.1" 404 47 "http://cqqizhou.com/wp-content/system1.php" "Mozilla/5.0 (Windows NT 6.1; WOW64) AppleWebKit/537.11 (KHTML, like Gecko) Chrome/23.0.1271.97 Safari/537.11"
182.87.79.50 - - [09/May/2026:13:57:29 +0800] "GET /wp-content/a.php HTTP/1.1" 404 47 "http://cqqizhou.com/wp-content/a.php" "Mozilla/5.0 (Windows NT 6.1; WOW64) AppleWebKit/537.11 (KHTML, like Gecko) Chrome/23.0.1271.97 Safari/537.11"
220.175.84.77 - - [09/May/2026:13:57:29 +0800] "GET /wp-content/fun.php HTTP/1.1" 404 47 "http://cqqizhou.com/wp-content/fun.php" "Mozilla/5.0 (Windows NT 6.1; WOW64) AppleWebKit/537.11 (KHTML, like Gecko) Chrome/23.0.1271.97 Safari/537.11"
36.133.115.36 - - [09/May/2026:13:57:29 +0800] "POST /wp-cron.php?doing_wp_cron=1778306249.5023589134216308593750 HTTP/1.1" 200 31 "-" "WordPress/6.9; http://cqqizhou.com"
59.62.65.118 - - [09/May/2026:13:57:29 +0800] "GET /wp-includes/1234.php HTTP/1.1" 404 47 "http://cqqizhou.com/wp-includes/1234.php" "Mozilla/5.0 (Windows NT 6.1; WOW64) AppleWebKit/537.11 (KHTML, like Gecko) Chrome/23.0.1271.97 Safari/537.11"
106.228.7.61 - - [09/May/2026:13:57:29 +0800] "GET /wp-admin/admin.php HTTP/1.1" 302 5 "http://cqqizhou.com/wp-admin/admin.php" "Mozilla/5.0 (Windows NT 6.1; WOW64) AppleWebKit/537.11 (KHTML, like Gecko) Chrome/23.0.1271.97 Safari/537.11"
220.175.84.77 - - [09/May/2026:13:57:29 +0800] "GET /wp-includes/login8.php HTTP/1.1" 404 47 "http://cqqizhou.com/wp-includes/login8.php" "Mozilla/5.0 (Windows NT 6.1; WOW64) AppleWebKit/537.11 (KHTML, like Gecko) Chrome/23.0.1271.97 Safari/537.11"
220.175.84.77 - - [09/May/2026:13:57:29 +0800] "GET /wp-includes/7.php HTTP/1.1" 404 47 "http://cqqizhou.com/wp-includes/7.php" "Mozilla/5.0 (Windows NT 6.1; WOW64) AppleWebKit/537.11 (KHTML, like Gecko) Chrome/23.0.1271.97 Safari/537.11"
182.96.237.175 - - [09/May/2026:13:57:29 +0800] "GET /wp-includes/logins.php HTTP/1.1" 404 47 "http://cqqizhou.com/wp-includes/logins.php" "Mozilla/5.0 (Windows NT 6.1; WOW64) AppleWebKit/537.11 (KHTML, like Gecko) Chrome/23.0.1271.97 Safari/537.11"
59.62.65.118 - - [09/May/2026:13:57:29 +0800] "GET /wp-includes/11.php HTTP/1.1" 404 47 "http://cqqizhou.com/wp-includes/11.php" "Mozilla/5.0 (Windows NT 6.1; WOW64) AppleWebKit/537.11 (KHTML, like Gecko) Chrome/23.0.1271.97 Safari/537.11"
182.87.79.50 - - [09/May/2026:13:57:29 +0800] "GET /wp-includes/indexback.php HTTP/1.1" 404 47 "http://cqqizhou.com/wp-includes/indexback.php" "Mozilla/5.0 (Windows NT 6.1; WOW64) AppleWebKit/537.11 (KHTML, like Gecko) Chrome/23.0.1271.97 Safari/537.11"
220.175.84.77 - - [09/May/2026:13:57:29 +0800] "GET /wp-includes/admin.php HTTP/1.1" 404 47 "http://cqqizhou.com/wp-includes/admin.php" "Mozilla/5.0 (Windows NT 6.1; WOW64) AppleWebKit/537.11 (KHTML, like Gecko) Chrome/23.0.1271.97 Safari/537.11"
182.96.237.175 - - [09/May/2026:13:57:29 +0800] "GET /wp-includes/1.php HTTP/1.1" 404 47 "http://cqqizhou.com/wp-includes/1.php" "Mozilla/5.0 (Windows NT 6.1; WOW64) AppleWebKit/537.11 (KHTML, like Gecko) Chrome/23.0.1271.97 Safari/537.11"
220.175.84.77 - - [09/May/2026:13:57:29 +0800] "GET /wp-includes/admins.php HTTP/1.1" 404 47 "http://cqqizhou.com/wp-includes/admins.php" "Mozilla/5.0 (Windows NT 6.1; WOW64) AppleWebKit/537.11 (KHTML, like Gecko) Chrome/23.0.1271.97 Safari/537.11"
59.62.65.118 - - [09/May/2026:13:57:29 +0800] "GET /wp-includes/a.php HTTP/1.1" 404 47 "http://cqqizhou.com/wp-includes/a.php" "Mozilla/5.0 (Windows NT 6.1; WOW64) AppleWebKit/537.11 (KHTML, like Gecko) Chrome/23.0.1271.97 Safari/537.11"
182.87.79.50 - - [09/May/2026:13:57:29 +0800] "GET /wp-includes/dd.php HTTP/1.1" 404 47 "http://cqqizhou.com/wp-includes/dd.php" "Mozilla/5.0 (Windows NT 6.1; WOW64) AppleWebKit/537.11 (KHTML, like Gecko) Chrome/23.0.1271.97 Safari/537.11"
220.175.84.77 - - [09/May/2026:13:57:29 +0800] "GET /wp-includes/nginx.php HTTP/1.1" 404 47 "http://cqqizhou.com/wp-includes/nginx.php" "Mozilla/5.0 (Windows NT 6.1; WOW64) AppleWebKit/537.11 (KHTML, like Gecko) Chrome/23.0.1271.97 Safari/537.11"
59.62.65.118 - - [09/May/2026:13:57:29 +0800] "GET /wp-includes/newfile.php HTTP/1.1" 404 47 "http://cqqizhou.com/wp-includes/newfile.php" "Mozilla/5.0 (Windows NT 6.1; WOW64) AppleWebKit/537.11 (KHTML, like Gecko) Chrome/23.0.1271.97 Safari/537.11"
220.175.84.77 - - [09/May/2026:13:57:29 +0800] "GET /wp-includes/ak.php HTTP/1.1" 404 47 "http://cqqizhou.com/wp-includes/ak.php" "Mozilla/5.0 (Windows NT 6.1; WOW64) AppleWebKit/537.11 (KHTML, like Gecko) Chrome/23.0.1271.97 Safari/537.11"
220.175.84.77 - - [09/May/2026:13:57:29 +0800] "GET /wp-includes/system1.php HTTP/1.1" 404 47 "http://cqqizhou.com/wp-includes/system1.php" "Mozilla/5.0 (Windows NT 6.1; WOW64) AppleWebKit/537.11 (KHTML, like Gecko) Chrome/23.0.1271.97 Safari/537.11"
182.87.79.50 - - [09/May/2026:13:57:29 +0800] "GET /wp-includes/fun.php HTTP/1.1" 404 47 "http://cqqizhou.com/wp-includes/fun.php" "Mozilla/5.0 (Windows NT 6.1; WOW64) AppleWebKit/537.11 (KHTML, like Gecko) Chrome/23.0.1271.97 Safari/537.11"
106.228.7.61 - - [09/May/2026:13:57:30 +0800] "GET /wp-login.php?redirect_to=http%3A%2F%2Fcqqizhou.com%2Fwp-admin%2Fadmin.php&reauth=1 HTTP/1.1" 200 2856 "http://cqqizhou.com/wp-admin/admin.php" "Mozilla/5.0 (Windows NT 6.1; WOW64) AppleWebKit/537.11 (KHTML, like Gecko) Chrome/23.0.1271.97 Safari/537.11"
36.133.115.36 - - [09/May/2026:14:00:15 +0800] "POST /wp-cron.php?doing_wp_cron=1778306415.3912389278411865234375 HTTP/1.1" 200 31 "-" "WordPress/6.9; http://cqqizhou.com"
43.165.167.72 - - [09/May/2026:14:00:15 +0800] "GET /wp-content/uploads/2026/02/1770009968-9.6 HTTP/1.1" 404 9409 "-" "Mozilla/5.0 (iPhone; CPU iPhone OS 13_2_3 like Mac OS X) AppleWebKit/605.1.15 (KHTML, like Gecko) Version/13.0.3 Mobile/15E148 Safari/604.1"
36.133.115.36 - - [09/May/2026:14:05:14 +0800] "POST /wp-cron.php?doing_wp_cron=1778306714.0667850971221923828125 HTTP/1.1" 200 31 "-" "WordPress/6.9; http://cqqizhou.com"
43.140.247.223 - - [09/May/2026:14:05:14 +0800] "GET / HTTP/1.1" 200 35141 "-" "Mozilla/5.0 (iPhone; CPU iPhone OS 13_2_3 like Mac OS X) AppleWebKit/605.1.15 (KHTML, like Gecko) Version/13.0.3 Mobile/15E148 Safari/604.1"
36.133.115.36 - - [09/May/2026:14:12:54 +0800] "POST /wp-cron.php?doing_wp_cron=1778307174.8267159461975097656250 HTTP/1.1" 200 31 "-" "WordPress/6.9; http://cqqizhou.com"
121.43.119.83 - - [09/May/2026:14:12:54 +0800] "GET / HTTP/1.1" 301 5 "-" "Mozilla/5.0 (Windows NT 10.0; Win64; x64) AppleWebKit/537.36 (KHTML, like Gecko) Chrome/59.0.3071.115 Safari/537.36"
36.133.115.36 - - [09/May/2026:14:14:33 +0800] "POST /wp-cron.php?doing_wp_cron=1778307273.7029669284820556640625 HTTP/1.1" 200 31 "-" "WordPress/6.9; http://cqqizhou.com"
39.182.88.154 - - [09/May/2026:14:14:33 +0800] "GET /contacts/ HTTP/1.1" 301 5 "http://cqqizhou.com/contacts/" "Mozilla/5.0 (Windows NT 10.0; Win64; x64) AppleWebKit/537.36 (KHTML, like Gecko) Chrome/136.0.0.0 Safari/537.36"
39.182.88.154 - - [09/May/2026:14:14:35 +0800] "GET http://cqqizhou.com/contacts HTTP/1.1" 200 22219 "http://cqqizhou.com/contacts/" "Mozilla/5.0 (Windows NT 10.0; Win64; x64) AppleWebKit/537.36 (KHTML, like Gecko) Chrome/136.0.0.0 Safari/537.36"
36.133.115.36 - - [09/May/2026:14:19:40 +0800] "POST /wp-cron.php?doing_wp_cron=1778307580.1081190109252929687500 HTTP/1.1" 200 31 "-" "WordPress/6.9; http://cqqizhou.com"
43.153.85.46 - - [09/May/2026:14:19:40 +0800] "GET /contacts/ HTTP/1.1" 301 5 "-" "Mozilla/5.0 (iPhone; CPU iPhone OS 13_2_3 like Mac OS X) AppleWebKit/605.1.15 (KHTML, like Gecko) Version/13.0.3 Mobile/15E148 Safari/604.1"
43.153.85.46 - - [09/May/2026:14:19:44 +0800] "GET /contacts HTTP/1.1" 200 19241 "http://cqqizhou.com/contacts/" "Mozilla/5.0 (iPhone; CPU iPhone OS 13_2_3 like Mac OS X) AppleWebKit/605.1.15 (KHTML, like Gecko) Version/13.0.3 Mobile/15E148 Safari/604.1"
36.133.115.36 - - [09/May/2026:14:27:08 +0800] "POST /wp-cron.php?doing_wp_cron=1778308028.5669519901275634765625 HTTP/1.1" 200 31 "-" "WordPress/6.9; http://cqqizhou.com"
157.148.43.70 - - [09/May/2026:14:27:08 +0800] "GET /industry/ HTTP/1.1" 301 5 "-" "Mozilla/5.0 (Windows NT 10.0; Win64; x64) AppleWebKit/537.36 (KHTML, like Gecko) Chrome/133.0.0.0 Safari/537.36"
120.241.209.143 - - [09/May/2026:14:27:09 +0800] "GET /industry HTTP/1.1" 200 25136 "-" "Mozilla/5.0 (Windows NT 10.0; Win64; x64) AppleWebKit/537.36 (KHTML, like Gecko) Chrome/133.0.0.0 Safari/537.36"
43.128.67.187 - - [09/May/2026:14:27:24 +0800] "GET /wp-content/plugins/revslider/ HTTP/1.1" 200 31 "-" "Mozilla/5.0 (iPhone; CPU iPhone OS 13_2_3 like Mac OS X) AppleWebKit/605.1.15 (KHTML, like Gecko) Version/13.0.3 Mobile/15E148 Safari/604.1"
36.133.115.36 - - [09/May/2026:14:28:19 +0800] "POST /wp-cron.php?doing_wp_cron=1778308099.8598690032958984375000 HTTP/1.1" 200 31 "-" "WordPress/6.9; http://cqqizhou.com"
175.44.111.37 - - [09/May/2026:14:28:19 +0800] "GET /news/tag/%e7%89%a9%e6%b5%81 HTTP/1.1" 200 21591 "-" "Mozilla/5.0 (Macintosh; Intel Mac OS X 10_15_7) AppleWebKit/537.36 (KHTML, like Gecko) Chrome/140.0.0.0 Safari/537.36"
112.86.225.104 - - [09/May/2026:14:35:13 +0800] "GET /news/2543 HTTP/1.1" 200 22221 "-" "Sogou web spider/4.0(+http://www.sogou.com/docs/help/webmasters.htm#07)"
36.133.115.36 - - [09/May/2026:14:38:27 +0800] "POST /wp-cron.php?doing_wp_cron=1778308707.2551779747009277343750 HTTP/1.1" 200 31 "-" "WordPress/6.9; http://cqqizhou.com"
49.51.243.156 - - [09/May/2026:14:38:27 +0800] "GET /wp-content/uploads/2025/07/1753410289-News2000 HTTP/1.1" 404 9409 "-" "Mozilla/5.0 (iPhone; CPU iPhone OS 13_2_3 like Mac OS X) AppleWebKit/605.1.15 (KHTML, like Gecko) Version/13.0.3 Mobile/15E148 Safari/604.1"
36.133.115.36 - - [09/May/2026:14:38:33 +0800] "POST /wp-cron.php HTTP/1.1" 200 31 "-" "WordPress/6.9; http://cqqizhou.com"
36.133.115.36 - - [09/May/2026:14:38:33 +0800] "GET / HTTP/1.1" 200 41024 "-" "WordPress/6.9; http://cqqizhou.com"
36.133.115.36 - - [09/May/2026:14:38:33 +0800] "GET / HTTP/1.1" 200 41024 "-" "WordPress/6.9; http://cqqizhou.com"
36.133.115.36 - - [09/May/2026:14:38:33 +0800] "GET / HTTP/1.1" 200 41024 "-" "WordPress/6.9; http://cqqizhou.com"
36.133.115.36 - - [09/May/2026:14:57:19 +0800] "POST /wp-cron.php?doing_wp_cron=1778309839.5190439224243164062500 HTTP/1.1" 200 31 "-" "WordPress/6.9; http://cqqizhou.com"
34.38.245.196 - - [09/May/2026:14:57:19 +0800] "GET / HTTP/1.1" 200 35141 "-" "Mozilla/5.0 (Windows NT 10.0; Win64; x64) AppleWebKit/537.36 (KHTML, like Gecko) Chrome/127.0.0.0 Safari/537.36"
104.155.127.205 - - [09/May/2026:14:57:30 +0800] "GET / HTTP/1.1" 301 5 "-" "Mozilla/5.0 (compatible)"
104.155.127.205 - - [09/May/2026:14:57:32 +0800] "OPTIONS / HTTP/1.1" 405 150 "-" "Mozilla/5.0 (compatible)"
104.155.127.205 - - [09/May/2026:14:57:32 +0800] "AKRX / HTTP/1.1" 405 150 "-" "Mozilla/5.0 (compatible)"
104.155.127.205 - - [09/May/2026:14:57:33 +0800] "GET / HTTP/1.1" 301 5 "-" "Mozilla/5.0 (compatible)"
104.155.127.205 - - [09/May/2026:14:57:35 +0800] "HEAD / HTTP/1.1" 301 0 "-" "Mozilla/5.0 (compatible)"
104.155.127.205 - - [09/May/2026:14:57:37 +0800] "POST / HTTP/1.1" 200 158617 "-" "Mozilla/5.0 (compatible)"
104.155.127.205 - - [09/May/2026:14:57:38 +0800] "OPTIONS / HTTP/1.1" 405 150 "-" "Mozilla/5.0 (compatible)"
36.133.115.36 - - [09/May/2026:15:00:47 +0800] "POST /wp-cron.php?doing_wp_cron=1778310047.5788431167602539062500 HTTP/1.1" 200 31 "-" "WordPress/6.9; http://cqqizhou.com"
112.90.14.27 - - [09/May/2026:15:00:47 +0800] "GET /2418/ HTTP/1.1" 301 5 "-" "Mozilla/5.0 (Windows NT 10.0; Win64; x64) AppleWebKit/537.36 (KHTML, like Gecko) Chrome/104.0.5112.81 Safari/537.36"
120.241.209.194 - - [09/May/2026:15:00:48 +0800] "GET /news/2418 HTTP/1.1" 200 24028 "-" "Mozilla/5.0 (Windows NT 10.0; Win64; x64) AppleWebKit/537.36 (KHTML, like Gecko) Chrome/104.0.5112.81 Safari/537.36"
43.153.123.4 - - [09/May/2026:15:10:06 +0800] "GET /wp-content/uploads/2025/07/1750005875-qizhou_map2025616.webp HTTP/1.1" 200 293696 "-" "Mozilla/5.0 (iPhone; CPU iPhone OS 13_2_3 like Mac OS X) AppleWebKit/605.1.15 (KHTML, like Gecko) Version/13.0.3 Mobile/15E148 Safari/604.1"
36.133.115.36 - - [09/May/2026:15:10:09 +0800] "POST /wp-cron.php?doing_wp_cron=1778310609.0043880939483642578125 HTTP/1.1" 200 31 "-" "WordPress/6.9; http://cqqizhou.com"
69.5.169.153 - - [09/May/2026:15:10:09 +0800] "GET / HTTP/1.1" 200 1936 "-" "Mozilla/5.0 (compatible; Infrawatch/1.0; +https://infrawat.ch/)"
152.163.122.87 - - [09/May/2026:15:30:31 +0800] "GET /wp-content/uploads/revslider/slider-1/1750861156-logistics_Slider_3840%C3%972160_20250625191356-scaled.webp HTTP/1.1" 200 197360 "-" "Mozilla/5.0 (compatible; crawler)"
36.133.115.36 - - [09/May/2026:15:33:30 +0800] "POST /wp-cron.php?doing_wp_cron=1778312010.3784050941467285156250 HTTP/1.1" 200 31 "-" "WordPress/6.9; http://cqqizhou.com"
45.148.10.67 - - [09/May/2026:15:33:30 +0800] "GET / HTTP/1.1" 200 35140 "-" "Mozilla/5.0 (Windows NT 10.0; Win64; x64) AppleWebKit/537.36 (KHTML, like Gecko) Chrome/131.0.0.0 Safari/537.36"
36.133.115.36 - - [09/May/2026:15:40:16 +0800] "POST /wp-cron.php?doing_wp_cron=1778312416.0178499221801757812500 HTTP/1.1" 200 31 "-" "WordPress/6.9; http://cqqizhou.com"
177.136.254.165 - - [09/May/2026:15:40:16 +0800] "GET / HTTP/1.1" 301 5 "-" "Go-http-client/1.1"
36.133.115.36 - - [09/May/2026:16:17:00 +0800] "POST /wp-cron.php?doing_wp_cron=1778314620.0276839733123779296875 HTTP/1.1" 200 31 "-" "WordPress/6.9; http://cqqizhou.com"
143.20.185.242 - - [09/May/2026:16:17:00 +0800] "GET / HTTP/1.1" 200 108018 "-" "-"
36.133.115.36 - - [09/May/2026:16:17:12 +0800] "POST /wp-cron.php?doing_wp_cron=1778314632.8975310325622558593750 HTTP/1.1" 200 31 "-" "WordPress/6.9; http://cqqizhou.com"
183.202.84.23 - - [09/May/2026:16:17:12 +0800] "GET /news/2165 HTTP/1.1" 200 27397 "-" "Mozilla/5.0 (Macintosh; Intel Mac OS X 10_15_7) AppleWebKit/537.36 (KHTML, like Gecko) Chrome/136.0.0.0 Safari/537.36"
36.133.115.36 - - [09/May/2026:16:18:54 +0800] "POST /wp-cron.php?doing_wp_cron=1778314734.5809528827667236328125 HTTP/1.1" 200 31 "-" "WordPress/6.9; http://cqqizhou.com"
43.161.217.205 - - [09/May/2026:16:18:54 +0800] "GET / HTTP/1.1" 200 35140 "-" "Mozilla/5.0 (iPhone; CPU iPhone OS 13_2_3 like Mac OS X) AppleWebKit/605.1.15 (KHTML, like Gecko) Version/13.0.3 Mobile/15E148 Safari/604.1"
195.172.118.77 - - [09/May/2026:16:39:54 +0800] "GET /news/2418 HTTP/1.1" 200 24048 "-" "Mozilla/5.0 (Macintosh; Intel Mac OS X 10_15_7) AppleWebKit/537.36 (KHTML, like Gecko) Chrome/143.0.0.0 Safari/537.36"
36.133.115.36 - - [09/May/2026:16:54:10 +0800] "POST /wp-cron.php?doing_wp_cron=1778316850.9597120285034179687500 HTTP/1.1" 200 31 "-" "WordPress/6.9; http://cqqizhou.com"
93.123.72.166 - - [09/May/2026:16:54:10 +0800] "GET /SDK/webLanguage HTTP/1.1" 301 5 "-" "Mozilla/5.0 (Windows NT 10.0; Win64; x64) AppleWebKit/537.36 (KHTML, like Gecko) Chrome/90.0.4430.85 Safari/537.36 Edg/90.0.818.46"
36.133.115.36 - - [09/May/2026:16:58:41 +0800] "POST /wp-cron.php?doing_wp_cron=1778317121.1180250644683837890625 HTTP/1.1" 200 31 "-" "WordPress/6.9; http://cqqizhou.com"
45.148.10.67 - - [09/May/2026:16:58:41 +0800] "GET / HTTP/1.1" 200 35140 "-" "Mozilla/5.0 (Windows NT 10.0; Win64; x64) AppleWebKit/537.36 (KHTML, like Gecko) Chrome/131.0.0.0 Safari/537.36"
120.227.59.3 - - [09/May/2026:17:08:55 +0800] "GET / HTTP/1.1" 200 41024 "-" "Mozilla/5.0 (Macintosh; U; Intel Mac OS X 10.6; en-US; rv:1.9.3a1pre) Gecko/20091002 Minefield/3.7a1pre"
36.133.115.36 - - [09/May/2026:17:09:00 +0800] "POST /wp-cron.php?doing_wp_cron=1778317740.4052050113677978515625 HTTP/1.1" 200 31 "-" "WordPress/6.9; http://cqqizhou.com"
110.249.202.62 - - [09/May/2026:17:09:00 +0800] "GET /robots.txt HTTP/1.1" 200 190 "-" "Mozilla/5.0 (Linux; Android 5.0) AppleWebKit/537.36 (KHTML, like Gecko) Mobile Safari/537.36 (compatible; Bytespider; https://zhanzhang.toutiao.com/)"
125.85.183.99 - - [09/May/2026:17:17:02 +0800] "GET / HTTP/1.1" 200 41024 "-" "Mozilla/5.0 (Windows NT 10.0; Win64; x64) AppleWebKit/537.36 (KHTML, like Gecko) Chrome/114.0.0.0 Safari/537.36"
125.85.183.99 - - [09/May/2026:17:17:06 +0800] "GET /wp-content/uploads/2025/07/1751425283-qizhou.kf_.qq_.com_.webp HTTP/1.1" 200 16864 "http://cqqizhou.com/" "Mozilla/5.0 (Windows NT 10.0; Win64; x64) AppleWebKit/537.36 (KHTML, like Gecko) Chrome/114.0.0.0 Safari/537.36"
125.85.183.99 - - [09/May/2026:17:17:06 +0800] "GET /wp-content/uploads/2025/07/1753456723-%E5%8F%8C%E7%9B%B8%E9%92%A2roduct_Single600.webp HTTP/1.1" 200 22790 "http://cqqizhou.com/" "Mozilla/5.0 (Windows NT 10.0; Win64; x64) AppleWebKit/537.36 (KHTML, like Gecko) Chrome/114.0.0.0 Safari/537.36"
125.85.183.99 - - [09/May/2026:17:17:06 +0800] "GET /wp-content/uploads/2025/07/1753453096-%E5%8F%8C%E7%9B%B8%E9%92%A2product_Single600%C3%97284.webp HTTP/1.1" 200 14562 "http://cqqizhou.com/" "Mozilla/5.0 (Windows NT 10.0; Win64; x64) AppleWebKit/537.36 (KHTML, like Gecko) Chrome/114.0.0.0 Safari/537.36"
125.85.183.99 - - [09/May/2026:17:17:06 +0800] "GET /wp-content/uploads/2025/07/1753456770-%E7%83%AD%E9%95%80%E9%94%8C%E5%8D%B7product_Single600.webp HTTP/1.1" 200 27502 "http://cqqizhou.com/" "Mozilla/5.0 (Windows NT 10.0; Win64; x64) AppleWebKit/537.36 (KHTML, like Gecko) Chrome/114.0.0.0 Safari/537.36"
125.85.183.99 - - [09/May/2026:17:17:06 +0800] "GET /wp-content/uploads/2025/07/1753453127-%E4%BD%99%E5%8D%B7product_Single600%C3%97284.webp HTTP/1.1" 200 18744 "http://cqqizhou.com/" "Mozilla/5.0 (Windows NT 10.0; Win64; x64) AppleWebKit/537.36 (KHTML, like Gecko) Chrome/114.0.0.0 Safari/537.36"
125.85.183.99 - - [09/May/2026:17:17:06 +0800] "GET /wp-content/uploads/2026/04/1777513410-1Article_images_W900px.webp HTTP/1.1" 200 30786 "http://cqqizhou.com/" "Mozilla/5.0 (Windows NT 10.0; Win64; x64) AppleWebKit/537.36 (KHTML, like Gecko) Chrome/114.0.0.0 Safari/537.36"
125.85.183.99 - - [09/May/2026:17:17:06 +0800] "GET /wp-content/uploads/2026/04/1775698332-Article_images_W900px.webp HTTP/1.1" 200 49852 "http://cqqizhou.com/" "Mozilla/5.0 (Windows NT 10.0; Win64; x64) AppleWebKit/537.36 (KHTML, like Gecko) Chrome/114.0.0.0 Safari/537.36"
125.85.183.99 - - [09/May/2026:17:17:06 +0800] "GET /wp-content/uploads/2026/04/1775865780-1Article_images_W900px.webp HTTP/1.1" 200 41840 "http://cqqizhou.com/" "Mozilla/5.0 (Windows NT 10.0; Win64; x64) AppleWebKit/537.36 (KHTML, like Gecko) Chrome/114.0.0.0 Safari/537.36"
125.85.183.99 - - [09/May/2026:17:17:06 +0800] "GET /wp-content/uploads/2026/02/1769999241-4.2%E7%B1%B3%E9%AB%98%E6%A0%8F%E8%B4%A7%E8%BD%A6.webp HTTP/1.1" 200 54794 "http://cqqizhou.com/" "Mozilla/5.0 (Windows NT 10.0; Win64; x64) AppleWebKit/537.36 (KHTML, like Gecko) Chrome/114.0.0.0 Safari/537.36"
125.85.183.99 - - [09/May/2026:17:17:06 +0800] "GET /wp-content/uploads/2026/04/1775195054-1Article_images_W900px.webp HTTP/1.1" 200 25562 "http://cqqizhou.com/" "Mozilla/5.0 (Windows NT 10.0; Win64; x64) AppleWebKit/537.36 (KHTML, like Gecko) Chrome/114.0.0.0 Safari/537.36"
125.85.183.99 - - [09/May/2026:17:17:53 +0800] "GET /wp-content/uploads/2025/12/1765268955-qizhou_Slider1_3840%C3%972160_20251210-scaled.webp HTTP/1.1" 200 152162 "http://cqqizhou.com/" "Mozilla/5.0 (Windows NT 10.0; Win64; x64) AppleWebKit/537.36 (KHTML, like Gecko) Chrome/114.0.0.0 Safari/537.36"
125.85.183.99 - - [09/May/2026:17:17:53 +0800] "GET /wp-content/uploads/revslider/slider-1/1750861156-logistics_Slider_3840%C3%972160_20250625191356-scaled-50x100.webp HTTP/1.1" 200 1416 "http://cqqizhou.com/" "Mozilla/5.0 (Windows NT 10.0; Win64; x64) AppleWebKit/537.36 (KHTML, like Gecko) Chrome/114.0.0.0 Safari/537.36"
125.85.183.99 - - [09/May/2026:17:17:53 +0800] "GET /wp-content/uploads/2026/01/1768276119-qizhoujiagong_Slider_3840%C3%972160_20260113-scaled-50x100.webp HTTP/1.1" 200 976 "http://cqqizhou.com/" "Mozilla/5.0 (Windows NT 10.0; Win64; x64) AppleWebKit/537.36 (KHTML, like Gecko) Chrome/114.0.0.0 Safari/537.36"
125.85.183.99 - - [09/May/2026:17:17:54 +0800] "GET /wp-json/sliderrevolution/sliders/1?srengine=7&slideid=2 HTTP/1.1" 200 2000 "http://cqqizhou.com/" "Mozilla/5.0 (Windows NT 10.0; Win64; x64) AppleWebKit/537.36 (KHTML, like Gecko) Chrome/114.0.0.0 Safari/537.36"
36.133.115.36 - - [09/May/2026:17:17:54 +0800] "POST /wp-cron.php?doing_wp_cron=1778318274.2415630817413330078125 HTTP/1.1" 200 31 "-" "WordPress/6.9; http://cqqizhou.com"
125.85.183.99 - - [09/May/2026:17:17:54 +0800] "GET /wp-json/sliderrevolution/sliders/1?srengine=7&slideid=4 HTTP/1.1" 200 2580 "http://cqqizhou.com/" "Mozilla/5.0 (Windows NT 10.0; Win64; x64) AppleWebKit/537.36 (KHTML, like Gecko) Chrome/114.0.0.0 Safari/537.36"
125.85.183.99 - - [09/May/2026:17:17:54 +0800] "GET /wp-content/uploads/2026/01/1768276119-qizhoujiagong_Slider_3840%C3%972160_20260113-scaled.webp HTTP/1.1" 200 131696 "http://cqqizhou.com/" "Mozilla/5.0 (Windows NT 10.0; Win64; x64) AppleWebKit/537.36 (KHTML, like Gecko) Chrome/114.0.0.0 Safari/537.36"
125.85.183.99 - - [09/May/2026:17:17:54 +0800] "GET /wp-content/uploads/revslider/slider-1/1750861156-logistics_Slider_3840%C3%972160_20250625191356-scaled.webp HTTP/1.1" 200 197360 "http://cqqizhou.com/" "Mozilla/5.0 (Windows NT 10.0; Win64; x64) AppleWebKit/537.36 (KHTML, like Gecko) Chrome/114.0.0.0 Safari/537.36"
112.40.124.182 - - [09/May/2026:17:21:54 +0800] "GET /wp-content/uploads/2025/07/1750945514-honor300%C3%97206_3.webp HTTP/1.1" 200 74124 "http://cqqizhou.com/" "Mozilla/5.0 (Windows NT 10.0; Win64; x64) AppleWebKit/537.36 (KHTML, like Gecko) Chrome/109.0.0.0 Safari/537.36"
36.133.115.36 - - [09/May/2026:17:22:42 +0800] "POST /wp-cron.php?doing_wp_cron=1778318562.2911720275878906250000 HTTP/1.1" 200 31 "-" "WordPress/6.9; http://cqqizhou.com"
43.165.167.69 - - [09/May/2026:17:22:42 +0800] "GET /services/ HTTP/1.1" 301 5 "-" "Mozilla/5.0 (iPhone; CPU iPhone OS 13_2_3 like Mac OS X) AppleWebKit/605.1.15 (KHTML, like Gecko) Version/13.0.3 Mobile/15E148 Safari/604.1"
43.165.167.69 - - [09/May/2026:17:22:45 +0800] "GET /services HTTP/1.1" 200 26359 "http://cqqizhou.com/services/" "Mozilla/5.0 (iPhone; CPU iPhone OS 13_2_3 like Mac OS X) AppleWebKit/605.1.15 (KHTML, like Gecko) Version/13.0.3 Mobile/15E148 Safari/604.1"
43.163.206.70 - - [09/May/2026:17:48:17 +0800] "GET /wp-content/uploads/2025/07/1751829454-Smart-warehousing800x500.webp HTTP/1.1" 200 79504 "-" "Mozilla/5.0 (iPhone; CPU iPhone OS 13_2_3 like Mac OS X) AppleWebKit/605.1.15 (KHTML, like Gecko) Version/13.0.3 Mobile/15E148 Safari/604.1"
36.133.115.36 - - [09/May/2026:17:55:16 +0800] "POST /wp-cron.php?doing_wp_cron=1778320516.2585799694061279296875 HTTP/1.1" 200 31 "-" "WordPress/6.9; http://cqqizhou.com"
172.110.223.155 - - [09/May/2026:17:55:16 +0800] "GET / HTTP/1.1" 301 5 "-" "-"
36.133.115.36 - - [09/May/2026:18:02:44 +0800] "POST /wp-cron.php?doing_wp_cron=1778320964.8192451000213623046875 HTTP/1.1" 200 31 "-" "WordPress/6.9; http://cqqizhou.com"
192.109.200.101 - - [09/May/2026:18:02:44 +0800] "GET /wp-login.php HTTP/1.1" 200 2853 "https://www.facebook.com/" "Mozilla/5.0 (Windows NT 10.0; Win64; x64; rv:120.0) Gecko/20100101 Firefox/120.0"
192.109.200.101 - - [09/May/2026:18:02:48 +0800] "POST /wp-login.php HTTP/1.1" 200 3058 "http://cqqizhou.com/wp-login.php" "Mozilla/5.0 (Macintosh; Intel Mac OS X 13_6_1) AppleWebKit/537.36 (KHTML, like Gecko) Chrome/119.0.0.0 Safari/537.36"
192.109.200.101 - - [09/May/2026:18:02:50 +0800] "POST /wp-login.php HTTP/1.1" 200 3059 "http://cqqizhou.com/wp-login.php" "Mozilla/5.0 (Windows NT 10.0; Win64; x64) AppleWebKit/537.36 (KHTML, like Gecko) Chrome/120.0.0.0 Safari/537.36"
192.109.200.101 - - [09/May/2026:18:02:53 +0800] "POST /wp-login.php HTTP/1.1" 200 3053 "http://cqqizhou.com/wp-login.php" "Mozilla/5.0 (Macintosh; Intel Mac OS X 10_15_7) AppleWebKit/605.1.15 (KHTML, like Gecko) Version/17.2 Safari/605.1.15"
192.109.200.101 - - [09/May/2026:18:02:55 +0800] "POST /wp-login.php HTTP/1.1" 200 3055 "http://cqqizhou.com/wp-login.php" "Mozilla/5.0 (Macintosh; Intel Mac OS X 13_6_1) AppleWebKit/605.1.15 (KHTML, like Gecko) Version/16.6 Safari/605.1.15"
192.109.200.101 - - [09/May/2026:18:02:57 +0800] "POST /wp-login.php HTTP/1.1" 200 3059 "http://cqqizhou.com/wp-login.php" "Mozilla/5.0 (X11; Ubuntu; Linux x86_64) AppleWebKit/537.36 (KHTML, like Gecko) Chrome/118.0.0.0 Safari/537.36"
192.109.200.101 - - [09/May/2026:18:03:00 +0800] "POST /wp-login.php HTTP/1.1" 200 3055 "http://cqqizhou.com/wp-login.php" "Mozilla/5.0 (X11; Linux x86_64) AppleWebKit/537.36 (KHTML, like Gecko) Chrome/121.0.0.0 Safari/537.36"
192.109.200.101 - - [09/May/2026:18:03:02 +0800] "POST /wp-login.php HTTP/1.1" 200 3056 "http://cqqizhou.com/wp-login.php" "Mozilla/5.0 (Windows NT 10.0; Win64; x64; rv:118.0) Gecko/20100101 Firefox/118.0"
192.109.200.101 - - [09/May/2026:18:03:05 +0800] "POST /wp-login.php HTTP/1.1" 200 3057 "http://cqqizhou.com/wp-login.php" "Mozilla/5.0 (Windows NT 11.0; Win64; x64; rv:119.0) Gecko/20100101 Firefox/119.0"
192.109.200.101 - - [09/May/2026:18:03:07 +0800] "POST /wp-login.php HTTP/1.1" 200 3056 "http://cqqizhou.com/wp-login.php" "Mozilla/5.0 (Windows NT 11.0; Win64; x64) AppleWebKit/537.36 (KHTML, like Gecko) Chrome/119.0.0.0 Safari/537.36"
36.133.115.36 - - [09/May/2026:18:03:09 +0800] "POST /wp-cron.php?doing_wp_cron=1778320989.9173500537872314453125 HTTP/1.1" 200 31 "-" "WordPress/6.9; http://cqqizhou.com"
192.109.200.101 - - [09/May/2026:18:03:09 +0800] "POST /wp-login.php HTTP/1.1" 200 3058 "http://cqqizhou.com/wp-login.php" "Mozilla/5.0 (Windows NT 11.0; Win64; x64) AppleWebKit/537.36 (KHTML, like Gecko) Chrome/121.0.0.0 Safari/537.36"
192.109.200.101 - - [09/May/2026:18:03:12 +0800] "POST /wp-login.php HTTP/1.1" 200 3057 "http://cqqizhou.com/wp-login.php" "Mozilla/5.0 (Windows NT 11.0; Win64; x64; rv:119.0) Gecko/20100101 Firefox/119.0"
192.109.200.101 - - [09/May/2026:18:03:14 +0800] "POST /wp-login.php HTTP/1.1" 200 3054 "http://cqqizhou.com/wp-login.php" "Mozilla/5.0 (Macintosh; Intel Mac OS X 13_6_1) AppleWebKit/605.1.15 (KHTML, like Gecko) Version/17.1 Safari/605.1.15"
192.109.200.101 - - [09/May/2026:18:03:17 +0800] "POST /wp-login.php HTTP/1.1" 200 3052 "http://cqqizhou.com/wp-login.php" "Mozilla/5.0 (Macintosh; Intel Mac OS X 13_6_1) AppleWebKit/537.36 (KHTML, like Gecko) Chrome/120.0.0.0 Safari/537.36"
192.109.200.101 - - [09/May/2026:18:03:19 +0800] "POST /wp-login.php HTTP/1.1" 200 3061 "http://cqqizhou.com/wp-login.php" "Mozilla/5.0 (Windows NT 10.0; Win64; x64; rv:120.0) Gecko/20100101 Firefox/120.0"
192.109.200.101 - - [09/May/2026:18:03:22 +0800] "POST /wp-login.php HTTP/1.1" 200 3051 "http://cqqizhou.com/wp-login.php" "Mozilla/5.0 (Windows NT 10.0; Win64; x64) AppleWebKit/537.36 (KHTML, like Gecko) Chrome/119.0.0.0 Safari/537.36"
192.109.200.101 - - [09/May/2026:18:03:24 +0800] "POST /wp-login.php HTTP/1.1" 200 3056 "http://cqqizhou.com/wp-login.php" "Mozilla/5.0 (Windows NT 10.0; Win64; x64) AppleWebKit/537.36 (KHTML, like Gecko) Chrome/121.0.0.0 Safari/537.36"
192.109.200.101 - - [09/May/2026:18:03:27 +0800] "POST /wp-login.php HTTP/1.1" 200 3054 "http://cqqizhou.com/wp-login.php" "Mozilla/5.0 (X11; Linux x86_64) AppleWebKit/537.36 (KHTML, like Gecko) Chrome/119.0.0.0 Safari/537.36"
192.109.200.101 - - [09/May/2026:18:03:29 +0800] "POST /wp-login.php HTTP/1.1" 200 3059 "http://cqqizhou.com/wp-login.php" "Mozilla/5.0 (Macintosh; Intel Mac OS X 13_6_1) AppleWebKit/537.36 (KHTML, like Gecko) Chrome/118.0.0.0 Safari/537.36"
192.109.200.101 - - [09/May/2026:18:03:31 +0800] "POST /wp-login.php HTTP/1.1" 200 3058 "http://cqqizhou.com/wp-login.php" "Mozilla/5.0 (Windows NT 10.0; Win64; x64) AppleWebKit/537.36 (KHTML, like Gecko) Chrome/118.0.0.0 Safari/537.36"
192.109.200.101 - - [09/May/2026:18:03:34 +0800] "POST /wp-login.php HTTP/1.1" 200 3057 "http://cqqizhou.com/wp-login.php" "Mozilla/5.0 (Macintosh; Intel Mac OS X 13_6_1) AppleWebKit/537.36 (KHTML, like Gecko) Chrome/118.0.0.0 Safari/537.36"
192.109.200.101 - - [09/May/2026:18:03:36 +0800] "POST /wp-login.php HTTP/1.1" 200 3053 "http://cqqizhou.com/wp-login.php" "Mozilla/5.0 (Macintosh; Intel Mac OS X 13_6_1) AppleWebKit/537.36 (KHTML, like Gecko) Chrome/121.0.0.0 Safari/537.36"
192.109.200.101 - - [09/May/2026:18:03:39 +0800] "POST /wp-login.php HTTP/1.1" 200 3054 "http://cqqizhou.com/wp-login.php" "Mozilla/5.0 (X11; Linux x86_64) AppleWebKit/537.36 (KHTML, like Gecko) Chrome/121.0.0.0 Safari/537.36"
192.109.200.101 - - [09/May/2026:18:03:41 +0800] "POST /wp-login.php HTTP/1.1" 200 3053 "http://cqqizhou.com/wp-login.php" "Mozilla/5.0 (Macintosh; Intel Mac OS X 10_15_7) AppleWebKit/605.1.15 (KHTML, like Gecko) Version/17.0 Safari/605.1.15"
192.109.200.101 - - [09/May/2026:18:03:44 +0800] "POST /wp-login.php HTTP/1.1" 200 3002 "http://cqqizhou.com/wp-login.php" "Mozilla/5.0 (Macintosh; Intel Mac OS X 10_15_7; rv:119.0) Gecko/20100101 Firefox/119.0"
192.109.200.101 - - [09/May/2026:18:03:47 +0800] "POST /wp-login.php HTTP/1.1" 200 3059 "http://cqqizhou.com/wp-login.php" "Mozilla/5.0 (X11; Linux x86_64) AppleWebKit/537.36 (KHTML, like Gecko) Chrome/119.0.0.0 Safari/537.36"
192.109.200.101 - - [09/May/2026:18:03:50 +0800] "POST /wp-login.php HTTP/1.1" 200 3063 "http://cqqizhou.com/wp-login.php" "Mozilla/5.0 (Macintosh; Intel Mac OS X 10_15_7) AppleWebKit/537.36 (KHTML, like Gecko) Chrome/120.0.0.0 Safari/537.36"
192.109.200.101 - - [09/May/2026:18:03:52 +0800] "POST /wp-login.php HTTP/1.1" 200 3055 "http://cqqizhou.com/wp-login.php" "Mozilla/5.0 (Macintosh; Intel Mac OS X 13_6_1; rv:119.0) Gecko/20100101 Firefox/119.0"
192.109.200.101 - - [09/May/2026:18:03:55 +0800] "POST /wp-login.php HTTP/1.1" 200 3055 "http://cqqizhou.com/wp-login.php" "Mozilla/5.0 (Windows NT 11.0; Win64; x64; rv:118.0) Gecko/20100101 Firefox/118.0"
192.109.200.101 - - [09/May/2026:18:03:57 +0800] "POST /wp-login.php HTTP/1.1" 200 3058 "http://cqqizhou.com/wp-login.php" "Mozilla/5.0 (Macintosh; Intel Mac OS X 13_6_1) AppleWebKit/605.1.15 (KHTML, like Gecko) Version/16.6 Safari/605.1.15"
192.109.200.101 - - [09/May/2026:18:04:00 +0800] "POST /wp-login.php HTTP/1.1" 200 3057 "http://cqqizhou.com/wp-login.php" "Mozilla/5.0 (X11; Linux x86_64) AppleWebKit/537.36 (KHTML, like Gecko) Chrome/121.0.0.0 Safari/537.36"
192.109.200.101 - - [09/May/2026:18:04:02 +0800] "POST /wp-login.php HTTP/1.1" 200 3055 "http://cqqizhou.com/wp-login.php" "Mozilla/5.0 (X11; Linux x86_64) AppleWebKit/537.36 (KHTML, like Gecko) Chrome/121.0.0.0 Safari/537.36"
192.109.200.101 - - [09/May/2026:18:04:04 +0800] "POST /wp-login.php HTTP/1.1" 200 3057 "http://cqqizhou.com/wp-login.php" "Mozilla/5.0 (Macintosh; Intel Mac OS X 13_6_1; rv:120.0) Gecko/20100101 Firefox/120.0"
192.109.200.101 - - [09/May/2026:18:04:07 +0800] "POST /wp-login.php HTTP/1.1" 200 3002 "http://cqqizhou.com/wp-login.php" "Mozilla/5.0 (X11; Linux x86_64) AppleWebKit/537.36 (KHTML, like Gecko) Chrome/121.0.0.0 Safari/537.36"
36.133.115.36 - - [09/May/2026:18:04:09 +0800] "POST /wp-cron.php?doing_wp_cron=1778321049.7350630760192871093750 HTTP/1.1" 200 31 "-" "WordPress/6.9; http://cqqizhou.com"
192.109.200.101 - - [09/May/2026:18:04:09 +0800] "POST /wp-login.php HTTP/1.1" 200 3055 "http://cqqizhou.com/wp-login.php" "Mozilla/5.0 (Macintosh; Intel Mac OS X 10_15_7) AppleWebKit/537.36 (KHTML, like Gecko) Chrome/120.0.0.0 Safari/537.36"
192.109.200.101 - - [09/May/2026:18:04:12 +0800] "POST /wp-login.php HTTP/1.1" 200 3052 "http://cqqizhou.com/wp-login.php" "Mozilla/5.0 (Macintosh; Intel Mac OS X 13_6_1) AppleWebKit/537.36 (KHTML, like Gecko) Chrome/118.0.0.0 Safari/537.36"
192.109.200.101 - - [09/May/2026:18:04:14 +0800] "POST /wp-login.php HTTP/1.1" 200 3002 "http://cqqizhou.com/wp-login.php" "Mozilla/5.0 (Windows NT 11.0; Win64; x64; rv:118.0) Gecko/20100101 Firefox/118.0"
