HEX
Server: nginx/1.16.1
System: Linux ecs-04358622 4.19.90-2107.6.0.0100.oe1.bclinux.x86_64 #1 SMP Wed Dec 1 19:59:44 CST 2021 x86_64
User: nginx (994)
PHP: 8.0.0
Disabled: NONE
Upload Files
File: /home/logs/cqqizhou_access_2026-05-09.log
36.133.115.36 - - [09/May/2026:00:02:39 +0800] "POST /wp-cron.php?doing_wp_cron=1778256159.6554319858551025390625 HTTP/1.1" 200 31 "-" "WordPress/6.9; http://cqqizhou.com"
183.213.151.100 - - [09/May/2026:00:02:39 +0800] "GET /contacts/ HTTP/1.1" 301 5 "-" "Mozilla/5.0 (Windows NT 10.0; Win64; x64) AppleWebKit/537.36 (KHTML, like Gecko) Chrome/136.0.0.0 Safari/537.36"
183.213.151.100 - - [09/May/2026:00:02:39 +0800] "GET http://cqqizhou.com/contacts HTTP/1.1" 200 22151 "-" "Mozilla/5.0 (Windows NT 10.0; Win64; x64) AppleWebKit/537.36 (KHTML, like Gecko) Chrome/136.0.0.0 Safari/537.36"
36.133.115.36 - - [09/May/2026:00:10:07 +0800] "POST /wp-cron.php?doing_wp_cron=1778256607.6513409614562988281250 HTTP/1.1" 200 31 "-" "WordPress/6.9; http://cqqizhou.com"
134.209.192.151 - - [09/May/2026:00:10:07 +0800] "GET /.git/config HTTP/1.1" 404 9580 "-" "Mozilla/5.0 (X11; Linux x86_64) AppleWebKit/537.36 (KHTML, like Gecko) Chrome/81.0.4044.129 Safari/537.36"
36.133.115.36 - - [09/May/2026:00:21:08 +0800] "POST /wp-cron.php?doing_wp_cron=1778257268.8048059940338134765625 HTTP/1.1" 200 31 "-" "WordPress/6.9; http://cqqizhou.com"
119.84.246.117 - - [09/May/2026:00:21:08 +0800] "GET / HTTP/1.1" 301 5 "-" "Mozilla/5.0 (Windows NT 6.1) AppleWebKit/535.11 (KHTML, like Gecko) Chrome/17.0.963.84 Safari/535.11 LBBROWSER"
119.84.246.117 - - [09/May/2026:00:21:08 +0800] "GET / HTTP/1.1" 200 172838 "-" "Mozilla/5.0 (Windows NT 6.1) AppleWebKit/535.11 (KHTML, like Gecko) Chrome/17.0.963.84 Safari/535.11 LBBROWSER"
119.84.246.117 - - [09/May/2026:00:21:09 +0800] "GET / HTTP/1.1" 301 5 "-" "Mozilla/5.0 (Windows NT 6.1) AppleWebKit/535.11 (KHTML, like Gecko) Chrome/17.0.963.84 Safari/535.11 LBBROWSER"
119.84.246.117 - - [09/May/2026:00:21:10 +0800] "GET / HTTP/1.1" 200 172838 "-" "Mozilla/5.0 (Windows NT 6.1) AppleWebKit/535.11 (KHTML, like Gecko) Chrome/17.0.963.84 Safari/535.11 LBBROWSER"
119.84.246.117 - - [09/May/2026:00:21:10 +0800] "GET / HTTP/1.1" 301 5 "-" "Mozilla/5.0 (Windows NT 6.1) AppleWebKit/535.12 (KHTML, like Gecko) Maxthon/3.4.2.3000 Chrome/18.0.966.0 Safari/535.12"
119.84.246.117 - - [09/May/2026:00:21:10 +0800] "GET / HTTP/1.1" 200 172838 "-" "Mozilla/5.0 (Windows NT 6.1) AppleWebKit/535.12 (KHTML, like Gecko) Maxthon/3.4.2.3000 Chrome/18.0.966.0 Safari/535.12"
222.180.149.236 - - [09/May/2026:00:21:11 +0800] "HEAD / HTTP/1.1" 200 0 "-" "Mozilla/5.0 (Macintosh; Intel Mac OS X 10.6; rv,2.0.1) Gecko/20100101 Firefox/4.0.1"
36.133.115.36 - - [09/May/2026:00:25:32 +0800] "POST /wp-cron.php?doing_wp_cron=1778257532.6088960170745849609375 HTTP/1.1" 200 31 "-" "WordPress/6.9; http://cqqizhou.com"
140.245.121.218 - - [09/May/2026:00:25:32 +0800] "POST /wp-login.php HTTP/1.1" 200 9491 "-" "Mozilla/5.0"
140.245.121.218 - - [09/May/2026:00:25:47 +0800] "POST /wp-login.php HTTP/1.1" 200 9491 "-" "Mozilla/5.0"
140.245.121.218 - - [09/May/2026:00:26:04 +0800] "POST /wp-login.php HTTP/1.1" 200 9491 "-" "Mozilla/5.0"
36.133.115.36 - - [09/May/2026:00:26:20 +0800] "POST /wp-cron.php?doing_wp_cron=1778257580.1847629547119140625000 HTTP/1.1" 200 31 "-" "WordPress/6.9; http://cqqizhou.com"
140.245.121.218 - - [09/May/2026:00:26:20 +0800] "POST /wp-login.php HTTP/1.1" 200 9491 "-" "Mozilla/5.0"
140.245.121.218 - - [09/May/2026:00:26:35 +0800] "POST /wp-login.php HTTP/1.1" 200 9491 "-" "Mozilla/5.0"
36.133.115.36 - - [09/May/2026:00:27:26 +0800] "POST /wp-cron.php?doing_wp_cron=1778257646.9462280273437500000000 HTTP/1.1" 200 31 "-" "WordPress/6.9; http://cqqizhou.com"
140.245.121.218 - - [09/May/2026:00:27:26 +0800] "POST /wp-login.php HTTP/1.1" 200 9491 "-" "Mozilla/5.0"
140.245.121.218 - - [09/May/2026:00:27:42 +0800] "POST /wp-login.php HTTP/1.1" 200 9491 "-" "Mozilla/5.0"
140.245.121.218 - - [09/May/2026:00:27:57 +0800] "POST /wp-login.php HTTP/1.1" 200 9491 "-" "Mozilla/5.0"
36.133.115.36 - - [09/May/2026:00:28:13 +0800] "POST /wp-cron.php?doing_wp_cron=1778257693.5442070960998535156250 HTTP/1.1" 200 31 "-" "WordPress/6.9; http://cqqizhou.com"
140.245.121.218 - - [09/May/2026:00:28:13 +0800] "POST /wp-login.php HTTP/1.1" 200 9491 "-" "Mozilla/5.0"
140.245.121.218 - - [09/May/2026:00:28:28 +0800] "POST /wp-login.php HTTP/1.1" 200 9491 "-" "Mozilla/5.0"
140.245.121.218 - - [09/May/2026:00:28:44 +0800] "POST /wp-login.php HTTP/1.1" 200 9491 "-" "Mozilla/5.0"
140.245.121.218 - - [09/May/2026:00:29:01 +0800] "POST /wp-login.php HTTP/1.1" 200 9491 "-" "Mozilla/5.0"
36.133.115.36 - - [09/May/2026:00:29:17 +0800] "POST /wp-cron.php?doing_wp_cron=1778257757.9018769264221191406250 HTTP/1.1" 200 31 "-" "WordPress/6.9; http://cqqizhou.com"
140.245.121.218 - - [09/May/2026:00:29:17 +0800] "POST /wp-login.php HTTP/1.1" 200 9491 "-" "Mozilla/5.0"
140.245.121.218 - - [09/May/2026:00:29:33 +0800] "POST /wp-login.php HTTP/1.1" 200 9491 "-" "Mozilla/5.0"
140.245.121.218 - - [09/May/2026:00:29:47 +0800] "POST /wp-login.php HTTP/1.1" 200 9491 "-" "Mozilla/5.0"
140.245.121.218 - - [09/May/2026:00:30:02 +0800] "POST /wp-login.php HTTP/1.1" 200 9491 "-" "Mozilla/5.0"
36.133.115.36 - - [09/May/2026:00:30:19 +0800] "POST /wp-cron.php?doing_wp_cron=1778257819.1050400733947753906250 HTTP/1.1" 200 31 "-" "WordPress/6.9; http://cqqizhou.com"
140.245.121.218 - - [09/May/2026:00:30:19 +0800] "POST /wp-login.php HTTP/1.1" 200 9491 "-" "Mozilla/5.0"
140.245.121.218 - - [09/May/2026:00:30:35 +0800] "POST /wp-login.php HTTP/1.1" 200 9491 "-" "Mozilla/5.0"
140.245.121.218 - - [09/May/2026:00:30:55 +0800] "POST /wp-login.php HTTP/1.1" 200 9491 "-" "Mozilla/5.0"
36.133.115.36 - - [09/May/2026:00:31:11 +0800] "POST /wp-cron.php?doing_wp_cron=1778257871.4955329895019531250000 HTTP/1.1" 200 31 "-" "WordPress/6.9; http://cqqizhou.com"
140.245.121.218 - - [09/May/2026:00:31:11 +0800] "POST /wp-login.php HTTP/1.1" 200 9491 "-" "Mozilla/5.0"
140.245.121.218 - - [09/May/2026:00:31:27 +0800] "POST /wp-login.php HTTP/1.1" 200 9491 "-" "Mozilla/5.0"
140.245.121.218 - - [09/May/2026:00:31:43 +0800] "POST /wp-login.php HTTP/1.1" 200 9491 "-" "Mozilla/5.0"
140.245.121.218 - - [09/May/2026:00:31:59 +0800] "POST /wp-login.php HTTP/1.1" 200 9491 "-" "Mozilla/5.0"
36.133.115.36 - - [09/May/2026:00:32:15 +0800] "POST /wp-cron.php?doing_wp_cron=1778257935.5894570350646972656250 HTTP/1.1" 200 31 "-" "WordPress/6.9; http://cqqizhou.com"
140.245.121.218 - - [09/May/2026:00:32:15 +0800] "POST /wp-login.php HTTP/1.1" 200 9491 "-" "Mozilla/5.0"
140.245.121.218 - - [09/May/2026:00:32:30 +0800] "POST /wp-login.php HTTP/1.1" 200 9491 "-" "Mozilla/5.0"
140.245.121.218 - - [09/May/2026:00:32:49 +0800] "POST /wp-login.php HTTP/1.1" 200 9491 "-" "Mozilla/5.0"
36.133.115.36 - - [09/May/2026:00:33:08 +0800] "POST /wp-cron.php?doing_wp_cron=1778257988.7784550189971923828125 HTTP/1.1" 200 31 "-" "WordPress/6.9; http://cqqizhou.com"
140.245.121.218 - - [09/May/2026:00:33:08 +0800] "POST /wp-login.php HTTP/1.1" 200 9491 "-" "Mozilla/5.0"
140.245.121.218 - - [09/May/2026:00:33:25 +0800] "POST /wp-login.php HTTP/1.1" 200 9491 "-" "Mozilla/5.0"
140.245.121.218 - - [09/May/2026:00:33:40 +0800] "POST /wp-login.php HTTP/1.1" 200 9491 "-" "Mozilla/5.0"
140.245.121.218 - - [09/May/2026:00:33:58 +0800] "POST /wp-login.php HTTP/1.1" 200 9491 "-" "Mozilla/5.0"
36.133.115.36 - - [09/May/2026:00:34:15 +0800] "POST /wp-cron.php?doing_wp_cron=1778258055.6185269355773925781250 HTTP/1.1" 200 31 "-" "WordPress/6.9; http://cqqizhou.com"
140.245.121.218 - - [09/May/2026:00:34:15 +0800] "POST /wp-login.php HTTP/1.1" 200 9491 "-" "Mozilla/5.0"
140.245.121.218 - - [09/May/2026:00:34:36 +0800] "POST /wp-login.php HTTP/1.1" 200 9491 "-" "Mozilla/5.0"
140.245.121.218 - - [09/May/2026:00:34:50 +0800] "POST /wp-login.php HTTP/1.1" 200 9491 "-" "Mozilla/5.0"
36.133.115.36 - - [09/May/2026:00:35:15 +0800] "POST /wp-cron.php?doing_wp_cron=1778258115.3683059215545654296875 HTTP/1.1" 200 31 "-" "WordPress/6.9; http://cqqizhou.com"
140.245.121.218 - - [09/May/2026:00:35:15 +0800] "POST /wp-login.php HTTP/1.1" 200 9491 "-" "Mozilla/5.0"
140.245.121.218 - - [09/May/2026:00:35:32 +0800] "POST /wp-login.php HTTP/1.1" 200 9491 "-" "Mozilla/5.0"
140.245.121.218 - - [09/May/2026:00:35:48 +0800] "POST /wp-login.php HTTP/1.1" 200 9491 "-" "Mozilla/5.0"
140.245.121.218 - - [09/May/2026:00:36:05 +0800] "POST /wp-login.php HTTP/1.1" 200 9491 "-" "Mozilla/5.0"
36.133.115.36 - - [09/May/2026:00:36:20 +0800] "POST /wp-cron.php?doing_wp_cron=1778258180.3951480388641357421875 HTTP/1.1" 200 31 "-" "WordPress/6.9; http://cqqizhou.com"
140.245.121.218 - - [09/May/2026:00:36:20 +0800] "POST /wp-login.php HTTP/1.1" 200 9491 "-" "Mozilla/5.0"
140.245.121.218 - - [09/May/2026:00:36:35 +0800] "POST /wp-login.php HTTP/1.1" 200 9491 "-" "Mozilla/5.0"
140.245.121.218 - - [09/May/2026:00:36:51 +0800] "POST /wp-login.php HTTP/1.1" 200 9491 "-" "Mozilla/5.0"
36.133.115.36 - - [09/May/2026:00:41:46 +0800] "POST /wp-cron.php?doing_wp_cron=1778258506.8111770153045654296875 HTTP/1.1" 200 31 "-" "WordPress/6.9; http://cqqizhou.com"
66.249.74.9 - - [09/May/2026:00:41:46 +0800] "GET /industry HTTP/1.1" 200 19768 "-" "Mozilla/5.0 (Linux; Android 6.0.1; Nexus 5X Build/MMB29P) AppleWebKit/537.36 (KHTML, like Gecko) Chrome/147.0.7727.137 Mobile Safari/537.36 (compatible; Googlebot/2.1; +http://www.google.com/bot.html)"
66.249.74.9 - - [09/May/2026:00:42:42 +0800] "GET /wp-content/uploads/2026/03/1772790943-1Article_images_W900px.webp HTTP/1.1" 200 35332 "-" "Googlebot-Image/1.0"
111.78.108.72 - - [09/May/2026:01:00:54 +0800] "GET /install/fun.php HTTP/1.1" 404 47 "http://cqqizhou.com/install/fun.php" "Mozilla/5.0 (Windows NT 6.1; WOW64) AppleWebKit/537.11 (KHTML, like Gecko) Chrome/23.0.1271.97 Safari/537.11"
111.78.108.72 - - [09/May/2026:01:00:54 +0800] "GET /images/fun.php HTTP/1.1" 404 47 "http://cqqizhou.com/images/fun.php" "Mozilla/5.0 (Windows NT 6.1; WOW64) AppleWebKit/537.11 (KHTML, like Gecko) Chrome/23.0.1271.97 Safari/537.11"
111.78.108.72 - - [09/May/2026:01:00:54 +0800] "GET /api/fun.php HTTP/1.1" 404 47 "http://cqqizhou.com/api/fun.php" "Mozilla/5.0 (Windows NT 6.1; WOW64) AppleWebKit/537.11 (KHTML, like Gecko) Chrome/23.0.1271.97 Safari/537.11"
36.133.115.36 - - [09/May/2026:01:04:26 +0800] "POST /wp-cron.php?doing_wp_cron=1778259866.4217948913574218750000 HTTP/1.1" 200 31 "-" "WordPress/6.9; http://cqqizhou.com"
172.202.118.82 - - [09/May/2026:01:04:26 +0800] "GET / HTTP/1.1" 301 5 "-" "Mozilla/5.0 zgrab/0.x"
36.133.108.121 - - [09/May/2026:01:04:44 +0800] "HEAD /login HTTP/1.1" 302 0 "-" "Mozilla/5.0 (Windows NT 6.1; rv:27.3) Gecko/20130101 Firefox/27.3"
36.133.115.36 - - [09/May/2026:01:36:11 +0800] "POST /wp-cron.php?doing_wp_cron=1778261771.2908029556274414062500 HTTP/1.1" 200 31 "-" "WordPress/6.9; http://cqqizhou.com"
116.179.32.149 - - [09/May/2026:01:36:11 +0800] "GET /media/4 HTTP/1.1" 200 26675 "-" "Mozilla/5.0 (compatible; Baiduspider/2.0; +http://www.baidu.com/search/spider.html)"
116.179.37.93 - - [09/May/2026:01:36:15 +0800] "GET /wp-content/uploads/2026/02/1770617354-Article_images_W900px-300x187.webp HTTP/1.1" 200 5306 "http://cqqizhou.com/media/4" "Mozilla/5.0 (compatible; Baiduspider-render/2.0; +http://www.baidu.com/search/spider.html)"
116.179.37.220 - - [09/May/2026:01:36:15 +0800] "GET /wp-content/uploads/2026/02/1772086672-%E5%BC%80%E5%B7%A5%E5%A4%A7%E5%90%89%E5%B0%81%E9%9D%A2%E5%A4%B4%E5%9B%BEArticle_images_W900%C3%97500px-300x167.webp HTTP/1.1" 200 21246 "http://cqqizhou.com/media/4" "Mozilla/5.0 (compatible; Baiduspider-render/2.0; +http://www.baidu.com/search/spider.html)"
36.133.115.36 - - [09/May/2026:01:37:57 +0800] "POST /wp-cron.php?doing_wp_cron=1778261877.8635919094085693359375 HTTP/1.1" 200 31 "-" "WordPress/6.9; http://cqqizhou.com"
115.159.33.43 - - [09/May/2026:01:37:57 +0800] "GET / HTTP/1.1" 301 5 "-" "Mozilla/5.0 (Windows NT 10.0; Win64; x64) AppleWebKit/537.36 (KHTML, like Gecko) Chrome/79.0.3945.117 Safari/537.36"
36.133.115.36 - - [09/May/2026:01:44:25 +0800] "POST /wp-cron.php?doing_wp_cron=1778262265.3223199844360351562500 HTTP/1.1" 200 31 "-" "WordPress/6.9; http://cqqizhou.com"
5.61.209.102 - - [09/May/2026:01:44:25 +0800] "GET /SDK/webLanguage HTTP/1.1" 301 5 "-" "Mozilla/5.0 (Windows NT 10.0; Win64; x64) AppleWebKit/537.36 (KHTML, like Gecko) Chrome/90.0.4430.85 Safari/537.36 Edg/90.0.818.46"
36.133.115.36 - - [09/May/2026:01:55:37 +0800] "POST /wp-cron.php?doing_wp_cron=1778262937.3781669139862060546875 HTTP/1.1" 200 31 "-" "WordPress/6.9; http://cqqizhou.com"
106.54.62.156 - - [09/May/2026:01:55:37 +0800] "GET / HTTP/1.1" 301 5 "-" "Mozilla/5.0 (iPhone; CPU iPhone OS 13_2_3 like Mac OS X) AppleWebKit/605.1.15 (KHTML, like Gecko) Version/13.0.3 Mobile/15E148 Safari/604.1"
106.54.62.156 - - [09/May/2026:01:55:41 +0800] "GET / HTTP/1.1" 200 35183 "http://www.cqqizhou.com" "Mozilla/5.0 (iPhone; CPU iPhone OS 13_2_3 like Mac OS X) AppleWebKit/605.1.15 (KHTML, like Gecko) Version/13.0.3 Mobile/15E148 Safari/604.1"
66.249.74.9 - - [09/May/2026:01:57:43 +0800] "GET /wp-content/uploads/2025/07/1753453029-%E9%85%B8%E6%B4%97%E5%8D%B7product_Single600-300x300.webp HTTP/1.1" 200 10112 "-" "Googlebot-Image/1.0"
36.133.115.36 - - [09/May/2026:02:05:44 +0800] "POST /wp-cron.php?doing_wp_cron=1778263544.5172600746154785156250 HTTP/1.1" 200 31 "-" "WordPress/6.9; http://cqqizhou.com"
111.225.149.73 - - [09/May/2026:02:05:44 +0800] "GET /robots.txt HTTP/1.1" 200 190 "-" "Mozilla/5.0 (Linux; Android 5.0) AppleWebKit/537.36 (KHTML, like Gecko) Mobile Safari/537.36 (compatible; Bytespider; https://zhanzhang.toutiao.com/)"
36.133.115.36 - - [09/May/2026:02:55:52 +0800] "POST /wp-cron.php?doing_wp_cron=1778266552.6833848953247070312500 HTTP/1.1" 200 31 "-" "WordPress/6.9; http://cqqizhou.com"
36.133.108.121 - - [09/May/2026:02:55:52 +0800] "HEAD /login HTTP/1.1" 302 0 "-" "Mozilla/5.0 (Macintosh; U; Intel Mac OS X 10_6_7; en-us) AppleWebKit/534.16+ (KHTML, like Gecko) Version/5.0.3 Safari/533.19.4"
36.133.108.119 - - [09/May/2026:02:55:53 +0800] "GET /login HTTP/1.1" 302 5 "-" "Scrapy/2.8.0 (+https://scrapy.org)"
36.133.115.36 - - [09/May/2026:03:05:32 +0800] "POST /wp-cron.php?doing_wp_cron=1778267132.5648169517517089843750 HTTP/1.1" 200 31 "-" "WordPress/6.9; http://cqqizhou.com"
116.179.32.85 - - [09/May/2026:03:05:32 +0800] "GET /news/2155 HTTP/1.1" 200 29515 "-" "Mozilla/5.0 (compatible; Baiduspider/2.0; +http://www.baidu.com/search/spider.html)"
112.86.225.205 - - [09/May/2026:04:09:26 +0800] "GET / HTTP/1.1" 200 41075 "-" "Sogou web spider/4.0(+http://www.sogou.com/docs/help/webmasters.htm#07)"
36.133.115.36 - - [09/May/2026:04:36:24 +0800] "POST /wp-cron.php?doing_wp_cron=1778272584.5938379764556884765625 HTTP/1.1" 200 31 "-" "WordPress/6.9; http://cqqizhou.com"
34.19.109.153 - - [09/May/2026:04:36:24 +0800] "HEAD /new/ HTTP/1.1" 301 0 "-" "Mozilla/5.0 (Linux; Android 13; Infinix X688B) AppleWebKit/537.36 (KHTML, like Gecko) Chrome/124.0.6367.48 Mobile Safari/537.36"
34.19.109.153 - - [09/May/2026:04:36:25 +0800] "HEAD /news HTTP/1.1" 200 0 "http://cqqizhou.com/new/" "Mozilla/5.0 (Linux; Android 13; Infinix X688B) AppleWebKit/537.36 (KHTML, like Gecko) Chrome/124.0.6367.48 Mobile Safari/537.36"
34.19.109.153 - - [09/May/2026:04:36:26 +0800] "HEAD / HTTP/1.1" 200 0 "-" "Mozilla/5.0 (Linux; Android 13; Infinix X688B) AppleWebKit/537.36 (KHTML, like Gecko) Chrome/124.0.6367.48 Mobile Safari/537.36"
34.19.109.153 - - [09/May/2026:04:36:27 +0800] "HEAD /wordpress/ HTTP/1.1" 404 0 "-" "Mozilla/5.0 (iPad; CPU OS 17_4 like Mac OS X) AppleWebKit/605.1.15 (KHTML, like Gecko) Version/17.4 Mobile/15E148 Safari/604.1"
34.19.109.153 - - [09/May/2026:04:36:27 +0800] "HEAD /old/ HTTP/1.1" 404 0 "-" "Mozilla/5.0 (Windows NT 10.0; Win64; x64) AppleWebKit/537.36 (KHTML, like Gecko) Chrome/127.0.6534.42 Safari/537.36"
34.19.109.153 - - [09/May/2026:04:36:28 +0800] "HEAD /blog/ HTTP/1.1" 404 0 "-" "Mozilla/5.0 (iPhone; CPU iPhone OS 16_7 like Mac OS X) AppleWebKit/605.1.15 (KHTML, like Gecko) Version/16.7 Mobile/15E148 Safari/604.1"
34.19.109.153 - - [09/May/2026:04:36:29 +0800] "HEAD /backup/ HTTP/1.1" 404 0 "-" "Mozilla/5.0 (Macintosh; Intel Mac OS X 14_5) AppleWebKit/605.1.15 (KHTML, like Gecko) Version/17.5 Safari/605.1.15"
34.19.109.153 - - [09/May/2026:04:36:30 +0800] "HEAD /wp/ HTTP/1.1" 404 0 "-" "Mozilla/5.0 (Linux; Android 13; Infinix X688B) AppleWebKit/537.36 (KHTML, like Gecko) Chrome/124.0.6367.48 Mobile Safari/537.36"
208.84.100.207 - - [09/May/2026:04:39:44 +0800] "GET / HTTP/1.1" 200 41075 "-" "Mozilla/5.0 (Windows NT 10.0; Win64; x64) AppleWebKit/537.36 (KHTML, like Gecko) Chrome/147.0.0.0 Safari/537.36"
208.84.100.207 - - [09/May/2026:04:39:47 +0800] "GET /.env.production HTTP/1.1" 404 9580 "-" "Mozilla/5.0 (Macintosh; Intel Mac OS X 10_15_7) AppleWebKit/537.36 (KHTML, like Gecko) Chrome/146.0.0.0 Safari/537.36"
208.84.100.207 - - [09/May/2026:04:39:47 +0800] "GET /secrets.json HTTP/1.1" 404 9580 "-" "Mozilla/5.0 (Windows NT 10.0; Win64; x64) AppleWebKit/537.36 (KHTML, like Gecko) Chrome/145.0.0.0 Safari/537.36"
208.84.100.207 - - [09/May/2026:04:39:47 +0800] "GET /.env HTTP/1.1" 404 9580 "-" "Mozilla/5.0 (X11; Linux x86_64) AppleWebKit/537.36 (KHTML, like Gecko) Chrome/147.0.0.0 Safari/537.36"
208.84.100.207 - - [09/May/2026:04:39:47 +0800] "GET /.env.local HTTP/1.1" 404 9580 "-" "Mozilla/5.0 (Windows NT 10.0; Win64; x64) AppleWebKit/537.36 (KHTML, like Gecko) Chrome/146.0.0.0 Safari/537.36"
36.133.115.36 - - [09/May/2026:04:39:47 +0800] "POST /wp-cron.php?doing_wp_cron=1778272787.2685430049896240234375 HTTP/1.1" 200 31 "-" "WordPress/6.9; http://cqqizhou.com"
208.84.100.207 - - [09/May/2026:04:39:47 +0800] "GET /.aws/credentials HTTP/1.1" 404 9580 "-" "Mozilla/5.0 (Macintosh; Intel Mac OS X 10.15; rv:150.0) Gecko/20100101 Firefox/150.0"
208.84.100.207 - - [09/May/2026:04:39:47 +0800] "GET /backend/.env HTTP/1.1" 404 9580 "-" "Mozilla/5.0 (Windows NT 10.0; Win64; x64; rv:150.0) Gecko/20100101 Firefox/150.0"
208.84.100.207 - - [09/May/2026:04:39:47 +0800] "GET /credentials.json HTTP/1.1" 404 9580 "-" "Mozilla/5.0 (X11; Linux x86_64; rv:150.0) Gecko/20100101 Firefox/150.0"
208.84.100.207 - - [09/May/2026:04:39:47 +0800] "GET /serviceAccountKey.json HTTP/1.1" 404 9580 "-" "Mozilla/5.0 (Windows NT 10.0; Win64; x64; rv:149.0) Gecko/20100101 Firefox/149.0"
208.84.100.207 - - [09/May/2026:04:39:47 +0800] "GET /app/.env HTTP/1.1" 404 9580 "-" "Mozilla/5.0 (X11; Linux x86_64) AppleWebKit/537.36 (KHTML, like Gecko) Chrome/146.0.0.0 Safari/537.36"
208.84.100.207 - - [09/May/2026:04:39:47 +0800] "GET /api/.env HTTP/1.1" 404 9580 "-" "Mozilla/5.0 (Windows NT 10.0; Win64; x64) AppleWebKit/537.36 (KHTML, like Gecko) Chrome/145.0.0.0 Safari/537.36"
208.84.100.207 - - [09/May/2026:04:39:48 +0800] "GET / HTTP/1.1" 200 41075 "-" "Mozilla/5.0 (X11; Linux x86_64; rv:149.0) Gecko/20100101 Firefox/149.0"
208.84.100.207 - - [09/May/2026:04:39:49 +0800] "GET /wp-config.php.bak HTTP/1.1" 404 9580 "-" "Mozilla/5.0 (Windows NT 10.0; Win64; x64; rv:150.0) Gecko/20100101 Firefox/150.0"
208.84.100.207 - - [09/May/2026:04:39:49 +0800] "GET /wp-config.php.old HTTP/1.1" 404 9580 "-" "Mozilla/5.0 (Macintosh; Intel Mac OS X 10.15; rv:150.0) Gecko/20100101 Firefox/150.0"
208.84.100.207 - - [09/May/2026:04:39:50 +0800] "GET /wp-content/debug.log HTTP/1.1" 404 9580 "-" "Mozilla/5.0 (Windows NT 10.0; Win64; x64) AppleWebKit/537.36 (KHTML, like Gecko) Chrome/147.0.0.0 Safari/537.36 Edg/147.0.0.0"
208.84.100.207 - - [09/May/2026:04:39:50 +0800] "GET /wp-config.php~ HTTP/1.1" 404 9580 "-" "Mozilla/5.0 (X11; Linux x86_64; rv:150.0) Gecko/20100101 Firefox/150.0"
208.84.100.207 - - [09/May/2026:04:39:50 +0800] "GET /.wp-config.php.swp HTTP/1.1" 404 9580 "-" "Mozilla/5.0 (X11; Linux x86_64; rv:149.0) Gecko/20100101 Firefox/149.0"
208.84.100.207 - - [09/May/2026:04:39:50 +0800] "GET /wp-config.php.save HTTP/1.1" 404 9580 "-" "Mozilla/5.0 (Windows NT 10.0; Win64; x64; rv:149.0) Gecko/20100101 Firefox/149.0"
208.84.100.207 - - [09/May/2026:04:39:50 +0800] "GET /wp-config.php HTTP/1.1" 200 31 "-" "Mozilla/5.0 (Windows NT 10.0; Win64; x64) AppleWebKit/537.36 (KHTML, like Gecko) Chrome/145.0.0.0 Safari/537.36"
208.84.100.207 - - [09/May/2026:04:39:51 +0800] "GET / HTTP/1.1" 200 41075 "-" "Mozilla/5.0 (Windows NT 10.0; Win64; x64) AppleWebKit/537.36 (KHTML, like Gecko) Chrome/147.0.0.0 Safari/537.36"
220.181.108.145 - - [09/May/2026:04:41:31 +0800] "GET /news/2552 HTTP/1.1" 200 22100 "-" "Mozilla/5.0 (compatible; Baiduspider/2.0; +http://www.baidu.com/search/spider.html)"
116.179.37.208 - - [09/May/2026:04:41:37 +0800] "GET /wp-content/uploads/2026/04/1775865995-3Article_images_W900px.webp HTTP/1.1" 200 92936 "http://cqqizhou.com/news/2552" "Mozilla/5.0 (compatible; Baiduspider-render/2.0; +http://www.baidu.com/search/spider.html)"
36.133.115.36 - - [09/May/2026:04:51:12 +0800] "POST /wp-cron.php?doing_wp_cron=1778273472.4909729957580566406250 HTTP/1.1" 200 31 "-" "WordPress/6.9; http://cqqizhou.com"
93.123.72.166 - - [09/May/2026:04:51:12 +0800] "GET /SDK/webLanguage HTTP/1.1" 301 5 "-" "Mozilla/5.0 (Windows NT 10.0; Win64; x64) AppleWebKit/537.36 (KHTML, like Gecko) Chrome/90.0.4430.85 Safari/537.36 Edg/90.0.818.46"
36.133.115.36 - - [09/May/2026:05:12:05 +0800] "POST /wp-cron.php?doing_wp_cron=1778274725.2871758937835693359375 HTTP/1.1" 200 31 "-" "WordPress/6.9; http://cqqizhou.com"
119.84.246.117 - - [09/May/2026:05:12:05 +0800] "GET / HTTP/1.1" 301 5 "-" "-"
119.84.246.117 - - [09/May/2026:05:12:05 +0800] "GET / HTTP/1.1" 200 172838 "-" "-"
119.84.246.117 - - [09/May/2026:05:12:07 +0800] "GET / HTTP/1.1" 301 5 "-" "Mozilla/5.0 (Windows; U; Windows NT 6.1; zh_CN) AppleWebKit/534.7 (KHTML, like Gecko) Chrome/18.0 BIDUBrowser/2.6 Safari/534.7"
119.84.246.117 - - [09/May/2026:05:12:07 +0800] "GET / HTTP/1.1" 200 41075 "-" "Mozilla/5.0 (Windows; U; Windows NT 6.1; zh_CN) AppleWebKit/534.7 (KHTML, like Gecko) Chrome/18.0 BIDUBrowser/2.6 Safari/534.7"
119.84.246.117 - - [09/May/2026:05:12:07 +0800] "GET /wp-content/uploads/2025/07/1751425283-qizhou.kf_.qq_.com_.webp HTTP/1.1" 200 16864 "http://cqqizhou.com/" "Mozilla/5.0 (Windows; U; Windows NT 6.1; zh_CN) AppleWebKit/534.7 (KHTML, like Gecko) Chrome/18.0 BIDUBrowser/2.6 Safari/534.7"
119.84.246.117 - - [09/May/2026:05:12:07 +0800] "GET /wp-content/uploads/2025/07/1753456723-%E5%8F%8C%E7%9B%B8%E9%92%A2roduct_Single600.webp HTTP/1.1" 200 22790 "http://cqqizhou.com/" "Mozilla/5.0 (Windows; U; Windows NT 6.1; zh_CN) AppleWebKit/534.7 (KHTML, like Gecko) Chrome/18.0 BIDUBrowser/2.6 Safari/534.7"
119.84.246.117 - - [09/May/2026:05:12:07 +0800] "GET /wp-content/uploads/2025/07/1753453096-%E5%8F%8C%E7%9B%B8%E9%92%A2product_Single600%C3%97284.webp HTTP/1.1" 200 14562 "http://cqqizhou.com/" "Mozilla/5.0 (Windows; U; Windows NT 6.1; zh_CN) AppleWebKit/534.7 (KHTML, like Gecko) Chrome/18.0 BIDUBrowser/2.6 Safari/534.7"
119.84.246.117 - - [09/May/2026:05:12:07 +0800] "GET /wp-content/uploads/2025/07/1753456770-%E7%83%AD%E9%95%80%E9%94%8C%E5%8D%B7product_Single600.webp HTTP/1.1" 200 27502 "http://cqqizhou.com/" "Mozilla/5.0 (Windows; U; Windows NT 6.1; zh_CN) AppleWebKit/534.7 (KHTML, like Gecko) Chrome/18.0 BIDUBrowser/2.6 Safari/534.7"
119.84.246.117 - - [09/May/2026:05:12:07 +0800] "GET /wp-content/uploads/2026/04/1775865780-1Article_images_W900px.webp HTTP/1.1" 200 41840 "http://cqqizhou.com/" "Mozilla/5.0 (Windows; U; Windows NT 6.1; zh_CN) AppleWebKit/534.7 (KHTML, like Gecko) Chrome/18.0 BIDUBrowser/2.6 Safari/534.7"
119.84.246.117 - - [09/May/2026:05:12:07 +0800] "GET /wp-content/uploads/2026/04/1777513410-1Article_images_W900px.webp HTTP/1.1" 200 30786 "http://cqqizhou.com/" "Mozilla/5.0 (Windows; U; Windows NT 6.1; zh_CN) AppleWebKit/534.7 (KHTML, like Gecko) Chrome/18.0 BIDUBrowser/2.6 Safari/534.7"
119.84.246.117 - - [09/May/2026:05:12:07 +0800] "GET /wp-content/uploads/2025/07/1753453127-%E4%BD%99%E5%8D%B7product_Single600%C3%97284.webp HTTP/1.1" 200 18744 "http://cqqizhou.com/" "Mozilla/5.0 (Windows; U; Windows NT 6.1; zh_CN) AppleWebKit/534.7 (KHTML, like Gecko) Chrome/18.0 BIDUBrowser/2.6 Safari/534.7"
119.84.246.117 - - [09/May/2026:05:12:07 +0800] "GET /wp-content/uploads/2026/04/1775698332-Article_images_W900px.webp HTTP/1.1" 200 49852 "http://cqqizhou.com/" "Mozilla/5.0 (Windows; U; Windows NT 6.1; zh_CN) AppleWebKit/534.7 (KHTML, like Gecko) Chrome/18.0 BIDUBrowser/2.6 Safari/534.7"
119.84.246.117 - - [09/May/2026:05:12:07 +0800] "GET /wp-content/uploads/2026/02/1769999241-4.2%E7%B1%B3%E9%AB%98%E6%A0%8F%E8%B4%A7%E8%BD%A6.webp HTTP/1.1" 200 54794 "http://cqqizhou.com/" "Mozilla/5.0 (Windows; U; Windows NT 6.1; zh_CN) AppleWebKit/534.7 (KHTML, like Gecko) Chrome/18.0 BIDUBrowser/2.6 Safari/534.7"
119.84.246.117 - - [09/May/2026:05:12:07 +0800] "GET /wp-content/uploads/2026/04/1775195054-1Article_images_W900px.webp HTTP/1.1" 200 25562 "http://cqqizhou.com/" "Mozilla/5.0 (Windows; U; Windows NT 6.1; zh_CN) AppleWebKit/534.7 (KHTML, like Gecko) Chrome/18.0 BIDUBrowser/2.6 Safari/534.7"
36.133.115.36 - - [09/May/2026:05:15:48 +0800] "POST /wp-cron.php?doing_wp_cron=1778274948.4185519218444824218750 HTTP/1.1" 200 31 "-" "WordPress/6.9; http://cqqizhou.com"
117.86.107.3 - - [09/May/2026:05:15:48 +0800] "GET / HTTP/1.0" 301 0 "-" "-"
117.86.107.3 - - [09/May/2026:05:16:30 +0800] "GET /nmaplowercheck1778274982 HTTP/1.1" 404 33744 "-" "Mozilla/5.0(WindowsNT10.0;Win64;x64)AppleWebKit/537.36(KHTML,likeGecko)Chrome/86.0.4240.111Safari/537.36"
36.133.115.36 - - [09/May/2026:05:16:30 +0800] "POST /wp-cron.php?doing_wp_cron=1778274990.3619511127471923828125 HTTP/1.1" 200 31 "-" "WordPress/6.9; http://cqqizhou.com"
117.86.107.3 - - [09/May/2026:05:16:30 +0800] "POST /sdk HTTP/1.1" 404 33744 "-" "Mozilla/5.0(WindowsNT10.0;Win64;x64)AppleWebKit/537.36(KHTML,likeGecko)Chrome/86.0.4240.111Safari/537.36"
117.86.107.3 - - [09/May/2026:05:16:31 +0800] "GET /HNAP1 HTTP/1.1" 404 33744 "-" "Mozilla/5.0(WindowsNT10.0;Win64;x64)AppleWebKit/537.36(KHTML,likeGecko)Chrome/86.0.4240.111Safari/537.36"
117.86.107.3 - - [09/May/2026:05:16:31 +0800] "GET /evox/about HTTP/1.1" 404 33744 "-" "Mozilla/5.0(WindowsNT10.0;Win64;x64)AppleWebKit/537.36(KHTML,likeGecko)Chrome/86.0.4240.111Safari/537.36"
117.86.107.3 - - [09/May/2026:05:16:35 +0800] "GET / HTTP/1.0" 301 0 "-" "-"
117.86.107.3 - - [09/May/2026:05:16:39 +0800] "HEAD / HTTP/1.1" 301 0 "-" "Mozilla/5.0(WindowsNT10.0;Win64;x64)AppleWebKit/537.36(KHTML,likeGecko)Chrome/86.0.4240.111Safari/537.36"
117.86.107.3 - - [09/May/2026:05:16:39 +0800] "GET / HTTP/1.1" 301 5 "-" "Mozilla/5.0(WindowsNT10.0;Win64;x64)AppleWebKit/537.36(KHTML,likeGecko)Chrome/86.0.4240.111Safari/537.36"
117.86.107.3 - - [09/May/2026:05:16:59 +0800] "GET / HTTP/1.0" 301 0 "-" "-"
117.86.107.3 - - [09/May/2026:05:16:59 +0800] "GET / HTTP/1.1" 301 5 "-" "-"
36.133.115.36 - - [09/May/2026:05:18:04 +0800] "POST /wp-cron.php?doing_wp_cron=1778275084.0266780853271484375000 HTTP/1.1" 200 31 "-" "WordPress/6.9; http://cqqizhou.com"
183.199.98.106 - - [09/May/2026:05:18:04 +0800] "GET /news/2522 HTTP/1.1" 301 5 "http://cqqizhou.com/" "Mozilla/5.0 (Windows NT 10.0; Win64; x64) AppleWebKit/537.36 (KHTML, like Gecko) Chrome/133.0.0.0 Safari/537.36"
36.133.115.36 - - [09/May/2026:05:18:08 +0800] "POST /wp-cron.php?doing_wp_cron=1778275088.7174150943756103515625 HTTP/1.1" 200 31 "-" "WordPress/6.9; http://cqqizhou.com"
183.199.98.106 - - [09/May/2026:05:18:08 +0800] "GET /news/2518/3article_images_w900px HTTP/1.1" 301 5 "http://cqqizhou.com/" "Mozilla/5.0 (Windows NT 10.0; Win64; x64) AppleWebKit/537.36 (KHTML, like Gecko) Chrome/133.0.0.0 Safari/537.36"
183.199.98.106 - - [09/May/2026:05:18:13 +0800] "GET /wp-content/uploads/2026/03/1772790943-3Article_images_W900px.webp HTTP/1.1" 200 37622 "http://cqqizhou.com/" "Mozilla/5.0 (Windows NT 10.0; Win64; x64) AppleWebKit/537.36 (KHTML, like Gecko) Chrome/133.0.0.0 Safari/537.36"
129.28.180.77 - - [09/May/2026:05:18:18 +0800] "GET /news/2522 HTTP/1.1" 301 5 "http://cqqizhou.com/" "Mozilla/5.0 (Windows NT 10.0; Win64; x64) AppleWebKit/537.36 (KHTML, like Gecko) Chrome/133.0.0.0 Safari/537.36"
129.28.180.77 - - [09/May/2026:05:18:20 +0800] "GET /news/2518/3article_images_w900px HTTP/1.1" 301 5 "http://cqqizhou.com/" "Mozilla/5.0 (Windows NT 10.0; Win64; x64) AppleWebKit/537.36 (KHTML, like Gecko) Chrome/133.0.0.0 Safari/537.36"
129.28.180.77 - - [09/May/2026:05:18:21 +0800] "GET /wp-content/uploads/2026/03/1772790943-3Article_images_W900px.webp HTTP/1.1" 200 37622 "http://cqqizhou.com/" "Mozilla/5.0 (Windows NT 10.0; Win64; x64) AppleWebKit/537.36 (KHTML, like Gecko) Chrome/133.0.0.0 Safari/537.36"
42.51.173.8 - - [09/May/2026:05:43:58 +0800] "GET / HTTP/1.1" 200 41075 "-" "Mozilla/5.0 (Windows NT 10.0; Win64; x64) AppleWebKit/537.36 (KHTML, like Gecko) Chrome/113.0.0.0 Safari/537.36"
36.133.115.36 - - [09/May/2026:05:49:20 +0800] "POST /wp-cron.php?doing_wp_cron=1778276960.6295430660247802734375 HTTP/1.1" 200 31 "-" "WordPress/6.9; http://cqqizhou.com"
112.132.158.16 - - [09/May/2026:05:49:20 +0800] "GET /contacts/ HTTP/1.1" 301 5 "http://cqqizhou.com/contacts/" "Mozilla/5.0 (Windows NT 10.0; Win64; x64) AppleWebKit/537.36 (KHTML, like Gecko) Chrome/136.0.0.0 Safari/537.36"
112.132.158.16 - - [09/May/2026:05:49:20 +0800] "GET http://cqqizhou.com/contacts HTTP/1.1" 200 22151 "http://cqqizhou.com/contacts/" "Mozilla/5.0 (Windows NT 10.0; Win64; x64) AppleWebKit/537.36 (KHTML, like Gecko) Chrome/136.0.0.0 Safari/537.36"
36.133.115.36 - - [09/May/2026:05:51:38 +0800] "POST /wp-cron.php?doing_wp_cron=1778277098.7973010540008544921875 HTTP/1.1" 200 31 "-" "WordPress/6.9; http://cqqizhou.com"
93.123.72.166 - - [09/May/2026:05:51:38 +0800] "GET /SDK/webLanguage HTTP/1.1" 301 5 "-" "Mozilla/5.0 (Windows NT 10.0; Win64; x64) AppleWebKit/537.36 (KHTML, like Gecko) Chrome/90.0.4430.85 Safari/537.36 Edg/90.0.818.46"
36.133.115.36 - - [09/May/2026:05:56:19 +0800] "POST /wp-cron.php?doing_wp_cron=1778277379.6163110733032226562500 HTTP/1.1" 200 31 "-" "WordPress/6.9; http://cqqizhou.com"
93.123.72.166 - - [09/May/2026:05:56:19 +0800] "GET /SDK/webLanguage HTTP/1.1" 301 5 "-" "Mozilla/5.0 (Windows NT 10.0; Win64; x64) AppleWebKit/537.36 (KHTML, like Gecko) Chrome/90.0.4430.85 Safari/537.36 Edg/90.0.818.46"
36.133.115.36 - - [09/May/2026:06:17:32 +0800] "POST /wp-cron.php?doing_wp_cron=1778278652.4757499694824218750000 HTTP/1.1" 200 31 "-" "WordPress/6.9; http://cqqizhou.com"
220.181.108.147 - - [09/May/2026:06:17:32 +0800] "GET /about/ HTTP/1.1" 301 5 "-" "Mozilla/5.0 (compatible; Baiduspider/2.0; +http://www.baidu.com/search/spider.html)"
116.179.32.86 - - [09/May/2026:06:17:32 +0800] "GET /about/ HTTP/1.1" 301 5 "-" "Mozilla/5.0 (Linux;u;Android 4.2.2;zh-cn;) AppleWebKit/534.46 (KHTML,like Gecko) Version/5.1 Mobile Safari/10600.6.3 (compatible; Baiduspider/2.0; +http://www.baidu.com/search/spider.html)"
116.179.32.37 - - [09/May/2026:06:17:32 +0800] "GET /news/portfolio-category/hot-dip-galvanized-coil HTTP/1.1" 200 21641 "-" "Mozilla/5.0 (compatible; Baiduspider/2.0; +http://www.baidu.com/search/spider.html)"
36.133.115.36 - - [09/May/2026:06:17:33 +0800] "POST /wp-cron.php?doing_wp_cron=1778278653.1274371147155761718750 HTTP/1.1" 200 31 "-" "WordPress/6.9; http://cqqizhou.com"
116.179.32.98 - - [09/May/2026:06:17:33 +0800] "GET /news/tag/%E5%90%AF%E8%88%9F%E7%AE%A1%E7%90%86 HTTP/1.1" 200 22094 "-" "Mozilla/5.0 (compatible; Baiduspider/2.0; +http://www.baidu.com/search/spider.html)"
116.179.32.131 - - [09/May/2026:06:17:33 +0800] "GET /about HTTP/1.1" 200 24666 "-" "Mozilla/5.0 (Linux;u;Android 4.2.2;zh-cn;) AppleWebKit/534.46 (KHTML,like Gecko) Version/5.1 Mobile Safari/10600.6.3 (compatible; Baiduspider/2.0; +http://www.baidu.com/search/spider.html)"
220.181.108.101 - - [09/May/2026:06:17:33 +0800] "GET /about HTTP/1.1" 200 25012 "-" "Mozilla/5.0 (compatible; Baiduspider/2.0; +http://www.baidu.com/search/spider.html)"
116.179.37.144 - - [09/May/2026:06:17:43 +0800] "GET /wp-content/uploads/2025/07/1750945444-honor300%C3%97206_2.webp HTTP/1.1" 200 71296 "http://cqqizhou.com/about" "Mozilla/5.0 (iPhone; CPU iPhone OS 9_1 like Mac OS X) AppleWebKit/601.1.46 (KHTML, like Gecko) Version/9.0 Mobile/13B143 Safari/601.1 (compatible; Baiduspider-render/2.0; +http://www.baidu.com/search/spider.html)"
116.179.37.77 - - [09/May/2026:06:17:43 +0800] "GET /wp-content/uploads/2025/07/1750671805-partner4_200x50.webp HTTP/1.1" 200 2390 "http://cqqizhou.com/about" "Mozilla/5.0 (iPhone; CPU iPhone OS 9_1 like Mac OS X) AppleWebKit/601.1.46 (KHTML, like Gecko) Version/9.0 Mobile/13B143 Safari/601.1 (compatible; Baiduspider-render/2.0; +http://www.baidu.com/search/spider.html)"
116.179.37.52 - - [09/May/2026:06:17:43 +0800] "GET /wp-content/uploads/2025/07/1750671806-partner5_200x50.webp HTTP/1.1" 200 2840 "http://cqqizhou.com/about" "Mozilla/5.0 (iPhone; CPU iPhone OS 9_1 like Mac OS X) AppleWebKit/601.1.46 (KHTML, like Gecko) Version/9.0 Mobile/13B143 Safari/601.1 (compatible; Baiduspider-render/2.0; +http://www.baidu.com/search/spider.html)"
116.179.37.75 - - [09/May/2026:06:17:43 +0800] "GET /wp-content/uploads/elementor/thumbs/1751209300-Hello-Qizhou3-r91b71mdtei8mab1rr8x739cnvi1mafuaga3vbed3o.webp HTTP/1.1" 200 39120 "http://cqqizhou.com/about" "Mozilla/5.0 (iPhone; CPU iPhone OS 9_1 like Mac OS X) AppleWebKit/601.1.46 (KHTML, like Gecko) Version/9.0 Mobile/13B143 Safari/601.1 (compatible; Baiduspider-render/2.0; +http://www.baidu.com/search/spider.html)"
36.133.115.36 - - [09/May/2026:06:31:40 +0800] "POST /wp-cron.php?doing_wp_cron=1778279500.2639119625091552734375 HTTP/1.1" 200 31 "-" "WordPress/6.9; http://cqqizhou.com"
93.123.72.166 - - [09/May/2026:06:31:40 +0800] "GET /SDK/webLanguage HTTP/1.1" 301 5 "-" "Mozilla/5.0 (Windows NT 10.0; Win64; x64) AppleWebKit/537.36 (KHTML, like Gecko) Chrome/90.0.4430.85 Safari/537.36 Edg/90.0.818.46"
36.133.115.36 - - [09/May/2026:06:41:20 +0800] "POST /wp-cron.php?doing_wp_cron=1778280080.1127159595489501953125 HTTP/1.1" 200 31 "-" "WordPress/6.9; http://cqqizhou.com"
176.65.132.43 - - [09/May/2026:06:41:20 +0800] "GET /login HTTP/1.1" 301 5 "-" "Go-http-client/1.1"
36.133.115.36 - - [09/May/2026:06:50:44 +0800] "POST /wp-cron.php?doing_wp_cron=1778280644.7483940124511718750000 HTTP/1.1" 200 31 "-" "WordPress/6.9; http://cqqizhou.com"
202.155.157.144 - - [09/May/2026:06:50:44 +0800] "POST /hello.world?%ADd+allow_url_include%3d1+%ADd+auto_prepend_file%3dphp://input HTTP/1.1" 404 33744 "-" "libredtail-http"
202.155.157.144 - - [09/May/2026:06:50:46 +0800] "POST /?%ADd+allow_url_include%3d1+%ADd+auto_prepend_file%3dphp://input HTTP/1.1" 200 158912 "-" "libredtail-http"
202.155.157.144 - - [09/May/2026:06:50:47 +0800] "GET /vendor/phpunit/phpunit/src/Util/PHP/eval-stdin.php HTTP/1.1" 404 27 "-" "libredtail-http"
202.155.157.144 - - [09/May/2026:06:50:47 +0800] "GET /vendor/phpunit/phpunit/Util/PHP/eval-stdin.php HTTP/1.1" 404 27 "-" "libredtail-http"
202.155.157.144 - - [09/May/2026:06:50:47 +0800] "GET /vendor/phpunit/src/Util/PHP/eval-stdin.php HTTP/1.1" 404 27 "-" "libredtail-http"
202.155.157.144 - - [09/May/2026:06:50:47 +0800] "GET /vendor/phpunit/Util/PHP/eval-stdin.php HTTP/1.1" 404 27 "-" "libredtail-http"
202.155.157.144 - - [09/May/2026:06:50:48 +0800] "GET /vendor/phpunit/phpunit/LICENSE/eval-stdin.php HTTP/1.1" 404 27 "-" "libredtail-http"
202.155.157.144 - - [09/May/2026:06:50:49 +0800] "GET /vendor/vendor/phpunit/phpunit/src/Util/PHP/eval-stdin.php HTTP/1.1" 404 27 "-" "libredtail-http"
202.155.157.144 - - [09/May/2026:06:50:49 +0800] "GET /phpunit/phpunit/src/Util/PHP/eval-stdin.php HTTP/1.1" 404 27 "-" "libredtail-http"
202.155.157.144 - - [09/May/2026:06:50:49 +0800] "GET /phpunit/phpunit/Util/PHP/eval-stdin.php HTTP/1.1" 404 27 "-" "libredtail-http"
202.155.157.144 - - [09/May/2026:06:50:50 +0800] "GET /phpunit/src/Util/PHP/eval-stdin.php HTTP/1.1" 404 27 "-" "libredtail-http"
202.155.157.144 - - [09/May/2026:06:50:50 +0800] "GET /phpunit/Util/PHP/eval-stdin.php HTTP/1.1" 404 27 "-" "libredtail-http"
202.155.157.144 - - [09/May/2026:06:50:51 +0800] "GET /lib/phpunit/phpunit/src/Util/PHP/eval-stdin.php HTTP/1.1" 404 27 "-" "libredtail-http"
202.155.157.144 - - [09/May/2026:06:50:51 +0800] "GET /lib/phpunit/phpunit/Util/PHP/eval-stdin.php HTTP/1.1" 404 27 "-" "libredtail-http"
202.155.157.144 - - [09/May/2026:06:50:51 +0800] "GET /lib/phpunit/src/Util/PHP/eval-stdin.php HTTP/1.1" 404 27 "-" "libredtail-http"
202.155.157.144 - - [09/May/2026:06:50:52 +0800] "GET /lib/phpunit/Util/PHP/eval-stdin.php HTTP/1.1" 404 27 "-" "libredtail-http"
202.155.157.144 - - [09/May/2026:06:50:52 +0800] "GET /lib/vendor/phpunit/phpunit/src/Util/PHP/eval-stdin.php HTTP/1.1" 404 27 "-" "libredtail-http"
202.155.157.144 - - [09/May/2026:06:50:52 +0800] "GET /laravel/vendor/phpunit/phpunit/src/Util/PHP/eval-stdin.php HTTP/1.1" 404 27 "-" "libredtail-http"
202.155.157.144 - - [09/May/2026:06:50:52 +0800] "GET /www/vendor/phpunit/phpunit/src/Util/PHP/eval-stdin.php HTTP/1.1" 404 27 "-" "libredtail-http"
202.155.157.144 - - [09/May/2026:06:50:53 +0800] "GET /ws/vendor/phpunit/phpunit/src/Util/PHP/eval-stdin.php HTTP/1.1" 404 27 "-" "libredtail-http"
202.155.157.144 - - [09/May/2026:06:50:53 +0800] "GET /yii/vendor/phpunit/phpunit/src/Util/PHP/eval-stdin.php HTTP/1.1" 404 27 "-" "libredtail-http"
202.155.157.144 - - [09/May/2026:06:50:53 +0800] "GET /zend/vendor/phpunit/phpunit/src/Util/PHP/eval-stdin.php HTTP/1.1" 404 27 "-" "libredtail-http"
202.155.157.144 - - [09/May/2026:06:50:54 +0800] "GET /ws/ec/vendor/phpunit/phpunit/src/Util/PHP/eval-stdin.php HTTP/1.1" 404 27 "-" "libredtail-http"
202.155.157.144 - - [09/May/2026:06:50:54 +0800] "GET /V2/vendor/phpunit/phpunit/src/Util/PHP/eval-stdin.php HTTP/1.1" 404 27 "-" "libredtail-http"
202.155.157.144 - - [09/May/2026:06:50:54 +0800] "GET /tests/vendor/phpunit/phpunit/src/Util/PHP/eval-stdin.php HTTP/1.1" 404 27 "-" "libredtail-http"
202.155.157.144 - - [09/May/2026:06:50:54 +0800] "GET /test/vendor/phpunit/phpunit/src/Util/PHP/eval-stdin.php HTTP/1.1" 404 27 "-" "libredtail-http"
202.155.157.144 - - [09/May/2026:06:50:55 +0800] "GET /testing/vendor/phpunit/phpunit/src/Util/PHP/eval-stdin.php HTTP/1.1" 404 27 "-" "libredtail-http"
202.155.157.144 - - [09/May/2026:06:50:55 +0800] "GET /api/vendor/phpunit/phpunit/src/Util/PHP/eval-stdin.php HTTP/1.1" 404 27 "-" "libredtail-http"
202.155.157.144 - - [09/May/2026:06:50:56 +0800] "GET /demo/vendor/phpunit/phpunit/src/Util/PHP/eval-stdin.php HTTP/1.1" 404 27 "-" "libredtail-http"
202.155.157.144 - - [09/May/2026:06:50:56 +0800] "GET /cms/vendor/phpunit/phpunit/src/Util/PHP/eval-stdin.php HTTP/1.1" 404 27 "-" "libredtail-http"
202.155.157.144 - - [09/May/2026:06:50:56 +0800] "GET /crm/vendor/phpunit/phpunit/src/Util/PHP/eval-stdin.php HTTP/1.1" 404 27 "-" "libredtail-http"
202.155.157.144 - - [09/May/2026:06:50:57 +0800] "GET /admin/vendor/phpunit/phpunit/src/Util/PHP/eval-stdin.php HTTP/1.1" 404 27 "-" "libredtail-http"
202.155.157.144 - - [09/May/2026:06:50:58 +0800] "GET /backup/vendor/phpunit/phpunit/src/Util/PHP/eval-stdin.php HTTP/1.1" 404 27 "-" "libredtail-http"
202.155.157.144 - - [09/May/2026:06:50:58 +0800] "GET /blog/vendor/phpunit/phpunit/src/Util/PHP/eval-stdin.php HTTP/1.1" 404 27 "-" "libredtail-http"
202.155.157.144 - - [09/May/2026:06:50:59 +0800] "GET /workspace/drupal/vendor/phpunit/phpunit/src/Util/PHP/eval-stdin.php HTTP/1.1" 404 27 "-" "libredtail-http"
202.155.157.144 - - [09/May/2026:06:50:59 +0800] "GET /panel/vendor/phpunit/phpunit/src/Util/PHP/eval-stdin.php HTTP/1.1" 404 27 "-" "libredtail-http"
202.155.157.144 - - [09/May/2026:06:50:59 +0800] "GET /public/vendor/phpunit/phpunit/src/Util/PHP/eval-stdin.php HTTP/1.1" 404 27 "-" "libredtail-http"
202.155.157.144 - - [09/May/2026:06:50:59 +0800] "GET /apps/vendor/phpunit/phpunit/src/Util/PHP/eval-stdin.php HTTP/1.1" 404 27 "-" "libredtail-http"
202.155.157.144 - - [09/May/2026:06:51:00 +0800] "GET /app/vendor/phpunit/phpunit/src/Util/PHP/eval-stdin.php HTTP/1.1" 404 27 "-" "libredtail-http"
202.155.157.144 - - [09/May/2026:06:51:01 +0800] "GET /index.php?s=/index/\x5Cthink\x5Capp/invokefunction&function=call_user_func_array&vars[0]=md5&vars[1][]=Hello HTTP/1.1" 200 68061 "-" "libredtail-http"
202.155.157.144 - - [09/May/2026:06:51:01 +0800] "GET /public/index.php?s=/index/\x5Cthink\x5Capp/invokefunction&function=call_user_func_array&vars[0]=md5&vars[1][]=Hello HTTP/1.1" 404 27 "-" "libredtail-http"
202.155.157.144 - - [09/May/2026:06:51:02 +0800] "GET /index.php?lang=../../../../../../../../usr/local/lib/php/pearcmd&+config-create+/&/<?echo(md5(\x22hi\x22));?>+/tmp/index1.php HTTP/1.1" 200 158912 "-" "libredtail-http"
202.155.157.144 - - [09/May/2026:06:51:04 +0800] "GET /index.php?lang=../../../../../../../../tmp/index1 HTTP/1.1" 200 158912 "-" "libredtail-http"
72.13.46.8 - - [09/May/2026:06:51:05 +0800] "GET /robots.txt HTTP/1.1" 301 5 "-" "Mozilla/5.0 (compatible; ips-agent)"
202.155.157.144 - - [09/May/2026:06:51:05 +0800] "GET /containers/json HTTP/1.1" 301 5 "-" "libredtail-http"
72.13.46.8 - - [09/May/2026:06:51:07 +0800] "GET / HTTP/1.1" 301 5 "-" "Mozilla/5.0 (compatible; ips-agent)"
202.155.157.144 - - [09/May/2026:06:51:07 +0800] "GET /containers/json HTTP/1.1" 301 5 "-" "libredtail-http"
36.133.115.36 - - [09/May/2026:06:58:20 +0800] "POST /wp-cron.php?doing_wp_cron=1778281100.3014159202575683593750 HTTP/1.1" 200 31 "-" "WordPress/6.9; http://cqqizhou.com"
93.123.72.166 - - [09/May/2026:06:58:20 +0800] "GET /SDK/webLanguage HTTP/1.1" 301 5 "-" "Mozilla/5.0 (Windows NT 10.0; Win64; x64) AppleWebKit/537.36 (KHTML, like Gecko) Chrome/90.0.4430.85 Safari/537.36 Edg/90.0.818.46"
36.133.115.36 - - [09/May/2026:07:03:40 +0800] "POST /wp-cron.php?doing_wp_cron=1778281420.7748169898986816406250 HTTP/1.1" 200 31 "-" "WordPress/6.9; http://cqqizhou.com"
75.253.43.82 - - [09/May/2026:07:03:40 +0800] "GET /2159 HTTP/1.1" 301 5 "-" "Mozilla/5.0 (Windows NT 10.0; Win64; x64) AppleWebKit/537.36 (KHTML, like Gecko) Chrome/124.0.0.0 Safari/537.36"
68.82.166.144 - - [09/May/2026:07:03:43 +0800] "GET /news/2159 HTTP/1.1" 200 29256 "-" "Mozilla/5.0 (Windows NT 10.0; Win64; x64) AppleWebKit/537.36 (KHTML, like Gecko) Chrome/124.0.0.0 Safari/537.36"
68.2.243.100 - - [09/May/2026:07:03:56 +0800] "GET /2159 HTTP/1.1" 301 5 "-" "Mozilla/5.0 (Windows NT 10.0; Win64; x64) AppleWebKit/537.36 (KHTML, like Gecko) Chrome/124.0.0.0 Safari/537.36"
24.115.184.30 - - [09/May/2026:07:03:57 +0800] "GET /news/2159 HTTP/1.1" 200 29275 "-" "Mozilla/5.0 (Windows NT 10.0; Win64; x64) AppleWebKit/537.36 (KHTML, like Gecko) Chrome/124.0.0.0 Safari/537.36"
36.133.115.36 - - [09/May/2026:07:04:16 +0800] "POST /wp-cron.php?doing_wp_cron=1778281456.4982609748840332031250 HTTP/1.1" 200 31 "-" "WordPress/6.9; http://cqqizhou.com"
23.84.52.74 - - [09/May/2026:07:04:16 +0800] "GET /2159 HTTP/1.1" 301 5 "-" "Mozilla/5.0 (Windows NT 10.0; Win64; x64) AppleWebKit/537.36 (KHTML, like Gecko) Chrome/124.0.0.0 Safari/537.36"
36.133.115.36 - - [09/May/2026:07:11:06 +0800] "POST /wp-cron.php?doing_wp_cron=1778281866.8179941177368164062500 HTTP/1.1" 200 31 "-" "WordPress/6.9; http://cqqizhou.com"
58.219.36.103 - - [09/May/2026:07:11:06 +0800] "GET /2155/ HTTP/1.1" 301 5 "-" "Mozilla/5.0 (Windows NT 10.0; Win64; x64) AppleWebKit/537.36 (KHTML, like Gecko) Chrome/107.0.0.0 Safari/537.36"
153.0.77.54 - - [09/May/2026:07:11:07 +0800] "GET /news/2155 HTTP/1.1" 200 29534 "-" "Mozilla/5.0 (Windows NT 10.0; Win64; x64) AppleWebKit/537.36 (KHTML, like Gecko) Chrome/107.0.0.0 Safari/537.36"
36.133.115.36 - - [09/May/2026:07:12:01 +0800] "POST /wp-cron.php?doing_wp_cron=1778281921.0796539783477783203125 HTTP/1.1" 200 31 "-" "WordPress/6.9; http://cqqizhou.com"
92.222.108.121 - - [09/May/2026:07:12:01 +0800] "GET /robots.txt HTTP/1.1" 200 190 "-" "Mozilla/5.0 (compatible; AhrefsBot/7.0; +http://ahrefs.com/robot/)"
36.133.115.36 - - [09/May/2026:07:24:21 +0800] "POST /wp-cron.php?doing_wp_cron=1778282661.8759651184082031250000 HTTP/1.1" 200 31 "-" "WordPress/6.9; http://cqqizhou.com"
93.123.72.166 - - [09/May/2026:07:24:21 +0800] "GET /SDK/webLanguage HTTP/1.1" 301 5 "-" "Mozilla/5.0 (Windows NT 10.0; Win64; x64) AppleWebKit/537.36 (KHTML, like Gecko) Chrome/90.0.4430.85 Safari/537.36 Edg/90.0.818.46"
36.133.115.36 - - [09/May/2026:07:31:33 +0800] "POST /wp-cron.php?doing_wp_cron=1778283093.6934919357299804687500 HTTP/1.1" 200 31 "-" "WordPress/6.9; http://cqqizhou.com"
43.153.85.46 - - [09/May/2026:07:31:33 +0800] "GET / HTTP/1.1" 200 35183 "-" "Mozilla/5.0 (iPhone; CPU iPhone OS 13_2_3 like Mac OS X) AppleWebKit/605.1.15 (KHTML, like Gecko) Version/13.0.3 Mobile/15E148 Safari/604.1"
36.133.115.36 - - [09/May/2026:07:37:09 +0800] "POST /wp-cron.php?doing_wp_cron=1778283429.3099870681762695312500 HTTP/1.1" 200 31 "-" "WordPress/6.9; http://cqqizhou.com"
51.195.183.11 - - [09/May/2026:07:37:09 +0800] "GET /news/portfolio-category/remaining-rolls HTTP/1.1" 200 21610 "-" "Mozilla/5.0 (compatible; AhrefsBot/7.0; +http://ahrefs.com/robot/)"
36.133.115.36 - - [09/May/2026:07:40:28 +0800] "POST /wp-cron.php?doing_wp_cron=1778283628.6335299015045166015625 HTTP/1.1" 200 31 "-" "WordPress/6.9; http://cqqizhou.com"
176.65.139.254 - - [09/May/2026:07:40:28 +0800] "GET / HTTP/1.0" 301 0 "-" "Shodan-Pull/1.0"
36.133.115.36 - - [09/May/2026:07:51:18 +0800] "POST /wp-cron.php?doing_wp_cron=1778284278.2952239513397216796875 HTTP/1.1" 200 31 "-" "WordPress/6.9; http://cqqizhou.com"
14.108.233.176 - - [09/May/2026:07:51:18 +0800] "GET /wp-admin/ HTTP/1.1" 302 5 "-" "Mozilla/5.0 (Windows NT 10.0; Win64; x64) AppleWebKit/537.36 (KHTML, like Gecko) Chrome/147.0.0.0 Safari/537.36 Edg/147.0.0.0"
14.108.233.176 - - [09/May/2026:07:51:19 +0800] "GET /wp-login.php?redirect_to=http%3A%2F%2Fcqqizhou.com%2Fwp-admin%2F&reauth=1 HTTP/1.1" 200 2853 "-" "Mozilla/5.0 (Windows NT 10.0; Win64; x64) AppleWebKit/537.36 (KHTML, like Gecko) Chrome/147.0.0.0 Safari/537.36 Edg/147.0.0.0"
36.133.115.36 - - [09/May/2026:07:56:40 +0800] "POST /wp-cron.php?doing_wp_cron=1778284600.2313339710235595703125 HTTP/1.1" 200 31 "-" "WordPress/6.9; http://cqqizhou.com"
14.108.233.176 - - [09/May/2026:07:56:40 +0800] "POST /wp-login.php HTTP/1.1" 302 5 "http://cqqizhou.com/wp-login.php?redirect_to=http%3A%2F%2Fcqqizhou.com%2Fwp-admin%2F&reauth=1" "Mozilla/5.0 (Windows NT 10.0; Win64; x64) AppleWebKit/537.36 (KHTML, like Gecko) Chrome/147.0.0.0 Safari/537.36 Edg/147.0.0.0"
14.108.233.176 - - [09/May/2026:07:56:49 +0800] "GET /wp-admin/ HTTP/1.1" 200 83997 "http://cqqizhou.com/wp-login.php?redirect_to=http%3A%2F%2Fcqqizhou.com%2Fwp-admin%2F&reauth=1" "Mozilla/5.0 (Windows NT 10.0; Win64; x64) AppleWebKit/537.36 (KHTML, like Gecko) Chrome/147.0.0.0 Safari/537.36 Edg/147.0.0.0"
14.108.233.176 - - [09/May/2026:07:56:49 +0800] "GET /wp-admin/load-scripts.php?c=0&load%5Bchunk_0%5D=jquery-core,jquery-migrate,utils,wp-dom-ready,wp-hooks&ver=6.9 HTTP/1.1" 200 36948 "http://cqqizhou.com/wp-admin/" "Mozilla/5.0 (Windows NT 10.0; Win64; x64) AppleWebKit/537.36 (KHTML, like Gecko) Chrome/147.0.0.0 Safari/537.36 Edg/147.0.0.0"
14.108.233.176 - - [09/May/2026:07:56:49 +0800] "GET /wp-admin/load-styles.php?c=0&dir=ltr&load%5Bchunk_0%5D=dashicons,admin-bar,site-health,common,forms,admin-menu,dashboard,list-tables,edit,revisions,media,themes,about,nav-menus,wp-poi&load%5Bchunk_1%5D=nter,widgets,site-icon,l10n,buttons,media-views,wp-color-picker,editor-buttons,wp-auth-check,wp-components,wp-commands&ver=6.9 HTTP/1.1" 200 132502 "http://cqqizhou.com/wp-admin/" "Mozilla/5.0 (Windows NT 10.0; Win64; x64) AppleWebKit/537.36 (KHTML, like Gecko) Chrome/147.0.0.0 Safari/537.36 Edg/147.0.0.0"
14.108.233.176 - - [09/May/2026:07:56:49 +0800] "GET /wp-admin/load-scripts.php?c=0&load%5Bchunk_0%5D=hoverIntent&ver=6.9 HTTP/1.1" 200 719 "http://cqqizhou.com/wp-admin/" "Mozilla/5.0 (Windows NT 10.0; Win64; x64) AppleWebKit/537.36 (KHTML, like Gecko) Chrome/147.0.0.0 Safari/537.36 Edg/147.0.0.0"
36.133.115.36 - - [09/May/2026:07:57:16 +0800] "POST /wp-cron.php?doing_wp_cron=1778284636.5390369892120361328125 HTTP/1.1" 200 31 "-" "WordPress/6.9; http://cqqizhou.com"
101.32.15.141 - - [09/May/2026:07:57:16 +0800] "GET /wp-json/ HTTP/1.1" 200 20659 "-" "Mozilla/5.0 (iPhone; CPU iPhone OS 13_2_3 like Mac OS X) AppleWebKit/605.1.15 (KHTML, like Gecko) Version/13.0.3 Mobile/15E148 Safari/604.1"
14.108.233.176 - - [09/May/2026:07:57:20 +0800] "GET /wp-admin/post-new.php HTTP/1.1" 200 203602 "http://cqqizhou.com/wp-admin/" "Mozilla/5.0 (Windows NT 10.0; Win64; x64) AppleWebKit/537.36 (KHTML, like Gecko) Chrome/147.0.0.0 Safari/537.36 Edg/147.0.0.0"
14.108.233.176 - - [09/May/2026:07:57:20 +0800] "GET /wp-admin/load-styles.php?c=0&dir=ltr&load%5Bchunk_0%5D=dashicons,admin-bar,buttons,media-views,editor-buttons,wp-components,wp-preferences,wp-block-editor,wp-reusable-blocks,wp-patter&load%5Bchunk_1%5D=ns,wp-editor,common,forms,wp-reset-editor-styles,wp-block-library,wp-block-editor-content,wp-editor-classic-layout-styles,wp-edi&load%5Bchunk_2%5D=t-blocks,wp-commands,wp-edit-post,wp-block-directory,wp-format-library,admin-menu,dashboard,list-tables,edit,revisions,media,the&load%5Bchunk_3%5D=mes,about,nav-menus,wp-pointer,widgets,site-icon,l10n,wp-color-picker,wp-auth-check,classic-theme-styles,wp-jquery-ui-dialog&ver=6.9 HTTP/1.1" 200 191997 "http://cqqizhou.com/wp-admin/post-new.php" "Mozilla/5.0 (Windows NT 10.0; Win64; x64) AppleWebKit/537.36 (KHTML, like Gecko) Chrome/147.0.0.0 Safari/537.36 Edg/147.0.0.0"
14.108.233.176 - - [09/May/2026:07:57:22 +0800] "GET /wp-json/wp/v2/comments?context=edit&post=2565&type=note&status=all&per_page=100&_locale=user HTTP/1.1" 200 33 "http://cqqizhou.com/wp-admin/post-new.php" "Mozilla/5.0 (Windows NT 10.0; Win64; x64) AppleWebKit/537.36 (KHTML, like Gecko) Chrome/147.0.0.0 Safari/537.36 Edg/147.0.0.0"
