14.108.233.176 - - [09/May/2026:08:03:49 +0800] "POST /wp-admin/admin-ajax.php HTTP/1.1" 200 112 "http://cqqizhou.com/wp-admin/post.php?post=2566&action=edit" "Mozilla/5.0 (Windows NT 10.0; Win64; x64) AppleWebKit/537.36 (KHTML, like Gecko) Chrome/147.0.0.0 Safari/537.36 Edg/147.0.0.0"
14.108.233.176 - - [09/May/2026:08:04:00 +0800] "POST /wp-admin/admin-ajax.php HTTP/1.1" 200 112 "http://cqqizhou.com/wp-admin/post.php?post=2566&action=edit" "Mozilla/5.0 (Windows NT 10.0; Win64; x64) AppleWebKit/537.36 (KHTML, like Gecko) Chrome/147.0.0.0 Safari/537.36 Edg/147.0.0.0"
36.133.115.36 - - [09/May/2026:08:04:48 +0800] "POST /wp-cron.php?doing_wp_cron=1778285088.0607368946075439453125 HTTP/1.1" 200 31 "-" "WordPress/6.9; http://cqqizhou.com"
14.108.233.176 - - [09/May/2026:08:04:48 +0800] "POST /wp-admin/admin-ajax.php HTTP/1.1" 200 112 "http://cqqizhou.com/wp-admin/post.php?post=2566&action=edit" "Mozilla/5.0 (Windows NT 10.0; Win64; x64) AppleWebKit/537.36 (KHTML, like Gecko) Chrome/147.0.0.0 Safari/537.36 Edg/147.0.0.0"
14.108.233.176 - - [09/May/2026:08:04:58 +0800] "POST /wp-admin/admin-ajax.php HTTP/1.1" 200 112 "http://cqqizhou.com/wp-admin/post.php?post=2566&action=edit" "Mozilla/5.0 (Windows NT 10.0; Win64; x64) AppleWebKit/537.36 (KHTML, like Gecko) Chrome/147.0.0.0 Safari/537.36 Edg/147.0.0.0"
36.133.115.36 - - [09/May/2026:08:06:59 +0800] "POST /wp-cron.php?doing_wp_cron=1778285219.3366060256958007812500 HTTP/1.1" 200 31 "-" "WordPress/6.9; http://cqqizhou.com"
14.108.233.176 - - [09/May/2026:08:06:59 +0800] "POST /wp-admin/admin-ajax.php HTTP/1.1" 200 112 "http://cqqizhou.com/wp-admin/post.php?post=2566&action=edit" "Mozilla/5.0 (Windows NT 10.0; Win64; x64) AppleWebKit/537.36 (KHTML, like Gecko) Chrome/147.0.0.0 Safari/537.36 Edg/147.0.0.0"
36.133.115.36 - - [09/May/2026:08:07:12 +0800] "POST /wp-cron.php?doing_wp_cron=1778285232.9256570339202880859375 HTTP/1.1" 200 31 "-" "WordPress/6.9; http://cqqizhou.com"
111.225.149.171 - - [09/May/2026:08:07:12 +0800] "GET /robots.txt HTTP/1.1" 200 190 "-" "Mozilla/5.0 (Linux; Android 5.0) AppleWebKit/537.36 (KHTML, like Gecko) Mobile Safari/537.36 (compatible; Bytespider; https://zhanzhang.toutiao.com/)"
36.133.115.36 - - [09/May/2026:08:09:00 +0800] "POST /wp-cron.php?doing_wp_cron=1778285340.3600139617919921875000 HTTP/1.1" 200 31 "-" "WordPress/6.9; http://cqqizhou.com"
14.108.233.176 - - [09/May/2026:08:09:00 +0800] "POST /wp-admin/admin-ajax.php HTTP/1.1" 200 112 "http://cqqizhou.com/wp-admin/post.php?post=2566&action=edit" "Mozilla/5.0 (Windows NT 10.0; Win64; x64) AppleWebKit/537.36 (KHTML, like Gecko) Chrome/147.0.0.0 Safari/537.36 Edg/147.0.0.0"
36.133.115.36 - - [09/May/2026:08:09:56 +0800] "POST /wp-cron.php?doing_wp_cron=1778285396.7475440502166748046875 HTTP/1.1" 200 31 "-" "WordPress/6.9; http://cqqizhou.com"
43.162.109.249 - - [09/May/2026:08:09:56 +0800] "GET /news/portfolio/remaining-rolls HTTP/1.1" 200 19307 "-" "Mozilla/5.0 (iPhone; CPU iPhone OS 13_2_3 like Mac OS X) AppleWebKit/605.1.15 (KHTML, like Gecko) Version/13.0.3 Mobile/15E148 Safari/604.1"
36.133.115.36 - - [09/May/2026:08:11:01 +0800] "POST /wp-cron.php?doing_wp_cron=1778285461.3333249092102050781250 HTTP/1.1" 200 31 "-" "WordPress/6.9; http://cqqizhou.com"
14.108.233.176 - - [09/May/2026:08:11:01 +0800] "POST /wp-admin/admin-ajax.php HTTP/1.1" 200 112 "http://cqqizhou.com/wp-admin/post.php?post=2566&action=edit" "Mozilla/5.0 (Windows NT 10.0; Win64; x64) AppleWebKit/537.36 (KHTML, like Gecko) Chrome/147.0.0.0 Safari/537.36 Edg/147.0.0.0"
36.133.115.36 - - [09/May/2026:08:13:02 +0800] "POST /wp-cron.php?doing_wp_cron=1778285582.3845129013061523437500 HTTP/1.1" 200 31 "-" "WordPress/6.9; http://cqqizhou.com"
14.108.233.176 - - [09/May/2026:08:13:02 +0800] "POST /wp-admin/admin-ajax.php HTTP/1.1" 200 112 "http://cqqizhou.com/wp-admin/post.php?post=2566&action=edit" "Mozilla/5.0 (Windows NT 10.0; Win64; x64) AppleWebKit/537.36 (KHTML, like Gecko) Chrome/147.0.0.0 Safari/537.36 Edg/147.0.0.0"
36.133.115.36 - - [09/May/2026:08:15:03 +0800] "POST /wp-cron.php?doing_wp_cron=1778285703.4531021118164062500000 HTTP/1.1" 200 31 "-" "WordPress/6.9; http://cqqizhou.com"
14.108.233.176 - - [09/May/2026:08:15:03 +0800] "POST /wp-admin/admin-ajax.php HTTP/1.1" 200 112 "http://cqqizhou.com/wp-admin/post.php?post=2566&action=edit" "Mozilla/5.0 (Windows NT 10.0; Win64; x64) AppleWebKit/537.36 (KHTML, like Gecko) Chrome/147.0.0.0 Safari/537.36 Edg/147.0.0.0"
36.133.115.36 - - [09/May/2026:08:18:09 +0800] "POST /wp-cron.php?doing_wp_cron=1778285889.6025290489196777343750 HTTP/1.1" 200 31 "-" "WordPress/6.9; http://cqqizhou.com"
23.23.171.100 - - [09/May/2026:08:18:09 +0800] "GET /wp-json/wp/v2/users HTTP/1.1" 200 284 "-" "Mozilla/5.0 (Windows NT 10.0; Win64; x64; rv:95.0) Gecko/20100101 Firefox/95.0"
23.23.171.100 - - [09/May/2026:08:18:10 +0800] "GET /wp-json/wp/v2/users?search=xtw HTTP/1.1" 200 33 "-" "Mozilla/5.0 (Windows NT 10.0; Win64; x64; rv:95.0) Gecko/20100101 Firefox/95.0"
23.23.171.100 - - [09/May/2026:08:18:31 +0800] "GET /?author=1 HTTP/1.1" 301 5 "-" "Mozilla/5.0 (Windows NT 10.0; Win64; x64; rv:98.0) Gecko/20100101 Firefox/98.0"
23.23.171.100 - - [09/May/2026:08:18:32 +0800] "GET /news/author/admin HTTP/1.1" 200 26162 "-" "Mozilla/5.0 (Windows NT 10.0; Win64; x64; rv:98.0) Gecko/20100101 Firefox/98.0"
23.23.171.100 - - [09/May/2026:08:18:54 +0800] "GET /?author=2 HTTP/1.1" 404 9581 "-" "Mozilla/5.0 (Windows NT 10.0; Win64; x64; rv:85.0) Gecko/20100101 Firefox/85.0"
36.133.115.36 - - [09/May/2026:08:19:15 +0800] "POST /wp-cron.php?doing_wp_cron=1778285955.2569670677185058593750 HTTP/1.1" 200 31 "-" "WordPress/6.9; http://cqqizhou.com"
23.23.171.100 - - [09/May/2026:08:19:15 +0800] "GET /?author=3 HTTP/1.1" 404 9581 "-" "Mozilla/5.0 (Windows NT 10.0; Win64; x64; rv:74.0) Gecko/20100101 Firefox/74.0"
23.23.171.100 - - [09/May/2026:08:19:16 +0800] "GET /?author=4 HTTP/1.1" 404 9581 "-" "Mozilla/5.0 (Windows NT 10.0; Win64; x64; rv:95.0) Gecko/20100101 Firefox/95.0"
23.23.171.100 - - [09/May/2026:08:19:38 +0800] "GET /?author=5 HTTP/1.1" 404 9581 "-" "Mozilla/5.0 (Windows NT 10.0; Win64; x64; rv:49.0) Gecko/20100101 Firefox/49.0"
23.23.171.100 - - [09/May/2026:08:20:00 +0800] "GET /?author=6 HTTP/1.1" 404 9579 "-" "Mozilla/5.0 (Windows NT 10.0; Win64; x64; rv:41.0) Gecko/20100101 Firefox/41.0"
23.23.171.100 - - [09/May/2026:08:20:01 +0800] "GET /?author=7 HTTP/1.1" 404 9580 "-" "Mozilla/5.0 (Windows NT 10.0; Win64; x64; rv:77.0) Gecko/20100101 Firefox/77.0"
36.133.115.36 - - [09/May/2026:08:20:23 +0800] "POST /wp-cron.php?doing_wp_cron=1778286023.6511449813842773437500 HTTP/1.1" 200 31 "-" "WordPress/6.9; http://cqqizhou.com"
23.23.171.100 - - [09/May/2026:08:20:23 +0800] "GET /?author=8 HTTP/1.1" 404 9580 "-" "Mozilla/5.0 (Windows NT 10.0; Win64; x64; rv:79.0) Gecko/20100101 Firefox/79.0"
23.23.171.100 - - [09/May/2026:08:20:37 +0800] "GET /?author=9 HTTP/1.1" 404 9580 "-" "Mozilla/5.0 (Windows NT 10.0; Win64; x64; rv:44.0) Gecko/20100101 Firefox/44.0"
23.23.171.100 - - [09/May/2026:08:20:58 +0800] "GET /?author=10 HTTP/1.1" 404 9580 "-" "Mozilla/5.0 (Windows NT 10.0; Win64; x64; rv:97.0) Gecko/20100101 Firefox/97.0"
36.133.115.36 - - [09/May/2026:08:21:31 +0800] "POST /wp-cron.php?doing_wp_cron=1778286091.3614199161529541015625 HTTP/1.1" 200 31 "-" "WordPress/6.9; http://cqqizhou.com"
23.23.171.100 - - [09/May/2026:08:21:31 +0800] "GET /?author=11 HTTP/1.1" 404 9580 "-" "Mozilla/5.0 (Windows NT 10.0; Win64; x64; rv:70.0) Gecko/20100101 Firefox/70.0"
23.23.171.100 - - [09/May/2026:08:22:05 +0800] "GET /?author=12 HTTP/1.1" 404 9580 "-" "Mozilla/5.0 (Windows NT 10.0; Win64; x64; rv:47.0) Gecko/20100101 Firefox/47.0"
36.133.115.36 - - [09/May/2026:08:22:38 +0800] "POST /wp-cron.php?doing_wp_cron=1778286158.5795049667358398437500 HTTP/1.1" 200 31 "-" "WordPress/6.9; http://cqqizhou.com"
23.23.171.100 - - [09/May/2026:08:22:38 +0800] "GET /?author=13 HTTP/1.1" 404 9580 "-" "Mozilla/5.0 (Windows NT 10.0; Win64; x64; rv:55.0) Gecko/20100101 Firefox/55.0"
23.23.171.100 - - [09/May/2026:08:22:52 +0800] "GET /?author=14 HTTP/1.1" 404 9580 "-" "Mozilla/5.0 (Windows NT 10.0; Win64; x64; rv:45.0) Gecko/20100101 Firefox/45.0"
36.133.115.36 - - [09/May/2026:08:23:14 +0800] "POST /wp-cron.php?doing_wp_cron=1778286194.8075129985809326171875 HTTP/1.1" 200 31 "-" "WordPress/6.9; http://cqqizhou.com"
23.23.171.100 - - [09/May/2026:08:23:14 +0800] "GET /?author=15 HTTP/1.1" 404 9581 "-" "Mozilla/5.0 (Windows NT 10.0; Win64; x64; rv:76.0) Gecko/20100101 Firefox/76.0"
94.131.64.79 - - [09/May/2026:08:36:11 +0800] "GET / HTTP/1.1" 200 41075 "-" "Mozilla/5.0 (iPad; CPU OS 18_0 like Mac OS X) AppleWebKit/605.1.15 (KHTML, like Gecko) Version/18.0 Mobile/15E148 Safari/604.1"
94.131.64.79 - - [09/May/2026:08:36:17 +0800] "GET http://cqqizhou.com/wp-content/uploads/2025/07/1751425283-qizhou.kf_.qq_.com_.webp HTTP/1.1" 200 16864 "http://cqqizhou.com" "Mozilla/5.0 (iPad; CPU OS 18_0 like Mac OS X) AppleWebKit/605.1.15 (KHTML, like Gecko) Version/18.0 Mobile/15E148 Safari/604.1"
94.131.64.79 - - [09/May/2026:08:36:17 +0800] "GET http://cqqizhou.com/wp-content/uploads/2025/07/1753456723-%E5%8F%8C%E7%9B%B8%E9%92%A2roduct_Single600.webp HTTP/1.1" 200 22790 "http://cqqizhou.com" "Mozilla/5.0 (iPad; CPU OS 18_0 like Mac OS X) AppleWebKit/605.1.15 (KHTML, like Gecko) Version/18.0 Mobile/15E148 Safari/604.1"
94.131.64.79 - - [09/May/2026:08:36:17 +0800] "GET http://cqqizhou.com/wp-content/uploads/2025/07/1753453096-%E5%8F%8C%E7%9B%B8%E9%92%A2product_Single600%C3%97284.webp HTTP/1.1" 200 14562 "http://cqqizhou.com" "Mozilla/5.0 (iPad; CPU OS 18_0 like Mac OS X) AppleWebKit/605.1.15 (KHTML, like Gecko) Version/18.0 Mobile/15E148 Safari/604.1"
94.131.64.79 - - [09/May/2026:08:36:17 +0800] "GET http://cqqizhou.com/wp-content/uploads/2025/07/1753456770-%E7%83%AD%E9%95%80%E9%94%8C%E5%8D%B7product_Single600.webp HTTP/1.1" 200 27502 "http://cqqizhou.com" "Mozilla/5.0 (iPad; CPU OS 18_0 like Mac OS X) AppleWebKit/605.1.15 (KHTML, like Gecko) Version/18.0 Mobile/15E148 Safari/604.1"
94.131.64.79 - - [09/May/2026:08:36:18 +0800] "GET http://cqqizhou.com/wp-content/uploads/2026/04/1777513410-1Article_images_W900px.webp HTTP/1.1" 200 30786 "http://cqqizhou.com" "Mozilla/5.0 (iPad; CPU OS 18_0 like Mac OS X) AppleWebKit/605.1.15 (KHTML, like Gecko) Version/18.0 Mobile/15E148 Safari/604.1"
94.131.64.79 - - [09/May/2026:08:36:18 +0800] "GET http://cqqizhou.com/wp-content/uploads/2025/07/1753453127-%E4%BD%99%E5%8D%B7product_Single600%C3%97284.webp HTTP/1.1" 200 18744 "http://cqqizhou.com" "Mozilla/5.0 (iPad; CPU OS 18_0 like Mac OS X) AppleWebKit/605.1.15 (KHTML, like Gecko) Version/18.0 Mobile/15E148 Safari/604.1"
94.131.64.79 - - [09/May/2026:08:36:18 +0800] "GET http://cqqizhou.com/wp-content/uploads/2026/04/1775865780-1Article_images_W900px.webp HTTP/1.1" 200 41840 "http://cqqizhou.com" "Mozilla/5.0 (iPad; CPU OS 18_0 like Mac OS X) AppleWebKit/605.1.15 (KHTML, like Gecko) Version/18.0 Mobile/15E148 Safari/604.1"
94.131.64.79 - - [09/May/2026:08:36:18 +0800] "GET http://cqqizhou.com/wp-content/uploads/2026/04/1775698332-Article_images_W900px.webp HTTP/1.1" 200 49852 "http://cqqizhou.com" "Mozilla/5.0 (iPad; CPU OS 18_0 like Mac OS X) AppleWebKit/605.1.15 (KHTML, like Gecko) Version/18.0 Mobile/15E148 Safari/604.1"
94.131.64.79 - - [09/May/2026:08:36:18 +0800] "GET http://cqqizhou.com/wp-content/uploads/2026/02/1769999241-4.2%E7%B1%B3%E9%AB%98%E6%A0%8F%E8%B4%A7%E8%BD%A6.webp HTTP/1.1" 200 54794 "http://cqqizhou.com" "Mozilla/5.0 (iPad; CPU OS 18_0 like Mac OS X) AppleWebKit/605.1.15 (KHTML, like Gecko) Version/18.0 Mobile/15E148 Safari/604.1"
94.131.64.79 - - [09/May/2026:08:36:18 +0800] "GET http://cqqizhou.com/wp-content/uploads/2026/04/1775195054-1Article_images_W900px.webp HTTP/1.1" 200 25562 "http://cqqizhou.com" "Mozilla/5.0 (iPad; CPU OS 18_0 like Mac OS X) AppleWebKit/605.1.15 (KHTML, like Gecko) Version/18.0 Mobile/15E148 Safari/604.1"
94.131.64.79 - - [09/May/2026:08:36:19 +0800] "GET http://cqqizhou.com/wp-content/uploads/2025/07/1753410289-News2000%C3%97400_202571.webp HTTP/1.1" 200 17830 "http://cqqizhou.com" "Mozilla/5.0 (iPad; CPU OS 18_0 like Mac OS X) AppleWebKit/605.1.15 (KHTML, like Gecko) Version/18.0 Mobile/15E148 Safari/604.1"
36.133.115.36 - - [09/May/2026:08:37:26 +0800] "POST /wp-cron.php?doing_wp_cron=1778287046.8430619239807128906250 HTTP/1.1" 200 31 "-" "WordPress/6.9; http://cqqizhou.com"
60.205.170.150 - - [09/May/2026:08:37:26 +0800] "GET / HTTP/1.1" 301 5 "-" "Python/3.11 aiohttp/3.9.1"
60.205.170.150 - - [09/May/2026:08:37:27 +0800] "GET / HTTP/1.1" 200 41075 "-" "Python/3.11 aiohttp/3.9.1"
36.133.115.36 - - [09/May/2026:08:40:54 +0800] "POST /wp-cron.php?doing_wp_cron=1778287254.6502521038055419921875 HTTP/1.1" 200 31 "-" "WordPress/6.9; http://cqqizhou.com"
112.30.182.232 - - [09/May/2026:08:40:54 +0800] "GET /contacts/ HTTP/1.1" 301 5 "-" "Mozilla/5.0 (Windows NT 10.0; Win64; x64) AppleWebKit/537.36 (KHTML, like Gecko) Chrome/136.0.0.0 Safari/537.36"
112.30.182.232 - - [09/May/2026:08:40:54 +0800] "GET http://cqqizhou.com/contacts HTTP/1.1" 200 22151 "-" "Mozilla/5.0 (Windows NT 10.0; Win64; x64) AppleWebKit/537.36 (KHTML, like Gecko) Chrome/136.0.0.0 Safari/537.36"
36.133.115.36 - - [09/May/2026:08:45:22 +0800] "POST /wp-cron.php?doing_wp_cron=1778287522.0432670116424560546875 HTTP/1.1" 200 31 "-" "WordPress/6.9; http://cqqizhou.com"
40.77.177.68 - - [09/May/2026:08:45:22 +0800] "GET /wp-json/contact-form-7/v1/contact-forms/1444/refill HTTP/1.1" 200 12 "http://cqqizhou.com/logistics/" "Mozilla/5.0 AppleWebKit/537.36 (KHTML, like Gecko; compatible; bingbot/2.0; +http://www.bing.com/bingbot.htm) Chrome/136.0.0.0 Safari/537.36"
40.77.179.237 - - [09/May/2026:08:45:23 +0800] "GET /wp-json/contact-form-7/v1/contact-forms/1444/feedback/schema HTTP/1.1" 200 1081 "http://cqqizhou.com/logistics/" "Mozilla/5.0 AppleWebKit/537.36 (KHTML, like Gecko; compatible; bingbot/2.0; +http://www.bing.com/bingbot.htm) Chrome/136.0.0.0 Safari/537.36"
43.133.187.11 - - [09/May/2026:08:45:38 +0800] "GET /wp-content/uploads/2025/07/1753453029- HTTP/1.1" 404 9581 "-" "Mozilla/5.0 (iPhone; CPU iPhone OS 13_2_3 like Mac OS X) AppleWebKit/605.1.15 (KHTML, like Gecko) Version/13.0.3 Mobile/15E148 Safari/604.1"
14.108.233.176 - - [09/May/2026:08:45:59 +0800] "POST /wp-admin/admin-ajax.php HTTP/1.1" 200 112 "http://cqqizhou.com/wp-admin/post.php?post=2566&action=edit" "Mozilla/5.0 (Windows NT 10.0; Win64; x64) AppleWebKit/537.36 (KHTML, like Gecko) Chrome/147.0.0.0 Safari/537.36 Edg/147.0.0.0"
14.108.233.176 - - [09/May/2026:08:46:01 +0800] "POST /wp-admin/admin-ajax.php HTTP/1.1" 200 32 "http://cqqizhou.com/wp-admin/post.php?post=2566&action=edit" "Mozilla/5.0 (Windows NT 10.0; Win64; x64) AppleWebKit/537.36 (KHTML, like Gecko) Chrome/147.0.0.0 Safari/537.36 Edg/147.0.0.0"
14.108.233.176 - - [09/May/2026:08:46:03 +0800] "GET /wp-admin/edit.php HTTP/1.1" 200 86235 "http://cqqizhou.com/wp-admin/upload.php" "Mozilla/5.0 (Windows NT 10.0; Win64; x64) AppleWebKit/537.36 (KHTML, like Gecko) Chrome/147.0.0.0 Safari/537.36 Edg/147.0.0.0"
14.108.233.176 - - [09/May/2026:08:46:04 +0800] "POST /wp-admin/admin-ajax.php HTTP/1.1" 200 78 "http://cqqizhou.com/wp-admin/edit.php" "Mozilla/5.0 (Windows NT 10.0; Win64; x64) AppleWebKit/537.36 (KHTML, like Gecko) Chrome/147.0.0.0 Safari/537.36 Edg/147.0.0.0"
36.133.115.36 - - [09/May/2026:08:46:14 +0800] "POST /wp-cron.php?doing_wp_cron=1778287574.9405739307403564453125 HTTP/1.1" 200 31 "-" "WordPress/6.9; http://cqqizhou.com"
14.108.233.176 - - [09/May/2026:08:46:14 +0800] "POST /wp-admin/admin-ajax.php HTTP/1.1" 200 78 "http://cqqizhou.com/wp-admin/edit.php" "Mozilla/5.0 (Windows NT 10.0; Win64; x64) AppleWebKit/537.36 (KHTML, like Gecko) Chrome/147.0.0.0 Safari/537.36 Edg/147.0.0.0"
14.108.233.176 - - [09/May/2026:08:46:22 +0800] "GET /wp-admin/post.php?post=2566&action=trash&_wpnonce=1e746236ce HTTP/1.1" 302 5 "http://cqqizhou.com/wp-admin/edit.php" "Mozilla/5.0 (Windows NT 10.0; Win64; x64) AppleWebKit/537.36 (KHTML, like Gecko) Chrome/147.0.0.0 Safari/537.36 Edg/147.0.0.0"
14.108.233.176 - - [09/May/2026:08:46:25 +0800] "POST /wp-admin/admin-ajax.php HTTP/1.1" 200 78 "http://cqqizhou.com/wp-admin/edit.php" "Mozilla/5.0 (Windows NT 10.0; Win64; x64) AppleWebKit/537.36 (KHTML, like Gecko) Chrome/147.0.0.0 Safari/537.36 Edg/147.0.0.0"
14.108.233.176 - - [09/May/2026:08:46:25 +0800] "GET /wp-admin/edit.php?trashed=1&ids=2566 HTTP/1.1" 200 86361 "http://cqqizhou.com/wp-admin/edit.php" "Mozilla/5.0 (Windows NT 10.0; Win64; x64) AppleWebKit/537.36 (KHTML, like Gecko) Chrome/147.0.0.0 Safari/537.36 Edg/147.0.0.0"
14.108.233.176 - - [09/May/2026:08:46:26 +0800] "POST /wp-admin/admin-ajax.php HTTP/1.1" 200 78 "http://cqqizhou.com/wp-admin/edit.php" "Mozilla/5.0 (Windows NT 10.0; Win64; x64) AppleWebKit/537.36 (KHTML, like Gecko) Chrome/147.0.0.0 Safari/537.36 Edg/147.0.0.0"
14.108.233.176 - - [09/May/2026:08:46:28 +0800] "POST /wp-admin/admin-ajax.php HTTP/1.1" 200 2907 "http://cqqizhou.com/wp-admin/edit.php" "Mozilla/5.0 (Windows NT 10.0; Win64; x64) AppleWebKit/537.36 (KHTML, like Gecko) Chrome/147.0.0.0 Safari/537.36 Edg/147.0.0.0"
14.108.233.176 - - [09/May/2026:08:46:31 +0800] "GET /wp-admin/edit.php?s=&post_status=all&post_type=post&_wpnonce=899df41b31&_wp_http_referer=http%3A%2F%2Fcqqizhou.com%2Fwp-admin%2Fedit.php%3Fpost_status%3Dtrash%26post_type%3Dpost&action=-1&m=0&cat=0&orderby=&order=desc&delete_all=%E6%B8%85%E7%A9%BA%E5%9B%9E%E6%94%B6%E7%AB%99&paged=1&action2=-1 HTTP/1.1" 302 5 "http://cqqizhou.com/wp-admin/edit.php?post_status=trash&post_type=post" "Mozilla/5.0 (Windows NT 10.0; Win64; x64) AppleWebKit/537.36 (KHTML, like Gecko) Chrome/147.0.0.0 Safari/537.36 Edg/147.0.0.0"
14.108.233.176 - - [09/May/2026:08:46:33 +0800] "GET /wp-admin/edit.php?post_status=trash&post_type=post&paged=1 HTTP/1.1" 200 78788 "http://cqqizhou.com/wp-admin/edit.php?post_status=trash&post_type=post" "Mozilla/5.0 (Windows NT 10.0; Win64; x64) AppleWebKit/537.36 (KHTML, like Gecko) Chrome/147.0.0.0 Safari/537.36 Edg/147.0.0.0"
14.108.233.176 - - [09/May/2026:08:46:34 +0800] "POST /wp-admin/admin-ajax.php HTTP/1.1" 200 78 "http://cqqizhou.com/wp-admin/edit.php?post_status=trash&post_type=post&paged=1" "Mozilla/5.0 (Windows NT 10.0; Win64; x64) AppleWebKit/537.36 (KHTML, like Gecko) Chrome/147.0.0.0 Safari/537.36 Edg/147.0.0.0"
14.108.233.176 - - [09/May/2026:08:46:36 +0800] "GET /wp-admin/users.php HTTP/1.1" 200 74829 "http://cqqizhou.com/wp-admin/edit.php?post_status=trash&post_type=post&paged=1" "Mozilla/5.0 (Windows NT 10.0; Win64; x64) AppleWebKit/537.36 (KHTML, like Gecko) Chrome/147.0.0.0 Safari/537.36 Edg/147.0.0.0"
14.108.233.176 - - [09/May/2026:08:46:42 +0800] "GET /wp-admin/user-new.php HTTP/1.1" 200 74232 "http://cqqizhou.com/wp-admin/users.php" "Mozilla/5.0 (Windows NT 10.0; Win64; x64) AppleWebKit/537.36 (KHTML, like Gecko) Chrome/147.0.0.0 Safari/537.36 Edg/147.0.0.0"
36.133.115.36 - - [09/May/2026:08:47:43 +0800] "POST /wp-cron.php?doing_wp_cron=1778287663.3179910182952880859375 HTTP/1.1" 200 31 "-" "WordPress/6.9; http://cqqizhou.com"
14.108.233.176 - - [09/May/2026:08:47:43 +0800] "POST /wp-admin/admin-ajax.php HTTP/1.1" 200 78 "http://cqqizhou.com/wp-admin/user-new.php" "Mozilla/5.0 (Windows NT 10.0; Win64; x64) AppleWebKit/537.36 (KHTML, like Gecko) Chrome/147.0.0.0 Safari/537.36 Edg/147.0.0.0"
180.153.236.145 - - [09/May/2026:08:49:30 +0800] "GET / HTTP/1.1" 200 41075 "http://cqqizhou.com" "User-Agent:Mozilla/5.0 (Windows NT 10.0; Win64; x64) AppleWebKit/537.36 (KHTML, like Gecko) Chrome/140.0.0.0 Safari/537.36 Edg/140.0.0.0; 360Spider"
36.133.115.36 - - [09/May/2026:08:49:43 +0800] "POST /wp-cron.php?doing_wp_cron=1778287783.3517920970916748046875 HTTP/1.1" 200 31 "-" "WordPress/6.9; http://cqqizhou.com"
14.108.233.176 - - [09/May/2026:08:49:43 +0800] "POST /wp-admin/admin-ajax.php HTTP/1.1" 200 76 "http://cqqizhou.com/wp-admin/user-new.php" "Mozilla/5.0 (Windows NT 10.0; Win64; x64) AppleWebKit/537.36 (KHTML, like Gecko) Chrome/147.0.0.0 Safari/537.36 Edg/147.0.0.0"
36.133.115.36 - - [09/May/2026:08:51:44 +0800] "POST /wp-cron.php?doing_wp_cron=1778287904.4067780971527099609375 HTTP/1.1" 200 31 "-" "WordPress/6.9; http://cqqizhou.com"
14.108.233.176 - - [09/May/2026:08:51:44 +0800] "POST /wp-admin/admin-ajax.php HTTP/1.1" 200 78 "http://cqqizhou.com/wp-admin/user-new.php" "Mozilla/5.0 (Windows NT 10.0; Win64; x64) AppleWebKit/537.36 (KHTML, like Gecko) Chrome/147.0.0.0 Safari/537.36 Edg/147.0.0.0"
36.133.115.36 - - [09/May/2026:08:53:45 +0800] "POST /wp-cron.php?doing_wp_cron=1778288025.3562750816345214843750 HTTP/1.1" 200 31 "-" "WordPress/6.9; http://cqqizhou.com"
14.108.233.176 - - [09/May/2026:08:53:45 +0800] "POST /wp-admin/admin-ajax.php HTTP/1.1" 200 78 "http://cqqizhou.com/wp-admin/user-new.php" "Mozilla/5.0 (Windows NT 10.0; Win64; x64) AppleWebKit/537.36 (KHTML, like Gecko) Chrome/147.0.0.0 Safari/537.36 Edg/147.0.0.0"
43.135.133.194 - - [09/May/2026:08:54:01 +0800] "GET /comments/feed HTTP/1.1" 200 703 "-" "Mozilla/5.0 (iPhone; CPU iPhone OS 13_2_3 like Mac OS X) AppleWebKit/605.1.15 (KHTML, like Gecko) Version/13.0.3 Mobile/15E148 Safari/604.1"
36.133.115.36 - - [09/May/2026:08:55:46 +0800] "POST /wp-cron.php?doing_wp_cron=1778288146.4056079387664794921875 HTTP/1.1" 200 31 "-" "WordPress/6.9; http://cqqizhou.com"
14.108.233.176 - - [09/May/2026:08:55:46 +0800] "POST /wp-admin/admin-ajax.php HTTP/1.1" 200 78 "http://cqqizhou.com/wp-admin/user-new.php" "Mozilla/5.0 (Windows NT 10.0; Win64; x64) AppleWebKit/537.36 (KHTML, like Gecko) Chrome/147.0.0.0 Safari/537.36 Edg/147.0.0.0"
36.133.115.36 - - [09/May/2026:08:57:47 +0800] "POST /wp-cron.php?doing_wp_cron=1778288267.3964159488677978515625 HTTP/1.1" 200 31 "-" "WordPress/6.9; http://cqqizhou.com"
14.108.233.176 - - [09/May/2026:08:57:47 +0800] "POST /wp-admin/admin-ajax.php HTTP/1.1" 200 78 "http://cqqizhou.com/wp-admin/user-new.php" "Mozilla/5.0 (Windows NT 10.0; Win64; x64) AppleWebKit/537.36 (KHTML, like Gecko) Chrome/147.0.0.0 Safari/537.36 Edg/147.0.0.0"
36.133.115.36 - - [09/May/2026:08:59:48 +0800] "POST /wp-cron.php?doing_wp_cron=1778288388.3608739376068115234375 HTTP/1.1" 200 31 "-" "WordPress/6.9; http://cqqizhou.com"
14.108.233.176 - - [09/May/2026:08:59:48 +0800] "POST /wp-admin/admin-ajax.php HTTP/1.1" 200 78 "http://cqqizhou.com/wp-admin/user-new.php" "Mozilla/5.0 (Windows NT 10.0; Win64; x64) AppleWebKit/537.36 (KHTML, like Gecko) Chrome/147.0.0.0 Safari/537.36 Edg/147.0.0.0"
36.133.115.36 - - [09/May/2026:09:01:49 +0800] "POST /wp-cron.php?doing_wp_cron=1778288509.3473269939422607421875 HTTP/1.1" 200 31 "-" "WordPress/6.9; http://cqqizhou.com"
14.108.233.176 - - [09/May/2026:09:01:49 +0800] "POST /wp-admin/admin-ajax.php HTTP/1.1" 200 78 "http://cqqizhou.com/wp-admin/user-new.php" "Mozilla/5.0 (Windows NT 10.0; Win64; x64) AppleWebKit/537.36 (KHTML, like Gecko) Chrome/147.0.0.0 Safari/537.36 Edg/147.0.0.0"
36.133.115.36 - - [09/May/2026:09:05:07 +0800] "POST /wp-cron.php?doing_wp_cron=1778288707.0408210754394531250000 HTTP/1.1" 200 31 "-" "WordPress/6.9; http://cqqizhou.com"
116.179.37.183 - - [09/May/2026:09:05:07 +0800] "GET /wp-json/oembed/1.0/embed?url=http%3A%2F%2Fcqqizhou.com%2F2418%2F HTTP/1.1" 404 100 "-" "Mozilla/5.0 (compatible; Baiduspider/2.0; +http://www.baidu.com/search/spider.html)"
36.133.115.36 - - [09/May/2026:09:06:24 +0800] "POST /wp-cron.php?doing_wp_cron=1778288784.2187449932098388671875 HTTP/1.1" 200 31 "-" "WordPress/6.9; http://cqqizhou.com"
14.108.233.176 - - [09/May/2026:09:06:24 +0800] "POST /wp-admin/admin-ajax.php HTTP/1.1" 200 78 "http://cqqizhou.com/wp-admin/user-new.php" "Mozilla/5.0 (Windows NT 10.0; Win64; x64) AppleWebKit/537.36 (KHTML, like Gecko) Chrome/147.0.0.0 Safari/537.36 Edg/147.0.0.0"
43.159.128.155 - - [09/May/2026:09:06:44 +0800] "GET /club/ HTTP/1.1" 301 5 "-" "Mozilla/5.0 (iPhone; CPU iPhone OS 13_2_3 like Mac OS X) AppleWebKit/605.1.15 (KHTML, like Gecko) Version/13.0.3 Mobile/15E148 Safari/604.1"
43.159.128.155 - - [09/May/2026:09:06:48 +0800] "GET /club HTTP/1.1" 200 12396 "http://cqqizhou.com/club/" "Mozilla/5.0 (iPhone; CPU iPhone OS 13_2_3 like Mac OS X) AppleWebKit/605.1.15 (KHTML, like Gecko) Version/13.0.3 Mobile/15E148 Safari/604.1"
36.133.115.36 - - [09/May/2026:09:08:24 +0800] "POST /wp-cron.php?doing_wp_cron=1778288904.3705489635467529296875 HTTP/1.1" 200 31 "-" "WordPress/6.9; http://cqqizhou.com"
14.108.233.176 - - [09/May/2026:09:08:24 +0800] "POST /wp-admin/admin-ajax.php HTTP/1.1" 200 78 "http://cqqizhou.com/wp-admin/user-new.php" "Mozilla/5.0 (Windows NT 10.0; Win64; x64) AppleWebKit/537.36 (KHTML, like Gecko) Chrome/147.0.0.0 Safari/537.36 Edg/147.0.0.0"
36.133.115.36 - - [09/May/2026:09:10:25 +0800] "POST /wp-cron.php?doing_wp_cron=1778289025.3695809841156005859375 HTTP/1.1" 200 31 "-" "WordPress/6.9; http://cqqizhou.com"
14.108.233.176 - - [09/May/2026:09:10:25 +0800] "POST /wp-admin/admin-ajax.php HTTP/1.1" 200 78 "http://cqqizhou.com/wp-admin/user-new.php" "Mozilla/5.0 (Windows NT 10.0; Win64; x64) AppleWebKit/537.36 (KHTML, like Gecko) Chrome/147.0.0.0 Safari/537.36 Edg/147.0.0.0"
36.133.115.36 - - [09/May/2026:09:12:26 +0800] "POST /wp-cron.php?doing_wp_cron=1778289146.3876719474792480468750 HTTP/1.1" 200 31 "-" "WordPress/6.9; http://cqqizhou.com"
14.108.233.176 - - [09/May/2026:09:12:26 +0800] "POST /wp-admin/admin-ajax.php HTTP/1.1" 200 78 "http://cqqizhou.com/wp-admin/user-new.php" "Mozilla/5.0 (Windows NT 10.0; Win64; x64) AppleWebKit/537.36 (KHTML, like Gecko) Chrome/147.0.0.0 Safari/537.36 Edg/147.0.0.0"
36.133.115.36 - - [09/May/2026:09:14:27 +0800] "POST /wp-cron.php?doing_wp_cron=1778289267.3492848873138427734375 HTTP/1.1" 200 31 "-" "WordPress/6.9; http://cqqizhou.com"
14.108.233.176 - - [09/May/2026:09:14:27 +0800] "POST /wp-admin/admin-ajax.php HTTP/1.1" 200 78 "http://cqqizhou.com/wp-admin/user-new.php" "Mozilla/5.0 (Windows NT 10.0; Win64; x64) AppleWebKit/537.36 (KHTML, like Gecko) Chrome/147.0.0.0 Safari/537.36 Edg/147.0.0.0"
36.133.115.36 - - [09/May/2026:09:15:27 +0800] "POST /wp-cron.php?doing_wp_cron=1778289327.3814530372619628906250 HTTP/1.1" 200 31 "-" "WordPress/6.9; http://cqqizhou.com"
14.108.233.176 - - [09/May/2026:09:15:27 +0800] "POST /wp-admin/admin-ajax.php HTTP/1.1" 200 78 "http://cqqizhou.com/wp-admin/user-new.php" "Mozilla/5.0 (Windows NT 10.0; Win64; x64) AppleWebKit/537.36 (KHTML, like Gecko) Chrome/147.0.0.0 Safari/537.36 Edg/147.0.0.0"
36.133.115.36 - - [09/May/2026:09:16:27 +0800] "POST /wp-cron.php?doing_wp_cron=1778289387.4026050567626953125000 HTTP/1.1" 200 31 "-" "WordPress/6.9; http://cqqizhou.com"
14.108.233.176 - - [09/May/2026:09:16:27 +0800] "POST /wp-admin/admin-ajax.php HTTP/1.1" 200 78 "http://cqqizhou.com/wp-admin/user-new.php" "Mozilla/5.0 (Windows NT 10.0; Win64; x64) AppleWebKit/537.36 (KHTML, like Gecko) Chrome/147.0.0.0 Safari/537.36 Edg/147.0.0.0"
36.133.115.36 - - [09/May/2026:09:17:13 +0800] "POST /wp-cron.php?doing_wp_cron=1778289433.9622530937194824218750 HTTP/1.1" 200 31 "-" "WordPress/6.9; http://cqqizhou.com"
14.108.233.176 - - [09/May/2026:09:17:14 +0800] "POST /wp-admin/user-new.php HTTP/1.1" 302 5 "http://cqqizhou.com/wp-admin/user-new.php" "Mozilla/5.0 (Windows NT 10.0; Win64; x64) AppleWebKit/537.36 (KHTML, like Gecko) Chrome/147.0.0.0 Safari/537.36 Edg/147.0.0.0"
14.108.233.176 - - [09/May/2026:09:17:16 +0800] "GET /wp-admin/users.php?update=add&id=2 HTTP/1.1" 200 75095 "http://cqqizhou.com/wp-admin/user-new.php" "Mozilla/5.0 (Windows NT 10.0; Win64; x64) AppleWebKit/537.36 (KHTML, like Gecko) Chrome/147.0.0.0 Safari/537.36 Edg/147.0.0.0"
36.133.115.36 - - [09/May/2026:09:18:18 +0800] "POST /wp-cron.php?doing_wp_cron=1778289498.3702900409698486328125 HTTP/1.1" 200 31 "-" "WordPress/6.9; http://cqqizhou.com"
14.108.233.176 - - [09/May/2026:09:18:18 +0800] "POST /wp-admin/admin-ajax.php HTTP/1.1" 200 78 "http://cqqizhou.com/wp-admin/users.php?id=2" "Mozilla/5.0 (Windows NT 10.0; Win64; x64) AppleWebKit/537.36 (KHTML, like Gecko) Chrome/147.0.0.0 Safari/537.36 Edg/147.0.0.0"
36.133.115.36 - - [09/May/2026:09:20:18 +0800] "POST /wp-cron.php?doing_wp_cron=1778289618.3627500534057617187500 HTTP/1.1" 200 31 "-" "WordPress/6.9; http://cqqizhou.com"
14.108.233.176 - - [09/May/2026:09:20:18 +0800] "POST /wp-admin/admin-ajax.php HTTP/1.1" 200 78 "http://cqqizhou.com/wp-admin/users.php?id=2" "Mozilla/5.0 (Windows NT 10.0; Win64; x64) AppleWebKit/537.36 (KHTML, like Gecko) Chrome/147.0.0.0 Safari/537.36 Edg/147.0.0.0"
36.133.115.36 - - [09/May/2026:09:22:19 +0800] "POST /wp-cron.php?doing_wp_cron=1778289739.5175940990447998046875 HTTP/1.1" 200 31 "-" "WordPress/6.9; http://cqqizhou.com"
14.108.233.176 - - [09/May/2026:09:22:19 +0800] "POST /wp-admin/admin-ajax.php HTTP/1.1" 200 78 "http://cqqizhou.com/wp-admin/users.php?id=2" "Mozilla/5.0 (Windows NT 10.0; Win64; x64) AppleWebKit/537.36 (KHTML, like Gecko) Chrome/147.0.0.0 Safari/537.36 Edg/147.0.0.0"
36.133.115.36 - - [09/May/2026:09:23:20 +0800] "POST /wp-cron.php?doing_wp_cron=1778289800.3853390216827392578125 HTTP/1.1" 200 31 "-" "WordPress/6.9; http://cqqizhou.com"
14.108.233.176 - - [09/May/2026:09:23:20 +0800] "POST /wp-admin/admin-ajax.php HTTP/1.1" 200 78 "http://cqqizhou.com/wp-admin/users.php?id=2" "Mozilla/5.0 (Windows NT 10.0; Win64; x64) AppleWebKit/537.36 (KHTML, like Gecko) Chrome/147.0.0.0 Safari/537.36 Edg/147.0.0.0"
36.133.115.36 - - [09/May/2026:09:24:21 +0800] "POST /wp-cron.php?doing_wp_cron=1778289861.4229319095611572265625 HTTP/1.1" 200 31 "-" "WordPress/6.9; http://cqqizhou.com"
14.108.233.176 - - [09/May/2026:09:24:21 +0800] "POST /wp-admin/admin-ajax.php HTTP/1.1" 200 78 "http://cqqizhou.com/wp-admin/users.php?id=2" "Mozilla/5.0 (Windows NT 10.0; Win64; x64) AppleWebKit/537.36 (KHTML, like Gecko) Chrome/147.0.0.0 Safari/537.36 Edg/147.0.0.0"
36.133.115.36 - - [09/May/2026:09:25:35 +0800] "POST /wp-cron.php?doing_wp_cron=1778289935.7560770511627197265625 HTTP/1.1" 200 31 "-" "WordPress/6.9; http://cqqizhou.com"
14.108.233.176 - - [09/May/2026:09:25:35 +0800] "POST /wp-admin/admin-ajax.php HTTP/1.1" 200 78 "http://cqqizhou.com/wp-admin/users.php?id=2" "Mozilla/5.0 (Windows NT 10.0; Win64; x64) AppleWebKit/537.36 (KHTML, like Gecko) Chrome/147.0.0.0 Safari/537.36 Edg/147.0.0.0"
14.108.233.176 - - [09/May/2026:09:25:38 +0800] "GET /wp-admin/upload.php HTTP/1.1" 200 73571 "http://cqqizhou.com/wp-admin/users.php?id=2" "Mozilla/5.0 (Windows NT 10.0; Win64; x64) AppleWebKit/537.36 (KHTML, like Gecko) Chrome/147.0.0.0 Safari/537.36 Edg/147.0.0.0"
14.108.233.176 - - [09/May/2026:09:25:39 +0800] "POST /wp-admin/admin-ajax.php HTTP/1.1" 200 11187 "http://cqqizhou.com/wp-admin/upload.php" "Mozilla/5.0 (Windows NT 10.0; Win64; x64) AppleWebKit/537.36 (KHTML, like Gecko) Chrome/147.0.0.0 Safari/537.36 Edg/147.0.0.0"
36.133.115.36 - - [09/May/2026:09:26:39 +0800] "POST /wp-cron.php?doing_wp_cron=1778289999.3700330257415771484375 HTTP/1.1" 200 31 "-" "WordPress/6.9; http://cqqizhou.com"
14.108.233.176 - - [09/May/2026:09:26:39 +0800] "POST /wp-admin/admin-ajax.php HTTP/1.1" 200 76 "http://cqqizhou.com/wp-admin/upload.php" "Mozilla/5.0 (Windows NT 10.0; Win64; x64) AppleWebKit/537.36 (KHTML, like Gecko) Chrome/147.0.0.0 Safari/537.36 Edg/147.0.0.0"
36.133.115.36 - - [09/May/2026:09:27:39 +0800] "POST /wp-cron.php?doing_wp_cron=1778290059.3412880897521972656250 HTTP/1.1" 200 31 "-" "WordPress/6.9; http://cqqizhou.com"
14.108.233.176 - - [09/May/2026:09:27:39 +0800] "POST /wp-admin/admin-ajax.php HTTP/1.1" 200 78 "http://cqqizhou.com/wp-admin/upload.php" "Mozilla/5.0 (Windows NT 10.0; Win64; x64) AppleWebKit/537.36 (KHTML, like Gecko) Chrome/147.0.0.0 Safari/537.36 Edg/147.0.0.0"
36.133.115.36 - - [09/May/2026:09:29:23 +0800] "POST /wp-cron.php?doing_wp_cron=1778290163.3298470973968505859375 HTTP/1.1" 200 31 "-" "WordPress/6.9; http://cqqizhou.com"
14.108.233.176 - - [09/May/2026:09:29:23 +0800] "POST /wp-admin/admin-ajax.php HTTP/1.1" 200 78 "http://cqqizhou.com/wp-admin/upload.php" "Mozilla/5.0 (Windows NT 10.0; Win64; x64) AppleWebKit/537.36 (KHTML, like Gecko) Chrome/147.0.0.0 Safari/537.36 Edg/147.0.0.0"
14.108.233.176 - - [09/May/2026:09:29:29 +0800] "GET /wp-admin/edit.php HTTP/1.1" 200 86306 "http://cqqizhou.com/wp-admin/upload.php" "Mozilla/5.0 (Windows NT 10.0; Win64; x64) AppleWebKit/537.36 (KHTML, like Gecko) Chrome/147.0.0.0 Safari/537.36 Edg/147.0.0.0"
14.108.233.176 - - [09/May/2026:09:29:30 +0800] "POST /wp-admin/admin-ajax.php HTTP/1.1" 200 78 "http://cqqizhou.com/wp-admin/edit.php" "Mozilla/5.0 (Windows NT 10.0; Win64; x64) AppleWebKit/537.36 (KHTML, like Gecko) Chrome/147.0.0.0 Safari/537.36 Edg/147.0.0.0"
14.108.233.176 - - [09/May/2026:09:29:33 +0800] "GET /wp-admin/post.php?post=2559&action=edit HTTP/1.1" 200 207119 "http://cqqizhou.com/wp-admin/edit.php" "Mozilla/5.0 (Windows NT 10.0; Win64; x64) AppleWebKit/537.36 (KHTML, like Gecko) Chrome/147.0.0.0 Safari/537.36 Edg/147.0.0.0"
14.108.233.176 - - [09/May/2026:09:29:34 +0800] "GET /wp-content/uploads/2026/04/1775865780-1Article_images_W900px.webp HTTP/1.1" 200 41840 "http://cqqizhou.com/wp-admin/post.php?post=2559&action=edit" "Mozilla/5.0 (Windows NT 10.0; Win64; x64) AppleWebKit/537.36 (KHTML, like Gecko) Chrome/147.0.0.0 Safari/537.36 Edg/147.0.0.0"
14.108.233.176 - - [09/May/2026:09:29:34 +0800] "GET /wp-content/uploads/2026/04/1777513411-2Article_images_W900px.webp HTTP/1.1" 200 50748 "http://cqqizhou.com/wp-admin/post.php?post=2559&action=edit" "Mozilla/5.0 (Windows NT 10.0; Win64; x64) AppleWebKit/537.36 (KHTML, like Gecko) Chrome/147.0.0.0 Safari/537.36 Edg/147.0.0.0"
14.108.233.176 - - [09/May/2026:09:29:35 +0800] "GET /wp-json/wp/v2/media/2560?context=view&_locale=user HTTP/1.1" 200 1062 "http://cqqizhou.com/wp-admin/post.php?post=2559&action=edit" "Mozilla/5.0 (Windows NT 10.0; Win64; x64) AppleWebKit/537.36 (KHTML, like Gecko) Chrome/147.0.0.0 Safari/537.36 Edg/147.0.0.0"
14.108.233.176 - - [09/May/2026:09:29:35 +0800] "OPTIONS /wp-json/wp/v2/settings?_locale=user HTTP/1.1" 200 1301 "http://cqqizhou.com/wp-admin/post.php?post=2559&action=edit" "Mozilla/5.0 (Windows NT 10.0; Win64; x64) AppleWebKit/537.36 (KHTML, like Gecko) Chrome/147.0.0.0 Safari/537.36 Edg/147.0.0.0"
14.108.233.176 - - [09/May/2026:09:29:35 +0800] "GET /wp-json/wp/v2/comments?context=edit&post=2559&type=note&status=all&per_page=100&_locale=user HTTP/1.1" 200 33 "http://cqqizhou.com/wp-admin/post.php?post=2559&action=edit" "Mozilla/5.0 (Windows NT 10.0; Win64; x64) AppleWebKit/537.36 (KHTML, like Gecko) Chrome/147.0.0.0 Safari/537.36 Edg/147.0.0.0"
14.108.233.176 - - [09/May/2026:09:29:35 +0800] "GET /wp-json/wp/v2/users/1?context=view&_fields=id%2Cname&_locale=user HTTP/1.1" 200 54 "http://cqqizhou.com/wp-admin/post.php?post=2559&action=edit" "Mozilla/5.0 (Windows NT 10.0; Win64; x64) AppleWebKit/537.36 (KHTML, like Gecko) Chrome/147.0.0.0 Safari/537.36 Edg/147.0.0.0"
14.108.233.176 - - [09/May/2026:09:29:35 +0800] "OPTIONS /wp-json/wp/v2/posts?_locale=user HTTP/1.1" 200 2962 "http://cqqizhou.com/wp-admin/post.php?post=2559&action=edit" "Mozilla/5.0 (Windows NT 10.0; Win64; x64) AppleWebKit/537.36 (KHTML, like Gecko) Chrome/147.0.0.0 Safari/537.36 Edg/147.0.0.0"
14.108.233.176 - - [09/May/2026:09:29:35 +0800] "GET /wp-json/wp/v2/taxonomies?context=edit&per_page=100&_locale=user HTTP/1.1" 200 1742 "http://cqqizhou.com/wp-admin/post.php?post=2559&action=edit" "Mozilla/5.0 (Windows NT 10.0; Win64; x64) AppleWebKit/537.36 (KHTML, like Gecko) Chrome/147.0.0.0 Safari/537.36 Edg/147.0.0.0"
14.108.233.176 - - [09/May/2026:09:29:36 +0800] "GET /wp-json/wp/v2/wp_pattern_category?context=view&per_page=100&_fields=id%2Cname%2Cdescription%2Cslug&_locale=user HTTP/1.1" 200 33 "http://cqqizhou.com/wp-admin/post.php?post=2559&action=edit" "Mozilla/5.0 (Windows NT 10.0; Win64; x64) AppleWebKit/537.36 (KHTML, like Gecko) Chrome/147.0.0.0 Safari/537.36 Edg/147.0.0.0"
14.108.233.176 - - [09/May/2026:09:29:36 +0800] "GET /wp-json/wp/v2/categories?context=view&per_page=100&orderby=name&order=asc&_fields=id%2Cname%2Cparent&page=1&_locale=user HTTP/1.1" 200 144 "http://cqqizhou.com/wp-admin/post.php?post=2559&action=edit" "Mozilla/5.0 (Windows NT 10.0; Win64; x64) AppleWebKit/537.36 (KHTML, like Gecko) Chrome/147.0.0.0 Safari/537.36 Edg/147.0.0.0"
14.108.233.176 - - [09/May/2026:09:29:36 +0800] "GET /wp-json/wp/v2/pages/1665?context=edit&_locale=user HTTP/1.1" 200 764 "http://cqqizhou.com/wp-admin/post.php?post=2559&action=edit" "Mozilla/5.0 (Windows NT 10.0; Win64; x64) AppleWebKit/537.36 (KHTML, like Gecko) Chrome/147.0.0.0 Safari/537.36 Edg/147.0.0.0"
14.108.233.176 - - [09/May/2026:09:29:36 +0800] "GET /wp-json/wp/v2/tags?context=view&per_page=100&_fields=id%2Cname&include=39&_locale=user HTTP/1.1" 200 73 "http://cqqizhou.com/wp-admin/post.php?post=2559&action=edit" "Mozilla/5.0 (Windows NT 10.0; Win64; x64) AppleWebKit/537.36 (KHTML, like Gecko) Chrome/147.0.0.0 Safari/537.36 Edg/147.0.0.0"
14.108.233.176 - - [09/May/2026:09:29:36 +0800] "GET /wp-json/wp/v2/tags?context=view&per_page=10&orderby=count&order=desc&hide_empty=true&_fields=id%2Cname%2Ccount&_locale=user HTTP/1.1" 200 122 "http://cqqizhou.com/wp-admin/post.php?post=2559&action=edit" "Mozilla/5.0 (Windows NT 10.0; Win64; x64) AppleWebKit/537.36 (KHTML, like Gecko) Chrome/147.0.0.0 Safari/537.36 Edg/147.0.0.0"
14.108.233.176 - - [09/May/2026:09:29:41 +0800] "GET /wp-json/wp/v2/blocks?context=edit&per_page=100&page=1&_locale=user HTTP/1.1" 200 33 "http://cqqizhou.com/wp-admin/post.php?post=2559&action=edit" "Mozilla/5.0 (Windows NT 10.0; Win64; x64) AppleWebKit/537.36 (KHTML, like Gecko) Chrome/147.0.0.0 Safari/537.36 Edg/147.0.0.0"
14.108.233.176 - - [09/May/2026:09:29:45 +0800] "POST /wp-admin/admin-ajax.php HTTP/1.1" 200 112 "http://cqqizhou.com/wp-admin/post.php?post=2559&action=edit" "Mozilla/5.0 (Windows NT 10.0; Win64; x64) AppleWebKit/537.36 (KHTML, like Gecko) Chrome/147.0.0.0 Safari/537.36 Edg/147.0.0.0"
14.108.233.176 - - [09/May/2026:09:29:46 +0800] "GET /wp-json/wp/v2/block-patterns/patterns?_locale=user HTTP/1.1" 200 19852 "http://cqqizhou.com/wp-admin/post.php?post=2559&action=edit" "Mozilla/5.0 (Windows NT 10.0; Win64; x64) AppleWebKit/537.36 (KHTML, like Gecko) Chrome/147.0.0.0 Safari/537.36 Edg/147.0.0.0"
14.108.233.176 - - [09/May/2026:09:29:55 +0800] "POST /wp-admin/admin-ajax.php HTTP/1.1" 200 112 "http://cqqizhou.com/wp-admin/post.php?post=2559&action=edit" "Mozilla/5.0 (Windows NT 10.0; Win64; x64) AppleWebKit/537.36 (KHTML, like Gecko) Chrome/147.0.0.0 Safari/537.36 Edg/147.0.0.0"
36.133.115.36 - - [09/May/2026:09:30:12 +0800] "POST /wp-cron.php?doing_wp_cron=1778290212.2664370536804199218750 HTTP/1.1" 200 31 "-" "WordPress/6.9; http://cqqizhou.com"
14.108.233.176 - - [09/May/2026:09:30:12 +0800] "POST /wp-admin/admin-ajax.php HTTP/1.1" 200 112 "http://cqqizhou.com/wp-admin/post.php?post=2559&action=edit" "Mozilla/5.0 (Windows NT 10.0; Win64; x64) AppleWebKit/537.36 (KHTML, like Gecko) Chrome/147.0.0.0 Safari/537.36 Edg/147.0.0.0"
14.108.233.176 - - [09/May/2026:09:30:13 +0800] "OPTIONS /wp-json/wp/v2/posts/?context=edit&_locale=user HTTP/1.1" 200 2962 "http://cqqizhou.com/wp-admin/post.php?post=2559&action=edit" "Mozilla/5.0 (Windows NT 10.0; Win64; x64) AppleWebKit/537.36 (KHTML, like Gecko) Chrome/147.0.0.0 Safari/537.36 Edg/147.0.0.0"
14.108.233.176 - - [09/May/2026:09:30:22 +0800] "POST /wp-admin/admin-ajax.php HTTP/1.1" 200 112 "http://cqqizhou.com/wp-admin/post.php?post=2559&action=edit" "Mozilla/5.0 (Windows NT 10.0; Win64; x64) AppleWebKit/537.36 (KHTML, like Gecko) Chrome/147.0.0.0 Safari/537.36 Edg/147.0.0.0"
14.108.233.176 - - [09/May/2026:09:30:32 +0800] "POST /wp-admin/admin-ajax.php HTTP/1.1" 200 112 "http://cqqizhou.com/wp-admin/post.php?post=2559&action=edit" "Mozilla/5.0 (Windows NT 10.0; Win64; x64) AppleWebKit/537.36 (KHTML, like Gecko) Chrome/147.0.0.0 Safari/537.36 Edg/147.0.0.0"
14.108.233.176 - - [09/May/2026:09:30:42 +0800] "POST /wp-admin/admin-ajax.php HTTP/1.1" 200 112 "http://cqqizhou.com/wp-admin/post.php?post=2559&action=edit" "Mozilla/5.0 (Windows NT 10.0; Win64; x64) AppleWebKit/537.36 (KHTML, like Gecko) Chrome/147.0.0.0 Safari/537.36 Edg/147.0.0.0"
14.108.233.176 - - [09/May/2026:09:30:52 +0800] "POST /wp-admin/admin-ajax.php HTTP/1.1" 200 112 "http://cqqizhou.com/wp-admin/post.php?post=2559&action=edit" "Mozilla/5.0 (Windows NT 10.0; Win64; x64) AppleWebKit/537.36 (KHTML, like Gecko) Chrome/147.0.0.0 Safari/537.36 Edg/147.0.0.0"
36.133.115.36 - - [09/May/2026:09:32:45 +0800] "POST /wp-cron.php?doing_wp_cron=1778290365.4677710533142089843750 HTTP/1.1" 200 31 "-" "WordPress/6.9; http://cqqizhou.com"
14.108.233.176 - - [09/May/2026:09:32:45 +0800] "POST /wp-admin/admin-ajax.php HTTP/1.1" 200 112 "http://cqqizhou.com/wp-admin/post.php?post=2559&action=edit" "Mozilla/5.0 (Windows NT 10.0; Win64; x64) AppleWebKit/537.36 (KHTML, like Gecko) Chrome/147.0.0.0 Safari/537.36 Edg/147.0.0.0"
14.108.233.176 - - [09/May/2026:09:32:55 +0800] "POST /wp-admin/admin-ajax.php HTTP/1.1" 200 112 "http://cqqizhou.com/wp-admin/post.php?post=2559&action=edit" "Mozilla/5.0 (Windows NT 10.0; Win64; x64) AppleWebKit/537.36 (KHTML, like Gecko) Chrome/147.0.0.0 Safari/537.36 Edg/147.0.0.0"
14.108.233.176 - - [09/May/2026:09:33:05 +0800] "POST /wp-admin/admin-ajax.php HTTP/1.1" 200 112 "http://cqqizhou.com/wp-admin/post.php?post=2559&action=edit" "Mozilla/5.0 (Windows NT 10.0; Win64; x64) AppleWebKit/537.36 (KHTML, like Gecko) Chrome/147.0.0.0 Safari/537.36 Edg/147.0.0.0"
36.133.115.36 - - [09/May/2026:09:33:30 +0800] "POST /wp-cron.php?doing_wp_cron=1778290410.6227309703826904296875 HTTP/1.1" 200 31 "-" "WordPress/6.9; http://cqqizhou.com"
14.108.233.176 - - [09/May/2026:09:33:30 +0800] "POST /wp-admin/admin-ajax.php HTTP/1.1" 200 112 "http://cqqizhou.com/wp-admin/post.php?post=2559&action=edit" "Mozilla/5.0 (Windows NT 10.0; Win64; x64) AppleWebKit/537.36 (KHTML, like Gecko) Chrome/147.0.0.0 Safari/537.36 Edg/147.0.0.0"
14.108.233.176 - - [09/May/2026:09:33:41 +0800] "POST /wp-admin/admin-ajax.php HTTP/1.1" 200 112 "http://cqqizhou.com/wp-admin/post.php?post=2559&action=edit" "Mozilla/5.0 (Windows NT 10.0; Win64; x64) AppleWebKit/537.36 (KHTML, like Gecko) Chrome/147.0.0.0 Safari/537.36 Edg/147.0.0.0"
36.133.115.36 - - [09/May/2026:09:34:14 +0800] "POST /wp-cron.php?doing_wp_cron=1778290454.1645479202270507812500 HTTP/1.1" 200 31 "-" "WordPress/6.9; http://cqqizhou.com"
14.108.233.176 - - [09/May/2026:09:34:14 +0800] "POST /wp-admin/admin-ajax.php HTTP/1.1" 200 112 "http://cqqizhou.com/wp-admin/post.php?post=2559&action=edit" "Mozilla/5.0 (Windows NT 10.0; Win64; x64) AppleWebKit/537.36 (KHTML, like Gecko) Chrome/147.0.0.0 Safari/537.36 Edg/147.0.0.0"
51.195.244.48 - - [09/May/2026:09:34:18 +0800] "GET /company-news/page/3 HTTP/1.1" 200 21708 "-" "Mozilla/5.0 (compatible; AhrefsBot/7.0; +http://ahrefs.com/robot/)"
14.108.233.176 - - [09/May/2026:09:34:24 +0800] "POST /wp-admin/admin-ajax.php HTTP/1.1" 200 112 "http://cqqizhou.com/wp-admin/post.php?post=2559&action=edit" "Mozilla/5.0 (Windows NT 10.0; Win64; x64) AppleWebKit/537.36 (KHTML, like Gecko) Chrome/147.0.0.0 Safari/537.36 Edg/147.0.0.0"
14.108.233.176 - - [09/May/2026:09:34:34 +0800] "POST /wp-admin/admin-ajax.php HTTP/1.1" 200 112 "http://cqqizhou.com/wp-admin/post.php?post=2559&action=edit" "Mozilla/5.0 (Windows NT 10.0; Win64; x64) AppleWebKit/537.36 (KHTML, like Gecko) Chrome/147.0.0.0 Safari/537.36 Edg/147.0.0.0"
14.108.233.176 - - [09/May/2026:09:34:36 +0800] "POST /wp-json/wp/v2/posts/2559/autosaves?_locale=user HTTP/1.1" 200 2265 "http://cqqizhou.com/wp-admin/post.php?post=2559&action=edit" "Mozilla/5.0 (Windows NT 10.0; Win64; x64) AppleWebKit/537.36 (KHTML, like Gecko) Chrome/147.0.0.0 Safari/537.36 Edg/147.0.0.0"
14.108.233.176 - - [09/May/2026:09:34:53 +0800] "POST /wp-admin/admin-ajax.php HTTP/1.1" 200 112 "http://cqqizhou.com/wp-admin/post.php?post=2559&action=edit" "Mozilla/5.0 (Windows NT 10.0; Win64; x64) AppleWebKit/537.36 (KHTML, like Gecko) Chrome/147.0.0.0 Safari/537.36 Edg/147.0.0.0"
14.108.233.176 - - [09/May/2026:09:35:04 +0800] "POST /wp-admin/admin-ajax.php HTTP/1.1" 200 112 "http://cqqizhou.com/wp-admin/post.php?post=2559&action=edit" "Mozilla/5.0 (Windows NT 10.0; Win64; x64) AppleWebKit/537.36 (KHTML, like Gecko) Chrome/147.0.0.0 Safari/537.36 Edg/147.0.0.0"
36.133.115.36 - - [09/May/2026:09:37:05 +0800] "POST /wp-cron.php?doing_wp_cron=1778290625.3842101097106933593750 HTTP/1.1" 200 31 "-" "WordPress/6.9; http://cqqizhou.com"
14.108.233.176 - - [09/May/2026:09:37:05 +0800] "POST /wp-admin/admin-ajax.php HTTP/1.1" 200 112 "http://cqqizhou.com/wp-admin/post.php?post=2559&action=edit" "Mozilla/5.0 (Windows NT 10.0; Win64; x64) AppleWebKit/537.36 (KHTML, like Gecko) Chrome/147.0.0.0 Safari/537.36 Edg/147.0.0.0"
36.133.115.36 - - [09/May/2026:09:37:30 +0800] "POST /wp-cron.php?doing_wp_cron=1778290650.4653038978576660156250 HTTP/1.1" 200 31 "-" "WordPress/6.9; http://cqqizhou.com"
14.108.233.176 - - [09/May/2026:09:37:30 +0800] "POST /wp-admin/admin-ajax.php HTTP/1.1" 200 112 "http://cqqizhou.com/wp-admin/post.php?post=2559&action=edit" "Mozilla/5.0 (Windows NT 10.0; Win64; x64) AppleWebKit/537.36 (KHTML, like Gecko) Chrome/147.0.0.0 Safari/537.36 Edg/147.0.0.0"
14.108.233.176 - - [09/May/2026:09:37:35 +0800] "POST /wp-json/wp/v2/users/me?_locale=user HTTP/1.1" 200 993 "http://cqqizhou.com/wp-admin/post.php?post=2559&action=edit" "Mozilla/5.0 (Windows NT 10.0; Win64; x64) AppleWebKit/537.36 (KHTML, like Gecko) Chrome/147.0.0.0 Safari/537.36 Edg/147.0.0.0"
14.108.233.176 - - [09/May/2026:09:37:40 +0800] "POST /wp-admin/admin-ajax.php HTTP/1.1" 200 112 "http://cqqizhou.com/wp-admin/post.php?post=2559&action=edit" "Mozilla/5.0 (Windows NT 10.0; Win64; x64) AppleWebKit/537.36 (KHTML, like Gecko) Chrome/147.0.0.0 Safari/537.36 Edg/147.0.0.0"
36.133.115.36 - - [09/May/2026:09:39:41 +0800] "POST /wp-cron.php?doing_wp_cron=1778290781.3925600051879882812500 HTTP/1.1" 200 31 "-" "WordPress/6.9; http://cqqizhou.com"
14.108.233.176 - - [09/May/2026:09:39:41 +0800] "POST /wp-admin/admin-ajax.php HTTP/1.1" 200 112 "http://cqqizhou.com/wp-admin/post.php?post=2559&action=edit" "Mozilla/5.0 (Windows NT 10.0; Win64; x64) AppleWebKit/537.36 (KHTML, like Gecko) Chrome/147.0.0.0 Safari/537.36 Edg/147.0.0.0"
36.133.115.36 - - [09/May/2026:09:40:15 +0800] "POST /wp-cron.php?doing_wp_cron=1778290815.3923759460449218750000 HTTP/1.1" 200 31 "-" "WordPress/6.9; http://cqqizhou.com"
219.159.132.209 - - [09/May/2026:09:40:15 +0800] "GET /services/ HTTP/1.1" 301 5 "-" "Mozilla/5.0 (Windows NT 10.0; Win64; x64) AppleWebKit/537.36 (KHTML, like Gecko) Chrome/138.0.0.0 Safari/537.36"
219.159.132.209 - - [09/May/2026:09:40:15 +0800] "GET http://cqqizhou.com/services HTTP/1.1" 200 32229 "-" "Mozilla/5.0 (Windows NT 10.0; Win64; x64) AppleWebKit/537.36 (KHTML, like Gecko) Chrome/138.0.0.0 Safari/537.36"
36.133.115.36 - - [09/May/2026:09:41:37 +0800] "POST /wp-cron.php?doing_wp_cron=1778290897.7609450817108154296875 HTTP/1.1" 200 31 "-" "WordPress/6.9; http://cqqizhou.com"
14.108.233.176 - - [09/May/2026:09:41:37 +0800] "POST /wp-admin/admin-ajax.php HTTP/1.1" 200 112 "http://cqqizhou.com/wp-admin/post.php?post=2559&action=edit" "Mozilla/5.0 (Windows NT 10.0; Win64; x64) AppleWebKit/537.36 (KHTML, like Gecko) Chrome/147.0.0.0 Safari/537.36 Edg/147.0.0.0"
14.108.233.176 - - [09/May/2026:09:41:39 +0800] "POST /wp-json/wp/v2/users/me?_locale=user HTTP/1.1" 200 993 "http://cqqizhou.com/wp-admin/post.php?post=2559&action=edit" "Mozilla/5.0 (Windows NT 10.0; Win64; x64) AppleWebKit/537.36 (KHTML, like Gecko) Chrome/147.0.0.0 Safari/537.36 Edg/147.0.0.0"
14.108.233.176 - - [09/May/2026:09:41:47 +0800] "POST /wp-admin/admin-ajax.php HTTP/1.1" 200 112 "http://cqqizhou.com/wp-admin/post.php?post=2559&action=edit" "Mozilla/5.0 (Windows NT 10.0; Win64; x64) AppleWebKit/537.36 (KHTML, like Gecko) Chrome/147.0.0.0 Safari/537.36 Edg/147.0.0.0"
14.108.233.176 - - [09/May/2026:09:41:57 +0800] "POST /wp-admin/admin-ajax.php HTTP/1.1" 200 112 "http://cqqizhou.com/wp-admin/post.php?post=2559&action=edit" "Mozilla/5.0 (Windows NT 10.0; Win64; x64) AppleWebKit/537.36 (KHTML, like Gecko) Chrome/147.0.0.0 Safari/537.36 Edg/147.0.0.0"
14.108.233.176 - - [09/May/2026:09:42:07 +0800] "POST /wp-admin/admin-ajax.php HTTP/1.1" 200 112 "http://cqqizhou.com/wp-admin/post.php?post=2559&action=edit" "Mozilla/5.0 (Windows NT 10.0; Win64; x64) AppleWebKit/537.36 (KHTML, like Gecko) Chrome/147.0.0.0 Safari/537.36 Edg/147.0.0.0"
36.133.115.36 - - [09/May/2026:09:42:18 +0800] "POST /wp-cron.php?doing_wp_cron=1778290938.5167090892791748046875 HTTP/1.1" 200 31 "-" "WordPress/6.9; http://cqqizhou.com"
14.108.233.176 - - [09/May/2026:09:42:18 +0800] "POST /wp-admin/admin-ajax.php HTTP/1.1" 200 112 "http://cqqizhou.com/wp-admin/post.php?post=2559&action=edit" "Mozilla/5.0 (Windows NT 10.0; Win64; x64) AppleWebKit/537.36 (KHTML, like Gecko) Chrome/147.0.0.0 Safari/537.36 Edg/147.0.0.0"
36.133.115.36 - - [09/May/2026:09:43:39 +0800] "POST /wp-cron.php?doing_wp_cron=1778291019.8233330249786376953125 HTTP/1.1" 200 31 "-" "WordPress/6.9; http://cqqizhou.com"
14.108.233.176 - - [09/May/2026:09:43:39 +0800] "POST /wp-admin/admin-ajax.php HTTP/1.1" 200 112 "http://cqqizhou.com/wp-admin/post.php?post=2559&action=edit" "Mozilla/5.0 (Windows NT 10.0; Win64; x64) AppleWebKit/537.36 (KHTML, like Gecko) Chrome/147.0.0.0 Safari/537.36 Edg/147.0.0.0"
14.108.233.176 - - [09/May/2026:09:43:49 +0800] "POST /wp-admin/admin-ajax.php HTTP/1.1" 200 112 "http://cqqizhou.com/wp-admin/post.php?post=2559&action=edit" "Mozilla/5.0 (Windows NT 10.0; Win64; x64) AppleWebKit/537.36 (KHTML, like Gecko) Chrome/147.0.0.0 Safari/537.36 Edg/147.0.0.0"
14.108.233.176 - - [09/May/2026:09:43:49 +0800] "GET /wp-json/wp/v2/media/2555?context=view&_locale=user HTTP/1.1" 200 1062 "http://cqqizhou.com/wp-admin/post.php?post=2559&action=edit" "Mozilla/5.0 (Windows NT 10.0; Win64; x64) AppleWebKit/537.36 (KHTML, like Gecko) Chrome/147.0.0.0 Safari/537.36 Edg/147.0.0.0"
