HEX
Server: nginx/1.16.1
System: Linux ecs-04358622 4.19.90-2107.6.0.0100.oe1.bclinux.x86_64 #1 SMP Wed Dec 1 19:59:44 CST 2021 x86_64
User: nginx (994)
PHP: 8.0.0
Disabled: NONE
Upload Files
File: /home/logs/cqqizhou_access_2026-05-04.log
36.133.115.36 - - [04/May/2026:00:10:30 +0800] "POST /wp-cron.php?doing_wp_cron=1777824630.8378379344940185546875 HTTP/1.1" 200 31 "-" "WordPress/6.9; http://cqqizhou.com"
151.240.151.99 - - [04/May/2026:00:10:30 +0800] "GET / HTTP/1.1" 301 5 "-" "Go-http-client/1.1"
151.240.151.99 - - [04/May/2026:00:10:32 +0800] "GET / HTTP/1.1" 200 35623 "http://36.133.115.36" "Go-http-client/1.1"
36.133.115.36 - - [04/May/2026:01:36:44 +0800] "POST /wp-cron.php?doing_wp_cron=1777829804.0675899982452392578125 HTTP/1.1" 200 31 "-" "WordPress/6.9; http://cqqizhou.com"
115.159.33.43 - - [04/May/2026:01:36:44 +0800] "GET / HTTP/1.1" 301 5 "-" "Mozilla/5.0 (Windows NT 10.0; Win64; x64) AppleWebKit/537.36 (KHTML, like Gecko) Chrome/79.0.3945.117 Safari/537.36"
36.133.115.36 - - [04/May/2026:01:44:13 +0800] "POST /wp-cron.php?doing_wp_cron=1777830253.7971630096435546875000 HTTP/1.1" 200 31 "-" "WordPress/6.9; http://cqqizhou.com"
34.62.196.247 - - [04/May/2026:01:44:13 +0800] "GET / HTTP/1.1" 301 5 "-" "python-requests/2.32.5"
36.133.115.36 - - [04/May/2026:01:51:56 +0800] "POST /wp-cron.php?doing_wp_cron=1777830716.0599200725555419921875 HTTP/1.1" 200 31 "-" "WordPress/6.9; http://cqqizhou.com"
116.76.38.134 - - [04/May/2026:01:51:56 +0800] "GET /robots.txt HTTP/1.1" 200 190 "-" "Mozilla/5.0 (Windows NT 10.0; WOW64) AppleWebKit/537.36 (KHTML, like Gecko) Chrome/59.0.3831.106 UBrowser/6.2.3964.2 Safari/537.36"
36.133.115.36 - - [04/May/2026:02:27:16 +0800] "POST /wp-cron.php?doing_wp_cron=1777832836.3994579315185546875000 HTTP/1.1" 200 31 "-" "WordPress/6.9; http://cqqizhou.com"
74.7.227.57 - - [04/May/2026:02:27:16 +0800] "GET /wp-sitemap.xml HTTP/1.1" 501 253 "-" "Mozilla/5.0 AppleWebKit/537.36 (KHTML, like Gecko; compatible; GPTBot/1.3; +https://openai.com/gptbot)"
36.133.115.36 - - [04/May/2026:02:51:50 +0800] "POST /wp-cron.php?doing_wp_cron=1777834310.1855590343475341796875 HTTP/1.1" 200 31 "-" "WordPress/6.9; http://cqqizhou.com"
20.168.12.63 - - [04/May/2026:02:51:50 +0800] "GET /ReportServer HTTP/1.1" 404 9579 "-" "Mozilla/5.0 zgrab/0.x"
36.133.115.36 - - [04/May/2026:03:55:58 +0800] "POST /wp-cron.php?doing_wp_cron=1777838158.5328569412231445312500 HTTP/1.1" 200 31 "-" "WordPress/6.9; http://cqqizhou.com"
176.65.132.43 - - [04/May/2026:03:55:58 +0800] "GET /login HTTP/1.1" 301 5 "-" "Go-http-client/1.1"
176.65.132.43 - - [04/May/2026:03:55:59 +0800] "GET /login HTTP/1.1" 302 5 "http://36.133.115.36:80/login" "Go-http-client/1.1"
176.65.132.43 - - [04/May/2026:03:56:01 +0800] "GET /wp-login.php HTTP/1.1" 200 2853 "http://36.133.115.36/login" "Go-http-client/1.1"
36.133.115.36 - - [04/May/2026:04:10:00 +0800] "POST /wp-cron.php?doing_wp_cron=1777839000.4749939441680908203125 HTTP/1.1" 200 31 "-" "WordPress/6.9; http://cqqizhou.com"
111.225.149.56 - - [04/May/2026:04:10:00 +0800] "GET /robots.txt HTTP/1.1" 200 190 "-" "Mozilla/5.0 (Linux; Android 5.0) AppleWebKit/537.36 (KHTML, like Gecko) Mobile Safari/537.36 (compatible; Bytespider; https://zhanzhang.toutiao.com/)"
36.133.115.36 - - [04/May/2026:04:30:27 +0800] "POST /wp-cron.php?doing_wp_cron=1777840227.8046538829803466796875 HTTP/1.1" 200 31 "-" "WordPress/6.9; http://cqqizhou.com"
222.189.81.254 - - [04/May/2026:04:30:27 +0800] "GET /services/qzgyl@cq-qizhou.com HTTP/1.1" 404 9580 "-" "Mozilla/5.0 (Macintosh; Intel Mac OS X 10_15_7) AppleWebKit/537.36 (KHTML, like Gecko) Chrome/140.0.0.0 Safari/537.36"
36.133.115.36 - - [04/May/2026:04:41:59 +0800] "POST /wp-cron.php?doing_wp_cron=1777840919.4023840427398681640625 HTTP/1.1" 200 31 "-" "WordPress/6.9; http://cqqizhou.com"
194.187.178.67 - - [04/May/2026:04:41:59 +0800] "GET / HTTP/1.1" 301 5 "-" "Mozilla/5.0 (Windows NT 10.0; Win64; x64; rv:65.0) Gecko/20100101 Firefox/65.0"
194.187.178.152 - - [04/May/2026:04:42:00 +0800] "GET / HTTP/1.1" 200 35623 "http://36.133.115.36:80/" "Mozilla/5.0 (Windows NT 10.0; Win64; x64; rv:65.0) Gecko/20100101 Firefox/65.0"
64.225.77.120 - - [04/May/2026:04:53:52 +0800] "GET / HTTP/1.1" 200 35623 "-" "Mozilla/5.0 (X11; Linux x86_64) AppleWebKit/537.36 (KHTML, like Gecko) Chrome/142.0.0.0 Safari/537.36"
36.133.115.36 - - [04/May/2026:05:07:00 +0800] "POST /wp-cron.php?doing_wp_cron=1777842420.4984309673309326171875 HTTP/1.1" 200 31 "-" "WordPress/6.9; http://cqqizhou.com"
66.249.74.8 - - [04/May/2026:05:07:00 +0800] "GET /news/2164 HTTP/1.1" 200 20159 "-" "Mozilla/5.0 (Linux; Android 6.0.1; Nexus 5X Build/MMB29P) AppleWebKit/537.36 (KHTML, like Gecko) Chrome/147.0.7727.137 Mobile Safari/537.36 (compatible; Googlebot/2.1; +http://www.google.com/bot.html)"
36.133.115.36 - - [04/May/2026:05:09:56 +0800] "POST /wp-cron.php?doing_wp_cron=1777842596.6119918823242187500000 HTTP/1.1" 200 31 "-" "WordPress/6.9; http://cqqizhou.com"
35.246.101.20 - - [04/May/2026:05:09:56 +0800] "GET / HTTP/1.1" 301 5 "-" "Go-http-client/1.1"
35.246.101.20 - - [04/May/2026:05:09:57 +0800] "GET / HTTP/1.1" 200 35623 "http://36.133.115.36" "Go-http-client/1.1"
36.133.115.36 - - [04/May/2026:05:26:19 +0800] "POST /wp-cron.php?doing_wp_cron=1777843579.7618029117584228515625 HTTP/1.1" 200 31 "-" "WordPress/6.9; http://cqqizhou.com"
43.153.12.58 - - [04/May/2026:05:26:19 +0800] "GET / HTTP/1.1" 200 35183 "-" "Mozilla/5.0 (iPhone; CPU iPhone OS 13_2_3 like Mac OS X) AppleWebKit/605.1.15 (KHTML, like Gecko) Version/13.0.3 Mobile/15E148 Safari/604.1"
36.133.115.36 - - [04/May/2026:05:30:21 +0800] "POST /wp-cron.php?doing_wp_cron=1777843821.5507481098175048828125 HTTP/1.1" 200 31 "-" "WordPress/6.9; http://cqqizhou.com"
45.148.10.67 - - [04/May/2026:05:30:21 +0800] "GET / HTTP/1.1" 200 35183 "-" "Mozilla/5.0 (Windows NT 10.0; Win64; x64) AppleWebKit/537.36 (KHTML, like Gecko) Chrome/131.0.0.0 Safari/537.36"
183.143.58.215 - - [04/May/2026:05:44:04 +0800] "GET /wp-content/uploads/2025/07/1750945514-honor300%C3%97206_3.webp HTTP/1.1" 200 74124 "http://cqqizhou.com/" "Mozilla/5.0 (Windows NT 10.0; Win64; x64) AppleWebKit/537.36 (KHTML, like Gecko) Chrome/116.0.0.0 Safari/537.36"
183.143.58.215 - - [04/May/2026:05:44:04 +0800] "GET /wp-content/uploads/2026/01/1769513871-Article_images_W900%C3%97500px202601273.webp HTTP/1.1" 200 61532 "http://cqqizhou.com/" "Mozilla/5.0 (Windows NT 10.0; Win64; x64) AppleWebKit/537.36 (KHTML, like Gecko) Chrome/116.0.0.0 Safari/537.36"
36.133.115.36 - - [04/May/2026:05:44:05 +0800] "POST /wp-cron.php?doing_wp_cron=1777844644.9754590988159179687500 HTTP/1.1" 200 31 "-" "WordPress/6.9; http://cqqizhou.com"
183.143.58.215 - - [04/May/2026:05:44:05 +0800] "GET /news/2521 HTTP/1.1" 301 5 "http://cqqizhou.com/" "Mozilla/5.0 (Windows NT 10.0; Win64; x64) AppleWebKit/537.36 (KHTML, like Gecko) Chrome/133.0.0.0 Safari/537.36"
183.143.58.215 - - [04/May/2026:05:44:05 +0800] "GET /news/2518/1article_images_w900px HTTP/1.1" 301 5 "http://cqqizhou.com/" "Mozilla/5.0 (Windows NT 10.0; Win64; x64) AppleWebKit/537.36 (KHTML, like Gecko) Chrome/133.0.0.0 Safari/537.36"
183.143.58.215 - - [04/May/2026:05:44:06 +0800] "GET /wp-content/uploads/2026/03/1772790943-1Article_images_W900px.webp HTTP/1.1" 200 35332 "http://cqqizhou.com/" "Mozilla/5.0 (Windows NT 10.0; Win64; x64) AppleWebKit/537.36 (KHTML, like Gecko) Chrome/133.0.0.0 Safari/537.36"
36.133.115.36 - - [04/May/2026:05:44:19 +0800] "POST /wp-cron.php?doing_wp_cron=1777844659.7954399585723876953125 HTTP/1.1" 200 31 "-" "WordPress/6.9; http://cqqizhou.com"
43.138.130.24 - - [04/May/2026:05:44:19 +0800] "GET /news/2521 HTTP/1.1" 301 5 "http://cqqizhou.com/" "Mozilla/5.0 (Windows NT 10.0; Win64; x64) AppleWebKit/537.36 (KHTML, like Gecko) Chrome/133.0.0.0 Safari/537.36"
43.138.130.24 - - [04/May/2026:05:44:20 +0800] "GET /news/2518/1article_images_w900px HTTP/1.1" 301 5 "http://cqqizhou.com/" "Mozilla/5.0 (Windows NT 10.0; Win64; x64) AppleWebKit/537.36 (KHTML, like Gecko) Chrome/133.0.0.0 Safari/537.36"
43.138.130.24 - - [04/May/2026:05:44:21 +0800] "GET /wp-content/uploads/2026/03/1772790943-1Article_images_W900px.webp HTTP/1.1" 200 35332 "http://cqqizhou.com/" "Mozilla/5.0 (Windows NT 10.0; Win64; x64) AppleWebKit/537.36 (KHTML, like Gecko) Chrome/133.0.0.0 Safari/537.36"
34.39.3.15 - - [04/May/2026:05:44:47 +0800] "GET / HTTP/1.1" 301 5 "-" "Go-http-client/1.1"
34.39.3.15 - - [04/May/2026:05:44:48 +0800] "GET / HTTP/1.1" 200 35623 "http://36.133.115.36" "Go-http-client/1.1"
34.72.176.129 - - [04/May/2026:06:03:49 +0800] "GET / HTTP/1.1" 200 35623 "-" "Mozilla/5.0 (X11; Linux x86_64) AppleWebKit/537.36 (KHTML, like Gecko) HeadlessChrome/125.0.6422.60 Safari/537.36"
34.72.176.129 - - [04/May/2026:06:03:51 +0800] "GET /wp-content/uploads/2025/07/1751425283-qizhou.kf_.qq_.com_.webp HTTP/1.1" 200 16864 "http://cqqizhou.com/" "Mozilla/5.0 (X11; Linux x86_64) AppleWebKit/537.36 (KHTML, like Gecko) HeadlessChrome/125.0.6422.60 Safari/537.36"
34.72.176.129 - - [04/May/2026:06:03:54 +0800] "GET /wp-content/uploads/2026/04/1775698332-Article_images_W900px.webp HTTP/1.1" 200 49852 "http://cqqizhou.com/" "Mozilla/5.0 (X11; Linux x86_64) AppleWebKit/537.36 (KHTML, like Gecko) HeadlessChrome/125.0.6422.60 Safari/537.36"
104.197.69.115 - - [04/May/2026:06:03:54 +0800] "GET /wp-content/uploads/2026/02/1769999241-4.2%E7%B1%B3%E9%AB%98%E6%A0%8F%E8%B4%A7%E8%BD%A6.webp HTTP/1.1" 200 54794 "http://cqqizhou.com/" "Mozilla/5.0 (X11; Linux x86_64) AppleWebKit/537.36 (KHTML, like Gecko) HeadlessChrome/125.0.6422.60 Safari/537.36"
34.72.176.129 - - [04/May/2026:06:03:54 +0800] "GET /wp-content/uploads/2026/04/1775865780-1Article_images_W900px.webp HTTP/1.1" 200 41840 "http://cqqizhou.com/" "Mozilla/5.0 (X11; Linux x86_64) AppleWebKit/537.36 (KHTML, like Gecko) HeadlessChrome/125.0.6422.60 Safari/537.36"
34.72.176.129 - - [04/May/2026:06:03:54 +0800] "GET /wp-content/uploads/2026/04/1777513410-1Article_images_W900px.webp HTTP/1.1" 200 30786 "http://cqqizhou.com/" "Mozilla/5.0 (X11; Linux x86_64) AppleWebKit/537.36 (KHTML, like Gecko) HeadlessChrome/125.0.6422.60 Safari/537.36"
34.72.176.129 - - [04/May/2026:06:03:54 +0800] "GET /wp-content/uploads/2026/04/1775195054-1Article_images_W900px.webp HTTP/1.1" 200 25562 "http://cqqizhou.com/" "Mozilla/5.0 (X11; Linux x86_64) AppleWebKit/537.36 (KHTML, like Gecko) HeadlessChrome/125.0.6422.60 Safari/537.36"
34.72.176.129 - - [04/May/2026:06:03:55 +0800] "GET /wp-content/uploads/2025/12/1765268955-qizhou_Slider1_3840%C3%972160_20251210-scaled.webp HTTP/1.1" 200 152162 "http://cqqizhou.com/" "Mozilla/5.0 (X11; Linux x86_64) AppleWebKit/537.36 (KHTML, like Gecko) HeadlessChrome/125.0.6422.60 Safari/537.36"
34.72.176.129 - - [04/May/2026:06:03:55 +0800] "GET /wp-content/uploads/2025/07/1753453096-%E5%8F%8C%E7%9B%B8%E9%92%A2product_Single600%C3%97284.webp HTTP/1.1" 200 14562 "http://cqqizhou.com/" "Mozilla/5.0 (X11; Linux x86_64) AppleWebKit/537.36 (KHTML, like Gecko) HeadlessChrome/125.0.6422.60 Safari/537.36"
34.72.176.129 - - [04/May/2026:06:03:55 +0800] "GET /wp-content/uploads/2025/07/1753456723-%E5%8F%8C%E7%9B%B8%E9%92%A2roduct_Single600.webp HTTP/1.1" 200 22790 "http://cqqizhou.com/" "Mozilla/5.0 (X11; Linux x86_64) AppleWebKit/537.36 (KHTML, like Gecko) HeadlessChrome/125.0.6422.60 Safari/537.36"
34.72.176.129 - - [04/May/2026:06:03:55 +0800] "GET /wp-content/uploads/2025/07/1753456770-%E7%83%AD%E9%95%80%E9%94%8C%E5%8D%B7product_Single600.webp HTTP/1.1" 200 27502 "http://cqqizhou.com/" "Mozilla/5.0 (X11; Linux x86_64) AppleWebKit/537.36 (KHTML, like Gecko) HeadlessChrome/125.0.6422.60 Safari/537.36"
34.72.176.129 - - [04/May/2026:06:03:55 +0800] "GET /wp-content/uploads/2025/07/1753453127-%E4%BD%99%E5%8D%B7product_Single600%C3%97284.webp HTTP/1.1" 200 18744 "http://cqqizhou.com/" "Mozilla/5.0 (X11; Linux x86_64) AppleWebKit/537.36 (KHTML, like Gecko) HeadlessChrome/125.0.6422.60 Safari/537.36"
104.197.69.115 - - [04/May/2026:06:03:55 +0800] "GET /wp-content/uploads/revslider/slider-1/1750861156-logistics_Slider_3840%C3%972160_20250625191356-scaled-50x100.webp HTTP/1.1" 200 1416 "http://cqqizhou.com/" "Mozilla/5.0 (X11; Linux x86_64) AppleWebKit/537.36 (KHTML, like Gecko) HeadlessChrome/125.0.6422.60 Safari/537.36"
34.72.176.129 - - [04/May/2026:06:03:55 +0800] "GET /wp-content/uploads/2026/01/1768276119-qizhoujiagong_Slider_3840%C3%972160_20260113-scaled-50x100.webp HTTP/1.1" 200 976 "http://cqqizhou.com/" "Mozilla/5.0 (X11; Linux x86_64) AppleWebKit/537.36 (KHTML, like Gecko) HeadlessChrome/125.0.6422.60 Safari/537.36"
104.197.69.115 - - [04/May/2026:06:03:56 +0800] "GET /wp-content/uploads/2026/01/1768276119-qizhoujiagong_Slider_3840%C3%972160_20260113-scaled-50x100.webp HTTP/1.1" 200 976 "http://cqqizhou.com/" "Mozilla/5.0 (X11; Linux x86_64) AppleWebKit/537.36 (KHTML, like Gecko) HeadlessChrome/125.0.6422.60 Safari/537.36"
34.72.176.129 - - [04/May/2026:06:03:56 +0800] "GET /wp-content/uploads/revslider/slider-1/1750861156-logistics_Slider_3840%C3%972160_20250625191356-scaled-50x100.webp HTTP/1.1" 200 1416 "http://cqqizhou.com/" "Mozilla/5.0 (X11; Linux x86_64) AppleWebKit/537.36 (KHTML, like Gecko) HeadlessChrome/125.0.6422.60 Safari/537.36"
34.72.176.129 - - [04/May/2026:06:03:56 +0800] "GET /wp-json/sliderrevolution/sliders/1?srengine=7&slideid=2 HTTP/1.1" 200 2000 "http://cqqizhou.com/" "Mozilla/5.0 (X11; Linux x86_64) AppleWebKit/537.36 (KHTML, like Gecko) HeadlessChrome/125.0.6422.60 Safari/537.36"
36.133.115.36 - - [04/May/2026:06:03:56 +0800] "POST /wp-cron.php?doing_wp_cron=1777845836.7556040287017822265625 HTTP/1.1" 200 31 "-" "WordPress/6.9; http://cqqizhou.com"
34.72.176.129 - - [04/May/2026:06:03:56 +0800] "GET /wp-json/sliderrevolution/sliders/1?srengine=7&slideid=4 HTTP/1.1" 200 2580 "http://cqqizhou.com/" "Mozilla/5.0 (X11; Linux x86_64) AppleWebKit/537.36 (KHTML, like Gecko) HeadlessChrome/125.0.6422.60 Safari/537.36"
34.72.176.129 - - [04/May/2026:06:03:57 +0800] "GET /wp-content/uploads/2026/01/1768276119-qizhoujiagong_Slider_3840%C3%972160_20260113-scaled.webp HTTP/1.1" 200 131696 "http://cqqizhou.com/" "Mozilla/5.0 (X11; Linux x86_64) AppleWebKit/537.36 (KHTML, like Gecko) HeadlessChrome/125.0.6422.60 Safari/537.36"
34.72.176.129 - - [04/May/2026:06:03:57 +0800] "GET /wp-content/uploads/revslider/slider-1/1750861156-logistics_Slider_3840%C3%972160_20250625191356-scaled.webp HTTP/1.1" 200 197360 "http://cqqizhou.com/" "Mozilla/5.0 (X11; Linux x86_64) AppleWebKit/537.36 (KHTML, like Gecko) HeadlessChrome/125.0.6422.60 Safari/537.36"
34.72.176.129 - - [04/May/2026:06:04:04 +0800] "GET /wp-content/uploads/2025/12/1765268955-qizhou_Slider1_3840%C3%972160_20251210-scaled-50x100.webp HTTP/1.1" 200 1812 "http://cqqizhou.com/" "Mozilla/5.0 (X11; Linux x86_64) AppleWebKit/537.36 (KHTML, like Gecko) HeadlessChrome/125.0.6422.60 Safari/537.36"
34.72.176.129 - - [04/May/2026:06:04:05 +0800] "GET /wp-content/uploads/2025/12/1765268955-qizhou_Slider1_3840%C3%972160_20251210-scaled-50x100.webp HTTP/1.1" 200 1812 "http://cqqizhou.com/" "Mozilla/5.0 (X11; Linux x86_64) AppleWebKit/537.36 (KHTML, like Gecko) HeadlessChrome/125.0.6422.60 Safari/537.36"
34.72.176.129 - - [04/May/2026:06:04:13 +0800] "GET /wp-content/uploads/2026/01/1768276119-qizhoujiagong_Slider_3840%C3%972160_20260113-scaled-50x100.webp HTTP/1.1" 200 976 "http://cqqizhou.com/" "Mozilla/5.0 (X11; Linux x86_64) AppleWebKit/537.36 (KHTML, like Gecko) HeadlessChrome/125.0.6422.60 Safari/537.36"
34.72.176.129 - - [04/May/2026:06:04:22 +0800] "GET /wp-content/uploads/revslider/slider-1/1750861156-logistics_Slider_3840%C3%972160_20250625191356-scaled-50x100.webp HTTP/1.1" 200 1416 "http://cqqizhou.com/" "Mozilla/5.0 (X11; Linux x86_64) AppleWebKit/537.36 (KHTML, like Gecko) HeadlessChrome/125.0.6422.60 Safari/537.36"
34.72.176.129 - - [04/May/2026:06:04:27 +0800] "GET /wp-content/uploads/2026/04/1777513410-1Article_images_W900px.webp HTTP/1.1" 200 30786 "http://cqqizhou.com/" "Mozilla/5.0 (X11; Linux x86_64) AppleWebKit/537.36 (KHTML, like Gecko) HeadlessChrome/125.0.6422.60 Safari/537.36"
34.72.176.129 - - [04/May/2026:06:04:27 +0800] "GET /wp-content/uploads/2026/04/1775865780-1Article_images_W900px.webp HTTP/1.1" 200 41840 "http://cqqizhou.com/" "Mozilla/5.0 (X11; Linux x86_64) AppleWebKit/537.36 (KHTML, like Gecko) HeadlessChrome/125.0.6422.60 Safari/537.36"
104.197.69.115 - - [04/May/2026:06:04:27 +0800] "GET /wp-content/uploads/2026/04/1775698332-Article_images_W900px.webp HTTP/1.1" 200 49852 "http://cqqizhou.com/" "Mozilla/5.0 (X11; Linux x86_64) AppleWebKit/537.36 (KHTML, like Gecko) HeadlessChrome/125.0.6422.60 Safari/537.36"
34.72.176.129 - - [04/May/2026:06:04:27 +0800] "GET /wp-content/uploads/2026/04/1775195054-1Article_images_W900px.webp HTTP/1.1" 200 25562 "http://cqqizhou.com/" "Mozilla/5.0 (X11; Linux x86_64) AppleWebKit/537.36 (KHTML, like Gecko) HeadlessChrome/125.0.6422.60 Safari/537.36"
34.72.176.129 - - [04/May/2026:06:04:27 +0800] "GET /wp-content/uploads/2026/04/1777513410-1Article_images_W900px.webp HTTP/1.1" 200 30786 "http://cqqizhou.com/" "Mozilla/5.0 (X11; Linux x86_64) AppleWebKit/537.36 (KHTML, like Gecko) HeadlessChrome/125.0.6422.60 Safari/537.36"
34.72.176.129 - - [04/May/2026:06:04:27 +0800] "GET /wp-content/uploads/2026/04/1775865780-1Article_images_W900px.webp HTTP/1.1" 200 41840 "http://cqqizhou.com/" "Mozilla/5.0 (X11; Linux x86_64) AppleWebKit/537.36 (KHTML, like Gecko) HeadlessChrome/125.0.6422.60 Safari/537.36"
34.72.176.129 - - [04/May/2026:06:04:27 +0800] "GET /wp-content/uploads/2026/04/1775698332-Article_images_W900px.webp HTTP/1.1" 200 49852 "http://cqqizhou.com/" "Mozilla/5.0 (X11; Linux x86_64) AppleWebKit/537.36 (KHTML, like Gecko) HeadlessChrome/125.0.6422.60 Safari/537.36"
34.72.176.129 - - [04/May/2026:06:04:29 +0800] "GET /wp-content/uploads/2026/02/1769999241-4.2%E7%B1%B3%E9%AB%98%E6%A0%8F%E8%B4%A7%E8%BD%A6.webp HTTP/1.1" 200 54794 "http://cqqizhou.com/" "Mozilla/5.0 (X11; Linux x86_64) AppleWebKit/537.36 (KHTML, like Gecko) HeadlessChrome/125.0.6422.60 Safari/537.36"
34.72.176.129 - - [04/May/2026:06:04:29 +0800] "GET /wp-content/uploads/2026/04/1775698332-Article_images_W900px.webp HTTP/1.1" 200 49852 "http://cqqizhou.com/" "Mozilla/5.0 (X11; Linux x86_64) AppleWebKit/537.36 (KHTML, like Gecko) HeadlessChrome/125.0.6422.60 Safari/537.36"
34.72.176.129 - - [04/May/2026:06:04:29 +0800] "GET /wp-content/uploads/2026/04/1775195054-1Article_images_W900px.webp HTTP/1.1" 200 25562 "http://cqqizhou.com/" "Mozilla/5.0 (X11; Linux x86_64) AppleWebKit/537.36 (KHTML, like Gecko) HeadlessChrome/125.0.6422.60 Safari/537.36"
34.72.176.129 - - [04/May/2026:06:04:29 +0800] "GET /wp-content/uploads/2026/04/1775865780-1Article_images_W900px.webp HTTP/1.1" 200 41840 "http://cqqizhou.com/" "Mozilla/5.0 (X11; Linux x86_64) AppleWebKit/537.36 (KHTML, like Gecko) HeadlessChrome/125.0.6422.60 Safari/537.36"
104.197.69.115 - - [04/May/2026:06:04:29 +0800] "GET /wp-content/uploads/2026/04/1777513410-1Article_images_W900px.webp HTTP/1.1" 200 30786 "http://cqqizhou.com/" "Mozilla/5.0 (X11; Linux x86_64) AppleWebKit/537.36 (KHTML, like Gecko) HeadlessChrome/125.0.6422.60 Safari/537.36"
36.133.115.36 - - [04/May/2026:06:10:36 +0800] "POST /wp-cron.php?doing_wp_cron=1777846236.6305510997772216796875 HTTP/1.1" 200 31 "-" "WordPress/6.9; http://cqqizhou.com"
34.23.134.87 - - [04/May/2026:06:10:36 +0800] "HEAD / HTTP/1.1" 200 0 "-" "Mozilla/5.0 (Linux; Android 11; moto g31) AppleWebKit/537.36 (KHTML, like Gecko) Chrome/122.0.6261.96 Mobile Safari/537.36"
34.23.134.87 - - [04/May/2026:06:10:37 +0800] "HEAD /backup/ HTTP/1.1" 404 0 "-" "Mozilla/5.0 (Windows NT 10.0; Win64; x64; rv:127.0) Gecko/20100101 Firefox/127.0"
34.23.134.87 - - [04/May/2026:06:10:38 +0800] "HEAD /new/ HTTP/1.1" 301 0 "-" "Mozilla/5.0 (Linux; Android 10; vivo 1904) AppleWebKit/537.36 (KHTML, like Gecko) Chrome/117.0.5938.60 Mobile Safari/537.36"
34.23.134.87 - - [04/May/2026:06:10:39 +0800] "HEAD /news HTTP/1.1" 200 0 "http://cqqizhou.com/new/" "Mozilla/5.0 (Linux; Android 10; vivo 1904) AppleWebKit/537.36 (KHTML, like Gecko) Chrome/117.0.5938.60 Mobile Safari/537.36"
34.23.134.87 - - [04/May/2026:06:10:40 +0800] "HEAD /wp/ HTTP/1.1" 404 0 "-" "Mozilla/5.0 (Windows NT 11.0; Win64; x64) AppleWebKit/537.36 (KHTML, like Gecko) Chrome/128.0.6540.18 Safari/537.36"
34.23.134.87 - - [04/May/2026:06:10:41 +0800] "HEAD /wordpress/ HTTP/1.1" 404 0 "-" "Mozilla/5.0 (Windows NT 10.0; Win64; x64) AppleWebKit/537.36 (KHTML, like Gecko) Chrome/126.0.6478.70 Safari/537.36 Vivaldi/6.7.3200.25"
34.23.134.87 - - [04/May/2026:06:10:41 +0800] "HEAD /old/ HTTP/1.1" 404 0 "-" "Mozilla/5.0 (Linux; Android 14; RMX3842) AppleWebKit/537.36 (KHTML, like Gecko) Chrome/126.0.6478.44 Mobile Safari/537.36"
34.23.134.87 - - [04/May/2026:06:10:42 +0800] "HEAD /blog/ HTTP/1.1" 404 0 "-" "Mozilla/5.0 (Macintosh; Intel Mac OS X 13_5) AppleWebKit/605.1.15 (KHTML, like Gecko) Version/16.5 Safari/605.1.15"
36.133.115.36 - - [04/May/2026:06:44:05 +0800] "POST /wp-cron.php?doing_wp_cron=1777848244.9588370323181152343750 HTTP/1.1" 200 31 "-" "WordPress/6.9; http://cqqizhou.com"
66.249.74.9 - - [04/May/2026:06:44:05 +0800] "GET /services HTTP/1.1" 200 26392 "-" "Mozilla/5.0 (Linux; Android 6.0.1; Nexus 5X Build/MMB29P) AppleWebKit/537.36 (KHTML, like Gecko) Chrome/147.0.7727.137 Mobile Safari/537.36 (compatible; Googlebot/2.1; +http://www.google.com/bot.html)"
113.16.20.166 - - [04/May/2026:06:57:39 +0800] "GET /news/tag/%e7%89%a9%e6%b5%81 HTTP/1.1" 200 21662 "-" "Mozilla/5.0 (Macintosh; Intel Mac OS X 10_15_7) AppleWebKit/537.36 (KHTML, like Gecko) Chrome/140.0.0.0 Safari/537.36"
43.129.233.104 - - [04/May/2026:07:13:39 +0800] "GET / HTTP/1.1" 200 35623 "-" "Mozilla/5.0 (compatible; AssetScanner/1.0)"
36.133.115.36 - - [04/May/2026:07:13:41 +0800] "POST /wp-cron.php?doing_wp_cron=1777850021.2531800270080566406250 HTTP/1.1" 200 31 "-" "WordPress/6.9; http://cqqizhou.com"
43.129.233.104 - - [04/May/2026:07:13:41 +0800] "GET / HTTP/1.1" 301 5 "-" "Mozilla/5.0 (compatible; AssetScanner/1.0)"
43.129.233.104 - - [04/May/2026:07:13:41 +0800] "GET / HTTP/1.1" 200 35623 "-" "Mozilla/5.0 (compatible; AssetScanner/1.0)"
36.133.115.36 - - [04/May/2026:07:18:32 +0800] "POST /wp-cron.php?doing_wp_cron=1777850312.2231531143188476562500 HTTP/1.1" 200 31 "-" "WordPress/6.9; http://cqqizhou.com"
45.148.10.67 - - [04/May/2026:07:18:32 +0800] "GET / HTTP/1.1" 200 35181 "-" "Mozilla/5.0 (Windows NT 10.0; Win64; x64) AppleWebKit/537.36 (KHTML, like Gecko) Chrome/131.0.0.0 Safari/537.36"
117.131.24.176 - - [04/May/2026:07:28:38 +0800] "GET /wp-content/uploads/2025/12/1764853155-ISO2-214x300.webp HTTP/1.1" 200 12682 "http://cqqizhou.com" "Mozilla/5.0 (Windows NT 10.0; Win64; x64) AppleWebKit/537.36 (KHTML, like Gecko) Chrome/120.0.0.0 Safari/537.36"
117.131.24.176 - - [04/May/2026:07:28:38 +0800] "GET /wp-content/uploads/2025/12/1764853157-ISO3-214x300.webp HTTP/1.1" 200 13896 "http://cqqizhou.com" "Mozilla/5.0 (Windows NT 10.0; Win64; x64) AppleWebKit/537.36 (KHTML, like Gecko) Chrome/120.0.0.0 Safari/537.36"
117.131.24.176 - - [04/May/2026:07:28:38 +0800] "GET /wp-content/uploads/2025/07/1751829518-Precision-processing-services800x500.webp HTTP/1.1" 200 28964 "http://cqqizhou.com" "Mozilla/5.0 (Windows NT 10.0; Win64; x64) AppleWebKit/537.36 (KHTML, like Gecko) Chrome/120.0.0.0 Safari/537.36"
117.131.24.176 - - [04/May/2026:07:28:38 +0800] "GET /wp-content/uploads/2025/12/1764853152-ISO1-214x300.webp HTTP/1.1" 200 13812 "http://cqqizhou.com" "Mozilla/5.0 (Windows NT 10.0; Win64; x64) AppleWebKit/537.36 (KHTML, like Gecko) Chrome/120.0.0.0 Safari/537.36"
117.131.24.176 - - [04/May/2026:07:28:38 +0800] "GET /wp-content/uploads/2025/07/1751829454-Smart-warehousing800x500.webp HTTP/1.1" 200 79504 "http://cqqizhou.com" "Mozilla/5.0 (Windows NT 10.0; Win64; x64) AppleWebKit/537.36 (KHTML, like Gecko) Chrome/120.0.0.0 Safari/537.36"
36.133.115.36 - - [04/May/2026:07:35:39 +0800] "POST /wp-cron.php?doing_wp_cron=1777851339.4744620323181152343750 HTTP/1.1" 200 31 "-" "WordPress/6.9; http://cqqizhou.com"
146.190.119.114 - - [04/May/2026:07:35:39 +0800] "GET / HTTP/1.1" 301 5 "-" "Mozilla/5.0 zgrab/0.x"
36.133.115.36 - - [04/May/2026:08:13:00 +0800] "POST /wp-cron.php?doing_wp_cron=1777853580.3633170127868652343750 HTTP/1.1" 200 31 "-" "WordPress/6.9; http://cqqizhou.com"
47.128.30.95 - - [04/May/2026:08:13:00 +0800] "GET /robots.txt HTTP/1.1" 200 190 "-" "Mozilla/5.0 (Linux; Android 5.0) AppleWebKit/537.36 (KHTML, like Gecko) Mobile Safari/537.36 (compatible; Bytespider; spider-feedback@bytedance.com)"
220.181.108.159 - - [04/May/2026:08:28:10 +0800] "GET /news/tag/%E7%89%A9%E6%B5%81 HTTP/1.1" 200 21662 "-" "Mozilla/5.0 (compatible; Baiduspider/2.0; +http://www.baidu.com/search/spider.html)"
36.133.115.36 - - [04/May/2026:08:31:30 +0800] "POST /wp-cron.php?doing_wp_cron=1777854690.9428761005401611328125 HTTP/1.1" 200 31 "-" "WordPress/6.9; http://cqqizhou.com"
45.148.10.67 - - [04/May/2026:08:31:30 +0800] "GET / HTTP/1.1" 200 35184 "-" "Mozilla/5.0 (Windows NT 10.0; Win64; x64) AppleWebKit/537.36 (KHTML, like Gecko) Chrome/131.0.0.0 Safari/537.36"
36.133.115.36 - - [04/May/2026:08:49:15 +0800] "POST /wp-cron.php?doing_wp_cron=1777855755.2569859027862548828125 HTTP/1.1" 200 31 "-" "WordPress/6.9; http://cqqizhou.com"
43.128.103.68 - - [04/May/2026:08:49:15 +0800] "GET / HTTP/1.1" 301 5 "-" "Mozilla/5.0 (iPhone; CPU iPhone OS 13_2_3 like Mac OS X) AppleWebKit/605.1.15 (KHTML, like Gecko) Version/13.0.3 Mobile/15E148 Safari/604.1"
43.128.103.68 - - [04/May/2026:08:49:17 +0800] "GET / HTTP/1.1" 200 35184 "http://www.cqqizhou.com" "Mozilla/5.0 (iPhone; CPU iPhone OS 13_2_3 like Mac OS X) AppleWebKit/605.1.15 (KHTML, like Gecko) Version/13.0.3 Mobile/15E148 Safari/604.1"
34.132.3.108 - - [04/May/2026:09:08:47 +0800] "GET / HTTP/1.1" 200 35623 "-" "Mozilla/5.0 (Windows NT 5.1) AppleWebKit/537.36 (KHTML, like Gecko) Chrome/41.0.2224.3 Safari/537.36"
36.133.115.36 - - [04/May/2026:09:11:44 +0800] "POST /wp-cron.php?doing_wp_cron=1777857104.0001699924468994140625 HTTP/1.1" 200 31 "-" "WordPress/6.9; http://cqqizhou.com"
54.223.45.134 - - [04/May/2026:09:11:44 +0800] "GET /news/2418 HTTP/1.1" 200 23776 "-" "Mozilla/5.0 (Linux; Android 10; HD1900 Build/QKQ1.190716.003; wv) AppleWebKit/537.36 (KHTML, like Gecko) Version/4.0 Chrome/75.0.3770.156 Mobile Safari/537.36  aweme_230400 JsSdk/1.0 NetType/WIFI  AppName/aweme app_version/23.4.0 ByteLocale/zh-CN Region/CN AppSkin/white AppTheme/light BytedanceWebview/d8a21c6 WebView/075113004008"
54.223.45.134 - - [04/May/2026:09:11:44 +0800] "GET /wp-content/uploads/revslider/slider-1/1750861156-logistics_Slider_3840%C3%972160_20250625191356-scaled-768x432.webp HTTP/1.1" 200 31912 "http://cqqizhou.com/news/2418" "Mozilla/5.0 (Linux; Android 10; HD1900 Build/QKQ1.190716.003; wv) AppleWebKit/537.36 (KHTML, like Gecko) Version/4.0 Chrome/75.0.3770.156 Mobile Safari/537.36  aweme_230400 JsSdk/1.0 NetType/WIFI  AppName/aweme app_version/23.4.0 ByteLocale/zh-CN Region/CN AppSkin/white AppTheme/light BytedanceWebview/d8a21c6 WebView/075113004008"
54.223.45.134 - - [04/May/2026:09:11:44 +0800] "GET /wp-content/uploads/2026/04/1775195054-1Article_images_W900px-768x432.webp HTTP/1.1" 200 26908 "http://cqqizhou.com/news/2418" "Mozilla/5.0 (Linux; Android 10; HD1900 Build/QKQ1.190716.003; wv) AppleWebKit/537.36 (KHTML, like Gecko) Version/4.0 Chrome/75.0.3770.156 Mobile Safari/537.36  aweme_230400 JsSdk/1.0 NetType/WIFI  AppName/aweme app_version/23.4.0 ByteLocale/zh-CN Region/CN AppSkin/white AppTheme/light BytedanceWebview/d8a21c6 WebView/075113004008"
54.223.45.134 - - [04/May/2026:09:11:44 +0800] "GET /wp-content/uploads/2026/04/1775698332-Article_images_W900px-768x432.webp HTTP/1.1" 200 50430 "http://cqqizhou.com/news/2418" "Mozilla/5.0 (Linux; Android 10; HD1900 Build/QKQ1.190716.003; wv) AppleWebKit/537.36 (KHTML, like Gecko) Version/4.0 Chrome/75.0.3770.156 Mobile Safari/537.36  aweme_230400 JsSdk/1.0 NetType/WIFI  AppName/aweme app_version/23.4.0 ByteLocale/zh-CN Region/CN AppSkin/white AppTheme/light BytedanceWebview/d8a21c6 WebView/075113004008"
54.223.45.134 - - [04/May/2026:09:11:44 +0800] "GET /wp-content/uploads/2025/07/1751425283-qizhou.kf_.qq_.com_.webp HTTP/1.1" 200 16864 "http://cqqizhou.com/news/2418" "Mozilla/5.0 (Linux; Android 10; HD1900 Build/QKQ1.190716.003; wv) AppleWebKit/537.36 (KHTML, like Gecko) Version/4.0 Chrome/75.0.3770.156 Mobile Safari/537.36  aweme_230400 JsSdk/1.0 NetType/WIFI  AppName/aweme app_version/23.4.0 ByteLocale/zh-CN Region/CN AppSkin/white AppTheme/light BytedanceWebview/d8a21c6 WebView/075113004008"
54.223.45.134 - - [04/May/2026:09:11:44 +0800] "GET /wp-content/uploads/2025/07/1753410289-News2000%C3%97400_202571.webp HTTP/1.1" 200 17830 "http://cqqizhou.com/news/2418" "Mozilla/5.0 (Linux; Android 10; HD1900 Build/QKQ1.190716.003; wv) AppleWebKit/537.36 (KHTML, like Gecko) Version/4.0 Chrome/75.0.3770.156 Mobile Safari/537.36  aweme_230400 JsSdk/1.0 NetType/WIFI  AppName/aweme app_version/23.4.0 ByteLocale/zh-CN Region/CN AppSkin/white AppTheme/light BytedanceWebview/d8a21c6 WebView/075113004008"
36.133.115.36 - - [04/May/2026:09:38:59 +0800] "POST /wp-cron.php?doing_wp_cron=1777858739.4361760616302490234375 HTTP/1.1" 200 31 "-" "WordPress/6.9; http://cqqizhou.com"
121.40.43.133 - - [04/May/2026:09:38:59 +0800] "GET / HTTP/1.0" 301 0 "-" "-"
36.133.115.36 - - [04/May/2026:09:39:10 +0800] "POST /wp-cron.php?doing_wp_cron=1777858750.0984790325164794921875 HTTP/1.1" 200 31 "-" "WordPress/6.9; http://cqqizhou.com"
121.40.43.133 - - [04/May/2026:09:39:10 +0800] "GET / HTTP/1.0" 301 0 "-" "-"
121.40.43.133 - - [04/May/2026:09:39:10 +0800] "GET /nmaplowercheck1777858743 HTTP/1.1" 404 33744 "-" "Mozilla/5.0 (compatible; Nmap Scripting Engine; https://nmap.org/book/nse.html)"
121.40.43.133 - - [04/May/2026:09:39:10 +0800] "POST /sdk HTTP/1.1" 404 33744 "-" "Mozilla/5.0 (compatible; Nmap Scripting Engine; https://nmap.org/book/nse.html)"
121.40.43.133 - - [04/May/2026:09:39:11 +0800] "GET /HNAP1 HTTP/1.1" 404 33744 "-" "Mozilla/5.0 (compatible; Nmap Scripting Engine; https://nmap.org/book/nse.html)"
121.40.43.133 - - [04/May/2026:09:39:11 +0800] "GET /evox/about HTTP/1.1" 404 33744 "-" "Mozilla/5.0 (compatible; Nmap Scripting Engine; https://nmap.org/book/nse.html)"
121.40.43.133 - - [04/May/2026:09:39:30 +0800] "GET / HTTP/1.0" 301 0 "-" "-"
121.40.43.133 - - [04/May/2026:09:39:31 +0800] "GET / HTTP/1.1" 301 5 "-" "-"
36.133.115.36 - - [04/May/2026:09:45:35 +0800] "POST /wp-cron.php?doing_wp_cron=1777859135.4899270534515380859375 HTTP/1.1" 200 31 "-" "WordPress/6.9; http://cqqizhou.com"
135.225.181.163 - - [04/May/2026:09:45:35 +0800] "GET /work-safety/ HTTP/1.1" 301 5 "-" "Mozilla/5.0 (Windows NT 10.0; Win64; x64) AppleWebKit/537.36 (KHTML, like Gecko) Chrome/131.0.0.0 Safari/537.36 Edg/131.0.0.0"
36.133.115.36 - - [04/May/2026:09:59:06 +0800] "POST /wp-cron.php?doing_wp_cron=1777859946.3657429218292236328125 HTTP/1.1" 200 31 "-" "WordPress/6.9; http://cqqizhou.com"
45.148.10.67 - - [04/May/2026:09:59:06 +0800] "GET / HTTP/1.1" 200 35184 "-" "Mozilla/5.0 (Windows NT 10.0; Win64; x64) AppleWebKit/537.36 (KHTML, like Gecko) Chrome/131.0.0.0 Safari/537.36"
36.133.115.36 - - [04/May/2026:10:10:45 +0800] "POST /wp-cron.php?doing_wp_cron=1777860645.7884550094604492187500 HTTP/1.1" 200 31 "-" "WordPress/6.9; http://cqqizhou.com"
111.225.149.225 - - [04/May/2026:10:10:45 +0800] "GET /robots.txt HTTP/1.1" 200 190 "-" "Mozilla/5.0 (Linux; Android 5.0) AppleWebKit/537.36 (KHTML, like Gecko) Mobile Safari/537.36 (compatible; Bytespider; https://zhanzhang.toutiao.com/)"
36.133.115.36 - - [04/May/2026:10:17:55 +0800] "POST /wp-cron.php?doing_wp_cron=1777861075.9040939807891845703125 HTTP/1.1" 200 31 "-" "WordPress/6.9; http://cqqizhou.com"
43.165.167.69 - - [04/May/2026:10:17:55 +0800] "GET / HTTP/1.1" 301 5 "-" "Mozilla/5.0 (iPhone; CPU iPhone OS 13_2_3 like Mac OS X) AppleWebKit/605.1.15 (KHTML, like Gecko) Version/13.0.3 Mobile/15E148 Safari/604.1"
43.165.167.69 - - [04/May/2026:10:17:57 +0800] "GET / HTTP/1.1" 200 35184 "http://36.133.115.36" "Mozilla/5.0 (iPhone; CPU iPhone OS 13_2_3 like Mac OS X) AppleWebKit/605.1.15 (KHTML, like Gecko) Version/13.0.3 Mobile/15E148 Safari/604.1"
220.181.108.174 - - [04/May/2026:10:18:56 +0800] "GET /wp-content/uploads/2025/12/1766647829-Article_images_202512251.webp HTTP/1.1" 200 53246 "-" "Mozilla/5.0 (compatible; Baiduspider/2.0; +http://www.baidu.com/search/spider.html)"
116.179.32.198 - - [04/May/2026:10:18:59 +0800] "GET / HTTP/1.1" 200 35623 "-" "Mozilla/5.0 (compatible; Baiduspider/2.0; +http://www.baidu.com/search/spider.html)"
36.133.115.36 - - [04/May/2026:10:18:59 +0800] "POST /wp-cron.php?doing_wp_cron=1777861139.8157351016998291015625 HTTP/1.1" 200 31 "-" "WordPress/6.9; http://cqqizhou.com"
116.179.32.224 - - [04/May/2026:10:18:59 +0800] "GET / HTTP/1.1" 200 35182 "-" "Mozilla/5.0 (Linux;u;Android 4.2.2;zh-cn;) AppleWebKit/534.46 (KHTML,like Gecko) Version/5.1 Mobile Safari/10600.6.3 (compatible; Baiduspider/2.0; +http://www.baidu.com/search/spider.html)"
116.179.32.241 - - [04/May/2026:10:19:00 +0800] "GET /media/3 HTTP/1.1" 200 26666 "-" "Mozilla/5.0 (compatible; Baiduspider/2.0; +http://www.baidu.com/search/spider.html)"
116.179.37.244 - - [04/May/2026:10:19:03 +0800] "GET /wp-content/uploads/2025/07/1750174127-Marketing1920x800_3.webp HTTP/1.1" 200 52790 "http://cqqizhou.com/wp-content/uploads/elementor/css/post-1666.css?ver=1777513701" "Mozilla/5.0 (compatible; Baiduspider-render/2.0; +http://www.baidu.com/search/spider.html)"
36.133.115.36 - - [04/May/2026:10:19:19 +0800] "POST /wp-cron.php?doing_wp_cron=1777861159.6531989574432373046875 HTTP/1.1" 200 31 "-" "WordPress/6.9; http://cqqizhou.com"
220.181.108.166 - - [04/May/2026:10:19:19 +0800] "GET /2160/ HTTP/1.1" 301 5 "-" "Mozilla/5.0 (compatible; Baiduspider/2.0; +http://www.baidu.com/search/spider.html)"
220.181.108.156 - - [04/May/2026:10:19:19 +0800] "GET /news/2160 HTTP/1.1" 200 30021 "-" "Mozilla/5.0 (compatible; Baiduspider/2.0; +http://www.baidu.com/search/spider.html)"
220.181.108.112 - - [04/May/2026:10:19:24 +0800] "GET /wp-content/uploads/2025/12/1766647829-Article_images_202512251.webp HTTP/1.1" 200 53246 "-" "Mozilla/5.0 (compatible; Baiduspider/2.0; +http://www.baidu.com/search/spider.html)"
119.84.246.117 - - [04/May/2026:10:19:40 +0800] "GET / HTTP/1.1" 301 5 "-" "Mozilla/5.0 (Windows; U; Windows NT 6.1; zh_CN) AppleWebKit/534.7 (KHTML, like Gecko) Chrome/18.0 BIDUBrowser/2.6 Safari/534.7"
119.84.246.117 - - [04/May/2026:10:19:41 +0800] "GET / HTTP/1.1" 200 160571 "-" "Mozilla/5.0 (Windows; U; Windows NT 6.1; zh_CN) AppleWebKit/534.7 (KHTML, like Gecko) Chrome/18.0 BIDUBrowser/2.6 Safari/534.7"
119.84.246.117 - - [04/May/2026:10:19:47 +0800] "GET / HTTP/1.1" 301 5 "-" "Mozilla/5.0 (Windows NT 6.1; WOW64; rv:13.0) Gecko/20100101 Firefox/13.0.1"
119.84.246.117 - - [04/May/2026:10:19:47 +0800] "GET / HTTP/1.1" 200 160571 "-" "Mozilla/5.0 (Windows NT 6.1; WOW64; rv:13.0) Gecko/20100101 Firefox/13.0.1"
119.84.246.117 - - [04/May/2026:10:19:48 +0800] "GET / HTTP/1.1" 301 5 "-" "Mozilla/5.0 (Windows; U; Windows NT 6.1; zh_CN) AppleWebKit/534.7 (KHTML, like Gecko) Chrome/18.0 BIDUBrowser/2.6 Safari/534.7"
119.84.246.117 - - [04/May/2026:10:19:48 +0800] "GET / HTTP/1.1" 200 160571 "-" "Mozilla/5.0 (Windows; U; Windows NT 6.1; zh_CN) AppleWebKit/534.7 (KHTML, like Gecko) Chrome/18.0 BIDUBrowser/2.6 Safari/534.7"
116.179.32.44 - - [04/May/2026:10:22:17 +0800] "GET /news/2475 HTTP/1.1" 200 27269 "-" "Mozilla/5.0 (compatible; Baiduspider/2.0; +http://www.baidu.com/search/spider.html)"
220.181.108.158 - - [04/May/2026:10:22:18 +0800] "GET /wp-content/uploads/2026/01/1768527484-Article_images_W900%C3%97500px202601163.webp HTTP/1.1" 200 79498 "-" "Mozilla/5.0 (compatible; Baiduspider/2.0; +http://www.baidu.com/search/spider.html)"
36.133.115.36 - - [04/May/2026:10:22:18 +0800] "POST /wp-cron.php?doing_wp_cron=1777861338.8885860443115234375000 HTTP/1.1" 200 31 "-" "WordPress/6.9; http://cqqizhou.com"
116.179.32.198 - - [04/May/2026:10:22:18 +0800] "GET /2361/ HTTP/1.1" 301 5 "-" "Mozilla/5.0 (compatible; Baiduspider/2.0; +http://www.baidu.com/search/spider.html)"
220.181.108.169 - - [04/May/2026:10:22:18 +0800] "GET /wp-json/oembed/1.0/embed?url=http%3A%2F%2Fcqqizhou.com%2Fnews%2F2339 HTTP/1.1" 200 1297 "-" "Mozilla/5.0 (compatible; Baiduspider/2.0; +http://www.baidu.com/search/spider.html)"
116.179.32.106 - - [04/May/2026:10:22:19 +0800] "GET /news/2361 HTTP/1.1" 200 25533 "-" "Mozilla/5.0 (compatible; Baiduspider/2.0; +http://www.baidu.com/search/spider.html)"
36.133.115.36 - - [04/May/2026:10:26:05 +0800] "POST /wp-cron.php?doing_wp_cron=1777861565.0484299659729003906250 HTTP/1.1" 200 31 "-" "WordPress/6.9; http://cqqizhou.com"
175.178.110.121 - - [04/May/2026:10:26:05 +0800] "GET / HTTP/1.1" 200 35184 "-" "Mozilla/5.0 (iPhone; CPU iPhone OS 13_2_3 like Mac OS X) AppleWebKit/605.1.15 (KHTML, like Gecko) Version/13.0.3 Mobile/15E148 Safari/604.1"
36.133.115.36 - - [04/May/2026:10:28:21 +0800] "POST /wp-cron.php?doing_wp_cron=1777861701.2723309993743896484375 HTTP/1.1" 200 31 "-" "WordPress/6.9; http://cqqizhou.com"
36.133.108.119 - - [04/May/2026:10:28:21 +0800] "HEAD / HTTP/1.1" 301 0 "-" "Mozilla/5.0 (Windows NT 6.1; WOW64) AppleWebKit/537.17 (KHTML, like Gecko) Chrome/24.0.1312.60 Safari/537.17"
36.133.115.36 - - [04/May/2026:10:30:46 +0800] "POST /wp-cron.php?doing_wp_cron=1777861846.7411489486694335937500 HTTP/1.1" 200 31 "-" "WordPress/6.9; http://cqqizhou.com"
96.126.191.55 - - [04/May/2026:10:30:46 +0800] "GET / HTTP/1.1" 301 5 "-" "Mozilla/5.0 (Macintosh; U; PPC Mac OS X; fr-fr) AppleWebKit/85.8.5 (KHTML, like Gecko) Safari/85.8.1"
96.126.191.55 - - [04/May/2026:10:30:47 +0800] "GET / HTTP/1.1" 200 35623 "-" "Mozilla/5.0 (Macintosh; U; PPC Mac OS X; fr-fr) AppleWebKit/85.8.5 (KHTML, like Gecko) Safari/85.8.1"
96.126.191.55 - - [04/May/2026:10:30:50 +0800] "GET /login.rsp HTTP/1.1" 404 9579 "-" "Mozilla/5.0 (Macintosh; U; PPC Mac OS X; fr-fr) AppleWebKit/85.8.5 (KHTML, like Gecko) Safari/85.8.1"
36.133.115.36 - - [04/May/2026:10:32:10 +0800] "POST /wp-cron.php?doing_wp_cron=1777861930.7250220775604248046875 HTTP/1.1" 200 31 "-" "WordPress/6.9; http://cqqizhou.com"
43.155.188.157 - - [04/May/2026:10:32:10 +0800] "GET / HTTP/1.1" 200 35184 "-" "Mozilla/5.0 (iPhone; CPU iPhone OS 13_2_3 like Mac OS X) AppleWebKit/605.1.15 (KHTML, like Gecko) Version/13.0.3 Mobile/15E148 Safari/604.1"
36.133.115.36 - - [04/May/2026:10:42:00 +0800] "POST /wp-cron.php?doing_wp_cron=1777862520.1388080120086669921875 HTTP/1.1" 200 31 "-" "WordPress/6.9; http://cqqizhou.com"
43.161.224.78 - - [04/May/2026:10:42:00 +0800] "GET / HTTP/1.1" 200 35182 "-" "Mozilla/5.0 (iPhone; CPU iPhone OS 13_2_3 like Mac OS X) AppleWebKit/605.1.15 (KHTML, like Gecko) Version/13.0.3 Mobile/15E148 Safari/604.1"
36.133.115.36 - - [04/May/2026:11:07:11 +0800] "POST /wp-cron.php?doing_wp_cron=1777864031.1849169731140136718750 HTTP/1.1" 200 31 "-" "WordPress/6.9; http://cqqizhou.com"
54.217.83.13 - - [04/May/2026:11:07:11 +0800] "GET / HTTP/1.1" 200 35183 "-" "Mozilla/5.0 (iPhone; CPU iPhone OS 17_1 like Mac OS X) AppleWebKit/605.1.15 (KHTML, like Gecko) Version/17.1 Mobile/15E148 Safari/604.1"
95.215.32.14 - - [04/May/2026:11:07:58 +0800] "GET /index.php?option=com_acym&ctrl=frontmails&task=setNewIconShare HTTP/1.1" 301 5 "-" "ALittle Client"
36.133.115.36 - - [04/May/2026:11:09:10 +0800] "POST /wp-cron.php?doing_wp_cron=1777864150.3196349143981933593750 HTTP/1.1" 200 31 "-" "WordPress/6.9; http://cqqizhou.com"
95.215.32.14 - - [04/May/2026:11:09:10 +0800] "GET /?option=com_acym&ctrl=frontmails&task=setNewIconShare HTTP/1.1" 200 158912 "-" "ALittle Client"
36.133.115.36 - - [04/May/2026:11:31:00 +0800] "POST /wp-cron.php?doing_wp_cron=1777865460.3397998809814453125000 HTTP/1.1" 200 31 "-" "WordPress/6.9; http://cqqizhou.com"
182.32.248.251 - - [04/May/2026:11:31:00 +0800] "GET / HTTP/1.1" 301 5 "-" "Go-http-client/1.1"
182.32.248.251 - - [04/May/2026:11:31:00 +0800] "GET / HTTP/1.1" 200 35623 "http://xa5.shaanxi.cn.antiddos.cspt.fullcone.cn" "Go-http-client/1.1"
74.178.242.142 - - [04/May/2026:11:39:15 +0800] "GET /contacts HTTP/1.1" 200 22288 "-" "Mozilla/5.0 (Windows NT 10.0; Win64; x64) AppleWebKit/537.36 (KHTML, like Gecko) Chrome/131.0.0.0 Safari/537.36 Edg/131.0.0.0"
205.169.39.44 - - [04/May/2026:11:57:37 +0800] "GET / HTTP/1.1" 200 35623 "-" "Mozilla/5.0 (Windows NT 10.0; Win64; x64) AppleWebKit/537.36 (KHTML, like Gecko) Chrome/117.0.5938.132 Safari/537.36"
205.169.39.44 - - [04/May/2026:11:57:42 +0800] "GET /wp-content/uploads/2025/07/1751425283-qizhou.kf_.qq_.com_.webp HTTP/1.1" 200 16864 "http://cqqizhou.com/" "Mozilla/5.0 (Windows NT 10.0; Win64; x64) AppleWebKit/537.36 (KHTML, like Gecko) Chrome/117.0.5938.132 Safari/537.36"
205.169.39.44 - - [04/May/2026:11:57:45 +0800] "GET /wp-content/uploads/2025/07/1750174127-Marketing1920x800_3.webp HTTP/1.1" 200 52790 "http://cqqizhou.com/wp-content/uploads/elementor/css/post-1666.css?ver=1777513701" "Mozilla/5.0 (Windows NT 10.0; Win64; x64) AppleWebKit/537.36 (KHTML, like Gecko) Chrome/117.0.5938.132 Safari/537.36"
205.169.39.44 - - [04/May/2026:11:57:47 +0800] "GET /wp-content/uploads/2026/04/1777513410-1Article_images_W900px.webp HTTP/1.1" 200 30786 "http://cqqizhou.com/" "Mozilla/5.0 (Windows NT 10.0; Win64; x64) AppleWebKit/537.36 (KHTML, like Gecko) Chrome/117.0.5938.132 Safari/537.36"
205.169.39.44 - - [04/May/2026:11:57:48 +0800] "GET /wp-content/uploads/2026/04/1775865780-1Article_images_W900px.webp HTTP/1.1" 200 41840 "http://cqqizhou.com/" "Mozilla/5.0 (Windows NT 10.0; Win64; x64) AppleWebKit/537.36 (KHTML, like Gecko) Chrome/117.0.5938.132 Safari/537.36"
205.169.39.44 - - [04/May/2026:11:57:48 +0800] "GET /wp-content/uploads/2026/04/1775698332-Article_images_W900px.webp HTTP/1.1" 200 49852 "http://cqqizhou.com/" "Mozilla/5.0 (Windows NT 10.0; Win64; x64) AppleWebKit/537.36 (KHTML, like Gecko) Chrome/117.0.5938.132 Safari/537.36"
205.169.39.44 - - [04/May/2026:11:57:48 +0800] "GET /wp-content/uploads/2026/02/1769999241-4.2%E7%B1%B3%E9%AB%98%E6%A0%8F%E8%B4%A7%E8%BD%A6.webp HTTP/1.1" 200 54794 "http://cqqizhou.com/" "Mozilla/5.0 (Windows NT 10.0; Win64; x64) AppleWebKit/537.36 (KHTML, like Gecko) Chrome/117.0.5938.132 Safari/537.36"
205.169.39.44 - - [04/May/2026:11:57:48 +0800] "GET /wp-content/uploads/2026/04/1775195054-1Article_images_W900px.webp HTTP/1.1" 200 25562 "http://cqqizhou.com/" "Mozilla/5.0 (Windows NT 10.0; Win64; x64) AppleWebKit/537.36 (KHTML, like Gecko) Chrome/117.0.5938.132 Safari/537.36"
205.169.39.44 - - [04/May/2026:11:57:52 +0800] "GET /wp-content/uploads/2025/12/1765268955-qizhou_Slider1_3840%C3%972160_20251210-scaled.webp HTTP/1.1" 200 152162 "http://cqqizhou.com/" "Mozilla/5.0 (Windows NT 10.0; Win64; x64) AppleWebKit/537.36 (KHTML, like Gecko) Chrome/117.0.5938.132 Safari/537.36"
205.169.39.44 - - [04/May/2026:11:57:55 +0800] "GET /wp-content/uploads/revslider/slider-1/1750861156-logistics_Slider_3840%C3%972160_20250625191356-scaled-50x100.webp HTTP/1.1" 200 1416 "http://cqqizhou.com/" "Mozilla/5.0 (X11; Linux x86_64) AppleWebKit/537.36 (KHTML, like Gecko) HeadlessChrome/127.0.6533.119 Safari/537.36"
205.169.39.44 - - [04/May/2026:11:57:55 +0800] "GET /wp-content/uploads/2026/01/1768276119-qizhoujiagong_Slider_3840%C3%972160_20260113-scaled-50x100.webp HTTP/1.1" 200 976 "http://cqqizhou.com/" "Mozilla/5.0 (X11; Linux x86_64) AppleWebKit/537.36 (KHTML, like Gecko) HeadlessChrome/127.0.6533.119 Safari/537.36"
36.133.115.36 - - [04/May/2026:11:57:56 +0800] "POST /wp-cron.php?doing_wp_cron=1777867076.8741679191589355468750 HTTP/1.1" 200 31 "-" "WordPress/6.9; http://cqqizhou.com"
205.169.39.44 - - [04/May/2026:11:57:56 +0800] "GET /wp-json/sliderrevolution/sliders/1?srengine=7&slideid=2 HTTP/1.1" 200 2000 "http://cqqizhou.com/" "Mozilla/5.0 (X11; Linux x86_64) AppleWebKit/537.36 (KHTML, like Gecko) HeadlessChrome/127.0.6533.119 Safari/537.36"
205.169.39.44 - - [04/May/2026:11:57:57 +0800] "GET /wp-json/sliderrevolution/sliders/1?srengine=7&slideid=4 HTTP/1.1" 200 2580 "http://cqqizhou.com/" "Mozilla/5.0 (X11; Linux x86_64) AppleWebKit/537.36 (KHTML, like Gecko) HeadlessChrome/127.0.6533.119 Safari/537.36"
205.169.39.44 - - [04/May/2026:11:57:57 +0800] "GET /wp-content/uploads/2026/01/1768276119-qizhoujiagong_Slider_3840%C3%972160_20260113-scaled.webp HTTP/1.1" 200 131696 "http://cqqizhou.com/" "Mozilla/5.0 (X11; Linux x86_64) AppleWebKit/537.36 (KHTML, like Gecko) HeadlessChrome/127.0.6533.119 Safari/537.36"
205.169.39.44 - - [04/May/2026:11:57:58 +0800] "GET /wp-content/uploads/revslider/slider-1/1750861156-logistics_Slider_3840%C3%972160_20250625191356-scaled.webp HTTP/1.1" 200 197360 "http://cqqizhou.com/" "Mozilla/5.0 (X11; Linux x86_64) AppleWebKit/537.36 (KHTML, like Gecko) HeadlessChrome/127.0.6533.119 Safari/537.36"
205.169.39.44 - - [04/May/2026:11:58:00 +0800] "GET /wp-content/uploads/2025/07/1753456723-%E5%8F%8C%E7%9B%B8%E9%92%A2roduct_Single600.webp HTTP/1.1" 200 22790 "http://cqqizhou.com/" "Mozilla/5.0 (X11; Linux x86_64) AppleWebKit/537.36 (KHTML, like Gecko) HeadlessChrome/127.0.6533.119 Safari/537.36"
205.169.39.44 - - [04/May/2026:11:58:00 +0800] "GET /wp-content/uploads/2025/07/1753453096-%E5%8F%8C%E7%9B%B8%E9%92%A2product_Single600%C3%97284.webp HTTP/1.1" 200 14562 "http://cqqizhou.com/" "Mozilla/5.0 (X11; Linux x86_64) AppleWebKit/537.36 (KHTML, like Gecko) HeadlessChrome/127.0.6533.119 Safari/537.36"
205.169.39.44 - - [04/May/2026:11:58:00 +0800] "GET /wp-content/uploads/2025/07/1753453127-%E4%BD%99%E5%8D%B7product_Single600%C3%97284.webp HTTP/1.1" 200 18744 "http://cqqizhou.com/" "Mozilla/5.0 (X11; Linux x86_64) AppleWebKit/537.36 (KHTML, like Gecko) HeadlessChrome/127.0.6533.119 Safari/537.36"
205.169.39.44 - - [04/May/2026:11:58:00 +0800] "GET /wp-content/uploads/2025/07/1753456770-%E7%83%AD%E9%95%80%E9%94%8C%E5%8D%B7product_Single600.webp HTTP/1.1" 200 27502 "http://cqqizhou.com/" "Mozilla/5.0 (X11; Linux x86_64) AppleWebKit/537.36 (KHTML, like Gecko) HeadlessChrome/127.0.6533.119 Safari/537.36"
36.133.115.36 - - [04/May/2026:12:02:59 +0800] "POST /wp-cron.php?doing_wp_cron=1777867379.7675399780273437500000 HTTP/1.1" 200 31 "-" "WordPress/6.9; http://cqqizhou.com"
31.58.68.30 - - [04/May/2026:12:02:59 +0800] "GET / HTTP/1.1" 301 5 "-" "Go-http-client/1.1"
31.58.68.30 - - [04/May/2026:12:03:00 +0800] "GET / HTTP/1.1" 200 35623 "http://36.133.115.36" "Go-http-client/1.1"
36.133.115.36 - - [04/May/2026:12:56:36 +0800] "POST /wp-cron.php?doing_wp_cron=1777870596.2990539073944091796875 HTTP/1.1" 200 31 "-" "WordPress/6.9; http://cqqizhou.com"
54.38.147.198 - - [04/May/2026:12:56:36 +0800] "GET /robots.txt HTTP/1.1" 200 190 "-" "Mozilla/5.0 (compatible; AhrefsBot/7.0; +http://ahrefs.com/robot/)"
51.195.244.96 - - [04/May/2026:12:56:39 +0800] "GET /news/2162 HTTP/1.1" 200 25772 "-" "Mozilla/5.0 (compatible; AhrefsBot/7.0; +http://ahrefs.com/robot/)"
36.133.115.36 - - [04/May/2026:13:06:22 +0800] "POST /wp-cron.php?doing_wp_cron=1777871181.9792339801788330078125 HTTP/1.1" 200 31 "-" "WordPress/6.9; http://cqqizhou.com"
5.61.209.107 - - [04/May/2026:13:06:22 +0800] "GET /SDK/webLanguage HTTP/1.1" 301 5 "-" "Mozilla/5.0 (Windows NT 10.0; Win64; x64) AppleWebKit/537.36 (KHTML, like Gecko) Chrome/90.0.4430.85 Safari/537.36 Edg/90.0.818.46"
36.133.115.36 - - [04/May/2026:13:17:03 +0800] "POST /wp-cron.php?doing_wp_cron=1777871823.5785410404205322265625 HTTP/1.1" 200 31 "-" "WordPress/6.9; http://cqqizhou.com"
110.249.201.109 - - [04/May/2026:13:17:03 +0800] "GET /news/2418 HTTP/1.1" 200 23776 "-" "Mozilla/5.0 (Linux; Android 5.0) AppleWebKit/537.36 (KHTML, like Gecko) Mobile Safari/537.36 (compatible; Bytespider; https://zhanzhang.toutiao.com/)"
110.249.201.109 - - [04/May/2026:13:17:03 +0800] "GET /wp-content/uploads/2025/07/1751425283-qizhou.kf_.qq_.com_.webp HTTP/1.1" 206 500 "http://cqqizhou.com/news/2418" "Mozilla/5.0 (Linux; Android 5.0) AppleWebKit/537.36 (KHTML, like Gecko) Mobile Safari/537.36 (compatible; Bytespider; https://zhanzhang.toutiao.com/)"
114.106.171.118 - - [04/May/2026:13:17:04 +0800] "GET /news/2418 HTTP/1.1" 200 23776 "-" "Mozilla/5.0 (iPhone; CPU iPhone OS 13_2_3 like Mac OS X) AppleWebKit/605.1.15 (KHTML, like Gecko) Version/13.0.3 Mobile/15E148 Safari/604.1"
185.147.141.162 - - [04/May/2026:13:17:06 +0800] "GET /news/2418 HTTP/1.1" 200 23776 "http://cqqizhou.com/" "Mozilla/5.0 (iPhone; CPU iPhone OS 17_6_1 like Mac OS X) AppleWebKit/605.1.15 (KHTML, like Gecko) Version/17.6 Mobile/15E148 Safari/604.1 OPT/5.3.0"
38.111.166.109 - - [04/May/2026:13:17:06 +0800] "GET /news/2418 HTTP/1.1" 200 27816 "http://cqqizhou.com/" "Mozilla/5.0 (Macintosh; Intel Mac OS X 10_15_7) AppleWebKit/537.36 (KHTML, like Gecko) Chrome/123.0.0.0 Safari/537.36 Edg/123.0.0.0"
36.133.115.36 - - [04/May/2026:13:17:54 +0800] "POST /wp-cron.php?doing_wp_cron=1777871874.4449329376220703125000 HTTP/1.1" 200 31 "-" "WordPress/6.9; http://cqqizhou.com"
110.249.202.188 - - [04/May/2026:13:17:54 +0800] "GET /news/2418 HTTP/1.1" 200 23778 "-" "Mozilla/5.0 (Linux; Android 5.0) AppleWebKit/537.36 (KHTML, like Gecko) Mobile Safari/537.36 (compatible; Bytespider; https://zhanzhang.toutiao.com/)"
36.133.115.36 - - [04/May/2026:13:27:39 +0800] "POST /wp-cron.php?doing_wp_cron=1777872459.1486101150512695312500 HTTP/1.1" 200 31 "-" "WordPress/6.9; http://cqqizhou.com"
71.132.8.142 - - [04/May/2026:13:27:39 +0800] "GET /2418/ HTTP/1.1" 301 5 "-" "Mozilla/5.0 (Linux; Android 10; HD1900 Build/QKQ1.190716.003; wv) AppleWebKit/537.36 (KHTML, like Gecko) Version/4.0 Chrome/75.0.3770.156 Mobile Safari/537.36  aweme_230400 JsSdk/1.0 NetType/WIFI  AppName/aweme app_version/23.4.0 ByteLocale/zh-CN Region/CN AppSkin/white AppTheme/light BytedanceWebview/d8a21c6 WebView/075113004008"
