39.144.191.70 - - [29/Mar/2026:15:49:58 +0800] "GET /wp-content/uploads/2026/01/1768276119-qizhoujiagong_Slider_3840%C3%972160_20260113-scaled-50x100.webp HTTP/1.1" 200 976 "http://cqqizhou.com/" "Mozilla/5.0 (iPhone; CPU iPhone OS 18_6_2 like Mac OS X) AppleWebKit/605.1.15 (KHTML, like Gecko) Mobile/15E148 MicroMessenger/8.0.70(0x18004629) NetType/WIFI Language/zh_CN"
39.144.191.70 - - [29/Mar/2026:15:49:58 +0800] "GET /wp-content/uploads/revslider/slider-1/1750861156-logistics_Slider_3840%C3%972160_20250625191356-scaled-50x100.webp HTTP/1.1" 200 1416 "http://cqqizhou.com/" "Mozilla/5.0 (iPhone; CPU iPhone OS 18_6_2 like Mac OS X) AppleWebKit/605.1.15 (KHTML, like Gecko) Mobile/15E148 MicroMessenger/8.0.70(0x18004629) NetType/WIFI Language/zh_CN"
39.144.191.70 - - [29/Mar/2026:15:49:58 +0800] "GET /wp-content/uploads/2025/07/1753456770-%E7%83%AD%E9%95%80%E9%94%8C%E5%8D%B7product_Single600.webp HTTP/1.1" 200 27502 "http://cqqizhou.com/" "Mozilla/5.0 (iPhone; CPU iPhone OS 18_6_2 like Mac OS X) AppleWebKit/605.1.15 (KHTML, like Gecko) Mobile/15E148 MicroMessenger/8.0.70(0x18004629) NetType/WIFI Language/zh_CN"
39.144.191.70 - - [29/Mar/2026:15:49:58 +0800] "GET /wp-content/uploads/2025/07/1753453127-%E4%BD%99%E5%8D%B7product_Single600%C3%97284.webp HTTP/1.1" 200 18744 "http://cqqizhou.com/" "Mozilla/5.0 (iPhone; CPU iPhone OS 18_6_2 like Mac OS X) AppleWebKit/605.1.15 (KHTML, like Gecko) Mobile/15E148 MicroMessenger/8.0.70(0x18004629) NetType/WIFI Language/zh_CN"
39.144.191.70 - - [29/Mar/2026:15:49:58 +0800] "GET /wp-content/uploads/2025/07/1753453096-%E5%8F%8C%E7%9B%B8%E9%92%A2product_Single600%C3%97284.webp HTTP/1.1" 200 14562 "http://cqqizhou.com/" "Mozilla/5.0 (iPhone; CPU iPhone OS 18_6_2 like Mac OS X) AppleWebKit/605.1.15 (KHTML, like Gecko) Mobile/15E148 MicroMessenger/8.0.70(0x18004629) NetType/WIFI Language/zh_CN"
39.144.191.70 - - [29/Mar/2026:15:49:58 +0800] "GET /wp-content/uploads/2025/07/1753456723-%E5%8F%8C%E7%9B%B8%E9%92%A2roduct_Single600.webp HTTP/1.1" 200 22790 "http://cqqizhou.com/" "Mozilla/5.0 (iPhone; CPU iPhone OS 18_6_2 like Mac OS X) AppleWebKit/605.1.15 (KHTML, like Gecko) Mobile/15E148 MicroMessenger/8.0.70(0x18004629) NetType/WIFI Language/zh_CN"
39.144.191.70 - - [29/Mar/2026:15:49:59 +0800] "GET /wp-json/sliderrevolution/sliders/1?srengine=7&slideid=4 HTTP/1.1" 200 2580 "http://cqqizhou.com/" "Mozilla/5.0 (iPhone; CPU iPhone OS 18_6_2 like Mac OS X) AppleWebKit/605.1.15 (KHTML, like Gecko) Mobile/15E148 MicroMessenger/8.0.70(0x18004629) NetType/WIFI Language/zh_CN"
39.144.191.70 - - [29/Mar/2026:15:49:59 +0800] "GET /wp-json/sliderrevolution/sliders/1?srengine=7&slideid=2 HTTP/1.1" 200 2000 "http://cqqizhou.com/" "Mozilla/5.0 (iPhone; CPU iPhone OS 18_6_2 like Mac OS X) AppleWebKit/605.1.15 (KHTML, like Gecko) Mobile/15E148 MicroMessenger/8.0.70(0x18004629) NetType/WIFI Language/zh_CN"
39.144.191.70 - - [29/Mar/2026:15:49:59 +0800] "GET /wp-content/uploads/revslider/slider-1/1750861156-logistics_Slider_3840%C3%972160_20250625191356-scaled.webp HTTP/1.1" 200 197360 "http://cqqizhou.com/" "Mozilla/5.0 (iPhone; CPU iPhone OS 18_6_2 like Mac OS X) AppleWebKit/605.1.15 (KHTML, like Gecko) Mobile/15E148 MicroMessenger/8.0.70(0x18004629) NetType/WIFI Language/zh_CN"
39.144.191.70 - - [29/Mar/2026:15:49:59 +0800] "GET /wp-content/uploads/2026/01/1768276119-qizhoujiagong_Slider_3840%C3%972160_20260113-scaled.webp HTTP/1.1" 200 131696 "http://cqqizhou.com/" "Mozilla/5.0 (iPhone; CPU iPhone OS 18_6_2 like Mac OS X) AppleWebKit/605.1.15 (KHTML, like Gecko) Mobile/15E148 MicroMessenger/8.0.70(0x18004629) NetType/WIFI Language/zh_CN"
36.133.115.36 - - [29/Mar/2026:15:58:15 +0800] "POST /wp-cron.php?doing_wp_cron=1774771095.8813879489898681640625 HTTP/1.1" 200 31 "-" "WordPress/6.9; http://cqqizhou.com"
39.144.191.70 - - [29/Mar/2026:15:58:15 +0800] "GET / HTTP/1.1" 200 34810 "-" "Mozilla/5.0 (iPhone; CPU iPhone OS 18_6_2 like Mac OS X) AppleWebKit/605.1.15 (KHTML, like Gecko) Mobile/15E148 MicroMessenger/8.0.70(0x18004629) NetType/WIFI Language/zh_CN"
39.144.191.70 - - [29/Mar/2026:15:58:19 +0800] "GET /wp-json/sliderrevolution/sliders/1?srengine=7&slideid=2 HTTP/1.1" 200 2000 "http://cqqizhou.com/" "Mozilla/5.0 (iPhone; CPU iPhone OS 18_6_2 like Mac OS X) AppleWebKit/605.1.15 (KHTML, like Gecko) Mobile/15E148 MicroMessenger/8.0.70(0x18004629) NetType/WIFI Language/zh_CN"
39.144.191.70 - - [29/Mar/2026:15:58:19 +0800] "GET /wp-json/sliderrevolution/sliders/1?srengine=7&slideid=4 HTTP/1.1" 200 2580 "http://cqqizhou.com/" "Mozilla/5.0 (iPhone; CPU iPhone OS 18_6_2 like Mac OS X) AppleWebKit/605.1.15 (KHTML, like Gecko) Mobile/15E148 MicroMessenger/8.0.70(0x18004629) NetType/WIFI Language/zh_CN"
36.133.115.36 - - [29/Mar/2026:15:59:29 +0800] "POST /wp-cron.php?doing_wp_cron=1774771169.6308128833770751953125 HTTP/1.1" 200 31 "-" "WordPress/6.9; http://cqqizhou.com"
39.144.191.70 - - [29/Mar/2026:15:59:29 +0800] "GET / HTTP/1.1" 200 34810 "-" "Mozilla/5.0 (iPhone; CPU iPhone OS 18_6_2 like Mac OS X) AppleWebKit/605.1.15 (KHTML, like Gecko) Mobile/15E148 MicroMessenger/8.0.70(0x18004629) NetType/WIFI Language/zh_CN"
39.144.191.70 - - [29/Mar/2026:15:59:39 +0800] "GET /wp-json/sliderrevolution/sliders/1?srengine=7&slideid=4 HTTP/1.1" 200 2580 "http://cqqizhou.com/" "Mozilla/5.0 (iPhone; CPU iPhone OS 18_6_2 like Mac OS X) AppleWebKit/605.1.15 (KHTML, like Gecko) Mobile/15E148 MicroMessenger/8.0.70(0x18004629) NetType/WIFI Language/zh_CN"
39.144.191.70 - - [29/Mar/2026:15:59:39 +0800] "GET /wp-json/sliderrevolution/sliders/1?srengine=7&slideid=2 HTTP/1.1" 200 2000 "http://cqqizhou.com/" "Mozilla/5.0 (iPhone; CPU iPhone OS 18_6_2 like Mac OS X) AppleWebKit/605.1.15 (KHTML, like Gecko) Mobile/15E148 MicroMessenger/8.0.70(0x18004629) NetType/WIFI Language/zh_CN"
39.144.191.70 - - [29/Mar/2026:15:59:47 +0800] "GET /wp-content/uploads/2025/12/1765268955-qizhou_Slider1_3840%C3%972160_20251210-scaled-50x100.webp HTTP/1.1" 200 1812 "http://cqqizhou.com/" "Mozilla/5.0 (iPhone; CPU iPhone OS 18_6_2 like Mac OS X) AppleWebKit/605.1.15 (KHTML, like Gecko) Mobile/15E148 MicroMessenger/8.0.70(0x18004629) NetType/WIFI Language/zh_CN"
142.44.228.224 - - [29/Mar/2026:15:59:48 +0800] "GET /news/2518 HTTP/1.1" 200 20388 "-" "Mozilla/5.0 (compatible; AhrefsBot/7.0; +http://ahrefs.com/robot/)"
36.133.115.36 - - [29/Mar/2026:16:06:40 +0800] "POST /wp-cron.php?doing_wp_cron=1774771600.1823060512542724609375 HTTP/1.1" 200 31 "-" "WordPress/6.9; http://cqqizhou.com"
119.84.246.117 - - [29/Mar/2026:16:06:40 +0800] "GET / HTTP/1.1" 301 5 "-" "Mozilla/5.0 (Windows NT 6.1; WOW64) AppleWebKit/537.1 (KHTML, like Gecko) Chrome/21.0.1180.89 Safari/537.1"
119.84.246.117 - - [29/Mar/2026:16:06:51 +0800] "GET / HTTP/1.1" 301 5 "-" "Mozilla/5.0 (Windows NT 6.1; WOW64) AppleWebKit/537.1 (KHTML, like Gecko) Chrome/21.0.1180.89 Safari/537.1"
36.133.115.36 - - [29/Mar/2026:16:07:12 +0800] "POST /wp-cron.php?doing_wp_cron=1774771632.7172551155090332031250 HTTP/1.1" 200 31 "-" "WordPress/6.9; http://cqqizhou.com"
119.84.246.117 - - [29/Mar/2026:16:07:12 +0800] "GET / HTTP/1.1" 301 5 "http://www.iask.sina.com.cn" "Mozilla/5.0 (Windows NT 6.1; WOW64) AppleWebKit/537.1 (KHTML, like Gecko) Chrome/21.0.1180.89 Safari/537.1"
119.84.246.117 - - [29/Mar/2026:16:07:12 +0800] "GET / HTTP/1.1" 200 171111 "http://www.iask.sina.com.cn" "Mozilla/5.0 (Windows NT 6.1; WOW64) AppleWebKit/537.1 (KHTML, like Gecko) Chrome/21.0.1180.89 Safari/537.1"
119.84.246.117 - - [29/Mar/2026:16:07:13 +0800] "GET / HTTP/1.1" 301 5 "-" "Mozilla/5.0 (Windows NT 6.1; WOW64; rv:12.0) Gecko/20100101 Firefox/12.0"
119.84.246.117 - - [29/Mar/2026:16:07:13 +0800] "GET / HTTP/1.1" 200 171111 "-" "Mozilla/5.0 (Windows NT 6.1; WOW64; rv:12.0) Gecko/20100101 Firefox/12.0"
119.84.246.117 - - [29/Mar/2026:16:07:14 +0800] "GET / HTTP/1.1" 301 5 "-" "Mozilla/5.0 (Windows NT 6.1; WOW64; rv:13.0) Gecko/20100101 Firefox/13.0.1"
183.227.131.127 - - [29/Mar/2026:16:07:17 +0800] "GET /?wx_header=1 HTTP/1.1" 301 5 "-" "Mozilla/5.0 (Linux; Android 10; SPN-AL00 Build/HUAWEISPN-AL00; wv) AppleWebKit/537.36 (KHTML, like Gecko) Version/4.0 Chrome/142.0.7444.173 Mobile Safari/537.36 XWEB/1420283 MMWEBSDK/20260201 MMWEBID/5519 REV/ec8e1e22ce14c15777e32b125633f1cf59a36aa3 MicroMessenger/8.0.69.3040(0x2800455B) WeChat/arm64 Weixin NetType/WIFI Language/zh_CN ABI/arm64"
183.227.131.127 - - [29/Mar/2026:16:07:19 +0800] "GET /?wx_header=1 HTTP/1.1" 200 34811 "-" "Mozilla/5.0 (Linux; Android 10; SPN-AL00 Build/HUAWEISPN-AL00; wv) AppleWebKit/537.36 (KHTML, like Gecko) Version/4.0 Chrome/142.0.7444.173 Mobile Safari/537.36 XWEB/1420283 MMWEBSDK/20260201 MMWEBID/5519 REV/ec8e1e22ce14c15777e32b125633f1cf59a36aa3 MicroMessenger/8.0.69.3040(0x2800455B) WeChat/arm64 Weixin NetType/WIFI Language/zh_CN ABI/arm64"
183.227.131.127 - - [29/Mar/2026:16:07:19 +0800] "GET /wp-content/uploads/2025/07/1751425283-qizhou.kf_.qq_.com_.webp HTTP/1.1" 200 16864 "http://cqqizhou.com/?wx_header=1" "Mozilla/5.0 (Linux; Android 10; SPN-AL00 Build/HUAWEISPN-AL00; wv) AppleWebKit/537.36 (KHTML, like Gecko) Version/4.0 Chrome/142.0.7444.173 Mobile Safari/537.36 XWEB/1420283 MMWEBSDK/20260201 MMWEBID/5519 REV/ec8e1e22ce14c15777e32b125633f1cf59a36aa3 MicroMessenger/8.0.69.3040(0x2800455B) WeChat/arm64 Weixin NetType/WIFI Language/zh_CN ABI/arm64"
119.84.246.117 - - [29/Mar/2026:16:07:20 +0800] "GET / HTTP/1.1" 200 171103 "-" "Mozilla/5.0 (Windows NT 6.1; WOW64; rv:13.0) Gecko/20100101 Firefox/13.0.1"
183.227.131.127 - - [29/Mar/2026:16:07:22 +0800] "GET /wp-content/uploads/2025/12/1765268955-qizhou_Slider1_3840%C3%972160_20251210-scaled.webp HTTP/1.1" 200 152162 "http://cqqizhou.com/?wx_header=1" "Mozilla/5.0 (Linux; Android 10; SPN-AL00 Build/HUAWEISPN-AL00; wv) AppleWebKit/537.36 (KHTML, like Gecko) Version/4.0 Chrome/142.0.7444.173 Mobile Safari/537.36 XWEB/1420283 MMWEBSDK/20260201 MMWEBID/5519 REV/ec8e1e22ce14c15777e32b125633f1cf59a36aa3 MicroMessenger/8.0.69.3040(0x2800455B) WeChat/arm64 Weixin NetType/WIFI Language/zh_CN ABI/arm64"
183.227.131.127 - - [29/Mar/2026:16:07:22 +0800] "GET /wp-content/uploads/revslider/slider-1/1750861156-logistics_Slider_3840%C3%972160_20250625191356-scaled-50x100.webp HTTP/1.1" 200 1416 "http://cqqizhou.com/?wx_header=1" "Mozilla/5.0 (Linux; Android 10; SPN-AL00 Build/HUAWEISPN-AL00; wv) AppleWebKit/537.36 (KHTML, like Gecko) Version/4.0 Chrome/142.0.7444.173 Mobile Safari/537.36 XWEB/1420283 MMWEBSDK/20260201 MMWEBID/5519 REV/ec8e1e22ce14c15777e32b125633f1cf59a36aa3 MicroMessenger/8.0.69.3040(0x2800455B) WeChat/arm64 Weixin NetType/WIFI Language/zh_CN ABI/arm64"
183.227.131.127 - - [29/Mar/2026:16:07:22 +0800] "GET /wp-content/uploads/2026/01/1768276119-qizhoujiagong_Slider_3840%C3%972160_20260113-scaled-50x100.webp HTTP/1.1" 200 976 "http://cqqizhou.com/?wx_header=1" "Mozilla/5.0 (Linux; Android 10; SPN-AL00 Build/HUAWEISPN-AL00; wv) AppleWebKit/537.36 (KHTML, like Gecko) Version/4.0 Chrome/142.0.7444.173 Mobile Safari/537.36 XWEB/1420283 MMWEBSDK/20260201 MMWEBID/5519 REV/ec8e1e22ce14c15777e32b125633f1cf59a36aa3 MicroMessenger/8.0.69.3040(0x2800455B) WeChat/arm64 Weixin NetType/WIFI Language/zh_CN ABI/arm64"
183.227.131.127 - - [29/Mar/2026:16:07:22 +0800] "GET /wp-content/uploads/2025/07/1753456723-%E5%8F%8C%E7%9B%B8%E9%92%A2roduct_Single600.webp HTTP/1.1" 200 22790 "http://cqqizhou.com/?wx_header=1" "Mozilla/5.0 (Linux; Android 10; SPN-AL00 Build/HUAWEISPN-AL00; wv) AppleWebKit/537.36 (KHTML, like Gecko) Version/4.0 Chrome/142.0.7444.173 Mobile Safari/537.36 XWEB/1420283 MMWEBSDK/20260201 MMWEBID/5519 REV/ec8e1e22ce14c15777e32b125633f1cf59a36aa3 MicroMessenger/8.0.69.3040(0x2800455B) WeChat/arm64 Weixin NetType/WIFI Language/zh_CN ABI/arm64"
183.227.131.127 - - [29/Mar/2026:16:07:22 +0800] "GET /wp-content/uploads/2025/07/1753453096-%E5%8F%8C%E7%9B%B8%E9%92%A2product_Single600%C3%97284.webp HTTP/1.1" 200 14562 "http://cqqizhou.com/?wx_header=1" "Mozilla/5.0 (Linux; Android 10; SPN-AL00 Build/HUAWEISPN-AL00; wv) AppleWebKit/537.36 (KHTML, like Gecko) Version/4.0 Chrome/142.0.7444.173 Mobile Safari/537.36 XWEB/1420283 MMWEBSDK/20260201 MMWEBID/5519 REV/ec8e1e22ce14c15777e32b125633f1cf59a36aa3 MicroMessenger/8.0.69.3040(0x2800455B) WeChat/arm64 Weixin NetType/WIFI Language/zh_CN ABI/arm64"
183.227.131.127 - - [29/Mar/2026:16:07:22 +0800] "GET /wp-content/uploads/2025/07/1753456770-%E7%83%AD%E9%95%80%E9%94%8C%E5%8D%B7product_Single600.webp HTTP/1.1" 200 27502 "http://cqqizhou.com/?wx_header=1" "Mozilla/5.0 (Linux; Android 10; SPN-AL00 Build/HUAWEISPN-AL00; wv) AppleWebKit/537.36 (KHTML, like Gecko) Version/4.0 Chrome/142.0.7444.173 Mobile Safari/537.36 XWEB/1420283 MMWEBSDK/20260201 MMWEBID/5519 REV/ec8e1e22ce14c15777e32b125633f1cf59a36aa3 MicroMessenger/8.0.69.3040(0x2800455B) WeChat/arm64 Weixin NetType/WIFI Language/zh_CN ABI/arm64"
183.227.131.127 - - [29/Mar/2026:16:07:22 +0800] "GET /wp-content/uploads/2025/07/1753453127-%E4%BD%99%E5%8D%B7product_Single600%C3%97284.webp HTTP/1.1" 200 18744 "http://cqqizhou.com/?wx_header=1" "Mozilla/5.0 (Linux; Android 10; SPN-AL00 Build/HUAWEISPN-AL00; wv) AppleWebKit/537.36 (KHTML, like Gecko) Version/4.0 Chrome/142.0.7444.173 Mobile Safari/537.36 XWEB/1420283 MMWEBSDK/20260201 MMWEBID/5519 REV/ec8e1e22ce14c15777e32b125633f1cf59a36aa3 MicroMessenger/8.0.69.3040(0x2800455B) WeChat/arm64 Weixin NetType/WIFI Language/zh_CN ABI/arm64"
183.227.131.127 - - [29/Mar/2026:16:07:23 +0800] "GET /wp-json/sliderrevolution/sliders/1?srengine=7&slideid=2 HTTP/1.1" 200 2000 "http://cqqizhou.com/?wx_header=1" "Mozilla/5.0 (Linux; Android 10; SPN-AL00 Build/HUAWEISPN-AL00; wv) AppleWebKit/537.36 (KHTML, like Gecko) Version/4.0 Chrome/142.0.7444.173 Mobile Safari/537.36 XWEB/1420283 MMWEBSDK/20260201 MMWEBID/5519 REV/ec8e1e22ce14c15777e32b125633f1cf59a36aa3 MicroMessenger/8.0.69.3040(0x2800455B) WeChat/arm64 Weixin NetType/WIFI Language/zh_CN ABI/arm64"
183.227.131.127 - - [29/Mar/2026:16:07:23 +0800] "GET /wp-json/sliderrevolution/sliders/1?srengine=7&slideid=4 HTTP/1.1" 200 2580 "http://cqqizhou.com/?wx_header=1" "Mozilla/5.0 (Linux; Android 10; SPN-AL00 Build/HUAWEISPN-AL00; wv) AppleWebKit/537.36 (KHTML, like Gecko) Version/4.0 Chrome/142.0.7444.173 Mobile Safari/537.36 XWEB/1420283 MMWEBSDK/20260201 MMWEBID/5519 REV/ec8e1e22ce14c15777e32b125633f1cf59a36aa3 MicroMessenger/8.0.69.3040(0x2800455B) WeChat/arm64 Weixin NetType/WIFI Language/zh_CN ABI/arm64"
183.227.131.127 - - [29/Mar/2026:16:07:23 +0800] "GET /wp-content/uploads/revslider/slider-1/1750861156-logistics_Slider_3840%C3%972160_20250625191356-scaled.webp HTTP/1.1" 200 197360 "http://cqqizhou.com/?wx_header=1" "Mozilla/5.0 (Linux; Android 10; SPN-AL00 Build/HUAWEISPN-AL00; wv) AppleWebKit/537.36 (KHTML, like Gecko) Version/4.0 Chrome/142.0.7444.173 Mobile Safari/537.36 XWEB/1420283 MMWEBSDK/20260201 MMWEBID/5519 REV/ec8e1e22ce14c15777e32b125633f1cf59a36aa3 MicroMessenger/8.0.69.3040(0x2800455B) WeChat/arm64 Weixin NetType/WIFI Language/zh_CN ABI/arm64"
183.227.131.127 - - [29/Mar/2026:16:07:23 +0800] "GET /wp-content/uploads/2026/01/1768276119-qizhoujiagong_Slider_3840%C3%972160_20260113-scaled.webp HTTP/1.1" 200 131696 "http://cqqizhou.com/?wx_header=1" "Mozilla/5.0 (Linux; Android 10; SPN-AL00 Build/HUAWEISPN-AL00; wv) AppleWebKit/537.36 (KHTML, like Gecko) Version/4.0 Chrome/142.0.7444.173 Mobile Safari/537.36 XWEB/1420283 MMWEBSDK/20260201 MMWEBID/5519 REV/ec8e1e22ce14c15777e32b125633f1cf59a36aa3 MicroMessenger/8.0.69.3040(0x2800455B) WeChat/arm64 Weixin NetType/WIFI Language/zh_CN ABI/arm64"
183.227.131.127 - - [29/Mar/2026:16:07:31 +0800] "GET /wp-content/uploads/2025/12/1765268955-qizhou_Slider1_3840%C3%972160_20251210-scaled-50x100.webp HTTP/1.1" 200 1812 "http://cqqizhou.com/?wx_header=1" "Mozilla/5.0 (Linux; Android 10; SPN-AL00 Build/HUAWEISPN-AL00; wv) AppleWebKit/537.36 (KHTML, like Gecko) Version/4.0 Chrome/142.0.7444.173 Mobile Safari/537.36 XWEB/1420283 MMWEBSDK/20260201 MMWEBID/5519 REV/ec8e1e22ce14c15777e32b125633f1cf59a36aa3 MicroMessenger/8.0.69.3040(0x2800455B) WeChat/arm64 Weixin NetType/WIFI Language/zh_CN ABI/arm64"
183.227.131.127 - - [29/Mar/2026:16:07:50 +0800] "GET /wp-content/uploads/2025/07/1750174127-Marketing1920x800_3.webp HTTP/1.1" 200 52790 "http://cqqizhou.com/wp-content/uploads/elementor/css/post-1666.css?ver=1773725585" "Mozilla/5.0 (Linux; Android 10; SPN-AL00 Build/HUAWEISPN-AL00; wv) AppleWebKit/537.36 (KHTML, like Gecko) Version/4.0 Chrome/142.0.7444.173 Mobile Safari/537.36 XWEB/1420283 MMWEBSDK/20260201 MMWEBID/5519 REV/ec8e1e22ce14c15777e32b125633f1cf59a36aa3 MicroMessenger/8.0.69.3040(0x2800455B) WeChat/arm64 Weixin NetType/WIFI Language/zh_CN ABI/arm64"
27.99.157.64 - - [29/Mar/2026:16:12:49 +0800] "GET /wp-content/uploads/logistics/Conatiner-5.webp HTTP/1.1" 200 63396 "http://cqqizhou.com/logistics" "Mozilla/5.0 (Macintosh; Intel Mac OS X 10_15_7) AppleWebKit/537.36 (KHTML, like Gecko) Chrome/130.0.0.0 Safari/537.36"
119.249.100.115 - - [29/Mar/2026:16:18:48 +0800] "GET /wp-content/uploads/2025/07/1753456723-%CB%AB%CF%E0%B8%D6roduct_Single600.webp HTTP/1.1" 404 31365 "http://www.cqqizhou.com/" "Mozilla/5.0 (Windows NT 10.0; WOW64) AppleWebKit/537.36 (KHTML, like Gecko) Chrome/48.0.2564.116 Safari/537.36"
36.133.115.36 - - [29/Mar/2026:16:18:48 +0800] "POST /wp-cron.php?doing_wp_cron=1774772328.9049780368804931640625 HTTP/1.1" 200 31 "-" "WordPress/6.9; http://cqqizhou.com"
220.181.51.116 - - [29/Mar/2026:16:18:48 +0800] "GET /wp-content/uploads/2025/07/1753456770-%C8%C8%B6%C6%D0%BF%BE%EDproduct_Single600.webp HTTP/1.1" 404 31365 "http://www.cqqizhou.com/" "Mozilla/5.0 (Windows NT 10.0; WOW64) AppleWebKit/537.36 (KHTML, like Gecko) Chrome/48.0.2564.116 Safari/537.36"
119.249.100.53 - - [29/Mar/2026:16:18:49 +0800] "GET /wp-content/uploads/2025/07/1753453127-%D3%E0%BE%EDproduct_Single600%A1%C1284.webp HTTP/1.1" 404 31365 "http://www.cqqizhou.com/" "Mozilla/5.0 (Windows NT 10.0; WOW64) AppleWebKit/537.36 (KHTML, like Gecko) Chrome/48.0.2564.116 Safari/537.36"
36.133.115.36 - - [29/Mar/2026:17:07:31 +0800] "POST /wp-cron.php?doing_wp_cron=1774775251.1979970932006835937500 HTTP/1.1" 200 31 "-" "WordPress/6.9; http://cqqizhou.com"
91.224.92.125 - - [29/Mar/2026:17:07:31 +0800] "GET /SDK/webLanguage HTTP/1.1" 301 5 "-" "Mozilla/5.0 (Windows NT 10.0; Win64; x64) AppleWebKit/537.36 (KHTML, like Gecko) Chrome/90.0.4430.85 Safari/537.36 Edg/90.0.818.46"
36.133.115.36 - - [29/Mar/2026:17:46:12 +0800] "POST /wp-cron.php?doing_wp_cron=1774777572.7929689884185791015625 HTTP/1.1" 200 31 "-" "WordPress/6.9; http://cqqizhou.com"
149.86.227.60 - - [29/Mar/2026:17:46:13 +0800] "GET / HTTP/1.1" 200 157185 "-" "Mozilla/5.0"
36.133.115.36 - - [29/Mar/2026:17:49:44 +0800] "POST /wp-cron.php?doing_wp_cron=1774777784.7705059051513671875000 HTTP/1.1" 200 31 "-" "WordPress/6.9; http://cqqizhou.com"
182.42.224.101 - - [29/Mar/2026:17:49:44 +0800] "GET /2160/ HTTP/1.1" 301 5 "-" "Mozilla/5.0 (Windows NT 10.0; Win64; x64) AppleWebKit/537.36 (KHTML, like Gecko) Chrome/142.0.0.0 Safari/537.36"
182.42.224.101 - - [29/Mar/2026:17:49:44 +0800] "GET /news/2160 HTTP/1.1" 200 25854 "-" "Mozilla/5.0 (Windows NT 10.0; Win64; x64) AppleWebKit/537.36 (KHTML, like Gecko) Chrome/142.0.0.0 Safari/537.36"
36.133.115.36 - - [29/Mar/2026:17:51:15 +0800] "POST /wp-cron.php?doing_wp_cron=1774777875.8437399864196777343750 HTTP/1.1" 200 31 "-" "WordPress/6.9; http://cqqizhou.com"
110.249.201.80 - - [29/Mar/2026:17:51:15 +0800] "GET /logistics HTTP/1.1" 200 25345 "-" "Mozilla/5.0 (Linux; Android 5.0) AppleWebKit/537.36 (KHTML, like Gecko) Mobile Safari/537.36 (compatible; Bytespider; https://zhanzhang.toutiao.com/)"
110.249.201.64 - - [29/Mar/2026:17:51:16 +0800] "GET /wp-content/uploads/2025/11/1762864381-QZ_Photo-7-768x512.webp HTTP/1.1" 206 500 "http://cqqizhou.com/logistics" "Mozilla/5.0 (Linux; Android 5.0) AppleWebKit/537.36 (KHTML, like Gecko) Mobile Safari/537.36 (compatible; Bytespider; https://zhanzhang.toutiao.com/)"
110.249.201.103 - - [29/Mar/2026:17:51:16 +0800] "GET /wp-content/uploads/2026/01/1767696162-qizhoutruck3-768x173.webp HTTP/1.1" 206 500 "http://cqqizhou.com/logistics" "Mozilla/5.0 (Linux; Android 5.0) AppleWebKit/537.36 (KHTML, like Gecko) Mobile Safari/537.36 (compatible; Bytespider; https://zhanzhang.toutiao.com/)"
110.249.201.51 - - [29/Mar/2026:17:51:16 +0800] "GET /wp-content/uploads/2025/12/1765862012-DSC20251216131140-768x432.webp HTTP/1.1" 206 500 "http://cqqizhou.com/logistics" "Mozilla/5.0 (Linux; Android 5.0) AppleWebKit/537.36 (KHTML, like Gecko) Mobile Safari/537.36 (compatible; Bytespider; https://zhanzhang.toutiao.com/)"
110.249.201.240 - - [29/Mar/2026:17:51:16 +0800] "GET /wp-content/uploads/2025/07/1751425283-qizhou.kf_.qq_.com_.webp HTTP/1.1" 206 500 "http://cqqizhou.com/logistics" "Mozilla/5.0 (Linux; Android 5.0) AppleWebKit/537.36 (KHTML, like Gecko) Mobile Safari/537.36 (compatible; Bytespider; https://zhanzhang.toutiao.com/)"
110.249.201.51 - - [29/Mar/2026:17:51:17 +0800] "GET /wp-content/uploads/2026/01/1767696142-aojiaqiao20260104.webp HTTP/1.1" 206 500 "http://cqqizhou.com/wp-content/uploads/elementor/css/post-1959.css?ver=1773729159" "Mozilla/5.0 (Linux; Android 5.0) AppleWebKit/537.36 (KHTML, like Gecko) Mobile Safari/537.36 (compatible; Bytespider; https://zhanzhang.toutiao.com/)"
110.249.201.240 - - [29/Mar/2026:17:51:17 +0800] "GET /wp-content/uploads/logistics/Conatiner-5.webp HTTP/1.1" 206 500 "http://cqqizhou.com/logistics" "Mozilla/5.0 (Linux; Android 5.0) AppleWebKit/537.36 (KHTML, like Gecko) Mobile Safari/537.36 (compatible; Bytespider; https://zhanzhang.toutiao.com/)"
36.133.115.36 - - [29/Mar/2026:17:57:15 +0800] "POST /wp-cron.php?doing_wp_cron=1774778235.2215740680694580078125 HTTP/1.1" 200 31 "-" "WordPress/6.9; http://cqqizhou.com"
43.157.174.69 - - [29/Mar/2026:17:57:15 +0800] "GET / HTTP/1.1" 301 5 "-" "Mozilla/5.0 (iPhone; CPU iPhone OS 13_2_3 like Mac OS X) AppleWebKit/605.1.15 (KHTML, like Gecko) Version/13.0.3 Mobile/15E148 Safari/604.1"
39.104.201.109 - - [29/Mar/2026:17:59:08 +0800] "GET / HTTP/1.1" 200 40701 "http://www.baidu.com" "Mozilla/5.0 (X11; windows; windows x86_64; rv:37.0) Gecko/20170101 Firefox/35.1"
36.133.115.36 - - [29/Mar/2026:17:59:10 +0800] "POST /wp-cron.php?doing_wp_cron=1774778349.9649789333343505859375 HTTP/1.1" 200 31 "-" "WordPress/6.9; http://cqqizhou.com"
116.179.32.178 - - [29/Mar/2026:17:59:10 +0800] "GET /2160/ HTTP/1.1" 301 5 "-" "Mozilla/5.0 (compatible; Baiduspider/2.0; +http://www.baidu.com/search/spider.html)"
116.179.32.202 - - [29/Mar/2026:17:59:10 +0800] "GET /news/2160 HTTP/1.1" 200 25854 "-" "Mozilla/5.0 (compatible; Baiduspider/2.0; +http://www.baidu.com/search/spider.html)"
110.249.202.39 - - [29/Mar/2026:18:38:36 +0800] "GET /wp-content/uploads/2026/01/1767691466-Article_images_W900%C3%97500px202601061-300x167.webp HTTP/1.1" 200 13164 "http://cqqizhou.com/media/4" "Mozilla/5.0 (Linux; Android 5.0) AppleWebKit/537.36 (KHTML, like Gecko) Mobile Safari/537.36 (compatible; Bytespider; https://zhanzhang.toutiao.com/)"
36.133.115.36 - - [29/Mar/2026:18:54:04 +0800] "POST /wp-cron.php?doing_wp_cron=1774781644.8108229637145996093750 HTTP/1.1" 200 31 "-" "WordPress/6.9; http://cqqizhou.com"
66.132.224.82 - - [29/Mar/2026:18:54:04 +0800] "GET / HTTP/1.1" 301 5 "-" "Mozilla/5.0 (compatible; CensysInspect/1.1; +https://about.censys.io/)"
36.133.115.36 - - [29/Mar/2026:18:54:22 +0800] "POST /wp-cron.php?doing_wp_cron=1774781662.7172410488128662109375 HTTP/1.1" 200 31 "-" "WordPress/6.9; http://cqqizhou.com"
66.132.224.82 - - [29/Mar/2026:18:54:22 +0800] "GET /login HTTP/1.1" 302 5 "-" "Mozilla/5.0 (compatible; CensysInspect/1.1; +https://about.censys.io/)"
36.133.115.36 - - [29/Mar/2026:19:07:52 +0800] "POST /wp-cron.php?doing_wp_cron=1774782472.6001260280609130859375 HTTP/1.1" 200 31 "-" "WordPress/6.9; http://cqqizhou.com"
47.128.31.125 - - [29/Mar/2026:19:07:52 +0800] "GET /robots.txt HTTP/1.1" 200 190 "-" "Mozilla/5.0 (Linux; Android 5.0) AppleWebKit/537.36 (KHTML, like Gecko) Mobile Safari/537.36 (compatible; Bytespider; spider-feedback@bytedance.com)"
36.133.115.36 - - [29/Mar/2026:19:48:06 +0800] "POST /wp-cron.php?doing_wp_cron=1774784886.7737500667572021484375 HTTP/1.1" 200 31 "-" "WordPress/6.9; http://cqqizhou.com"
66.132.172.177 - - [29/Mar/2026:19:48:06 +0800] "GET /sitemap.xml HTTP/1.1" 200 536 "-" "Mozilla/5.0 (compatible; CensysInspect/1.1; +https://about.censys.io/)"
36.133.115.36 - - [29/Mar/2026:19:48:17 +0800] "POST /wp-cron.php?doing_wp_cron=1774784897.6858150959014892578125 HTTP/1.1" 200 31 "-" "WordPress/6.9; http://cqqizhou.com"
66.132.172.177 - - [29/Mar/2026:19:48:17 +0800] "GET /atfb6c0heu2s HTTP/1.1" 404 8950 "-" "Mozilla/5.0 (compatible; CensysInspect/1.1; +https://about.censys.io/)"
36.133.115.36 - - [29/Mar/2026:19:50:34 +0800] "POST /wp-cron.php?doing_wp_cron=1774785034.5529439449310302734375 HTTP/1.1" 200 31 "-" "WordPress/6.9; http://cqqizhou.com"
182.44.2.148 - - [29/Mar/2026:19:50:34 +0800] "GET / HTTP/1.1" 301 5 "-" "Mozilla/5.0 (iPhone; CPU iPhone OS 13_2_3 like Mac OS X) AppleWebKit/605.1.15 (KHTML, like Gecko) Version/13.0.3 Mobile/15E148 Safari/604.1"
182.44.2.148 - - [29/Mar/2026:19:50:42 +0800] "GET / HTTP/1.1" 200 34810 "http://www.cqqizhou.com" "Mozilla/5.0 (iPhone; CPU iPhone OS 13_2_3 like Mac OS X) AppleWebKit/605.1.15 (KHTML, like Gecko) Version/13.0.3 Mobile/15E148 Safari/604.1"
180.153.236.26 - - [29/Mar/2026:20:22:03 +0800] "GET / HTTP/1.1" 200 40701 "http://cqqizhou.com" "User-Agent:Mozilla/5.0 (Windows NT 10.0; Win64; x64) AppleWebKit/537.36 (KHTML, like Gecko) Chrome/140.0.0.0 Safari/537.36 Edg/140.0.0.0; 360Spider"
36.133.115.36 - - [29/Mar/2026:20:37:29 +0800] "POST /wp-cron.php?doing_wp_cron=1774787849.7906410694122314453125 HTTP/1.1" 200 31 "-" "WordPress/6.9; http://cqqizhou.com"
209.38.208.202 - - [29/Mar/2026:20:37:29 +0800] "GET / HTTP/1.1" 301 5 "-" "Mozilla/5.0 (l9scan/2.0.6333e2531313e2333313e26333; +https://leakix.net)"
209.38.208.202 - - [29/Mar/2026:20:37:31 +0800] "GET /console/ HTTP/1.1" 404 8949 "-" "Mozilla/5.0 (l9scan/2.0.6333e2531313e2333313e26333; +https://leakix.net)"
209.38.208.202 - - [29/Mar/2026:20:37:32 +0800] "GET /server HTTP/1.1" 404 8949 "-" "Mozilla/5.0 (l9scan/2.0.6333e2531313e2333313e26333; +https://leakix.net)"
209.38.208.202 - - [29/Mar/2026:20:37:34 +0800] "GET /server-status HTTP/1.1" 404 8950 "-" "Mozilla/5.0 (l9scan/2.0.6333e2531313e2333313e26333; +https://leakix.net)"
209.38.208.202 - - [29/Mar/2026:20:37:36 +0800] "GET /about HTTP/1.1" 200 24160 "-" "Mozilla/5.0 (l9scan/2.0.6333e2531313e2333313e26333; +https://leakix.net)"
209.38.208.202 - - [29/Mar/2026:20:37:38 +0800] "GET /login.action HTTP/1.1" 404 8950 "-" "Mozilla/5.0 (l9scan/2.0.6333e2531313e2333313e26333; +https://leakix.net)"
209.38.208.202 - - [29/Mar/2026:20:37:41 +0800] "GET /v2/_catalog HTTP/1.1" 404 8949 "-" "Mozilla/5.0 (l9scan/2.0.6333e2531313e2333313e26333; +https://leakix.net)"
209.38.208.202 - - [29/Mar/2026:20:37:42 +0800] "GET /.DS_Store HTTP/1.1" 404 8949 "-" "Mozilla/5.0 (l9scan/2.0.6333e2531313e2333313e26333; +https://leakix.net)"
209.38.208.202 - - [29/Mar/2026:20:37:43 +0800] "GET /.env HTTP/1.1" 404 8949 "-" "Mozilla/5.0 (l9scan/2.0.6333e2531313e2333313e26333; +https://leakix.net)"
209.38.208.202 - - [29/Mar/2026:20:37:46 +0800] "GET /ecp/Current/exporttool/microsoft.exchange.ediscovery.exporttool.application HTTP/1.1" 404 8949 "-" "Mozilla/5.0 (l9scan/2.0.6333e2531313e2333313e26333; +https://leakix.net)"
209.38.208.202 - - [29/Mar/2026:20:37:49 +0800] "GET /.git/config HTTP/1.1" 404 8949 "-" "Mozilla/5.0 (l9scan/2.0.6333e2531313e2333313e26333; +https://leakix.net)"
209.38.208.202 - - [29/Mar/2026:20:37:56 +0800] "POST /graphql HTTP/1.1" 404 8949 "-" "Mozilla/5.0 (l9scan/2.0.6333e2531313e2333313e26333; +https://leakix.net)"
209.38.208.202 - - [29/Mar/2026:20:37:57 +0800] "POST /api/graphql HTTP/1.1" 404 8949 "-" "Mozilla/5.0 (l9scan/2.0.6333e2531313e2333313e26333; +https://leakix.net)"
209.38.208.202 - - [29/Mar/2026:20:37:58 +0800] "POST /graphql/api HTTP/1.1" 404 8948 "-" "Mozilla/5.0 (l9scan/2.0.6333e2531313e2333313e26333; +https://leakix.net)"
209.38.208.202 - - [29/Mar/2026:20:37:59 +0800] "POST /api/gql HTTP/1.1" 404 8949 "-" "Mozilla/5.0 (l9scan/2.0.6333e2531313e2333313e26333; +https://leakix.net)"
209.38.208.202 - - [29/Mar/2026:20:38:01 +0800] "GET /s/6333e2531313e2333313e26333/_/;/META-INF/maven/com.atlassian.jira/jira-webapp-dist/pom.properties HTTP/1.1" 404 8949 "-" "Mozilla/5.0 (l9scan/2.0.6333e2531313e2333313e26333; +https://leakix.net)"
209.38.208.202 - - [29/Mar/2026:20:38:02 +0800] "GET /config.json HTTP/1.1" 404 8949 "-" "Mozilla/5.0 (l9scan/2.0.6333e2531313e2333313e26333; +https://leakix.net)"
209.38.208.202 - - [29/Mar/2026:20:38:04 +0800] "GET /telescope/requests HTTP/1.1" 404 8950 "-" "Mozilla/5.0 (l9scan/2.0.6333e2531313e2333313e26333; +https://leakix.net)"
209.38.208.202 - - [29/Mar/2026:20:38:06 +0800] "GET /info.php HTTP/1.1" 200 49 "-" "Mozilla/5.0 (l9scan/2.0.6333e2531313e2333313e26333; +https://leakix.net)"
209.38.208.202 - - [29/Mar/2026:20:38:07 +0800] "GET /.well-known/security.txt HTTP/1.1" 404 8950 "-" "Mozilla/5.0 (l9scan/2.0.6333e2531313e2333313e26333; +https://leakix.net)"
36.133.115.36 - - [29/Mar/2026:20:38:09 +0800] "POST /wp-cron.php?doing_wp_cron=1774787889.3557360172271728515625 HTTP/1.1" 200 31 "-" "WordPress/6.9; http://cqqizhou.com"
209.38.208.202 - - [29/Mar/2026:20:38:09 +0800] "GET /actuator/env HTTP/1.1" 404 8950 "-" "Mozilla/5.0 (l9scan/2.0.6333e2531313e2333313e26333; +https://leakix.net)"
119.84.246.117 - - [29/Mar/2026:20:38:10 +0800] "GET / HTTP/1.1" 301 5 "-" "-"
119.84.246.117 - - [29/Mar/2026:20:38:10 +0800] "GET / HTTP/1.1" 200 171111 "-" "-"
209.38.208.202 - - [29/Mar/2026:20:38:10 +0800] "POST /php-cgi/php-cgi.exe?%ADd+cgi.force_redirect%3D0+%ADd+disable_functions%3D\x22\x22+%ADd+allow_url_include%3D1+%ADd+auto_prepend_file%3Dphp://input HTTP/1.1" 404 8950 "-" "Mozilla/5.0 (l9scan/2.0.6333e2531313e2333313e26333; +https://leakix.net)"
209.38.208.202 - - [29/Mar/2026:20:38:11 +0800] "GET /swagger-ui.html HTTP/1.1" 404 8949 "-" "Mozilla/5.0 (l9scan/2.0.6333e2531313e2333313e26333; +https://leakix.net)"
119.84.246.117 - - [29/Mar/2026:20:38:12 +0800] "GET / HTTP/1.1" 301 5 "-" "Mozilla/5.0 (Windows; U; Windows NT 5.2) AppleWebKit/525.13 (KHTML, like Gecko) Version/3.1 Safari/525.13"
119.84.246.117 - - [29/Mar/2026:20:38:12 +0800] "GET / HTTP/1.1" 200 40701 "-" "Mozilla/5.0 (Windows; U; Windows NT 5.2) AppleWebKit/525.13 (KHTML, like Gecko) Version/3.1 Safari/525.13"
119.84.246.117 - - [29/Mar/2026:20:38:12 +0800] "GET /wp-content/uploads/2025/07/1753453096-%E5%8F%8C%E7%9B%B8%E9%92%A2product_Single600%C3%97284.webp HTTP/1.1" 200 14562 "http://cqqizhou.com/" "Mozilla/5.0 (Windows; U; Windows NT 5.2) AppleWebKit/525.13 (KHTML, like Gecko) Version/3.1 Safari/525.13"
119.84.246.117 - - [29/Mar/2026:20:38:12 +0800] "GET /wp-content/uploads/2025/07/1753456723-%E5%8F%8C%E7%9B%B8%E9%92%A2roduct_Single600.webp HTTP/1.1" 200 22790 "http://cqqizhou.com/" "Mozilla/5.0 (Windows; U; Windows NT 5.2) AppleWebKit/525.13 (KHTML, like Gecko) Version/3.1 Safari/525.13"
119.84.246.117 - - [29/Mar/2026:20:38:12 +0800] "GET /wp-content/uploads/2025/07/1751425283-qizhou.kf_.qq_.com_.webp HTTP/1.1" 200 16864 "http://cqqizhou.com/" "Mozilla/5.0 (Windows; U; Windows NT 5.2) AppleWebKit/525.13 (KHTML, like Gecko) Version/3.1 Safari/525.13"
119.84.246.117 - - [29/Mar/2026:20:38:12 +0800] "GET /wp-content/uploads/2025/07/1753456770-%E7%83%AD%E9%95%80%E9%94%8C%E5%8D%B7product_Single600.webp HTTP/1.1" 200 27502 "http://cqqizhou.com/" "Mozilla/5.0 (Windows; U; Windows NT 5.2) AppleWebKit/525.13 (KHTML, like Gecko) Version/3.1 Safari/525.13"
119.84.246.117 - - [29/Mar/2026:20:38:12 +0800] "GET /wp-content/uploads/2025/07/1753453127-%E4%BD%99%E5%8D%B7product_Single600%C3%97284.webp HTTP/1.1" 200 18744 "http://cqqizhou.com/" "Mozilla/5.0 (Windows; U; Windows NT 5.2) AppleWebKit/525.13 (KHTML, like Gecko) Version/3.1 Safari/525.13"
119.84.246.117 - - [29/Mar/2026:20:38:12 +0800] "GET /wp-content/uploads/2026/03/1773722869-1Article_images_W900px.webp HTTP/1.1" 200 28566 "http://cqqizhou.com/" "Mozilla/5.0 (Windows; U; Windows NT 5.2) AppleWebKit/525.13 (KHTML, like Gecko) Version/3.1 Safari/525.13"
119.84.246.117 - - [29/Mar/2026:20:38:12 +0800] "GET /wp-content/uploads/2026/03/1772790791-%E5%B0%81%E9%9D%A2%E5%A4%B4%E5%9B%BEArticle_images_W900%C3%97500px2026.webp HTTP/1.1" 200 52968 "http://cqqizhou.com/" "Mozilla/5.0 (Windows; U; Windows NT 5.2) AppleWebKit/525.13 (KHTML, like Gecko) Version/3.1 Safari/525.13"
119.84.246.117 - - [29/Mar/2026:20:38:12 +0800] "GET /wp-content/uploads/2026/02/1772086672-%E5%BC%80%E5%B7%A5%E5%A4%A7%E5%90%89%E5%B0%81%E9%9D%A2%E5%A4%B4%E5%9B%BEArticle_images_W900%C3%97500px.webp HTTP/1.1" 200 99110 "http://cqqizhou.com/" "Mozilla/5.0 (Windows; U; Windows NT 5.2) AppleWebKit/525.13 (KHTML, like Gecko) Version/3.1 Safari/525.13"
119.84.246.117 - - [29/Mar/2026:20:38:12 +0800] "GET /wp-content/uploads/2026/03/1772713922-Article_images_W900px.webp HTTP/1.1" 200 41304 "http://cqqizhou.com/" "Mozilla/5.0 (Windows; U; Windows NT 5.2) AppleWebKit/525.13 (KHTML, like Gecko) Version/3.1 Safari/525.13"
119.84.246.117 - - [29/Mar/2026:20:38:12 +0800] "GET /wp-content/uploads/2025/07/1753454299-Article_images_W900px.webp HTTP/1.1" 200 52418 "http://cqqizhou.com/" "Mozilla/5.0 (Windows; U; Windows NT 5.2) AppleWebKit/525.13 (KHTML, like Gecko) Version/3.1 Safari/525.13"
209.38.208.202 - - [29/Mar/2026:20:38:13 +0800] "GET /swagger/index.html HTTP/1.1" 404 8949 "-" "Mozilla/5.0 (l9scan/2.0.6333e2531313e2333313e26333; +https://leakix.net)"
209.38.208.202 - - [29/Mar/2026:20:38:15 +0800] "GET /swagger/swagger-ui.html HTTP/1.1" 404 8950 "-" "Mozilla/5.0 (l9scan/2.0.6333e2531313e2333313e26333; +https://leakix.net)"
209.38.208.202 - - [29/Mar/2026:20:38:16 +0800] "GET /webjars/swagger-ui/index.html HTTP/1.1" 404 8949 "-" "Mozilla/5.0 (l9scan/2.0.6333e2531313e2333313e26333; +https://leakix.net)"
209.38.208.202 - - [29/Mar/2026:20:38:19 +0800] "GET /swagger.json HTTP/1.1" 404 8950 "-" "Mozilla/5.0 (l9scan/2.0.6333e2531313e2333313e26333; +https://leakix.net)"
36.133.115.36 - - [29/Mar/2026:20:38:20 +0800] "POST /wp-cron.php?doing_wp_cron=1774787900.6005880832672119140625 HTTP/1.1" 200 31 "-" "WordPress/6.9; http://cqqizhou.com"
209.38.208.202 - - [29/Mar/2026:20:38:20 +0800] "GET /swagger/v1/swagger.json HTTP/1.1" 404 8948 "-" "Mozilla/5.0 (l9scan/2.0.6333e2531313e2333313e26333; +https://leakix.net)"
209.38.208.202 - - [29/Mar/2026:20:38:21 +0800] "GET /v2/api-docs HTTP/1.1" 404 8949 "-" "Mozilla/5.0 (l9scan/2.0.6333e2531313e2333313e26333; +https://leakix.net)"
209.38.208.202 - - [29/Mar/2026:20:38:23 +0800] "GET /v3/api-docs HTTP/1.1" 404 8949 "-" "Mozilla/5.0 (l9scan/2.0.6333e2531313e2333313e26333; +https://leakix.net)"
209.38.208.202 - - [29/Mar/2026:20:38:28 +0800] "GET /api/swagger.json HTTP/1.1" 200 19480 "-" "Mozilla/5.0 (l9scan/2.0.6333e2531313e2333313e26333; +https://leakix.net)"
209.38.208.202 - - [29/Mar/2026:20:38:31 +0800] "GET /trace.axd HTTP/1.1" 404 8949 "-" "Mozilla/5.0 (l9scan/2.0.6333e2531313e2333313e26333; +https://leakix.net)"
209.38.208.202 - - [29/Mar/2026:20:38:32 +0800] "GET /@vite/env HTTP/1.1" 404 8949 "-" "Mozilla/5.0 (l9scan/2.0.6333e2531313e2333313e26333; +https://leakix.net)"
209.38.208.202 - - [29/Mar/2026:20:38:35 +0800] "GET /.vscode/sftp.json HTTP/1.1" 404 8949 "-" "Mozilla/5.0 (l9scan/2.0.6333e2531313e2333313e26333; +https://leakix.net)"
209.38.208.202 - - [29/Mar/2026:20:38:37 +0800] "OPTIONS / HTTP/1.1" 405 150 "-" "Mozilla/5.0 (l9scan/2.0.6333e2531313e2333313e26333; +https://leakix.net)"
209.38.208.202 - - [29/Mar/2026:20:38:41 +0800] "GET /debug/default/view?panel=config HTTP/1.1" 404 8949 "-" "Mozilla/5.0 (l9scan/2.0.6333e2531313e2333313e26333; +https://leakix.net)"
36.133.115.36 - - [29/Mar/2026:20:45:15 +0800] "POST /wp-cron.php?doing_wp_cron=1774788314.9406700134277343750000 HTTP/1.1" 200 31 "-" "WordPress/6.9; http://cqqizhou.com"
184.34.111.185 - - [29/Mar/2026:20:45:15 +0800] "GET / HTTP/1.1" 301 5 "-" "Go-http-client/1.1"
184.34.111.185 - - [29/Mar/2026:20:45:15 +0800] "GET / HTTP/1.1" 200 40701 "http://36.133.115.36" "Go-http-client/1.1"
36.133.115.36 - - [29/Mar/2026:21:17:34 +0800] "POST /wp-cron.php?doing_wp_cron=1774790254.6518790721893310546875 HTTP/1.1" 200 31 "-" "WordPress/6.9; http://cqqizhou.com"
149.86.227.60 - - [29/Mar/2026:21:17:35 +0800] "GET / HTTP/1.1" 200 157185 "-" "Mozilla/5.0"
143.110.150.108 - - [29/Mar/2026:21:45:09 +0800] "GET / HTTP/1.1" 200 40701 "-" "Mozilla/5.0 (X11; Linux x86_64) AppleWebKit/537.36 (KHTML, like Gecko) Chrome/142.0.0.0 Safari/537.36"
36.133.115.36 - - [29/Mar/2026:21:46:20 +0800] "POST /wp-cron.php?doing_wp_cron=1774791980.1943960189819335937500 HTTP/1.1" 200 31 "-" "WordPress/6.9; http://cqqizhou.com"
223.66.152.221 - - [29/Mar/2026:21:46:20 +0800] "GET / HTTP/1.1" 301 5 "-" "Mozilla/5.0 (Macintosh; Intel Mac OS X 10_15_7) AppleWebKit/537.36 (KHTML, like Gecko) Chrome/120.0.0.0 Safari/537.36 Edg/120.0.0.0"
117.176.227.145 - - [29/Mar/2026:21:46:41 +0800] "GET /robots.txt HTTP/1.1" 301 5 "-" "Mozilla/5.0 (Macintosh; Intel Mac OS X 10_15_7) AppleWebKit/537.36 (KHTML, like Gecko) Chrome/120.0.0.0 Safari/537.36 Edg/120.0.0.0"
117.139.135.138 - - [29/Mar/2026:21:46:43 +0800] "GET /robots.txt HTTP/1.1" 200 190 "http://www.cqqizhou.com/robots.txt" "Mozilla/5.0 (Macintosh; Intel Mac OS X 10_15_7) AppleWebKit/537.36 (KHTML, like Gecko) Chrome/120.0.0.0 Safari/537.36 Edg/120.0.0.0"
223.88.109.6 - - [29/Mar/2026:21:46:45 +0800] "GET /sitemap.xml HTTP/1.1" 200 536 "-" "Mozilla/5.0 (Macintosh; Intel Mac OS X 10_15_7) AppleWebKit/537.36 (KHTML, like Gecko) Chrome/120.0.0.0 Safari/537.36 Edg/120.0.0.0"
110.249.201.62 - - [29/Mar/2026:21:57:36 +0800] "GET /wp-content/uploads/2026/01/1769511379-Article_images_W900%C3%97500px202601271.webp HTTP/1.1" 200 67912 "http://cqqizhou.com/company-news" "Mozilla/5.0 (Linux; Android 5.0) AppleWebKit/537.36 (KHTML, like Gecko) Mobile Safari/537.36 (compatible; Bytespider; https://zhanzhang.toutiao.com/)"
110.249.202.198 - - [29/Mar/2026:22:01:36 +0800] "GET /wp-content/uploads/2026/01/1769511379-Article_images_W900%C3%97500px202601271-300x225.webp HTTP/1.1" 200 17756 "http://cqqizhou.com/media/4" "Mozilla/5.0 (Linux; Android 5.0) AppleWebKit/537.36 (KHTML, like Gecko) Mobile Safari/537.36 (compatible; Bytespider; https://zhanzhang.toutiao.com/)"
36.133.115.36 - - [29/Mar/2026:22:01:51 +0800] "POST /wp-cron.php?doing_wp_cron=1774792911.6663370132446289062500 HTTP/1.1" 200 31 "-" "WordPress/6.9; http://cqqizhou.com"
51.195.215.245 - - [29/Mar/2026:22:01:51 +0800] "GET /robots.txt HTTP/1.1" 200 190 "-" "Mozilla/5.0 (compatible; AhrefsBot/7.0; +http://ahrefs.com/robot/)"
54.39.89.207 - - [29/Mar/2026:22:01:55 +0800] "GET /media/4/ HTTP/1.1" 301 5 "-" "Mozilla/5.0 (compatible; AhrefsBot/7.0; +http://ahrefs.com/robot/)"
36.133.115.36 - - [29/Mar/2026:22:03:34 +0800] "POST /wp-cron.php?doing_wp_cron=1774793014.4411449432373046875000 HTTP/1.1" 200 31 "-" "WordPress/6.9; http://cqqizhou.com"
40.112.94.111 - - [29/Mar/2026:22:03:34 +0800] "GET / HTTP/1.1" 301 5 "-" "Go-http-client/1.1"
36.133.115.36 - - [29/Mar/2026:22:16:17 +0800] "POST /wp-cron.php?doing_wp_cron=1774793777.2804889678955078125000 HTTP/1.1" 200 31 "-" "WordPress/6.9; http://cqqizhou.com"
66.249.66.67 - - [29/Mar/2026:22:16:17 +0800] "GET /robots.txt HTTP/1.1" 301 5 "-" "Mozilla/5.0 (compatible; Googlebot/2.1; +http://www.google.com/bot.html)"
36.133.115.36 - - [29/Mar/2026:22:18:10 +0800] "POST /wp-cron.php?doing_wp_cron=1774793890.2838950157165527343750 HTTP/1.1" 200 31 "-" "WordPress/6.9; http://cqqizhou.com"
176.65.149.235 - - [29/Mar/2026:22:18:10 +0800] "GET / HTTP/1.1" 200 157185 "-" "-"
36.133.115.36 - - [29/Mar/2026:22:31:35 +0800] "POST /wp-cron.php?doing_wp_cron=1774794695.4688549041748046875000 HTTP/1.1" 200 31 "-" "WordPress/6.9; http://cqqizhou.com"
43.130.37.243 - - [29/Mar/2026:22:31:35 +0800] "GET / HTTP/1.1" 301 5 "-" "Mozilla/5.0 (iPhone; CPU iPhone OS 13_2_3 like Mac OS X) AppleWebKit/605.1.15 (KHTML, like Gecko) Version/13.0.3 Mobile/15E148 Safari/604.1"
43.130.37.243 - - [29/Mar/2026:22:31:39 +0800] "GET / HTTP/1.1" 200 34810 "http://36.133.115.36" "Mozilla/5.0 (iPhone; CPU iPhone OS 13_2_3 like Mac OS X) AppleWebKit/605.1.15 (KHTML, like Gecko) Version/13.0.3 Mobile/15E148 Safari/604.1"
36.133.115.36 - - [29/Mar/2026:22:37:34 +0800] "POST /wp-cron.php?doing_wp_cron=1774795054.6725389957427978515625 HTTP/1.1" 200 31 "-" "WordPress/6.9; http://cqqizhou.com"
3.80.92.191 - - [29/Mar/2026:22:37:34 +0800] "GET / HTTP/1.1" 301 5 "-" "Mozilla/5.0 (Windows NT 10.0; Win64; x64) AppleWebKit/537.36 (KHTML, like Gecko) Chrome/136.0.0.0 Safari/537.36"
36.133.115.36 - - [29/Mar/2026:22:39:22 +0800] "POST /wp-cron.php?doing_wp_cron=1774795162.5096731185913085937500 HTTP/1.1" 200 31 "-" "WordPress/6.9; http://cqqizhou.com"
176.65.139.60 - - [29/Mar/2026:22:39:22 +0800] "POST /boaform/admin/formLogin HTTP/1.1" 404 8949 "http://36.133.115.36:80/admin/login.asp" "Mozilla/5.0 (X11; Ubuntu; Linux x86_64; rv:71.0) Gecko/20100101 Firefox/71.0"
110.249.201.30 - - [29/Mar/2026:22:40:11 +0800] "GET /wp-content/uploads/2026/03/1772713922-Article_images_W900px.webp HTTP/1.1" 200 41304 "http://cqqizhou.com/company-news" "Mozilla/5.0 (Linux; Android 5.0) AppleWebKit/537.36 (KHTML, like Gecko) Mobile Safari/537.36 (compatible; Bytespider; https://zhanzhang.toutiao.com/)"
36.133.115.36 - - [29/Mar/2026:23:11:18 +0800] "POST /wp-cron.php?doing_wp_cron=1774797078.1211960315704345703125 HTTP/1.1" 200 31 "-" "WordPress/6.9; http://cqqizhou.com"
43.157.150.69 - - [29/Mar/2026:23:11:18 +0800] "GET / HTTP/1.1" 200 34811 "-" "Mozilla/5.0 (iPhone; CPU iPhone OS 13_2_3 like Mac OS X) AppleWebKit/605.1.15 (KHTML, like Gecko) Version/13.0.3 Mobile/15E148 Safari/604.1"
111.225.149.39 - - [29/Mar/2026:23:12:35 +0800] "GET /wp-content/uploads/2025/07/1750656103-Visionr2000x800_20250623131702.webp HTTP/1.1" 200 57650 "http://cqqizhou.com/news/2502" "Mozilla/5.0 (Linux; Android 5.0) AppleWebKit/537.36 (KHTML, like Gecko) Mobile Safari/537.36 (compatible; Bytespider; https://zhanzhang.toutiao.com/)"
36.133.115.36 - - [29/Mar/2026:23:13:29 +0800] "POST /wp-cron.php?doing_wp_cron=1774797209.2117331027984619140625 HTTP/1.1" 200 31 "-" "WordPress/6.9; http://cqqizhou.com"
101.26.28.103 - - [29/Mar/2026:23:13:29 +0800] "GET / HTTP/1.1" 301 5 "-" "Mozilla/5.0 (Macintosh; Intel Mac OS X 10_15_7) AppleWebKit/537.36 (KHTML, like Gecko) Chrome/120.0.0.0 Safari/537.36 Edg/120.0.0.0"
110.247.52.38 - - [29/Mar/2026:23:13:50 +0800] "GET /robots.txt HTTP/1.1" 200 190 "-" "Mozilla/5.0 (Macintosh; Intel Mac OS X 10_15_7) AppleWebKit/537.36 (KHTML, like Gecko) Chrome/120.0.0.0 Safari/537.36 Edg/120.0.0.0"
222.138.146.63 - - [29/Mar/2026:23:13:52 +0800] "GET /sitemap.xml HTTP/1.1" 200 536 "-" "Mozilla/5.0 (Macintosh; Intel Mac OS X 10_15_7) AppleWebKit/537.36 (KHTML, like Gecko) Chrome/120.0.0.0 Safari/537.36 Edg/120.0.0.0"
36.133.115.36 - - [29/Mar/2026:23:19:07 +0800] "POST /wp-cron.php?doing_wp_cron=1774797547.2885699272155761718750 HTTP/1.1" 200 31 "-" "WordPress/6.9; http://cqqizhou.com"
74.7.227.8 - - [29/Mar/2026:23:19:07 +0800] "GET /wp-sitemap.xml HTTP/1.1" 501 253 "-" "Mozilla/5.0 AppleWebKit/537.36 (KHTML, like Gecko; compatible; GPTBot/1.3; +https://openai.com/gptbot)"
74.7.230.14 - - [29/Mar/2026:23:19:17 +0800] "GET /robots.txt HTTP/1.1" 200 190 "-" "Mozilla/5.0 (Macintosh; Intel Mac OS X 10_15_7) AppleWebKit/537.36 (KHTML, like Gecko) Chrome/131.0.0.0 Safari/537.36; compatible; OAI-SearchBot/1.3; robots.txt; +https://openai.com/searchbot"
110.249.201.194 - - [29/Mar/2026:23:23:11 +0800] "GET /wp-content/uploads/2025/11/1762864376-QZ_Photo-4.webp HTTP/1.1" 200 249734 "http://cqqizhou.com/media/4" "Mozilla/5.0 (Linux; Android 5.0) AppleWebKit/537.36 (KHTML, like Gecko) Mobile Safari/537.36 (compatible; Bytespider; https://zhanzhang.toutiao.com/)"
110.249.201.28 - - [29/Mar/2026:23:31:19 +0800] "GET /wp-content/uploads/media/qizhou_Brochure.webp HTTP/1.1" 200 26142 "http://cqqizhou.com/media/4" "Mozilla/5.0 (Linux; Android 5.0) AppleWebKit/537.36 (KHTML, like Gecko) Mobile Safari/537.36 (compatible; Bytespider; https://zhanzhang.toutiao.com/)"
117.175.24.124 - - [29/Mar/2026:23:37:49 +0800] "GET / HTTP/1.1" 200 171111 "-" "Mozilla/5.0 (Macintosh; Intel Mac OS X 10_15_7) AppleWebKit/537.36 (KHTML, like Gecko) Chrome/120.0.0.0 Safari/537.36 Edg/120.0.0.0"
36.133.115.36 - - [29/Mar/2026:23:38:27 +0800] "POST /wp-cron.php?doing_wp_cron=1774798707.1215279102325439453125 HTTP/1.1" 200 31 "-" "WordPress/6.9; http://cqqizhou.com"
112.22.138.72 - - [29/Mar/2026:23:38:27 +0800] "GET /robots.txt HTTP/1.1" 200 190 "-" "Mozilla/5.0 (Macintosh; Intel Mac OS X 10_15_7) AppleWebKit/537.36 (KHTML, like Gecko) Chrome/120.0.0.0 Safari/537.36 Edg/120.0.0.0"
39.188.110.169 - - [29/Mar/2026:23:38:28 +0800] "GET /sitemap.xml HTTP/1.1" 200 536 "-" "Mozilla/5.0 (Macintosh; Intel Mac OS X 10_15_7) AppleWebKit/537.36 (KHTML, like Gecko) Chrome/120.0.0.0 Safari/537.36 Edg/120.0.0.0"
223.91.123.174 - - [29/Mar/2026:23:38:30 +0800] "GET /config.json HTTP/1.1" 404 8947 "-" "Mozilla/5.0 (Macintosh; Intel Mac OS X 10_7_0) AppleWebKit/535.11 (KHTML, like Gecko) Chrome/17.0.963.56 Safari/535.11"