116.132.125.4 - - [08/Mar/2026:11:31:09 +0800] "GET /wp-content/uploads/2025/07/1750945637-honor300%C3%97206_5.webp HTTP/1.1" 200 77368 "http://cqqizhou.com/about" "Mozilla/5.0 (Windows NT 10.0; Win64; x64) AppleWebKit/537.36 (KHTML, like Gecko) Chrome/132.0.0.0 Safari/537.36"
116.132.125.4 - - [08/Mar/2026:11:31:09 +0800] "GET /wp-content/uploads/2025/07/1750945616-honor300%C3%97206_4.webp HTTP/1.1" 200 33814 "http://cqqizhou.com/about" "Mozilla/5.0 (Windows NT 10.0; Win64; x64) AppleWebKit/537.36 (KHTML, like Gecko) Chrome/132.0.0.0 Safari/537.36"
116.132.125.4 - - [08/Mar/2026:11:31:09 +0800] "GET /wp-content/uploads/2025/07/1750945650-honor300%C3%97206_6.webp HTTP/1.1" 200 66306 "http://cqqizhou.com/about" "Mozilla/5.0 (Windows NT 10.0; Win64; x64) AppleWebKit/537.36 (KHTML, like Gecko) Chrome/132.0.0.0 Safari/537.36"
116.132.125.4 - - [08/Mar/2026:11:31:10 +0800] "GET /wp-content/uploads/2025/07/1750649197-qizhou1920x1080_6.webp HTTP/1.1" 200 150354 "http://cqqizhou.com/about" "Mozilla/5.0 (Windows NT 10.0; Win64; x64) AppleWebKit/537.36 (KHTML, like Gecko) Chrome/132.0.0.0 Safari/537.36"
116.132.125.4 - - [08/Mar/2026:11:31:10 +0800] "GET /wp-content/uploads/2025/07/1750649189-qizhou1920x1080_4.webp HTTP/1.1" 200 174962 "http://cqqizhou.com/about" "Mozilla/5.0 (Windows NT 10.0; Win64; x64) AppleWebKit/537.36 (KHTML, like Gecko) Chrome/132.0.0.0 Safari/537.36"
116.132.125.4 - - [08/Mar/2026:11:31:10 +0800] "GET /wp-content/uploads/2025/07/1750649179-qizhou1920x1080_1.webp HTTP/1.1" 200 172154 "http://cqqizhou.com/about" "Mozilla/5.0 (Windows NT 10.0; Win64; x64) AppleWebKit/537.36 (KHTML, like Gecko) Chrome/132.0.0.0 Safari/537.36"
116.132.125.4 - - [08/Mar/2026:11:31:10 +0800] "GET /wp-content/uploads/2025/07/1750649193-qizhou1920x1080_5.webp HTTP/1.1" 200 110214 "http://cqqizhou.com/about" "Mozilla/5.0 (Windows NT 10.0; Win64; x64) AppleWebKit/537.36 (KHTML, like Gecko) Chrome/132.0.0.0 Safari/537.36"
116.132.125.4 - - [08/Mar/2026:11:31:10 +0800] "GET /wp-content/uploads/2025/07/1750649183-qizhou1920x1080_2.webp HTTP/1.1" 200 267936 "http://cqqizhou.com/about" "Mozilla/5.0 (Windows NT 10.0; Win64; x64) AppleWebKit/537.36 (KHTML, like Gecko) Chrome/132.0.0.0 Safari/537.36"
116.132.125.4 - - [08/Mar/2026:11:31:10 +0800] "GET /wp-content/uploads/2025/07/1750649186-qizhou1920x1080_3.webp HTTP/1.1" 200 134070 "http://cqqizhou.com/about" "Mozilla/5.0 (Windows NT 10.0; Win64; x64) AppleWebKit/537.36 (KHTML, like Gecko) Chrome/132.0.0.0 Safari/537.36"
116.132.125.4 - - [08/Mar/2026:11:31:10 +0800] "GET /wp-content/uploads/2025/07/1750649200-qizhou1920x1080_7.webp HTTP/1.1" 200 238866 "http://cqqizhou.com/about" "Mozilla/5.0 (Windows NT 10.0; Win64; x64) AppleWebKit/537.36 (KHTML, like Gecko) Chrome/132.0.0.0 Safari/537.36"
116.132.125.4 - - [08/Mar/2026:11:31:10 +0800] "GET /wp-content/uploads/2025/07/1750649203-qizhou1920x1080_8.webp HTTP/1.1" 200 256782 "http://cqqizhou.com/about" "Mozilla/5.0 (Windows NT 10.0; Win64; x64) AppleWebKit/537.36 (KHTML, like Gecko) Chrome/132.0.0.0 Safari/537.36"
116.132.125.4 - - [08/Mar/2026:11:31:10 +0800] "GET /wp-content/uploads/2025/07/1750649207-qizhou1920x1080_9.webp HTTP/1.1" 200 146108 "http://cqqizhou.com/about" "Mozilla/5.0 (Windows NT 10.0; Win64; x64) AppleWebKit/537.36 (KHTML, like Gecko) Chrome/132.0.0.0 Safari/537.36"
116.132.125.4 - - [08/Mar/2026:11:31:10 +0800] "GET /wp-content/uploads/2025/07/1750649215-qizhou1920x1080_11.webp HTTP/1.1" 200 171642 "http://cqqizhou.com/about" "Mozilla/5.0 (Windows NT 10.0; Win64; x64) AppleWebKit/537.36 (KHTML, like Gecko) Chrome/132.0.0.0 Safari/537.36"
116.132.125.4 - - [08/Mar/2026:11:31:10 +0800] "GET /wp-content/uploads/2025/07/1750649212-qizhou1920x1080_10.webp HTTP/1.1" 200 143362 "http://cqqizhou.com/about" "Mozilla/5.0 (Windows NT 10.0; Win64; x64) AppleWebKit/537.36 (KHTML, like Gecko) Chrome/132.0.0.0 Safari/537.36"
116.132.125.4 - - [08/Mar/2026:11:31:16 +0800] "GET /wp-content/uploads/2025/07/1750656103-Visionr2000x800_20250623131702.webp HTTP/1.1" 200 57650 "http://cqqizhou.com/wp-content/uploads/elementor/css/post-1849.css?ver=1772714110" "Mozilla/5.0 (Windows NT 10.0; Win64; x64) AppleWebKit/537.36 (KHTML, like Gecko) Chrome/132.0.0.0 Safari/537.36"
36.133.115.36 - - [08/Mar/2026:11:31:22 +0800] "POST /wp-cron.php?doing_wp_cron=1772940682.8871710300445556640625 HTTP/1.1" 200 31 "-" "WordPress/6.9; http://cqqizhou.com"
119.84.246.117 - - [08/Mar/2026:11:31:22 +0800] "GET / HTTP/1.1" 301 5 "-" "-"
119.84.246.117 - - [08/Mar/2026:11:31:23 +0800] "GET / HTTP/1.1" 200 158811 "-" "-"
119.84.246.117 - - [08/Mar/2026:11:31:24 +0800] "GET / HTTP/1.1" 301 5 "-" "Mozilla/5.0 (Windows NT 6.1; WOW64) AppleWebKit/535.19 (KHTML, like Gecko) Chrome/18.0.1025.168 Safari/535.19 QIHU 360EE"
119.84.246.117 - - [08/Mar/2026:11:31:24 +0800] "GET / HTTP/1.1" 200 35258 "-" "Mozilla/5.0 (Windows NT 6.1; WOW64) AppleWebKit/535.19 (KHTML, like Gecko) Chrome/18.0.1025.168 Safari/535.19 QIHU 360EE"
119.84.246.117 - - [08/Mar/2026:11:31:24 +0800] "GET /wp-content/uploads/2025/07/1751425283-qizhou.kf_.qq_.com_.webp HTTP/1.1" 200 16864 "http://cqqizhou.com/" "Mozilla/5.0 (Windows NT 6.1; WOW64) AppleWebKit/535.19 (KHTML, like Gecko) Chrome/18.0.1025.168 Safari/535.19 QIHU 360EE"
119.84.246.117 - - [08/Mar/2026:11:31:24 +0800] "GET /wp-content/uploads/2025/07/1753453096-%E5%8F%8C%E7%9B%B8%E9%92%A2product_Single600%C3%97284.webp HTTP/1.1" 200 14562 "http://cqqizhou.com/" "Mozilla/5.0 (Windows NT 6.1; WOW64) AppleWebKit/535.19 (KHTML, like Gecko) Chrome/18.0.1025.168 Safari/535.19 QIHU 360EE"
119.84.246.117 - - [08/Mar/2026:11:31:24 +0800] "GET /wp-content/uploads/2025/07/1753456723-%E5%8F%8C%E7%9B%B8%E9%92%A2roduct_Single600.webp HTTP/1.1" 200 22790 "http://cqqizhou.com/" "Mozilla/5.0 (Windows NT 6.1; WOW64) AppleWebKit/535.19 (KHTML, like Gecko) Chrome/18.0.1025.168 Safari/535.19 QIHU 360EE"
119.84.246.117 - - [08/Mar/2026:11:31:24 +0800] "GET /wp-content/uploads/2025/07/1753456770-%E7%83%AD%E9%95%80%E9%94%8C%E5%8D%B7product_Single600.webp HTTP/1.1" 200 27502 "http://cqqizhou.com/" "Mozilla/5.0 (Windows NT 6.1; WOW64) AppleWebKit/535.19 (KHTML, like Gecko) Chrome/18.0.1025.168 Safari/535.19 QIHU 360EE"
119.84.246.117 - - [08/Mar/2026:11:31:24 +0800] "GET /wp-content/uploads/2026/03/1772790791-%E5%B0%81%E9%9D%A2%E5%A4%B4%E5%9B%BEArticle_images_W900%C3%97500px2026.webp HTTP/1.1" 200 52968 "http://cqqizhou.com/" "Mozilla/5.0 (Windows NT 6.1; WOW64) AppleWebKit/535.19 (KHTML, like Gecko) Chrome/18.0.1025.168 Safari/535.19 QIHU 360EE"
119.84.246.117 - - [08/Mar/2026:11:31:24 +0800] "GET /wp-content/uploads/2025/07/1753453127-%E4%BD%99%E5%8D%B7product_Single600%C3%97284.webp HTTP/1.1" 200 18744 "http://cqqizhou.com/" "Mozilla/5.0 (Windows NT 6.1; WOW64) AppleWebKit/535.19 (KHTML, like Gecko) Chrome/18.0.1025.168 Safari/535.19 QIHU 360EE"
119.84.246.117 - - [08/Mar/2026:11:31:24 +0800] "GET /wp-content/uploads/2025/07/1753454299-Article_images_W900px.webp HTTP/1.1" 200 52418 "http://cqqizhou.com/" "Mozilla/5.0 (Windows NT 6.1; WOW64) AppleWebKit/535.19 (KHTML, like Gecko) Chrome/18.0.1025.168 Safari/535.19 QIHU 360EE"
119.84.246.117 - - [08/Mar/2026:11:31:24 +0800] "GET /wp-content/uploads/2026/03/1772713922-Article_images_W900px.webp HTTP/1.1" 200 41304 "http://cqqizhou.com/" "Mozilla/5.0 (Windows NT 6.1; WOW64) AppleWebKit/535.19 (KHTML, like Gecko) Chrome/18.0.1025.168 Safari/535.19 QIHU 360EE"
119.84.246.117 - - [08/Mar/2026:11:31:24 +0800] "GET /wp-content/uploads/2026/02/1772086672-%E5%BC%80%E5%B7%A5%E5%A4%A7%E5%90%89%E5%B0%81%E9%9D%A2%E5%A4%B4%E5%9B%BEArticle_images_W900%C3%97500px.webp HTTP/1.1" 200 99110 "http://cqqizhou.com/" "Mozilla/5.0 (Windows NT 6.1; WOW64) AppleWebKit/535.19 (KHTML, like Gecko) Chrome/18.0.1025.168 Safari/535.19 QIHU 360EE"
119.84.246.117 - - [08/Mar/2026:11:31:24 +0800] "GET /wp-content/uploads/2026/02/1770617354-Article_images_W900px.webp HTTP/1.1" 200 13634 "http://cqqizhou.com/" "Mozilla/5.0 (Windows NT 6.1; WOW64) AppleWebKit/535.19 (KHTML, like Gecko) Chrome/18.0.1025.168 Safari/535.19 QIHU 360EE"
129.212.233.125 - - [08/Mar/2026:11:33:42 +0800] "GET / HTTP/1.1" 200 35258 "-" "Mozilla/5.0 (Windows NT 10.0; Win64; x64; rv:122.0) Gecko/20100101 Firefox/122.0"
36.133.115.36 - - [08/Mar/2026:11:35:48 +0800] "POST /wp-cron.php?doing_wp_cron=1772940948.4737229347229003906250 HTTP/1.1" 200 31 "-" "WordPress/6.9; http://cqqizhou.com"
142.44.220.117 - - [08/Mar/2026:11:35:48 +0800] "GET /company-news HTTP/1.1" 200 25861 "-" "Mozilla/5.0 (compatible; AhrefsBot/7.0; +http://ahrefs.com/robot/)"
205.169.39.53 - - [08/Mar/2026:11:49:54 +0800] "GET / HTTP/1.1" 200 35258 "-" "Mozilla/5.0 (Windows NT 10.0; Win64; x64) AppleWebKit/537.36 (KHTML, like Gecko) Chrome/117.0.5938.132 Safari/537.36"
205.169.39.53 - - [08/Mar/2026:11:49:56 +0800] "GET /wp-content/uploads/2025/07/1751425283-qizhou.kf_.qq_.com_.webp HTTP/1.1" 200 16864 "http://cqqizhou.com/" "Mozilla/5.0 (Windows NT 10.0; Win64; x64) AppleWebKit/537.36 (KHTML, like Gecko) Chrome/117.0.5938.132 Safari/537.36"
205.169.39.53 - - [08/Mar/2026:11:49:58 +0800] "GET /wp-content/uploads/2025/07/1750174127-Marketing1920x800_3.webp HTTP/1.1" 200 52790 "http://cqqizhou.com/wp-content/uploads/elementor/css/post-1666.css?ver=1772713926" "Mozilla/5.0 (Windows NT 10.0; Win64; x64) AppleWebKit/537.36 (KHTML, like Gecko) Chrome/117.0.5938.132 Safari/537.36"
205.169.39.53 - - [08/Mar/2026:11:49:59 +0800] "GET /wp-content/uploads/2026/02/1770617354-Article_images_W900px.webp HTTP/1.1" 200 13634 "http://cqqizhou.com/" "Mozilla/5.0 (Windows NT 10.0; Win64; x64) AppleWebKit/537.36 (KHTML, like Gecko) Chrome/117.0.5938.132 Safari/537.36"
205.169.39.53 - - [08/Mar/2026:11:49:59 +0800] "GET /wp-content/uploads/2026/02/1772086672-%E5%BC%80%E5%B7%A5%E5%A4%A7%E5%90%89%E5%B0%81%E9%9D%A2%E5%A4%B4%E5%9B%BEArticle_images_W900%C3%97500px.webp HTTP/1.1" 200 99110 "http://cqqizhou.com/" "Mozilla/5.0 (Windows NT 10.0; Win64; x64) AppleWebKit/537.36 (KHTML, like Gecko) Chrome/117.0.5938.132 Safari/537.36"
205.169.39.53 - - [08/Mar/2026:11:49:59 +0800] "GET /wp-content/uploads/2026/03/1772713922-Article_images_W900px.webp HTTP/1.1" 200 41304 "http://cqqizhou.com/" "Mozilla/5.0 (Windows NT 10.0; Win64; x64) AppleWebKit/537.36 (KHTML, like Gecko) Chrome/117.0.5938.132 Safari/537.36"
205.169.39.53 - - [08/Mar/2026:11:49:59 +0800] "GET /wp-content/uploads/2026/03/1772790791-%E5%B0%81%E9%9D%A2%E5%A4%B4%E5%9B%BEArticle_images_W900%C3%97500px2026.webp HTTP/1.1" 200 52968 "http://cqqizhou.com/" "Mozilla/5.0 (Windows NT 10.0; Win64; x64) AppleWebKit/537.36 (KHTML, like Gecko) Chrome/117.0.5938.132 Safari/537.36"
205.169.39.53 - - [08/Mar/2026:11:50:00 +0800] "GET /wp-content/uploads/2025/07/1753454299-Article_images_W900px.webp HTTP/1.1" 200 52418 "http://cqqizhou.com/" "Mozilla/5.0 (Windows NT 10.0; Win64; x64) AppleWebKit/537.36 (KHTML, like Gecko) Chrome/117.0.5938.132 Safari/537.36"
205.169.39.53 - - [08/Mar/2026:11:50:01 +0800] "GET /wp-content/uploads/2025/12/1765268955-qizhou_Slider1_3840%C3%972160_20251210-scaled.webp HTTP/1.1" 200 152162 "http://cqqizhou.com/" "Mozilla/5.0 (Windows NT 10.0; Win64; x64) AppleWebKit/537.36 (KHTML, like Gecko) Chrome/117.0.5938.132 Safari/537.36"
205.169.39.53 - - [08/Mar/2026:11:50:01 +0800] "GET /wp-content/uploads/revslider/slider-1/1750861156-logistics_Slider_3840%C3%972160_20250625191356-scaled-50x100.webp HTTP/1.1" 200 1416 "http://cqqizhou.com/" "Mozilla/5.0 (Windows NT 10.0; Win64; x64) AppleWebKit/537.36 (KHTML, like Gecko) Chrome/117.0.5938.132 Safari/537.36"
205.169.39.53 - - [08/Mar/2026:11:50:01 +0800] "GET /wp-content/uploads/2026/01/1768276119-qizhoujiagong_Slider_3840%C3%972160_20260113-scaled-50x100.webp HTTP/1.1" 200 976 "http://cqqizhou.com/" "Mozilla/5.0 (Windows NT 10.0; Win64; x64) AppleWebKit/537.36 (KHTML, like Gecko) Chrome/117.0.5938.132 Safari/537.36"
205.169.39.53 - - [08/Mar/2026:11:50:01 +0800] "GET /wp-content/uploads/2026/01/1768276119-qizhoujiagong_Slider_3840%C3%972160_20260113-scaled-50x100.webp HTTP/1.1" 200 976 "http://cqqizhou.com/" "Mozilla/5.0 (Windows NT 10.0; Win64; x64) AppleWebKit/537.36 (KHTML, like Gecko) Chrome/117.0.5938.132 Safari/537.36"
205.169.39.53 - - [08/Mar/2026:11:50:01 +0800] "GET /wp-content/uploads/revslider/slider-1/1750861156-logistics_Slider_3840%C3%972160_20250625191356-scaled-50x100.webp HTTP/1.1" 200 1416 "http://cqqizhou.com/" "Mozilla/5.0 (Windows NT 10.0; Win64; x64) AppleWebKit/537.36 (KHTML, like Gecko) Chrome/117.0.5938.132 Safari/537.36"
205.169.39.53 - - [08/Mar/2026:11:50:01 +0800] "GET /wp-content/uploads/2025/07/1753453096-%E5%8F%8C%E7%9B%B8%E9%92%A2product_Single600%C3%97284.webp HTTP/1.1" 200 14562 "http://cqqizhou.com/" "Mozilla/5.0 (Windows NT 10.0; Win64; x64) AppleWebKit/537.36 (KHTML, like Gecko) Chrome/117.0.5938.132 Safari/537.36"
205.169.39.53 - - [08/Mar/2026:11:50:01 +0800] "GET /wp-content/uploads/2025/07/1753456723-%E5%8F%8C%E7%9B%B8%E9%92%A2roduct_Single600.webp HTTP/1.1" 200 22790 "http://cqqizhou.com/" "Mozilla/5.0 (Windows NT 10.0; Win64; x64) AppleWebKit/537.36 (KHTML, like Gecko) Chrome/117.0.5938.132 Safari/537.36"
205.169.39.53 - - [08/Mar/2026:11:50:02 +0800] "GET /wp-content/uploads/2025/07/1753456770-%E7%83%AD%E9%95%80%E9%94%8C%E5%8D%B7product_Single600.webp HTTP/1.1" 200 27502 "http://cqqizhou.com/" "Mozilla/5.0 (Windows NT 10.0; Win64; x64) AppleWebKit/537.36 (KHTML, like Gecko) Chrome/117.0.5938.132 Safari/537.36"
205.169.39.53 - - [08/Mar/2026:11:50:02 +0800] "GET /wp-content/uploads/2025/07/1753453127-%E4%BD%99%E5%8D%B7product_Single600%C3%97284.webp HTTP/1.1" 200 18744 "http://cqqizhou.com/" "Mozilla/5.0 (Windows NT 10.0; Win64; x64) AppleWebKit/537.36 (KHTML, like Gecko) Chrome/117.0.5938.132 Safari/537.36"
36.133.115.36 - - [08/Mar/2026:11:50:02 +0800] "POST /wp-cron.php?doing_wp_cron=1772941802.2967069149017333984375 HTTP/1.1" 200 31 "-" "WordPress/6.9; http://cqqizhou.com"
205.169.39.53 - - [08/Mar/2026:11:50:02 +0800] "GET /wp-json/sliderrevolution/sliders/1?srengine=7&slideid=2 HTTP/1.1" 200 2000 "http://cqqizhou.com/" "Mozilla/5.0 (Windows NT 10.0; Win64; x64) AppleWebKit/537.36 (KHTML, like Gecko) Chrome/117.0.5938.132 Safari/537.36"
205.169.39.53 - - [08/Mar/2026:11:50:03 +0800] "GET /wp-json/sliderrevolution/sliders/1?srengine=7&slideid=4 HTTP/1.1" 200 2580 "http://cqqizhou.com/" "Mozilla/5.0 (Windows NT 10.0; Win64; x64) AppleWebKit/537.36 (KHTML, like Gecko) Chrome/117.0.5938.132 Safari/537.36"
205.169.39.53 - - [08/Mar/2026:11:50:03 +0800] "GET /wp-content/uploads/revslider/slider-1/1750861156-logistics_Slider_3840%C3%972160_20250625191356-scaled.webp HTTP/1.1" 200 197360 "http://cqqizhou.com/" "Mozilla/5.0 (Windows NT 10.0; Win64; x64) AppleWebKit/537.36 (KHTML, like Gecko) Chrome/117.0.5938.132 Safari/537.36"
205.169.39.53 - - [08/Mar/2026:11:50:03 +0800] "GET /wp-content/uploads/2026/01/1768276119-qizhoujiagong_Slider_3840%C3%972160_20260113-scaled.webp HTTP/1.1" 200 131696 "http://cqqizhou.com/" "Mozilla/5.0 (Windows NT 10.0; Win64; x64) AppleWebKit/537.36 (KHTML, like Gecko) Chrome/117.0.5938.132 Safari/537.36"
36.133.115.36 - - [08/Mar/2026:11:52:18 +0800] "POST /wp-cron.php?doing_wp_cron=1772941938.3408780097961425781250 HTTP/1.1" 200 31 "-" "WordPress/6.9; http://cqqizhou.com"
47.128.39.13 - - [08/Mar/2026:11:52:18 +0800] "GET /robots.txt HTTP/1.1" 200 190 "-" "Mozilla/5.0 (Linux; Android 5.0) AppleWebKit/537.36 (KHTML, like Gecko) Mobile Safari/537.36 (compatible; Bytespider; spider-feedback@bytedance.com)"
66.132.153.131 - - [08/Mar/2026:11:52:25 +0800] "GET /sitemap.xml HTTP/1.1" 200 535 "-" "Mozilla/5.0 (compatible; CensysInspect/1.1; +https://about.censys.io/)"
66.132.153.131 - - [08/Mar/2026:11:52:33 +0800] "GET /1afa1brr6ru0ysd_hh HTTP/1.1" 404 8950 "-" "Mozilla/5.0 (compatible; CensysInspect/1.1; +https://about.censys.io/)"
36.133.115.36 - - [08/Mar/2026:12:25:59 +0800] "POST /wp-cron.php?doing_wp_cron=1772943959.2952189445495605468750 HTTP/1.1" 200 31 "-" "WordPress/6.9; http://cqqizhou.com"
43.130.3.122 - - [08/Mar/2026:12:25:59 +0800] "GET / HTTP/1.1" 200 34827 "-" "Mozilla/5.0 (iPhone; CPU iPhone OS 13_2_3 like Mac OS X) AppleWebKit/605.1.15 (KHTML, like Gecko) Version/13.0.3 Mobile/15E148 Safari/604.1"
47.114.89.255 - - [08/Mar/2026:12:29:25 +0800] "POST /assets/jquery-file-upload/server/php/index.php HTTP/1.1" 404 47 "-" "Mozilla/5.0 (Windows NT 10.0; Win64; x64)"
36.133.115.36 - - [08/Mar/2026:12:31:49 +0800] "POST /wp-cron.php?doing_wp_cron=1772944309.6595098972320556640625 HTTP/1.1" 200 31 "-" "WordPress/6.9; http://cqqizhou.com"
110.249.201.79 - - [08/Mar/2026:12:31:49 +0800] "GET /robots.txt HTTP/1.1" 200 190 "-" "Mozilla/5.0 (Linux; Android 5.0) AppleWebKit/537.36 (KHTML, like Gecko) Mobile Safari/537.36 (compatible; Bytespider; https://zhanzhang.toutiao.com/)"
36.133.115.36 - - [08/Mar/2026:12:39:30 +0800] "POST /wp-cron.php?doing_wp_cron=1772944770.4182300567626953125000 HTTP/1.1" 200 31 "-" "WordPress/6.9; http://cqqizhou.com"
170.106.180.139 - - [08/Mar/2026:12:39:30 +0800] "GET / HTTP/1.1" 200 34827 "-" "Mozilla/5.0 (iPhone; CPU iPhone OS 13_2_3 like Mac OS X) AppleWebKit/605.1.15 (KHTML, like Gecko) Version/13.0.3 Mobile/15E148 Safari/604.1"
118.190.148.100 - - [08/Mar/2026:12:50:28 +0800] "POST /assets/plugins/jquery-file-upload/server/php/index.php HTTP/1.1" 404 47 "-" "Mozilla/5.0 (Windows NT 10.0; Win64; x64)"
36.133.115.36 - - [08/Mar/2026:12:57:24 +0800] "POST /wp-cron.php?doing_wp_cron=1772945844.5769178867340087890625 HTTP/1.1" 200 31 "-" "WordPress/6.9; http://cqqizhou.com"
45.153.34.187 - - [08/Mar/2026:12:57:25 +0800] "GET / HTTP/1.1" 200 157152 "-" "Mozilla/5.0"
199.244.88.231 - - [08/Mar/2026:13:25:22 +0800] "GET / HTTP/1.1" 200 35258 "-" "Mozilla/5.0 (X11; Linux x86_64) AppleWebKit/537.36 (KHTML, like Gecko) Chrome/105.0.0.0 Safari/537.36"
36.133.115.36 - - [08/Mar/2026:13:34:54 +0800] "POST /wp-cron.php?doing_wp_cron=1772948094.4166851043701171875000 HTTP/1.1" 200 31 "-" "WordPress/6.9; http://cqqizhou.com"
151.115.99.170 - - [08/Mar/2026:13:34:54 +0800] "HEAD / HTTP/1.1" 301 0 "-" "curl/7.81.0"
151.115.99.170 - - [08/Mar/2026:13:34:59 +0800] "GET / HTTP/1.1" 301 5 "-" "Mozilla/5.0 (X11; Linux x86_64) AppleWebKit/537.36 (KHTML, like Gecko) Chrome/134.0.0.0 Safari/537.3"
151.115.99.170 - - [08/Mar/2026:13:35:01 +0800] "GET / HTTP/1.1" 200 35258 "-" "Mozilla/5.0 (X11; Linux x86_64) AppleWebKit/537.36 (KHTML, like Gecko) Chrome/134.0.0.0 Safari/537.3"
151.115.99.170 - - [08/Mar/2026:13:35:05 +0800] "GET /wp-content/uploads/2025/07/1751425283-qizhou.kf_.qq_.com_.webp HTTP/1.1" 200 16864 "http://cqqizhou.com/" "Mozilla/5.0 (X11; Linux x86_64) AppleWebKit/537.36 (KHTML, like Gecko) Chrome/134.0.0.0 Safari/537.3"
151.115.99.170 - - [08/Mar/2026:13:35:08 +0800] "GET /wp-content/uploads/2026/03/1772713922-Article_images_W900px.webp HTTP/1.1" 200 41304 "http://cqqizhou.com/" "Mozilla/5.0 (X11; Linux x86_64) AppleWebKit/537.36 (KHTML, like Gecko) Chrome/134.0.0.0 Safari/537.3"
151.115.99.170 - - [08/Mar/2026:13:35:08 +0800] "GET /wp-content/uploads/2026/03/1772790791-%E5%B0%81%E9%9D%A2%E5%A4%B4%E5%9B%BEArticle_images_W900%C3%97500px2026.webp HTTP/1.1" 200 52968 "http://cqqizhou.com/" "Mozilla/5.0 (X11; Linux x86_64) AppleWebKit/537.36 (KHTML, like Gecko) Chrome/134.0.0.0 Safari/537.3"
151.115.99.170 - - [08/Mar/2026:13:35:08 +0800] "GET /wp-content/uploads/2026/02/1772086672-%E5%BC%80%E5%B7%A5%E5%A4%A7%E5%90%89%E5%B0%81%E9%9D%A2%E5%A4%B4%E5%9B%BEArticle_images_W900%C3%97500px.webp HTTP/1.1" 200 99110 "http://cqqizhou.com/" "Mozilla/5.0 (X11; Linux x86_64) AppleWebKit/537.36 (KHTML, like Gecko) Chrome/134.0.0.0 Safari/537.3"
151.115.99.170 - - [08/Mar/2026:13:35:08 +0800] "GET /wp-content/uploads/2025/07/1753454299-Article_images_W900px.webp HTTP/1.1" 200 52418 "http://cqqizhou.com/" "Mozilla/5.0 (X11; Linux x86_64) AppleWebKit/537.36 (KHTML, like Gecko) Chrome/134.0.0.0 Safari/537.3"
151.115.99.170 - - [08/Mar/2026:13:35:08 +0800] "GET /wp-content/uploads/2026/02/1770617354-Article_images_W900px.webp HTTP/1.1" 200 13634 "http://cqqizhou.com/" "Mozilla/5.0 (X11; Linux x86_64) AppleWebKit/537.36 (KHTML, like Gecko) Chrome/134.0.0.0 Safari/537.3"
151.115.99.170 - - [08/Mar/2026:13:35:08 +0800] "GET /wp-content/uploads/2025/07/1753453096-%E5%8F%8C%E7%9B%B8%E9%92%A2product_Single600%C3%97284.webp HTTP/1.1" 200 14562 "http://cqqizhou.com/" "Mozilla/5.0 (X11; Linux x86_64) AppleWebKit/537.36 (KHTML, like Gecko) Chrome/134.0.0.0 Safari/537.3"
151.115.99.170 - - [08/Mar/2026:13:35:08 +0800] "GET /wp-content/uploads/2025/07/1753456723-%E5%8F%8C%E7%9B%B8%E9%92%A2roduct_Single600.webp HTTP/1.1" 200 22790 "http://cqqizhou.com/" "Mozilla/5.0 (X11; Linux x86_64) AppleWebKit/537.36 (KHTML, like Gecko) Chrome/134.0.0.0 Safari/537.3"
151.115.99.170 - - [08/Mar/2026:13:35:08 +0800] "GET /wp-content/uploads/2025/07/1753456770-%E7%83%AD%E9%95%80%E9%94%8C%E5%8D%B7product_Single600.webp HTTP/1.1" 200 27502 "http://cqqizhou.com/" "Mozilla/5.0 (X11; Linux x86_64) AppleWebKit/537.36 (KHTML, like Gecko) Chrome/134.0.0.0 Safari/537.3"
151.115.99.170 - - [08/Mar/2026:13:35:09 +0800] "GET /wp-content/uploads/2025/07/1753453127-%E4%BD%99%E5%8D%B7product_Single600%C3%97284.webp HTTP/1.1" 200 18744 "http://cqqizhou.com/" "Mozilla/5.0 (X11; Linux x86_64) AppleWebKit/537.36 (KHTML, like Gecko) Chrome/134.0.0.0 Safari/537.3"
151.115.99.170 - - [08/Mar/2026:13:35:10 +0800] "GET /wp-content/uploads/2025/12/1765268955-qizhou_Slider1_3840%C3%972160_20251210-scaled.webp HTTP/1.1" 200 152162 "http://cqqizhou.com/" "Mozilla/5.0 (X11; Linux x86_64) AppleWebKit/537.36 (KHTML, like Gecko) Chrome/134.0.0.0 Safari/537.3"
151.115.99.170 - - [08/Mar/2026:13:35:10 +0800] "GET /wp-content/uploads/revslider/slider-1/1750861156-logistics_Slider_3840%C3%972160_20250625191356-scaled-50x100.webp HTTP/1.1" 200 1416 "http://cqqizhou.com/" "Mozilla/5.0 (X11; Linux x86_64) AppleWebKit/537.36 (KHTML, like Gecko) Chrome/134.0.0.0 Safari/537.3"
151.115.99.170 - - [08/Mar/2026:13:35:10 +0800] "GET /wp-content/uploads/2026/01/1768276119-qizhoujiagong_Slider_3840%C3%972160_20260113-scaled-50x100.webp HTTP/1.1" 200 976 "http://cqqizhou.com/" "Mozilla/5.0 (X11; Linux x86_64) AppleWebKit/537.36 (KHTML, like Gecko) Chrome/134.0.0.0 Safari/537.3"
36.133.115.36 - - [08/Mar/2026:13:35:11 +0800] "POST /wp-cron.php?doing_wp_cron=1772948111.5641880035400390625000 HTTP/1.1" 200 31 "-" "WordPress/6.9; http://cqqizhou.com"
151.115.99.170 - - [08/Mar/2026:13:35:11 +0800] "GET /wp-json/sliderrevolution/sliders/1?srengine=7&slideid=4 HTTP/1.1" 200 2580 "http://cqqizhou.com/" "Mozilla/5.0 (X11; Linux x86_64) AppleWebKit/537.36 (KHTML, like Gecko) Chrome/134.0.0.0 Safari/537.3"
36.133.115.36 - - [08/Mar/2026:13:35:11 +0800] "POST /wp-cron.php?doing_wp_cron=1772948111.5628399848937988281250 HTTP/1.1" 200 31 "-" "WordPress/6.9; http://cqqizhou.com"
151.115.99.170 - - [08/Mar/2026:13:35:11 +0800] "GET /wp-json/sliderrevolution/sliders/1?srengine=7&slideid=2 HTTP/1.1" 200 2000 "http://cqqizhou.com/" "Mozilla/5.0 (X11; Linux x86_64) AppleWebKit/537.36 (KHTML, like Gecko) Chrome/134.0.0.0 Safari/537.3"
151.115.99.170 - - [08/Mar/2026:13:35:11 +0800] "GET /wp-content/uploads/2026/01/1768276119-qizhoujiagong_Slider_3840%C3%972160_20260113-scaled.webp HTTP/1.1" 200 131696 "http://cqqizhou.com/" "Mozilla/5.0 (X11; Linux x86_64) AppleWebKit/537.36 (KHTML, like Gecko) Chrome/134.0.0.0 Safari/537.3"
151.115.99.170 - - [08/Mar/2026:13:35:13 +0800] "GET /wp-content/uploads/revslider/slider-1/1750861156-logistics_Slider_3840%C3%972160_20250625191356-scaled.webp HTTP/1.1" 200 197360 "http://cqqizhou.com/" "Mozilla/5.0 (X11; Linux x86_64) AppleWebKit/537.36 (KHTML, like Gecko) Chrome/134.0.0.0 Safari/537.3"
151.115.99.170 - - [08/Mar/2026:13:35:19 +0800] "GET /wp-content/uploads/2025/12/1765268955-qizhou_Slider1_3840%C3%972160_20251210-scaled-50x100.webp HTTP/1.1" 200 1812 "http://cqqizhou.com/" "Mozilla/5.0 (X11; Linux x86_64) AppleWebKit/537.36 (KHTML, like Gecko) Chrome/134.0.0.0 Safari/537.3"
36.133.115.36 - - [08/Mar/2026:13:36:11 +0800] "POST /wp-cron.php?doing_wp_cron=1772948171.0765519142150878906250 HTTP/1.1" 200 31 "-" "WordPress/6.9; http://cqqizhou.com"
151.115.99.170 - - [08/Mar/2026:13:36:11 +0800] "GET /wp-content/themes/qizhou/images/favicon-32x32.svg/ads.txt HTTP/1.1" 404 8950 "-" "Mozilla/5.0 (X11; Linux x86_64) AppleWebKit/537.36 (KHTML, like Gecko) Chrome/134.0.0.0 Safari/537.3"
151.115.99.170 - - [08/Mar/2026:13:36:15 +0800] "GET /wp-content/themes/qizhou/images/favicon-32x32.svg/sellers.json HTTP/1.1" 404 8950 "-" "Mozilla/5.0 (X11; Linux x86_64) AppleWebKit/537.36 (KHTML, like Gecko) Chrome/134.0.0.0 Safari/537.3"
36.133.115.36 - - [08/Mar/2026:13:37:42 +0800] "POST /wp-cron.php?doing_wp_cron=1772948262.2589540481567382812500 HTTP/1.1" 200 31 "-" "WordPress/6.9; http://cqqizhou.com"
59.59.77.180 - - [08/Mar/2026:13:37:42 +0800] "GET /contacts/ HTTP/1.1" 301 5 "-" "Mozilla/5.0 (Windows NT 10.0; Win64; x64) AppleWebKit/537.36 (KHTML, like Gecko) Chrome/136.0.0.0 Safari/537.36"
59.59.77.180 - - [08/Mar/2026:13:37:42 +0800] "GET http://cqqizhou.com/contacts HTTP/1.1" 200 21758 "-" "Mozilla/5.0 (Windows NT 10.0; Win64; x64) AppleWebKit/537.36 (KHTML, like Gecko) Chrome/136.0.0.0 Safari/537.36"
101.249.146.17 - - [08/Mar/2026:13:38:05 +0800] "GET /contacts/ HTTP/1.1" 301 5 "-" "Mozilla/5.0 (Windows NT 10.0; Win64; x64) AppleWebKit/537.36 (KHTML, like Gecko) Chrome/136.0.0.0 Safari/537.36"
101.249.146.17 - - [08/Mar/2026:13:38:05 +0800] "GET http://cqqizhou.com/contacts HTTP/1.1" 200 21758 "-" "Mozilla/5.0 (Windows NT 10.0; Win64; x64) AppleWebKit/537.36 (KHTML, like Gecko) Chrome/136.0.0.0 Safari/537.36"
36.133.115.36 - - [08/Mar/2026:13:57:13 +0800] "POST /wp-cron.php?doing_wp_cron=1772949433.2846610546112060546875 HTTP/1.1" 200 31 "-" "WordPress/6.9; http://cqqizhou.com"
204.76.203.18 - - [08/Mar/2026:13:57:13 +0800] "GET /bins/ HTTP/1.1" 301 5 "-" "-"
204.76.203.18 - - [08/Mar/2026:13:57:15 +0800] "GET /bins/ HTTP/1.1" 301 5 "-" "-"
204.76.203.18 - - [08/Mar/2026:13:57:19 +0800] "GET /bins/ HTTP/1.1" 301 5 "-" "-"
204.76.203.18 - - [08/Mar/2026:13:57:22 +0800] "GET /bins/ HTTP/1.1" 301 5 "-" "-"
204.76.203.18 - - [08/Mar/2026:13:57:25 +0800] "GET /bins/ HTTP/1.1" 301 5 "-" "-"
36.133.115.36 - - [08/Mar/2026:14:14:40 +0800] "POST /wp-cron.php?doing_wp_cron=1772950480.1116659641265869140625 HTTP/1.1" 200 31 "-" "WordPress/6.9; http://cqqizhou.com"
17.241.75.157 - - [08/Mar/2026:14:14:40 +0800] "GET /robots.txt HTTP/1.1" 200 190 "-" "Mozilla/5.0 (Macintosh; Intel Mac OS X 10_15_7) AppleWebKit/605.1.15 (KHTML, like Gecko) Version/17.4 Safari/605.1.15 (Applebot/0.1; +http://www.apple.com/go/applebot)"
17.241.75.157 - - [08/Mar/2026:14:14:40 +0800] "GET /news/2514 HTTP/1.1" 200 19997 "-" "Mozilla/5.0 (Macintosh; Intel Mac OS X 10_15_7) AppleWebKit/605.1.15 (KHTML, like Gecko) Version/17.4 Safari/605.1.15 (Applebot/0.1; +http://www.apple.com/go/applebot)"
119.51.81.106 - - [08/Mar/2026:14:19:54 +0800] "GET /news/2514 HTTP/1.1" 200 19997 "-" "Mozilla/5.0 (Windows NT 6.2) AppleWebKit/537.36 (KHTML, like Gecko) Chrome/83.0.4103.14"
36.133.115.36 - - [08/Mar/2026:14:40:46 +0800] "POST /wp-cron.php?doing_wp_cron=1772952046.6724619865417480468750 HTTP/1.1" 200 31 "-" "WordPress/6.9; http://cqqizhou.com"
43.130.71.237 - - [08/Mar/2026:14:40:46 +0800] "GET / HTTP/1.1" 301 5 "-" "Mozilla/5.0 (iPhone; CPU iPhone OS 13_2_3 like Mac OS X) AppleWebKit/605.1.15 (KHTML, like Gecko) Version/13.0.3 Mobile/15E148 Safari/604.1"
43.130.71.237 - - [08/Mar/2026:14:40:49 +0800] "GET / HTTP/1.1" 200 34827 "http://36.133.115.36" "Mozilla/5.0 (iPhone; CPU iPhone OS 13_2_3 like Mac OS X) AppleWebKit/605.1.15 (KHTML, like Gecko) Version/13.0.3 Mobile/15E148 Safari/604.1"
36.133.115.36 - - [08/Mar/2026:14:45:26 +0800] "POST /wp-cron.php?doing_wp_cron=1772952326.0238189697265625000000 HTTP/1.1" 200 31 "-" "WordPress/6.9; http://cqqizhou.com"
162.216.150.38 - - [08/Mar/2026:14:45:26 +0800] "GET /.well-known/security.txt HTTP/1.1" 301 5 "-" "Hello from Palo Alto Networks, find out more about our scans in https://docs-cortex.paloaltonetworks.com/r/1/Cortex-Xpanse/Scanning-activity"
162.216.150.38 - - [08/Mar/2026:14:45:27 +0800] "GET /.well-known/security.txt HTTP/1.1" 404 31365 "http://36.133.115.36:80/.well-known/security.txt" "Hello from Palo Alto Networks, find out more about our scans in https://docs-cortex.paloaltonetworks.com/r/1/Cortex-Xpanse/Scanning-activity"
36.133.115.36 - - [08/Mar/2026:15:17:22 +0800] "POST /wp-cron.php?doing_wp_cron=1772954242.8909399509429931640625 HTTP/1.1" 200 31 "-" "WordPress/6.9; http://cqqizhou.com"
111.180.93.17 - - [08/Mar/2026:15:17:22 +0800] "GET /news/2162 HTTP/1.1" 200 21587 "-" "Mozilla/5.0 (Windows NT 10.0; Win64; x64) AppleWebKit/537.36 (KHTML, like Gecko) Chrome/135.0.0.0 Safari/537.36"
36.133.115.36 - - [08/Mar/2026:15:19:27 +0800] "POST /wp-cron.php?doing_wp_cron=1772954367.3988831043243408203125 HTTP/1.1" 200 31 "-" "WordPress/6.9; http://cqqizhou.com"
176.65.149.234 - - [08/Mar/2026:15:19:27 +0800] "GET / HTTP/1.1" 200 157152 "-" "Mozilla/1.0"
36.133.115.36 - - [08/Mar/2026:15:33:05 +0800] "POST /wp-cron.php?doing_wp_cron=1772955185.5936510562896728515625 HTTP/1.1" 200 31 "-" "WordPress/6.9; http://cqqizhou.com"
110.249.201.243 - - [08/Mar/2026:15:33:05 +0800] "GET /robots.txt HTTP/1.1" 200 190 "-" "Mozilla/5.0 (Linux; Android 5.0) AppleWebKit/537.36 (KHTML, like Gecko) Mobile Safari/537.36 (compatible; Bytespider; https://zhanzhang.toutiao.com/)"
36.133.115.36 - - [08/Mar/2026:15:51:38 +0800] "POST /wp-cron.php?doing_wp_cron=1772956298.9366741180419921875000 HTTP/1.1" 200 31 "-" "WordPress/6.9; http://cqqizhou.com"
43.166.134.114 - - [08/Mar/2026:15:51:38 +0800] "GET / HTTP/1.1" 301 5 "-" "Mozilla/5.0 (iPhone; CPU iPhone OS 13_2_3 like Mac OS X) AppleWebKit/605.1.15 (KHTML, like Gecko) Version/13.0.3 Mobile/15E148 Safari/604.1"
43.166.134.114 - - [08/Mar/2026:15:51:41 +0800] "GET / HTTP/1.1" 200 34827 "http://www.cqqizhou.com" "Mozilla/5.0 (iPhone; CPU iPhone OS 13_2_3 like Mac OS X) AppleWebKit/605.1.15 (KHTML, like Gecko) Version/13.0.3 Mobile/15E148 Safari/604.1"
36.133.115.36 - - [08/Mar/2026:16:01:01 +0800] "POST /wp-cron.php?doing_wp_cron=1772956861.3191330432891845703125 HTTP/1.1" 200 31 "-" "WordPress/6.9; http://cqqizhou.com"
204.76.203.18 - - [08/Mar/2026:16:01:01 +0800] "GET /bin/ HTTP/1.1" 301 5 "-" "-"
36.133.115.36 - - [08/Mar/2026:16:04:34 +0800] "POST /wp-cron.php?doing_wp_cron=1772957074.1545820236206054687500 HTTP/1.1" 200 31 "-" "WordPress/6.9; http://cqqizhou.com"
123.249.105.21 - - [08/Mar/2026:16:04:34 +0800] "GET / HTTP/1.1" 301 5 "-" "Mozilla/5.0 (Windows NT 10.0; Win64; x64) AppleWebKit/537.36 (KHTML, like Gecko) Chrome/91.0.4472.124 Safari/537.36"
123.249.105.21 - - [08/Mar/2026:16:04:34 +0800] "GET / HTTP/1.1" 200 35258 "-" "Mozilla/5.0 (Windows NT 10.0; Win64; x64) AppleWebKit/537.36 (KHTML, like Gecko) Chrome/91.0.4472.124 Safari/537.36"
123.249.105.21 - - [08/Mar/2026:16:04:41 +0800] "GET / HTTP/1.1" 304 0 "-" "Mozilla/5.0 (Windows NT 10.0; Win64; x64) AppleWebKit/537.36 (KHTML, like Gecko) Chrome/91.0.4472.124 Safari/537.36"
123.249.105.21 - - [08/Mar/2026:16:04:55 +0800] "GET /about HTTP/1.1" 200 24498 "-" "Mozilla/5.0 (Windows NT 10.0; Win64; x64) AppleWebKit/537.36 (KHTML, like Gecko) Chrome/91.0.4472.124 Safari/537.36"
123.249.105.21 - - [08/Mar/2026:16:05:05 +0800] "GET /contacts/ HTTP/1.1" 301 5 "-" "Mozilla/5.0 (Windows NT 10.0; Win64; x64) AppleWebKit/537.36 (KHTML, like Gecko) Chrome/91.0.4472.124 Safari/537.36"
123.249.105.21 - - [08/Mar/2026:16:05:05 +0800] "GET /contacts HTTP/1.1" 200 21758 "-" "Mozilla/5.0 (Windows NT 10.0; Win64; x64) AppleWebKit/537.36 (KHTML, like Gecko) Chrome/91.0.4472.124 Safari/537.36"
123.249.105.21 - - [08/Mar/2026:16:05:07 +0800] "GET /wp-json/contact-form-7/v1/contact-forms/158/feedback/schema HTTP/1.1" 200 358 "http://cqqizhou.com/contacts" "Mozilla/5.0 (Windows NT 10.0; Win64; x64) AppleWebKit/537.36 (KHTML, like Gecko) Chrome/91.0.4472.124 Safari/537.36"
123.249.105.21 - - [08/Mar/2026:16:05:07 +0800] "GET /wp-json/contact-form-7/v1/contact-forms/158/refill HTTP/1.1" 200 33 "http://cqqizhou.com/contacts" "Mozilla/5.0 (Windows NT 10.0; Win64; x64) AppleWebKit/537.36 (KHTML, like Gecko) Chrome/91.0.4472.124 Safari/537.36"
36.133.115.36 - - [08/Mar/2026:16:08:43 +0800] "POST /wp-cron.php?doing_wp_cron=1772957323.0792629718780517578125 HTTP/1.1" 200 31 "-" "WordPress/6.9; http://cqqizhou.com"
49.235.136.28 - - [08/Mar/2026:16:08:43 +0800] "GET / HTTP/1.1" 200 34827 "-" "Mozilla/5.0 (iPhone; CPU iPhone OS 13_2_3 like Mac OS X) AppleWebKit/605.1.15 (KHTML, like Gecko) Version/13.0.3 Mobile/15E148 Safari/604.1"
36.133.115.36 - - [08/Mar/2026:16:14:04 +0800] "POST /wp-cron.php?doing_wp_cron=1772957644.8756320476531982421875 HTTP/1.1" 200 31 "-" "WordPress/6.9; http://cqqizhou.com"
39.144.224.202 - - [08/Mar/2026:16:14:04 +0800] "GET /news/2518 HTTP/1.1" 200 20145 "-" "Mozilla/5.0 (linux; Android 13; Phone; OpenHarmony 6.0) AppleWebKit/537.36 (KHTML, like Gecko) Chrome/132.0.0.0 Safari/537.36 ArkWeb/6.0.0.130 Mobile MicroMessenger/7.0.1 wxwork/5.0.3 wwhmos/0.9.13.286 wwbuildver/10000 NetType/4G Language/zh ColorScheme/Light"
39.144.224.202 - - [08/Mar/2026:16:14:05 +0800] "GET /wp-content/uploads/2026/03/1772790791-%E5%B0%81%E9%9D%A2%E5%A4%B4%E5%9B%BEArticle_images_W900%C3%97500px2026.webp HTTP/1.1" 200 52968 "http://cqqizhou.com/news/2518" "Mozilla/5.0 (linux; Android 13; Phone; OpenHarmony 6.0) AppleWebKit/537.36 (KHTML, like Gecko) Chrome/132.0.0.0 Safari/537.36 ArkWeb/6.0.0.130 Mobile MicroMessenger/7.0.1 wxwork/5.0.3 wwhmos/0.9.13.286 wwbuildver/10000 NetType/4G Language/zh ColorScheme/Light"
39.144.224.202 - - [08/Mar/2026:16:14:05 +0800] "GET /wp-content/uploads/2026/03/1772790943-1Article_images_W900px.webp HTTP/1.1" 200 35332 "http://cqqizhou.com/news/2518" "Mozilla/5.0 (linux; Android 13; Phone; OpenHarmony 6.0) AppleWebKit/537.36 (KHTML, like Gecko) Chrome/132.0.0.0 Safari/537.36 ArkWeb/6.0.0.130 Mobile MicroMessenger/7.0.1 wxwork/5.0.3 wwhmos/0.9.13.286 wwbuildver/10000 NetType/4G Language/zh ColorScheme/Light"
39.144.224.202 - - [08/Mar/2026:16:14:05 +0800] "GET /wp-content/uploads/2026/03/1772790943-2Article_images_W900px.webp HTTP/1.1" 200 45662 "http://cqqizhou.com/news/2518" "Mozilla/5.0 (linux; Android 13; Phone; OpenHarmony 6.0) AppleWebKit/537.36 (KHTML, like Gecko) Chrome/132.0.0.0 Safari/537.36 ArkWeb/6.0.0.130 Mobile MicroMessenger/7.0.1 wxwork/5.0.3 wwhmos/0.9.13.286 wwbuildver/10000 NetType/4G Language/zh ColorScheme/Light"
39.144.224.202 - - [08/Mar/2026:16:14:05 +0800] "GET /wp-content/uploads/2026/03/1772713922-Article_images_W900px.webp HTTP/1.1" 200 41304 "http://cqqizhou.com/news/2518" "Mozilla/5.0 (linux; Android 13; Phone; OpenHarmony 6.0) AppleWebKit/537.36 (KHTML, like Gecko) Chrome/132.0.0.0 Safari/537.36 ArkWeb/6.0.0.130 Mobile MicroMessenger/7.0.1 wxwork/5.0.3 wwhmos/0.9.13.286 wwbuildver/10000 NetType/4G Language/zh ColorScheme/Light"
39.144.224.202 - - [08/Mar/2026:16:14:05 +0800] "GET /wp-content/uploads/2026/02/1772086672-%E5%BC%80%E5%B7%A5%E5%A4%A7%E5%90%89%E5%B0%81%E9%9D%A2%E5%A4%B4%E5%9B%BEArticle_images_W900%C3%97500px.webp HTTP/1.1" 200 99110 "http://cqqizhou.com/news/2518" "Mozilla/5.0 (linux; Android 13; Phone; OpenHarmony 6.0) AppleWebKit/537.36 (KHTML, like Gecko) Chrome/132.0.0.0 Safari/537.36 ArkWeb/6.0.0.130 Mobile MicroMessenger/7.0.1 wxwork/5.0.3 wwhmos/0.9.13.286 wwbuildver/10000 NetType/4G Language/zh ColorScheme/Light"
39.144.224.202 - - [08/Mar/2026:16:14:05 +0800] "GET /wp-content/uploads/2025/07/1753410289-News2000%C3%97400_202571.webp HTTP/1.1" 200 17830 "http://cqqizhou.com/news/2518" "Mozilla/5.0 (linux; Android 13; Phone; OpenHarmony 6.0) AppleWebKit/537.36 (KHTML, like Gecko) Chrome/132.0.0.0 Safari/537.36 ArkWeb/6.0.0.130 Mobile MicroMessenger/7.0.1 wxwork/5.0.3 wwhmos/0.9.13.286 wwbuildver/10000 NetType/4G Language/zh ColorScheme/Light"
39.144.224.202 - - [08/Mar/2026:16:14:05 +0800] "GET /wp-content/uploads/2026/03/1772790943-3Article_images_W900px.webp HTTP/1.1" 200 37622 "http://cqqizhou.com/news/2518" "Mozilla/5.0 (linux; Android 13; Phone; OpenHarmony 6.0) AppleWebKit/537.36 (KHTML, like Gecko) Chrome/132.0.0.0 Safari/537.36 ArkWeb/6.0.0.130 Mobile MicroMessenger/7.0.1 wxwork/5.0.3 wwhmos/0.9.13.286 wwbuildver/10000 NetType/4G Language/zh ColorScheme/Light"
39.144.224.202 - - [08/Mar/2026:16:14:05 +0800] "GET /wp-content/uploads/2026/03/1772790943-6Article_images_W900px.webp HTTP/1.1" 200 57278 "http://cqqizhou.com/news/2518" "Mozilla/5.0 (linux; Android 13; Phone; OpenHarmony 6.0) AppleWebKit/537.36 (KHTML, like Gecko) Chrome/132.0.0.0 Safari/537.36 ArkWeb/6.0.0.130 Mobile MicroMessenger/7.0.1 wxwork/5.0.3 wwhmos/0.9.13.286 wwbuildver/10000 NetType/4G Language/zh ColorScheme/Light"
39.144.224.202 - - [08/Mar/2026:16:14:05 +0800] "GET /wp-content/uploads/2025/07/1751425283-qizhou.kf_.qq_.com_.webp HTTP/1.1" 200 16864 "http://cqqizhou.com/news/2518" "Mozilla/5.0 (linux; Android 13; Phone; OpenHarmony 6.0) AppleWebKit/537.36 (KHTML, like Gecko) Chrome/132.0.0.0 Safari/537.36 ArkWeb/6.0.0.130 Mobile MicroMessenger/7.0.1 wxwork/5.0.3 wwhmos/0.9.13.286 wwbuildver/10000 NetType/4G Language/zh ColorScheme/Light"
39.144.224.202 - - [08/Mar/2026:16:14:05 +0800] "GET /wp-content/uploads/2026/03/1772790943-5Article_images_W900px.webp HTTP/1.1" 200 57476 "http://cqqizhou.com/news/2518" "Mozilla/5.0 (linux; Android 13; Phone; OpenHarmony 6.0) AppleWebKit/537.36 (KHTML, like Gecko) Chrome/132.0.0.0 Safari/537.36 ArkWeb/6.0.0.130 Mobile MicroMessenger/7.0.1 wxwork/5.0.3 wwhmos/0.9.13.286 wwbuildver/10000 NetType/4G Language/zh ColorScheme/Light"
207.46.13.86 - - [08/Mar/2026:16:27:05 +0800] "GET /media HTTP/1.1" 200 31828 "-" "Mozilla/5.0 AppleWebKit/537.36 (KHTML, like Gecko; compatible; bingbot/2.0; +http://www.bing.com/bingbot.htm) Chrome/116.0.1938.76 Safari/537.36"
14.29.109.169 - - [08/Mar/2026:16:55:34 +0800] "GET /news/2339 HTTP/1.1" 200 24688 "-" "Mozilla/5.0 (Windows NT 10.0; Win64; x64) AppleWebKit/537.36 (KHTML, like Gecko) Chrome/111.0.0.0 Safari/537.36"
51.222.168.136 - - [08/Mar/2026:17:00:26 +0800] "GET / HTTP/1.1" 200 35258 "-" "Mozilla/5.0 (compatible; AhrefsBot/7.0; +http://ahrefs.com/robot/)"
146.190.158.92 - - [08/Mar/2026:17:51:16 +0800] "GET /.git/config HTTP/1.1" 499 0 "-" "Mozilla/5.0 (compatible; Scanner/1.0)"
36.133.115.36 - - [08/Mar/2026:18:01:45 +0800] "POST /wp-cron.php?doing_wp_cron=1772964105.7828838825225830078125 HTTP/1.1" 200 31 "-" "WordPress/6.9; http://cqqizhou.com"
183.226.55.148 - - [08/Mar/2026:18:01:45 +0800] "GET /news/2518 HTTP/1.1" 200 20145 "-" "Mozilla/5.0 (Linux; Android 15; PKP110 Build/AP3A.240617.008; wv) AppleWebKit/537.36 (KHTML, like Gecko) Version/4.0 Chrome/138.0.7204.180 Mobile Safari/537.36 XWEB/1380347 MMWEBSDK/20250202 MMWEBID/3579 wxwork/5.0.6 MicroMessenger/7.0.1 NetType/WIFI Language/zh Lang/zh ColorScheme/Light wwmver/3.26.506.647"
183.226.55.148 - - [08/Mar/2026:18:01:46 +0800] "GET /wp-content/uploads/2026/03/1772790791-%E5%B0%81%E9%9D%A2%E5%A4%B4%E5%9B%BEArticle_images_W900%C3%97500px2026.webp HTTP/1.1" 200 52968 "http://cqqizhou.com/news/2518" "Mozilla/5.0 (Linux; Android 15; PKP110 Build/AP3A.240617.008; wv) AppleWebKit/537.36 (KHTML, like Gecko) Version/4.0 Chrome/138.0.7204.180 Mobile Safari/537.36 XWEB/1380347 MMWEBSDK/20250202 MMWEBID/3579 wxwork/5.0.6 MicroMessenger/7.0.1 NetType/WIFI Language/zh Lang/zh ColorScheme/Light wwmver/3.26.506.647"
183.226.55.148 - - [08/Mar/2026:18:01:46 +0800] "GET /wp-content/uploads/2026/03/1772790943-1Article_images_W900px.webp HTTP/1.1" 200 35332 "http://cqqizhou.com/news/2518" "Mozilla/5.0 (Linux; Android 15; PKP110 Build/AP3A.240617.008; wv) AppleWebKit/537.36 (KHTML, like Gecko) Version/4.0 Chrome/138.0.7204.180 Mobile Safari/537.36 XWEB/1380347 MMWEBSDK/20250202 MMWEBID/3579 wxwork/5.0.6 MicroMessenger/7.0.1 NetType/WIFI Language/zh Lang/zh ColorScheme/Light wwmver/3.26.506.647"
183.226.55.148 - - [08/Mar/2026:18:01:46 +0800] "GET /wp-content/uploads/2026/03/1772790943-2Article_images_W900px.webp HTTP/1.1" 200 45662 "http://cqqizhou.com/news/2518" "Mozilla/5.0 (Linux; Android 15; PKP110 Build/AP3A.240617.008; wv) AppleWebKit/537.36 (KHTML, like Gecko) Version/4.0 Chrome/138.0.7204.180 Mobile Safari/537.36 XWEB/1380347 MMWEBSDK/20250202 MMWEBID/3579 wxwork/5.0.6 MicroMessenger/7.0.1 NetType/WIFI Language/zh Lang/zh ColorScheme/Light wwmver/3.26.506.647"
183.226.55.148 - - [08/Mar/2026:18:01:46 +0800] "GET /wp-content/uploads/2026/02/1772086672-%E5%BC%80%E5%B7%A5%E5%A4%A7%E5%90%89%E5%B0%81%E9%9D%A2%E5%A4%B4%E5%9B%BEArticle_images_W900%C3%97500px.webp HTTP/1.1" 200 99110 "http://cqqizhou.com/news/2518" "Mozilla/5.0 (Linux; Android 15; PKP110 Build/AP3A.240617.008; wv) AppleWebKit/537.36 (KHTML, like Gecko) Version/4.0 Chrome/138.0.7204.180 Mobile Safari/537.36 XWEB/1380347 MMWEBSDK/20250202 MMWEBID/3579 wxwork/5.0.6 MicroMessenger/7.0.1 NetType/WIFI Language/zh Lang/zh ColorScheme/Light wwmver/3.26.506.647"
183.226.55.148 - - [08/Mar/2026:18:01:46 +0800] "GET /wp-content/uploads/2026/03/1772713922-Article_images_W900px.webp HTTP/1.1" 200 41304 "http://cqqizhou.com/news/2518" "Mozilla/5.0 (Linux; Android 15; PKP110 Build/AP3A.240617.008; wv) AppleWebKit/537.36 (KHTML, like Gecko) Version/4.0 Chrome/138.0.7204.180 Mobile Safari/537.36 XWEB/1380347 MMWEBSDK/20250202 MMWEBID/3579 wxwork/5.0.6 MicroMessenger/7.0.1 NetType/WIFI Language/zh Lang/zh ColorScheme/Light wwmver/3.26.506.647"
183.226.55.148 - - [08/Mar/2026:18:01:46 +0800] "GET /wp-content/uploads/2025/07/1753410289-News2000%C3%97400_202571.webp HTTP/1.1" 200 17830 "http://cqqizhou.com/news/2518" "Mozilla/5.0 (Linux; Android 15; PKP110 Build/AP3A.240617.008; wv) AppleWebKit/537.36 (KHTML, like Gecko) Version/4.0 Chrome/138.0.7204.180 Mobile Safari/537.36 XWEB/1380347 MMWEBSDK/20250202 MMWEBID/3579 wxwork/5.0.6 MicroMessenger/7.0.1 NetType/WIFI Language/zh Lang/zh ColorScheme/Light wwmver/3.26.506.647"
183.226.55.148 - - [08/Mar/2026:18:01:46 +0800] "GET /wp-content/uploads/2025/07/1751425283-qizhou.kf_.qq_.com_.webp HTTP/1.1" 200 16864 "http://cqqizhou.com/news/2518" "Mozilla/5.0 (Linux; Android 15; PKP110 Build/AP3A.240617.008; wv) AppleWebKit/537.36 (KHTML, like Gecko) Version/4.0 Chrome/138.0.7204.180 Mobile Safari/537.36 XWEB/1380347 MMWEBSDK/20250202 MMWEBID/3579 wxwork/5.0.6 MicroMessenger/7.0.1 NetType/WIFI Language/zh Lang/zh ColorScheme/Light wwmver/3.26.506.647"
183.226.55.148 - - [08/Mar/2026:18:01:46 +0800] "GET /wp-content/uploads/2026/03/1772790943-3Article_images_W900px.webp HTTP/1.1" 200 37622 "http://cqqizhou.com/news/2518" "Mozilla/5.0 (Linux; Android 15; PKP110 Build/AP3A.240617.008; wv) AppleWebKit/537.36 (KHTML, like Gecko) Version/4.0 Chrome/138.0.7204.180 Mobile Safari/537.36 XWEB/1380347 MMWEBSDK/20250202 MMWEBID/3579 wxwork/5.0.6 MicroMessenger/7.0.1 NetType/WIFI Language/zh Lang/zh ColorScheme/Light wwmver/3.26.506.647"
183.226.55.148 - - [08/Mar/2026:18:01:46 +0800] "GET /wp-content/uploads/2026/03/1772790943-5Article_images_W900px.webp HTTP/1.1" 200 57476 "http://cqqizhou.com/news/2518" "Mozilla/5.0 (Linux; Android 15; PKP110 Build/AP3A.240617.008; wv) AppleWebKit/537.36 (KHTML, like Gecko) Version/4.0 Chrome/138.0.7204.180 Mobile Safari/537.36 XWEB/1380347 MMWEBSDK/20250202 MMWEBID/3579 wxwork/5.0.6 MicroMessenger/7.0.1 NetType/WIFI Language/zh Lang/zh ColorScheme/Light wwmver/3.26.506.647"
183.226.55.148 - - [08/Mar/2026:18:01:46 +0800] "GET /wp-content/uploads/2026/03/1772790943-6Article_images_W900px.webp HTTP/1.1" 200 57278 "http://cqqizhou.com/news/2518" "Mozilla/5.0 (Linux; Android 15; PKP110 Build/AP3A.240617.008; wv) AppleWebKit/537.36 (KHTML, like Gecko) Version/4.0 Chrome/138.0.7204.180 Mobile Safari/537.36 XWEB/1380347 MMWEBSDK/20250202 MMWEBID/3579 wxwork/5.0.6 MicroMessenger/7.0.1 NetType/WIFI Language/zh Lang/zh ColorScheme/Light wwmver/3.26.506.647"
183.226.55.148 - - [08/Mar/2026:18:02:15 +0800] "GET /news/2505 HTTP/1.1" 499 0 "http://cqqizhou.com/news/2518" "Mozilla/5.0 (Linux; Android 15; PKP110 Build/AP3A.240617.008; wv) AppleWebKit/537.36 (KHTML, like Gecko) Version/4.0 Chrome/138.0.7204.180 Mobile Safari/537.36 XWEB/1380347 MMWEBSDK/20250202 MMWEBID/3579 wxwork/5.0.6 MicroMessenger/7.0.1 NetType/WIFI Language/zh Lang/zh ColorScheme/Light wwmver/3.26.506.647"
36.133.115.36 - - [08/Mar/2026:18:02:17 +0800] "POST /wp-cron.php?doing_wp_cron=1772964137.4983999729156494140625 HTTP/1.1" 200 31 "-" "WordPress/6.9; http://cqqizhou.com"
183.226.55.148 - - [08/Mar/2026:18:02:17 +0800] "GET /company-news HTTP/1.1" 200 19977 "http://cqqizhou.com/news/2518" "Mozilla/5.0 (Linux; Android 15; PKP110 Build/AP3A.240617.008; wv) AppleWebKit/537.36 (KHTML, like Gecko) Version/4.0 Chrome/138.0.7204.180 Mobile Safari/537.36 XWEB/1380347 MMWEBSDK/20250202 MMWEBID/3579 wxwork/5.0.6 MicroMessenger/7.0.1 NetType/WIFI Language/zh Lang/zh ColorScheme/Light wwmver/3.26.506.647"
183.226.55.148 - - [08/Mar/2026:18:02:17 +0800] "GET /wp-content/uploads/2025/07/1753454299-Article_images_W900px.webp HTTP/1.1" 200 52418 "http://cqqizhou.com/company-news" "Mozilla/5.0 (Linux; Android 15; PKP110 Build/AP3A.240617.008; wv) AppleWebKit/537.36 (KHTML, like Gecko) Version/4.0 Chrome/138.0.7204.180 Mobile Safari/537.36 XWEB/1380347 MMWEBSDK/20250202 MMWEBID/3579 wxwork/5.0.6 MicroMessenger/7.0.1 NetType/WIFI Language/zh Lang/zh ColorScheme/Light wwmver/3.26.506.647"
183.226.55.148 - - [08/Mar/2026:18:02:17 +0800] "GET /wp-content/uploads/2026/02/1770341652-2026251Article_images_W900%C3%97500px.webp HTTP/1.1" 200 43300 "http://cqqizhou.com/company-news" "Mozilla/5.0 (Linux; Android 15; PKP110 Build/AP3A.240617.008; wv) AppleWebKit/537.36 (KHTML, like Gecko) Version/4.0 Chrome/138.0.7204.180 Mobile Safari/537.36 XWEB/1380347 MMWEBSDK/20250202 MMWEBID/3579 wxwork/5.0.6 MicroMessenger/7.0.1 NetType/WIFI Language/zh Lang/zh ColorScheme/Light wwmver/3.26.506.647"
183.226.55.148 - - [08/Mar/2026:18:02:17 +0800] "GET /wp-content/uploads/2025/12/1766064629-Article_images_20251218212623.webp HTTP/1.1" 200 20366 "http://cqqizhou.com/company-news" "Mozilla/5.0 (Linux; Android 15; PKP110 Build/AP3A.240617.008; wv) AppleWebKit/537.36 (KHTML, like Gecko) Version/4.0 Chrome/138.0.7204.180 Mobile Safari/537.36 XWEB/1380347 MMWEBSDK/20250202 MMWEBID/3579 wxwork/5.0.6 MicroMessenger/7.0.1 NetType/WIFI Language/zh Lang/zh ColorScheme/Light wwmver/3.26.506.647"
183.226.55.148 - - [08/Mar/2026:18:02:17 +0800] "GET /wp-content/uploads/2025/12/1765891153-Article20251216211543.webp HTTP/1.1" 200 43108 "http://cqqizhou.com/company-news" "Mozilla/5.0 (Linux; Android 15; PKP110 Build/AP3A.240617.008; wv) AppleWebKit/537.36 (KHTML, like Gecko) Version/4.0 Chrome/138.0.7204.180 Mobile Safari/537.36 XWEB/1380347 MMWEBSDK/20250202 MMWEBID/3579 wxwork/5.0.6 MicroMessenger/7.0.1 NetType/WIFI Language/zh Lang/zh ColorScheme/Light wwmver/3.26.506.647"
183.226.55.148 - - [08/Mar/2026:18:02:17 +0800] "GET /wp-content/uploads/2026/01/1769511379-Article_images_W900%C3%97500px202601271.webp HTTP/1.1" 200 67912 "http://cqqizhou.com/company-news" "Mozilla/5.0 (Linux; Android 15; PKP110 Build/AP3A.240617.008; wv) AppleWebKit/537.36 (KHTML, like Gecko) Version/4.0 Chrome/138.0.7204.180 Mobile Safari/537.36 XWEB/1380347 MMWEBSDK/20250202 MMWEBID/3579 wxwork/5.0.6 MicroMessenger/7.0.1 NetType/WIFI Language/zh Lang/zh ColorScheme/Light wwmver/3.26.506.647"
183.226.55.148 - - [08/Mar/2026:18:02:17 +0800] "GET /wp-content/uploads/2025/12/1766647832-Article_images_W900%C3%97500px20251225.webp HTTP/1.1" 200 44582 "http://cqqizhou.com/company-news" "Mozilla/5.0 (Linux; Android 15; PKP110 Build/AP3A.240617.008; wv) AppleWebKit/537.36 (KHTML, like Gecko) Version/4.0 Chrome/138.0.7204.180 Mobile Safari/537.36 XWEB/1380347 MMWEBSDK/20250202 MMWEBID/3579 wxwork/5.0.6 MicroMessenger/7.0.1 NetType/WIFI Language/zh Lang/zh ColorScheme/Light wwmver/3.26.506.647"
183.226.55.148 - - [08/Mar/2026:18:02:17 +0800] "GET /wp-content/uploads/2026/01/1768527483-Article_images_W900%C3%97500px202601161.webp HTTP/1.1" 200 33780 "http://cqqizhou.com/company-news" "Mozilla/5.0 (Linux; Android 15; PKP110 Build/AP3A.240617.008; wv) AppleWebKit/537.36 (KHTML, like Gecko) Version/4.0 Chrome/138.0.7204.180 Mobile Safari/537.36 XWEB/1380347 MMWEBSDK/20250202 MMWEBID/3579 wxwork/5.0.6 MicroMessenger/7.0.1 NetType/WIFI Language/zh Lang/zh ColorScheme/Light wwmver/3.26.506.647"
183.226.55.148 - - [08/Mar/2026:18:02:46 +0800] "GET /news/2505 HTTP/1.1" 499 0 "http://cqqizhou.com/company-news" "Mozilla/5.0 (Linux; Android 15; PKP110 Build/AP3A.240617.008; wv) AppleWebKit/537.36 (KHTML, like Gecko) Version/4.0 Chrome/138.0.7204.180 Mobile Safari/537.36 XWEB/1380347 MMWEBSDK/20250202 MMWEBID/3579 wxwork/5.0.6 MicroMessenger/7.0.1 NetType/WIFI Language/zh Lang/zh ColorScheme/Light wwmver/3.26.506.647"
183.226.55.148 - - [08/Mar/2026:18:02:48 +0800] "GET /news/2505 HTTP/1.1" 200 20371 "http://cqqizhou.com/company-news" "Mozilla/5.0 (Linux; Android 15; PKP110 Build/AP3A.240617.008; wv) AppleWebKit/537.36 (KHTML, like Gecko) Version/4.0 Chrome/138.0.7204.180 Mobile Safari/537.36 XWEB/1380347 MMWEBSDK/20250202 MMWEBID/3579 wxwork/5.0.6 MicroMessenger/7.0.1 NetType/WIFI Language/zh Lang/zh ColorScheme/Light wwmver/3.26.506.647"
183.226.55.148 - - [08/Mar/2026:18:02:48 +0800] "GET /wp-content/uploads/2026/02/1772086673-20262261Article_images_W900px.webp HTTP/1.1" 200 53642 "http://cqqizhou.com/news/2505" "Mozilla/5.0 (Linux; Android 15; PKP110 Build/AP3A.240617.008; wv) AppleWebKit/537.36 (KHTML, like Gecko) Version/4.0 Chrome/138.0.7204.180 Mobile Safari/537.36 XWEB/1380347 MMWEBSDK/20250202 MMWEBID/3579 wxwork/5.0.6 MicroMessenger/7.0.1 NetType/WIFI Language/zh Lang/zh ColorScheme/Light wwmver/3.26.506.647"
