183.226.55.148 - - [08/Mar/2026:18:02:48 +0800] "GET /wp-content/uploads/2026/02/1772086671-20262263Article_images_W900px.webp HTTP/1.1" 200 63422 "http://cqqizhou.com/news/2505" "Mozilla/5.0 (Linux; Android 15; PKP110 Build/AP3A.240617.008; wv) AppleWebKit/537.36 (KHTML, like Gecko) Version/4.0 Chrome/138.0.7204.180 Mobile Safari/537.36 XWEB/1380347 MMWEBSDK/20250202 MMWEBID/3579 wxwork/5.0.6 MicroMessenger/7.0.1 NetType/WIFI Language/zh Lang/zh ColorScheme/Light wwmver/3.26.506.647"
183.226.55.148 - - [08/Mar/2026:18:02:48 +0800] "GET /wp-content/uploads/2026/02/1772086673-20262262Article_images_W900px.webp HTTP/1.1" 200 56740 "http://cqqizhou.com/news/2505" "Mozilla/5.0 (Linux; Android 15; PKP110 Build/AP3A.240617.008; wv) AppleWebKit/537.36 (KHTML, like Gecko) Version/4.0 Chrome/138.0.7204.180 Mobile Safari/537.36 XWEB/1380347 MMWEBSDK/20250202 MMWEBID/3579 wxwork/5.0.6 MicroMessenger/7.0.1 NetType/WIFI Language/zh Lang/zh ColorScheme/Light wwmver/3.26.506.647"
36.133.115.36 - - [08/Mar/2026:18:03:57 +0800] "POST /wp-cron.php?doing_wp_cron=1772964237.9065248966217041015625 HTTP/1.1" 200 31 "-" "WordPress/6.9; http://cqqizhou.com"
183.226.55.148 - - [08/Mar/2026:18:03:57 +0800] "GET /news/2518 HTTP/1.1" 200 20145 "-" "Mozilla/5.0 (Linux; Android 15; PKP110 Build/AP3A.240617.008; wv) AppleWebKit/537.36 (KHTML, like Gecko) Version/4.0 Chrome/138.0.7204.180 Mobile Safari/537.36 XWEB/1380347 MMWEBSDK/20250202 MMWEBID/3579 wxwork/5.0.6 MicroMessenger/7.0.1 NetType/WIFI Language/zh Lang/zh ColorScheme/Light wwmver/3.26.506.647"
36.133.115.36 - - [08/Mar/2026:18:04:28 +0800] "POST /wp-cron.php?doing_wp_cron=1772964268.0437750816345214843750 HTTP/1.1" 200 31 "-" "WordPress/6.9; http://cqqizhou.com"
114.119.133.26 - - [08/Mar/2026:18:04:28 +0800] "GET /wp-sitemap.xml HTTP/1.1" 501 253 "-" "Mozilla/5.0 (Linux; Android 7.0;) AppleWebKit/537.36 (KHTML, like Gecko) Mobile Safari/537.36 (compatible; PetalBot;+https://webmaster.petalsearch.com/site/petalbot)"
36.133.115.36 - - [08/Mar/2026:18:09:30 +0800] "POST /wp-cron.php?doing_wp_cron=1772964570.4896659851074218750000 HTTP/1.1" 200 31 "-" "WordPress/6.9; http://cqqizhou.com"
114.119.156.59 - - [08/Mar/2026:18:09:30 +0800] "GET /wp-sitemap.xml HTTP/1.1" 501 253 "-" "Mozilla/5.0 (Linux; Android 7.0;) AppleWebKit/537.36 (KHTML, like Gecko) Mobile Safari/537.36 (compatible; PetalBot;+https://webmaster.petalsearch.com/site/petalbot)"
36.133.115.36 - - [08/Mar/2026:18:14:30 +0800] "POST /wp-cron.php?doing_wp_cron=1772964870.0561540126800537109375 HTTP/1.1" 200 31 "-" "WordPress/6.9; http://cqqizhou.com"
114.119.131.246 - - [08/Mar/2026:18:14:30 +0800] "GET /wp-sitemap.xml HTTP/1.1" 501 253 "-" "Mozilla/5.0 (Linux; Android 7.0;) AppleWebKit/537.36 (KHTML, like Gecko) Mobile Safari/537.36 (compatible; PetalBot;+https://webmaster.petalsearch.com/site/petalbot)"
36.133.115.36 - - [08/Mar/2026:18:19:19 +0800] "POST /wp-cron.php?doing_wp_cron=1772965159.5421109199523925781250 HTTP/1.1" 200 31 "-" "WordPress/6.9; http://cqqizhou.com"
204.76.203.18 - - [08/Mar/2026:18:19:19 +0800] "GET /backup/ HTTP/1.1" 301 5 "-" "-"
204.76.203.18 - - [08/Mar/2026:18:19:22 +0800] "GET /backup/ HTTP/1.1" 301 5 "-" "-"
204.76.203.18 - - [08/Mar/2026:18:19:25 +0800] "GET /backup/ HTTP/1.1" 301 5 "-" "-"
204.76.203.18 - - [08/Mar/2026:18:19:28 +0800] "GET /backup/ HTTP/1.1" 499 0 "-" "-"
204.76.203.18 - - [08/Mar/2026:18:19:31 +0800] "GET /backup/ HTTP/1.1" 301 5 "-" "-"
36.133.115.36 - - [08/Mar/2026:18:24:57 +0800] "POST /wp-cron.php?doing_wp_cron=1772965497.8134939670562744140625 HTTP/1.1" 200 31 "-" "WordPress/6.9; http://cqqizhou.com"
54.39.0.108 - - [08/Mar/2026:18:24:57 +0800] "GET /company-news/page/2/ HTTP/1.1" 301 5 "-" "Mozilla/5.0 (compatible; AhrefsBot/7.0; +http://ahrefs.com/robot/)"
36.133.115.36 - - [08/Mar/2026:18:32:24 +0800] "POST /wp-cron.php?doing_wp_cron=1772965944.6827809810638427734375 HTTP/1.1" 200 31 "-" "WordPress/6.9; http://cqqizhou.com"
14.108.234.64 - - [08/Mar/2026:18:32:24 +0800] "GET /news/2518 HTTP/1.1" 200 20145 "-" "Mozilla/5.0 (Linux; Android 16; 25102RKBEC Build/BP2A.250605.031.A3; wv) AppleWebKit/537.36 (KHTML, like Gecko) Version/4.0 Chrome/142.0.7444.173 Mobile Safari/537.36 XWEB/1420229 MMWEBSDK/20260101 MMWEBID/7407 REV/f54f4fa14ece7d4915b69ce007dd50b11f259aed MicroMessenger/8.0.69.3040(0x2800453F) WeChat/arm64 Weixin NetType/WIFI Language/zh_CN ABI/arm64"
14.108.234.64 - - [08/Mar/2026:18:32:24 +0800] "GET /wp-content/uploads/2026/03/1772790791-%E5%B0%81%E9%9D%A2%E5%A4%B4%E5%9B%BEArticle_images_W900%C3%97500px2026.webp HTTP/1.1" 304 0 "http://cqqizhou.com/news/2518" "Mozilla/5.0 (Linux; Android 16; 25102RKBEC Build/BP2A.250605.031.A3; wv) AppleWebKit/537.36 (KHTML, like Gecko) Version/4.0 Chrome/142.0.7444.173 Mobile Safari/537.36 XWEB/1420229 MMWEBSDK/20260101 MMWEBID/7407 REV/f54f4fa14ece7d4915b69ce007dd50b11f259aed MicroMessenger/8.0.69.3040(0x2800453F) WeChat/arm64 Weixin NetType/WIFI Language/zh_CN ABI/arm64"
14.108.234.64 - - [08/Mar/2026:18:32:24 +0800] "GET /wp-content/uploads/2026/03/1772790943-1Article_images_W900px.webp HTTP/1.1" 304 0 "http://cqqizhou.com/news/2518" "Mozilla/5.0 (Linux; Android 16; 25102RKBEC Build/BP2A.250605.031.A3; wv) AppleWebKit/537.36 (KHTML, like Gecko) Version/4.0 Chrome/142.0.7444.173 Mobile Safari/537.36 XWEB/1420229 MMWEBSDK/20260101 MMWEBID/7407 REV/f54f4fa14ece7d4915b69ce007dd50b11f259aed MicroMessenger/8.0.69.3040(0x2800453F) WeChat/arm64 Weixin NetType/WIFI Language/zh_CN ABI/arm64"
14.108.234.64 - - [08/Mar/2026:18:32:24 +0800] "GET /wp-content/uploads/2026/03/1772713922-Article_images_W900px.webp HTTP/1.1" 304 0 "http://cqqizhou.com/news/2518" "Mozilla/5.0 (Linux; Android 16; 25102RKBEC Build/BP2A.250605.031.A3; wv) AppleWebKit/537.36 (KHTML, like Gecko) Version/4.0 Chrome/142.0.7444.173 Mobile Safari/537.36 XWEB/1420229 MMWEBSDK/20260101 MMWEBID/7407 REV/f54f4fa14ece7d4915b69ce007dd50b11f259aed MicroMessenger/8.0.69.3040(0x2800453F) WeChat/arm64 Weixin NetType/WIFI Language/zh_CN ABI/arm64"
14.108.234.64 - - [08/Mar/2026:18:32:24 +0800] "GET /wp-content/uploads/2026/03/1772790943-2Article_images_W900px.webp HTTP/1.1" 304 0 "http://cqqizhou.com/news/2518" "Mozilla/5.0 (Linux; Android 16; 25102RKBEC Build/BP2A.250605.031.A3; wv) AppleWebKit/537.36 (KHTML, like Gecko) Version/4.0 Chrome/142.0.7444.173 Mobile Safari/537.36 XWEB/1420229 MMWEBSDK/20260101 MMWEBID/7407 REV/f54f4fa14ece7d4915b69ce007dd50b11f259aed MicroMessenger/8.0.69.3040(0x2800453F) WeChat/arm64 Weixin NetType/WIFI Language/zh_CN ABI/arm64"
14.108.234.64 - - [08/Mar/2026:18:32:24 +0800] "GET /wp-content/uploads/2026/02/1772086672-%E5%BC%80%E5%B7%A5%E5%A4%A7%E5%90%89%E5%B0%81%E9%9D%A2%E5%A4%B4%E5%9B%BEArticle_images_W900%C3%97500px.webp HTTP/1.1" 304 0 "http://cqqizhou.com/news/2518" "Mozilla/5.0 (Linux; Android 16; 25102RKBEC Build/BP2A.250605.031.A3; wv) AppleWebKit/537.36 (KHTML, like Gecko) Version/4.0 Chrome/142.0.7444.173 Mobile Safari/537.36 XWEB/1420229 MMWEBSDK/20260101 MMWEBID/7407 REV/f54f4fa14ece7d4915b69ce007dd50b11f259aed MicroMessenger/8.0.69.3040(0x2800453F) WeChat/arm64 Weixin NetType/WIFI Language/zh_CN ABI/arm64"
14.108.234.64 - - [08/Mar/2026:18:32:24 +0800] "GET /wp-content/uploads/2026/03/1772790943-6Article_images_W900px.webp HTTP/1.1" 304 0 "http://cqqizhou.com/news/2518" "Mozilla/5.0 (Linux; Android 16; 25102RKBEC Build/BP2A.250605.031.A3; wv) AppleWebKit/537.36 (KHTML, like Gecko) Version/4.0 Chrome/142.0.7444.173 Mobile Safari/537.36 XWEB/1420229 MMWEBSDK/20260101 MMWEBID/7407 REV/f54f4fa14ece7d4915b69ce007dd50b11f259aed MicroMessenger/8.0.69.3040(0x2800453F) WeChat/arm64 Weixin NetType/WIFI Language/zh_CN ABI/arm64"
14.108.234.64 - - [08/Mar/2026:18:32:24 +0800] "GET /wp-content/uploads/2026/03/1772790943-3Article_images_W900px.webp HTTP/1.1" 304 0 "http://cqqizhou.com/news/2518" "Mozilla/5.0 (Linux; Android 16; 25102RKBEC Build/BP2A.250605.031.A3; wv) AppleWebKit/537.36 (KHTML, like Gecko) Version/4.0 Chrome/142.0.7444.173 Mobile Safari/537.36 XWEB/1420229 MMWEBSDK/20260101 MMWEBID/7407 REV/f54f4fa14ece7d4915b69ce007dd50b11f259aed MicroMessenger/8.0.69.3040(0x2800453F) WeChat/arm64 Weixin NetType/WIFI Language/zh_CN ABI/arm64"
14.108.234.64 - - [08/Mar/2026:18:32:24 +0800] "GET /wp-content/uploads/2026/03/1772790943-5Article_images_W900px.webp HTTP/1.1" 304 0 "http://cqqizhou.com/news/2518" "Mozilla/5.0 (Linux; Android 16; 25102RKBEC Build/BP2A.250605.031.A3; wv) AppleWebKit/537.36 (KHTML, like Gecko) Version/4.0 Chrome/142.0.7444.173 Mobile Safari/537.36 XWEB/1420229 MMWEBSDK/20260101 MMWEBID/7407 REV/f54f4fa14ece7d4915b69ce007dd50b11f259aed MicroMessenger/8.0.69.3040(0x2800453F) WeChat/arm64 Weixin NetType/WIFI Language/zh_CN ABI/arm64"
116.179.228.107 - - [08/Mar/2026:18:40:03 +0800] "GET / HTTP/1.1" 200 35258 "-" "Mozilla/5.0 (Macintosh; Intel Mac OS X 10_15_7) AppleWebKit/537.36 (KHTML, like Gecko) Chrome/138.0.0.0 Safari/537.36"
36.133.115.36 - - [08/Mar/2026:18:45:11 +0800] "POST /wp-cron.php?doing_wp_cron=1772966710.9047288894653320312500 HTTP/1.1" 200 31 "-" "WordPress/6.9; http://cqqizhou.com"
45.153.34.187 - - [08/Mar/2026:18:45:24 +0800] "GET / HTTP/1.1" 200 122869 "-" "Mozilla/5.0"
36.133.115.36 - - [08/Mar/2026:18:52:51 +0800] "POST /wp-cron.php?doing_wp_cron=1772967171.9312579631805419921875 HTTP/1.1" 200 31 "-" "WordPress/6.9; http://cqqizhou.com"
66.132.153.114 - - [08/Mar/2026:18:52:51 +0800] "GET /robots.txt HTTP/1.1" 200 190 "-" "Mozilla/5.0 (compatible; CensysInspect/1.1; +https://about.censys.io/)"
66.132.153.114 - - [08/Mar/2026:18:52:57 +0800] "GET /s3c63o8az HTTP/1.1" 404 8949 "-" "Mozilla/5.0 (compatible; CensysInspect/1.1; +https://about.censys.io/)"
36.133.115.36 - - [08/Mar/2026:18:57:28 +0800] "POST /wp-cron.php?doing_wp_cron=1772967448.7265250682830810546875 HTTP/1.1" 200 31 "-" "WordPress/6.9; http://cqqizhou.com"
43.165.135.242 - - [08/Mar/2026:18:57:28 +0800] "GET / HTTP/1.1" 200 34827 "-" "Mozilla/5.0 (iPhone; CPU iPhone OS 13_2_3 like Mac OS X) AppleWebKit/605.1.15 (KHTML, like Gecko) Version/13.0.3 Mobile/15E148 Safari/604.1"
36.133.115.36 - - [08/Mar/2026:19:00:07 +0800] "POST /wp-cron.php?doing_wp_cron=1772967607.0945210456848144531250 HTTP/1.1" 200 31 "-" "WordPress/6.9; http://cqqizhou.com"
162.142.125.117 - - [08/Mar/2026:19:00:07 +0800] "GET / HTTP/1.1" 301 5 "-" "Mozilla/5.0 (compatible; CensysInspect/1.1; +https://about.censys.io/)"
162.142.125.117 - - [08/Mar/2026:19:00:22 +0800] "GET /sitemap.xml HTTP/1.1" 200 535 "-" "Mozilla/5.0 (compatible; CensysInspect/1.1; +https://about.censys.io/)"
162.142.125.117 - - [08/Mar/2026:19:00:40 +0800] "GET /6_5mqlikxe9y62t HTTP/1.1" 404 8948 "-" "Mozilla/5.0 (compatible; CensysInspect/1.1; +https://about.censys.io/)"
36.133.115.36 - - [08/Mar/2026:19:50:14 +0800] "POST /wp-cron.php?doing_wp_cron=1772970614.8969430923461914062500 HTTP/1.1" 200 31 "-" "WordPress/6.9; http://cqqizhou.com"
43.166.7.113 - - [08/Mar/2026:19:50:14 +0800] "GET / HTTP/1.1" 301 5 "-" "Mozilla/5.0 (iPhone; CPU iPhone OS 13_2_3 like Mac OS X) AppleWebKit/605.1.15 (KHTML, like Gecko) Version/13.0.3 Mobile/15E148 Safari/604.1"
43.166.7.113 - - [08/Mar/2026:19:50:18 +0800] "GET / HTTP/1.1" 200 34827 "http://36.133.115.36" "Mozilla/5.0 (iPhone; CPU iPhone OS 13_2_3 like Mac OS X) AppleWebKit/605.1.15 (KHTML, like Gecko) Version/13.0.3 Mobile/15E148 Safari/604.1"
180.153.236.234 - - [08/Mar/2026:19:58:13 +0800] "GET / HTTP/1.1" 200 35258 "http://cqqizhou.com/" "Mozilla/5.0 (Windows NT 10.0; Win64; x64) AppleWebKit/537.36 (KHTML, like Gecko) Chrome/140.0.0.0 Safari/537.36 Edg/140.0.0.0; 360Spider"
180.153.236.19 - - [08/Mar/2026:19:58:34 +0800] "GET / HTTP/1.1" 200 35258 "http://cqqizhou.com" "Mozilla/5.0 (Windows NT 10.0; Win64; x64) AppleWebKit/537.36 (KHTML, like Gecko) Chrome/140.0.0.0 Safari/537.36 Edg/140.0.0.0; 360Spider"
180.114.179.5 - - [08/Mar/2026:20:13:46 +0800] "GET /news/2518 HTTP/1.1" 200 24149 "-" "Mozilla/5.0 (Phone; OpenHarmony 6.0) AppleWebKit/537.36 (KHTML, like Gecko) Chrome/132.0.0.0 Safari/537.36 ArkWeb/6.0.0.130 Mobile bd_dvt/0 bdapp/1.0 (baiduboxapp; baiduboxapp) baiduboxapp/15.49.0.10 (Baidu; P5 6.0.0.130) NABar/1.0"
180.114.179.5 - - [08/Mar/2026:20:13:46 +0800] "GET /wp-content/uploads/2026/03/1772790791-%E5%B0%81%E9%9D%A2%E5%A4%B4%E5%9B%BEArticle_images_W900%C3%97500px2026.webp HTTP/1.1" 200 52968 "http://cqqizhou.com/news/2518" "Mozilla/5.0 (Phone; OpenHarmony 6.0) AppleWebKit/537.36 (KHTML, like Gecko) Chrome/132.0.0.0 Safari/537.36 ArkWeb/6.0.0.130 Mobile"
180.114.179.5 - - [08/Mar/2026:20:13:46 +0800] "GET /wp-content/uploads/2026/03/1772790943-1Article_images_W900px.webp HTTP/1.1" 200 35332 "http://cqqizhou.com/news/2518" "Mozilla/5.0 (Phone; OpenHarmony 6.0) AppleWebKit/537.36 (KHTML, like Gecko) Chrome/132.0.0.0 Safari/537.36 ArkWeb/6.0.0.130 Mobile"
180.114.179.5 - - [08/Mar/2026:20:13:46 +0800] "GET /wp-content/uploads/2026/03/1772790943-2Article_images_W900px.webp HTTP/1.1" 200 45662 "http://cqqizhou.com/news/2518" "Mozilla/5.0 (Phone; OpenHarmony 6.0) AppleWebKit/537.36 (KHTML, like Gecko) Chrome/132.0.0.0 Safari/537.36 ArkWeb/6.0.0.130 Mobile"
180.114.179.5 - - [08/Mar/2026:20:13:46 +0800] "GET /wp-content/uploads/2026/03/1772790943-3Article_images_W900px.webp HTTP/1.1" 200 37622 "http://cqqizhou.com/news/2518" "Mozilla/5.0 (Phone; OpenHarmony 6.0) AppleWebKit/537.36 (KHTML, like Gecko) Chrome/132.0.0.0 Safari/537.36 ArkWeb/6.0.0.130 Mobile"
180.114.179.5 - - [08/Mar/2026:20:13:46 +0800] "GET /wp-content/uploads/2026/03/1772790943-5Article_images_W900px.webp HTTP/1.1" 200 57476 "http://cqqizhou.com/news/2518" "Mozilla/5.0 (Phone; OpenHarmony 6.0) AppleWebKit/537.36 (KHTML, like Gecko) Chrome/132.0.0.0 Safari/537.36 ArkWeb/6.0.0.130 Mobile"
180.114.179.5 - - [08/Mar/2026:20:13:46 +0800] "GET /wp-content/uploads/2026/03/1772713922-Article_images_W900px.webp HTTP/1.1" 200 41304 "http://cqqizhou.com/news/2518" "Mozilla/5.0 (Phone; OpenHarmony 6.0) AppleWebKit/537.36 (KHTML, like Gecko) Chrome/132.0.0.0 Safari/537.36 ArkWeb/6.0.0.130 Mobile"
180.114.179.5 - - [08/Mar/2026:20:13:46 +0800] "GET /wp-content/uploads/2026/03/1772790943-6Article_images_W900px.webp HTTP/1.1" 200 57278 "http://cqqizhou.com/news/2518" "Mozilla/5.0 (Phone; OpenHarmony 6.0) AppleWebKit/537.36 (KHTML, like Gecko) Chrome/132.0.0.0 Safari/537.36 ArkWeb/6.0.0.130 Mobile"
180.114.179.5 - - [08/Mar/2026:20:13:46 +0800] "GET /wp-content/uploads/2026/02/1772086672-%E5%BC%80%E5%B7%A5%E5%A4%A7%E5%90%89%E5%B0%81%E9%9D%A2%E5%A4%B4%E5%9B%BEArticle_images_W900%C3%97500px.webp HTTP/1.1" 200 99110 "http://cqqizhou.com/news/2518" "Mozilla/5.0 (Phone; OpenHarmony 6.0) AppleWebKit/537.36 (KHTML, like Gecko) Chrome/132.0.0.0 Safari/537.36 ArkWeb/6.0.0.130 Mobile"
180.114.179.5 - - [08/Mar/2026:20:13:46 +0800] "GET /wp-content/uploads/2025/07/1751425283-qizhou.kf_.qq_.com_.webp HTTP/1.1" 200 16864 "http://cqqizhou.com/news/2518" "Mozilla/5.0 (Phone; OpenHarmony 6.0) AppleWebKit/537.36 (KHTML, like Gecko) Chrome/132.0.0.0 Safari/537.36 ArkWeb/6.0.0.130 Mobile"
121.237.36.31 - - [08/Mar/2026:20:16:49 +0800] "GET / HTTP/1.1" 200 35258 "-" "Mozilla/5.0 (Macintosh; Intel Mac OS X 10_11) AppleWebKit/601.1.27 (KHTML, like Gecko) Chrome/47.0.2526.106 Safari/601.1.27"
36.133.115.36 - - [08/Mar/2026:20:20:56 +0800] "POST /wp-cron.php?doing_wp_cron=1772972456.1374459266662597656250 HTTP/1.1" 200 31 "-" "WordPress/6.9; http://cqqizhou.com"
20.151.88.155 - - [08/Mar/2026:20:20:56 +0800] "GET / HTTP/1.1" 301 5 "-" "Go-http-client/1.1"
36.133.115.36 - - [08/Mar/2026:20:21:13 +0800] "POST /wp-cron.php?doing_wp_cron=1772972473.4866039752960205078125 HTTP/1.1" 200 31 "-" "WordPress/6.9; http://cqqizhou.com"
115.207.142.35 - - [08/Mar/2026:20:21:13 +0800] "GET /2160/ HTTP/1.1" 301 5 "-" "Mozilla/5.0 (Macintosh; Intel Mac OS X 10_15_7) AppleWebKit/537.36 (KHTML, like Gecko) Chrome/136.0.0.0 Safari/537.36"
115.207.142.35 - - [08/Mar/2026:20:21:16 +0800] "GET /news/2160 HTTP/1.1" 200 29596 "-" "Mozilla/5.0 (Macintosh; Intel Mac OS X 10_15_7) AppleWebKit/537.36 (KHTML, like Gecko) Chrome/136.0.0.0 Safari/537.36"
36.133.115.36 - - [08/Mar/2026:20:22:41 +0800] "POST /wp-cron.php?doing_wp_cron=1772972561.0344939231872558593750 HTTP/1.1" 200 31 "-" "WordPress/6.9; http://cqqizhou.com"
122.6.142.208 - - [08/Mar/2026:20:22:41 +0800] "GET http://cqqizhou.com/wp-content/uploads/2026/03/1772790791-%E5%B0%81%E9%9D%A2%E5%A4%B4%E5%9B%BEArticle_images_W900%C3%97500px2026.webp%20900w,%20http://cqqizhou.com/wp-content/uploads/2026/03/1772790791-%E5%B0%81%E9%9D%A2%E5%A4%B4%E5%9B%BEArticle_images_W900%C3%97500px2026-300x167.webp%20300w,%20http://cqqizhou.com/wp-content/uploads/2026/03/1772790791-%E5%B0%81%E9%9D%A2%E5%A4%B4%E5%9B%BEArticle_images_W900%C3%97500px2026-768x427.webp%20768w HTTP/1.1" 301 5 "http://cqqizhou.com/" "Mozilla/5.0 (Windows NT 10.0; Win64; x64) AppleWebKit/537.36 (KHTML, like Gecko) Chrome/117.0.0.0 Safari/537.36"
122.6.142.208 - - [08/Mar/2026:20:22:42 +0800] "GET http://cqqizhou.com/wp-content/uploads/2026/03/1772790791-%E5%B0%81%E9%9D%A2%E5%A4%B4%E5%9B%BEArticle_images_W900%C3%97500px2026.webp%20900w,%20http:/cqqizhou.com/wp-content/uploads/2026/03/1772790791-%E5%B0%81%E9%9D%A2%E5%A4%B4%E5%9B%BEArticle_images_W900%C3%97500px2026-300x167.webp%20300w,%20http:/cqqizhou.com/wp-content/uploads/2026/03/1772790791-%E5%B0%81%E9%9D%A2%E5%A4%B4%E5%9B%BEArticle_images_W900%C3%97500px2026-768x427.webp%20768w HTTP/1.1" 404 8949 "http://cqqizhou.com/" "Mozilla/5.0 (Windows NT 10.0; Win64; x64) AppleWebKit/537.36 (KHTML, like Gecko) Chrome/117.0.0.0 Safari/537.36"
139.186.177.131 - - [08/Mar/2026:20:22:45 +0800] "GET /wp-content/uploads/2026/03/1772790791-%E5%B0%81%E9%9D%A2%E5%A4%B4%E5%9B%BEArticle_images_W900%C3%97500px2026.webp%20900w,%20http://cqqizhou.com/wp-content/uploads/2026/03/1772790791-%E5%B0%81%E9%9D%A2%E5%A4%B4%E5%9B%BEArticle_images_W900%C3%97500px2026-300x167.webp%20300w,%20http://cqqizhou.com/wp-content/uploads/2026/03/1772790791-%E5%B0%81%E9%9D%A2%E5%A4%B4%E5%9B%BEArticle_images_W900%C3%97500px2026-768x427.webp%20768w HTTP/1.1" 301 5 "http://cqqizhou.com/" "Mozilla/5.0 (Windows NT 10.0; Win64; x64) AppleWebKit/537.36 (KHTML, like Gecko) Chrome/117.0.0.0 Safari/537.36"
139.186.177.131 - - [08/Mar/2026:20:22:46 +0800] "GET /wp-content/uploads/2026/03/1772790791-%E5%B0%81%E9%9D%A2%E5%A4%B4%E5%9B%BEArticle_images_W900%C3%97500px2026.webp%20900w,%20http:/cqqizhou.com/wp-content/uploads/2026/03/1772790791-%E5%B0%81%E9%9D%A2%E5%A4%B4%E5%9B%BEArticle_images_W900%C3%97500px2026-300x167.webp%20300w,%20http:/cqqizhou.com/wp-content/uploads/2026/03/1772790791-%E5%B0%81%E9%9D%A2%E5%A4%B4%E5%9B%BEArticle_images_W900%C3%97500px2026-768x427.webp%20768w HTTP/1.1" 404 8949 "http://cqqizhou.com/" "Mozilla/5.0 (Windows NT 10.0; Win64; x64) AppleWebKit/537.36 (KHTML, like Gecko) Chrome/117.0.0.0 Safari/537.36"
183.193.62.162 - - [08/Mar/2026:20:23:41 +0800] "GET http://cqqizhou.com/wp-content/uploads/2026/03/1772790791-%E5%B0%81%E9%9D%A2%E5%A4%B4%E5%9B%BEArticle_images_W900%C3%97500px2026.webp HTTP/1.1" 200 52968 "http://cqqizhou.com/" "Mozilla/5.0 (Windows NT 10.0; Win64; x64) AppleWebKit/537.36 (KHTML, like Gecko) Chrome/105.0.0.0 Safari/537.3"
27.187.7.153 - - [08/Mar/2026:20:23:43 +0800] "GET http://cqqizhou.com/wp-content/uploads/2025/12/1765248735-20251209104226_108_60.webp%20900w,%20http://cqqizhou.com/wp-content/uploads/2025/12/1765248735-20251209104226_108_60-300x225.webp%20300w,%20http://cqqizhou.com/wp-content/uploads/2025/12/1765248735-20251209104226_108_60-768x576.webp%20768w HTTP/1.1" 301 5 "http://cqqizhou.com/" "Mozilla/5.0 (Windows NT 10.0; Win64; x64) AppleWebKit/537.36 (KHTML, like Gecko) Chrome/120.0.0.0 Safari/537.36"
36.133.115.36 - - [08/Mar/2026:20:23:43 +0800] "POST /wp-cron.php?doing_wp_cron=1772972623.1830229759216308593750 HTTP/1.1" 200 31 "-" "WordPress/6.9; http://cqqizhou.com"
119.102.126.244 - - [08/Mar/2026:20:23:43 +0800] "GET /wp-content/uploads/2025/12/1765249046-20251209104228_110_60.webp%20900w,%20http://cqqizhou.com/wp-content/uploads/2025/12/1765249046-20251209104228_110_60-300x225.webp%20300w,%20http://cqqizhou.com/wp-content/uploads/2025/12/1765249046-20251209104228_110_60-768x576.webp%20768w HTTP/1.1" 301 5 "http://cqqizhou.com/" "Mozilla/5.0 (Windows NT 10.0; Win64; x64) AppleWebKit/537.36 (KHTML, like Gecko) Chrome/131.0.0.0 Safari/537.36"
183.226.217.170 - - [08/Mar/2026:20:23:45 +0800] "GET /wp-content/uploads/2025/12/1765249046-20251209104228_110_60.webp%20900w,%20http:/cqqizhou.com/wp-content/uploads/2025/12/1765249046-20251209104228_110_60-300x225.webp%20300w,%20http:/cqqizhou.com/wp-content/uploads/2025/12/1765249046-20251209104228_110_60-768x576.webp%20768w HTTP/1.1" 404 8949 "http://cqqizhou.com/" "Mozilla/5.0 (Windows NT 10.0; Win64; x64) AppleWebKit/537.36 (KHTML, like Gecko) Chrome/131.0.0.0 Safari/537.36"
124.223.14.20 - - [08/Mar/2026:20:23:47 +0800] "GET /wp-content/uploads/2025/12/1765249046-20251209104228_110_60.webp%20900w,%20http://cqqizhou.com/wp-content/uploads/2025/12/1765249046-20251209104228_110_60-300x225.webp%20300w,%20http://cqqizhou.com/wp-content/uploads/2025/12/1765249046-20251209104228_110_60-768x576.webp%20768w HTTP/1.1" 301 5 "http://cqqizhou.com/" "Mozilla/5.0 (Windows NT 10.0; Win64; x64) AppleWebKit/537.36 (KHTML, like Gecko) Chrome/131.0.0.0 Safari/537.36"
43.136.89.209 - - [08/Mar/2026:20:23:47 +0800] "GET /wp-content/uploads/2025/12/1765248770-20251209104226_107_60.webp%20900w,%20http://cqqizhou.com/wp-content/uploads/2025/12/1765248770-20251209104226_107_60-300x225.webp%20300w,%20http://cqqizhou.com/wp-content/uploads/2025/12/1765248770-20251209104226_107_60-768x576.webp%20768w HTTP/1.1" 301 5 "http://cqqizhou.com/" "Mozilla/5.0 (Windows NT 10.0; Win64; x64) AppleWebKit/537.36 (KHTML, like Gecko) Chrome/103.0.0.0 Safari/537.36"
27.187.7.153 - - [08/Mar/2026:20:23:48 +0800] "GET http://cqqizhou.com/wp-content/uploads/2025/12/1765248735-20251209104226_108_60.webp%20900w,%20http:/cqqizhou.com/wp-content/uploads/2025/12/1765248735-20251209104226_108_60-300x225.webp%20300w,%20http:/cqqizhou.com/wp-content/uploads/2025/12/1765248735-20251209104226_108_60-768x576.webp%20768w HTTP/1.1" 404 8949 "http://cqqizhou.com/" "Mozilla/5.0 (Windows NT 10.0; Win64; x64) AppleWebKit/537.36 (KHTML, like Gecko) Chrome/120.0.0.0 Safari/537.36"
124.223.14.20 - - [08/Mar/2026:20:23:49 +0800] "GET /wp-content/uploads/2025/12/1765249046-20251209104228_110_60.webp%20900w,%20http:/cqqizhou.com/wp-content/uploads/2025/12/1765249046-20251209104228_110_60-300x225.webp%20300w,%20http:/cqqizhou.com/wp-content/uploads/2025/12/1765249046-20251209104228_110_60-768x576.webp%20768w HTTP/1.1" 404 8949 "http://cqqizhou.com/" "Mozilla/5.0 (Windows NT 10.0; Win64; x64) AppleWebKit/537.36 (KHTML, like Gecko) Chrome/131.0.0.0 Safari/537.36"
43.136.89.209 - - [08/Mar/2026:20:23:49 +0800] "GET /wp-content/uploads/2025/12/1765248770-20251209104226_107_60.webp%20900w,%20http:/cqqizhou.com/wp-content/uploads/2025/12/1765248770-20251209104226_107_60-300x225.webp%20300w,%20http:/cqqizhou.com/wp-content/uploads/2025/12/1765248770-20251209104226_107_60-768x576.webp%20768w HTTP/1.1" 404 8949 "http://cqqizhou.com/" "Mozilla/5.0 (Windows NT 10.0; Win64; x64) AppleWebKit/537.36 (KHTML, like Gecko) Chrome/103.0.0.0 Safari/537.36"
162.14.195.104 - - [08/Mar/2026:20:23:51 +0800] "GET /wp-content/uploads/2025/12/1765248735-20251209104226_108_60.webp%20900w,%20http://cqqizhou.com/wp-content/uploads/2025/12/1765248735-20251209104226_108_60-300x225.webp%20300w,%20http://cqqizhou.com/wp-content/uploads/2025/12/1765248735-20251209104226_108_60-768x576.webp%20768w HTTP/1.1" 301 5 "http://cqqizhou.com/" "Mozilla/5.0 (Windows NT 10.0; Win64; x64) AppleWebKit/537.36 (KHTML, like Gecko) Chrome/120.0.0.0 Safari/537.36"
162.14.195.104 - - [08/Mar/2026:20:23:52 +0800] "GET /wp-content/uploads/2025/12/1765248735-20251209104226_108_60.webp%20900w,%20http:/cqqizhou.com/wp-content/uploads/2025/12/1765248735-20251209104226_108_60-300x225.webp%20300w,%20http:/cqqizhou.com/wp-content/uploads/2025/12/1765248735-20251209104226_108_60-768x576.webp%20768w HTTP/1.1" 404 8949 "http://cqqizhou.com/" "Mozilla/5.0 (Windows NT 10.0; Win64; x64) AppleWebKit/537.36 (KHTML, like Gecko) Chrome/120.0.0.0 Safari/537.36"
36.133.115.36 - - [08/Mar/2026:20:26:43 +0800] "POST /wp-cron.php?doing_wp_cron=1772972803.4052150249481201171875 HTTP/1.1" 200 31 "-" "WordPress/6.9; http://cqqizhou.com"
121.237.36.31 - - [08/Mar/2026:20:26:43 +0800] "GET / HTTP/1.1" 200 34827 "-" "Dalvik/2.1.0 (Linux; U; Android 9.0; ZTE BA520 Build/MRA58K)"
182.38.124.84 - - [08/Mar/2026:20:30:29 +0800] "GET /news/2518 HTTP/1.1" 200 24149 "-" "Mozilla/5.0 (Windows NT 6.2; Win64; x64) AppleWebKit/537.36 (KHTML, like Gecko) Chrome/71.0.3578.30"
121.237.36.31 - - [08/Mar/2026:20:38:09 +0800] "GET / HTTP/1.1" 200 35258 "-" "Mozilla/5.0 (X11; U; Linux i686; en-US; rv:1.8.0.5) Gecko/20060806 Firefox/1.5.0.5"
123.149.139.111 - - [08/Mar/2026:20:41:32 +0800] "GET / HTTP/1.1" 200 35258 "-" "Mozilla/5.0 (Macintosh; Intel Mac OS X 10_15_7) AppleWebKit/537.36 (KHTML, like Gecko) Chrome/138.0.0.0 Safari/537.36"
14.108.233.57 - - [08/Mar/2026:21:08:17 +0800] "GET /news/2518 HTTP/1.1" 304 0 "-" "Mozilla/5.0 (Windows NT 10.0; Win64; x64) AppleWebKit/537.36 (KHTML, like Gecko) Chrome/132.0.0.0 Safari/537.36"
14.108.233.57 - - [08/Mar/2026:21:08:17 +0800] "GET /wp-content/uploads/2026/03/1772790791-%E5%B0%81%E9%9D%A2%E5%A4%B4%E5%9B%BEArticle_images_W900%C3%97500px2026.webp HTTP/1.1" 304 0 "http://cqqizhou.com/news/2518" "Mozilla/5.0 (Windows NT 10.0; Win64; x64) AppleWebKit/537.36 (KHTML, like Gecko) Chrome/132.0.0.0 Safari/537.36"
14.108.233.57 - - [08/Mar/2026:21:08:17 +0800] "GET /wp-content/uploads/2026/03/1772790943-1Article_images_W900px.webp HTTP/1.1" 304 0 "http://cqqizhou.com/news/2518" "Mozilla/5.0 (Windows NT 10.0; Win64; x64) AppleWebKit/537.36 (KHTML, like Gecko) Chrome/132.0.0.0 Safari/537.36"
14.108.233.57 - - [08/Mar/2026:21:08:17 +0800] "GET /wp-content/uploads/2026/03/1772790943-2Article_images_W900px.webp HTTP/1.1" 304 0 "http://cqqizhou.com/news/2518" "Mozilla/5.0 (Windows NT 10.0; Win64; x64) AppleWebKit/537.36 (KHTML, like Gecko) Chrome/132.0.0.0 Safari/537.36"
14.108.233.57 - - [08/Mar/2026:21:08:17 +0800] "GET /wp-content/uploads/2026/03/1772713922-Article_images_W900px.webp HTTP/1.1" 304 0 "http://cqqizhou.com/news/2518" "Mozilla/5.0 (Windows NT 10.0; Win64; x64) AppleWebKit/537.36 (KHTML, like Gecko) Chrome/132.0.0.0 Safari/537.36"
14.108.233.57 - - [08/Mar/2026:21:08:17 +0800] "GET /wp-content/uploads/2026/02/1772086672-%E5%BC%80%E5%B7%A5%E5%A4%A7%E5%90%89%E5%B0%81%E9%9D%A2%E5%A4%B4%E5%9B%BEArticle_images_W900%C3%97500px.webp HTTP/1.1" 304 0 "http://cqqizhou.com/news/2518" "Mozilla/5.0 (Windows NT 10.0; Win64; x64) AppleWebKit/537.36 (KHTML, like Gecko) Chrome/132.0.0.0 Safari/537.36"
14.108.233.57 - - [08/Mar/2026:21:08:17 +0800] "GET /wp-content/uploads/2026/03/1772790943-5Article_images_W900px.webp HTTP/1.1" 304 0 "http://cqqizhou.com/news/2518" "Mozilla/5.0 (Windows NT 10.0; Win64; x64) AppleWebKit/537.36 (KHTML, like Gecko) Chrome/132.0.0.0 Safari/537.36"
14.108.233.57 - - [08/Mar/2026:21:08:17 +0800] "GET /wp-content/uploads/2026/03/1772790943-6Article_images_W900px.webp HTTP/1.1" 304 0 "http://cqqizhou.com/news/2518" "Mozilla/5.0 (Windows NT 10.0; Win64; x64) AppleWebKit/537.36 (KHTML, like Gecko) Chrome/132.0.0.0 Safari/537.36"
14.108.233.57 - - [08/Mar/2026:21:08:17 +0800] "GET /wp-content/uploads/2026/03/1772790943-3Article_images_W900px.webp HTTP/1.1" 304 0 "http://cqqizhou.com/news/2518" "Mozilla/5.0 (Windows NT 10.0; Win64; x64) AppleWebKit/537.36 (KHTML, like Gecko) Chrome/132.0.0.0 Safari/537.36"
36.133.115.36 - - [08/Mar/2026:21:08:30 +0800] "POST /wp-cron.php?doing_wp_cron=1772975310.0688459873199462890625 HTTP/1.1" 200 31 "-" "WordPress/6.9; http://cqqizhou.com"
14.108.233.57 - - [08/Mar/2026:21:08:30 +0800] "POST /wp-admin/admin-ajax.php HTTP/1.1" 403 33 "http://cqqizhou.com/news/2518" "Mozilla/5.0 (Windows NT 10.0; Win64; x64) AppleWebKit/537.36 (KHTML, like Gecko) Chrome/132.0.0.0 Safari/537.36"
27.115.124.6 - - [08/Mar/2026:21:08:31 +0800] "GET / HTTP/1.1" 499 0 "-" "Mozilla/5.0 (Linux; Android 11; CPH2185) AppleWebKit/537.36 (KHTML, like Gecko) Chrome/91.0.4472.101 Mobile Safari/537.36"
27.115.124.109 - - [08/Mar/2026:21:08:33 +0800] "GET /news/2518 HTTP/1.1" 200 20144 "-" "Mozilla/5.0 (Linux; Android 10; HUAWEI P30 Pro) AppleWebKit/537.36 (KHTML, like Gecko) Chrome/89.0.4389.105 Mobile Safari/537.36"
27.115.124.109 - - [08/Mar/2026:21:08:34 +0800] "GET /wp-content/uploads/2026/03/1772790791-%E5%B0%81%E9%9D%A2%E5%A4%B4%E5%9B%BEArticle_images_W900%C3%97500px2026-768x427.webp HTTP/1.1" 200 52514 "http://cqqizhou.com/news/2518" "Mozilla/5.0 (Linux; Android 10; HUAWEI P30 Pro) AppleWebKit/537.36 (KHTML, like Gecko) Chrome/89.0.4389.105 Mobile Safari/537.36"
27.115.124.118 - - [08/Mar/2026:21:08:34 +0800] "GET / HTTP/1.1" 200 34828 "-" "Mozilla/5.0 (Linux; Android 11; CPH2185) AppleWebKit/537.36 (KHTML, like Gecko) Chrome/91.0.4472.101 Mobile Safari/537.36"
27.115.124.70 - - [08/Mar/2026:21:08:34 +0800] "GET /wp-content/uploads/2026/03/1772790943-1Article_images_W900px-768x432.webp HTTP/1.1" 200 33520 "http://cqqizhou.com/news/2518" "Mozilla/5.0 (Linux; Android 10; HUAWEI P30 Pro) AppleWebKit/537.36 (KHTML, like Gecko) Chrome/89.0.4389.105 Mobile Safari/537.36"
27.115.124.53 - - [08/Mar/2026:21:08:34 +0800] "GET /wp-content/uploads/2026/03/1772790943-2Article_images_W900px-768x432.webp HTTP/1.1" 200 45278 "http://cqqizhou.com/news/2518" "Mozilla/5.0 (Linux; Android 10; HUAWEI P30 Pro) AppleWebKit/537.36 (KHTML, like Gecko) Chrome/89.0.4389.105 Mobile Safari/537.36"
27.115.124.109 - - [08/Mar/2026:21:08:34 +0800] "GET /wp-content/uploads/2026/03/1772790943-5Article_images_W900px-768x622.webp HTTP/1.1" 200 58018 "http://cqqizhou.com/news/2518" "Mozilla/5.0 (Linux; Android 10; HUAWEI P30 Pro) AppleWebKit/537.36 (KHTML, like Gecko) Chrome/89.0.4389.105 Mobile Safari/537.36"
27.115.124.118 - - [08/Mar/2026:21:08:34 +0800] "GET /wp-content/uploads/2026/03/1772790943-6Article_images_W900px-768x598.webp HTTP/1.1" 200 59450 "http://cqqizhou.com/news/2518" "Mozilla/5.0 (Linux; Android 10; HUAWEI P30 Pro) AppleWebKit/537.36 (KHTML, like Gecko) Chrome/89.0.4389.105 Mobile Safari/537.36"
27.115.124.45 - - [08/Mar/2026:21:08:34 +0800] "GET /wp-content/uploads/2026/03/1772790943-3Article_images_W900px-768x432.webp HTTP/1.1" 200 37574 "http://cqqizhou.com/news/2518" "Mozilla/5.0 (Linux; Android 10; HUAWEI P30 Pro) AppleWebKit/537.36 (KHTML, like Gecko) Chrome/89.0.4389.105 Mobile Safari/537.36"
27.115.124.118 - - [08/Mar/2026:21:08:34 +0800] "GET /wp-content/uploads/2026/03/1772713922-Article_images_W900px-768x427.webp HTTP/1.1" 200 40836 "http://cqqizhou.com/news/2518" "Mozilla/5.0 (Linux; Android 10; HUAWEI P30 Pro) AppleWebKit/537.36 (KHTML, like Gecko) Chrome/89.0.4389.105 Mobile Safari/537.36"
27.115.124.45 - - [08/Mar/2026:21:08:34 +0800] "GET /wp-content/uploads/2025/07/1751425283-qizhou.kf_.qq_.com_.webp HTTP/1.1" 200 16864 "http://cqqizhou.com/news/2518" "Mozilla/5.0 (Linux; Android 10; HUAWEI P30 Pro) AppleWebKit/537.36 (KHTML, like Gecko) Chrome/89.0.4389.105 Mobile Safari/537.36"
27.115.124.53 - - [08/Mar/2026:21:08:34 +0800] "GET /wp-content/uploads/2026/02/1772086672-%E5%BC%80%E5%B7%A5%E5%A4%A7%E5%90%89%E5%B0%81%E9%9D%A2%E5%A4%B4%E5%9B%BEArticle_images_W900%C3%97500px-768x427.webp HTTP/1.1" 200 93810 "http://cqqizhou.com/news/2518" "Mozilla/5.0 (Linux; Android 10; HUAWEI P30 Pro) AppleWebKit/537.36 (KHTML, like Gecko) Chrome/89.0.4389.105 Mobile Safari/537.36"
27.115.124.70 - - [08/Mar/2026:21:08:34 +0800] "GET /wp-content/uploads/2025/07/1753410289-News2000%C3%97400_202571.webp HTTP/1.1" 200 17830 "http://cqqizhou.com/news/2518" "Mozilla/5.0 (Linux; Android 10; HUAWEI P30 Pro) AppleWebKit/537.36 (KHTML, like Gecko) Chrome/89.0.4389.105 Mobile Safari/537.36"
36.133.115.36 - - [08/Mar/2026:21:08:34 +0800] "POST /wp-cron.php?doing_wp_cron=1772975314.3431830406188964843750 HTTP/1.1" 200 31 "-" "WordPress/6.9; http://cqqizhou.com"
14.108.233.57 - - [08/Mar/2026:21:08:34 +0800] "POST /wp-admin/admin-ajax.php HTTP/1.1" 403 33 "http://cqqizhou.com/news/2518" "Mozilla/5.0 (Windows NT 10.0; Win64; x64) AppleWebKit/537.36 (KHTML, like Gecko) Chrome/132.0.0.0 Safari/537.36"
27.115.124.6 - - [08/Mar/2026:21:08:36 +0800] "GET /wp-content/uploads/2025/07/1751425283-qizhou.kf_.qq_.com_.webp HTTP/1.1" 200 16864 "http://cqqizhou.com/" "Mozilla/5.0 (Linux; Android 11; CPH2185) AppleWebKit/537.36 (KHTML, like Gecko) Chrome/91.0.4472.101 Mobile Safari/537.36"
27.115.124.6 - - [08/Mar/2026:21:08:36 +0800] "GET /wp-content/uploads/2025/07/1753456723-%E5%8F%8C%E7%9B%B8%E9%92%A2roduct_Single600.webp HTTP/1.1" 200 22790 "http://cqqizhou.com/" "Mozilla/5.0 (Linux; Android 11; CPH2185) AppleWebKit/537.36 (KHTML, like Gecko) Chrome/91.0.4472.101 Mobile Safari/537.36"
27.115.124.6 - - [08/Mar/2026:21:08:36 +0800] "GET /wp-content/uploads/2025/07/1753453096-%E5%8F%8C%E7%9B%B8%E9%92%A2product_Single600%C3%97284.webp HTTP/1.1" 200 14562 "http://cqqizhou.com/" "Mozilla/5.0 (Linux; Android 11; CPH2185) AppleWebKit/537.36 (KHTML, like Gecko) Chrome/91.0.4472.101 Mobile Safari/537.36"
27.115.124.6 - - [08/Mar/2026:21:08:36 +0800] "GET /wp-content/uploads/2025/07/1753456770-%E7%83%AD%E9%95%80%E9%94%8C%E5%8D%B7product_Single600.webp HTTP/1.1" 200 27502 "http://cqqizhou.com/" "Mozilla/5.0 (Linux; Android 11; CPH2185) AppleWebKit/537.36 (KHTML, like Gecko) Chrome/91.0.4472.101 Mobile Safari/537.36"
27.115.124.6 - - [08/Mar/2026:21:08:37 +0800] "GET /wp-content/uploads/2025/07/1753453127-%E4%BD%99%E5%8D%B7product_Single600%C3%97284.webp HTTP/1.1" 200 18744 "http://cqqizhou.com/" "Mozilla/5.0 (Linux; Android 11; CPH2185) AppleWebKit/537.36 (KHTML, like Gecko) Chrome/91.0.4472.101 Mobile Safari/537.36"
27.115.124.6 - - [08/Mar/2026:21:08:37 +0800] "GET /wp-content/uploads/2026/03/1772790791-%E5%B0%81%E9%9D%A2%E5%A4%B4%E5%9B%BEArticle_images_W900%C3%97500px2026-768x427.webp HTTP/1.1" 200 52514 "http://cqqizhou.com/" "Mozilla/5.0 (Linux; Android 11; CPH2185) AppleWebKit/537.36 (KHTML, like Gecko) Chrome/91.0.4472.101 Mobile Safari/537.36"
27.115.124.6 - - [08/Mar/2026:21:08:37 +0800] "GET /wp-content/uploads/2026/03/1772713922-Article_images_W900px-768x427.webp HTTP/1.1" 200 40836 "http://cqqizhou.com/" "Mozilla/5.0 (Linux; Android 11; CPH2185) AppleWebKit/537.36 (KHTML, like Gecko) Chrome/91.0.4472.101 Mobile Safari/537.36"
27.115.124.6 - - [08/Mar/2026:21:08:37 +0800] "GET /wp-content/uploads/2026/02/1772086672-%E5%BC%80%E5%B7%A5%E5%A4%A7%E5%90%89%E5%B0%81%E9%9D%A2%E5%A4%B4%E5%9B%BEArticle_images_W900%C3%97500px-768x427.webp HTTP/1.1" 200 93810 "http://cqqizhou.com/" "Mozilla/5.0 (Linux; Android 11; CPH2185) AppleWebKit/537.36 (KHTML, like Gecko) Chrome/91.0.4472.101 Mobile Safari/537.36"
27.115.124.6 - - [08/Mar/2026:21:08:37 +0800] "GET /wp-content/uploads/2025/07/1753454299-Article_images_W900px-768x432.webp HTTP/1.1" 200 53850 "http://cqqizhou.com/" "Mozilla/5.0 (Linux; Android 11; CPH2185) AppleWebKit/537.36 (KHTML, like Gecko) Chrome/91.0.4472.101 Mobile Safari/537.36"
27.115.124.6 - - [08/Mar/2026:21:08:37 +0800] "GET /wp-content/uploads/2026/02/1770617354-Article_images_W900px-768x479.webp HTTP/1.1" 200 14746 "http://cqqizhou.com/" "Mozilla/5.0 (Linux; Android 11; CPH2185) AppleWebKit/537.36 (KHTML, like Gecko) Chrome/91.0.4472.101 Mobile Safari/537.36"
27.115.124.109 - - [08/Mar/2026:21:08:44 +0800] "GET / HTTP/1.1" 200 34827 "-" "Mozilla/5.0 (Linux; Android 11; CPH2185) AppleWebKit/537.36 (KHTML, like Gecko) Chrome/91.0.4472.101 Mobile Safari/537.36"
27.115.124.118 - - [08/Mar/2026:21:08:46 +0800] "GET /wp-content/uploads/2025/07/1751425283-qizhou.kf_.qq_.com_.webp HTTP/1.1" 200 16864 "http://cqqizhou.com/" "Mozilla/5.0 (Linux; Android 11; CPH2185) AppleWebKit/537.36 (KHTML, like Gecko) Chrome/91.0.4472.101 Mobile Safari/537.36"
27.115.124.118 - - [08/Mar/2026:21:08:46 +0800] "GET /wp-content/uploads/2025/07/1753456723-%E5%8F%8C%E7%9B%B8%E9%92%A2roduct_Single600.webp HTTP/1.1" 200 22790 "http://cqqizhou.com/" "Mozilla/5.0 (Linux; Android 11; CPH2185) AppleWebKit/537.36 (KHTML, like Gecko) Chrome/91.0.4472.101 Mobile Safari/537.36"
27.115.124.118 - - [08/Mar/2026:21:08:46 +0800] "GET /wp-content/uploads/2025/07/1753453096-%E5%8F%8C%E7%9B%B8%E9%92%A2product_Single600%C3%97284.webp HTTP/1.1" 200 14562 "http://cqqizhou.com/" "Mozilla/5.0 (Linux; Android 11; CPH2185) AppleWebKit/537.36 (KHTML, like Gecko) Chrome/91.0.4472.101 Mobile Safari/537.36"
27.115.124.118 - - [08/Mar/2026:21:08:46 +0800] "GET /wp-content/uploads/2025/07/1753456770-%E7%83%AD%E9%95%80%E9%94%8C%E5%8D%B7product_Single600.webp HTTP/1.1" 200 27502 "http://cqqizhou.com/" "Mozilla/5.0 (Linux; Android 11; CPH2185) AppleWebKit/537.36 (KHTML, like Gecko) Chrome/91.0.4472.101 Mobile Safari/537.36"
27.115.124.118 - - [08/Mar/2026:21:08:46 +0800] "GET /wp-content/uploads/2025/07/1753453127-%E4%BD%99%E5%8D%B7product_Single600%C3%97284.webp HTTP/1.1" 200 18744 "http://cqqizhou.com/" "Mozilla/5.0 (Linux; Android 11; CPH2185) AppleWebKit/537.36 (KHTML, like Gecko) Chrome/91.0.4472.101 Mobile Safari/537.36"
27.115.124.118 - - [08/Mar/2026:21:08:46 +0800] "GET /wp-content/uploads/2026/03/1772790791-%E5%B0%81%E9%9D%A2%E5%A4%B4%E5%9B%BEArticle_images_W900%C3%97500px2026-768x427.webp HTTP/1.1" 200 52514 "http://cqqizhou.com/" "Mozilla/5.0 (Linux; Android 11; CPH2185) AppleWebKit/537.36 (KHTML, like Gecko) Chrome/91.0.4472.101 Mobile Safari/537.36"
27.115.124.118 - - [08/Mar/2026:21:08:46 +0800] "GET /wp-content/uploads/2026/03/1772713922-Article_images_W900px-768x427.webp HTTP/1.1" 200 40836 "http://cqqizhou.com/" "Mozilla/5.0 (Linux; Android 11; CPH2185) AppleWebKit/537.36 (KHTML, like Gecko) Chrome/91.0.4472.101 Mobile Safari/537.36"
123.6.49.50 - - [08/Mar/2026:21:08:46 +0800] "GET /about HTTP/1.1" 200 24159 "-" "Mozilla/5.0 (Linux; U; Android 8.1.0; zh-cn; MI 8 Build/OPM1.171019.011) AppleWebKit/537.36 (KHTML, like Gecko) Version/4.0 Chrome/57.0.2987.108 Mobile Safari/537.36"
27.115.124.118 - - [08/Mar/2026:21:08:46 +0800] "GET /wp-content/uploads/2026/02/1772086672-%E5%BC%80%E5%B7%A5%E5%A4%A7%E5%90%89%E5%B0%81%E9%9D%A2%E5%A4%B4%E5%9B%BEArticle_images_W900%C3%97500px-768x427.webp HTTP/1.1" 200 93810 "http://cqqizhou.com/" "Mozilla/5.0 (Linux; Android 11; CPH2185) AppleWebKit/537.36 (KHTML, like Gecko) Chrome/91.0.4472.101 Mobile Safari/537.36"
27.115.124.118 - - [08/Mar/2026:21:08:46 +0800] "GET /wp-content/uploads/2025/07/1753454299-Article_images_W900px-768x432.webp HTTP/1.1" 200 53850 "http://cqqizhou.com/" "Mozilla/5.0 (Linux; Android 11; CPH2185) AppleWebKit/537.36 (KHTML, like Gecko) Chrome/91.0.4472.101 Mobile Safari/537.36"
27.115.124.118 - - [08/Mar/2026:21:08:46 +0800] "GET /wp-content/uploads/2026/02/1770617354-Article_images_W900px-768x479.webp HTTP/1.1" 200 14746 "http://cqqizhou.com/" "Mozilla/5.0 (Linux; Android 11; CPH2185) AppleWebKit/537.36 (KHTML, like Gecko) Chrome/91.0.4472.101 Mobile Safari/537.36"
123.6.49.44 - - [08/Mar/2026:21:08:46 +0800] "GET /wp-content/uploads/elementor/thumbs/1751373145-About_Qizhoudalou_W800px-r91b70ok8huvvdr4ynxnf302e8ie3iydlh6ag9ew82.webp HTTP/1.1" 200 37938 "http://cqqizhou.com/about" "Mozilla/5.0 (Linux; U; Android 8.1.0; zh-cn; MI 8 Build/OPM1.171019.011) AppleWebKit/537.36 (KHTML, like Gecko) Version/4.0 Chrome/57.0.2987.108 Mobile Safari/537.36"
123.6.49.18 - - [08/Mar/2026:21:08:46 +0800] "GET /wp-content/uploads/elementor/thumbs/1751209300-Hello-Qizhou3-r91b71mdtei8mab1rr8x739cnvi1mafuaga3vbed3o.webp HTTP/1.1" 200 39120 "http://cqqizhou.com/about" "Mozilla/5.0 (Linux; U; Android 8.1.0; zh-cn; MI 8 Build/OPM1.171019.011) AppleWebKit/537.36 (KHTML, like Gecko) Version/4.0 Chrome/57.0.2987.108 Mobile Safari/537.36"
123.6.49.47 - - [08/Mar/2026:21:08:46 +0800] "GET /wp-content/uploads/2025/07/1750649803-qizhou800x500_2.webp HTTP/1.1" 200 63616 "http://cqqizhou.com/about" "Mozilla/5.0 (Linux; U; Android 8.1.0; zh-cn; MI 8 Build/OPM1.171019.011) AppleWebKit/537.36 (KHTML, like Gecko) Version/4.0 Chrome/57.0.2987.108 Mobile Safari/537.36"
123.6.49.18 - - [08/Mar/2026:21:08:46 +0800] "GET /wp-content/uploads/2025/07/1750945417-honor300%C3%97206_1.webp HTTP/1.1" 200 57666 "http://cqqizhou.com/about" "Mozilla/5.0 (Linux; U; Android 8.1.0; zh-cn; MI 8 Build/OPM1.171019.011) AppleWebKit/537.36 (KHTML, like Gecko) Version/4.0 Chrome/57.0.2987.108 Mobile Safari/537.36"
123.6.49.18 - - [08/Mar/2026:21:08:46 +0800] "GET /wp-content/uploads/2025/07/1750945444-honor300%C3%97206_2.webp HTTP/1.1" 200 71296 "http://cqqizhou.com/about" "Mozilla/5.0 (Linux; U; Android 8.1.0; zh-cn; MI 8 Build/OPM1.171019.011) AppleWebKit/537.36 (KHTML, like Gecko) Version/4.0 Chrome/57.0.2987.108 Mobile Safari/537.36"
123.6.49.47 - - [08/Mar/2026:21:08:46 +0800] "GET /wp-content/uploads/2025/07/1750945514-honor300%C3%97206_3.webp HTTP/1.1" 200 74124 "http://cqqizhou.com/about" "Mozilla/5.0 (Linux; U; Android 8.1.0; zh-cn; MI 8 Build/OPM1.171019.011) AppleWebKit/537.36 (KHTML, like Gecko) Version/4.0 Chrome/57.0.2987.108 Mobile Safari/537.36"
123.6.49.44 - - [08/Mar/2026:21:08:46 +0800] "GET /wp-content/uploads/2025/07/1750945616-honor300%C3%97206_4.webp HTTP/1.1" 200 33814 "http://cqqizhou.com/about" "Mozilla/5.0 (Linux; U; Android 8.1.0; zh-cn; MI 8 Build/OPM1.171019.011) AppleWebKit/537.36 (KHTML, like Gecko) Version/4.0 Chrome/57.0.2987.108 Mobile Safari/537.36"
123.6.49.18 - - [08/Mar/2026:21:08:46 +0800] "GET /wp-content/uploads/2025/07/1750945637-honor300%C3%97206_5.webp HTTP/1.1" 200 77368 "http://cqqizhou.com/about" "Mozilla/5.0 (Linux; U; Android 8.1.0; zh-cn; MI 8 Build/OPM1.171019.011) AppleWebKit/537.36 (KHTML, like Gecko) Version/4.0 Chrome/57.0.2987.108 Mobile Safari/537.36"
123.6.49.50 - - [08/Mar/2026:21:08:46 +0800] "GET /wp-content/uploads/2025/07/1750945650-honor300%C3%97206_6.webp HTTP/1.1" 200 66306 "http://cqqizhou.com/about" "Mozilla/5.0 (Linux; U; Android 8.1.0; zh-cn; MI 8 Build/OPM1.171019.011) AppleWebKit/537.36 (KHTML, like Gecko) Version/4.0 Chrome/57.0.2987.108 Mobile Safari/537.36"
123.6.49.47 - - [08/Mar/2026:21:08:46 +0800] "GET /wp-content/uploads/2025/07/1750671800-partner1_200x50.webp HTTP/1.1" 200 2244 "http://cqqizhou.com/about" "Mozilla/5.0 (Linux; U; Android 8.1.0; zh-cn; MI 8 Build/OPM1.171019.011) AppleWebKit/537.36 (KHTML, like Gecko) Version/4.0 Chrome/57.0.2987.108 Mobile Safari/537.36"
123.6.49.47 - - [08/Mar/2026:21:08:46 +0800] "GET /wp-content/uploads/2025/07/1750671801-partner2_200x50.webp HTTP/1.1" 200 3946 "http://cqqizhou.com/about" "Mozilla/5.0 (Linux; U; Android 8.1.0; zh-cn; MI 8 Build/OPM1.171019.011) AppleWebKit/537.36 (KHTML, like Gecko) Version/4.0 Chrome/57.0.2987.108 Mobile Safari/537.36"
123.6.49.44 - - [08/Mar/2026:21:08:46 +0800] "GET /wp-content/uploads/2025/07/1750671803-partner3_200x50.webp HTTP/1.1" 200 4414 "http://cqqizhou.com/about" "Mozilla/5.0 (Linux; U; Android 8.1.0; zh-cn; MI 8 Build/OPM1.171019.011) AppleWebKit/537.36 (KHTML, like Gecko) Version/4.0 Chrome/57.0.2987.108 Mobile Safari/537.36"
123.6.49.18 - - [08/Mar/2026:21:08:46 +0800] "GET /wp-content/uploads/2025/07/1750671805-partner4_200x50.webp HTTP/1.1" 200 2390 "http://cqqizhou.com/about" "Mozilla/5.0 (Linux; U; Android 8.1.0; zh-cn; MI 8 Build/OPM1.171019.011) AppleWebKit/537.36 (KHTML, like Gecko) Version/4.0 Chrome/57.0.2987.108 Mobile Safari/537.36"
123.6.49.50 - - [08/Mar/2026:21:08:46 +0800] "GET /wp-content/uploads/2025/07/1750671806-partner5_200x50.webp HTTP/1.1" 200 2840 "http://cqqizhou.com/about" "Mozilla/5.0 (Linux; U; Android 8.1.0; zh-cn; MI 8 Build/OPM1.171019.011) AppleWebKit/537.36 (KHTML, like Gecko) Version/4.0 Chrome/57.0.2987.108 Mobile Safari/537.36"
123.6.49.18 - - [08/Mar/2026:21:08:46 +0800] "GET /wp-content/uploads/2025/07/1750671808-partner6_200x50.webp HTTP/1.1" 200 3004 "http://cqqizhou.com/about" "Mozilla/5.0 (Linux; U; Android 8.1.0; zh-cn; MI 8 Build/OPM1.171019.011) AppleWebKit/537.36 (KHTML, like Gecko) Version/4.0 Chrome/57.0.2987.108 Mobile Safari/537.36"
123.6.49.47 - - [08/Mar/2026:21:08:46 +0800] "GET /wp-content/uploads/2025/07/1751425283-qizhou.kf_.qq_.com_.webp HTTP/1.1" 200 16864 "http://cqqizhou.com/about" "Mozilla/5.0 (Linux; U; Android 8.1.0; zh-cn; MI 8 Build/OPM1.171019.011) AppleWebKit/537.36 (KHTML, like Gecko) Version/4.0 Chrome/57.0.2987.108 Mobile Safari/537.36"
123.6.49.44 - - [08/Mar/2026:21:08:46 +0800] "GET /wp-content/uploads/2025/06/1750755307-qizhoucangku2000x400_2025624.webp HTTP/1.1" 200 45470 "http://cqqizhou.com/about" "Mozilla/5.0 (Linux; U; Android 8.1.0; zh-cn; MI 8 Build/OPM1.171019.011) AppleWebKit/537.36 (KHTML, like Gecko) Version/4.0 Chrome/57.0.2987.108 Mobile Safari/537.36"
36.133.115.36 - - [08/Mar/2026:21:28:44 +0800] "POST /wp-cron.php?doing_wp_cron=1772976524.7784199714660644531250 HTTP/1.1" 200 31 "-" "WordPress/6.9; http://cqqizhou.com"
152.42.218.194 - - [08/Mar/2026:21:28:44 +0800] "GET / HTTP/1.0" 301 0 "-" "Shodan-Pull/1.0"
36.133.115.36 - - [08/Mar/2026:21:40:26 +0800] "POST /wp-cron.php?doing_wp_cron=1772977226.3654470443725585937500 HTTP/1.1" 200 31 "-" "WordPress/6.9; http://cqqizhou.com"
220.181.108.90 - - [08/Mar/2026:21:40:26 +0800] "GET /2155/ HTTP/1.1" 301 5 "-" "Mozilla/5.0 (compatible; Baiduspider/2.0; +http://www.baidu.com/search/spider.html)"
220.181.108.156 - - [08/Mar/2026:21:40:28 +0800] "GET /news/2155 HTTP/1.1" 200 29199 "-" "Mozilla/5.0 (compatible; Baiduspider/2.0; +http://www.baidu.com/search/spider.html)"
116.179.37.215 - - [08/Mar/2026:21:40:30 +0800] "GET /wp-content/uploads/2025/07/1753453986-Article_images_W900px.webp HTTP/1.1" 200 57364 "http://cqqizhou.com/news/2155" "Mozilla/5.0 (compatible; Baiduspider-render/2.0; +http://www.baidu.com/search/spider.html)"
36.133.115.36 - - [08/Mar/2026:21:42:16 +0800] "POST /wp-cron.php?doing_wp_cron=1772977335.9832420349121093750000 HTTP/1.1" 200 31 "-" "WordPress/6.9; http://cqqizhou.com"
43.153.19.83 - - [08/Mar/2026:21:42:16 +0800] "GET / HTTP/1.1" 301 5 "-" "Mozilla/5.0 (iPhone; CPU iPhone OS 13_2_3 like Mac OS X) AppleWebKit/605.1.15 (KHTML, like Gecko) Version/13.0.3 Mobile/15E148 Safari/604.1"
43.153.19.83 - - [08/Mar/2026:21:42:19 +0800] "GET / HTTP/1.1" 200 34828 "http://www.cqqizhou.com" "Mozilla/5.0 (iPhone; CPU iPhone OS 13_2_3 like Mac OS X) AppleWebKit/605.1.15 (KHTML, like Gecko) Version/13.0.3 Mobile/15E148 Safari/604.1"
110.249.202.173 - - [08/Mar/2026:21:42:29 +0800] "GET /robots.txt HTTP/1.1" 200 190 "-" "Mozilla/5.0 (Linux; Android 5.0) AppleWebKit/537.36 (KHTML, like Gecko) Mobile Safari/537.36 (compatible; Bytespider; https://zhanzhang.toutiao.com/)"
198.244.240.216 - - [08/Mar/2026:21:51:15 +0800] "GET /industry HTTP/1.1" 200 24377 "-" "Mozilla/5.0 (compatible; AhrefsBot/7.0; +http://ahrefs.com/robot/)"
36.133.115.36 - - [08/Mar/2026:22:04:54 +0800] "POST /wp-cron.php?doing_wp_cron=1772978694.3524420261383056640625 HTTP/1.1" 200 31 "-" "WordPress/6.9; http://cqqizhou.com"
34.76.97.83 - - [08/Mar/2026:22:04:54 +0800] "GET / HTTP/1.1" 301 5 "-" "python-requests/2.32.5"
36.133.115.36 - - [08/Mar/2026:22:09:46 +0800] "POST /wp-cron.php?doing_wp_cron=1772978986.7986090183258056640625 HTTP/1.1" 200 31 "-" "WordPress/6.9; http://cqqizhou.com"
220.181.108.94 - - [08/Mar/2026:22:09:46 +0800] "GET /wp-content/uploads/2025/07/1753456770-%C8%C8%B6%C6%D0%BF%BE%EDproduct_Single600.webp HTTP/1.1" 404 31365 "-" "Mozilla/5.0 (compatible; Baiduspider/2.0; +http://www.baidu.com/search/spider.html)"
220.181.108.82 - - [08/Mar/2026:22:09:47 +0800] "GET /wp-content/uploads/2025/07/1753456723-%CB%AB%CF%E0%B8%D6roduct_Single600.webp HTTP/1.1" 404 31365 "-" "Mozilla/5.0 (compatible; Baiduspider/2.0; +http://www.baidu.com/search/spider.html)"
220.181.108.159 - - [08/Mar/2026:22:09:47 +0800] "GET /wp-content/uploads/2025/07/1753453127-%D3%E0%BE%EDproduct_Single600%A1%C1284.webp HTTP/1.1" 404 31365 "-" "Mozilla/5.0 (compatible; Baiduspider/2.0; +http://www.baidu.com/search/spider.html)"
220.181.108.169 - - [08/Mar/2026:22:09:48 +0800] "GET /wp-content/uploads/2025/07/1753453096-%CB%AB%CF%E0%B8%D6product_Single600%A1%C1284.webp HTTP/1.1" 404 31365 "-" "Mozilla/5.0 (compatible; Baiduspider/2.0; +http://www.baidu.com/search/spider.html)"
36.133.115.36 - - [08/Mar/2026:22:20:28 +0800] "POST /wp-cron.php?doing_wp_cron=1772979628.2814099788665771484375 HTTP/1.1" 200 31 "-" "WordPress/6.9; http://cqqizhou.com"
152.136.153.69 - - [08/Mar/2026:22:20:28 +0800] "GET / HTTP/1.1" 301 5 "-" "Go-http-client/1.1"
152.136.153.69 - - [08/Mar/2026:22:20:28 +0800] "GET / HTTP/1.1" 200 35258 "http://36.133.115.36" "Go-http-client/1.1"
36.133.115.36 - - [08/Mar/2026:22:23:08 +0800] "POST /wp-cron.php?doing_wp_cron=1772979788.4986369609832763671875 HTTP/1.1" 200 31 "-" "WordPress/6.9; http://cqqizhou.com"
45.153.34.187 - - [08/Mar/2026:22:23:09 +0800] "GET / HTTP/1.1" 200 157152 "-" "Mozilla/5.0"
36.133.115.36 - - [08/Mar/2026:22:31:41 +0800] "POST /wp-cron.php?doing_wp_cron=1772980301.2375700473785400390625 HTTP/1.1" 200 31 "-" "WordPress/6.9; http://cqqizhou.com"
74.7.243.238 - - [08/Mar/2026:22:31:41 +0800] "GET /wp-sitemap.xml HTTP/1.1" 501 253 "-" "Mozilla/5.0 AppleWebKit/537.36 (KHTML, like Gecko; compatible; GPTBot/1.3; +https://openai.com/gptbot)"
74.7.244.52 - - [08/Mar/2026:22:31:41 +0800] "GET /robots.txt HTTP/1.1" 200 190 "-" "Mozilla/5.0 (Macintosh; Intel Mac OS X 10_15_7) AppleWebKit/537.36 (KHTML, like Gecko) Chrome/131.0.0.0 Safari/537.36; compatible; OAI-SearchBot/1.3; robots.txt; +https://openai.com/searchbot"
36.133.115.36 - - [08/Mar/2026:22:39:50 +0800] "POST /wp-cron.php?doing_wp_cron=1772980790.2812409400939941406250 HTTP/1.1" 200 31 "-" "WordPress/6.9; http://cqqizhou.com"
44.202.231.158 - - [08/Mar/2026:22:39:50 +0800] "GET / HTTP/1.1" 301 5 "-" "Mozilla/5.0 (Windows NT 10.0; Win64; x64) AppleWebKit/537.36 (KHTML, like Gecko) Chrome/136.0.0.0 Safari/537.36"
