14.108.233.171 - - [05/Feb/2026:12:05:56 +0800] "GET /about/ HTTP/1.1" 200 30024 "http://cqqizhou.com/" "Mozilla/5.0 (Windows NT 10.0; Win64; x64) AppleWebKit/537.36 (KHTML, like Gecko) Chrome/132.0.0.0 Safari/537.36 NetType/WIFI MicroMessenger/7.0.20.1781(0x6700143B) WindowsWechat(0x63090a13) UnifiedPCWindowsWechat(0xf254171e) XWEB/18787 Flue"
14.108.233.171 - - [05/Feb/2026:12:05:56 +0800] "GET /wp-content/uploads/2025/07/1750649803-qizhou800x500_2.webp HTTP/1.1" 200 63616 "http://cqqizhou.com/about/" "Mozilla/5.0 (Windows NT 10.0; Win64; x64) AppleWebKit/537.36 (KHTML, like Gecko) Chrome/132.0.0.0 Safari/537.36 NetType/WIFI MicroMessenger/7.0.20.1781(0x6700143B) WindowsWechat(0x63090a13) UnifiedPCWindowsWechat(0xf254171e) XWEB/18787 Flue"
14.108.233.171 - - [05/Feb/2026:12:05:56 +0800] "GET /wp-content/uploads/2025/07/1750945417-honor300%C3%97206_1.webp HTTP/1.1" 200 57666 "http://cqqizhou.com/about/" "Mozilla/5.0 (Windows NT 10.0; Win64; x64) AppleWebKit/537.36 (KHTML, like Gecko) Chrome/132.0.0.0 Safari/537.36 NetType/WIFI MicroMessenger/7.0.20.1781(0x6700143B) WindowsWechat(0x63090a13) UnifiedPCWindowsWechat(0xf254171e) XWEB/18787 Flue"
14.108.233.171 - - [05/Feb/2026:12:05:56 +0800] "GET /wp-content/uploads/2025/07/1750945444-honor300%C3%97206_2.webp HTTP/1.1" 200 71296 "http://cqqizhou.com/about/" "Mozilla/5.0 (Windows NT 10.0; Win64; x64) AppleWebKit/537.36 (KHTML, like Gecko) Chrome/132.0.0.0 Safari/537.36 NetType/WIFI MicroMessenger/7.0.20.1781(0x6700143B) WindowsWechat(0x63090a13) UnifiedPCWindowsWechat(0xf254171e) XWEB/18787 Flue"
14.108.233.171 - - [05/Feb/2026:12:05:56 +0800] "GET /wp-content/uploads/2025/07/1750671800-partner1_200x50.webp HTTP/1.1" 200 2244 "http://cqqizhou.com/about/" "Mozilla/5.0 (Windows NT 10.0; Win64; x64) AppleWebKit/537.36 (KHTML, like Gecko) Chrome/132.0.0.0 Safari/537.36 NetType/WIFI MicroMessenger/7.0.20.1781(0x6700143B) WindowsWechat(0x63090a13) UnifiedPCWindowsWechat(0xf254171e) XWEB/18787 Flue"
14.108.233.171 - - [05/Feb/2026:12:05:56 +0800] "GET /wp-content/uploads/2025/07/1750671801-partner2_200x50.webp HTTP/1.1" 200 3946 "http://cqqizhou.com/about/" "Mozilla/5.0 (Windows NT 10.0; Win64; x64) AppleWebKit/537.36 (KHTML, like Gecko) Chrome/132.0.0.0 Safari/537.36 NetType/WIFI MicroMessenger/7.0.20.1781(0x6700143B) WindowsWechat(0x63090a13) UnifiedPCWindowsWechat(0xf254171e) XWEB/18787 Flue"
14.108.233.171 - - [05/Feb/2026:12:05:56 +0800] "GET /wp-content/uploads/2025/07/1750671805-partner4_200x50.webp HTTP/1.1" 200 2390 "http://cqqizhou.com/about/" "Mozilla/5.0 (Windows NT 10.0; Win64; x64) AppleWebKit/537.36 (KHTML, like Gecko) Chrome/132.0.0.0 Safari/537.36 NetType/WIFI MicroMessenger/7.0.20.1781(0x6700143B) WindowsWechat(0x63090a13) UnifiedPCWindowsWechat(0xf254171e) XWEB/18787 Flue"
14.108.233.171 - - [05/Feb/2026:12:05:56 +0800] "GET /wp-content/uploads/2025/07/1750671803-partner3_200x50.webp HTTP/1.1" 200 4414 "http://cqqizhou.com/about/" "Mozilla/5.0 (Windows NT 10.0; Win64; x64) AppleWebKit/537.36 (KHTML, like Gecko) Chrome/132.0.0.0 Safari/537.36 NetType/WIFI MicroMessenger/7.0.20.1781(0x6700143B) WindowsWechat(0x63090a13) UnifiedPCWindowsWechat(0xf254171e) XWEB/18787 Flue"
14.108.233.171 - - [05/Feb/2026:12:05:56 +0800] "GET /wp-content/uploads/2025/07/1750671806-partner5_200x50.webp HTTP/1.1" 200 2840 "http://cqqizhou.com/about/" "Mozilla/5.0 (Windows NT 10.0; Win64; x64) AppleWebKit/537.36 (KHTML, like Gecko) Chrome/132.0.0.0 Safari/537.36 NetType/WIFI MicroMessenger/7.0.20.1781(0x6700143B) WindowsWechat(0x63090a13) UnifiedPCWindowsWechat(0xf254171e) XWEB/18787 Flue"
14.108.233.171 - - [05/Feb/2026:12:05:56 +0800] "GET /wp-content/uploads/2025/07/1750671808-partner6_200x50.webp HTTP/1.1" 200 3004 "http://cqqizhou.com/about/" "Mozilla/5.0 (Windows NT 10.0; Win64; x64) AppleWebKit/537.36 (KHTML, like Gecko) Chrome/132.0.0.0 Safari/537.36 NetType/WIFI MicroMessenger/7.0.20.1781(0x6700143B) WindowsWechat(0x63090a13) UnifiedPCWindowsWechat(0xf254171e) XWEB/18787 Flue"
14.108.233.171 - - [05/Feb/2026:12:05:56 +0800] "GET /wp-content/uploads/2025/06/1750755307-qizhoucangku2000x400_2025624.webp HTTP/1.1" 200 45470 "http://cqqizhou.com/about/" "Mozilla/5.0 (Windows NT 10.0; Win64; x64) AppleWebKit/537.36 (KHTML, like Gecko) Chrome/132.0.0.0 Safari/537.36 NetType/WIFI MicroMessenger/7.0.20.1781(0x6700143B) WindowsWechat(0x63090a13) UnifiedPCWindowsWechat(0xf254171e) XWEB/18787 Flue"
14.108.233.171 - - [05/Feb/2026:12:05:56 +0800] "GET /wp-content/uploads/elementor/thumbs/1751373145-About_Qizhoudalou_W800px-r91b70ok8huvvdr4ynxnf302e8ie3iydlh6ag9ew82.webp HTTP/1.1" 200 37938 "http://cqqizhou.com/about/" "Mozilla/5.0 (Windows NT 10.0; Win64; x64) AppleWebKit/537.36 (KHTML, like Gecko) Chrome/132.0.0.0 Safari/537.36 NetType/WIFI MicroMessenger/7.0.20.1781(0x6700143B) WindowsWechat(0x63090a13) UnifiedPCWindowsWechat(0xf254171e) XWEB/18787 Flue"
14.108.233.171 - - [05/Feb/2026:12:05:56 +0800] "GET /wp-content/uploads/elementor/thumbs/1751209300-Hello-Qizhou3-r91b71mdtei8mab1rr8x739cnvi1mafuaga3vbed3o.webp HTTP/1.1" 200 39120 "http://cqqizhou.com/about/" "Mozilla/5.0 (Windows NT 10.0; Win64; x64) AppleWebKit/537.36 (KHTML, like Gecko) Chrome/132.0.0.0 Safari/537.36 NetType/WIFI MicroMessenger/7.0.20.1781(0x6700143B) WindowsWechat(0x63090a13) UnifiedPCWindowsWechat(0xf254171e) XWEB/18787 Flue"
14.108.233.171 - - [05/Feb/2026:12:05:56 +0800] "GET /wp-content/uploads/2025/07/1750649186-qizhou1920x1080_3.webp HTTP/1.1" 200 134070 "http://cqqizhou.com/about/" "Mozilla/5.0 (Windows NT 10.0; Win64; x64) AppleWebKit/537.36 (KHTML, like Gecko) Chrome/132.0.0.0 Safari/537.36 NetType/WIFI MicroMessenger/7.0.20.1781(0x6700143B) WindowsWechat(0x63090a13) UnifiedPCWindowsWechat(0xf254171e) XWEB/18787 Flue"
14.108.233.171 - - [05/Feb/2026:12:05:56 +0800] "GET /wp-content/uploads/2025/07/1750649193-qizhou1920x1080_5.webp HTTP/1.1" 200 110214 "http://cqqizhou.com/about/" "Mozilla/5.0 (Windows NT 10.0; Win64; x64) AppleWebKit/537.36 (KHTML, like Gecko) Chrome/132.0.0.0 Safari/537.36 NetType/WIFI MicroMessenger/7.0.20.1781(0x6700143B) WindowsWechat(0x63090a13) UnifiedPCWindowsWechat(0xf254171e) XWEB/18787 Flue"
14.108.233.171 - - [05/Feb/2026:12:05:56 +0800] "GET /wp-content/uploads/2025/07/1750649179-qizhou1920x1080_1.webp HTTP/1.1" 200 172154 "http://cqqizhou.com/about/" "Mozilla/5.0 (Windows NT 10.0; Win64; x64) AppleWebKit/537.36 (KHTML, like Gecko) Chrome/132.0.0.0 Safari/537.36 NetType/WIFI MicroMessenger/7.0.20.1781(0x6700143B) WindowsWechat(0x63090a13) UnifiedPCWindowsWechat(0xf254171e) XWEB/18787 Flue"
14.108.233.171 - - [05/Feb/2026:12:05:56 +0800] "GET /wp-content/uploads/2025/07/1750649189-qizhou1920x1080_4.webp HTTP/1.1" 200 174962 "http://cqqizhou.com/about/" "Mozilla/5.0 (Windows NT 10.0; Win64; x64) AppleWebKit/537.36 (KHTML, like Gecko) Chrome/132.0.0.0 Safari/537.36 NetType/WIFI MicroMessenger/7.0.20.1781(0x6700143B) WindowsWechat(0x63090a13) UnifiedPCWindowsWechat(0xf254171e) XWEB/18787 Flue"
14.108.233.171 - - [05/Feb/2026:12:05:56 +0800] "GET /wp-content/uploads/2025/07/1750649197-qizhou1920x1080_6.webp HTTP/1.1" 200 150354 "http://cqqizhou.com/about/" "Mozilla/5.0 (Windows NT 10.0; Win64; x64) AppleWebKit/537.36 (KHTML, like Gecko) Chrome/132.0.0.0 Safari/537.36 NetType/WIFI MicroMessenger/7.0.20.1781(0x6700143B) WindowsWechat(0x63090a13) UnifiedPCWindowsWechat(0xf254171e) XWEB/18787 Flue"
14.108.233.171 - - [05/Feb/2026:12:05:56 +0800] "GET /wp-content/uploads/2025/07/1750649183-qizhou1920x1080_2.webp HTTP/1.1" 200 267936 "http://cqqizhou.com/about/" "Mozilla/5.0 (Windows NT 10.0; Win64; x64) AppleWebKit/537.36 (KHTML, like Gecko) Chrome/132.0.0.0 Safari/537.36 NetType/WIFI MicroMessenger/7.0.20.1781(0x6700143B) WindowsWechat(0x63090a13) UnifiedPCWindowsWechat(0xf254171e) XWEB/18787 Flue"
14.108.233.171 - - [05/Feb/2026:12:05:56 +0800] "GET /wp-content/uploads/2025/07/1750649207-qizhou1920x1080_9.webp HTTP/1.1" 200 146108 "http://cqqizhou.com/about/" "Mozilla/5.0 (Windows NT 10.0; Win64; x64) AppleWebKit/537.36 (KHTML, like Gecko) Chrome/132.0.0.0 Safari/537.36 NetType/WIFI MicroMessenger/7.0.20.1781(0x6700143B) WindowsWechat(0x63090a13) UnifiedPCWindowsWechat(0xf254171e) XWEB/18787 Flue"
14.108.233.171 - - [05/Feb/2026:12:05:56 +0800] "GET /wp-content/uploads/2025/07/1750649212-qizhou1920x1080_10.webp HTTP/1.1" 200 143362 "http://cqqizhou.com/about/" "Mozilla/5.0 (Windows NT 10.0; Win64; x64) AppleWebKit/537.36 (KHTML, like Gecko) Chrome/132.0.0.0 Safari/537.36 NetType/WIFI MicroMessenger/7.0.20.1781(0x6700143B) WindowsWechat(0x63090a13) UnifiedPCWindowsWechat(0xf254171e) XWEB/18787 Flue"
14.108.233.171 - - [05/Feb/2026:12:05:56 +0800] "GET /wp-content/uploads/2025/07/1750649200-qizhou1920x1080_7.webp HTTP/1.1" 200 238866 "http://cqqizhou.com/about/" "Mozilla/5.0 (Windows NT 10.0; Win64; x64) AppleWebKit/537.36 (KHTML, like Gecko) Chrome/132.0.0.0 Safari/537.36 NetType/WIFI MicroMessenger/7.0.20.1781(0x6700143B) WindowsWechat(0x63090a13) UnifiedPCWindowsWechat(0xf254171e) XWEB/18787 Flue"
14.108.233.171 - - [05/Feb/2026:12:05:56 +0800] "GET /wp-content/uploads/2025/07/1750649215-qizhou1920x1080_11.webp HTTP/1.1" 200 171642 "http://cqqizhou.com/about/" "Mozilla/5.0 (Windows NT 10.0; Win64; x64) AppleWebKit/537.36 (KHTML, like Gecko) Chrome/132.0.0.0 Safari/537.36 NetType/WIFI MicroMessenger/7.0.20.1781(0x6700143B) WindowsWechat(0x63090a13) UnifiedPCWindowsWechat(0xf254171e) XWEB/18787 Flue"
14.108.233.171 - - [05/Feb/2026:12:05:56 +0800] "GET /wp-content/uploads/2025/07/1750649203-qizhou1920x1080_8.webp HTTP/1.1" 200 256782 "http://cqqizhou.com/about/" "Mozilla/5.0 (Windows NT 10.0; Win64; x64) AppleWebKit/537.36 (KHTML, like Gecko) Chrome/132.0.0.0 Safari/537.36 NetType/WIFI MicroMessenger/7.0.20.1781(0x6700143B) WindowsWechat(0x63090a13) UnifiedPCWindowsWechat(0xf254171e) XWEB/18787 Flue"
36.133.115.36 - - [05/Feb/2026:12:05:57 +0800] "POST /wp-cron.php?doing_wp_cron=1770264357.4077661037445068359375 HTTP/1.1" 200 31 "-" "WordPress/6.9; http://cqqizhou.com"
14.108.233.171 - - [05/Feb/2026:12:05:57 +0800] "POST /wp-admin/admin-ajax.php HTTP/1.1" 403 33 "http://cqqizhou.com/about/" "Mozilla/5.0 (Windows NT 10.0; Win64; x64) AppleWebKit/537.36 (KHTML, like Gecko) Chrome/132.0.0.0 Safari/537.36 NetType/WIFI MicroMessenger/7.0.20.1781(0x6700143B) WindowsWechat(0x63090a13) UnifiedPCWindowsWechat(0xf254171e) XWEB/18787 Flue"
14.108.233.171 - - [05/Feb/2026:12:05:59 +0800] "GET /wp-content/uploads/2025/07/1750945514-honor300%C3%97206_3.webp HTTP/1.1" 200 74124 "http://cqqizhou.com/about/" "Mozilla/5.0 (Windows NT 10.0; Win64; x64) AppleWebKit/537.36 (KHTML, like Gecko) Chrome/132.0.0.0 Safari/537.36 NetType/WIFI MicroMessenger/7.0.20.1781(0x6700143B) WindowsWechat(0x63090a13) UnifiedPCWindowsWechat(0xf254171e) XWEB/18787 Flue"
14.108.233.171 - - [05/Feb/2026:12:05:59 +0800] "GET /wp-content/uploads/2025/07/1750945616-honor300%C3%97206_4.webp HTTP/1.1" 200 33814 "http://cqqizhou.com/about/" "Mozilla/5.0 (Windows NT 10.0; Win64; x64) AppleWebKit/537.36 (KHTML, like Gecko) Chrome/132.0.0.0 Safari/537.36 NetType/WIFI MicroMessenger/7.0.20.1781(0x6700143B) WindowsWechat(0x63090a13) UnifiedPCWindowsWechat(0xf254171e) XWEB/18787 Flue"
14.108.233.171 - - [05/Feb/2026:12:05:59 +0800] "GET /wp-content/uploads/2025/07/1750945637-honor300%C3%97206_5.webp HTTP/1.1" 200 77368 "http://cqqizhou.com/about/" "Mozilla/5.0 (Windows NT 10.0; Win64; x64) AppleWebKit/537.36 (KHTML, like Gecko) Chrome/132.0.0.0 Safari/537.36 NetType/WIFI MicroMessenger/7.0.20.1781(0x6700143B) WindowsWechat(0x63090a13) UnifiedPCWindowsWechat(0xf254171e) XWEB/18787 Flue"
14.108.233.171 - - [05/Feb/2026:12:05:59 +0800] "GET /wp-content/uploads/2025/07/1750945650-honor300%C3%97206_6.webp HTTP/1.1" 200 66306 "http://cqqizhou.com/about/" "Mozilla/5.0 (Windows NT 10.0; Win64; x64) AppleWebKit/537.36 (KHTML, like Gecko) Chrome/132.0.0.0 Safari/537.36 NetType/WIFI MicroMessenger/7.0.20.1781(0x6700143B) WindowsWechat(0x63090a13) UnifiedPCWindowsWechat(0xf254171e) XWEB/18787 Flue"
14.108.233.171 - - [05/Feb/2026:12:06:07 +0800] "POST /wp-admin/admin-ajax.php HTTP/1.1" 403 33 "http://cqqizhou.com/about/" "Mozilla/5.0 (Windows NT 10.0; Win64; x64) AppleWebKit/537.36 (KHTML, like Gecko) Chrome/132.0.0.0 Safari/537.36 NetType/WIFI MicroMessenger/7.0.20.1781(0x6700143B) WindowsWechat(0x63090a13) UnifiedPCWindowsWechat(0xf254171e) XWEB/18787 Flue"
36.133.115.36 - - [05/Feb/2026:12:14:37 +0800] "POST /wp-cron.php?doing_wp_cron=1770264877.0593230724334716796875 HTTP/1.1" 200 31 "-" "WordPress/6.9; http://cqqizhou.com"
204.76.203.219 - - [05/Feb/2026:12:14:37 +0800] "GET / HTTP/1.1" 200 34753 "-" "Mozilla/5.0 (Windows NT 10.0; Win64; x64) AppleWebKit/537.36 (KHTML, like Gecko) Chrome/90.0.4430.85 Safari/537.36 Edg/90.0.818.46"
36.133.115.36 - - [05/Feb/2026:12:16:03 +0800] "POST /wp-cron.php?doing_wp_cron=1770264963.0329389572143554687500 HTTP/1.1" 200 31 "-" "WordPress/6.9; http://cqqizhou.com"
40.77.167.184 - - [05/Feb/2026:12:16:03 +0800] "GET /robots.txt HTTP/1.1" 200 190 "-" "Mozilla/5.0 AppleWebKit/537.36 (KHTML, like Gecko; compatible; bingbot/2.0; +http://www.bing.com/bingbot.htm) Chrome/116.0.1938.76 Safari/537.36"
40.77.167.149 - - [05/Feb/2026:12:16:14 +0800] "GET /2361/ HTTP/1.1" 200 24863 "-" "Mozilla/5.0 AppleWebKit/537.36 (KHTML, like Gecko; compatible; bingbot/2.0; +http://www.bing.com/bingbot.htm) Chrome/116.0.1938.76 Safari/537.36"
36.133.115.36 - - [05/Feb/2026:12:17:33 +0800] "POST /wp-cron.php?doing_wp_cron=1770265053.4348719120025634765625 HTTP/1.1" 200 31 "-" "WordPress/6.9; http://cqqizhou.com"
36.133.108.119 - - [05/Feb/2026:12:17:33 +0800] "HEAD /rest/.env HTTP/1.1" 404 0 "-" "Mozilla/5.0 (Macintosh; Intel Mac OS X 10_8_3) AppleWebKit/537.36 (KHTML, like Gecko) Chrome/27.0.1453.93 Safari/537.36"
36.133.115.36 - - [05/Feb/2026:12:20:08 +0800] "POST /wp-cron.php?doing_wp_cron=1770265208.8189690113067626953125 HTTP/1.1" 200 31 "-" "WordPress/6.9; http://cqqizhou.com"
14.108.233.171 - - [05/Feb/2026:12:20:08 +0800] "POST /wp-admin/admin-ajax.php HTTP/1.1" 403 33 "http://cqqizhou.com/media/" "Mozilla/5.0 (Windows NT 10.0; Win64; x64) AppleWebKit/537.36 (KHTML, like Gecko) Chrome/132.0.0.0 Safari/537.36 NetType/WIFI MicroMessenger/7.0.20.1781(0x6700143B) WindowsWechat(0x63090a13) UnifiedPCWindowsWechat(0xf254171e) XWEB/18787 Flue"
36.133.115.36 - - [05/Feb/2026:12:27:13 +0800] "POST /wp-cron.php?doing_wp_cron=1770265633.4929380416870117187500 HTTP/1.1" 200 31 "-" "WordPress/6.9; http://cqqizhou.com"
43.167.245.18 - - [05/Feb/2026:12:27:13 +0800] "GET / HTTP/1.1" 200 34753 "-" "Mozilla/5.0 (iPhone; CPU iPhone OS 13_2_3 like Mac OS X) AppleWebKit/605.1.15 (KHTML, like Gecko) Version/13.0.3 Mobile/15E148 Safari/604.1"
36.133.115.36 - - [05/Feb/2026:12:35:33 +0800] "POST /wp-cron.php?doing_wp_cron=1770266133.6128330230712890625000 HTTP/1.1" 200 31 "-" "WordPress/6.9; http://cqqizhou.com"
114.119.145.175 - - [05/Feb/2026:12:35:33 +0800] "GET /wp-sitemap.xml HTTP/1.1" 501 253 "-" "Mozilla/5.0 (Linux; Android 7.0;) AppleWebKit/537.36 (KHTML, like Gecko) Mobile Safari/537.36 (compatible; PetalBot;+https://webmaster.petalsearch.com/site/petalbot)"
47.114.89.255 - - [05/Feb/2026:12:36:49 +0800] "GET /resource/components/webuploader/server/preview.php HTTP/1.1" 404 47 "-" "Mozilla/5.0 (Windows NT 10.0; Win64; x64)"
47.114.89.255 - - [05/Feb/2026:12:36:49 +0800] "GET /resource/components/webuploader/server/fileupload.php HTTP/1.1" 404 47 "-" "Mozilla/5.0 (Windows NT 10.0; Win64; x64)"
36.133.115.36 - - [05/Feb/2026:12:46:03 +0800] "POST /wp-cron.php?doing_wp_cron=1770266763.7259569168090820312500 HTTP/1.1" 200 31 "-" "WordPress/6.9; http://cqqizhou.com"
217.154.5.38 - - [05/Feb/2026:12:46:03 +0800] "POST /xmlrpc.php HTTP/1.1" 200 217 "-" "Mozilla/5.0 (Windows NT 10.0; WOW64) AppleWebKit/537.36 (KHTML, like Gecko) Chrome/139.0.0.0 Safari/537.36 Edg/139.0.0.0"
36.133.115.36 - - [05/Feb/2026:12:48:01 +0800] "POST /wp-cron.php?doing_wp_cron=1770266881.8601129055023193359375 HTTP/1.1" 200 31 "-" "WordPress/6.9; http://cqqizhou.com"
114.119.147.233 - - [05/Feb/2026:12:48:01 +0800] "GET /wp-sitemap.xml HTTP/1.1" 501 253 "-" "Mozilla/5.0 (Linux; Android 7.0;) AppleWebKit/537.36 (KHTML, like Gecko) Mobile Safari/537.36 (compatible; PetalBot;+https://webmaster.petalsearch.com/site/petalbot)"
36.133.115.36 - - [05/Feb/2026:12:52:59 +0800] "POST /wp-cron.php?doing_wp_cron=1770267179.7282180786132812500000 HTTP/1.1" 200 31 "-" "WordPress/6.9; http://cqqizhou.com"
114.119.138.37 - - [05/Feb/2026:12:52:59 +0800] "GET /wp-sitemap.xml HTTP/1.1" 501 253 "-" "Mozilla/5.0 (Linux; Android 7.0;) AppleWebKit/537.36 (KHTML, like Gecko) Mobile Safari/537.36 (compatible; PetalBot;+https://webmaster.petalsearch.com/site/petalbot)"
47.95.198.251 - - [05/Feb/2026:12:55:02 +0800] "GET /php7User/Tpl/Public/server/preview.php HTTP/1.1" 404 47 "-" "Mozilla/5.0 (Windows NT 10.0; Win64; x64)"
47.95.198.251 - - [05/Feb/2026:12:55:02 +0800] "GET /php7User/Tpl/Public/server/fileupload.php HTTP/1.1" 404 47 "-" "Mozilla/5.0 (Windows NT 10.0; Win64; x64)"
36.133.115.36 - - [05/Feb/2026:13:12:19 +0800] "POST /wp-cron.php?doing_wp_cron=1770268339.3396339416503906250000 HTTP/1.1" 200 31 "-" "WordPress/6.9; http://cqqizhou.com"
51.68.111.217 - - [05/Feb/2026:13:12:19 +0800] "GET /robots.txt HTTP/1.1" 301 5 "-" "Mozilla/5.0 (compatible; MJ12bot/v2.0.4; http://mj12bot.com/)"
51.68.111.217 - - [05/Feb/2026:13:12:21 +0800] "GET /robots.txt HTTP/1.1" 200 190 "-" "Mozilla/5.0 (compatible; MJ12bot/v2.0.4; http://mj12bot.com/)"
51.68.111.217 - - [05/Feb/2026:13:12:21 +0800] "GET / HTTP/1.1" 301 5 "-" "Mozilla/5.0 (compatible; MJ12bot/v2.0.4; http://mj12bot.com/)"
51.68.111.217 - - [05/Feb/2026:13:12:22 +0800] "GET / HTTP/1.1" 200 35185 "-" "Mozilla/5.0 (compatible; MJ12bot/v2.0.4; http://mj12bot.com/)"
40.77.167.241 - - [05/Feb/2026:13:14:15 +0800] "GET /wp-content/uploads/2025/07/1753456723-%E5%8F%8C%E7%9B%B8%E9%92%A2roduct_Single600-300x300.webp HTTP/1.1" 200 12454 "-" "Mozilla/5.0 AppleWebKit/537.36 (KHTML, like Gecko; compatible; bingbot/2.0; +http://www.bing.com/bingbot.htm) Chrome/116.0.1938.76 Safari/537.36"
36.133.115.36 - - [05/Feb/2026:13:17:00 +0800] "POST /wp-cron.php?doing_wp_cron=1770268620.7402329444885253906250 HTTP/1.1" 200 31 "-" "WordPress/6.9; http://cqqizhou.com"
52.167.144.212 - - [05/Feb/2026:13:17:00 +0800] "GET /?s=2026 HTTP/1.1" 200 18729 "-" "Mozilla/5.0 AppleWebKit/537.36 (KHTML, like Gecko; compatible; bingbot/2.0; +http://www.bing.com/bingbot.htm) Chrome/116.0.1938.76 Safari/537.36"
36.133.115.36 - - [05/Feb/2026:13:23:52 +0800] "POST /wp-cron.php?doing_wp_cron=1770269032.2725698947906494140625 HTTP/1.1" 200 31 "-" "WordPress/6.9; http://cqqizhou.com"
20.163.61.13 - - [05/Feb/2026:13:23:52 +0800] "GET / HTTP/1.1" 301 5 "-" "Mozilla/5.0 zgrab/0.x"
52.167.144.205 - - [05/Feb/2026:13:28:37 +0800] "GET /2475/ HTTP/1.1" 200 26552 "-" "Mozilla/5.0 AppleWebKit/537.36 (KHTML, like Gecko; compatible; bingbot/2.0; +http://www.bing.com/bingbot.htm) Chrome/116.0.1938.76 Safari/537.36"
36.133.115.36 - - [05/Feb/2026:13:35:48 +0800] "POST /wp-cron.php?doing_wp_cron=1770269748.1286249160766601562500 HTTP/1.1" 200 31 "-" "WordPress/6.9; http://cqqizhou.com"
93.174.93.12 - - [05/Feb/2026:13:35:48 +0800] "GET / HTTP/1.0" 301 0 "-" "Mozilla/5.0 (Linux; Android 9; SM-G950U1) AppleWebKit/537.36 (KHTML, like Gecko) Chrome/76.0.3809.111 Mobile Safari/537.36"
36.133.115.36 - - [05/Feb/2026:13:48:04 +0800] "POST /wp-cron.php?doing_wp_cron=1770270483.9740018844604492187500 HTTP/1.1" 200 31 "-" "WordPress/6.9; http://cqqizhou.com"
176.65.139.12 - - [05/Feb/2026:13:48:04 +0800] "GET / HTTP/1.1" 200 34751 "-" "Mozilla/5.0 (Windows NT 10.0; Win64; x64) AppleWebKit/537.36 (KHTML, like Gecko) Chrome/90.0.4430.85 Safari/537.36 Edg/90.0.818.46"
36.133.115.36 - - [05/Feb/2026:13:48:47 +0800] "POST /wp-cron.php?doing_wp_cron=1770270527.2484750747680664062500 HTTP/1.1" 200 31 "-" "WordPress/6.9; http://cqqizhou.com"
66.132.153.133 - - [05/Feb/2026:13:48:47 +0800] "GET /robots.txt HTTP/1.1" 200 190 "-" "Mozilla/5.0 (compatible; CensysInspect/1.1; +https://about.censys.io/)"
66.132.153.133 - - [05/Feb/2026:13:48:56 +0800] "GET /obfd0zyxt HTTP/1.1" 404 8950 "-" "Mozilla/5.0 (compatible; CensysInspect/1.1; +https://about.censys.io/)"
52.167.144.221 - - [05/Feb/2026:14:00:38 +0800] "GET /contacts/ HTTP/1.1" 200 21561 "-" "Mozilla/5.0 AppleWebKit/537.36 (KHTML, like Gecko; compatible; bingbot/2.0; +http://www.bing.com/bingbot.htm) Chrome/116.0.1938.76 Safari/537.36"
36.133.115.36 - - [05/Feb/2026:14:03:15 +0800] "POST /wp-cron.php?doing_wp_cron=1770271395.0021920204162597656250 HTTP/1.1" 200 31 "-" "WordPress/6.9; http://cqqizhou.com"
112.124.9.226 - - [05/Feb/2026:14:03:15 +0800] "GET / HTTP/1.0" 301 0 "-" "-"
193.142.147.209 - - [05/Feb/2026:14:03:20 +0800] "POST / HTTP/1.1" 200 34753 "-" "Mozilla/5.0 (Windows NT 10.0; Win64; x64) AppleWebKit/537.36"
112.124.9.226 - - [05/Feb/2026:14:03:25 +0800] "GET / HTTP/1.0" 301 0 "-" "-"
112.124.9.226 - - [05/Feb/2026:14:03:25 +0800] "GET /nmaplowercheck1770271397 HTTP/1.1" 404 31367 "-" "Mozilla/5.0 (compatible; Nmap Scripting Engine; https://nmap.org/book/nse.html)"
112.124.9.226 - - [05/Feb/2026:14:03:25 +0800] "POST /sdk HTTP/1.1" 404 31367 "-" "Mozilla/5.0 (compatible; Nmap Scripting Engine; https://nmap.org/book/nse.html)"
112.124.9.226 - - [05/Feb/2026:14:03:26 +0800] "GET /HNAP1 HTTP/1.1" 404 31367 "-" "Mozilla/5.0 (compatible; Nmap Scripting Engine; https://nmap.org/book/nse.html)"
112.124.9.226 - - [05/Feb/2026:14:03:26 +0800] "GET /evox/about HTTP/1.1" 404 31367 "-" "Mozilla/5.0 (compatible; Nmap Scripting Engine; https://nmap.org/book/nse.html)"
167.94.146.61 - - [05/Feb/2026:14:03:41 +0800] "GET / HTTP/1.1" 301 5 "-" "Mozilla/5.0 (compatible; CensysInspect/1.1; +https://about.censys.io/)"
167.94.146.61 - - [05/Feb/2026:14:03:42 +0800] "GET / HTTP/1.1" 200 35185 "-" "Mozilla/5.0 (compatible; CensysInspect/1.1; +https://about.censys.io/)"
112.124.9.226 - - [05/Feb/2026:14:03:45 +0800] "GET / HTTP/1.0" 301 0 "-" "-"
112.124.9.226 - - [05/Feb/2026:14:03:46 +0800] "GET / HTTP/1.1" 301 5 "-" "-"
167.94.138.178 - - [05/Feb/2026:14:08:27 +0800] "GET / HTTP/1.1" 200 35185 "-" "Mozilla/5.0 (compatible; CensysInspect/1.1; +https://about.censys.io/)"
36.133.115.36 - - [05/Feb/2026:14:09:09 +0800] "POST /wp-cron.php?doing_wp_cron=1770271749.4248130321502685546875 HTTP/1.1" 200 31 "-" "WordPress/6.9; http://cqqizhou.com"
77.90.185.207 - - [05/Feb/2026:14:09:09 +0800] "GET / HTTP/1.1" 301 5 "-" "Mozilla/5.0 (X11; Linux x86_64; rv:140.0) Gecko/20100101 Firefox/140.0"
77.90.185.207 - - [05/Feb/2026:14:09:10 +0800] "GET / HTTP/1.1" 200 35185 "http://36.133.115.36/" "Mozilla/5.0 (X11; Linux x86_64; rv:140.0) Gecko/20100101 Firefox/140.0"
36.133.115.36 - - [05/Feb/2026:14:15:07 +0800] "POST /wp-cron.php?doing_wp_cron=1770272107.6168460845947265625000 HTTP/1.1" 200 31 "-" "WordPress/6.9; http://cqqizhou.com"
114.119.137.143 - - [05/Feb/2026:14:15:07 +0800] "GET /robots.txt HTTP/1.1" 200 190 "-" "Mozilla/5.0 (compatible;PetalBot;+https://webmaster.petalsearch.com/site/petalbot)"
36.133.115.36 - - [05/Feb/2026:14:17:22 +0800] "POST /wp-cron.php?doing_wp_cron=1770272242.1513240337371826171875 HTTP/1.1" 200 31 "-" "WordPress/6.9; http://cqqizhou.com"
120.233.33.208 - - [05/Feb/2026:14:17:22 +0800] "GET /media HTTP/1.1" 301 5 "-" "Mozilla/5.0 (Linux; Android 6.0; Nexus 5 Build/MRA58N) AppleWebKit/537.36 (KHTML, like Gecko) Chrome/99.0.4844.51 Mobile Safari/537.36 MicroMessenger/7.0.1"
120.233.33.208 - - [05/Feb/2026:14:17:23 +0800] "GET /media/ HTTP/1.1" 200 26012 "-" "Mozilla/5.0 (Linux; Android 6.0; Nexus 5 Build/MRA58N) AppleWebKit/537.36 (KHTML, like Gecko) Chrome/99.0.4844.51 Mobile Safari/537.36 MicroMessenger/7.0.1"
120.233.240.39 - - [05/Feb/2026:14:17:23 +0800] "GET /wp-content/uploads/2025/07/1753454089-Article_images_W900px-300x169.webp HTTP/1.1" 200 9480 "http://cqqizhou.com/media/" "Mozilla/5.0 (Linux; Android 6.0; Nexus 5 Build/MRA58N) AppleWebKit/537.36 (KHTML, like Gecko) Chrome/99.0.4844.51 Mobile Safari/537.36 MicroMessenger/7.0.1"
111.120.173.255 - - [05/Feb/2026:14:20:41 +0800] "GET /2163/ HTTP/1.1" 200 23704 "-" "Mozilla/5.0 (Windows NT 10.0; Win64; x64) AppleWebKit/537.36 (KHTML, like Gecko) Chrome/110.0.0.0 Safari/537.36"
36.133.115.36 - - [05/Feb/2026:14:21:29 +0800] "POST /wp-cron.php?doing_wp_cron=1770272489.5128200054168701171875 HTTP/1.1" 200 31 "-" "WordPress/6.9; http://cqqizhou.com"
45.194.92.11 - - [05/Feb/2026:14:21:29 +0800] "GET /dispatch.asp HTTP/1.1" 301 5 "-" "Mozilla/5.0 (Windows NT 10.0; Win64; x64) AppleWebKit/537.36 (KHTML, like Gecko) Chrome/90.0.4430.85 Safari/537.36 Edg/90.0.818.46"
14.1.106.133 - - [05/Feb/2026:14:23:14 +0800] "POST /HNAP1/ HTTP/1.0" 400 0 "-" "-"
36.133.115.36 - - [05/Feb/2026:14:35:14 +0800] "POST /wp-cron.php?doing_wp_cron=1770273314.6935000419616699218750 HTTP/1.1" 200 31 "-" "WordPress/6.9; http://cqqizhou.com"
149.90.156.121 - - [05/Feb/2026:14:35:14 +0800] "POST /hello.world?%ADd+allow_url_include%3d1+%ADd+auto_prepend_file%3dphp://input HTTP/1.1" 404 31367 "-" "libredtail-http"
149.90.156.121 - - [05/Feb/2026:14:35:22 +0800] "POST /?%ADd+allow_url_include%3d1+%ADd+auto_prepend_file%3dphp://input HTTP/1.1" 200 157284 "-" "libredtail-http"
149.90.156.121 - - [05/Feb/2026:14:35:25 +0800] "GET /vendor/phpunit/phpunit/src/Util/PHP/eval-stdin.php HTTP/1.1" 404 27 "-" "libredtail-http"
149.90.156.121 - - [05/Feb/2026:14:35:30 +0800] "GET /vendor/phpunit/phpunit/Util/PHP/eval-stdin.php HTTP/1.1" 404 27 "-" "libredtail-http"
149.90.156.121 - - [05/Feb/2026:14:35:33 +0800] "GET /vendor/phpunit/src/Util/PHP/eval-stdin.php HTTP/1.1" 404 27 "-" "libredtail-http"
149.90.156.121 - - [05/Feb/2026:14:35:38 +0800] "GET /vendor/phpunit/Util/PHP/eval-stdin.php HTTP/1.1" 404 27 "-" "libredtail-http"
149.90.156.121 - - [05/Feb/2026:14:35:40 +0800] "GET /vendor/phpunit/phpunit/LICENSE/eval-stdin.php HTTP/1.1" 404 27 "-" "libredtail-http"
149.90.156.121 - - [05/Feb/2026:14:35:45 +0800] "GET /vendor/vendor/phpunit/phpunit/src/Util/PHP/eval-stdin.php HTTP/1.1" 404 27 "-" "libredtail-http"
149.90.156.121 - - [05/Feb/2026:14:35:48 +0800] "GET /phpunit/phpunit/src/Util/PHP/eval-stdin.php HTTP/1.1" 404 27 "-" "libredtail-http"
149.90.156.121 - - [05/Feb/2026:14:35:52 +0800] "GET /phpunit/phpunit/Util/PHP/eval-stdin.php HTTP/1.1" 404 27 "-" "libredtail-http"
149.90.156.121 - - [05/Feb/2026:14:35:55 +0800] "GET /phpunit/src/Util/PHP/eval-stdin.php HTTP/1.1" 404 27 "-" "libredtail-http"
149.90.156.121 - - [05/Feb/2026:14:36:00 +0800] "GET /phpunit/Util/PHP/eval-stdin.php HTTP/1.1" 404 27 "-" "libredtail-http"
149.90.156.121 - - [05/Feb/2026:14:36:04 +0800] "GET /lib/phpunit/phpunit/src/Util/PHP/eval-stdin.php HTTP/1.1" 404 27 "-" "libredtail-http"
149.90.156.121 - - [05/Feb/2026:14:36:07 +0800] "GET /lib/phpunit/phpunit/Util/PHP/eval-stdin.php HTTP/1.1" 404 27 "-" "libredtail-http"
149.90.156.121 - - [05/Feb/2026:14:36:12 +0800] "GET /lib/phpunit/src/Util/PHP/eval-stdin.php HTTP/1.1" 404 27 "-" "libredtail-http"
149.90.156.121 - - [05/Feb/2026:14:36:15 +0800] "GET /lib/phpunit/Util/PHP/eval-stdin.php HTTP/1.1" 404 27 "-" "libredtail-http"
149.90.156.121 - - [05/Feb/2026:14:36:20 +0800] "GET /lib/vendor/phpunit/phpunit/src/Util/PHP/eval-stdin.php HTTP/1.1" 404 27 "-" "libredtail-http"
149.90.156.121 - - [05/Feb/2026:14:36:24 +0800] "GET /laravel/vendor/phpunit/phpunit/src/Util/PHP/eval-stdin.php HTTP/1.1" 404 27 "-" "libredtail-http"
149.90.156.121 - - [05/Feb/2026:14:36:27 +0800] "GET /www/vendor/phpunit/phpunit/src/Util/PHP/eval-stdin.php HTTP/1.1" 404 27 "-" "libredtail-http"
149.90.156.121 - - [05/Feb/2026:14:36:32 +0800] "GET /ws/vendor/phpunit/phpunit/src/Util/PHP/eval-stdin.php HTTP/1.1" 404 27 "-" "libredtail-http"
149.90.156.121 - - [05/Feb/2026:14:36:37 +0800] "GET /yii/vendor/phpunit/phpunit/src/Util/PHP/eval-stdin.php HTTP/1.1" 404 27 "-" "libredtail-http"
149.90.156.121 - - [05/Feb/2026:14:36:40 +0800] "GET /zend/vendor/phpunit/phpunit/src/Util/PHP/eval-stdin.php HTTP/1.1" 404 27 "-" "libredtail-http"
149.90.156.121 - - [05/Feb/2026:14:36:44 +0800] "GET /ws/ec/vendor/phpunit/phpunit/src/Util/PHP/eval-stdin.php HTTP/1.1" 404 27 "-" "libredtail-http"
149.90.156.121 - - [05/Feb/2026:14:36:47 +0800] "GET /V2/vendor/phpunit/phpunit/src/Util/PHP/eval-stdin.php HTTP/1.1" 404 27 "-" "libredtail-http"
149.90.156.121 - - [05/Feb/2026:14:36:52 +0800] "GET /tests/vendor/phpunit/phpunit/src/Util/PHP/eval-stdin.php HTTP/1.1" 404 27 "-" "libredtail-http"
149.90.156.121 - - [05/Feb/2026:14:36:56 +0800] "GET /test/vendor/phpunit/phpunit/src/Util/PHP/eval-stdin.php HTTP/1.1" 404 27 "-" "libredtail-http"
149.90.156.121 - - [05/Feb/2026:14:37:00 +0800] "GET /testing/vendor/phpunit/phpunit/src/Util/PHP/eval-stdin.php HTTP/1.1" 404 27 "-" "libredtail-http"
149.90.156.121 - - [05/Feb/2026:14:37:03 +0800] "GET /api/vendor/phpunit/phpunit/src/Util/PHP/eval-stdin.php HTTP/1.1" 404 27 "-" "libredtail-http"
149.90.156.121 - - [05/Feb/2026:14:37:07 +0800] "GET /demo/vendor/phpunit/phpunit/src/Util/PHP/eval-stdin.php HTTP/1.1" 404 27 "-" "libredtail-http"
149.90.156.121 - - [05/Feb/2026:14:37:11 +0800] "GET /cms/vendor/phpunit/phpunit/src/Util/PHP/eval-stdin.php HTTP/1.1" 404 27 "-" "libredtail-http"
149.90.156.121 - - [05/Feb/2026:14:37:16 +0800] "GET /crm/vendor/phpunit/phpunit/src/Util/PHP/eval-stdin.php HTTP/1.1" 404 27 "-" "libredtail-http"
149.90.156.121 - - [05/Feb/2026:14:37:20 +0800] "GET /admin/vendor/phpunit/phpunit/src/Util/PHP/eval-stdin.php HTTP/1.1" 404 27 "-" "libredtail-http"
149.90.156.121 - - [05/Feb/2026:14:37:23 +0800] "GET /backup/vendor/phpunit/phpunit/src/Util/PHP/eval-stdin.php HTTP/1.1" 404 27 "-" "libredtail-http"
149.90.156.121 - - [05/Feb/2026:14:37:26 +0800] "GET /blog/vendor/phpunit/phpunit/src/Util/PHP/eval-stdin.php HTTP/1.1" 404 27 "-" "libredtail-http"
149.90.156.121 - - [05/Feb/2026:14:37:31 +0800] "GET /workspace/drupal/vendor/phpunit/phpunit/src/Util/PHP/eval-stdin.php HTTP/1.1" 404 27 "-" "libredtail-http"
149.90.156.121 - - [05/Feb/2026:14:37:35 +0800] "GET /panel/vendor/phpunit/phpunit/src/Util/PHP/eval-stdin.php HTTP/1.1" 404 27 "-" "libredtail-http"
149.90.156.121 - - [05/Feb/2026:14:37:40 +0800] "GET /public/vendor/phpunit/phpunit/src/Util/PHP/eval-stdin.php HTTP/1.1" 404 27 "-" "libredtail-http"
149.90.156.121 - - [05/Feb/2026:14:37:43 +0800] "GET /apps/vendor/phpunit/phpunit/src/Util/PHP/eval-stdin.php HTTP/1.1" 404 27 "-" "libredtail-http"
149.90.156.121 - - [05/Feb/2026:14:37:46 +0800] "GET /app/vendor/phpunit/phpunit/src/Util/PHP/eval-stdin.php HTTP/1.1" 404 27 "-" "libredtail-http"
36.133.115.36 - - [05/Feb/2026:14:37:53 +0800] "POST /wp-cron.php?doing_wp_cron=1770273473.2686409950256347656250 HTTP/1.1" 200 31 "-" "WordPress/6.9; http://cqqizhou.com"
149.90.156.121 - - [05/Feb/2026:14:37:53 +0800] "GET /index.php?s=/index/\x5Cthink\x5Capp/invokefunction&function=call_user_func_array&vars[0]=md5&vars[1][]=Hello HTTP/1.1" 200 65622 "-" "libredtail-http"
149.90.156.121 - - [05/Feb/2026:14:37:57 +0800] "GET /public/index.php?s=/index/\x5Cthink\x5Capp/invokefunction&function=call_user_func_array&vars[0]=md5&vars[1][]=Hello HTTP/1.1" 404 27 "-" "libredtail-http"
149.90.156.121 - - [05/Feb/2026:14:38:02 +0800] "GET /index.php?lang=../../../../../../../../usr/local/lib/php/pearcmd&+config-create+/&/<?echo(md5(\x22hi\x22));?>+/tmp/index1.php HTTP/1.1" 200 157284 "-" "libredtail-http"
36.133.115.36 - - [05/Feb/2026:14:38:08 +0800] "POST /wp-cron.php?doing_wp_cron=1770273488.3817861080169677734375 HTTP/1.1" 200 31 "-" "WordPress/6.9; http://cqqizhou.com"
149.90.156.121 - - [05/Feb/2026:14:38:08 +0800] "GET /index.php?lang=../../../../../../../../tmp/index1 HTTP/1.1" 200 157284 "-" "libredtail-http"
149.90.156.121 - - [05/Feb/2026:14:38:12 +0800] "GET /containers/json HTTP/1.1" 301 5 "-" "libredtail-http"
119.187.22.181 - - [05/Feb/2026:14:39:38 +0800] "GET /2418/ HTTP/1.1" 200 27331 "-" "Mozilla/5.0 (Windows NT 10.0; Win64; x64) AppleWebKit/537.36 (KHTML, like Gecko) Chrome/133.0.0.0 Safari/537.36"
36.133.115.36 - - [05/Feb/2026:14:41:35 +0800] "POST /wp-cron.php?doing_wp_cron=1770273695.6606640815734863281250 HTTP/1.1" 200 31 "-" "WordPress/6.9; http://cqqizhou.com"
43.130.67.33 - - [05/Feb/2026:14:41:35 +0800] "GET / HTTP/1.1" 301 5 "-" "Mozilla/5.0 (iPhone; CPU iPhone OS 13_2_3 like Mac OS X) AppleWebKit/605.1.15 (KHTML, like Gecko) Version/13.0.3 Mobile/15E148 Safari/604.1"
43.130.67.33 - - [05/Feb/2026:14:41:37 +0800] "GET / HTTP/1.1" 200 34753 "http://36.133.115.36" "Mozilla/5.0 (iPhone; CPU iPhone OS 13_2_3 like Mac OS X) AppleWebKit/605.1.15 (KHTML, like Gecko) Version/13.0.3 Mobile/15E148 Safari/604.1"
36.133.115.36 - - [05/Feb/2026:14:45:36 +0800] "POST /wp-cron.php?doing_wp_cron=1770273936.4996740818023681640625 HTTP/1.1" 200 31 "-" "WordPress/6.9; http://cqqizhou.com"
164.52.24.178 - - [05/Feb/2026:14:45:36 +0800] "GET / HTTP/1.1" 301 5 "-" "Mozilla/5.0 (Windows NT 10.0; Win64; x64) AppleWebKit/537.36 (KHTML, like Gecko) Chrome/143.0.0.0 Safari/537.36"
164.52.24.178 - - [05/Feb/2026:14:45:43 +0800] "GET / HTTP/1.1" 200 158943 "-" "Mozilla/5.0 (Windows NT 10.0; Win64; x64) AppleWebKit/537.36 (KHTML, like Gecko) Chrome/143.0.0.0 Safari/537.36"
36.133.115.36 - - [05/Feb/2026:14:47:06 +0800] "POST /wp-cron.php?doing_wp_cron=1770274026.4884119033813476562500 HTTP/1.1" 200 31 "-" "WordPress/6.9; http://cqqizhou.com"
43.130.139.136 - - [05/Feb/2026:14:47:06 +0800] "GET / HTTP/1.1" 200 34753 "-" "Mozilla/5.0 (iPhone; CPU iPhone OS 13_2_3 like Mac OS X) AppleWebKit/605.1.15 (KHTML, like Gecko) Version/13.0.3 Mobile/15E148 Safari/604.1"
36.133.115.36 - - [05/Feb/2026:14:54:42 +0800] "POST /wp-cron.php?doing_wp_cron=1770274482.7439889907836914062500 HTTP/1.1" 200 31 "-" "WordPress/6.9; http://cqqizhou.com"
158.94.211.12 - - [05/Feb/2026:14:54:42 +0800] "GET /wp-login.php HTTP/1.1" 200 2854 "https://wordpress.org/" "Mozilla/5.0 (Windows NT 10.0; Win64; x64; rv:118.0) Gecko/20100101 Firefox/118.0"
158.94.211.12 - - [05/Feb/2026:14:54:58 +0800] "POST /wp-login.php HTTP/1.1" 200 3069 "http://CQQIZHOU.COM/wp-login.php" "Mozilla/5.0 (X11; Linux x86_64) AppleWebKit/537.36 (KHTML, like Gecko) Chrome/118.0.0.0 Safari/537.36"
36.133.115.36 - - [05/Feb/2026:14:55:29 +0800] "POST /wp-cron.php?doing_wp_cron=1770274529.6719560623168945312500 HTTP/1.1" 200 31 "-" "WordPress/6.9; http://cqqizhou.com"
158.94.211.12 - - [05/Feb/2026:14:55:29 +0800] "POST /wp-login.php HTTP/1.1" 200 3074 "http://CQQIZHOU.COM/wp-login.php" "Mozilla/5.0 (Windows NT 11.0; Win64; x64) AppleWebKit/537.36 (KHTML, like Gecko) Chrome/119.0.0.0 Safari/537.36"
158.94.211.12 - - [05/Feb/2026:14:55:58 +0800] "POST /wp-login.php HTTP/1.1" 200 3075 "http://CQQIZHOU.COM/wp-login.php" "Mozilla/5.0 (Macintosh; Intel Mac OS X 13_6_1) AppleWebKit/537.36 (KHTML, like Gecko) Chrome/119.0.0.0 Safari/537.36"
36.133.115.36 - - [05/Feb/2026:14:56:31 +0800] "POST /wp-cron.php?doing_wp_cron=1770274591.4082479476928710937500 HTTP/1.1" 200 31 "-" "WordPress/6.9; http://cqqizhou.com"
112.124.53.123 - - [05/Feb/2026:14:56:31 +0800] "GET / HTTP/1.1" 301 5 "-" "Mozilla/5.0 (Windows NT 10.0; Win64; x64) AppleWebKit/537.36 (KHTML, like Gecko) Chrome/59.0.3071.115 Safari/537.36"
158.94.211.12 - - [05/Feb/2026:14:56:31 +0800] "POST /wp-login.php HTTP/1.1" 200 3070 "http://CQQIZHOU.COM/wp-login.php" "Mozilla/5.0 (Windows NT 11.0; Win64; x64; rv:120.0) Gecko/20100101 Firefox/120.0"
158.94.211.12 - - [05/Feb/2026:14:57:07 +0800] "POST /wp-login.php HTTP/1.1" 200 2985 "http://CQQIZHOU.COM/wp-login.php" "Mozilla/5.0 (Macintosh; Intel Mac OS X 10_15_7) AppleWebKit/537.36 (KHTML, like Gecko) Chrome/121.0.0.0 Safari/537.36"
36.133.115.36 - - [05/Feb/2026:14:57:29 +0800] "POST /wp-cron.php?doing_wp_cron=1770274649.2098081111907958984375 HTTP/1.1" 200 31 "-" "WordPress/6.9; http://cqqizhou.com"
158.94.211.12 - - [05/Feb/2026:14:57:29 +0800] "POST /wp-login.php HTTP/1.1" 200 3070 "http://CQQIZHOU.COM/wp-login.php" "Mozilla/5.0 (Windows NT 10.0; Win64; x64) AppleWebKit/537.36 (KHTML, like Gecko) Chrome/119.0.0.0 Safari/537.36"
158.94.211.12 - - [05/Feb/2026:14:57:56 +0800] "POST /wp-login.php HTTP/1.1" 200 3075 "http://CQQIZHOU.COM/wp-login.php" "Mozilla/5.0 (Macintosh; Intel Mac OS X 10_15_7) AppleWebKit/605.1.15 (KHTML, like Gecko) Version/17.0 Safari/605.1.15"
36.133.115.36 - - [05/Feb/2026:14:58:19 +0800] "POST /wp-cron.php?doing_wp_cron=1770274699.0222020149230957031250 HTTP/1.1" 200 31 "-" "WordPress/6.9; http://cqqizhou.com"
158.94.211.12 - - [05/Feb/2026:14:58:19 +0800] "POST /wp-login.php HTTP/1.1" 200 3076 "http://CQQIZHOU.COM/wp-login.php" "Mozilla/5.0 (Windows NT 11.0; Win64; x64; rv:118.0) Gecko/20100101 Firefox/118.0"
36.133.115.36 - - [05/Feb/2026:14:59:15 +0800] "POST /wp-cron.php?doing_wp_cron=1770274755.4818580150604248046875 HTTP/1.1" 200 31 "-" "WordPress/6.9; http://cqqizhou.com"
158.94.211.12 - - [05/Feb/2026:14:59:15 +0800] "POST /wp-login.php HTTP/1.1" 200 3075 "http://CQQIZHOU.COM/wp-login.php" "Mozilla/5.0 (Windows NT 10.0; Win64; x64; rv:119.0) Gecko/20100101 Firefox/119.0"
158.94.211.12 - - [05/Feb/2026:14:59:35 +0800] "POST /wp-login.php HTTP/1.1" 200 3071 "http://CQQIZHOU.COM/wp-login.php" "Mozilla/5.0 (Macintosh; Intel Mac OS X 13_6_1; rv:121.0) Gecko/20100101 Firefox/121.0"
158.94.211.12 - - [05/Feb/2026:14:59:59 +0800] "POST /wp-login.php HTTP/1.1" 200 3072 "http://CQQIZHOU.COM/wp-login.php" "Mozilla/5.0 (Windows NT 10.0; Win64; x64) AppleWebKit/537.36 (KHTML, like Gecko) Chrome/119.0.0.0 Safari/537.36"
36.133.115.36 - - [05/Feb/2026:15:00:18 +0800] "POST /wp-cron.php?doing_wp_cron=1770274818.3364050388336181640625 HTTP/1.1" 200 31 "-" "WordPress/6.9; http://cqqizhou.com"
158.94.211.12 - - [05/Feb/2026:15:00:18 +0800] "POST /wp-login.php HTTP/1.1" 200 3073 "http://CQQIZHOU.COM/wp-login.php" "Mozilla/5.0 (Macintosh; Intel Mac OS X 10_15_7) AppleWebKit/605.1.15 (KHTML, like Gecko) Version/17.1 Safari/605.1.15"
158.94.211.12 - - [05/Feb/2026:15:00:46 +0800] "POST /wp-login.php HTTP/1.1" 200 3070 "http://CQQIZHOU.COM/wp-login.php" "Mozilla/5.0 (Macintosh; Intel Mac OS X 13_6_1; rv:120.0) Gecko/20100101 Firefox/120.0"
158.94.211.12 - - [05/Feb/2026:15:01:03 +0800] "POST /wp-login.php HTTP/1.1" 200 3071 "http://CQQIZHOU.COM/wp-login.php" "Mozilla/5.0 (Windows NT 11.0; Win64; x64; rv:121.0) Gecko/20100101 Firefox/121.0"
36.133.115.36 - - [05/Feb/2026:15:01:49 +0800] "POST /wp-cron.php?doing_wp_cron=1770274909.0654959678649902343750 HTTP/1.1" 200 31 "-" "WordPress/6.9; http://cqqizhou.com"
158.94.211.12 - - [05/Feb/2026:15:01:49 +0800] "POST /wp-login.php HTTP/1.1" 200 3072 "http://CQQIZHOU.COM/wp-login.php" "Mozilla/5.0 (Windows NT 11.0; Win64; x64) AppleWebKit/537.36 (KHTML, like Gecko) Chrome/119.0.0.0 Safari/537.36"
36.133.115.36 - - [05/Feb/2026:15:02:19 +0800] "POST /wp-cron.php?doing_wp_cron=1770274939.1739621162414550781250 HTTP/1.1" 200 31 "-" "WordPress/6.9; http://cqqizhou.com"
158.94.211.12 - - [05/Feb/2026:15:02:19 +0800] "POST /wp-login.php HTTP/1.1" 200 3079 "http://CQQIZHOU.COM/wp-login.php" "Mozilla/5.0 (Windows NT 11.0; Win64; x64; rv:120.0) Gecko/20100101 Firefox/120.0"
158.94.211.12 - - [05/Feb/2026:15:02:38 +0800] "POST /wp-login.php HTTP/1.1" 200 3070 "http://CQQIZHOU.COM/wp-login.php" "Mozilla/5.0 (Windows NT 11.0; Win64; x64) AppleWebKit/537.36 (KHTML, like Gecko) Chrome/118.0.0.0 Safari/537.36"
158.94.211.12 - - [05/Feb/2026:15:03:04 +0800] "POST /wp-login.php HTTP/1.1" 200 3075 "http://CQQIZHOU.COM/wp-login.php" "Mozilla/5.0 (Macintosh; Intel Mac OS X 10_15_7; rv:118.0) Gecko/20100101 Firefox/118.0"
36.133.115.36 - - [05/Feb/2026:15:03:50 +0800] "POST /wp-cron.php?doing_wp_cron=1770275030.6761341094970703125000 HTTP/1.1" 200 31 "-" "WordPress/6.9; http://cqqizhou.com"
158.94.211.12 - - [05/Feb/2026:15:03:50 +0800] "POST /wp-login.php HTTP/1.1" 200 3071 "http://CQQIZHOU.COM/wp-login.php" "Mozilla/5.0 (Macintosh; Intel Mac OS X 10_15_7; rv:120.0) Gecko/20100101 Firefox/120.0"
36.133.115.36 - - [05/Feb/2026:15:04:21 +0800] "POST /wp-cron.php?doing_wp_cron=1770275061.0603430271148681640625 HTTP/1.1" 200 31 "-" "WordPress/6.9; http://cqqizhou.com"
158.94.211.12 - - [05/Feb/2026:15:04:21 +0800] "POST /wp-login.php HTTP/1.1" 200 3076 "http://CQQIZHOU.COM/wp-login.php" "Mozilla/5.0 (Windows NT 11.0; Win64; x64) AppleWebKit/537.36 (KHTML, like Gecko) Chrome/120.0.0.0 Safari/537.36"
158.94.211.12 - - [05/Feb/2026:15:04:47 +0800] "POST /wp-login.php HTTP/1.1" 200 3076 "http://CQQIZHOU.COM/wp-login.php" "Mozilla/5.0 (Windows NT 10.0; Win64; x64) AppleWebKit/537.36 (KHTML, like Gecko) Chrome/118.0.0.0 Safari/537.36"
158.94.211.12 - - [05/Feb/2026:15:04:56 +0800] "POST /wp-login.php HTTP/1.1" 200 3081 "http://CQQIZHOU.COM/wp-login.php" "Mozilla/5.0 (Windows NT 10.0; Win64; x64; rv:121.0) Gecko/20100101 Firefox/121.0"
36.133.115.36 - - [05/Feb/2026:15:05:22 +0800] "POST /wp-cron.php?doing_wp_cron=1770275122.4154260158538818359375 HTTP/1.1" 200 31 "-" "WordPress/6.9; http://cqqizhou.com"
158.94.211.12 - - [05/Feb/2026:15:05:22 +0800] "POST /wp-login.php HTTP/1.1" 200 2985 "http://CQQIZHOU.COM/wp-login.php" "Mozilla/5.0 (Windows NT 11.0; Win64; x64) AppleWebKit/537.36 (KHTML, like Gecko) Chrome/121.0.0.0 Safari/537.36"
158.94.211.12 - - [05/Feb/2026:15:05:24 +0800] "POST /wp-login.php HTTP/1.1" 200 3081 "http://CQQIZHOU.COM/wp-login.php" "Mozilla/5.0 (Macintosh; Intel Mac OS X 10_15_7) AppleWebKit/605.1.15 (KHTML, like Gecko) Version/16.6 Safari/605.1.15"
158.94.211.12 - - [05/Feb/2026:15:06:04 +0800] "POST /wp-login.php HTTP/1.1" 200 3071 "http://CQQIZHOU.COM/wp-login.php" "Mozilla/5.0 (Macintosh; Intel Mac OS X 13_6_1; rv:121.0) Gecko/20100101 Firefox/121.0"
36.133.115.36 - - [05/Feb/2026:15:06:30 +0800] "POST /wp-cron.php?doing_wp_cron=1770275189.9778499603271484375000 HTTP/1.1" 200 31 "-" "WordPress/6.9; http://cqqizhou.com"
158.94.211.12 - - [05/Feb/2026:15:06:30 +0800] "POST /wp-login.php HTTP/1.1" 200 3073 "http://CQQIZHOU.COM/wp-login.php" "Mozilla/5.0 (Windows NT 10.0; Win64; x64; rv:119.0) Gecko/20100101 Firefox/119.0"
158.94.211.12 - - [05/Feb/2026:15:07:01 +0800] "POST /wp-login.php HTTP/1.1" 200 3071 "http://CQQIZHOU.COM/wp-login.php" "Mozilla/5.0 (Macintosh; Intel Mac OS X 13_6_1; rv:121.0) Gecko/20100101 Firefox/121.0"
36.133.115.36 - - [05/Feb/2026:15:07:20 +0800] "POST /wp-cron.php?doing_wp_cron=1770275240.7131199836730957031250 HTTP/1.1" 200 31 "-" "WordPress/6.9; http://cqqizhou.com"
158.94.211.12 - - [05/Feb/2026:15:07:20 +0800] "POST /wp-login.php HTTP/1.1" 200 3072 "http://CQQIZHOU.COM/wp-login.php" "Mozilla/5.0 (Macintosh; Intel Mac OS X 13_6_1) AppleWebKit/537.36 (KHTML, like Gecko) Chrome/118.0.0.0 Safari/537.36"
158.94.211.12 - - [05/Feb/2026:15:07:32 +0800] "POST /wp-login.php HTTP/1.1" 200 3078 "http://CQQIZHOU.COM/wp-login.php" "Mozilla/5.0 (Macintosh; Intel Mac OS X 10_15_7; rv:118.0) Gecko/20100101 Firefox/118.0"
36.133.115.36 - - [05/Feb/2026:15:08:08 +0800] "POST /wp-cron.php?doing_wp_cron=1770275288.4630329608917236328125 HTTP/1.1" 200 31 "-" "WordPress/6.9; http://cqqizhou.com"
158.94.211.12 - - [05/Feb/2026:15:08:08 +0800] "POST /wp-login.php HTTP/1.1" 200 3076 "http://CQQIZHOU.COM/wp-login.php" "Mozilla/5.0 (Windows NT 11.0; Win64; x64; rv:118.0) Gecko/20100101 Firefox/118.0"
158.94.211.12 - - [05/Feb/2026:15:08:39 +0800] "POST /wp-login.php HTTP/1.1" 200 3073 "http://CQQIZHOU.COM/wp-login.php" "Mozilla/5.0 (Macintosh; Intel Mac OS X 10_15_7; rv:120.0) Gecko/20100101 Firefox/120.0"
36.133.115.36 - - [05/Feb/2026:15:09:21 +0800] "POST /wp-cron.php?doing_wp_cron=1770275361.4612309932708740234375 HTTP/1.1" 200 31 "-" "WordPress/6.9; http://cqqizhou.com"
158.94.211.12 - - [05/Feb/2026:15:09:21 +0800] "POST /wp-login.php HTTP/1.1" 200 3077 "http://CQQIZHOU.COM/wp-login.php" "Mozilla/5.0 (X11; Ubuntu; Linux x86_64) AppleWebKit/537.36 (KHTML, like Gecko) Chrome/120.0.0.0 Safari/537.36"
158.94.211.12 - - [05/Feb/2026:15:09:30 +0800] "POST /wp-login.php HTTP/1.1" 200 3072 "http://CQQIZHOU.COM/wp-login.php" "Mozilla/5.0 (Macintosh; Intel Mac OS X 13_6_1) AppleWebKit/537.36 (KHTML, like Gecko) Chrome/121.0.0.0 Safari/537.36"
158.94.211.12 - - [05/Feb/2026:15:09:33 +0800] "POST /wp-login.php HTTP/1.1" 200 3072 "http://CQQIZHOU.COM/wp-login.php" "Mozilla/5.0 (X11; Linux x86_64) AppleWebKit/537.36 (KHTML, like Gecko) Chrome/119.0.0.0 Safari/537.36"
158.94.211.12 - - [05/Feb/2026:15:10:01 +0800] "POST /wp-login.php HTTP/1.1" 200 3073 "http://CQQIZHOU.COM/wp-login.php" "Mozilla/5.0 (Macintosh; Intel Mac OS X 10_15_7) AppleWebKit/537.36 (KHTML, like Gecko) Chrome/121.0.0.0 Safari/537.36"
36.133.115.36 - - [05/Feb/2026:15:10:11 +0800] "POST /wp-cron.php?doing_wp_cron=1770275411.0898470878601074218750 HTTP/1.1" 200 31 "-" "WordPress/6.9; http://cqqizhou.com"
158.94.211.12 - - [05/Feb/2026:15:10:11 +0800] "POST /wp-login.php HTTP/1.1" 200 3019 "http://CQQIZHOU.COM/wp-login.php" "Mozilla/5.0 (Macintosh; Intel Mac OS X 10_15_7; rv:119.0) Gecko/20100101 Firefox/119.0"
158.94.211.12 - - [05/Feb/2026:15:10:57 +0800] "POST /wp-login.php HTTP/1.1" 200 3074 "http://CQQIZHOU.COM/wp-login.php" "Mozilla/5.0 (Macintosh; Intel Mac OS X 13_6_1) AppleWebKit/537.36 (KHTML, like Gecko) Chrome/118.0.0.0 Safari/537.36"
158.94.211.12 - - [05/Feb/2026:15:11:06 +0800] "POST /wp-login.php HTTP/1.1" 200 3075 "http://CQQIZHOU.COM/wp-login.php" "Mozilla/5.0 (Macintosh; Intel Mac OS X 10_15_7) AppleWebKit/605.1.15 (KHTML, like Gecko) Version/17.1 Safari/605.1.15"
36.133.115.36 - - [05/Feb/2026:15:11:32 +0800] "POST /wp-cron.php?doing_wp_cron=1770275492.2766170501708984375000 HTTP/1.1" 200 31 "-" "WordPress/6.9; http://cqqizhou.com"
158.94.211.12 - - [05/Feb/2026:15:11:32 +0800] "POST /wp-login.php HTTP/1.1" 200 3079 "http://CQQIZHOU.COM/wp-login.php" "Mozilla/5.0 (Macintosh; Intel Mac OS X 13_6_1; rv:119.0) Gecko/20100101 Firefox/119.0"
158.94.211.12 - - [05/Feb/2026:15:11:55 +0800] "POST /wp-login.php HTTP/1.1" 200 3072 "http://CQQIZHOU.COM/wp-login.php" "Mozilla/5.0 (Macintosh; Intel Mac OS X 13_6_1; rv:120.0) Gecko/20100101 Firefox/120.0"
36.133.115.36 - - [05/Feb/2026:15:12:39 +0800] "POST /wp-cron.php?doing_wp_cron=1770275559.7464830875396728515625 HTTP/1.1" 200 31 "-" "WordPress/6.9; http://cqqizhou.com"
158.94.211.12 - - [05/Feb/2026:15:12:39 +0800] "POST /wp-login.php HTTP/1.1" 200 2985 "http://CQQIZHOU.COM/wp-login.php" "Mozilla/5.0 (Windows NT 11.0; Win64; x64) AppleWebKit/537.36 (KHTML, like Gecko) Chrome/121.0.0.0 Safari/537.36"
36.133.115.36 - - [05/Feb/2026:15:13:56 +0800] "POST /wp-cron.php?doing_wp_cron=1770275636.3093309402465820312500 HTTP/1.1" 200 31 "-" "WordPress/6.9; http://cqqizhou.com"
158.94.211.12 - - [05/Feb/2026:15:13:56 +0800] "POST /wp-login.php HTTP/1.1" 200 3018 "http://CQQIZHOU.COM/wp-login.php" "Mozilla/5.0 (Windows NT 11.0; Win64; x64; rv:120.0) Gecko/20100101 Firefox/120.0"
36.133.115.36 - - [05/Feb/2026:15:14:22 +0800] "POST /wp-cron.php?doing_wp_cron=1770275662.7777609825134277343750 HTTP/1.1" 200 31 "-" "WordPress/6.9; http://cqqizhou.com"
158.94.211.12 - - [05/Feb/2026:15:14:22 +0800] "POST /wp-login.php HTTP/1.1" 200 3018 "http://CQQIZHOU.COM/wp-login.php" "Mozilla/5.0 (Windows NT 11.0; Win64; x64) AppleWebKit/537.36 (KHTML, like Gecko) Chrome/121.0.0.0 Safari/537.36"
158.94.211.12 - - [05/Feb/2026:15:14:32 +0800] "POST /wp-login.php HTTP/1.1" 408 0 "http://CQQIZHOU.COM/wp-login.php" "Mozilla/5.0 (X11; Linux x86_64) AppleWebKit/537.36 (KHTML, like Gecko) Chrome/118.0.0.0 Safari/537.36"
158.94.211.12 - - [05/Feb/2026:15:14:47 +0800] "POST /wp-login.php HTTP/1.1" 200 3075 "http://CQQIZHOU.COM/wp-login.php" "Mozilla/5.0 (X11; Ubuntu; Linux x86_64) AppleWebKit/537.36 (KHTML, like Gecko) Chrome/118.0.0.0 Safari/537.36"
36.133.115.36 - - [05/Feb/2026:15:15:17 +0800] "POST /wp-cron.php?doing_wp_cron=1770275717.1965210437774658203125 HTTP/1.1" 200 31 "-" "WordPress/6.9; http://cqqizhou.com"
158.94.211.12 - - [05/Feb/2026:15:15:17 +0800] "POST /wp-login.php HTTP/1.1" 200 3072 "http://CQQIZHOU.COM/wp-login.php" "Mozilla/5.0 (Windows NT 11.0; Win64; x64) AppleWebKit/537.36 (KHTML, like Gecko) Chrome/119.0.0.0 Safari/537.36"
158.94.211.12 - - [05/Feb/2026:15:15:26 +0800] "POST /wp-login.php HTTP/1.1" 200 3071 "http://CQQIZHOU.COM/wp-login.php" "Mozilla/5.0 (Windows NT 10.0; Win64; x64) AppleWebKit/537.36 (KHTML, like Gecko) Chrome/120.0.0.0 Safari/537.36"
158.94.211.12 - - [05/Feb/2026:15:15:34 +0800] "POST /wp-login.php HTTP/1.1" 200 3018 "http://CQQIZHOU.COM/wp-login.php" "Mozilla/5.0 (Macintosh; Intel Mac OS X 13_6_1) AppleWebKit/605.1.15 (KHTML, like Gecko) Version/16.6 Safari/605.1.15"
158.94.211.12 - - [05/Feb/2026:15:16:05 +0800] "POST /wp-login.php HTTP/1.1" 200 3072 "http://CQQIZHOU.COM/wp-login.php" "Mozilla/5.0 (Macintosh; Intel Mac OS X 13_6_1; rv:120.0) Gecko/20100101 Firefox/120.0"
36.133.115.36 - - [05/Feb/2026:15:16:22 +0800] "POST /wp-cron.php?doing_wp_cron=1770275782.0728809833526611328125 HTTP/1.1" 200 31 "-" "WordPress/6.9; http://cqqizhou.com"
158.94.211.12 - - [05/Feb/2026:15:16:22 +0800] "POST /wp-login.php HTTP/1.1" 200 2985 "http://CQQIZHOU.COM/wp-login.php" "Mozilla/5.0 (Macintosh; Intel Mac OS X 10_15_7) AppleWebKit/605.1.15 (KHTML, like Gecko) Version/17.2 Safari/605.1.15"
158.94.211.12 - - [05/Feb/2026:15:16:59 +0800] "POST /wp-login.php HTTP/1.1" 200 3074 "http://CQQIZHOU.COM/wp-login.php" "Mozilla/5.0 (Macintosh; Intel Mac OS X 10_15_7) AppleWebKit/605.1.15 (KHTML, like Gecko) Version/17.0 Safari/605.1.15"
158.94.211.12 - - [05/Feb/2026:15:17:05 +0800] "POST /wp-login.php HTTP/1.1" 200 3078 "http://CQQIZHOU.COM/wp-login.php" "Mozilla/5.0 (Windows NT 10.0; Win64; x64; rv:119.0) Gecko/20100101 Firefox/119.0"
36.133.115.36 - - [05/Feb/2026:15:17:16 +0800] "POST /wp-cron.php?doing_wp_cron=1770275836.2626719474792480468750 HTTP/1.1" 200 31 "-" "WordPress/6.9; http://cqqizhou.com"
158.94.211.12 - - [05/Feb/2026:15:17:16 +0800] "POST /wp-login.php HTTP/1.1" 200 3070 "http://CQQIZHOU.COM/wp-login.php" "Mozilla/5.0 (Windows NT 11.0; Win64; x64; rv:120.0) Gecko/20100101 Firefox/120.0"
