File: /home/logs/cqqizhou_access_2026-02-05.log
104.152.52.244 - - [05/Feb/2026:00:05:15 +0800] "GET / HTTP/1.1" 499 0 "-" "curl/7.61.1"
36.133.115.36 - - [05/Feb/2026:00:05:16 +0800] "POST /wp-cron.php?doing_wp_cron=1770221116.0336649417877197265625 HTTP/1.1" 200 31 "-" "WordPress/6.9; http://cqqizhou.com"
36.133.115.36 - - [05/Feb/2026:00:11:45 +0800] "POST /wp-cron.php?doing_wp_cron=1770221505.7712929248809814453125 HTTP/1.1" 200 31 "-" "WordPress/6.9; http://cqqizhou.com"
43.166.134.47 - - [05/Feb/2026:00:11:45 +0800] "GET / HTTP/1.1" 200 34753 "-" "Mozilla/5.0 (iPhone; CPU iPhone OS 13_2_3 like Mac OS X) AppleWebKit/605.1.15 (KHTML, like Gecko) Version/13.0.3 Mobile/15E148 Safari/604.1"
36.133.115.36 - - [05/Feb/2026:00:25:21 +0800] "POST /wp-cron.php?doing_wp_cron=1770222321.8197579383850097656250 HTTP/1.1" 200 31 "-" "WordPress/6.9; http://cqqizhou.com"
123.58.210.106 - - [05/Feb/2026:00:25:21 +0800] "GET / HTTP/1.1" 301 5 "-" "Mozilla/5.0 (Macintosh; Intel Mac OS X 10_15_7) AppleWebKit/537.36 (KHTML, like Gecko) Chrome/120.0.0.0 Safari/537.36 Edg/120.0.0.0"
123.58.210.106 - - [05/Feb/2026:00:25:40 +0800] "GET /robots.txt HTTP/1.1" 200 190 "-" "Mozilla/5.0 (Macintosh; Intel Mac OS X 10_7_0) AppleWebKit/535.11 (KHTML, like Gecko) Chrome/17.0.963.56 Safari/535.11"
123.58.210.106 - - [05/Feb/2026:00:25:41 +0800] "GET /sitemap.xml HTTP/1.1" 501 253 "-" "Mozilla/5.0 (Macintosh; Intel Mac OS X 10_7_0) AppleWebKit/535.11 (KHTML, like Gecko) Chrome/17.0.963.56 Safari/535.11"
47.95.198.251 - - [05/Feb/2026:00:27:36 +0800] "GET /func/upload/upload_file.php HTTP/1.1" 404 47 "-" "Mozilla/5.0 (Windows NT 10.0; Win64; x64)"
36.133.115.36 - - [05/Feb/2026:00:28:10 +0800] "POST /wp-cron.php?doing_wp_cron=1770222490.8828999996185302734375 HTTP/1.1" 200 31 "-" "WordPress/6.9; http://cqqizhou.com"
42.58.35.28 - - [05/Feb/2026:00:28:10 +0800] "GET /Ly9jcXFpemhvdS5jb20vd3AtY29udGVudC91cGxvYWRzLzIwMjYvMDEvMTc2ODI3NjExOS1xaXpob3VqaWFnb25nX1NsaWRlcl8zODQww5cyMTYwXzIwMjYwMTEzLXNjYWxlZC53ZWJw HTTP/1.1" 404 8949 "-" "Mozilla/5.0 (Windows NT 6.2; WOW64) AppleWebKit/537.36 (KHTML, like Gecko) Chrome/70.0.3538.16"
36.133.115.36 - - [05/Feb/2026:00:36:15 +0800] "POST /wp-cron.php?doing_wp_cron=1770222975.1754989624023437500000 HTTP/1.1" 200 31 "-" "WordPress/6.9; http://cqqizhou.com"
121.233.159.33 - - [05/Feb/2026:00:36:15 +0800] "GET /Ly9jcXFpemhvdS5jb20vd3AtY29udGVudC91cGxvYWRzLzIwMjYvMDEvMTc2ODI4MDI3MC1hbnF1YW5fU2xpZGVyXzM4NDDDlzIxNjBfMjAyNjAxMTQtc2NhbGVkLndlYnA= HTTP/1.1" 404 8951 "-" "Mozilla/5.0 (Windows NT 10.0; Win64; x64) AppleWebKit/537.36 (KHTML, like Gecko) Chrome/84.0.4147.30"
36.133.115.36 - - [05/Feb/2026:00:40:40 +0800] "POST /wp-cron.php?doing_wp_cron=1770223240.1324229240417480468750 HTTP/1.1" 200 31 "-" "WordPress/6.9; http://cqqizhou.com"
160.250.76.27 - - [05/Feb/2026:00:40:40 +0800] "POST /xmlrpc.php HTTP/1.1" 200 217 "-" "Mozilla/5.0 (Windows NT 10.0; WOW64) AppleWebKit/537.43 (KHTML, like Gecko) Chrome/138.0.0.0 Safari/537.36 OPR/122.0.0.0"
146.19.24.133 - - [05/Feb/2026:00:41:05 +0800] "GET /login.asp HTTP/1.1" 301 5 "-" "-"
36.133.115.36 - - [05/Feb/2026:01:02:45 +0800] "POST /wp-cron.php?doing_wp_cron=1770224565.0051980018615722656250 HTTP/1.1" 200 31 "-" "WordPress/6.9; http://cqqizhou.com"
23.234.109.47 - - [05/Feb/2026:01:02:45 +0800] "GET / HTTP/1.1" 301 5 "-" "Mozilla/5.0 zgrab/0.x"
36.133.115.36 - - [05/Feb/2026:01:05:59 +0800] "POST /wp-cron.php?doing_wp_cron=1770224759.1621100902557373046875 HTTP/1.1" 200 31 "-" "WordPress/6.9; http://cqqizhou.com"
162.250.99.9 - - [05/Feb/2026:01:05:59 +0800] "POST /xmlrpc.php HTTP/1.1" 200 217 "-" "Mozilla/5.0 (Windows NT 10.0; Win64; x64) AppleWebKit/537.43 (KHTML, like Gecko) Chrome/137.0.0.0 Safari/537.36 OPR/121.0.0.0"
37.19.223.245 - - [05/Feb/2026:01:11:31 +0800] "GET / HTTP/1.0" 200 158921 "http://cqqizhou.com/" "Mozilla/5.0 (Windows NT 10.0; Win64; x64) AppleWebKit/537.36 (KHTML, like Gecko) Chrome/130.0.0.0 Safari/537.36 CCleaner/130.0.0.0"
37.19.223.245 - - [05/Feb/2026:01:11:32 +0800] "GET /contacts/ HTTP/1.0" 200 76665 "http://cqqizhou.com/contacts/" "Mozilla/5.0 (Windows NT 10.0; Win64; x64) AppleWebKit/537.36 (KHTML, like Gecko) Chrome/130.0.0.0 Safari/537.36 CCleaner/130.0.0.0"
36.133.115.36 - - [05/Feb/2026:01:11:34 +0800] "POST /wp-cron.php?doing_wp_cron=1770225094.2274529933929443359375 HTTP/1.1" 200 31 "-" "WordPress/6.9; http://cqqizhou.com"
37.19.223.245 - - [05/Feb/2026:01:11:35 +0800] "POST /contacts/ HTTP/1.0" 200 69956 "http://cqqizhou.com/contacts/" "Mozilla/5.0 (Windows NT 10.0; Win64; x64) AppleWebKit/537.36 (KHTML, like Gecko) Chrome/130.0.0.0 Safari/537.36 CCleaner/130.0.0.0"
36.133.115.36 - - [05/Feb/2026:01:14:09 +0800] "POST /wp-cron.php?doing_wp_cron=1770225249.9112379550933837890625 HTTP/1.1" 200 31 "-" "WordPress/6.9; http://cqqizhou.com"
117.248.29.49 - - [05/Feb/2026:01:14:14 +0800] "GET /boaform/admin/formLogin?username=adminisp&psd=adminisp HTTP/1.0" 404 31354 "-" "-"
36.133.115.36 - - [05/Feb/2026:01:18:06 +0800] "POST /wp-cron.php?doing_wp_cron=1770225486.5902910232543945312500 HTTP/1.1" 200 31 "-" "WordPress/6.9; http://cqqizhou.com"
43.130.141.193 - - [05/Feb/2026:01:18:06 +0800] "GET / HTTP/1.1" 200 34753 "-" "Mozilla/5.0 (iPhone; CPU iPhone OS 13_2_3 like Mac OS X) AppleWebKit/605.1.15 (KHTML, like Gecko) Version/13.0.3 Mobile/15E148 Safari/604.1"
36.133.108.119 - - [05/Feb/2026:01:24:10 +0800] "HEAD /serverinfo.php HTTP/1.1" 404 0 "-" "Mozilla/5.0 (Windows; U; Windows NT 6.1; en-US) AppleWebKit/533.20.25 (KHTML, like Gecko) Version/5.0.4 Safari/533.20.27"
36.133.115.36 - - [05/Feb/2026:01:33:23 +0800] "POST /wp-cron.php?doing_wp_cron=1770226403.8044500350952148437500 HTTP/1.1" 200 31 "-" "WordPress/6.9; http://cqqizhou.com"
34.131.54.148 - - [05/Feb/2026:01:33:23 +0800] "GET / HTTP/1.1" 301 5 "-" "Go-http-client/1.1"
34.131.54.148 - - [05/Feb/2026:01:33:24 +0800] "GET / HTTP/1.1" 200 35185 "http://36.133.115.36" "Go-http-client/1.1"
36.133.115.36 - - [05/Feb/2026:01:46:29 +0800] "POST /wp-cron.php?doing_wp_cron=1770227189.3601579666137695312500 HTTP/1.1" 200 31 "-" "WordPress/6.9; http://cqqizhou.com"
36.133.108.119 - - [05/Feb/2026:01:46:29 +0800] "HEAD /examples/sdl-first/prisma/.env HTTP/1.1" 404 0 "-" "Mozilla/5.0 (Macintosh; U; Intel Mac OS X 10_5_8; zh-cn) AppleWebKit/533.18.1 (KHTML, like Gecko) Version/5.0.2 Safari/533.18.5"
115.159.33.43 - - [05/Feb/2026:01:46:42 +0800] "GET / HTTP/1.1" 301 5 "-" "Mozilla/5.0 (Windows NT 10.0; Win64; x64) AppleWebKit/537.36 (KHTML, like Gecko) Chrome/79.0.3945.117 Safari/537.36"
36.133.108.119 - - [05/Feb/2026:01:46:51 +0800] "HEAD /script/.env HTTP/1.1" 404 0 "-" "Mozilla/5.0 (Macintosh; Intel Mac OS X 10_8_3) AppleWebKit/537.36 (KHTML, like Gecko) Chrome/27.0.1453.93 Safari/537.36"
36.133.115.36 - - [05/Feb/2026:01:52:54 +0800] "POST /wp-cron.php?doing_wp_cron=1770227574.8493139743804931640625 HTTP/1.1" 200 31 "-" "WordPress/6.9; http://cqqizhou.com"
146.19.24.133 - - [05/Feb/2026:01:52:54 +0800] "GET / HTTP/1.1" 200 34754 "-" "-"
36.133.115.36 - - [05/Feb/2026:01:56:07 +0800] "POST /wp-cron.php?doing_wp_cron=1770227767.0232419967651367187500 HTTP/1.1" 200 31 "-" "WordPress/6.9; http://cqqizhou.com"
103.203.57.3 - - [05/Feb/2026:01:56:07 +0800] "GET / HTTP/1.1" 301 5 "-" "Mozilla/5.0 zgrab/0.x"
36.133.115.36 - - [05/Feb/2026:02:07:40 +0800] "POST /wp-cron.php?doing_wp_cron=1770228460.6048710346221923828125 HTTP/1.1" 200 31 "-" "WordPress/6.9; http://cqqizhou.com"
176.65.148.201 - - [05/Feb/2026:02:07:40 +0800] "GET / HTTP/1.1" 200 34753 "-" "Linux Gnu (cow)"
36.133.115.36 - - [05/Feb/2026:02:10:47 +0800] "POST /wp-cron.php?doing_wp_cron=1770228647.4773459434509277343750 HTTP/1.1" 200 31 "-" "WordPress/6.9; http://cqqizhou.com"
136.111.75.198 - - [05/Feb/2026:02:10:47 +0800] "HEAD /blog/ HTTP/1.1" 404 0 "-" "Mozilla/5.0 (X11; Linux x86_64; rv:127.0) Gecko/20100101 Firefox/127.0"
136.111.75.198 - - [05/Feb/2026:02:10:48 +0800] "HEAD / HTTP/1.1" 200 0 "-" "Mozilla/5.0 (Linux; Android 10; vivo 1904) AppleWebKit/537.36 (KHTML, like Gecko) Chrome/117.0.5938.60 Mobile Safari/537.36"
136.111.75.198 - - [05/Feb/2026:02:10:49 +0800] "HEAD /wordpress/ HTTP/1.1" 404 0 "-" "Mozilla/5.0 (Windows NT 10.0; Win64; x64; rv:127.0) Gecko/20100101 Firefox/127.0"
136.111.75.198 - - [05/Feb/2026:02:10:50 +0800] "HEAD /backup/ HTTP/1.1" 404 0 "-" "Mozilla/5.0 (iPhone; CPU iPhone OS 16_7 like Mac OS X) AppleWebKit/605.1.15 (KHTML, like Gecko) Version/16.7 Mobile/15E148 Safari/604.1"
136.111.75.198 - - [05/Feb/2026:02:10:50 +0800] "HEAD /wp/ HTTP/1.1" 404 0 "-" "Mozilla/5.0 (Linux; Android 11; RMX2195) AppleWebKit/537.36 (KHTML, like Gecko) Chrome/120.0.6099.210 Mobile Safari/537.36 OPR/75.2.3995.72468"
136.111.75.198 - - [05/Feb/2026:02:10:51 +0800] "HEAD /new/ HTTP/1.1" 301 0 "-" "Mozilla/5.0 (Linux; Android 14; SM-A146P) AppleWebKit/537.36 (KHTML, like Gecko) SamsungBrowser/25.0 Chrome/123.0.6312.120 Mobile Safari/537.36"
136.111.75.198 - - [05/Feb/2026:02:10:52 +0800] "HEAD /news/ HTTP/1.1" 200 0 "http://cqqizhou.com/new/" "Mozilla/5.0 (Linux; Android 14; SM-A146P) AppleWebKit/537.36 (KHTML, like Gecko) SamsungBrowser/25.0 Chrome/123.0.6312.120 Mobile Safari/537.36"
136.111.75.198 - - [05/Feb/2026:02:10:53 +0800] "HEAD /old/ HTTP/1.1" 404 0 "-" "Mozilla/5.0 (Linux; Android 13; Infinix X688B) AppleWebKit/537.36 (KHTML, like Gecko) Chrome/124.0.6367.48 Mobile Safari/537.36"
36.133.115.36 - - [05/Feb/2026:02:12:44 +0800] "POST /wp-cron.php?doing_wp_cron=1770228764.5258910655975341796875 HTTP/1.1" 200 31 "-" "WordPress/6.9; http://cqqizhou.com"
193.142.147.209 - - [05/Feb/2026:02:12:45 +0800] "POST / HTTP/1.1" 200 34753 "-" "Mozilla/5.0 (Windows NT 10.0; Win64; x64) AppleWebKit/537.36"
36.133.115.36 - - [05/Feb/2026:02:15:47 +0800] "POST /wp-cron.php?doing_wp_cron=1770228947.6426610946655273437500 HTTP/1.1" 200 31 "-" "WordPress/6.9; http://cqqizhou.com"
24.0.91.203 - - [05/Feb/2026:02:15:47 +0800] "GET / HTTP/1.1" 301 5 "-" "Go-http-client/1.1"
24.0.91.203 - - [05/Feb/2026:02:15:51 +0800] "GET / HTTP/1.1" 200 35185 "http://36.133.115.36" "Go-http-client/1.1"
207.46.13.128 - - [05/Feb/2026:02:17:37 +0800] "GET /wp-content/uploads/2025/12/1765891413-20251209103501.webp HTTP/1.1" 200 24878 "-" "Mozilla/5.0 AppleWebKit/537.36 (KHTML, like Gecko; compatible; bingbot/2.0; +http://www.bing.com/bingbot.htm) Chrome/116.0.1938.76 Safari/537.36"
36.133.115.36 - - [05/Feb/2026:02:19:30 +0800] "POST /wp-cron.php?doing_wp_cron=1770229170.0612349510192871093750 HTTP/1.1" 200 31 "-" "WordPress/6.9; http://cqqizhou.com"
146.19.24.133 - - [05/Feb/2026:02:19:30 +0800] "GET / HTTP/1.1" 200 109842 "-" "-"
36.133.115.36 - - [05/Feb/2026:02:28:56 +0800] "POST /wp-cron.php?doing_wp_cron=1770229736.6757891178131103515625 HTTP/1.1" 200 31 "-" "WordPress/6.9; http://cqqizhou.com"
49.233.45.47 - - [05/Feb/2026:02:28:56 +0800] "GET / HTTP/1.1" 301 5 "-" "Mozilla/5.0 (iPhone; CPU iPhone OS 13_2_3 like Mac OS X) AppleWebKit/605.1.15 (KHTML, like Gecko) Version/13.0.3 Mobile/15E148 Safari/604.1"
49.233.45.47 - - [05/Feb/2026:02:28:59 +0800] "GET / HTTP/1.1" 200 34754 "http://www.cqqizhou.com" "Mozilla/5.0 (iPhone; CPU iPhone OS 13_2_3 like Mac OS X) AppleWebKit/605.1.15 (KHTML, like Gecko) Version/13.0.3 Mobile/15E148 Safari/604.1"
36.133.115.36 - - [05/Feb/2026:02:35:06 +0800] "POST /wp-cron.php?doing_wp_cron=1770230106.3824479579925537109375 HTTP/1.1" 200 31 "-" "WordPress/6.9; http://cqqizhou.com"
123.168.163.15 - - [05/Feb/2026:02:35:06 +0800] "GET / HTTP/1.1" 301 5 "-" "Go-http-client/1.1"
123.168.163.15 - - [05/Feb/2026:02:35:06 +0800] "GET / HTTP/1.1" 200 35185 "http://xa4.shaanxi.cn.antiddos.cspt.fullcone.cn" "Go-http-client/1.1"
36.133.115.36 - - [05/Feb/2026:02:36:28 +0800] "POST /wp-cron.php?doing_wp_cron=1770230188.3292469978332519531250 HTTP/1.1" 200 31 "-" "WordPress/6.9; http://cqqizhou.com"
43.166.129.247 - - [05/Feb/2026:02:36:28 +0800] "GET / HTTP/1.1" 301 5 "-" "Mozilla/5.0 (iPhone; CPU iPhone OS 13_2_3 like Mac OS X) AppleWebKit/605.1.15 (KHTML, like Gecko) Version/13.0.3 Mobile/15E148 Safari/604.1"
43.166.129.247 - - [05/Feb/2026:02:36:30 +0800] "GET / HTTP/1.1" 200 34753 "http://36.133.115.36" "Mozilla/5.0 (iPhone; CPU iPhone OS 13_2_3 like Mac OS X) AppleWebKit/605.1.15 (KHTML, like Gecko) Version/13.0.3 Mobile/15E148 Safari/604.1"
137.184.28.155 - - [05/Feb/2026:02:49:49 +0800] "GET / HTTP/1.1" 200 35185 "-" "Mozilla/5.0 (X11; Linux x86_64; rv:142.0) Gecko/20100101 Firefox/142.0"
183.207.45.95 - - [05/Feb/2026:02:52:11 +0800] "GET / HTTP/1.1" 200 158943 "-" "Mozilla/5.0 (Windows NT 10.0; Win64; x64) AppleWebKit/537.36 (KHTML, like Gecko) Chrome/59.0.3071.104 Safari/537.36"
36.133.115.36 - - [05/Feb/2026:03:12:31 +0800] "POST /wp-cron.php?doing_wp_cron=1770232351.9420969486236572265625 HTTP/1.1" 200 31 "-" "WordPress/6.9; http://cqqizhou.com"
47.128.126.230 - - [05/Feb/2026:03:12:31 +0800] "GET /robots.txt HTTP/1.1" 200 190 "-" "Mozilla/5.0 (Linux; Android 5.0) AppleWebKit/537.36 (KHTML, like Gecko) Mobile Safari/537.36 (compatible; Bytespider; spider-feedback@bytedance.com)"
36.133.115.36 - - [05/Feb/2026:03:13:53 +0800] "POST /wp-cron.php?doing_wp_cron=1770232433.6880550384521484375000 HTTP/1.1" 200 31 "-" "WordPress/6.9; http://cqqizhou.com"
51.75.236.133 - - [05/Feb/2026:03:13:53 +0800] "GET /robots.txt HTTP/1.1" 200 190 "-" "Mozilla/5.0 (compatible; AhrefsBot/7.0; +http://ahrefs.com/robot/)"
37.59.204.156 - - [05/Feb/2026:03:13:57 +0800] "GET /uncategorized/ HTTP/1.1" 200 20346 "-" "Mozilla/5.0 (compatible; AhrefsBot/7.0; +http://ahrefs.com/robot/)"
36.133.115.36 - - [05/Feb/2026:03:26:02 +0800] "POST /wp-cron.php?doing_wp_cron=1770233162.6534779071807861328125 HTTP/1.1" 200 31 "-" "WordPress/6.9; http://cqqizhou.com"
36.133.108.125 - - [05/Feb/2026:03:26:02 +0800] "HEAD /admin-app/.env HTTP/1.1" 404 0 "-" "Mozilla/5.0 (Macintosh; U; Intel Mac OS X 10_6_6; en-gb) AppleWebKit/533.20.25 (KHTML, like Gecko) Version/5.0.4 Safari/533.20.27"
36.133.115.36 - - [05/Feb/2026:03:34:20 +0800] "POST /wp-cron.php?doing_wp_cron=1770233660.7612769603729248046875 HTTP/1.1" 200 31 "-" "WordPress/6.9; http://cqqizhou.com"
193.142.147.209 - - [05/Feb/2026:03:34:21 +0800] "POST / HTTP/1.1" 200 34753 "-" "Mozilla/5.0 (Windows NT 10.0; Win64; x64) AppleWebKit/537.36"
36.133.115.36 - - [05/Feb/2026:03:49:04 +0800] "POST /wp-cron.php?doing_wp_cron=1770234544.7760601043701171875000 HTTP/1.1" 200 31 "-" "WordPress/6.9; http://cqqizhou.com"
40.77.167.24 - - [05/Feb/2026:03:49:04 +0800] "GET /?s= HTTP/1.1" 200 19851 "-" "Mozilla/5.0 AppleWebKit/537.36 (KHTML, like Gecko; compatible; bingbot/2.0; +http://www.bing.com/bingbot.htm) Chrome/116.0.1938.76 Safari/537.36"
36.133.115.36 - - [05/Feb/2026:03:52:45 +0800] "POST /wp-cron.php?doing_wp_cron=1770234765.3432769775390625000000 HTTP/1.1" 200 31 "-" "WordPress/6.9; http://cqqizhou.com"
135.181.180.59 - - [05/Feb/2026:03:52:45 +0800] "GET /robots.txt HTTP/1.1" 200 390 "-" "Mozilla/5.0 (compatible; MJ12bot/v1.4.8; http://mj12bot.com/)"
135.181.180.59 - - [05/Feb/2026:03:52:48 +0800] "GET /portfolio-tag/%E9%9E%8D%E9%92%A2%E8%92%82%E6%A3%AE/ HTTP/1.1" 404 8951 "-" "Mozilla/5.0 (compatible; MJ12bot/v1.4.8; http://mj12bot.com/)"
135.181.180.59 - - [05/Feb/2026:03:52:50 +0800] "GET /portfolio/%E5%86%B7%E8%BD%A7%E5%8D%B7/ HTTP/1.1" 404 8948 "-" "Mozilla/5.0 (compatible; MJ12bot/v1.4.8; http://mj12bot.com/)"
135.181.180.59 - - [05/Feb/2026:03:52:53 +0800] "GET /portfolio/%E5%86%B7%E8%BD%A7%E6%9D%BF/ HTTP/1.1" 404 8951 "-" "Mozilla/5.0 (compatible; MJ12bot/v1.4.8; http://mj12bot.com/)"
135.181.180.59 - - [05/Feb/2026:03:52:55 +0800] "GET /tag/%E5%8D%9A%E8%81%94%E8%BE%BE/ HTTP/1.1" 200 20948 "-" "Mozilla/5.0 (compatible; MJ12bot/v1.4.8; http://mj12bot.com/)"
135.181.180.59 - - [05/Feb/2026:03:52:57 +0800] "GET /tag/%E7%89%A9%E6%B5%81/ HTTP/1.1" 200 20931 "-" "Mozilla/5.0 (compatible; MJ12bot/v1.4.8; http://mj12bot.com/)"
36.133.115.36 - - [05/Feb/2026:03:53:18 +0800] "POST /wp-cron.php?doing_wp_cron=1770234798.6531488895416259765625 HTTP/1.1" 200 31 "-" "WordPress/6.9; http://cqqizhou.com"
24.65.233.27 - - [05/Feb/2026:03:53:18 +0800] "POST /hello.world?%ADd+allow_url_include%3d1+%ADd+auto_prepend_file%3dphp://input HTTP/1.1" 404 31367 "-" "libredtail-http"
24.65.233.27 - - [05/Feb/2026:03:53:23 +0800] "POST /?%ADd+allow_url_include%3d1+%ADd+auto_prepend_file%3dphp://input HTTP/1.1" 200 157284 "-" "libredtail-http"
24.65.233.27 - - [05/Feb/2026:03:53:27 +0800] "GET /vendor/phpunit/phpunit/src/Util/PHP/eval-stdin.php HTTP/1.1" 404 27 "-" "libredtail-http"
24.65.233.27 - - [05/Feb/2026:03:53:29 +0800] "GET /vendor/phpunit/phpunit/Util/PHP/eval-stdin.php HTTP/1.1" 404 27 "-" "libredtail-http"
24.65.233.27 - - [05/Feb/2026:03:53:31 +0800] "GET /vendor/phpunit/src/Util/PHP/eval-stdin.php HTTP/1.1" 404 27 "-" "libredtail-http"
24.65.233.27 - - [05/Feb/2026:03:53:34 +0800] "GET /vendor/phpunit/Util/PHP/eval-stdin.php HTTP/1.1" 404 27 "-" "libredtail-http"
24.65.233.27 - - [05/Feb/2026:03:53:36 +0800] "GET /vendor/phpunit/phpunit/LICENSE/eval-stdin.php HTTP/1.1" 404 27 "-" "libredtail-http"
24.65.233.27 - - [05/Feb/2026:03:53:38 +0800] "GET /vendor/vendor/phpunit/phpunit/src/Util/PHP/eval-stdin.php HTTP/1.1" 404 27 "-" "libredtail-http"
24.65.233.27 - - [05/Feb/2026:03:53:41 +0800] "GET /phpunit/phpunit/src/Util/PHP/eval-stdin.php HTTP/1.1" 404 27 "-" "libredtail-http"
24.65.233.27 - - [05/Feb/2026:03:53:43 +0800] "GET /phpunit/phpunit/Util/PHP/eval-stdin.php HTTP/1.1" 404 27 "-" "libredtail-http"
24.65.233.27 - - [05/Feb/2026:03:53:46 +0800] "GET /phpunit/src/Util/PHP/eval-stdin.php HTTP/1.1" 404 27 "-" "libredtail-http"
24.65.233.27 - - [05/Feb/2026:03:53:49 +0800] "GET /phpunit/Util/PHP/eval-stdin.php HTTP/1.1" 404 27 "-" "libredtail-http"
24.65.233.27 - - [05/Feb/2026:03:53:51 +0800] "GET /lib/phpunit/phpunit/src/Util/PHP/eval-stdin.php HTTP/1.1" 404 27 "-" "libredtail-http"
24.65.233.27 - - [05/Feb/2026:03:53:54 +0800] "GET /lib/phpunit/phpunit/Util/PHP/eval-stdin.php HTTP/1.1" 404 27 "-" "libredtail-http"
24.65.233.27 - - [05/Feb/2026:03:53:56 +0800] "GET /lib/phpunit/src/Util/PHP/eval-stdin.php HTTP/1.1" 404 27 "-" "libredtail-http"
24.65.233.27 - - [05/Feb/2026:03:53:59 +0800] "GET /lib/phpunit/Util/PHP/eval-stdin.php HTTP/1.1" 404 27 "-" "libredtail-http"
24.65.233.27 - - [05/Feb/2026:03:54:02 +0800] "GET /lib/vendor/phpunit/phpunit/src/Util/PHP/eval-stdin.php HTTP/1.1" 404 27 "-" "libredtail-http"
24.65.233.27 - - [05/Feb/2026:03:54:04 +0800] "GET /laravel/vendor/phpunit/phpunit/src/Util/PHP/eval-stdin.php HTTP/1.1" 404 27 "-" "libredtail-http"
24.65.233.27 - - [05/Feb/2026:03:54:06 +0800] "GET /www/vendor/phpunit/phpunit/src/Util/PHP/eval-stdin.php HTTP/1.1" 404 27 "-" "libredtail-http"
24.65.233.27 - - [05/Feb/2026:03:54:09 +0800] "GET /ws/vendor/phpunit/phpunit/src/Util/PHP/eval-stdin.php HTTP/1.1" 404 27 "-" "libredtail-http"
24.65.233.27 - - [05/Feb/2026:03:54:11 +0800] "GET /yii/vendor/phpunit/phpunit/src/Util/PHP/eval-stdin.php HTTP/1.1" 404 27 "-" "libredtail-http"
24.65.233.27 - - [05/Feb/2026:03:54:14 +0800] "GET /zend/vendor/phpunit/phpunit/src/Util/PHP/eval-stdin.php HTTP/1.1" 404 27 "-" "libredtail-http"
24.65.233.27 - - [05/Feb/2026:03:54:17 +0800] "GET /ws/ec/vendor/phpunit/phpunit/src/Util/PHP/eval-stdin.php HTTP/1.1" 404 27 "-" "libredtail-http"
24.65.233.27 - - [05/Feb/2026:03:54:19 +0800] "GET /V2/vendor/phpunit/phpunit/src/Util/PHP/eval-stdin.php HTTP/1.1" 404 27 "-" "libredtail-http"
24.65.233.27 - - [05/Feb/2026:03:54:21 +0800] "GET /tests/vendor/phpunit/phpunit/src/Util/PHP/eval-stdin.php HTTP/1.1" 404 27 "-" "libredtail-http"
24.65.233.27 - - [05/Feb/2026:03:54:24 +0800] "GET /test/vendor/phpunit/phpunit/src/Util/PHP/eval-stdin.php HTTP/1.1" 404 27 "-" "libredtail-http"
24.65.233.27 - - [05/Feb/2026:03:54:27 +0800] "GET /testing/vendor/phpunit/phpunit/src/Util/PHP/eval-stdin.php HTTP/1.1" 404 27 "-" "libredtail-http"
24.65.233.27 - - [05/Feb/2026:03:54:29 +0800] "GET /api/vendor/phpunit/phpunit/src/Util/PHP/eval-stdin.php HTTP/1.1" 404 27 "-" "libredtail-http"
24.65.233.27 - - [05/Feb/2026:03:54:32 +0800] "GET /demo/vendor/phpunit/phpunit/src/Util/PHP/eval-stdin.php HTTP/1.1" 404 27 "-" "libredtail-http"
24.65.233.27 - - [05/Feb/2026:03:54:35 +0800] "GET /cms/vendor/phpunit/phpunit/src/Util/PHP/eval-stdin.php HTTP/1.1" 404 27 "-" "libredtail-http"
24.65.233.27 - - [05/Feb/2026:03:54:37 +0800] "GET /crm/vendor/phpunit/phpunit/src/Util/PHP/eval-stdin.php HTTP/1.1" 404 27 "-" "libredtail-http"
24.65.233.27 - - [05/Feb/2026:03:54:40 +0800] "GET /admin/vendor/phpunit/phpunit/src/Util/PHP/eval-stdin.php HTTP/1.1" 404 27 "-" "libredtail-http"
24.65.233.27 - - [05/Feb/2026:03:54:42 +0800] "GET /backup/vendor/phpunit/phpunit/src/Util/PHP/eval-stdin.php HTTP/1.1" 404 27 "-" "libredtail-http"
24.65.233.27 - - [05/Feb/2026:03:54:45 +0800] "GET /blog/vendor/phpunit/phpunit/src/Util/PHP/eval-stdin.php HTTP/1.1" 404 27 "-" "libredtail-http"
24.65.233.27 - - [05/Feb/2026:03:54:48 +0800] "GET /workspace/drupal/vendor/phpunit/phpunit/src/Util/PHP/eval-stdin.php HTTP/1.1" 404 27 "-" "libredtail-http"
24.65.233.27 - - [05/Feb/2026:03:54:50 +0800] "GET /panel/vendor/phpunit/phpunit/src/Util/PHP/eval-stdin.php HTTP/1.1" 404 27 "-" "libredtail-http"
24.65.233.27 - - [05/Feb/2026:03:54:52 +0800] "GET /public/vendor/phpunit/phpunit/src/Util/PHP/eval-stdin.php HTTP/1.1" 404 27 "-" "libredtail-http"
24.65.233.27 - - [05/Feb/2026:03:54:55 +0800] "GET /apps/vendor/phpunit/phpunit/src/Util/PHP/eval-stdin.php HTTP/1.1" 404 27 "-" "libredtail-http"
24.65.233.27 - - [05/Feb/2026:03:54:58 +0800] "GET /app/vendor/phpunit/phpunit/src/Util/PHP/eval-stdin.php HTTP/1.1" 404 27 "-" "libredtail-http"
36.133.115.36 - - [05/Feb/2026:03:55:01 +0800] "POST /wp-cron.php?doing_wp_cron=1770234901.5785930156707763671875 HTTP/1.1" 200 31 "-" "WordPress/6.9; http://cqqizhou.com"
24.65.233.27 - - [05/Feb/2026:03:55:01 +0800] "GET /index.php?s=/index/\x5Cthink\x5Capp/invokefunction&function=call_user_func_array&vars[0]=md5&vars[1][]=Hello HTTP/1.1" 200 65622 "-" "libredtail-http"
24.65.233.27 - - [05/Feb/2026:03:55:03 +0800] "GET /public/index.php?s=/index/\x5Cthink\x5Capp/invokefunction&function=call_user_func_array&vars[0]=md5&vars[1][]=Hello HTTP/1.1" 404 27 "-" "libredtail-http"
24.65.233.27 - - [05/Feb/2026:03:55:06 +0800] "GET /index.php?lang=../../../../../../../../usr/local/lib/php/pearcmd&+config-create+/&/<?echo(md5(\x22hi\x22));?>+/tmp/index1.php HTTP/1.1" 200 157284 "-" "libredtail-http"
36.133.115.36 - - [05/Feb/2026:03:55:10 +0800] "POST /wp-cron.php?doing_wp_cron=1770234910.5992670059204101562500 HTTP/1.1" 200 31 "-" "WordPress/6.9; http://cqqizhou.com"
24.65.233.27 - - [05/Feb/2026:03:55:10 +0800] "GET /index.php?lang=../../../../../../../../tmp/index1 HTTP/1.1" 200 157284 "-" "libredtail-http"
24.65.233.27 - - [05/Feb/2026:03:55:13 +0800] "GET /containers/json HTTP/1.1" 301 5 "-" "libredtail-http"
36.133.115.36 - - [05/Feb/2026:03:57:02 +0800] "POST /wp-cron.php?doing_wp_cron=1770235022.5758850574493408203125 HTTP/1.1" 200 31 "-" "WordPress/6.9; http://cqqizhou.com"
52.167.144.16 - - [05/Feb/2026:03:57:02 +0800] "GET /?s=2025 HTTP/1.1" 200 19889 "-" "Mozilla/5.0 AppleWebKit/537.36 (KHTML, like Gecko; compatible; bingbot/2.0; +http://www.bing.com/bingbot.htm) Chrome/116.0.1938.76 Safari/537.36"
36.133.115.36 - - [05/Feb/2026:03:58:41 +0800] "POST /wp-cron.php?doing_wp_cron=1770235121.3459761142730712890625 HTTP/1.1" 200 31 "-" "WordPress/6.9; http://cqqizhou.com"
204.76.203.219 - - [05/Feb/2026:03:58:41 +0800] "GET / HTTP/1.1" 200 34753 "-" "Mozilla/5.0 (Windows NT 10.0; Win64; x64) AppleWebKit/537.36 (KHTML, like Gecko) Chrome/90.0.4430.85 Safari/537.36 Edg/90.0.818.46"
36.133.115.36 - - [05/Feb/2026:04:06:19 +0800] "POST /wp-cron.php?doing_wp_cron=1770235579.5967121124267578125000 HTTP/1.1" 200 31 "-" "WordPress/6.9; http://cqqizhou.com"
51.161.193.77 - - [05/Feb/2026:04:06:19 +0800] "POST /xmlrpc.php HTTP/1.1" 200 217 "-" "Mozilla/5.0 (Windows NT 10.0; Win64; x64) AppleWebKit/537.36 (KHTML, like Gecko) Chrome/140.0.0.0 Safari/537.36 Edg/140.0.0.0"
36.133.115.36 - - [05/Feb/2026:04:59:46 +0800] "POST /wp-cron.php?doing_wp_cron=1770238786.7304000854492187500000 HTTP/1.1" 200 31 "-" "WordPress/6.9; http://cqqizhou.com"
193.142.147.209 - - [05/Feb/2026:04:59:47 +0800] "POST / HTTP/1.1" 200 34753 "-" "Mozilla/5.0 (Windows NT 10.0; Win64; x64) AppleWebKit/537.36"
36.133.115.36 - - [05/Feb/2026:05:01:43 +0800] "POST /wp-cron.php?doing_wp_cron=1770238903.2953500747680664062500 HTTP/1.1" 200 31 "-" "WordPress/6.9; http://cqqizhou.com"
43.135.133.194 - - [05/Feb/2026:05:01:43 +0800] "GET / HTTP/1.1" 301 5 "-" "Mozilla/5.0 (iPhone; CPU iPhone OS 13_2_3 like Mac OS X) AppleWebKit/605.1.15 (KHTML, like Gecko) Version/13.0.3 Mobile/15E148 Safari/604.1"
43.135.133.194 - - [05/Feb/2026:05:01:45 +0800] "GET / HTTP/1.1" 200 34753 "http://www.cqqizhou.com" "Mozilla/5.0 (iPhone; CPU iPhone OS 13_2_3 like Mac OS X) AppleWebKit/605.1.15 (KHTML, like Gecko) Version/13.0.3 Mobile/15E148 Safari/604.1"
36.133.115.36 - - [05/Feb/2026:05:15:27 +0800] "POST /wp-cron.php?doing_wp_cron=1770239727.3824670314788818359375 HTTP/1.1" 200 31 "-" "WordPress/6.9; http://cqqizhou.com"
64.225.101.76 - - [05/Feb/2026:05:15:27 +0800] "GET / HTTP/1.1" 301 5 "-" "Mozilla/5.0 (Windows NT 10.0; Win64; x64; rv:109.0) Gecko/20100101 Firefox/118.0"
45.156.128.127 - - [05/Feb/2026:05:15:47 +0800] "GET / HTTP/1.1" 301 5 "-" "Mozilla/5.0 (Windows NT 10.0; Win64; x64) AppleWebKit/537.36 (KHTML, like Gecko) Chrome/60.0.3112.113 Safari/537.36"
45.156.128.41 - - [05/Feb/2026:05:15:48 +0800] "GET / HTTP/1.1" 200 35185 "http://36.133.115.36/" "Mozilla/5.0 (Windows NT 10.0; Win64; x64) AppleWebKit/537.36 (KHTML, like Gecko) Chrome/60.0.3112.113 Safari/537.36"
36.133.115.36 - - [05/Feb/2026:05:42:24 +0800] "POST /wp-cron.php?doing_wp_cron=1770241344.9180409908294677734375 HTTP/1.1" 200 31 "-" "WordPress/6.9; http://cqqizhou.com"
204.76.203.69 - - [05/Feb/2026:05:42:25 +0800] "GET / HTTP/1.1" 200 157284 "-" "-"
36.133.115.36 - - [05/Feb/2026:05:48:56 +0800] "POST /wp-cron.php?doing_wp_cron=1770241736.3062639236450195312500 HTTP/1.1" 200 31 "-" "WordPress/6.9; http://cqqizhou.com"
204.76.203.219 - - [05/Feb/2026:05:48:56 +0800] "GET / HTTP/1.1" 200 34753 "-" "Mozilla/5.0 (Windows NT 10.0; Win64; x64) AppleWebKit/537.36 (KHTML, like Gecko) Chrome/90.0.4430.85 Safari/537.36 Edg/90.0.818.46"
36.133.115.36 - - [05/Feb/2026:05:49:37 +0800] "POST /wp-cron.php?doing_wp_cron=1770241777.4963140487670898437500 HTTP/1.1" 200 31 "-" "WordPress/6.9; http://cqqizhou.com"
36.133.108.125 - - [05/Feb/2026:05:49:37 +0800] "HEAD /example02-golang-package/import-underscore/.env HTTP/1.1" 404 0 "-" "Mozilla/5.0 (Windows NT 6.1; WOW64; rv:31.0) Gecko/20130401 Firefox/31.0"
36.133.115.36 - - [05/Feb/2026:05:58:06 +0800] "POST /wp-cron.php?doing_wp_cron=1770242286.5310940742492675781250 HTTP/1.1" 200 31 "-" "WordPress/6.9; http://cqqizhou.com"
36.133.108.121 - - [05/Feb/2026:05:58:06 +0800] "HEAD /static-root/.env HTTP/1.1" 404 0 "-" "Opera/9.80 (Windows NT 6.1; U; es-ES) Presto/2.9.181 Version/12.00"
36.133.115.36 - - [05/Feb/2026:06:20:32 +0800] "POST /wp-cron.php?doing_wp_cron=1770243632.4572930335998535156250 HTTP/1.1" 200 31 "-" "WordPress/6.9; http://cqqizhou.com"
78.153.140.224 - - [05/Feb/2026:06:20:32 +0800] "GET /.env HTTP/1.1" 404 31367 "-" "Mozilla/5.0 (Linux; U; Android 4.4.4; en-ph; SM-G530H Build/KTU84P) AppleWebKit/534.30 (KHTML, like Gecko) Version/4.0 Mobile Safari/534.30"
78.153.140.224 - - [05/Feb/2026:06:20:34 +0800] "GET /migrations/.env HTTP/1.1" 404 31367 "-" "Mozilla/5.0 (Windows; U; Windows NT 5.1; de; rv:1.9) Gecko/2008052906 Firefox/3.0.1pre"
78.153.140.224 - - [05/Feb/2026:06:20:35 +0800] "GET /laravel/env.php HTTP/1.1" 404 27 "-" "Mozilla/5.0 (Windows NT 6.2) AppleWebKit/537.11 (KHTML, like Gecko) Chrome/23.0.1271.26 Safari/537.11"
36.133.115.36 - - [05/Feb/2026:06:36:02 +0800] "POST /wp-cron.php?doing_wp_cron=1770244562.1216809749603271484375 HTTP/1.1" 200 31 "-" "WordPress/6.9; http://cqqizhou.com"
43.135.145.117 - - [05/Feb/2026:06:36:02 +0800] "GET / HTTP/1.1" 200 34752 "-" "Mozilla/5.0 (iPhone; CPU iPhone OS 13_2_3 like Mac OS X) AppleWebKit/605.1.15 (KHTML, like Gecko) Version/13.0.3 Mobile/15E148 Safari/604.1"
36.133.115.36 - - [05/Feb/2026:06:36:59 +0800] "POST /wp-cron.php?doing_wp_cron=1770244619.4490060806274414062500 HTTP/1.1" 200 31 "-" "WordPress/6.9; http://cqqizhou.com"
89.42.231.200 - - [05/Feb/2026:06:36:59 +0800] "GET /SDK/webLanguage HTTP/1.1" 301 5 "-" "Mozilla/5.0 (Windows NT 10.0; Win64; x64) AppleWebKit/537.36 (KHTML, like Gecko) Chrome/90.0.4430.85 Safari/537.36 Edg/90.0.818.46"
36.133.115.36 - - [05/Feb/2026:06:46:20 +0800] "POST /wp-cron.php?doing_wp_cron=1770245180.0239140987396240234375 HTTP/1.1" 200 31 "-" "WordPress/6.9; http://cqqizhou.com"
79.124.40.174 - - [05/Feb/2026:06:46:20 +0800] "GET /actuator/gateway/routes HTTP/1.1" 301 5 "-" "Mozilla/5.0 (Windows NT 10.0; Win64; x64) AppleWebKit/537.36 (KHTML, like Gecko) Chrome/78.0.3904.108 Safari/537.36"
79.124.40.174 - - [05/Feb/2026:06:46:21 +0800] "GET /actuator/gateway/routes HTTP/1.1" 404 8950 "http://36.133.115.36:80/actuator/gateway/routes" "Mozilla/5.0 (Windows NT 10.0; Win64; x64) AppleWebKit/537.36 (KHTML, like Gecko) Chrome/78.0.3904.108 Safari/537.36"
36.133.115.36 - - [05/Feb/2026:06:54:13 +0800] "POST /wp-cron.php?doing_wp_cron=1770245653.1463539600372314453125 HTTP/1.1" 200 31 "-" "WordPress/6.9; http://cqqizhou.com"
193.142.147.209 - - [05/Feb/2026:06:54:13 +0800] "POST / HTTP/1.1" 200 34752 "-" "Mozilla/5.0 (Windows NT 10.0; Win64; x64) AppleWebKit/537.36"
52.167.144.23 - - [05/Feb/2026:06:59:12 +0800] "GET /2464/ HTTP/1.1" 200 23491 "-" "Mozilla/5.0 AppleWebKit/537.36 (KHTML, like Gecko; compatible; bingbot/2.0; +http://www.bing.com/bingbot.htm) Chrome/116.0.1938.76 Safari/537.36"
36.133.115.36 - - [05/Feb/2026:07:13:09 +0800] "POST /wp-cron.php?doing_wp_cron=1770246789.9458398818969726562500 HTTP/1.1" 200 31 "-" "WordPress/6.9; http://cqqizhou.com"
36.133.108.119 - - [05/Feb/2026:07:13:09 +0800] "HEAD /test/fixtures/app_types/rails/.env HTTP/1.1" 404 0 "-" "Mozilla/5.0 (X11; Linux x86_64) AppleWebKit/537.36 (KHTML, like Gecko) Chrome/41.0.2227.0 Safari/537.36"
36.133.115.36 - - [05/Feb/2026:07:16:50 +0800] "POST /wp-cron.php?doing_wp_cron=1770247010.2505838871002197265625 HTTP/1.1" 200 31 "-" "WordPress/6.9; http://cqqizhou.com"
93.94.106.0 - - [05/Feb/2026:07:16:50 +0800] "POST /xmlrpc.php HTTP/1.1" 200 217 "-" "Mozilla/5.0 (Windows NT 10.0; WOW64) AppleWebKit/537.36 (KHTML, like Gecko) Chrome/141.0.0.0 Safari/537.36 Edg/141.0.0.0"
36.133.115.36 - - [05/Feb/2026:07:31:35 +0800] "POST /wp-cron.php?doing_wp_cron=1770247895.4441330432891845703125 HTTP/1.1" 200 31 "-" "WordPress/6.9; http://cqqizhou.com"
204.76.203.69 - - [05/Feb/2026:07:31:35 +0800] "GET / HTTP/1.1" 301 5 "-" "Mozilla/5.0 (Windows NT 10.0; Win64; x64) AppleWebKit/537.36 (KHTML, like Gecko) Chrome/90.0.4430.85 Safari/537.36 Edg/90.0.818.46"
36.133.115.36 - - [05/Feb/2026:07:38:32 +0800] "POST /wp-cron.php?doing_wp_cron=1770248312.6350591182708740234375 HTTP/1.1" 200 31 "-" "WordPress/6.9; http://cqqizhou.com"
204.76.203.219 - - [05/Feb/2026:07:38:32 +0800] "GET / HTTP/1.1" 200 34751 "-" "Mozilla/5.0 (Windows NT 10.0; Win64; x64) AppleWebKit/537.36 (KHTML, like Gecko) Chrome/90.0.4430.85 Safari/537.36 Edg/90.0.818.46"
36.133.115.36 - - [05/Feb/2026:07:40:01 +0800] "POST /wp-cron.php?doing_wp_cron=1770248400.9743349552154541015625 HTTP/1.1" 200 31 "-" "WordPress/6.9; http://cqqizhou.com"
17.241.227.23 - - [05/Feb/2026:07:40:01 +0800] "GET /robots.txt HTTP/1.1" 200 190 "-" "Mozilla/5.0 (Macintosh; Intel Mac OS X 10_15_7) AppleWebKit/605.1.15 (KHTML, like Gecko) Version/17.4 Safari/605.1.15 (Applebot/0.1; +http://www.apple.com/go/applebot)"
17.241.227.23 - - [05/Feb/2026:07:40:01 +0800] "GET /portfolio-category/cold-rolled-coil/ HTTP/1.1" 404 8950 "-" "Mozilla/5.0 (Macintosh; Intel Mac OS X 10_15_7) AppleWebKit/605.1.15 (KHTML, like Gecko) Version/17.4 Safari/605.1.15 (Applebot/0.1; +http://www.apple.com/go/applebot)"
36.133.115.36 - - [05/Feb/2026:07:57:00 +0800] "POST /wp-cron.php?doing_wp_cron=1770249420.2628109455108642578125 HTTP/1.1" 200 31 "-" "WordPress/6.9; http://cqqizhou.com"
193.142.147.209 - - [05/Feb/2026:07:57:00 +0800] "POST / HTTP/1.1" 200 34752 "-" "Mozilla/5.0 (Windows NT 10.0; Win64; x64) AppleWebKit/537.36"
36.133.115.36 - - [05/Feb/2026:08:13:42 +0800] "POST /wp-cron.php?doing_wp_cron=1770250422.3179678916931152343750 HTTP/1.1" 200 31 "-" "WordPress/6.9; http://cqqizhou.com"
205.210.31.79 - - [05/Feb/2026:08:13:42 +0800] "GET / HTTP/1.0" 301 0 "-" "Hello from Palo Alto Networks, find out more about our scans in https://docs-cortex.paloaltonetworks.com/r/1/Cortex-Xpanse/Scanning-activity"
36.133.115.36 - - [05/Feb/2026:08:22:36 +0800] "POST /wp-cron.php?doing_wp_cron=1770250956.5733098983764648437500 HTTP/1.1" 200 31 "-" "WordPress/6.9; http://cqqizhou.com"
81.30.217.149 - - [05/Feb/2026:08:22:37 +0800] "GET / HTTP/1.1" 200 157284 "-" "Mozilla/5.0 (Windows NT 10.0; WOW64) AppleWebKit/537.36 (KHTML, like Gecko) Chrome/51.0.2704.103 Safari/537.36"
36.133.115.36 - - [05/Feb/2026:08:26:49 +0800] "POST /wp-cron.php?doing_wp_cron=1770251209.2003540992736816406250 HTTP/1.1" 200 31 "-" "WordPress/6.9; http://cqqizhou.com"
43.153.73.200 - - [05/Feb/2026:08:26:49 +0800] "GET / HTTP/1.1" 200 34753 "-" "Mozilla/5.0 (iPhone; CPU iPhone OS 13_2_3 like Mac OS X) AppleWebKit/605.1.15 (KHTML, like Gecko) Version/13.0.3 Mobile/15E148 Safari/604.1"
36.133.115.36 - - [05/Feb/2026:08:50:22 +0800] "POST /wp-cron.php?doing_wp_cron=1770252622.2457261085510253906250 HTTP/1.1" 200 31 "-" "WordPress/6.9; http://cqqizhou.com"
182.42.110.255 - - [05/Feb/2026:08:50:22 +0800] "GET / HTTP/1.1" 200 34753 "-" "Mozilla/5.0 (iPhone; CPU iPhone OS 13_2_3 like Mac OS X) AppleWebKit/605.1.15 (KHTML, like Gecko) Version/13.0.3 Mobile/15E148 Safari/604.1"
36.133.115.36 - - [05/Feb/2026:08:54:14 +0800] "POST /wp-cron.php?doing_wp_cron=1770252854.4647569656372070312500 HTTP/1.1" 200 31 "-" "WordPress/6.9; http://cqqizhou.com"
49.51.178.45 - - [05/Feb/2026:08:54:14 +0800] "GET / HTTP/1.1" 301 5 "-" "Mozilla/5.0 (iPhone; CPU iPhone OS 13_2_3 like Mac OS X) AppleWebKit/605.1.15 (KHTML, like Gecko) Version/13.0.3 Mobile/15E148 Safari/604.1"
49.51.178.45 - - [05/Feb/2026:08:54:16 +0800] "GET / HTTP/1.1" 200 34753 "http://36.133.115.36" "Mozilla/5.0 (iPhone; CPU iPhone OS 13_2_3 like Mac OS X) AppleWebKit/605.1.15 (KHTML, like Gecko) Version/13.0.3 Mobile/15E148 Safari/604.1"
36.133.115.36 - - [05/Feb/2026:09:02:09 +0800] "POST /wp-cron.php?doing_wp_cron=1770253329.4981040954589843750000 HTTP/1.1" 200 31 "-" "WordPress/6.9; http://cqqizhou.com"
36.133.108.119 - - [05/Feb/2026:09:02:09 +0800] "HEAD /HUNIV_migration/.env HTTP/1.1" 404 0 "-" "Mozilla/5.0 (Windows; U; Windows NT 6.1; en-US) AppleWebKit/533.20.25 (KHTML, like Gecko) Version/5.0.4 Safari/533.20.27"
175.146.2.101 - - [05/Feb/2026:09:14:50 +0800] "GET http://cqqizhou.com/2339/ HTTP/1.1" 200 24490 "-" "Mozilla/5.0 (Windows NT 10.0; Win64; x64) AppleWebKit/537.36 (KHTML, like Gecko) Chrome/107.0.0.0 Safari/537.36"
36.133.115.36 - - [05/Feb/2026:09:17:31 +0800] "POST /wp-cron.php?doing_wp_cron=1770254251.6595768928527832031250 HTTP/1.1" 200 31 "-" "WordPress/6.9; http://cqqizhou.com"
45.194.92.11 - - [05/Feb/2026:09:17:31 +0800] "GET /dispatch.asp HTTP/1.1" 301 5 "-" "Mozilla/5.0 (Windows NT 10.0; Win64; x64) AppleWebKit/537.36 (KHTML, like Gecko) Chrome/90.0.4430.85 Safari/537.36 Edg/90.0.818.46"
36.133.115.36 - - [05/Feb/2026:09:26:31 +0800] "POST /wp-cron.php?doing_wp_cron=1770254791.7793049812316894531250 HTTP/1.1" 200 31 "-" "WordPress/6.9; http://cqqizhou.com"
204.76.203.219 - - [05/Feb/2026:09:26:31 +0800] "GET / HTTP/1.1" 200 34753 "-" "Mozilla/5.0 (Windows NT 10.0; Win64; x64) AppleWebKit/537.36 (KHTML, like Gecko) Chrome/90.0.4430.85 Safari/537.36 Edg/90.0.818.46"
36.133.115.36 - - [05/Feb/2026:09:28:35 +0800] "POST /wp-cron.php?doing_wp_cron=1770254915.4223470687866210937500 HTTP/1.1" 200 31 "-" "WordPress/6.9; http://cqqizhou.com"
193.142.147.209 - - [05/Feb/2026:09:28:36 +0800] "POST / HTTP/1.1" 200 34753 "-" "Mozilla/5.0 (Windows NT 10.0; Win64; x64) AppleWebKit/537.36"
51.68.111.205 - - [05/Feb/2026:09:29:05 +0800] "GET /robots.txt HTTP/1.1" 200 190 "-" "Mozilla/5.0 (compatible; MJ12bot/v2.0.4; http://mj12bot.com/)"
51.68.111.205 - - [05/Feb/2026:09:29:05 +0800] "GET / HTTP/1.1" 200 35185 "-" "Mozilla/5.0 (compatible; MJ12bot/v2.0.4; http://mj12bot.com/)"
36.133.115.36 - - [05/Feb/2026:09:43:39 +0800] "POST /wp-cron.php?doing_wp_cron=1770255819.3644490242004394531250 HTTP/1.1" 200 31 "-" "WordPress/6.9; http://cqqizhou.com"
85.217.161.247 - - [05/Feb/2026:09:43:39 +0800] "GET / HTTP/1.1" 301 5 "-" "Go-http-client/1.1"
85.217.161.247 - - [05/Feb/2026:09:43:40 +0800] "GET / HTTP/1.1" 200 35185 "http://36.133.115.36" "Go-http-client/1.1"
167.99.182.49 - - [05/Feb/2026:09:52:07 +0800] "POST /xmlrpc.php HTTP/1.1" 200 217 "-" "Mozilla/5.0 (Windows NT 10.0; WOW64) AppleWebKit/537.36 (KHTML, like Gecko) Chrome/137.0.0.0 Safari/537.36 Edg/137.0.0.0"
36.133.115.36 - - [05/Feb/2026:09:56:36 +0800] "POST /wp-cron.php?doing_wp_cron=1770256596.2495338916778564453125 HTTP/1.1" 200 31 "-" "WordPress/6.9; http://cqqizhou.com"
185.16.39.146 - - [05/Feb/2026:09:56:37 +0800] "GET / HTTP/1.1" 200 157284 "-" "Wget"
124.135.229.3 - - [05/Feb/2026:10:20:31 +0800] "GET /2215/ HTTP/1.1" 200 23884 "-" "Mozilla/5.0 (Windows NT 10.0; Win64; x64) AppleWebKit/537.36 (KHTML, like Gecko) Chrome/104.0.0.0 Safari/537.36"
36.133.115.36 - - [05/Feb/2026:10:22:28 +0800] "POST /wp-cron.php?doing_wp_cron=1770258147.9716389179229736328125 HTTP/1.1" 200 31 "-" "WordPress/6.9; http://cqqizhou.com"
204.76.203.219 - - [05/Feb/2026:10:22:28 +0800] "GET / HTTP/1.1" 200 34753 "-" "Mozilla/5.0 (Windows NT 10.0; Win64; x64) AppleWebKit/537.36 (KHTML, like Gecko) Chrome/90.0.4430.85 Safari/537.36 Edg/90.0.818.46"
36.133.115.36 - - [05/Feb/2026:10:26:25 +0800] "POST /wp-cron.php?doing_wp_cron=1770258385.1868429183959960937500 HTTP/1.1" 200 31 "-" "WordPress/6.9; http://cqqizhou.com"
204.76.203.18 - - [05/Feb/2026:10:26:25 +0800] "GET / HTTP/1.1" 200 157284 "-" "-"
204.76.203.18 - - [05/Feb/2026:10:26:27 +0800] "GET / HTTP/1.1" 200 157284 "-" "-"
204.76.203.18 - - [05/Feb/2026:10:26:39 +0800] "GET / HTTP/1.1" 200 157284 "-" "-"
204.76.203.18 - - [05/Feb/2026:10:26:41 +0800] "GET / HTTP/1.1" 200 157284 "-" "-"
153.101.207.55 - - [05/Feb/2026:10:30:25 +0800] "GET /industry/ HTTP/1.1" 200 22467 "-" "Mozilla/5.0 (Macintosh; Intel Mac OS X 10_15_7) AppleWebKit/537.36 (KHTML, like Gecko) Chrome/120.0.0.0 Safari/537.36"
36.156.75.187 - - [05/Feb/2026:10:30:25 +0800] "GET /logistics/ HTTP/1.1" 200 30857 "-" "Mozilla/5.0 (Macintosh; Intel Mac OS X 10_15_7) AppleWebKit/537.36 (KHTML, like Gecko) Chrome/120.0.0.0 Safari/537.36"
101.26.37.35 - - [05/Feb/2026:10:30:25 +0800] "GET / HTTP/1.1" 200 35185 "-" "Mozilla/5.0 (Macintosh; Intel Mac OS X 10_15_7) AppleWebKit/537.36 (KHTML, like Gecko) Chrome/120.0.0.0 Safari/537.36"
111.180.138.194 - - [05/Feb/2026:10:30:25 +0800] "GET /logistics/ HTTP/1.1" 200 30857 "-" "Mozilla/5.0 (X11; Linux x86_64) AppleWebKit/537.36 (KHTML, like Gecko) Chrome/122.0.0.0 Safari/537.36 Edg/122.0.0.0"
61.147.225.200 - - [05/Feb/2026:10:30:25 +0800] "GET /industry/ HTTP/1.1" 200 22467 "-" "Mozilla/5.0 (Windows NT 10.0; Win64; x64) AppleWebKit/537.36 (KHTML, like Gecko) Chrome/116.0.5845.97 Safari/537.36 Core/1.116.454.400 QQBrowser/13.2.6147.400"
60.28.125.142 - - [05/Feb/2026:10:30:25 +0800] "GET / HTTP/1.1" 200 35185 "-" "Mozilla/5.0 (Windows NT 6.1; Win64; x64) AppleWebKit/537.36 (KHTML, like Gecko) Chrome/107.0.0.0 Safari/537.36 MicroMessenger/7.0.20.1781(0x6700143B) NetType/WIFI MiniProgramEnv/Windows WindowsWechat/WMPF WindowsWechat(0x63090819) XWEB/8555"
36.133.115.36 - - [05/Feb/2026:10:30:25 +0800] "POST /wp-cron.php?doing_wp_cron=1770258625.8003470897674560546875 HTTP/1.1" 200 31 "-" "WordPress/6.9; http://cqqizhou.com"
42.81.148.96 - - [05/Feb/2026:10:30:25 +0800] "GET /services/ HTTP/1.1" 200 31628 "-" "Mozilla/5.0 (Macintosh; Intel Mac OS X 10_15_7) AppleWebKit/537.36 (KHTML, like Gecko) Chrome/120.0.0.0 Safari/537.36"
122.247.217.182 - - [05/Feb/2026:10:30:26 +0800] "GET /services/ HTTP/1.1" 200 31647 "-" "Mozilla/5.0 (X11; U; Linux x86_64) AppleWebKit/537.36 (KHTML, like Gecko) Chrome/128.0.0.0 Safari/537.36"
101.71.76.95 - - [05/Feb/2026:10:30:30 +0800] "GET /wp-json/contact-form-7/v1/contact-forms/1444/feedback/schema HTTP/1.1" 200 270 "http://cqqizhou.com/logistics/" "Mozilla/5.0 (X11; Linux x86_64) AppleWebKit/537.36 (KHTML, like Gecko) Chrome/122.0.0.0 Safari/537.36 Edg/122.0.0.0"
111.180.136.249 - - [05/Feb/2026:10:30:30 +0800] "GET /wp-json/contact-form-7/v1/contact-forms/1444/refill HTTP/1.1" 200 33 "http://cqqizhou.com/logistics/" "Mozilla/5.0 (X11; Linux x86_64) AppleWebKit/537.36 (KHTML, like Gecko) Chrome/122.0.0.0 Safari/537.36 Edg/122.0.0.0"
117.182.108.22 - - [05/Feb/2026:10:30:50 +0800] "GET /contacts/ HTTP/1.1" 200 21561 "-" "Mozilla/5.0 (Windows NT 10.0; Win64; x64) AppleWebKit/537.36 (KHTML, like Gecko) Chrome/136.0.0.0 Safari/537.36"
123.180.225.247 - - [05/Feb/2026:10:31:28 +0800] "GET /contacts/ HTTP/1.1" 499 0 "-" "Mozilla/5.0 (Windows NT 10.0; Win64; x64) AppleWebKit/537.36 (KHTML, like Gecko) Chrome/136.0.0.0 Safari/537.36"
125.68.13.0 - - [05/Feb/2026:10:31:29 +0800] "GET /contacts/ HTTP/1.1" 200 21561 "http://cqqizhou.com/contacts/" "Mozilla/5.0 (Windows NT 10.0; Win64; x64) AppleWebKit/537.36 (KHTML, like Gecko) Chrome/136.0.0.0 Safari/537.36"
60.210.69.37 - - [05/Feb/2026:10:31:29 +0800] "GET /contacts/ HTTP/1.1" 200 21561 "http://cqqizhou.com/contacts/" "Mozilla/5.0 (Windows NT 10.0; Win64; x64) AppleWebKit/537.36 (KHTML, like Gecko) Chrome/136.0.0.0 Safari/537.36"
171.118.48.155 - - [05/Feb/2026:10:31:37 +0800] "GET /contacts/ HTTP/1.1" 499 0 "-" "Mozilla/5.0 (Windows NT 10.0; Win64; x64) AppleWebKit/537.36 (KHTML, like Gecko) Chrome/136.0.0.0 Safari/537.36"
222.133.69.253 - - [05/Feb/2026:10:31:39 +0800] "GET /contacts/ HTTP/1.1" 200 21561 "http://cqqizhou.com/contacts/" "Mozilla/5.0 (Windows NT 10.0; Win64; x64) AppleWebKit/537.36 (KHTML, like Gecko) Chrome/136.0.0.0 Safari/537.36"
221.197.222.75 - - [05/Feb/2026:10:31:39 +0800] "GET /contacts/ HTTP/1.1" 200 21561 "-" "Mozilla/5.0 (Windows NT 10.0; Win64; x64) AppleWebKit/537.36 (KHTML, like Gecko) Chrome/136.0.0.0 Safari/537.36"
36.133.115.36 - - [05/Feb/2026:10:33:55 +0800] "POST /wp-cron.php?doing_wp_cron=1770258835.8564360141754150390625 HTTP/1.1" 200 31 "-" "WordPress/6.9; http://cqqizhou.com"
121.237.36.29 - - [05/Feb/2026:10:33:55 +0800] "GET / HTTP/1.1" 200 34753 "-" "Mozilla/5.0 (Linux; U; Android 8.1.0; zh-cn; vivo Z1 Build/OPM1.171019.011) AppleWebKit/537.36 (KHTML, like Gecko) Version/4.0 Chrome/57.0.2987.132 MQQBrowser/8.6 Mobile Safari/537.36"
121.237.36.30 - - [05/Feb/2026:10:41:39 +0800] "GET / HTTP/1.1" 200 35185 "-" "Mozilla/5.0 (Macintosh; Intel Mac OS X 10_11) AppleWebKit/601.1.27 (KHTML, like Gecko) Chrome/47.0.2526.106 Safari/601.1.27"
117.181.225.41 - - [05/Feb/2026:10:55:07 +0800] "GET http://cqqizhou.com/material.html HTTP/1.1" 200 6459 "-" "Mozilla/5.0 (Windows NT 10.0; Win64; x64) AppleWebKit/537.36 (KHTML, like Gecko) Chrome/107.0.0.0 Safari/537.36"
117.182.17.25 - - [05/Feb/2026:10:55:18 +0800] "GET http://cqqizhou.com/material.html HTTP/1.1" 200 6459 "-" "Mozilla/5.0 (Windows NT 10.0; Win64; x64) AppleWebKit/537.36 (KHTML, like Gecko) Chrome/107.0.0.0 Safari/537.36"
36.133.115.36 - - [05/Feb/2026:11:02:55 +0800] "POST /wp-cron.php?doing_wp_cron=1770260575.2764110565185546875000 HTTP/1.1" 200 31 "-" "WordPress/6.9; http://cqqizhou.com"
193.142.147.209 - - [05/Feb/2026:11:02:55 +0800] "POST / HTTP/1.1" 200 34753 "-" "Mozilla/5.0 (Windows NT 10.0; Win64; x64) AppleWebKit/537.36"
180.163.28.109 - - [05/Feb/2026:11:08:06 +0800] "GET /2440/ HTTP/1.1" 200 21759 "-" "Mozilla/5.0 (Windows NT 10.0; Win64; x64) AppleWebKit/537.36 (KHTML, like Gecko) Chrome/135.0.0.0 Safari/537.36"
14.108.233.63 - - [05/Feb/2026:11:08:06 +0800] "GET /2440/ HTTP/1.1" 200 21759 "-" "Mozilla/5.0 (Windows NT 10.0; Win64; x64) AppleWebKit/537.36 (KHTML, like Gecko) Chrome/132.0.0.0 Safari/537.36 NetType/WIFI MicroMessenger/7.0.20.1781(0x6700143B) WindowsWechat(0x63090a13) UnifiedPCWindowsWechat(0xf254160e) XWEB/18055 Flue"
14.108.233.63 - - [05/Feb/2026:11:08:06 +0800] "GET /wp-content/uploads/2025/07/1753410289-News2000%C3%97400_202571.webp HTTP/1.1" 200 17830 "http://cqqizhou.com/2440/" "Mozilla/5.0 (Windows NT 10.0; Win64; x64) AppleWebKit/537.36 (KHTML, like Gecko) Chrome/132.0.0.0 Safari/537.36 NetType/WIFI MicroMessenger/7.0.20.1781(0x6700143B) WindowsWechat(0x63090a13) UnifiedPCWindowsWechat(0xf254160e) XWEB/18055 Flue"
14.108.233.63 - - [05/Feb/2026:11:08:06 +0800] "GET /wp-content/uploads/2026/01/1768527483-Article_images_W900%C3%97500px202601161.webp HTTP/1.1" 200 33780 "http://cqqizhou.com/2440/" "Mozilla/5.0 (Windows NT 10.0; Win64; x64) AppleWebKit/537.36 (KHTML, like Gecko) Chrome/132.0.0.0 Safari/537.36 NetType/WIFI MicroMessenger/7.0.20.1781(0x6700143B) WindowsWechat(0x63090a13) UnifiedPCWindowsWechat(0xf254160e) XWEB/18055 Flue"
14.108.233.63 - - [05/Feb/2026:11:08:06 +0800] "GET /wp-content/uploads/2026/01/1768527484-Article_images_W900%C3%97500px202601162.webp HTTP/1.1" 200 20598 "http://cqqizhou.com/2440/" "Mozilla/5.0 (Windows NT 10.0; Win64; x64) AppleWebKit/537.36 (KHTML, like Gecko) Chrome/132.0.0.0 Safari/537.36 NetType/WIFI MicroMessenger/7.0.20.1781(0x6700143B) WindowsWechat(0x63090a13) UnifiedPCWindowsWechat(0xf254160e) XWEB/18055 Flue"
14.108.233.63 - - [05/Feb/2026:11:08:06 +0800] "GET /wp-content/uploads/2026/01/1768527484-Article_images_W900%C3%97500px202601163.webp HTTP/1.1" 200 79498 "http://cqqizhou.com/2440/" "Mozilla/5.0 (Windows NT 10.0; Win64; x64) AppleWebKit/537.36 (KHTML, like Gecko) Chrome/132.0.0.0 Safari/537.36 NetType/WIFI MicroMessenger/7.0.20.1781(0x6700143B) WindowsWechat(0x63090a13) UnifiedPCWindowsWechat(0xf254160e) XWEB/18055 Flue"
14.108.233.63 - - [05/Feb/2026:11:08:06 +0800] "GET /wp-content/uploads/2026/01/1769511379-Article_images_W900%C3%97500px202601271.webp HTTP/1.1" 200 67912 "http://cqqizhou.com/2440/" "Mozilla/5.0 (Windows NT 10.0; Win64; x64) AppleWebKit/537.36 (KHTML, like Gecko) Chrome/132.0.0.0 Safari/537.36 NetType/WIFI MicroMessenger/7.0.20.1781(0x6700143B) WindowsWechat(0x63090a13) UnifiedPCWindowsWechat(0xf254160e) XWEB/18055 Flue"
14.108.233.63 - - [05/Feb/2026:11:08:06 +0800] "GET /wp-content/uploads/2025/12/1766647832-Article_images_W900%C3%97500px20251225.webp HTTP/1.1" 200 44582 "http://cqqizhou.com/2440/" "Mozilla/5.0 (Windows NT 10.0; Win64; x64) AppleWebKit/537.36 (KHTML, like Gecko) Chrome/132.0.0.0 Safari/537.36 NetType/WIFI MicroMessenger/7.0.20.1781(0x6700143B) WindowsWechat(0x63090a13) UnifiedPCWindowsWechat(0xf254160e) XWEB/18055 Flue"
14.108.233.63 - - [05/Feb/2026:11:08:06 +0800] "GET /wp-content/uploads/2025/07/1751425283-qizhou.kf_.qq_.com_.webp HTTP/1.1" 200 16864 "http://cqqizhou.com/2440/" "Mozilla/5.0 (Windows NT 10.0; Win64; x64) AppleWebKit/537.36 (KHTML, like Gecko) Chrome/132.0.0.0 Safari/537.36 NetType/WIFI MicroMessenger/7.0.20.1781(0x6700143B) WindowsWechat(0x63090a13) UnifiedPCWindowsWechat(0xf254160e) XWEB/18055 Flue"
14.108.233.63 - - [05/Feb/2026:11:08:22 +0800] "GET /news/ HTTP/1.1" 200 25788 "http://cqqizhou.com/2440/" "Mozilla/5.0 (Windows NT 10.0; Win64; x64) AppleWebKit/537.36 (KHTML, like Gecko) Chrome/132.0.0.0 Safari/537.36 NetType/WIFI MicroMessenger/7.0.20.1781(0x6700143B) WindowsWechat(0x63090a13) UnifiedPCWindowsWechat(0xf254160e) XWEB/18055 Flue"
14.108.233.63 - - [05/Feb/2026:11:08:22 +0800] "GET /wp-content/uploads/2025/07/1753454089-Article_images_W900px.webp HTTP/1.1" 200 27552 "http://cqqizhou.com/news/" "Mozilla/5.0 (Windows NT 10.0; Win64; x64) AppleWebKit/537.36 (KHTML, like Gecko) Chrome/132.0.0.0 Safari/537.36 NetType/WIFI MicroMessenger/7.0.20.1781(0x6700143B) WindowsWechat(0x63090a13) UnifiedPCWindowsWechat(0xf254160e) XWEB/18055 Flue"
14.108.233.63 - - [05/Feb/2026:11:08:22 +0800] "GET /wp-content/uploads/2026/01/1767691466-Article_images_W900%C3%97500px202601061.webp HTTP/1.1" 200 56014 "http://cqqizhou.com/news/" "Mozilla/5.0 (Windows NT 10.0; Win64; x64) AppleWebKit/537.36 (KHTML, like Gecko) Chrome/132.0.0.0 Safari/537.36 NetType/WIFI MicroMessenger/7.0.20.1781(0x6700143B) WindowsWechat(0x63090a13) UnifiedPCWindowsWechat(0xf254160e) XWEB/18055 Flue"
14.108.233.63 - - [05/Feb/2026:11:08:22 +0800] "GET /wp-content/uploads/revslider/slider-1/1750861156-logistics_Slider_3840%C3%972160_20250625191356-scaled-2048x1152.webp HTTP/1.1" 200 121796 "http://cqqizhou.com/news/" "Mozilla/5.0 (Windows NT 10.0; Win64; x64) AppleWebKit/537.36 (KHTML, like Gecko) Chrome/132.0.0.0 Safari/537.36 NetType/WIFI MicroMessenger/7.0.20.1781(0x6700143B) WindowsWechat(0x63090a13) UnifiedPCWindowsWechat(0xf254160e) XWEB/18055 Flue"
14.108.233.63 - - [05/Feb/2026:11:08:22 +0800] "GET /wp-content/uploads/2025/12/1766064629-Article_images_20251218212623.webp HTTP/1.1" 200 20366 "http://cqqizhou.com/news/" "Mozilla/5.0 (Windows NT 10.0; Win64; x64) AppleWebKit/537.36 (KHTML, like Gecko) Chrome/132.0.0.0 Safari/537.36 NetType/WIFI MicroMessenger/7.0.20.1781(0x6700143B) WindowsWechat(0x63090a13) UnifiedPCWindowsWechat(0xf254160e) XWEB/18055 Flue"
14.108.233.63 - - [05/Feb/2026:11:08:22 +0800] "GET /wp-content/uploads/2025/12/1765891153-Article20251216211543.webp HTTP/1.1" 200 43108 "http://cqqizhou.com/news/" "Mozilla/5.0 (Windows NT 10.0; Win64; x64) AppleWebKit/537.36 (KHTML, like Gecko) Chrome/132.0.0.0 Safari/537.36 NetType/WIFI MicroMessenger/7.0.20.1781(0x6700143B) WindowsWechat(0x63090a13) UnifiedPCWindowsWechat(0xf254160e) XWEB/18055 Flue"
