14.108.234.20 - - [25/Dec/2025:15:16:38 +0800] "POST /wp-admin/admin-ajax.php HTTP/1.1" 200 112 "http://cqqizhou.com/wp-admin/post.php?post=2388&action=edit" "Mozilla/5.0 (Windows NT 10.0; Win64; x64) AppleWebKit/537.36 (KHTML, like Gecko) Chrome/142.0.0.0 Safari/537.36 Edg/142.0.0.0"
36.133.115.36 - - [25/Dec/2025:15:16:48 +0800] "POST /wp-cron.php?doing_wp_cron=1766647008.6243801116943359375000 HTTP/1.1" 200 31 "-" "WordPress/6.8.3; http://cqqizhou.com"
14.108.234.20 - - [25/Dec/2025:15:16:48 +0800] "POST /wp-admin/admin-ajax.php HTTP/1.1" 200 112 "http://cqqizhou.com/wp-admin/post.php?post=2388&action=edit" "Mozilla/5.0 (Windows NT 10.0; Win64; x64) AppleWebKit/537.36 (KHTML, like Gecko) Chrome/142.0.0.0 Safari/537.36 Edg/142.0.0.0"
14.108.234.20 - - [25/Dec/2025:15:16:58 +0800] "POST /wp-admin/admin-ajax.php HTTP/1.1" 200 112 "http://cqqizhou.com/wp-admin/post.php?post=2388&action=edit" "Mozilla/5.0 (Windows NT 10.0; Win64; x64) AppleWebKit/537.36 (KHTML, like Gecko) Chrome/142.0.0.0 Safari/537.36 Edg/142.0.0.0"
14.108.234.20 - - [25/Dec/2025:15:17:05 +0800] "GET /wp-json/wp/v2/categories/1?context=edit&_locale=user HTTP/1.1" 200 334 "http://cqqizhou.com/wp-admin/post.php?post=2388&action=edit" "Mozilla/5.0 (Windows NT 10.0; Win64; x64) AppleWebKit/537.36 (KHTML, like Gecko) Chrome/142.0.0.0 Safari/537.36 Edg/142.0.0.0"
14.108.234.20 - - [25/Dec/2025:15:17:08 +0800] "POST /wp-json/wp/v2/posts/2388?_locale=user HTTP/1.1" 200 2637 "http://cqqizhou.com/wp-admin/post.php?post=2388&action=edit" "Mozilla/5.0 (Windows NT 10.0; Win64; x64) AppleWebKit/537.36 (KHTML, like Gecko) Chrome/142.0.0.0 Safari/537.36 Edg/142.0.0.0"
14.108.234.20 - - [25/Dec/2025:15:17:08 +0800] "POST /wp-admin/admin-ajax.php HTTP/1.1" 200 112 "http://cqqizhou.com/wp-admin/post.php?post=2388&action=edit" "Mozilla/5.0 (Windows NT 10.0; Win64; x64) AppleWebKit/537.36 (KHTML, like Gecko) Chrome/142.0.0.0 Safari/537.36 Edg/142.0.0.0"
14.108.234.20 - - [25/Dec/2025:15:17:08 +0800] "POST /wp-admin/post.php?post=2388&action=edit&meta-box-loader=1&meta-box-loader-nonce=2be1439687&_locale=user HTTP/1.1" 302 5 "http://cqqizhou.com/wp-admin/post.php?post=2388&action=edit" "Mozilla/5.0 (Windows NT 10.0; Win64; x64) AppleWebKit/537.36 (KHTML, like Gecko) Chrome/142.0.0.0 Safari/537.36 Edg/142.0.0.0"
14.108.234.20 - - [25/Dec/2025:15:17:09 +0800] "GET /wp-admin/post.php?post=2388&action=edit&message=4 HTTP/1.1" 200 194661 "http://cqqizhou.com/wp-admin/post.php?post=2388&action=edit" "Mozilla/5.0 (Windows NT 10.0; Win64; x64) AppleWebKit/537.36 (KHTML, like Gecko) Chrome/142.0.0.0 Safari/537.36 Edg/142.0.0.0"
14.108.234.20 - - [25/Dec/2025:15:17:19 +0800] "POST /wp-admin/admin-ajax.php HTTP/1.1" 200 112 "http://cqqizhou.com/wp-admin/post.php?post=2388&action=edit" "Mozilla/5.0 (Windows NT 10.0; Win64; x64) AppleWebKit/537.36 (KHTML, like Gecko) Chrome/142.0.0.0 Safari/537.36 Edg/142.0.0.0"
111.221.44.25 - - [25/Dec/2025:15:17:33 +0800] "GET /wp-login.php HTTP/1.1" 200 2774 "https://t.co/" "Mozilla/5.0 (X11; Linux x86_64) AppleWebKit/537.36 (KHTML, like Gecko) Chrome/118.0.0.0 Safari/537.36"
36.133.115.36 - - [25/Dec/2025:15:17:55 +0800] "POST /wp-cron.php?doing_wp_cron=1766647075.6143710613250732421875 HTTP/1.1" 200 31 "-" "WordPress/6.8.3; http://cqqizhou.com"
111.221.44.25 - - [25/Dec/2025:15:17:55 +0800] "POST /wp-login.php HTTP/1.1" 200 2975 "http://cqqizhou.com/wp-login.php" "Mozilla/5.0 (Macintosh; Intel Mac OS X 13_6_1) AppleWebKit/537.36 (KHTML, like Gecko) Chrome/121.0.0.0 Safari/537.36"
111.221.44.25 - - [25/Dec/2025:15:18:24 +0800] "POST /wp-login.php HTTP/1.1" 200 2915 "http://cqqizhou.com/wp-login.php" "Mozilla/5.0 (X11; Ubuntu; Linux x86_64) AppleWebKit/537.36 (KHTML, like Gecko) Chrome/118.0.0.0 Safari/537.36"
36.133.115.36 - - [25/Dec/2025:15:19:08 +0800] "POST /wp-cron.php?doing_wp_cron=1766647148.7281570434570312500000 HTTP/1.1" 200 31 "-" "WordPress/6.8.3; http://cqqizhou.com"
111.221.44.25 - - [25/Dec/2025:15:19:08 +0800] "POST /wp-login.php HTTP/1.1" 200 2969 "http://cqqizhou.com/wp-login.php" "Mozilla/5.0 (Macintosh; Intel Mac OS X 10_15_7; rv:119.0) Gecko/20100101 Firefox/119.0"
14.108.234.20 - - [25/Dec/2025:15:19:20 +0800] "POST /wp-admin/admin-ajax.php HTTP/1.1" 200 112 "http://cqqizhou.com/wp-admin/post.php?post=2388&action=edit" "Mozilla/5.0 (Windows NT 10.0; Win64; x64) AppleWebKit/537.36 (KHTML, like Gecko) Chrome/142.0.0.0 Safari/537.36 Edg/142.0.0.0"
111.221.44.25 - - [25/Dec/2025:15:19:21 +0800] "POST /wp-login.php HTTP/1.1" 200 2970 "http://cqqizhou.com/wp-login.php" "Mozilla/5.0 (Windows NT 10.0; Win64; x64) AppleWebKit/537.36 (KHTML, like Gecko) Chrome/119.0.0.0 Safari/537.36"
111.221.44.25 - - [25/Dec/2025:15:19:39 +0800] "POST /wp-login.php HTTP/1.1" 200 2968 "http://cqqizhou.com/wp-login.php" "Mozilla/5.0 (Windows NT 10.0; Win64; x64) AppleWebKit/537.36 (KHTML, like Gecko) Chrome/120.0.0.0 Safari/537.36"
36.133.115.36 - - [25/Dec/2025:15:20:01 +0800] "POST /wp-cron.php?doing_wp_cron=1766647201.8181900978088378906250 HTTP/1.1" 200 31 "-" "WordPress/6.8.3; http://cqqizhou.com"
111.221.44.25 - - [25/Dec/2025:15:20:01 +0800] "POST /wp-login.php HTTP/1.1" 200 2916 "http://cqqizhou.com/wp-login.php" "Mozilla/5.0 (Macintosh; Intel Mac OS X 10_15_7) AppleWebKit/605.1.15 (KHTML, like Gecko) Version/17.1 Safari/605.1.15"
111.221.44.25 - - [25/Dec/2025:15:20:07 +0800] "POST /wp-login.php HTTP/1.1" 200 2975 "http://cqqizhou.com/wp-login.php" "Mozilla/5.0 (Macintosh; Intel Mac OS X 10_15_7; rv:120.0) Gecko/20100101 Firefox/120.0"
111.221.44.25 - - [25/Dec/2025:15:20:18 +0800] "POST /wp-login.php HTTP/1.1" 200 2969 "http://cqqizhou.com/wp-login.php" "Mozilla/5.0 (Macintosh; Intel Mac OS X 10_15_7; rv:118.0) Gecko/20100101 Firefox/118.0"
111.221.44.25 - - [25/Dec/2025:15:20:39 +0800] "POST /wp-login.php HTTP/1.1" 200 2886 "http://cqqizhou.com/wp-login.php" "Mozilla/5.0 (Macintosh; Intel Mac OS X 13_6_1; rv:120.0) Gecko/20100101 Firefox/120.0"
36.133.115.36 - - [25/Dec/2025:15:21:21 +0800] "POST /wp-cron.php?doing_wp_cron=1766647281.4233829975128173828125 HTTP/1.1" 200 31 "-" "WordPress/6.8.3; http://cqqizhou.com"
14.108.234.20 - - [25/Dec/2025:15:21:21 +0800] "POST /wp-admin/admin-ajax.php HTTP/1.1" 200 112 "http://cqqizhou.com/wp-admin/post.php?post=2388&action=edit" "Mozilla/5.0 (Windows NT 10.0; Win64; x64) AppleWebKit/537.36 (KHTML, like Gecko) Chrome/142.0.0.0 Safari/537.36 Edg/142.0.0.0"
111.221.44.25 - - [25/Dec/2025:15:21:27 +0800] "POST /wp-login.php HTTP/1.1" 200 2915 "http://cqqizhou.com/wp-login.php" "Mozilla/5.0 (Macintosh; Intel Mac OS X 10_15_7) AppleWebKit/537.36 (KHTML, like Gecko) Chrome/121.0.0.0 Safari/537.36"
95.214.55.71 - - [25/Dec/2025:15:21:36 +0800] "GET / HTTP/1.1" 200 33677 "-" "-"
36.133.115.36 - - [25/Dec/2025:15:22:00 +0800] "POST /wp-cron.php?doing_wp_cron=1766647320.3515980243682861328125 HTTP/1.1" 200 31 "-" "WordPress/6.8.3; http://cqqizhou.com"
111.221.44.25 - - [25/Dec/2025:15:22:00 +0800] "POST /wp-login.php HTTP/1.1" 200 2971 "http://cqqizhou.com/wp-login.php" "Mozilla/5.0 (Macintosh; Intel Mac OS X 10_15_7) AppleWebKit/537.36 (KHTML, like Gecko) Chrome/119.0.0.0 Safari/537.36"
111.221.44.25 - - [25/Dec/2025:15:22:18 +0800] "POST /wp-login.php HTTP/1.1" 200 2886 "http://cqqizhou.com/wp-login.php" "Mozilla/5.0 (X11; Linux x86_64) AppleWebKit/537.36 (KHTML, like Gecko) Chrome/119.0.0.0 Safari/537.36"
111.221.44.25 - - [25/Dec/2025:15:22:31 +0800] "POST /wp-login.php HTTP/1.1" 200 2886 "http://cqqizhou.com/wp-login.php" "Mozilla/5.0 (Windows NT 11.0; Win64; x64) AppleWebKit/537.36 (KHTML, like Gecko) Chrome/120.0.0.0 Safari/537.36"
36.133.115.36 - - [25/Dec/2025:15:22:57 +0800] "POST /wp-cron.php?doing_wp_cron=1766647377.6041920185089111328125 HTTP/1.1" 200 31 "-" "WordPress/6.8.3; http://cqqizhou.com"
111.221.44.25 - - [25/Dec/2025:15:22:57 +0800] "POST /wp-login.php HTTP/1.1" 200 2915 "http://cqqizhou.com/wp-login.php" "Mozilla/5.0 (Macintosh; Intel Mac OS X 13_6_1) AppleWebKit/537.36 (KHTML, like Gecko) Chrome/121.0.0.0 Safari/537.36"
111.221.44.25 - - [25/Dec/2025:15:23:12 +0800] "POST /wp-login.php HTTP/1.1" 200 2971 "http://cqqizhou.com/wp-login.php" "Mozilla/5.0 (Macintosh; Intel Mac OS X 10_15_7; rv:121.0) Gecko/20100101 Firefox/121.0"
14.108.234.20 - - [25/Dec/2025:15:23:22 +0800] "POST /wp-admin/admin-ajax.php HTTP/1.1" 200 112 "http://cqqizhou.com/wp-admin/post.php?post=2388&action=edit" "Mozilla/5.0 (Windows NT 10.0; Win64; x64) AppleWebKit/537.36 (KHTML, like Gecko) Chrome/142.0.0.0 Safari/537.36 Edg/142.0.0.0"
111.221.44.25 - - [25/Dec/2025:15:23:23 +0800] "POST /wp-login.php HTTP/1.1" 200 2915 "http://cqqizhou.com/wp-login.php" "Mozilla/5.0 (Macintosh; Intel Mac OS X 10_15_7; rv:119.0) Gecko/20100101 Firefox/119.0"
111.221.44.25 - - [25/Dec/2025:15:23:30 +0800] "POST /wp-login.php HTTP/1.1" 200 2970 "http://cqqizhou.com/wp-login.php" "Mozilla/5.0 (Macintosh; Intel Mac OS X 13_6_1) AppleWebKit/605.1.15 (KHTML, like Gecko) Version/16.6 Safari/605.1.15"
111.221.44.25 - - [25/Dec/2025:15:23:45 +0800] "POST /wp-login.php HTTP/1.1" 200 2969 "http://cqqizhou.com/wp-login.php" "Mozilla/5.0 (Macintosh; Intel Mac OS X 13_6_1) AppleWebKit/605.1.15 (KHTML, like Gecko) Version/16.6 Safari/605.1.15"
36.133.115.36 - - [25/Dec/2025:15:23:53 +0800] "POST /wp-cron.php?doing_wp_cron=1766647433.9479179382324218750000 HTTP/1.1" 200 31 "-" "WordPress/6.8.3; http://cqqizhou.com"
111.221.44.25 - - [25/Dec/2025:15:23:53 +0800] "POST /wp-login.php HTTP/1.1" 200 2975 "http://cqqizhou.com/wp-login.php" "Mozilla/5.0 (Macintosh; Intel Mac OS X 13_6_1; rv:118.0) Gecko/20100101 Firefox/118.0"
111.221.44.25 - - [25/Dec/2025:15:24:10 +0800] "POST /wp-login.php HTTP/1.1" 200 2886 "http://cqqizhou.com/wp-login.php" "Mozilla/5.0 (X11; Linux x86_64) AppleWebKit/537.36 (KHTML, like Gecko) Chrome/118.0.0.0 Safari/537.36"
111.221.44.25 - - [25/Dec/2025:15:24:25 +0800] "POST /wp-login.php HTTP/1.1" 200 2886 "http://cqqizhou.com/wp-login.php" "Mozilla/5.0 (X11; Linux x86_64) AppleWebKit/537.36 (KHTML, like Gecko) Chrome/120.0.0.0 Safari/537.36"
36.133.115.36 - - [25/Dec/2025:15:25:18 +0800] "POST /wp-cron.php?doing_wp_cron=1766647518.9058349132537841796875 HTTP/1.1" 200 31 "-" "WordPress/6.8.3; http://cqqizhou.com"
111.221.44.25 - - [25/Dec/2025:15:25:18 +0800] "POST /wp-login.php HTTP/1.1" 200 2886 "http://cqqizhou.com/wp-login.php" "Mozilla/5.0 (Windows NT 11.0; Win64; x64; rv:119.0) Gecko/20100101 Firefox/119.0"
14.108.234.20 - - [25/Dec/2025:15:25:23 +0800] "POST /wp-admin/admin-ajax.php HTTP/1.1" 200 112 "http://cqqizhou.com/wp-admin/post.php?post=2388&action=edit" "Mozilla/5.0 (Windows NT 10.0; Win64; x64) AppleWebKit/537.36 (KHTML, like Gecko) Chrome/142.0.0.0 Safari/537.36 Edg/142.0.0.0"
36.133.115.36 - - [25/Dec/2025:15:25:47 +0800] "POST /wp-cron.php?doing_wp_cron=1766647547.2206449508666992187500 HTTP/1.1" 200 31 "-" "WordPress/6.8.3; http://cqqizhou.com"
111.221.44.25 - - [25/Dec/2025:15:25:47 +0800] "POST /wp-login.php HTTP/1.1" 200 2886 "http://cqqizhou.com/wp-login.php" "Mozilla/5.0 (Macintosh; Intel Mac OS X 13_6_1; rv:118.0) Gecko/20100101 Firefox/118.0"
111.221.44.25 - - [25/Dec/2025:15:26:26 +0800] "POST /wp-login.php HTTP/1.1" 200 2969 "http://cqqizhou.com/wp-login.php" "Mozilla/5.0 (X11; Ubuntu; Linux x86_64) AppleWebKit/537.36 (KHTML, like Gecko) Chrome/121.0.0.0 Safari/537.36"
111.221.44.25 - - [25/Dec/2025:15:26:42 +0800] "POST /wp-login.php HTTP/1.1" 200 2967 "http://cqqizhou.com/wp-login.php" "Mozilla/5.0 (Macintosh; Intel Mac OS X 10_15_7) AppleWebKit/605.1.15 (KHTML, like Gecko) Version/16.6 Safari/605.1.15"
36.133.115.36 - - [25/Dec/2025:15:27:04 +0800] "POST /wp-cron.php?doing_wp_cron=1766647624.5775399208068847656250 HTTP/1.1" 200 31 "-" "WordPress/6.8.3; http://cqqizhou.com"
111.221.44.25 - - [25/Dec/2025:15:27:04 +0800] "POST /wp-login.php HTTP/1.1" 200 2974 "http://cqqizhou.com/wp-login.php" "Mozilla/5.0 (Windows NT 10.0; Win64; x64) AppleWebKit/537.36 (KHTML, like Gecko) Chrome/119.0.0.0 Safari/537.36"
111.221.44.25 - - [25/Dec/2025:15:27:18 +0800] "POST /wp-login.php HTTP/1.1" 200 2970 "http://cqqizhou.com/wp-login.php" "Mozilla/5.0 (X11; Linux x86_64) AppleWebKit/537.36 (KHTML, like Gecko) Chrome/119.0.0.0 Safari/537.36"
14.108.234.20 - - [25/Dec/2025:15:27:24 +0800] "POST /wp-admin/admin-ajax.php HTTP/1.1" 200 112 "http://cqqizhou.com/wp-admin/post.php?post=2388&action=edit" "Mozilla/5.0 (Windows NT 10.0; Win64; x64) AppleWebKit/537.36 (KHTML, like Gecko) Chrome/142.0.0.0 Safari/537.36 Edg/142.0.0.0"
36.133.115.36 - - [25/Dec/2025:15:27:51 +0800] "POST /wp-cron.php?doing_wp_cron=1766647671.7071950435638427734375 HTTP/1.1" 200 31 "-" "WordPress/6.8.3; http://cqqizhou.com"
111.221.44.25 - - [25/Dec/2025:15:27:51 +0800] "POST /wp-login.php HTTP/1.1" 200 2969 "http://cqqizhou.com/wp-login.php" "Mozilla/5.0 (Windows NT 10.0; Win64; x64) AppleWebKit/537.36 (KHTML, like Gecko) Chrome/118.0.0.0 Safari/537.36"
111.221.44.25 - - [25/Dec/2025:15:27:58 +0800] "POST /wp-login.php HTTP/1.1" 200 2973 "http://cqqizhou.com/wp-login.php" "Mozilla/5.0 (X11; Ubuntu; Linux x86_64) AppleWebKit/537.36 (KHTML, like Gecko) Chrome/121.0.0.0 Safari/537.36"
111.221.44.25 - - [25/Dec/2025:15:28:11 +0800] "POST /wp-login.php HTTP/1.1" 200 2972 "http://cqqizhou.com/wp-login.php" "Mozilla/5.0 (Windows NT 10.0; Win64; x64; rv:119.0) Gecko/20100101 Firefox/119.0"
111.221.44.25 - - [25/Dec/2025:15:28:33 +0800] "POST /wp-login.php HTTP/1.1" 200 2970 "http://cqqizhou.com/wp-login.php" "Mozilla/5.0 (Windows NT 11.0; Win64; x64) AppleWebKit/537.36 (KHTML, like Gecko) Chrome/119.0.0.0 Safari/537.36"
36.133.115.36 - - [25/Dec/2025:15:28:51 +0800] "POST /wp-cron.php?doing_wp_cron=1766647731.3150460720062255859375 HTTP/1.1" 200 31 "-" "WordPress/6.8.3; http://cqqizhou.com"
111.221.44.25 - - [25/Dec/2025:15:28:51 +0800] "POST /wp-login.php HTTP/1.1" 200 2976 "http://cqqizhou.com/wp-login.php" "Mozilla/5.0 (Macintosh; Intel Mac OS X 13_6_1; rv:118.0) Gecko/20100101 Firefox/118.0"
111.221.44.25 - - [25/Dec/2025:15:29:10 +0800] "POST /wp-login.php HTTP/1.1" 200 2967 "http://cqqizhou.com/wp-login.php" "Mozilla/5.0 (X11; Ubuntu; Linux x86_64) AppleWebKit/537.36 (KHTML, like Gecko) Chrome/118.0.0.0 Safari/537.36"
14.108.234.20 - - [25/Dec/2025:15:29:18 +0800] "POST /wp-admin/admin-ajax.php HTTP/1.1" 200 112 "http://cqqizhou.com/wp-admin/post.php?post=2388&action=edit" "Mozilla/5.0 (Windows NT 10.0; Win64; x64) AppleWebKit/537.36 (KHTML, like Gecko) Chrome/142.0.0.0 Safari/537.36 Edg/142.0.0.0"
111.221.44.25 - - [25/Dec/2025:15:29:20 +0800] "POST /wp-login.php HTTP/1.1" 200 2886 "http://cqqizhou.com/wp-login.php" "Mozilla/5.0 (Windows NT 10.0; Win64; x64; rv:118.0) Gecko/20100101 Firefox/118.0"
14.108.234.20 - - [25/Dec/2025:15:29:21 +0800] "GET /wp-json/wp/v2/search?search=&per_page=20&type=post&subtype=page&_locale=user HTTP/1.1" 200 722 "http://cqqizhou.com/wp-admin/post.php?post=2388&action=edit" "Mozilla/5.0 (Windows NT 10.0; Win64; x64) AppleWebKit/537.36 (KHTML, like Gecko) Chrome/142.0.0.0 Safari/537.36 Edg/142.0.0.0"
14.108.234.20 - - [25/Dec/2025:15:29:27 +0800] "GET /wp-json/wp/v2/search?search=&per_page=20&type=post&subtype=page&_locale=user HTTP/1.1" 200 722 "http://cqqizhou.com/wp-admin/post.php?post=2388&action=edit" "Mozilla/5.0 (Windows NT 10.0; Win64; x64) AppleWebKit/537.36 (KHTML, like Gecko) Chrome/142.0.0.0 Safari/537.36 Edg/142.0.0.0"
14.108.234.20 - - [25/Dec/2025:15:29:28 +0800] "POST /wp-admin/admin-ajax.php HTTP/1.1" 200 112 "http://cqqizhou.com/wp-admin/post.php?post=2388&action=edit" "Mozilla/5.0 (Windows NT 10.0; Win64; x64) AppleWebKit/537.36 (KHTML, like Gecko) Chrome/142.0.0.0 Safari/537.36 Edg/142.0.0.0"
111.221.44.25 - - [25/Dec/2025:15:29:30 +0800] "POST /wp-login.php HTTP/1.1" 200 2967 "http://cqqizhou.com/wp-login.php" "Mozilla/5.0 (Macintosh; Intel Mac OS X 13_6_1; rv:121.0) Gecko/20100101 Firefox/121.0"
14.108.234.20 - - [25/Dec/2025:15:29:33 +0800] "GET /wp-json/wp/v2/search?search=&per_page=20&type=post&subtype=page&_locale=user HTTP/1.1" 200 722 "http://cqqizhou.com/wp-admin/post.php?post=2388&action=edit" "Mozilla/5.0 (Windows NT 10.0; Win64; x64) AppleWebKit/537.36 (KHTML, like Gecko) Chrome/142.0.0.0 Safari/537.36 Edg/142.0.0.0"
14.108.234.20 - - [25/Dec/2025:15:29:38 +0800] "POST /wp-admin/admin-ajax.php HTTP/1.1" 200 112 "http://cqqizhou.com/wp-admin/post.php?post=2388&action=edit" "Mozilla/5.0 (Windows NT 10.0; Win64; x64) AppleWebKit/537.36 (KHTML, like Gecko) Chrome/142.0.0.0 Safari/537.36 Edg/142.0.0.0"
36.133.115.36 - - [25/Dec/2025:15:29:48 +0800] "POST /wp-cron.php?doing_wp_cron=1766647788.3466780185699462890625 HTTP/1.1" 200 31 "-" "WordPress/6.8.3; http://cqqizhou.com"
14.108.234.20 - - [25/Dec/2025:15:29:48 +0800] "GET /wp-json/wp/v2/search?search=&per_page=20&type=post&subtype=page&_locale=user HTTP/1.1" 200 722 "http://cqqizhou.com/wp-admin/post.php?post=2388&action=edit" "Mozilla/5.0 (Windows NT 10.0; Win64; x64) AppleWebKit/537.36 (KHTML, like Gecko) Chrome/142.0.0.0 Safari/537.36 Edg/142.0.0.0"
14.108.234.20 - - [25/Dec/2025:15:29:48 +0800] "POST /wp-admin/admin-ajax.php HTTP/1.1" 200 112 "http://cqqizhou.com/wp-admin/post.php?post=2388&action=edit" "Mozilla/5.0 (Windows NT 10.0; Win64; x64) AppleWebKit/537.36 (KHTML, like Gecko) Chrome/142.0.0.0 Safari/537.36 Edg/142.0.0.0"
14.108.234.20 - - [25/Dec/2025:15:29:49 +0800] "GET /wp-json/wp/v2/search?search=&per_page=20&type=post&subtype=page&_locale=user HTTP/1.1" 200 722 "http://cqqizhou.com/wp-admin/post.php?post=2388&action=edit" "Mozilla/5.0 (Windows NT 10.0; Win64; x64) AppleWebKit/537.36 (KHTML, like Gecko) Chrome/142.0.0.0 Safari/537.36 Edg/142.0.0.0"
111.221.44.25 - - [25/Dec/2025:15:29:49 +0800] "POST /wp-login.php HTTP/1.1" 200 2886 "http://cqqizhou.com/wp-login.php" "Mozilla/5.0 (Macintosh; Intel Mac OS X 10_15_7) AppleWebKit/537.36 (KHTML, like Gecko) Chrome/118.0.0.0 Safari/537.36"
14.108.234.20 - - [25/Dec/2025:15:29:58 +0800] "POST /wp-admin/admin-ajax.php HTTP/1.1" 200 112 "http://cqqizhou.com/wp-admin/post.php?post=2388&action=edit" "Mozilla/5.0 (Windows NT 10.0; Win64; x64) AppleWebKit/537.36 (KHTML, like Gecko) Chrome/142.0.0.0 Safari/537.36 Edg/142.0.0.0"
14.108.234.20 - - [25/Dec/2025:15:30:08 +0800] "POST /wp-admin/admin-ajax.php HTTP/1.1" 200 112 "http://cqqizhou.com/wp-admin/post.php?post=2388&action=edit" "Mozilla/5.0 (Windows NT 10.0; Win64; x64) AppleWebKit/537.36 (KHTML, like Gecko) Chrome/142.0.0.0 Safari/537.36 Edg/142.0.0.0"
14.108.234.20 - - [25/Dec/2025:15:30:09 +0800] "POST /wp-admin/admin-ajax.php HTTP/1.1" 200 10174 "http://cqqizhou.com/wp-admin/post.php?post=2388&action=edit" "Mozilla/5.0 (Windows NT 10.0; Win64; x64) AppleWebKit/537.36 (KHTML, like Gecko) Chrome/142.0.0.0 Safari/537.36 Edg/142.0.0.0"
14.108.234.20 - - [25/Dec/2025:15:30:09 +0800] "GET /wp-content/uploads/2025/12/1766388813-Article_images_2025072411-300x135.webp HTTP/1.1" 200 11006 "http://cqqizhou.com/wp-admin/post.php?post=2388&action=edit" "Mozilla/5.0 (Windows NT 10.0; Win64; x64) AppleWebKit/537.36 (KHTML, like Gecko) Chrome/142.0.0.0 Safari/537.36 Edg/142.0.0.0"
14.108.234.20 - - [25/Dec/2025:15:30:09 +0800] "GET /wp-content/uploads/2025/12/1766388812-Article_images_2025072410-300x135.webp HTTP/1.1" 200 12784 "http://cqqizhou.com/wp-admin/post.php?post=2388&action=edit" "Mozilla/5.0 (Windows NT 10.0; Win64; x64) AppleWebKit/537.36 (KHTML, like Gecko) Chrome/142.0.0.0 Safari/537.36 Edg/142.0.0.0"
14.108.234.20 - - [25/Dec/2025:15:30:09 +0800] "GET /wp-content/uploads/2025/12/1766388811-Article_images_202507249-300x135.webp HTTP/1.1" 200 12426 "http://cqqizhou.com/wp-admin/post.php?post=2388&action=edit" "Mozilla/5.0 (Windows NT 10.0; Win64; x64) AppleWebKit/537.36 (KHTML, like Gecko) Chrome/142.0.0.0 Safari/537.36 Edg/142.0.0.0"
14.108.234.20 - - [25/Dec/2025:15:30:09 +0800] "GET /wp-content/uploads/2025/12/1766388810-Article_images_202507248-300x169.webp HTTP/1.1" 200 15020 "http://cqqizhou.com/wp-admin/post.php?post=2388&action=edit" "Mozilla/5.0 (Windows NT 10.0; Win64; x64) AppleWebKit/537.36 (KHTML, like Gecko) Chrome/142.0.0.0 Safari/537.36 Edg/142.0.0.0"
14.108.234.20 - - [25/Dec/2025:15:30:09 +0800] "GET /wp-content/uploads/2025/12/1766388806-Article_images_202507243-300x169.webp HTTP/1.1" 200 9924 "http://cqqizhou.com/wp-admin/post.php?post=2388&action=edit" "Mozilla/5.0 (Windows NT 10.0; Win64; x64) AppleWebKit/537.36 (KHTML, like Gecko) Chrome/142.0.0.0 Safari/537.36 Edg/142.0.0.0"
14.108.234.20 - - [25/Dec/2025:15:30:09 +0800] "GET /wp-content/uploads/2025/12/1766388808-Article_images_202507246-300x169.webp HTTP/1.1" 200 19970 "http://cqqizhou.com/wp-admin/post.php?post=2388&action=edit" "Mozilla/5.0 (Windows NT 10.0; Win64; x64) AppleWebKit/537.36 (KHTML, like Gecko) Chrome/142.0.0.0 Safari/537.36 Edg/142.0.0.0"
14.108.234.20 - - [25/Dec/2025:15:30:09 +0800] "GET /wp-content/uploads/2025/12/1766388805-Article_images_202507242-300x169.webp HTTP/1.1" 200 11216 "http://cqqizhou.com/wp-admin/post.php?post=2388&action=edit" "Mozilla/5.0 (Windows NT 10.0; Win64; x64) AppleWebKit/537.36 (KHTML, like Gecko) Chrome/142.0.0.0 Safari/537.36 Edg/142.0.0.0"
14.108.234.20 - - [25/Dec/2025:15:30:09 +0800] "GET /wp-content/uploads/2025/12/1766388809-Article_images_202507247-300x169.webp HTTP/1.1" 200 15036 "http://cqqizhou.com/wp-admin/post.php?post=2388&action=edit" "Mozilla/5.0 (Windows NT 10.0; Win64; x64) AppleWebKit/537.36 (KHTML, like Gecko) Chrome/142.0.0.0 Safari/537.36 Edg/142.0.0.0"
14.108.234.20 - - [25/Dec/2025:15:30:09 +0800] "GET /wp-content/uploads/2025/12/1766388807-Article_images_202507245-300x169.webp HTTP/1.1" 200 15034 "http://cqqizhou.com/wp-admin/post.php?post=2388&action=edit" "Mozilla/5.0 (Windows NT 10.0; Win64; x64) AppleWebKit/537.36 (KHTML, like Gecko) Chrome/142.0.0.0 Safari/537.36 Edg/142.0.0.0"
14.108.234.20 - - [25/Dec/2025:15:30:09 +0800] "GET /wp-content/uploads/2025/12/1766388804-Article_images_202507241-300x169.webp HTTP/1.1" 200 11704 "http://cqqizhou.com/wp-admin/post.php?post=2388&action=edit" "Mozilla/5.0 (Windows NT 10.0; Win64; x64) AppleWebKit/537.36 (KHTML, like Gecko) Chrome/142.0.0.0 Safari/537.36 Edg/142.0.0.0"
14.108.234.20 - - [25/Dec/2025:15:30:09 +0800] "GET /wp-content/uploads/2025/12/1766375846-Article20251216211545-300x225.webp HTTP/1.1" 200 20580 "http://cqqizhou.com/wp-admin/post.php?post=2388&action=edit" "Mozilla/5.0 (Windows NT 10.0; Win64; x64) AppleWebKit/537.36 (KHTML, like Gecko) Chrome/142.0.0.0 Safari/537.36 Edg/142.0.0.0"
14.108.234.20 - - [25/Dec/2025:15:30:09 +0800] "GET /wp-content/uploads/2025/12/1766373840-Article_images_20251220-300x225.webp HTTP/1.1" 200 13608 "http://cqqizhou.com/wp-admin/post.php?post=2388&action=edit" "Mozilla/5.0 (Windows NT 10.0; Win64; x64) AppleWebKit/537.36 (KHTML, like Gecko) Chrome/142.0.0.0 Safari/537.36 Edg/142.0.0.0"
14.108.234.20 - - [25/Dec/2025:15:30:09 +0800] "GET /wp-content/uploads/2025/12/1766373833-Article_images_20251219-300x225.webp HTTP/1.1" 200 20930 "http://cqqizhou.com/wp-admin/post.php?post=2388&action=edit" "Mozilla/5.0 (Windows NT 10.0; Win64; x64) AppleWebKit/537.36 (KHTML, like Gecko) Chrome/142.0.0.0 Safari/537.36 Edg/142.0.0.0"
14.108.234.20 - - [25/Dec/2025:15:30:09 +0800] "GET /wp-content/uploads/2025/12/1766064723-Article_images_20251218212625-300x225.webp HTTP/1.1" 200 12598 "http://cqqizhou.com/wp-admin/post.php?post=2388&action=edit" "Mozilla/5.0 (Windows NT 10.0; Win64; x64) AppleWebKit/537.36 (KHTML, like Gecko) Chrome/142.0.0.0 Safari/537.36 Edg/142.0.0.0"
14.108.234.20 - - [25/Dec/2025:15:30:09 +0800] "GET /wp-content/uploads/2025/12/1766064671-Article_images_20251218212624-300x225.webp HTTP/1.1" 200 12522 "http://cqqizhou.com/wp-admin/post.php?post=2388&action=edit" "Mozilla/5.0 (Windows NT 10.0; Win64; x64) AppleWebKit/537.36 (KHTML, like Gecko) Chrome/142.0.0.0 Safari/537.36 Edg/142.0.0.0"
14.108.234.20 - - [25/Dec/2025:15:30:09 +0800] "GET /wp-content/uploads/2025/12/1766064629-Article_images_20251218212623-300x167.webp HTTP/1.1" 200 8852 "http://cqqizhou.com/wp-admin/post.php?post=2388&action=edit" "Mozilla/5.0 (Windows NT 10.0; Win64; x64) AppleWebKit/537.36 (KHTML, like Gecko) Chrome/142.0.0.0 Safari/537.36 Edg/142.0.0.0"
14.108.234.20 - - [25/Dec/2025:15:30:09 +0800] "GET /wp-content/uploads/2025/12/1765894221-Article20251216211544-300x225.webp HTTP/1.1" 200 16032 "http://cqqizhou.com/wp-admin/post.php?post=2388&action=edit" "Mozilla/5.0 (Windows NT 10.0; Win64; x64) AppleWebKit/537.36 (KHTML, like Gecko) Chrome/142.0.0.0 Safari/537.36 Edg/142.0.0.0"
14.108.234.20 - - [25/Dec/2025:15:30:09 +0800] "GET /wp-content/uploads/2025/12/1765891413-20251209103501-300x167.webp HTTP/1.1" 200 9350 "http://cqqizhou.com/wp-admin/post.php?post=2388&action=edit" "Mozilla/5.0 (Windows NT 10.0; Win64; x64) AppleWebKit/537.36 (KHTML, like Gecko) Chrome/142.0.0.0 Safari/537.36 Edg/142.0.0.0"
14.108.234.20 - - [25/Dec/2025:15:30:09 +0800] "GET /wp-content/uploads/2025/12/1765891153-Article20251216211543-300x167.webp HTTP/1.1" 200 13290 "http://cqqizhou.com/wp-admin/post.php?post=2388&action=edit" "Mozilla/5.0 (Windows NT 10.0; Win64; x64) AppleWebKit/537.36 (KHTML, like Gecko) Chrome/142.0.0.0 Safari/537.36 Edg/142.0.0.0"
14.108.234.20 - - [25/Dec/2025:15:30:09 +0800] "GET /wp-content/uploads/2025/12/1765862012-DSC20251216131140-300x169.webp HTTP/1.1" 200 16938 "http://cqqizhou.com/wp-admin/post.php?post=2388&action=edit" "Mozilla/5.0 (Windows NT 10.0; Win64; x64) AppleWebKit/537.36 (KHTML, like Gecko) Chrome/142.0.0.0 Safari/537.36 Edg/142.0.0.0"
14.108.234.20 - - [25/Dec/2025:15:30:09 +0800] "GET /wp-content/uploads/2025/12/1765268955-qizhou_Slider1_3840%C3%972160_20251210-300x169.webp HTTP/1.1" 200 8924 "http://cqqizhou.com/wp-admin/post.php?post=2388&action=edit" "Mozilla/5.0 (Windows NT 10.0; Win64; x64) AppleWebKit/537.36 (KHTML, like Gecko) Chrome/142.0.0.0 Safari/537.36 Edg/142.0.0.0"
14.108.234.20 - - [25/Dec/2025:15:30:09 +0800] "GET /wp-content/uploads/2025/12/1765265398-qizhou_Slider_3840%C3%972160_20251209-300x169.webp HTTP/1.1" 200 12652 "http://cqqizhou.com/wp-admin/post.php?post=2388&action=edit" "Mozilla/5.0 (Windows NT 10.0; Win64; x64) AppleWebKit/537.36 (KHTML, like Gecko) Chrome/142.0.0.0 Safari/537.36 Edg/142.0.0.0"
14.108.234.20 - - [25/Dec/2025:15:30:09 +0800] "GET /wp-content/uploads/2025/12/1765248770-20251209104226_107_60-300x225.webp HTTP/1.1" 200 17706 "http://cqqizhou.com/wp-admin/post.php?post=2388&action=edit" "Mozilla/5.0 (Windows NT 10.0; Win64; x64) AppleWebKit/537.36 (KHTML, like Gecko) Chrome/142.0.0.0 Safari/537.36 Edg/142.0.0.0"
14.108.234.20 - - [25/Dec/2025:15:30:09 +0800] "GET /wp-content/uploads/2025/12/1765249046-20251209104228_110_60-300x225.webp HTTP/1.1" 200 15678 "http://cqqizhou.com/wp-admin/post.php?post=2388&action=edit" "Mozilla/5.0 (Windows NT 10.0; Win64; x64) AppleWebKit/537.36 (KHTML, like Gecko) Chrome/142.0.0.0 Safari/537.36 Edg/142.0.0.0"
14.108.234.20 - - [25/Dec/2025:15:30:09 +0800] "GET /wp-content/uploads/2025/12/1765248735-20251209104226_108_60-300x225.webp HTTP/1.1" 200 14478 "http://cqqizhou.com/wp-admin/post.php?post=2388&action=edit" "Mozilla/5.0 (Windows NT 10.0; Win64; x64) AppleWebKit/537.36 (KHTML, like Gecko) Chrome/142.0.0.0 Safari/537.36 Edg/142.0.0.0"
14.108.234.20 - - [25/Dec/2025:15:30:09 +0800] "GET /wp-content/uploads/2025/12/1765248683-20251209103502_98_60-300x225.webp HTTP/1.1" 200 15426 "http://cqqizhou.com/wp-admin/post.php?post=2388&action=edit" "Mozilla/5.0 (Windows NT 10.0; Win64; x64) AppleWebKit/537.36 (KHTML, like Gecko) Chrome/142.0.0.0 Safari/537.36 Edg/142.0.0.0"
14.108.234.20 - - [25/Dec/2025:15:30:09 +0800] "GET /wp-content/uploads/2025/12/1764853157-ISO3-214x300.webp HTTP/1.1" 200 13896 "http://cqqizhou.com/wp-admin/post.php?post=2388&action=edit" "Mozilla/5.0 (Windows NT 10.0; Win64; x64) AppleWebKit/537.36 (KHTML, like Gecko) Chrome/142.0.0.0 Safari/537.36 Edg/142.0.0.0"
14.108.234.20 - - [25/Dec/2025:15:30:09 +0800] "GET /wp-content/uploads/2025/12/1764853155-ISO2-214x300.webp HTTP/1.1" 200 12682 "http://cqqizhou.com/wp-admin/post.php?post=2388&action=edit" "Mozilla/5.0 (Windows NT 10.0; Win64; x64) AppleWebKit/537.36 (KHTML, like Gecko) Chrome/142.0.0.0 Safari/537.36 Edg/142.0.0.0"
14.108.234.20 - - [25/Dec/2025:15:30:09 +0800] "GET /wp-content/uploads/2025/12/1764853152-ISO1-214x300.webp HTTP/1.1" 200 13812 "http://cqqizhou.com/wp-admin/post.php?post=2388&action=edit" "Mozilla/5.0 (Windows NT 10.0; Win64; x64) AppleWebKit/537.36 (KHTML, like Gecko) Chrome/142.0.0.0 Safari/537.36 Edg/142.0.0.0"
14.108.234.20 - - [25/Dec/2025:15:30:10 +0800] "GET /wp-content/uploads/2025/11/1762908489-QZ_Photo-9-300x169.webp HTTP/1.1" 200 15230 "http://cqqizhou.com/wp-admin/post.php?post=2388&action=edit" "Mozilla/5.0 (Windows NT 10.0; Win64; x64) AppleWebKit/537.36 (KHTML, like Gecko) Chrome/142.0.0.0 Safari/537.36 Edg/142.0.0.0"
14.108.234.20 - - [25/Dec/2025:15:30:10 +0800] "GET /wp-content/uploads/2025/11/1762908477-QZ_Photo-2-300x169.webp HTTP/1.1" 200 19124 "http://cqqizhou.com/wp-admin/post.php?post=2388&action=edit" "Mozilla/5.0 (Windows NT 10.0; Win64; x64) AppleWebKit/537.36 (KHTML, like Gecko) Chrome/142.0.0.0 Safari/537.36 Edg/142.0.0.0"
14.108.234.20 - - [25/Dec/2025:15:30:10 +0800] "GET /wp-content/uploads/2025/11/1762864385-QZ_Photo-10-300x169.webp HTTP/1.1" 200 16402 "http://cqqizhou.com/wp-admin/post.php?post=2388&action=edit" "Mozilla/5.0 (Windows NT 10.0; Win64; x64) AppleWebKit/537.36 (KHTML, like Gecko) Chrome/142.0.0.0 Safari/537.36 Edg/142.0.0.0"
14.108.234.20 - - [25/Dec/2025:15:30:10 +0800] "GET /wp-content/uploads/2025/11/1762864381-QZ_Photo-7-300x200.webp HTTP/1.1" 200 15268 "http://cqqizhou.com/wp-admin/post.php?post=2388&action=edit" "Mozilla/5.0 (Windows NT 10.0; Win64; x64) AppleWebKit/537.36 (KHTML, like Gecko) Chrome/142.0.0.0 Safari/537.36 Edg/142.0.0.0"
14.108.234.20 - - [25/Dec/2025:15:30:10 +0800] "GET /wp-content/uploads/2025/11/1762864379-QZ_Photo-6-300x169.webp HTTP/1.1" 200 10400 "http://cqqizhou.com/wp-admin/post.php?post=2388&action=edit" "Mozilla/5.0 (Windows NT 10.0; Win64; x64) AppleWebKit/537.36 (KHTML, like Gecko) Chrome/142.0.0.0 Safari/537.36 Edg/142.0.0.0"
14.108.234.20 - - [25/Dec/2025:15:30:10 +0800] "GET /wp-content/uploads/2025/11/1762864378-QZ_Photo-5-300x169.webp HTTP/1.1" 200 12270 "http://cqqizhou.com/wp-admin/post.php?post=2388&action=edit" "Mozilla/5.0 (Windows NT 10.0; Win64; x64) AppleWebKit/537.36 (KHTML, like Gecko) Chrome/142.0.0.0 Safari/537.36 Edg/142.0.0.0"
14.108.234.20 - - [25/Dec/2025:15:30:10 +0800] "GET /wp-content/uploads/2025/11/1762864376-QZ_Photo-4-300x169.webp HTTP/1.1" 200 19486 "http://cqqizhou.com/wp-admin/post.php?post=2388&action=edit" "Mozilla/5.0 (Windows NT 10.0; Win64; x64) AppleWebKit/537.36 (KHTML, like Gecko) Chrome/142.0.0.0 Safari/537.36 Edg/142.0.0.0"
14.108.234.20 - - [25/Dec/2025:15:30:10 +0800] "GET /wp-content/uploads/2025/11/1762864375-QZ_Photo-3-300x169.webp HTTP/1.1" 200 20310 "http://cqqizhou.com/wp-admin/post.php?post=2388&action=edit" "Mozilla/5.0 (Windows NT 10.0; Win64; x64) AppleWebKit/537.36 (KHTML, like Gecko) Chrome/142.0.0.0 Safari/537.36 Edg/142.0.0.0"
14.108.234.20 - - [25/Dec/2025:15:30:10 +0800] "GET /wp-content/uploads/2025/11/1762864370-QZ_Photo-1-300x169.webp HTTP/1.1" 200 14946 "http://cqqizhou.com/wp-admin/post.php?post=2388&action=edit" "Mozilla/5.0 (Windows NT 10.0; Win64; x64) AppleWebKit/537.36 (KHTML, like Gecko) Chrome/142.0.0.0 Safari/537.36 Edg/142.0.0.0"
14.108.234.20 - - [25/Dec/2025:15:30:10 +0800] "GET /wp-content/uploads/2025/11/1762864369-QZ_Photo-11-300x169.webp HTTP/1.1" 200 15154 "http://cqqizhou.com/wp-admin/post.php?post=2388&action=edit" "Mozilla/5.0 (Windows NT 10.0; Win64; x64) AppleWebKit/537.36 (KHTML, like Gecko) Chrome/142.0.0.0 Safari/537.36 Edg/142.0.0.0"
14.108.234.20 - - [25/Dec/2025:15:30:10 +0800] "GET /wp-content/uploads/2025/11/1762861549-%E5%85%A8%E6%99%AF%E5%90%AF%E8%88%9F%E5%9D%A4%E7%85%8C%E5%BA%93-300x75.webp HTTP/1.1" 200 6656 "http://cqqizhou.com/wp-admin/post.php?post=2388&action=edit" "Mozilla/5.0 (Windows NT 10.0; Win64; x64) AppleWebKit/537.36 (KHTML, like Gecko) Chrome/142.0.0.0 Safari/537.36 Edg/142.0.0.0"
14.108.234.20 - - [25/Dec/2025:15:30:10 +0800] "GET /wp-content/uploads/2025/11/1762861550-%E4%B8%87%E5%98%89%E7%9B%9B%E5%BA%93%E5%85%A8%E6%99%AF%E5%9B%BE-300x75.webp HTTP/1.1" 200 7286 "http://cqqizhou.com/wp-admin/post.php?post=2388&action=edit" "Mozilla/5.0 (Windows NT 10.0; Win64; x64) AppleWebKit/537.36 (KHTML, like Gecko) Chrome/142.0.0.0 Safari/537.36 Edg/142.0.0.0"
14.108.234.20 - - [25/Dec/2025:15:30:10 +0800] "GET /wp-content/uploads/2025/11/1762826323-Contacts2000x400_20251111-300x60.webp HTTP/1.1" 200 3518 "http://cqqizhou.com/wp-admin/post.php?post=2388&action=edit" "Mozilla/5.0 (Windows NT 10.0; Win64; x64) AppleWebKit/537.36 (KHTML, like Gecko) Chrome/142.0.0.0 Safari/537.36 Edg/142.0.0.0"
14.108.234.20 - - [25/Dec/2025:15:30:10 +0800] "GET /wp-content/uploads/2025/09/1756868614-20250903104654_74_5-300x135.webp HTTP/1.1" 200 10886 "http://cqqizhou.com/wp-admin/post.php?post=2388&action=edit" "Mozilla/5.0 (Windows NT 10.0; Win64; x64) AppleWebKit/537.36 (KHTML, like Gecko) Chrome/142.0.0.0 Safari/537.36 Edg/142.0.0.0"
14.108.234.20 - - [25/Dec/2025:15:30:10 +0800] "GET /wp-content/uploads/2025/09/1756868585-20250903104658_78_5-300x135.webp HTTP/1.1" 200 9352 "http://cqqizhou.com/wp-admin/post.php?post=2388&action=edit" "Mozilla/5.0 (Windows NT 10.0; Win64; x64) AppleWebKit/537.36 (KHTML, like Gecko) Chrome/142.0.0.0 Safari/537.36 Edg/142.0.0.0"
14.108.234.20 - - [25/Dec/2025:15:30:10 +0800] "GET /wp-content/uploads/2025/08/1755826456-DSC01841-300x169.webp HTTP/1.1" 200 18996 "http://cqqizhou.com/wp-admin/post.php?post=2388&action=edit" "Mozilla/5.0 (Windows NT 10.0; Win64; x64) AppleWebKit/537.36 (KHTML, like Gecko) Chrome/142.0.0.0 Safari/537.36 Edg/142.0.0.0"
14.108.234.20 - - [25/Dec/2025:15:30:10 +0800] "GET /wp-content/uploads/2025/08/1755826390-DSC01765-300x169.webp HTTP/1.1" 200 13468 "http://cqqizhou.com/wp-admin/post.php?post=2388&action=edit" "Mozilla/5.0 (Windows NT 10.0; Win64; x64) AppleWebKit/537.36 (KHTML, like Gecko) Chrome/142.0.0.0 Safari/537.36 Edg/142.0.0.0"
14.108.234.20 - - [25/Dec/2025:15:30:10 +0800] "GET /wp-content/uploads/2025/07/1751826322-Services_images_W900px-300x169.webp HTTP/1.1" 200 20554 "http://cqqizhou.com/wp-admin/post.php?post=2388&action=edit" "Mozilla/5.0 (Windows NT 10.0; Win64; x64) AppleWebKit/537.36 (KHTML, like Gecko) Chrome/142.0.0.0 Safari/537.36 Edg/142.0.0.0"
111.221.44.25 - - [25/Dec/2025:15:30:14 +0800] "POST /wp-login.php HTTP/1.1" 200 2886 "http://cqqizhou.com/wp-login.php" "Mozilla/5.0 (Macintosh; Intel Mac OS X 10_15_7) AppleWebKit/537.36 (KHTML, like Gecko) Chrome/118.0.0.0 Safari/537.36"
111.221.44.25 - - [25/Dec/2025:15:30:18 +0800] "POST /wp-login.php HTTP/1.1" 200 2886 "http://cqqizhou.com/wp-login.php" "Mozilla/5.0 (Macintosh; Intel Mac OS X 10_15_7; rv:118.0) Gecko/20100101 Firefox/118.0"
14.108.234.20 - - [25/Dec/2025:15:30:18 +0800] "POST /wp-json/wp/v2/posts/2388/autosaves?_locale=user HTTP/1.1" 200 2099 "http://cqqizhou.com/wp-admin/post.php?post=2388&action=edit" "Mozilla/5.0 (Windows NT 10.0; Win64; x64) AppleWebKit/537.36 (KHTML, like Gecko) Chrome/142.0.0.0 Safari/537.36 Edg/142.0.0.0"
14.108.234.20 - - [25/Dec/2025:15:30:18 +0800] "POST /wp-admin/admin-ajax.php HTTP/1.1" 200 112 "http://cqqizhou.com/wp-admin/post.php?post=2388&action=edit" "Mozilla/5.0 (Windows NT 10.0; Win64; x64) AppleWebKit/537.36 (KHTML, like Gecko) Chrome/142.0.0.0 Safari/537.36 Edg/142.0.0.0"
14.108.234.20 - - [25/Dec/2025:15:30:28 +0800] "POST /wp-admin/admin-ajax.php HTTP/1.1" 200 112 "http://cqqizhou.com/wp-admin/post.php?post=2388&action=edit" "Mozilla/5.0 (Windows NT 10.0; Win64; x64) AppleWebKit/537.36 (KHTML, like Gecko) Chrome/142.0.0.0 Safari/537.36 Edg/142.0.0.0"
14.108.234.20 - - [25/Dec/2025:15:30:29 +0800] "POST /wp-admin/async-upload.php HTTP/1.1" 200 734 "http://cqqizhou.com/wp-admin/post.php?post=2388&action=edit" "Mozilla/5.0 (Windows NT 10.0; Win64; x64) AppleWebKit/537.36 (KHTML, like Gecko) Chrome/142.0.0.0 Safari/537.36 Edg/142.0.0.0"
14.108.234.20 - - [25/Dec/2025:15:30:29 +0800] "GET /wp-content/uploads/2025/12/1766647829-Article_images_202512251-300x109.webp HTTP/1.1" 200 12016 "http://cqqizhou.com/wp-admin/post.php?post=2388&action=edit" "Mozilla/5.0 (Windows NT 10.0; Win64; x64) AppleWebKit/537.36 (KHTML, like Gecko) Chrome/142.0.0.0 Safari/537.36 Edg/142.0.0.0"
14.108.234.20 - - [25/Dec/2025:15:30:30 +0800] "POST /wp-admin/async-upload.php HTTP/1.1" 200 735 "http://cqqizhou.com/wp-admin/post.php?post=2388&action=edit" "Mozilla/5.0 (Windows NT 10.0; Win64; x64) AppleWebKit/537.36 (KHTML, like Gecko) Chrome/142.0.0.0 Safari/537.36 Edg/142.0.0.0"
14.108.234.20 - - [25/Dec/2025:15:30:30 +0800] "GET /wp-content/uploads/2025/12/1766647830-Article_images_202512252-300x169.webp HTTP/1.1" 200 19054 "http://cqqizhou.com/wp-admin/post.php?post=2388&action=edit" "Mozilla/5.0 (Windows NT 10.0; Win64; x64) AppleWebKit/537.36 (KHTML, like Gecko) Chrome/142.0.0.0 Safari/537.36 Edg/142.0.0.0"
14.108.234.20 - - [25/Dec/2025:15:30:31 +0800] "POST /wp-admin/async-upload.php HTTP/1.1" 200 737 "http://cqqizhou.com/wp-admin/post.php?post=2388&action=edit" "Mozilla/5.0 (Windows NT 10.0; Win64; x64) AppleWebKit/537.36 (KHTML, like Gecko) Chrome/142.0.0.0 Safari/537.36 Edg/142.0.0.0"
14.108.234.20 - - [25/Dec/2025:15:30:31 +0800] "GET /wp-content/uploads/2025/12/1766647831-Article_images_202512253-300x169.webp HTTP/1.1" 200 23540 "http://cqqizhou.com/wp-admin/post.php?post=2388&action=edit" "Mozilla/5.0 (Windows NT 10.0; Win64; x64) AppleWebKit/537.36 (KHTML, like Gecko) Chrome/142.0.0.0 Safari/537.36 Edg/142.0.0.0"
14.108.234.20 - - [25/Dec/2025:15:30:32 +0800] "POST /wp-admin/async-upload.php HTTP/1.1" 200 735 "http://cqqizhou.com/wp-admin/post.php?post=2388&action=edit" "Mozilla/5.0 (Windows NT 10.0; Win64; x64) AppleWebKit/537.36 (KHTML, like Gecko) Chrome/142.0.0.0 Safari/537.36 Edg/142.0.0.0"
14.108.234.20 - - [25/Dec/2025:15:30:32 +0800] "GET /wp-content/uploads/2025/12/1766647831-Article_images_202512254-300x169.webp HTTP/1.1" 200 14354 "http://cqqizhou.com/wp-admin/post.php?post=2388&action=edit" "Mozilla/5.0 (Windows NT 10.0; Win64; x64) AppleWebKit/537.36 (KHTML, like Gecko) Chrome/142.0.0.0 Safari/537.36 Edg/142.0.0.0"
14.108.234.20 - - [25/Dec/2025:15:30:32 +0800] "POST /wp-admin/async-upload.php HTTP/1.1" 200 751 "http://cqqizhou.com/wp-admin/post.php?post=2388&action=edit" "Mozilla/5.0 (Windows NT 10.0; Win64; x64) AppleWebKit/537.36 (KHTML, like Gecko) Chrome/142.0.0.0 Safari/537.36 Edg/142.0.0.0"
14.108.234.20 - - [25/Dec/2025:15:30:33 +0800] "GET /wp-content/uploads/2025/12/1766647832-Article_images_W900%C3%97500px20251225-300x167.webp HTTP/1.1" 200 14578 "http://cqqizhou.com/wp-admin/post.php?post=2388&action=edit" "Mozilla/5.0 (Windows NT 10.0; Win64; x64) AppleWebKit/537.36 (KHTML, like Gecko) Chrome/142.0.0.0 Safari/537.36 Edg/142.0.0.0"
14.108.234.20 - - [25/Dec/2025:15:30:38 +0800] "POST /wp-admin/admin-ajax.php HTTP/1.1" 200 112 "http://cqqizhou.com/wp-admin/post.php?post=2388&action=edit" "Mozilla/5.0 (Windows NT 10.0; Win64; x64) AppleWebKit/537.36 (KHTML, like Gecko) Chrome/142.0.0.0 Safari/537.36 Edg/142.0.0.0"
14.108.234.20 - - [25/Dec/2025:15:30:38 +0800] "GET /wp-json/wp/v2/media/2394?context=view&_locale=user HTTP/1.1" 200 1019 "http://cqqizhou.com/wp-admin/post.php?post=2388&action=edit" "Mozilla/5.0 (Windows NT 10.0; Win64; x64) AppleWebKit/537.36 (KHTML, like Gecko) Chrome/142.0.0.0 Safari/537.36 Edg/142.0.0.0"
14.108.234.20 - - [25/Dec/2025:15:30:39 +0800] "GET /wp-content/uploads/2025/12/1766647832-Article_images_W900%C3%97500px20251225-150x150.webp HTTP/1.1" 200 6860 "http://cqqizhou.com/wp-admin/post.php?post=2388&action=edit" "Mozilla/5.0 (Windows NT 10.0; Win64; x64) AppleWebKit/537.36 (KHTML, like Gecko) Chrome/142.0.0.0 Safari/537.36 Edg/142.0.0.0"
111.221.44.25 - - [25/Dec/2025:15:30:45 +0800] "POST /wp-login.php HTTP/1.1" 200 2886 "http://cqqizhou.com/wp-login.php" "Mozilla/5.0 (Macintosh; Intel Mac OS X 13_6_1) AppleWebKit/605.1.15 (KHTML, like Gecko) Version/17.0 Safari/605.1.15"
36.133.115.36 - - [25/Dec/2025:15:30:48 +0800] "POST /wp-cron.php?doing_wp_cron=1766647848.6598370075225830078125 HTTP/1.1" 200 31 "-" "WordPress/6.8.3; http://cqqizhou.com"
14.108.234.20 - - [25/Dec/2025:15:30:48 +0800] "POST /wp-admin/admin-ajax.php HTTP/1.1" 200 112 "http://cqqizhou.com/wp-admin/post.php?post=2388&action=edit" "Mozilla/5.0 (Windows NT 10.0; Win64; x64) AppleWebKit/537.36 (KHTML, like Gecko) Chrome/142.0.0.0 Safari/537.36 Edg/142.0.0.0"
14.108.234.20 - - [25/Dec/2025:15:30:52 +0800] "GET /wp-admin/load-scripts.php?c=0&load%5Bchunk_0%5D=wp-polyfill&ver=6.8.3 HTTP/1.1" 200 14488 "-" "Mozilla/5.0 (Windows NT 10.0; Win64; x64) AppleWebKit/537.36 (KHTML, like Gecko) Chrome/142.0.0.0 Safari/537.36 Edg/142.0.0.0"
14.108.234.20 - - [25/Dec/2025:15:30:52 +0800] "GET /?action=kirki-styles&editor=1&ver=4.0 HTTP/1.1" 499 0 "-" "Mozilla/5.0 (Windows NT 10.0; Win64; x64) AppleWebKit/537.36 (KHTML, like Gecko) Chrome/142.0.0.0 Safari/537.36 Edg/142.0.0.0"
14.108.234.20 - - [25/Dec/2025:15:30:55 +0800] "POST /wp-admin/admin-ajax.php HTTP/1.1" 200 9986 "http://cqqizhou.com/wp-admin/post.php?post=2388&action=edit" "Mozilla/5.0 (Windows NT 10.0; Win64; x64) AppleWebKit/537.36 (KHTML, like Gecko) Chrome/142.0.0.0 Safari/537.36 Edg/142.0.0.0"
14.108.234.20 - - [25/Dec/2025:15:30:58 +0800] "POST /wp-admin/admin-ajax.php HTTP/1.1" 200 112 "http://cqqizhou.com/wp-admin/post.php?post=2388&action=edit" "Mozilla/5.0 (Windows NT 10.0; Win64; x64) AppleWebKit/537.36 (KHTML, like Gecko) Chrome/142.0.0.0 Safari/537.36 Edg/142.0.0.0"
14.108.234.20 - - [25/Dec/2025:15:31:00 +0800] "GET /wp-content/uploads/2025/12/1766647829-Article_images_202512251.webp HTTP/1.1" 200 53246 "http://cqqizhou.com/wp-admin/post.php?post=2388&action=edit" "Mozilla/5.0 (Windows NT 10.0; Win64; x64) AppleWebKit/537.36 (KHTML, like Gecko) Chrome/142.0.0.0 Safari/537.36 Edg/142.0.0.0"
14.108.234.20 - - [25/Dec/2025:15:31:00 +0800] "GET /wp-json/wp/v2/media/2390?context=view&_locale=user HTTP/1.1" 200 978 "http://cqqizhou.com/wp-admin/post.php?post=2388&action=edit" "Mozilla/5.0 (Windows NT 10.0; Win64; x64) AppleWebKit/537.36 (KHTML, like Gecko) Chrome/142.0.0.0 Safari/537.36 Edg/142.0.0.0"
14.108.234.20 - - [25/Dec/2025:15:31:08 +0800] "GET /?action=kirki-styles&editor=1&ver=4.0 HTTP/1.1" 499 0 "-" "Mozilla/5.0 (Windows NT 10.0; Win64; x64) AppleWebKit/537.36 (KHTML, like Gecko) Chrome/142.0.0.0 Safari/537.36 Edg/142.0.0.0"
14.108.234.20 - - [25/Dec/2025:15:31:08 +0800] "POST /wp-admin/admin-ajax.php HTTP/1.1" 200 112 "http://cqqizhou.com/wp-admin/post.php?post=2388&action=edit" "Mozilla/5.0 (Windows NT 10.0; Win64; x64) AppleWebKit/537.36 (KHTML, like Gecko) Chrome/142.0.0.0 Safari/537.36 Edg/142.0.0.0"
14.108.234.20 - - [25/Dec/2025:15:31:11 +0800] "POST /wp-admin/admin-ajax.php HTTP/1.1" 200 9986 "http://cqqizhou.com/wp-admin/post.php?post=2388&action=edit" "Mozilla/5.0 (Windows NT 10.0; Win64; x64) AppleWebKit/537.36 (KHTML, like Gecko) Chrome/142.0.0.0 Safari/537.36 Edg/142.0.0.0"
183.212.245.131 - - [25/Dec/2025:15:31:14 +0800] "POST /HNAP1/ HTTP/1.0" 400 0 "-" "-"
111.221.44.25 - - [25/Dec/2025:15:31:14 +0800] "POST /wp-login.php HTTP/1.1" 200 2915 "http://cqqizhou.com/wp-login.php" "Mozilla/5.0 (Macintosh; Intel Mac OS X 13_6_1) AppleWebKit/605.1.15 (KHTML, like Gecko) Version/17.0 Safari/605.1.15"
14.108.234.20 - - [25/Dec/2025:15:31:18 +0800] "GET /wp-content/uploads/2025/12/1766647831-Article_images_202512254.webp HTTP/1.1" 200 55610 "http://cqqizhou.com/wp-admin/post.php?post=2388&action=edit" "Mozilla/5.0 (Windows NT 10.0; Win64; x64) AppleWebKit/537.36 (KHTML, like Gecko) Chrome/142.0.0.0 Safari/537.36 Edg/142.0.0.0"
14.108.234.20 - - [25/Dec/2025:15:31:18 +0800] "GET /wp-json/wp/v2/media/2393?context=view&_locale=user HTTP/1.1" 200 995 "http://cqqizhou.com/wp-admin/post.php?post=2388&action=edit" "Mozilla/5.0 (Windows NT 10.0; Win64; x64) AppleWebKit/537.36 (KHTML, like Gecko) Chrome/142.0.0.0 Safari/537.36 Edg/142.0.0.0"
14.108.234.20 - - [25/Dec/2025:15:31:18 +0800] "POST /wp-json/wp/v2/posts/2388/autosaves?_locale=user HTTP/1.1" 200 2474 "http://cqqizhou.com/wp-admin/post.php?post=2388&action=edit" "Mozilla/5.0 (Windows NT 10.0; Win64; x64) AppleWebKit/537.36 (KHTML, like Gecko) Chrome/142.0.0.0 Safari/537.36 Edg/142.0.0.0"
14.108.234.20 - - [25/Dec/2025:15:31:18 +0800] "POST /wp-admin/admin-ajax.php HTTP/1.1" 200 112 "http://cqqizhou.com/wp-admin/post.php?post=2388&action=edit" "Mozilla/5.0 (Windows NT 10.0; Win64; x64) AppleWebKit/537.36 (KHTML, like Gecko) Chrome/142.0.0.0 Safari/537.36 Edg/142.0.0.0"
14.108.234.20 - - [25/Dec/2025:15:31:21 +0800] "GET /?action=kirki-styles&editor=1&ver=4.0 HTTP/1.1" 200 210 "-" "Mozilla/5.0 (Windows NT 10.0; Win64; x64) AppleWebKit/537.36 (KHTML, like Gecko) Chrome/142.0.0.0 Safari/537.36 Edg/142.0.0.0"
14.108.234.20 - - [25/Dec/2025:15:31:23 +0800] "GET /?action=kirki-styles&editor=1&ver=4.0 HTTP/1.1" 200 210 "-" "Mozilla/5.0 (Windows NT 10.0; Win64; x64) AppleWebKit/537.36 (KHTML, like Gecko) Chrome/142.0.0.0 Safari/537.36 Edg/142.0.0.0"
14.108.234.20 - - [25/Dec/2025:15:31:24 +0800] "POST /wp-admin/admin-ajax.php HTTP/1.1" 200 9986 "http://cqqizhou.com/wp-admin/post.php?post=2388&action=edit" "Mozilla/5.0 (Windows NT 10.0; Win64; x64) AppleWebKit/537.36 (KHTML, like Gecko) Chrome/142.0.0.0 Safari/537.36 Edg/142.0.0.0"
14.108.234.20 - - [25/Dec/2025:15:31:28 +0800] "POST /wp-admin/admin-ajax.php HTTP/1.1" 200 112 "http://cqqizhou.com/wp-admin/post.php?post=2388&action=edit" "Mozilla/5.0 (Windows NT 10.0; Win64; x64) AppleWebKit/537.36 (KHTML, like Gecko) Chrome/142.0.0.0 Safari/537.36 Edg/142.0.0.0"
14.108.234.20 - - [25/Dec/2025:15:31:29 +0800] "GET /wp-json/wp/v2/media/2392?context=view&_locale=user HTTP/1.1" 200 996 "http://cqqizhou.com/wp-admin/post.php?post=2388&action=edit" "Mozilla/5.0 (Windows NT 10.0; Win64; x64) AppleWebKit/537.36 (KHTML, like Gecko) Chrome/142.0.0.0 Safari/537.36 Edg/142.0.0.0"
14.108.234.20 - - [25/Dec/2025:15:31:29 +0800] "GET /wp-content/uploads/2025/12/1766647831-Article_images_202512253.webp HTTP/1.1" 200 115480 "http://cqqizhou.com/wp-admin/post.php?post=2388&action=edit" "Mozilla/5.0 (Windows NT 10.0; Win64; x64) AppleWebKit/537.36 (KHTML, like Gecko) Chrome/142.0.0.0 Safari/537.36 Edg/142.0.0.0"
14.108.234.20 - - [25/Dec/2025:15:31:32 +0800] "GET /?action=kirki-styles&editor=1&ver=4.0 HTTP/1.1" 499 0 "-" "Mozilla/5.0 (Windows NT 10.0; Win64; x64) AppleWebKit/537.36 (KHTML, like Gecko) Chrome/142.0.0.0 Safari/537.36 Edg/142.0.0.0"
111.221.44.25 - - [25/Dec/2025:15:31:35 +0800] "POST /wp-login.php HTTP/1.1" 200 2915 "http://cqqizhou.com/wp-login.php" "Mozilla/5.0 (Windows NT 10.0; Win64; x64) AppleWebKit/537.36 (KHTML, like Gecko) Chrome/118.0.0.0 Safari/537.36"
14.108.234.20 - - [25/Dec/2025:15:31:36 +0800] "POST /wp-admin/admin-ajax.php HTTP/1.1" 200 9986 "http://cqqizhou.com/wp-admin/post.php?post=2388&action=edit" "Mozilla/5.0 (Windows NT 10.0; Win64; x64) AppleWebKit/537.36 (KHTML, like Gecko) Chrome/142.0.0.0 Safari/537.36 Edg/142.0.0.0"
14.108.234.20 - - [25/Dec/2025:15:31:38 +0800] "POST /wp-admin/admin-ajax.php HTTP/1.1" 200 112 "http://cqqizhou.com/wp-admin/post.php?post=2388&action=edit" "Mozilla/5.0 (Windows NT 10.0; Win64; x64) AppleWebKit/537.36 (KHTML, like Gecko) Chrome/142.0.0.0 Safari/537.36 Edg/142.0.0.0"
14.108.234.20 - - [25/Dec/2025:15:31:39 +0800] "GET /wp-content/uploads/2025/12/1766647830-Article_images_202512252.webp HTTP/1.1" 200 84832 "http://cqqizhou.com/wp-admin/post.php?post=2388&action=edit" "Mozilla/5.0 (Windows NT 10.0; Win64; x64) AppleWebKit/537.36 (KHTML, like Gecko) Chrome/142.0.0.0 Safari/537.36 Edg/142.0.0.0"
14.108.234.20 - - [25/Dec/2025:15:31:40 +0800] "GET /wp-json/wp/v2/media/2391?context=view&_locale=user HTTP/1.1" 200 997 "http://cqqizhou.com/wp-admin/post.php?post=2388&action=edit" "Mozilla/5.0 (Windows NT 10.0; Win64; x64) AppleWebKit/537.36 (KHTML, like Gecko) Chrome/142.0.0.0 Safari/537.36 Edg/142.0.0.0"
36.133.115.36 - - [25/Dec/2025:15:31:48 +0800] "POST /wp-cron.php?doing_wp_cron=1766647908.4977309703826904296875 HTTP/1.1" 200 31 "-" "WordPress/6.8.3; http://cqqizhou.com"
14.108.234.20 - - [25/Dec/2025:15:31:48 +0800] "POST /wp-json/wp/v2/posts/2388?_locale=user HTTP/1.1" 200 3119 "http://cqqizhou.com/wp-admin/post.php?post=2388&action=edit" "Mozilla/5.0 (Windows NT 10.0; Win64; x64) AppleWebKit/537.36 (KHTML, like Gecko) Chrome/142.0.0.0 Safari/537.36 Edg/142.0.0.0"
14.108.234.20 - - [25/Dec/2025:15:31:48 +0800] "POST /wp-admin/admin-ajax.php HTTP/1.1" 200 112 "http://cqqizhou.com/wp-admin/post.php?post=2388&action=edit" "Mozilla/5.0 (Windows NT 10.0; Win64; x64) AppleWebKit/537.36 (KHTML, like Gecko) Chrome/142.0.0.0 Safari/537.36 Edg/142.0.0.0"
14.108.234.20 - - [25/Dec/2025:15:31:49 +0800] "POST /wp-admin/post.php?post=2388&action=edit&meta-box-loader=1&meta-box-loader-nonce=2be1439687&_locale=user HTTP/1.1" 302 5 "http://cqqizhou.com/wp-admin/post.php?post=2388&action=edit" "Mozilla/5.0 (Windows NT 10.0; Win64; x64) AppleWebKit/537.36 (KHTML, like Gecko) Chrome/142.0.0.0 Safari/537.36 Edg/142.0.0.0"
14.108.234.20 - - [25/Dec/2025:15:31:50 +0800] "GET /wp-admin/post.php?post=2388&action=edit&message=4 HTTP/1.1" 200 197532 "http://cqqizhou.com/wp-admin/post.php?post=2388&action=edit" "Mozilla/5.0 (Windows NT 10.0; Win64; x64) AppleWebKit/537.36 (KHTML, like Gecko) Chrome/142.0.0.0 Safari/537.36 Edg/142.0.0.0"
14.108.234.20 - - [25/Dec/2025:15:31:52 +0800] "GET /2388/ HTTP/1.1" 200 28836 "http://cqqizhou.com/wp-admin/post.php?post=2388&action=edit" "Mozilla/5.0 (Windows NT 10.0; Win64; x64) AppleWebKit/537.36 (KHTML, like Gecko) Chrome/142.0.0.0 Safari/537.36 Edg/142.0.0.0"
