HEX
Server: nginx/1.16.1
System: Linux ecs-04358622 4.19.90-2107.6.0.0100.oe1.bclinux.x86_64 #1 SMP Wed Dec 1 19:59:44 CST 2021 x86_64
User: nginx (994)
PHP: 8.0.0
Disabled: NONE
Upload Files
File: /home/logs/cqqizhou_access_2025-12-25.log
36.133.115.36 - - [25/Dec/2025:00:10:11 +0800] "POST /wp-cron.php?doing_wp_cron=1766592611.1697490215301513671875 HTTP/1.1" 200 31 "-" "WordPress/6.8.3; http://cqqizhou.com"
217.76.60.243 - - [25/Dec/2025:00:10:11 +0800] "GET /.env HTTP/1.1" 301 5 "-" "Go-http-client/1.1"
217.76.60.243 - - [25/Dec/2025:00:10:12 +0800] "GET /.env HTTP/1.1" 404 8981 "http://36.133.115.36:80/.env" "Go-http-client/1.1"
217.76.60.243 - - [25/Dec/2025:00:10:16 +0800] "GET /.env.local HTTP/1.1" 301 5 "-" "Go-http-client/1.1"
217.76.60.243 - - [25/Dec/2025:00:10:17 +0800] "GET /.env.local HTTP/1.1" 404 8981 "http://36.133.115.36:80/.env.local" "Go-http-client/1.1"
217.76.60.243 - - [25/Dec/2025:00:10:19 +0800] "GET /.env.production HTTP/1.1" 301 5 "-" "Go-http-client/1.1"
217.76.60.243 - - [25/Dec/2025:00:10:24 +0800] "GET /.env.old HTTP/1.1" 301 5 "-" "Go-http-client/1.1"
217.76.60.243 - - [25/Dec/2025:00:10:28 +0800] "GET /.env.old HTTP/1.1" 404 8981 "http://36.133.115.36:80/.env.old" "Go-http-client/1.1"
217.76.60.243 - - [25/Dec/2025:00:10:29 +0800] "GET /.env.example HTTP/1.1" 301 5 "-" "Go-http-client/1.1"
217.76.60.243 - - [25/Dec/2025:00:10:37 +0800] "GET /.env.setup HTTP/1.1" 301 5 "-" "Go-http-client/1.1"
217.76.60.243 - - [25/Dec/2025:00:10:38 +0800] "GET /.env.setup HTTP/1.1" 404 8981 "http://36.133.115.36:80/.env.setup" "Go-http-client/1.1"
217.76.60.243 - - [25/Dec/2025:00:10:40 +0800] "GET /.git/config HTTP/1.1" 301 5 "-" "Go-http-client/1.1"
217.76.60.243 - - [25/Dec/2025:00:10:41 +0800] "GET /.git/index HTTP/1.1" 301 5 "-" "Go-http-client/1.1"
217.76.60.243 - - [25/Dec/2025:00:10:44 +0800] "GET /.git/index HTTP/1.1" 404 8982 "http://36.133.115.36:80/.git/index" "Go-http-client/1.1"
36.133.115.36 - - [25/Dec/2025:00:10:49 +0800] "POST /wp-cron.php?doing_wp_cron=1766592649.7076249122619628906250 HTTP/1.1" 200 31 "-" "WordPress/6.8.3; http://cqqizhou.com"
217.76.60.243 - - [25/Dec/2025:00:10:49 +0800] "GET /core/.env HTTP/1.1" 301 5 "-" "Go-http-client/1.1"
217.76.60.243 - - [25/Dec/2025:00:10:51 +0800] "GET /core/.env HTTP/1.1" 404 8981 "http://36.133.115.36:80/core/.env" "Go-http-client/1.1"
217.76.60.243 - - [25/Dec/2025:00:10:52 +0800] "GET /app/.env HTTP/1.1" 301 5 "-" "Go-http-client/1.1"
217.76.60.243 - - [25/Dec/2025:00:10:54 +0800] "GET /app/.env HTTP/1.1" 404 8982 "http://36.133.115.36:80/app/.env" "Go-http-client/1.1"
217.76.60.243 - - [25/Dec/2025:00:10:55 +0800] "GET /api/.env HTTP/1.1" 301 5 "-" "Go-http-client/1.1"
217.76.60.243 - - [25/Dec/2025:00:10:57 +0800] "GET /src/.env HTTP/1.1" 301 5 "-" "Go-http-client/1.1"
217.76.60.243 - - [25/Dec/2025:00:10:59 +0800] "GET /private/.env HTTP/1.1" 301 5 "-" "Go-http-client/1.1"
217.76.60.243 - - [25/Dec/2025:00:11:00 +0800] "GET /private/.env HTTP/1.1" 404 8981 "http://36.133.115.36:80/private/.env" "Go-http-client/1.1"
217.76.60.243 - - [25/Dec/2025:00:11:03 +0800] "GET /web/.env HTTP/1.1" 301 5 "-" "Go-http-client/1.1"
217.76.60.243 - - [25/Dec/2025:00:11:04 +0800] "GET /web/.env HTTP/1.1" 404 8982 "http://36.133.115.36:80/web/.env" "Go-http-client/1.1"
217.76.60.243 - - [25/Dec/2025:00:11:06 +0800] "GET /config/config.php HTTP/1.1" 404 47 "-" "Go-http-client/1.1"
217.76.60.243 - - [25/Dec/2025:00:11:12 +0800] "GET /storage/.env HTTP/1.1" 301 5 "-" "Go-http-client/1.1"
217.76.60.243 - - [25/Dec/2025:00:11:17 +0800] "GET /storage/logs/web.log HTTP/1.1" 301 5 "-" "Go-http-client/1.1"
217.76.60.243 - - [25/Dec/2025:00:11:23 +0800] "GET /web.config HTTP/1.1" 301 5 "-" "Go-http-client/1.1"
217.76.60.243 - - [25/Dec/2025:00:11:25 +0800] "GET /App.config HTTP/1.1" 301 5 "-" "Go-http-client/1.1"
217.76.60.243 - - [25/Dec/2025:00:11:27 +0800] "GET /App.config HTTP/1.1" 404 8981 "http://36.133.115.36:80/App.config" "Go-http-client/1.1"
217.76.60.243 - - [25/Dec/2025:00:11:28 +0800] "GET /test.php HTTP/1.1" 404 47 "-" "Go-http-client/1.1"
217.76.60.243 - - [25/Dec/2025:00:11:30 +0800] "GET /.env.zip HTTP/1.1" 301 5 "-" "Go-http-client/1.1"
217.76.60.243 - - [25/Dec/2025:00:11:32 +0800] "GET /.env.zip HTTP/1.1" 404 8981 "http://36.133.115.36:80/.env.zip" "Go-http-client/1.1"
217.76.60.243 - - [25/Dec/2025:00:11:33 +0800] "GET /.env.tar.gz HTTP/1.1" 301 5 "-" "Go-http-client/1.1"
217.76.60.243 - - [25/Dec/2025:00:11:39 +0800] "GET /data.zip HTTP/1.1" 301 5 "-" "Go-http-client/1.1"
217.76.60.243 - - [25/Dec/2025:00:11:41 +0800] "GET /.aws/credentials HTTP/1.1" 301 5 "-" "Go-http-client/1.1"
217.76.60.243 - - [25/Dec/2025:00:11:44 +0800] "GET /.env.test HTTP/1.1" 301 5 "-" "Go-http-client/1.1"
217.76.60.243 - - [25/Dec/2025:00:11:45 +0800] "GET /.env.test HTTP/1.1" 404 8981 "http://36.133.115.36:80/.env.test" "Go-http-client/1.1"
36.133.115.36 - - [25/Dec/2025:00:11:51 +0800] "POST /wp-cron.php?doing_wp_cron=1766592711.2000300884246826171875 HTTP/1.1" 200 31 "-" "WordPress/6.8.3; http://cqqizhou.com"
217.76.60.243 - - [25/Dec/2025:00:11:51 +0800] "GET /db.sql HTTP/1.1" 301 5 "-" "Go-http-client/1.1"
217.76.60.243 - - [25/Dec/2025:00:11:52 +0800] "GET /db.sql HTTP/1.1" 404 8981 "http://36.133.115.36:80/db.sql" "Go-http-client/1.1"
217.76.60.243 - - [25/Dec/2025:00:11:55 +0800] "GET / HTTP/1.1" 200 33678 "-" "Go-http-client/1.1"
54.38.147.76 - - [25/Dec/2025:00:12:15 +0800] "GET /portfolio/pickled-coil/ HTTP/1.1" 200 22175 "-" "Mozilla/5.0 (compatible; AhrefsBot/7.0; +http://ahrefs.com/robot/)"
36.133.115.36 - - [25/Dec/2025:00:21:36 +0800] "POST /wp-cron.php?doing_wp_cron=1766593296.0305249691009521484375 HTTP/1.1" 200 31 "-" "WordPress/6.8.3; http://cqqizhou.com"
193.142.147.209 - - [25/Dec/2025:00:21:37 +0800] "POST / HTTP/1.1" 200 33678 "-" "Mozilla/5.0 (Windows NT 10.0; Win64; x64) AppleWebKit/537.36"
40.77.167.79 - - [25/Dec/2025:00:30:48 +0800] "GET /news/page/2/ HTTP/1.1" 200 23647 "-" "Mozilla/5.0 AppleWebKit/537.36 (KHTML, like Gecko; compatible; bingbot/2.0; +http://www.bing.com/bingbot.htm) Chrome/116.0.1938.76 Safari/537.36"
36.133.115.36 - - [25/Dec/2025:00:34:23 +0800] "POST /wp-cron.php?doing_wp_cron=1766594063.8307681083679199218750 HTTP/1.1" 200 31 "-" "WordPress/6.8.3; http://cqqizhou.com"
204.76.203.212 - - [25/Dec/2025:00:34:24 +0800] "GET / HTTP/1.1" 200 33678 "-" "Mozilla/5.0 (Windows NT 10.0; Win64; x64) AppleWebKit/537.36 (KHTML, like Gecko) Chrome/90.0.4430.85 Safari/537.36 Edg/90.0.818.46"
180.153.236.49 - - [25/Dec/2025:00:45:02 +0800] "GET / HTTP/1.1" 200 39568 "http://cqqizhou.com/" "Mozilla/5.0 (Windows NT 10.0; Win64; x64) AppleWebKit/537.36 (KHTML, like Gecko) Chrome/140.0.0.0 Safari/537.36 Edg/140.0.0.0; 360Spider"
36.133.115.36 - - [25/Dec/2025:00:57:52 +0800] "POST /wp-cron.php?doing_wp_cron=1766595472.7330300807952880859375 HTTP/1.1" 200 31 "-" "WordPress/6.8.3; http://cqqizhou.com"
34.38.246.252 - - [25/Dec/2025:00:57:52 +0800] "GET / HTTP/1.1" 301 5 "-" "python-requests/2.32.5"
43.130.72.40 - - [25/Dec/2025:00:58:20 +0800] "GET / HTTP/1.1" 200 33678 "-" "Mozilla/5.0 (iPhone; CPU iPhone OS 13_2_3 like Mac OS X) AppleWebKit/605.1.15 (KHTML, like Gecko) Version/13.0.3 Mobile/15E148 Safari/604.1"
54.38.147.122 - - [25/Dec/2025:01:02:27 +0800] "GET /logistics/ HTTP/1.1" 200 22471 "-" "Mozilla/5.0 (compatible; AhrefsBot/7.0; +http://ahrefs.com/robot/)"
36.133.115.36 - - [25/Dec/2025:01:02:45 +0800] "POST /wp-cron.php?doing_wp_cron=1766595765.6942880153656005859375 HTTP/1.1" 200 31 "-" "WordPress/6.8.3; http://cqqizhou.com"
42.58.34.218 - - [25/Dec/2025:01:02:45 +0800] "GET /Ly9jcXFpemhvdS5jb20vd3AtY29udGVudC91cGxvYWRzLzIwMjUvMTIvMTc2NTI2ODk1NS1xaXpob3VfU2xpZGVyMV8zODQww5cyMTYwXzIwMjUxMjEwLXNjYWxlZC53ZWJw HTTP/1.1" 404 8980 "-" "Mozilla/5.0 (Windows NT 6.1; WOW64) AppleWebKit/537.36 (KHTML, like Gecko) Chrome/70.0.3538.16"
36.133.115.36 - - [25/Dec/2025:01:06:52 +0800] "POST /wp-cron.php?doing_wp_cron=1766596012.0693659782409667968750 HTTP/1.1" 200 31 "-" "WordPress/6.8.3; http://cqqizhou.com"
204.76.203.212 - - [25/Dec/2025:01:06:52 +0800] "GET / HTTP/1.1" 200 33677 "-" "Mozilla/5.0 (Windows NT 10.0; Win64; x64) AppleWebKit/537.36 (KHTML, like Gecko) Chrome/90.0.4430.85 Safari/537.36 Edg/90.0.818.46"
36.133.115.36 - - [25/Dec/2025:01:15:15 +0800] "POST /wp-cron.php?doing_wp_cron=1766596515.7799510955810546875000 HTTP/1.1" 200 31 "-" "WordPress/6.8.3; http://cqqizhou.com"
95.214.55.71 - - [25/Dec/2025:01:15:16 +0800] "GET / HTTP/1.1" 200 109842 "-" "python-requests/2.31.0"
36.133.115.36 - - [25/Dec/2025:01:23:39 +0800] "POST /wp-cron.php?doing_wp_cron=1766597019.2987639904022216796875 HTTP/1.1" 200 31 "-" "WordPress/6.8.3; http://cqqizhou.com"
36.152.157.158 - - [25/Dec/2025:01:23:39 +0800] "GET /Content/ueditor-dev-1.5.0/ueditor-dev-1.5.0/controller.ashx?action=catchimage HTTP/1.1" 404 8981 "-" "Mozilla/5.0 (Windows NT 10.0; Win64; x64)"
36.133.115.36 - - [25/Dec/2025:01:28:46 +0800] "POST /wp-cron.php?doing_wp_cron=1766597326.6738700866699218750000 HTTP/1.1" 200 31 "-" "WordPress/6.8.3; http://cqqizhou.com"
1.193.0.243 - - [25/Dec/2025:01:28:46 +0800] "GET /Ly9jcXFpemhvdS5jb20vd3AtY29udGVudC91cGxvYWRzL3JldnNsaWRlci9zbGlkZXItMS8xNzUxMzU4MjE5LXFpemhvdWRhbG91X1NsaWRlcl8zODQww5cyMTYwXzIwMjUwNzAxMTYxNTA1LXNjYWxlZC53ZWJw HTTP/1.1" 404 8981 "-" "Mozilla/5.0 (Windows NT 6.2) AppleWebKit/537.36 (KHTML, like Gecko) Chrome/78.0.3904.105"
36.133.115.36 - - [25/Dec/2025:01:51:22 +0800] "POST /wp-cron.php?doing_wp_cron=1766598682.2874889373779296875000 HTTP/1.1" 200 31 "-" "WordPress/6.8.3; http://cqqizhou.com"
183.202.164.72 - - [25/Dec/2025:01:51:22 +0800] "GET /Ly9jcXFpemhvdS5jb20vd3AtY29udGVudC91cGxvYWRzLzIwMjUvMTIvMTc2NTI2NTM5OC1xaXpob3VfU2xpZGVyXzM4NDDDlzIxNjBfMjAyNTEyMDktc2NhbGVkLndlYnA= HTTP/1.1" 404 8981 "-" "Mozilla/5.0 (Windows NT 6.1; WOW64) AppleWebKit/537.36 (KHTML, like Gecko) Chrome/78.0.3904.70"
36.133.115.36 - - [25/Dec/2025:01:53:40 +0800] "POST /wp-cron.php?doing_wp_cron=1766598819.9645969867706298828125 HTTP/1.1" 200 31 "-" "WordPress/6.8.3; http://cqqizhou.com"
222.134.152.61 - - [25/Dec/2025:01:53:40 +0800] "GET /Ly9jcXFpemhvdS5jb20vd3AtY29udGVudC91cGxvYWRzL3JldnNsaWRlci9zbGlkZXItMS8xNzUwODYxMTU2LWxvZ2lzdGljc19TbGlkZXJfMzg0MMOXMjE2MF8yMDI1MDYyNTE5MTM1Ni1zY2FsZWQud2VicA== HTTP/1.1" 404 8981 "-" "Mozilla/5.0 (Windows NT 10.0; Win64; x64) AppleWebKit/537.36 (KHTML, like Gecko) Chrome/80.0.3987.16"
51.195.183.100 - - [25/Dec/2025:02:04:59 +0800] "GET /2155/ HTTP/1.1" 200 29028 "-" "Mozilla/5.0 (compatible; AhrefsBot/7.0; +http://ahrefs.com/robot/)"
36.133.115.36 - - [25/Dec/2025:02:13:02 +0800] "POST /wp-cron.php?doing_wp_cron=1766599982.5552608966827392578125 HTTP/1.1" 200 31 "-" "WordPress/6.8.3; http://cqqizhou.com"
204.76.203.212 - - [25/Dec/2025:02:13:02 +0800] "GET / HTTP/1.1" 200 33678 "-" "Mozilla/5.0 (Windows NT 10.0; Win64; x64) AppleWebKit/537.36 (KHTML, like Gecko) Chrome/90.0.4430.85 Safari/537.36 Edg/90.0.818.46"
36.133.115.36 - - [25/Dec/2025:02:26:58 +0800] "POST /wp-cron.php?doing_wp_cron=1766600818.2796161174774169921875 HTTP/1.1" 200 31 "-" "WordPress/6.8.3; http://cqqizhou.com"
182.42.104.32 - - [25/Dec/2025:02:26:58 +0800] "GET / HTTP/1.1" 200 33677 "-" "Mozilla/5.0 (iPhone; CPU iPhone OS 13_2_3 like Mac OS X) AppleWebKit/605.1.15 (KHTML, like Gecko) Version/13.0.3 Mobile/15E148 Safari/604.1"
36.133.115.36 - - [25/Dec/2025:02:28:13 +0800] "POST /wp-cron.php?doing_wp_cron=1766600893.1665239334106445312500 HTTP/1.1" 200 31 "-" "WordPress/6.8.3; http://cqqizhou.com"
91.232.238.106 - - [25/Dec/2025:02:28:13 +0800] "GET /robots.txt HTTP/1.0" 200 378 "-" "xfa1"
36.133.115.36 - - [25/Dec/2025:02:32:40 +0800] "POST /wp-cron.php?doing_wp_cron=1766601160.4736440181732177734375 HTTP/1.1" 200 31 "-" "WordPress/6.8.3; http://cqqizhou.com"
195.170.172.128 - - [25/Dec/2025:02:32:40 +0800] "GET / HTTP/1.1" 301 5 "-" "Mozilla/5.0 (Windows NT 10.0; Win64; x64) AppleWebKit/537.36 (KHTML, like Gecko) Chrome/94.0.4606.61 Safari/537.36"
195.170.172.128 - - [25/Dec/2025:02:32:47 +0800] "GET / HTTP/1.1" 200 166245 "-" "Mozilla/5.0 (Windows NT 10.0; Win64; x64) AppleWebKit/537.36 (KHTML, like Gecko) Chrome/94.0.4606.61 Safari/537.36"
36.133.115.36 - - [25/Dec/2025:02:32:53 +0800] "POST /wp-cron.php?doing_wp_cron=1766601173.1461350917816162109375 HTTP/1.1" 200 31 "-" "WordPress/6.8.3; http://cqqizhou.com"
195.170.172.128 - 1KRJfSQj1MTnbGaPiTnuLE5J4FkDcQURe5 [25/Dec/2025:02:32:54 +0800] "POST / HTTP/1.1" 200 152290 "-" "Mozilla/5.0 (Windows NT 10.0; Win64; x64) AppleWebKit/537.36 (KHTML, like Gecko) Chrome/94.0.4606.61 Safari/537.36"
195.170.172.128 - 0x988faab2877c0fe4d1614d924f3ce8723f68e434 [25/Dec/2025:02:32:57 +0800] "POST / HTTP/1.1" 200 152290 "-" "Mozilla/5.0 (Windows NT 10.0; Win64; x64) AppleWebKit/537.36 (KHTML, like Gecko) Chrome/94.0.4606.61 Safari/537.36"
195.170.172.128 - - [25/Dec/2025:02:33:01 +0800] "GET /WuEL HTTP/1.1" 404 31364 "-" "Mozilla/5.0 (compatible; MSIE 9.0; Windows NT 6.1; Trident/5.0; ; NCLIENT50_AAPCDA5841E333)"
195.170.172.128 - - [25/Dec/2025:02:33:04 +0800] "GET /a HTTP/1.1" 404 31364 "-" "Mozilla/5.0 (Windows NT 10.0; Win64; x64) AppleWebKit/537.36 (KHTML, like Gecko) Chrome/94.0.4606.61 Safari/537.36"
195.170.172.128 - - [25/Dec/2025:02:33:06 +0800] "GET /download/file.ext HTTP/1.1" 404 31364 "-" "Mozilla/5.0 (Windows NT 10.0; Win64; x64) AppleWebKit/537.36 (KHTML, like Gecko) Chrome/94.0.4606.61 Safari/537.36"
195.170.172.128 - - [25/Dec/2025:02:33:08 +0800] "GET /SiteLoader HTTP/1.1" 404 31364 "-" "Mozilla/5.0 (Windows NT 10.0; Win64; x64) AppleWebKit/537.36 (KHTML, like Gecko) Chrome/94.0.4606.61 Safari/537.36"
195.170.172.128 - - [25/Dec/2025:02:33:10 +0800] "GET /mPlayer HTTP/1.1" 404 31364 "-" "Mozilla/5.0 (Windows NT 10.0; Win64; x64) AppleWebKit/537.36 (KHTML, like Gecko) Chrome/94.0.4606.61 Safari/537.36"
195.170.172.128 - - [25/Dec/2025:02:33:22 +0800] "POST / HTTP/1.1" 400 0 "-" "Mozilla/5.0 (Windows NT 10.0; Win64; x64) AppleWebKit/537.36 (KHTML, like Gecko) Chrome/94.0.4606.61 Safari/537.36"
36.133.115.36 - - [25/Dec/2025:02:45:57 +0800] "POST /wp-cron.php?doing_wp_cron=1766601957.3198719024658203125000 HTTP/1.1" 200 31 "-" "WordPress/6.8.3; http://cqqizhou.com"
204.76.203.212 - - [25/Dec/2025:02:45:57 +0800] "GET / HTTP/1.1" 200 33678 "-" "Mozilla/5.0 (Windows NT 10.0; Win64; x64) AppleWebKit/537.36 (KHTML, like Gecko) Chrome/90.0.4430.85 Safari/537.36 Edg/90.0.818.46"
36.133.115.36 - - [25/Dec/2025:03:07:06 +0800] "POST /wp-cron.php?doing_wp_cron=1766603225.9781310558319091796875 HTTP/1.1" 200 31 "-" "WordPress/6.8.3; http://cqqizhou.com"
87.121.84.181 - - [25/Dec/2025:03:07:06 +0800] "GET / HTTP/1.0" 200 109870 "-" "Mozilla/5.0 (X11; Linux x86_64; rv:140.0) Gecko/20100101 Firefox/140.0"
36.133.115.36 - - [25/Dec/2025:03:09:35 +0800] "POST /wp-cron.php?doing_wp_cron=1766603375.7947969436645507812500 HTTP/1.1" 200 31 "-" "WordPress/6.8.3; http://cqqizhou.com"
193.142.147.209 - - [25/Dec/2025:03:09:36 +0800] "POST / HTTP/1.1" 200 33678 "-" "Mozilla/5.0 (Windows NT 10.0; Win64; x64) AppleWebKit/537.36"
198.244.240.143 - - [25/Dec/2025:03:12:03 +0800] "GET / HTTP/1.1" 200 39568 "-" "Mozilla/5.0 (compatible; AhrefsBot/7.0; +http://ahrefs.com/robot/)"
36.133.115.36 - - [25/Dec/2025:03:14:15 +0800] "POST /wp-cron.php?doing_wp_cron=1766603655.6646540164947509765625 HTTP/1.1" 200 31 "-" "WordPress/6.8.3; http://cqqizhou.com"
43.158.91.71 - - [25/Dec/2025:03:14:15 +0800] "GET / HTTP/1.1" 200 33678 "-" "Mozilla/5.0 (iPhone; CPU iPhone OS 13_2_3 like Mac OS X) AppleWebKit/605.1.15 (KHTML, like Gecko) Version/13.0.3 Mobile/15E148 Safari/604.1"
36.133.115.36 - - [25/Dec/2025:03:14:52 +0800] "POST /wp-cron.php?doing_wp_cron=1766603692.1254529953002929687500 HTTP/1.1" 200 31 "-" "WordPress/6.8.3; http://cqqizhou.com"
204.76.203.212 - - [25/Dec/2025:03:14:52 +0800] "GET / HTTP/1.1" 200 33678 "-" "Mozilla/5.0 (Windows NT 10.0; Win64; x64) AppleWebKit/537.36 (KHTML, like Gecko) Chrome/90.0.4430.85 Safari/537.36 Edg/90.0.818.46"
188.166.67.156 - - [25/Dec/2025:03:14:56 +0800] "GET http://ip-api.com/json/ HTTP/1.1" 404 8981 "-" "Go-http-client/1.1"
91.224.92.121 - - [25/Dec/2025:03:29:04 +0800] "OPTIONS / HTTP/1.1" 405 552 "-" "Mozilla/5.0 (Windows NT 10.0; Win64; x64) AppleWebKit/537.36 (KHTML, like Gecko) Chrome/114.0.5735.199 Safari/537.36"
36.133.115.36 - - [25/Dec/2025:03:29:15 +0800] "POST /wp-cron.php?doing_wp_cron=1766604555.1399939060211181640625 HTTP/1.1" 200 31 "-" "WordPress/6.8.3; http://cqqizhou.com"
89.42.231.239 - - [25/Dec/2025:03:29:15 +0800] "GET /SDK/webLanguage HTTP/1.1" 301 5 "-" "Mozilla/5.0 (Windows NT 10.0; Win64; x64) AppleWebKit/537.36 (KHTML, like Gecko) Chrome/90.0.4430.85 Safari/537.36 Edg/90.0.818.46"
36.133.115.36 - - [25/Dec/2025:03:30:38 +0800] "POST /wp-cron.php?doing_wp_cron=1766604638.5164730548858642578125 HTTP/1.1" 200 31 "-" "WordPress/6.8.3; http://cqqizhou.com"
115.159.33.43 - - [25/Dec/2025:03:30:38 +0800] "GET / HTTP/1.1" 301 5 "-" "Mozilla/5.0 (Windows NT 10.0; Win64; x64) AppleWebKit/537.36 (KHTML, like Gecko) Chrome/79.0.3945.117 Safari/537.36"
36.133.115.36 - - [25/Dec/2025:03:31:22 +0800] "POST /wp-cron.php?doing_wp_cron=1766604682.0930609703063964843750 HTTP/1.1" 200 31 "-" "WordPress/6.8.3; http://cqqizhou.com"
124.156.172.52 - - [25/Dec/2025:03:31:22 +0800] "GET /logistics HTTP/1.1" 301 5 "-" "Mozilla/5.0 (Windows NT 10.0; Win64; x64) AppleWebKit/537.36 (KHTML, like Gecko) Chrome/120.0.0.0 Safari/537.36 Edg/120.0.0.0"
124.156.172.52 - - [25/Dec/2025:03:31:22 +0800] "GET /logistics/ HTTP/1.1" 200 83603 "-" "Mozilla/5.0 (Windows NT 10.0; Win64; x64) AppleWebKit/537.36 (KHTML, like Gecko) Chrome/120.0.0.0 Safari/537.36 Edg/120.0.0.0"
36.133.115.36 - - [25/Dec/2025:03:33:08 +0800] "POST /wp-cron.php?doing_wp_cron=1766604788.6988370418548583984375 HTTP/1.1" 200 31 "-" "WordPress/6.8.3; http://cqqizhou.com"
124.156.172.52 - - [25/Dec/2025:03:33:08 +0800] "GET /logistics HTTP/1.1" 301 5 "-" "Mozilla/5.0 (Windows NT 10.0; Win64; x64) AppleWebKit/537.36 (KHTML, like Gecko) Chrome/120.0.0.0 Safari/537.36 Edg/120.0.0.0"
124.156.172.52 - - [25/Dec/2025:03:33:08 +0800] "GET /logistics HTTP/1.1" 301 5 "-" "Mozilla/5.0 (Windows NT 10.0; Win64; x64) AppleWebKit/537.36 (KHTML, like Gecko) Chrome/120.0.0.0 Safari/537.36 Edg/120.0.0.0"
124.156.172.52 - - [25/Dec/2025:03:33:08 +0800] "GET /logistics/ HTTP/1.1" 200 83603 "-" "Mozilla/5.0 (Windows NT 10.0; Win64; x64) AppleWebKit/537.36 (KHTML, like Gecko) Chrome/120.0.0.0 Safari/537.36 Edg/120.0.0.0"
124.156.172.52 - - [25/Dec/2025:03:33:08 +0800] "GET /logistics/ HTTP/1.1" 200 83603 "-" "Mozilla/5.0 (Windows NT 10.0; Win64; x64) AppleWebKit/537.36 (KHTML, like Gecko) Chrome/120.0.0.0 Safari/537.36 Edg/120.0.0.0"
124.156.172.52 - - [25/Dec/2025:03:33:09 +0800] "GET /logistics HTTP/1.1" 301 5 "-" "Mozilla/5.0 (Windows NT 10.0; Win64; x64) AppleWebKit/537.36 (KHTML, like Gecko) Chrome/120.0.0.0 Safari/537.36 Edg/120.0.0.0"
124.156.172.52 - - [25/Dec/2025:03:33:09 +0800] "GET /logistics/ HTTP/1.1" 200 83603 "-" "Mozilla/5.0 (Windows NT 10.0; Win64; x64) AppleWebKit/537.36 (KHTML, like Gecko) Chrome/120.0.0.0 Safari/537.36 Edg/120.0.0.0"
36.133.115.36 - - [25/Dec/2025:03:48:06 +0800] "POST /wp-cron.php?doing_wp_cron=1766605686.1175379753112792968750 HTTP/1.1" 200 31 "-" "WordPress/6.8.3; http://cqqizhou.com"
204.76.203.212 - - [25/Dec/2025:03:48:06 +0800] "GET / HTTP/1.1" 200 33677 "-" "Mozilla/5.0 (Windows NT 10.0; Win64; x64) AppleWebKit/537.36 (KHTML, like Gecko) Chrome/90.0.4430.85 Safari/537.36 Edg/90.0.818.46"
95.214.55.71 - - [25/Dec/2025:03:48:31 +0800] "GET / HTTP/1.1" 200 109842 "-" "python-requests/2.31.0"
198.244.240.62 - - [25/Dec/2025:03:48:39 +0800] "GET /portfolio-category/remaining-rolls/ HTTP/1.1" 200 21078 "-" "Mozilla/5.0 (compatible; AhrefsBot/7.0; +http://ahrefs.com/robot/)"
36.133.115.36 - - [25/Dec/2025:03:50:53 +0800] "POST /wp-cron.php?doing_wp_cron=1766605853.1213750839233398437500 HTTP/1.1" 200 31 "-" "WordPress/6.8.3; http://cqqizhou.com"
47.128.45.59 - - [25/Dec/2025:03:50:53 +0800] "GET /robots.txt HTTP/1.1" 200 190 "-" "Mozilla/5.0 (Linux; Android 5.0) AppleWebKit/537.36 (KHTML, like Gecko) Mobile Safari/537.36 (compatible; Bytespider; spider-feedback@bytedance.com)"
64.23.252.166 - - [25/Dec/2025:04:05:04 +0800] "GET / HTTP/1.1" 200 39568 "-" "Mozilla/5.0 (X11; Linux x86_64) AppleWebKit/537.36 (KHTML, like Gecko) Chrome/142.0.0.0 Safari/537.36"
36.133.115.36 - - [25/Dec/2025:04:09:43 +0800] "POST /wp-cron.php?doing_wp_cron=1766606983.8654510974884033203125 HTTP/1.1" 200 31 "-" "WordPress/6.8.3; http://cqqizhou.com"
20.64.105.237 - - [25/Dec/2025:04:09:43 +0800] "GET /developmentserver/metadatauploader HTTP/1.1" 404 8981 "-" "Mozilla/5.0 zgrab/0.x"
36.133.115.36 - - [25/Dec/2025:04:25:28 +0800] "POST /wp-cron.php?doing_wp_cron=1766607928.1173799037933349609375 HTTP/1.1" 200 31 "-" "WordPress/6.8.3; http://cqqizhou.com"
204.76.203.212 - - [25/Dec/2025:04:25:28 +0800] "GET / HTTP/1.1" 200 33678 "-" "Mozilla/5.0 (Windows NT 10.0; Win64; x64) AppleWebKit/537.36 (KHTML, like Gecko) Chrome/90.0.4430.85 Safari/537.36 Edg/90.0.818.46"
52.167.144.218 - - [25/Dec/2025:04:35:35 +0800] "GET /contacts/ HTTP/1.1" 200 21595 "-" "Mozilla/5.0 AppleWebKit/537.36 (KHTML, like Gecko; compatible; bingbot/2.0; +http://www.bing.com/bingbot.htm) Chrome/116.0.1938.76 Safari/537.36"
36.133.115.36 - - [25/Dec/2025:04:56:31 +0800] "POST /wp-cron.php?doing_wp_cron=1766609791.6989190578460693359375 HTTP/1.1" 200 31 "-" "WordPress/6.8.3; http://cqqizhou.com"
170.106.180.139 - - [25/Dec/2025:04:56:31 +0800] "GET / HTTP/1.1" 301 5 "-" "Mozilla/5.0 (iPhone; CPU iPhone OS 13_2_3 like Mac OS X) AppleWebKit/605.1.15 (KHTML, like Gecko) Version/13.0.3 Mobile/15E148 Safari/604.1"
170.106.180.139 - - [25/Dec/2025:04:56:34 +0800] "GET / HTTP/1.1" 200 33678 "http://www.cqqizhou.com" "Mozilla/5.0 (iPhone; CPU iPhone OS 13_2_3 like Mac OS X) AppleWebKit/605.1.15 (KHTML, like Gecko) Version/13.0.3 Mobile/15E148 Safari/604.1"
204.76.203.212 - - [25/Dec/2025:04:56:42 +0800] "GET / HTTP/1.1" 200 33678 "-" "Mozilla/5.0 (Windows NT 10.0; Win64; x64) AppleWebKit/537.36 (KHTML, like Gecko) Chrome/90.0.4430.85 Safari/537.36 Edg/90.0.818.46"
54.38.147.22 - - [25/Dec/2025:04:59:28 +0800] "GET /portfolio-category/hot-dip-galvanized-coil/ HTTP/1.1" 200 21115 "-" "Mozilla/5.0 (compatible; AhrefsBot/7.0; +http://ahrefs.com/robot/)"
36.133.115.36 - - [25/Dec/2025:05:07:20 +0800] "POST /wp-cron.php?doing_wp_cron=1766610440.7829980850219726562500 HTTP/1.1" 200 31 "-" "WordPress/6.8.3; http://cqqizhou.com"
91.202.233.79 - - [25/Dec/2025:05:07:20 +0800] "GET /.git/config HTTP/1.1" 404 31364 "-" "-"
125.123.31.237 - - [25/Dec/2025:05:22:18 +0800] "GET /2339/ HTTP/1.1" 200 24546 "-" "Mozilla/5.0 (Windows NT 10.0; Win64; x64) AppleWebKit/537.36 (KHTML, like Gecko) Chrome/71.0.3602.191 Safari/537.36"
36.133.115.36 - - [25/Dec/2025:05:26:43 +0800] "POST /wp-cron.php?doing_wp_cron=1766611603.6374619007110595703125 HTTP/1.1" 200 31 "-" "WordPress/6.8.3; http://cqqizhou.com"
204.76.203.212 - - [25/Dec/2025:05:26:43 +0800] "GET / HTTP/1.1" 200 33678 "-" "Mozilla/5.0 (Windows NT 10.0; Win64; x64) AppleWebKit/537.36 (KHTML, like Gecko) Chrome/90.0.4430.85 Safari/537.36 Edg/90.0.818.46"
36.133.115.36 - - [25/Dec/2025:05:34:46 +0800] "POST /wp-cron.php?doing_wp_cron=1766612086.4703938961029052734375 HTTP/1.1" 200 31 "-" "WordPress/6.8.3; http://cqqizhou.com"
193.142.147.209 - - [25/Dec/2025:05:34:48 +0800] "POST / HTTP/1.1" 200 33678 "-" "Mozilla/5.0 (Windows NT 10.0; Win64; x64) AppleWebKit/537.36"
36.133.115.36 - - [25/Dec/2025:05:37:13 +0800] "POST /wp-cron.php?doing_wp_cron=1766612233.1909890174865722656250 HTTP/1.1" 200 31 "-" "WordPress/6.8.3; http://cqqizhou.com"
141.98.11.140 - - [25/Dec/2025:05:37:14 +0800] "GET / HTTP/1.1" 200 152290 "-" "-"
36.133.115.36 - - [25/Dec/2025:05:37:46 +0800] "POST /wp-cron.php?doing_wp_cron=1766612266.0225749015808105468750 HTTP/1.1" 200 31 "-" "WordPress/6.8.3; http://cqqizhou.com"
117.206.19.113 - - [25/Dec/2025:05:37:51 +0800] "GET /boaform/admin/formLogin?username=adminisp&psd=adminisp HTTP/1.0" 404 31351 "-" "-"
36.133.115.36 - - [25/Dec/2025:05:44:05 +0800] "POST /wp-cron.php?doing_wp_cron=1766612645.7804529666900634765625 HTTP/1.1" 200 31 "-" "WordPress/6.8.3; http://cqqizhou.com"
54.176.66.62 - - [25/Dec/2025:05:44:05 +0800] "GET /wp-sitemap.xml HTTP/1.1" 501 253 "-" "TerraCotta https://github.com/CeramicTeam/CeramicTerracotta"
36.133.115.36 - - [25/Dec/2025:05:55:29 +0800] "POST /wp-cron.php?doing_wp_cron=1766613329.6870861053466796875000 HTTP/1.1" 200 31 "-" "WordPress/6.8.3; http://cqqizhou.com"
198.235.24.127 - - [25/Dec/2025:05:55:29 +0800] "GET / HTTP/1.0" 301 0 "-" "Hello from Palo Alto Networks, find out more about our scans in https://docs-cortex.paloaltonetworks.com/r/1/Cortex-Xpanse/Scanning-activity"
36.133.115.36 - - [25/Dec/2025:05:59:22 +0800] "POST /wp-cron.php?doing_wp_cron=1766613562.1690471172332763671875 HTTP/1.1" 200 31 "-" "WordPress/6.8.3; http://cqqizhou.com"
204.76.203.212 - - [25/Dec/2025:05:59:22 +0800] "GET / HTTP/1.1" 200 33677 "-" "Mozilla/5.0 (Windows NT 10.0; Win64; x64) AppleWebKit/537.36 (KHTML, like Gecko) Chrome/90.0.4430.85 Safari/537.36 Edg/90.0.818.46"
36.133.115.36 - - [25/Dec/2025:06:19:45 +0800] "POST /wp-cron.php?doing_wp_cron=1766614785.1703579425811767578125 HTTP/1.1" 200 31 "-" "WordPress/6.8.3; http://cqqizhou.com"
54.176.66.62 - - [25/Dec/2025:06:19:45 +0800] "GET /wp-sitemap.xml HTTP/1.1" 501 253 "-" "TerraCotta https://github.com/CeramicTeam/CeramicTerracotta"
39.188.150.144 - - [25/Dec/2025:06:22:23 +0800] "GET /2155/ HTTP/1.1" 200 29028 "-" "Mozilla/5.0 (Macintosh; Intel Mac OS X 10_15_7) AppleWebKit/605.1.15 (KHTML, like Gecko) Version/15.3 Safari/605.1.15"
36.133.115.36 - - [25/Dec/2025:06:22:33 +0800] "POST /wp-cron.php?doing_wp_cron=1766614953.8805708885192871093750 HTTP/1.1" 200 31 "-" "WordPress/6.8.3; http://cqqizhou.com"
39.188.150.144 - - [25/Dec/2025:06:22:33 +0800] "GET /neimenggu-tianchengxiang/5987/15 HTTP/1.1" 404 8981 "-" "Mozilla/5.0 (Macintosh; Intel Mac OS X 10_15_7) AppleWebKit/605.1.15 (KHTML, like Gecko) Version/18.4 Safari/605.1.15"
36.133.115.36 - - [25/Dec/2025:06:27:37 +0800] "POST /wp-cron.php?doing_wp_cron=1766615257.7901589870452880859375 HTTP/1.1" 200 31 "-" "WordPress/6.8.3; http://cqqizhou.com"
95.214.55.71 - - [25/Dec/2025:06:27:38 +0800] "GET / HTTP/1.1" 200 109837 "-" "Mozilla/5.0 (X11; Linux x86_64; rv:144.0) Gecko/20100101 Firefox/144.0"
36.133.115.36 - - [25/Dec/2025:06:32:54 +0800] "POST /wp-cron.php?doing_wp_cron=1766615574.4100639820098876953125 HTTP/1.1" 200 31 "-" "WordPress/6.8.3; http://cqqizhou.com"
204.76.203.212 - - [25/Dec/2025:06:32:54 +0800] "GET / HTTP/1.1" 200 33678 "-" "Mozilla/5.0 (Windows NT 10.0; Win64; x64) AppleWebKit/537.36 (KHTML, like Gecko) Chrome/90.0.4430.85 Safari/537.36 Edg/90.0.818.46"
36.133.115.36 - - [25/Dec/2025:06:38:37 +0800] "POST /wp-cron.php?doing_wp_cron=1766615917.1660380363464355468750 HTTP/1.1" 200 31 "-" "WordPress/6.8.3; http://cqqizhou.com"
51.195.183.48 - - [25/Dec/2025:06:38:37 +0800] "GET /robots.txt HTTP/1.1" 200 190 "-" "Mozilla/5.0 (compatible; AhrefsBot/7.0; +http://ahrefs.com/robot/)"
36.133.115.36 - - [25/Dec/2025:06:42:07 +0800] "POST /wp-cron.php?doing_wp_cron=1766616127.4872519969940185546875 HTTP/1.1" 200 31 "-" "WordPress/6.8.3; http://cqqizhou.com"
46.151.178.49 - - [25/Dec/2025:06:42:07 +0800] "GET / HTTP/1.1" 200 33678 "-" "Mozilla/5.0 (Windows NT 10.0; Win64; x64) AppleWebKit/537.36"
36.133.115.36 - - [25/Dec/2025:06:51:53 +0800] "POST /wp-cron.php?doing_wp_cron=1766616713.6760189533233642578125 HTTP/1.1" 200 31 "-" "WordPress/6.8.3; http://cqqizhou.com"
5.181.188.219 - - [25/Dec/2025:06:51:53 +0800] "POST /boaform/admin/formLogin HTTP/1.1" 404 8981 "http://36.133.115.36:80/admin/login.asp" "Mozilla/5.0 (X11; Ubuntu; Linux x86_64; rv:71.0) Gecko/20100101 Firefox/71.0"
180.153.236.97 - - [25/Dec/2025:06:58:07 +0800] "GET / HTTP/1.1" 200 39568 "http://cqqizhou.com/" "Mozilla/5.0 (Windows NT 10.0; Win64; x64) AppleWebKit/537.36 (KHTML, like Gecko) Chrome/140.0.0.0 Safari/537.36 Edg/140.0.0.0; 360Spider"
180.153.236.152 - - [25/Dec/2025:06:58:19 +0800] "GET / HTTP/1.1" 200 39568 "http://cqqizhou.com" "Mozilla/5.0 (Windows NT 10.0; Win64; x64) AppleWebKit/537.36 (KHTML, like Gecko) Chrome/140.0.0.0 Safari/537.36 Edg/140.0.0.0; 360Spider"
36.133.115.36 - - [25/Dec/2025:06:59:03 +0800] "POST /wp-cron.php?doing_wp_cron=1766617143.0016860961914062500000 HTTP/1.1" 200 31 "-" "WordPress/6.8.3; http://cqqizhou.com"
95.214.55.71 - - [25/Dec/2025:06:59:03 +0800] "GET /login.asp HTTP/1.1" 301 5 "-" "-"
36.133.115.36 - - [25/Dec/2025:07:01:26 +0800] "POST /wp-cron.php?doing_wp_cron=1766617286.7969748973846435546875 HTTP/1.1" 200 31 "-" "WordPress/6.8.3; http://cqqizhou.com"
36.133.108.121 - - [25/Dec/2025:07:01:26 +0800] "HEAD /src/.env HTTP/1.1" 404 0 "-" "Mozilla/5.0 (Windows; U; Windows NT 5.1; ru-RU) AppleWebKit/533.19.4 (KHTML, like Gecko) Version/5.0.3 Safari/533.19.4"
36.133.115.36 - - [25/Dec/2025:07:04:43 +0800] "POST /wp-cron.php?doing_wp_cron=1766617483.2242980003356933593750 HTTP/1.1" 200 31 "-" "WordPress/6.8.3; http://cqqizhou.com"
204.76.203.212 - - [25/Dec/2025:07:04:43 +0800] "GET / HTTP/1.1" 200 33678 "-" "Mozilla/5.0 (Windows NT 10.0; Win64; x64) AppleWebKit/537.36 (KHTML, like Gecko) Chrome/90.0.4430.85 Safari/537.36 Edg/90.0.818.46"
36.133.115.36 - - [25/Dec/2025:07:12:18 +0800] "POST /wp-cron.php?doing_wp_cron=1766617938.9040670394897460937500 HTTP/1.1" 200 31 "-" "WordPress/6.8.3; http://cqqizhou.com"
193.142.147.209 - - [25/Dec/2025:07:12:20 +0800] "POST / HTTP/1.1" 200 33678 "-" "Mozilla/5.0 (Windows NT 10.0; Win64; x64) AppleWebKit/537.36"
36.133.115.36 - - [25/Dec/2025:07:17:23 +0800] "POST /wp-cron.php?doing_wp_cron=1766618243.4774639606475830078125 HTTP/1.1" 200 31 "-" "WordPress/6.8.3; http://cqqizhou.com"
116.209.103.207 - - [25/Dec/2025:07:17:23 +0800] "GET / HTTP/1.0" 301 0 "https://www.baidu.com/" "Mozilla/5.0 (Macintosh; Intel Mac OS X 10_15_6) AppleWebKit/537.36 (KHTML, like Gecko) Chrome/91.0.4472.164 Safari/537.36"
116.209.103.207 - - [25/Dec/2025:07:17:23 +0800] "GET / HTTP/1.0" 200 166223 "https://www.baidu.com/" "Mozilla/5.0 (Macintosh; Intel Mac OS X 10_15_6) AppleWebKit/537.36 (KHTML, like Gecko) Chrome/91.0.4472.164 Safari/537.36"
121.237.36.30 - - [25/Dec/2025:07:20:29 +0800] "GET / HTTP/1.1" 200 39568 "-" "Mozilla/5.0 (Macintosh; Intel Mac OS X 10_11) AppleWebKit/601.1.27 (KHTML, like Gecko) Chrome/47.0.2526.106 Safari/601.1.27"
115.220.54.123 - - [25/Dec/2025:07:28:43 +0800] "GET //contacts/ HTTP/1.0" 200 76700 "https://www.baidu.com/" "Mozilla/5.0 (Macintosh; Intel Mac OS X 10_15_6) AppleWebKit/537.36 (KHTML, like Gecko) Chrome/91.0.4472.164 Safari/537.36"
49.87.152.252 - - [25/Dec/2025:07:28:48 +0800] "GET //about/ HTTP/1.0" 200 119260 "https://www.baidu.com/" "Mozilla/5.0 (Macintosh; Intel Mac OS X 10_15_6) AppleWebKit/537.36 (KHTML, like Gecko) Chrome/91.0.4472.164 Safari/537.36"
36.133.115.36 - - [25/Dec/2025:07:30:33 +0800] "POST /wp-cron.php?doing_wp_cron=1766619033.1311609745025634765625 HTTP/1.1" 200 31 "-" "WordPress/6.8.3; http://cqqizhou.com"
121.237.36.31 - - [25/Dec/2025:07:30:33 +0800] "GET / HTTP/1.1" 200 33678 "-" "Mozilla/5.0 (Linux; Android 5.1.1; vivo X6S A Build/LMY47V; wv) AppleWebKit/537.36 (KHTML, like Gecko) Version/4.0 Chrome/48.0.2564.116 Mobile Safari/537.36 T7/10.9 baiduboxapp/10.9.0.11 (Baidu; P1 5.1.1)"
36.133.115.36 - - [25/Dec/2025:07:37:34 +0800] "POST /wp-cron.php?doing_wp_cron=1766619454.4784529209136962890625 HTTP/1.1" 200 31 "-" "WordPress/6.8.3; http://cqqizhou.com"
204.76.203.212 - - [25/Dec/2025:07:37:34 +0800] "GET / HTTP/1.1" 200 33678 "-" "Mozilla/5.0 (Windows NT 10.0; Win64; x64) AppleWebKit/537.36 (KHTML, like Gecko) Chrome/90.0.4430.85 Safari/537.36 Edg/90.0.818.46"
51.68.111.244 - - [25/Dec/2025:07:37:44 +0800] "GET /robots.txt HTTP/1.1" 301 5 "-" "Mozilla/5.0 (compatible; MJ12bot/v2.0.4; http://mj12bot.com/)"
36.133.115.36 - - [25/Dec/2025:07:37:46 +0800] "POST /wp-cron.php?doing_wp_cron=1766619466.7098679542541503906250 HTTP/1.1" 200 31 "-" "WordPress/6.8.3; http://cqqizhou.com"
51.68.111.244 - - [25/Dec/2025:07:37:46 +0800] "GET /robots.txt HTTP/1.1" 200 190 "-" "Mozilla/5.0 (compatible; MJ12bot/v2.0.4; http://mj12bot.com/)"
51.68.111.244 - - [25/Dec/2025:07:37:47 +0800] "GET / HTTP/1.1" 301 5 "-" "Mozilla/5.0 (compatible; MJ12bot/v2.0.4; http://mj12bot.com/)"
51.68.111.244 - - [25/Dec/2025:07:37:48 +0800] "GET / HTTP/1.1" 200 39568 "-" "Mozilla/5.0 (compatible; MJ12bot/v2.0.4; http://mj12bot.com/)"
36.133.115.36 - - [25/Dec/2025:07:41:51 +0800] "POST /wp-cron.php?doing_wp_cron=1766619711.6127390861511230468750 HTTP/1.1" 200 31 "-" "WordPress/6.8.3; http://cqqizhou.com"
95.214.55.71 - - [25/Dec/2025:07:41:51 +0800] "GET / HTTP/1.1" 200 33678 "-" "-"
36.133.115.36 - - [25/Dec/2025:07:43:58 +0800] "POST /wp-cron.php?doing_wp_cron=1766619838.1526761054992675781250 HTTP/1.1" 200 31 "-" "WordPress/6.8.3; http://cqqizhou.com"
121.43.119.64 - - [25/Dec/2025:07:43:58 +0800] "GET / HTTP/1.0" 301 0 "-" "-"
121.43.119.64 - - [25/Dec/2025:07:44:08 +0800] "GET / HTTP/1.0" 301 0 "-" "-"
121.43.119.64 - - [25/Dec/2025:07:44:09 +0800] "GET /nmaplowercheck1766619844 HTTP/1.1" 404 31364 "-" "Mozilla/5.0 (compatible; Nmap Scripting Engine; https://nmap.org/book/nse.html)"
121.43.119.64 - - [25/Dec/2025:07:44:09 +0800] "POST /sdk HTTP/1.1" 404 31364 "-" "Mozilla/5.0 (compatible; Nmap Scripting Engine; https://nmap.org/book/nse.html)"
121.43.119.64 - - [25/Dec/2025:07:44:09 +0800] "GET /evox/about HTTP/1.1" 404 31364 "-" "Mozilla/5.0 (compatible; Nmap Scripting Engine; https://nmap.org/book/nse.html)"
121.43.119.64 - - [25/Dec/2025:07:44:09 +0800] "GET /HNAP1 HTTP/1.1" 404 31364 "-" "Mozilla/5.0 (compatible; Nmap Scripting Engine; https://nmap.org/book/nse.html)"
121.43.119.64 - - [25/Dec/2025:07:44:29 +0800] "GET / HTTP/1.0" 301 0 "-" "-"
121.43.119.64 - - [25/Dec/2025:07:44:29 +0800] "GET / HTTP/1.1" 301 5 "-" "-"
198.244.168.35 - - [25/Dec/2025:07:47:15 +0800] "GET /portfolio-category/dual-phase-steel/ HTTP/1.1" 200 21100 "-" "Mozilla/5.0 (compatible; AhrefsBot/7.0; +http://ahrefs.com/robot/)"
36.133.115.36 - - [25/Dec/2025:08:01:40 +0800] "POST /wp-cron.php?doing_wp_cron=1766620900.3582220077514648437500 HTTP/1.1" 200 31 "-" "WordPress/6.8.3; http://cqqizhou.com"
65.49.1.80 - - [25/Dec/2025:08:01:40 +0800] "GET / HTTP/1.1" 301 5 "-" "Mozilla/5.0 (Macintosh; Intel Mac OS X 10_15_7) AppleWebKit/605.1.15 (KHTML, like Gecko) Version/17.0 Safari/605.1.15"
36.133.115.36 - - [25/Dec/2025:08:02:54 +0800] "POST /wp-cron.php?doing_wp_cron=1766620974.7814149856567382812500 HTTP/1.1" 200 31 "-" "WordPress/6.8.3; http://cqqizhou.com"
65.49.1.80 - - [25/Dec/2025:08:02:54 +0800] "GET /webui/ HTTP/1.1" 404 8982 "-" "Mozilla/5.0 (Windows NT 10.0; Win64; x64; rv:109.0) Gecko/20100101 Firefox/115.0"
65.49.1.90 - - [25/Dec/2025:08:03:35 +0800] "GET / HTTP/1.1" 301 5 "-" "Mozilla/5.0 (Windows NT 10.0; Win64; x64; rv:109.0) Gecko/20100101 Firefox/115.0"
65.49.1.80 - - [25/Dec/2025:08:03:36 +0800] "GET / HTTP/1.1" 200 39568 "http://36.133.115.36/" "Mozilla/5.0 (Windows NT 10.0; Win64; x64; rv:109.0) Gecko/20100101 Firefox/115.0"
36.133.115.36 - - [25/Dec/2025:08:05:07 +0800] "POST /wp-cron.php?doing_wp_cron=1766621107.0124769210815429687500 HTTP/1.1" 200 31 "-" "WordPress/6.8.3; http://cqqizhou.com"
65.49.1.80 - - [25/Dec/2025:08:05:07 +0800] "GET /geoserver/web/ HTTP/1.1" 404 8981 "-" "Mozilla/5.0 (Macintosh; Intel Mac OS X 10_15_7) AppleWebKit/605.1.15 (KHTML, like Gecko) Version/17.0 Safari/605.1.15"
36.133.115.36 - - [25/Dec/2025:08:11:46 +0800] "POST /wp-cron.php?doing_wp_cron=1766621506.8050858974456787109375 HTTP/1.1" 200 31 "-" "WordPress/6.8.3; http://cqqizhou.com"
204.76.203.212 - - [25/Dec/2025:08:11:47 +0800] "GET / HTTP/1.1" 200 33677 "-" "Mozilla/5.0 (Windows NT 10.0; Win64; x64) AppleWebKit/537.36 (KHTML, like Gecko) Chrome/90.0.4430.85 Safari/537.36 Edg/90.0.818.46"
36.133.115.36 - - [25/Dec/2025:08:24:49 +0800] "POST /wp-cron.php?doing_wp_cron=1766622289.3864889144897460937500 HTTP/1.1" 200 31 "-" "WordPress/6.8.3; http://cqqizhou.com"
116.9.34.26 - - [25/Dec/2025:08:24:49 +0800] "GET / HTTP/1.1" 301 5 "-" "Mozilla/5.0 (Windows NT 6.2; WOW64) AppleWebKit/537.36 (KHTML, like Gecko) Chrome/88.0.4324.27"
120.217.113.30 - - [25/Dec/2025:08:25:03 +0800] "GET / HTTP/1.1" 301 5 "-" "Mozilla/5.0 (Windows NT 6.2; WOW64) AppleWebKit/537.36 (KHTML, like Gecko) Chrome/88.0.4324.27"
125.92.111.156 - - [25/Dec/2025:08:25:04 +0800] "GET / HTTP/1.1" 301 5 "-" "Mozilla/5.0 (Windows NT 6.2; WOW64) AppleWebKit/537.36 (KHTML, like Gecko) Chrome/88.0.4324.27"
125.92.111.156 - - [25/Dec/2025:08:25:06 +0800] "GET / HTTP/1.1" 301 5 "-" "Mozilla/5.0 (Windows NT 6.2; WOW64) AppleWebKit/537.36 (KHTML, like Gecko) Chrome/88.0.4324.27"
175.165.183.133 - - [25/Dec/2025:08:25:07 +0800] "GET / HTTP/1.1" 301 5 "-" "Mozilla/5.0 (Windows NT 6.2; WOW64) AppleWebKit/537.36 (KHTML, like Gecko) Chrome/88.0.4324.27"
117.92.233.112 - - [25/Dec/2025:08:25:10 +0800] "GET / HTTP/1.1" 301 5 "-" "Mozilla/5.0 (Windows NT 6.2; WOW64) AppleWebKit/537.36 (KHTML, like Gecko) Chrome/88.0.4324.27"
220.187.122.170 - - [25/Dec/2025:08:25:12 +0800] "GET / HTTP/1.1" 200 39568 "-" "Mozilla/5.0 (Windows NT 6.1; Win64; x64) AppleWebKit/537.36 (KHTML, like Gecko) Chrome/73.0.3683.20"
39.130.65.205 - - [25/Dec/2025:08:25:18 +0800] "GET / HTTP/1.1" 301 5 "-" "Mozilla/5.0 (Windows NT 6.2; WOW64) AppleWebKit/537.36 (KHTML, like Gecko) Chrome/88.0.4324.27"
183.197.52.149 - - [25/Dec/2025:08:25:19 +0800] "GET / HTTP/1.1" 301 5 "-" "Mozilla/5.0 (Windows NT 6.2; WOW64) AppleWebKit/537.36 (KHTML, like Gecko) Chrome/88.0.4324.27"
183.197.52.149 - - [25/Dec/2025:08:25:21 +0800] "GET / HTTP/1.1" 301 5 "-" "Mozilla/5.0 (Windows NT 6.2; WOW64) AppleWebKit/537.36 (KHTML, like Gecko) Chrome/88.0.4324.27"
36.133.115.36 - - [25/Dec/2025:08:32:03 +0800] "POST /wp-cron.php?doing_wp_cron=1766622723.0290451049804687500000 HTTP/1.1" 200 31 "-" "WordPress/6.8.3; http://cqqizhou.com"
40.77.167.126 - - [25/Dec/2025:08:32:03 +0800] "GET /?s= HTTP/1.1" 200 19747 "-" "Mozilla/5.0 AppleWebKit/537.36 (KHTML, like Gecko; compatible; bingbot/2.0; +http://www.bing.com/bingbot.htm) Chrome/116.0.1938.76 Safari/537.36"
36.133.115.36 - - [25/Dec/2025:08:43:36 +0800] "POST /wp-cron.php?doing_wp_cron=1766623416.6009891033172607421875 HTTP/1.1" 200 31 "-" "WordPress/6.8.3; http://cqqizhou.com"
204.76.203.212 - - [25/Dec/2025:08:43:36 +0800] "GET / HTTP/1.1" 200 33676 "-" "Mozilla/5.0 (Windows NT 10.0; Win64; x64) AppleWebKit/537.36 (KHTML, like Gecko) Chrome/90.0.4430.85 Safari/537.36 Edg/90.0.818.46"
170.106.113.159 - - [25/Dec/2025:08:47:02 +0800] "GET / HTTP/1.1" 200 33676 "-" "Mozilla/5.0 (iPhone; CPU iPhone OS 13_2_3 like Mac OS X) AppleWebKit/605.1.15 (KHTML, like Gecko) Version/13.0.3 Mobile/15E148 Safari/604.1"
1.29.42.231 - - [25/Dec/2025:08:59:41 +0800] "GET /2160/ HTTP/1.1" 200 29448 "-" "Mozilla/5.0 (X11; Ubuntu; Linux x86_64) AppleWebKit/537.36 (KHTML, like Gecko) Chrome/55.0.2919.83 Safari/537.36"
61.155.157.28 - - [25/Dec/2025:09:07:04 +0800] "GET / HTTP/1.1" 200 39568 "-" "Mozilla/5.0 (Windows NT 10.0; Win64; x64) AppleWebKit/537.36 (KHTML, like Gecko) Chrome/100.0.4896.127 Safari/537.36"
61.155.157.28 - - [25/Dec/2025:09:07:20 +0800] "GET /wp-content/uploads/2025/07/1751425283-qizhou.kf_.qq_.com_.webp HTTP/1.1" 200 16864 "http://cqqizhou.com/" "Mozilla/5.0 (Windows NT 10.0; Win64; x64) AppleWebKit/537.36 (KHTML, like Gecko) Chrome/100.0.4896.127 Safari/537.36"
61.155.157.28 - - [25/Dec/2025:09:07:21 +0800] "GET /wp-content/uploads/2025/07/1750174127-Marketing1920x800_3.webp HTTP/1.1" 200 52790 "http://cqqizhou.com/wp-content/uploads/elementor/css/post-1666.css?ver=1765890155" "Mozilla/5.0 (Windows NT 10.0; Win64; x64) AppleWebKit/537.36 (KHTML, like Gecko) Chrome/100.0.4896.127 Safari/537.36"
61.155.157.28 - - [25/Dec/2025:09:07:21 +0800] "GET /wp-content/uploads/2025/07/1753456723-%E5%8F%8C%E7%9B%B8%E9%92%A2roduct_Single600.webp HTTP/1.1" 200 22790 "http://cqqizhou.com/" "Mozilla/5.0 (Windows NT 10.0; Win64; x64) AppleWebKit/537.36 (KHTML, like Gecko) Chrome/100.0.4896.127 Safari/537.36"
61.155.157.28 - - [25/Dec/2025:09:07:22 +0800] "GET /wp-content/uploads/2025/07/1753453096-%E5%8F%8C%E7%9B%B8%E9%92%A2product_Single600%C3%97284.webp HTTP/1.1" 200 14562 "http://cqqizhou.com/" "Mozilla/5.0 (Windows NT 10.0; Win64; x64) AppleWebKit/537.36 (KHTML, like Gecko) Chrome/100.0.4896.127 Safari/537.36"
61.155.157.28 - - [25/Dec/2025:09:07:23 +0800] "GET /wp-content/uploads/2025/07/1753456770-%E7%83%AD%E9%95%80%E9%94%8C%E5%8D%B7product_Single600.webp HTTP/1.1" 200 27502 "http://cqqizhou.com/" "Mozilla/5.0 (Windows NT 10.0; Win64; x64) AppleWebKit/537.36 (KHTML, like Gecko) Chrome/100.0.4896.127 Safari/537.36"
61.155.157.28 - - [25/Dec/2025:09:07:23 +0800] "GET /wp-content/uploads/2025/07/1753453127-%E4%BD%99%E5%8D%B7product_Single600%C3%97284.webp HTTP/1.1" 200 18744 "http://cqqizhou.com/" "Mozilla/5.0 (Windows NT 10.0; Win64; x64) AppleWebKit/537.36 (KHTML, like Gecko) Chrome/100.0.4896.127 Safari/537.36"
36.133.115.36 - - [25/Dec/2025:09:07:26 +0800] "POST /wp-cron.php?doing_wp_cron=1766624846.2066600322723388671875 HTTP/1.1" 200 31 "-" "WordPress/6.8.3; http://cqqizhou.com"
61.155.157.28 - - [25/Dec/2025:09:07:26 +0800] "POST /wp-admin/admin-ajax.php HTTP/1.1" 403 33 "http://cqqizhou.com/" "Mozilla/5.0 (Windows NT 10.0; Win64; x64) AppleWebKit/537.36 (KHTML, like Gecko) Chrome/100.0.4896.127 Safari/537.36"
61.155.157.28 - - [25/Dec/2025:09:07:30 +0800] "GET /wp-content/uploads/2025/12/1765268955-qizhou_Slider1_3840%C3%972160_20251210-scaled.webp HTTP/1.1" 200 152162 "http://cqqizhou.com/" "Mozilla/5.0 (Windows NT 10.0; Win64; x64) AppleWebKit/537.36 (KHTML, like Gecko) Chrome/100.0.4896.127 Safari/537.36"
61.155.157.28 - - [25/Dec/2025:09:07:31 +0800] "GET /wp-content/uploads/2025/12/1765265398-qizhou_Slider_3840%C3%972160_20251209-scaled-50x100.webp HTTP/1.1" 200 2166 "http://cqqizhou.com/" "Mozilla/5.0 (Windows NT 10.0; Win64; x64) AppleWebKit/537.36 (KHTML, like Gecko) Chrome/100.0.4896.127 Safari/537.36"
61.155.157.28 - - [25/Dec/2025:09:07:31 +0800] "GET /wp-content/uploads/revslider/slider-1/1750861156-logistics_Slider_3840%C3%972160_20250625191356-scaled-50x100.webp HTTP/1.1" 200 1416 "http://cqqizhou.com/" "Mozilla/5.0 (Windows NT 10.0; Win64; x64) AppleWebKit/537.36 (KHTML, like Gecko) Chrome/100.0.4896.127 Safari/537.36"
61.155.157.28 - - [25/Dec/2025:09:07:32 +0800] "GET /wp-json/sliderrevolution/sliders/1?srengine=7&slideid=3 HTTP/1.1" 200 2286 "http://cqqizhou.com/" "Mozilla/5.0 (Windows NT 10.0; Win64; x64) AppleWebKit/537.36 (KHTML, like Gecko) Chrome/100.0.4896.127 Safari/537.36"
61.155.157.28 - - [25/Dec/2025:09:07:33 +0800] "GET /wp-json/sliderrevolution/sliders/1?srengine=7&slideid=2 HTTP/1.1" 200 2058 "http://cqqizhou.com/" "Mozilla/5.0 (Windows NT 10.0; Win64; x64) AppleWebKit/537.36 (KHTML, like Gecko) Chrome/100.0.4896.127 Safari/537.36"
61.155.157.28 - - [25/Dec/2025:09:07:33 +0800] "GET /wp-content/uploads/2025/12/1765265398-qizhou_Slider_3840%C3%972160_20251209-scaled.webp HTTP/1.1" 200 175208 "http://cqqizhou.com/" "Mozilla/5.0 (Windows NT 10.0; Win64; x64) AppleWebKit/537.36 (KHTML, like Gecko) Chrome/100.0.4896.127 Safari/537.36"
61.155.157.28 - - [25/Dec/2025:09:07:33 +0800] "GET /wp-content/uploads/revslider/slider-1/1750861156-logistics_Slider_3840%C3%972160_20250625191356-scaled.webp HTTP/1.1" 200 197360 "http://cqqizhou.com/" "Mozilla/5.0 (Windows NT 10.0; Win64; x64) AppleWebKit/537.36 (KHTML, like Gecko) Chrome/100.0.4896.127 Safari/537.36"
61.155.157.28 - - [25/Dec/2025:09:07:36 +0800] "POST /wp-admin/admin-ajax.php HTTP/1.1" 403 33 "http://cqqizhou.com/" "Mozilla/5.0 (Windows NT 10.0; Win64; x64) AppleWebKit/537.36 (KHTML, like Gecko) Chrome/100.0.4896.127 Safari/537.36"
61.155.157.28 - - [25/Dec/2025:09:07:43 +0800] "GET /wp-content/uploads/2025/07/1751829454-Smart-warehousing800x500.webp HTTP/1.1" 200 79504 "http://cqqizhou.com/wp-content/uploads/elementor/css/post-1666.css?ver=1765890155" "Mozilla/5.0 (Windows NT 10.0; Win64; x64) AppleWebKit/537.36 (KHTML, like Gecko) Chrome/100.0.4896.127 Safari/537.36"
61.155.157.28 - - [25/Dec/2025:09:07:44 +0800] "GET /wp-content/uploads/2025/12/1765268955-qizhou_Slider1_3840%C3%972160_20251210-scaled.webp HTTP/1.1" 200 152162 "http://cqqizhou.com/" "Mozilla/5.0 (Windows NT 10.0; Win64; x64) AppleWebKit/537.36 (KHTML, like Gecko) Chrome/100.0.4896.127 Safari/537.36"
61.155.157.28 - - [25/Dec/2025:09:07:44 +0800] "GET /wp-content/uploads/revslider/slider-1/1750861156-logistics_Slider_3840%C3%972160_20250625191356-scaled.webp HTTP/1.1" 200 197360 "http://cqqizhou.com/" "Mozilla/5.0 (Windows NT 10.0; Win64; x64) AppleWebKit/537.36 (KHTML, like Gecko) Chrome/100.0.4896.127 Safari/537.36"
61.155.157.28 - - [25/Dec/2025:09:07:44 +0800] "GET /wp-content/uploads/2025/12/1765265398-qizhou_Slider_3840%C3%972160_20251209-scaled.webp HTTP/1.1" 200 175208 "http://cqqizhou.com/" "Mozilla/5.0 (Windows NT 10.0; Win64; x64) AppleWebKit/537.36 (KHTML, like Gecko) Chrome/100.0.4896.127 Safari/537.36"
36.133.115.36 - - [25/Dec/2025:09:13:36 +0800] "POST /wp-cron.php?doing_wp_cron=1766625216.2235798835754394531250 HTTP/1.1" 200 31 "-" "WordPress/6.8.3; http://cqqizhou.com"
204.76.203.212 - - [25/Dec/2025:09:13:36 +0800] "GET / HTTP/1.1" 200 33676 "-" "Mozilla/5.0 (Windows NT 10.0; Win64; x64) AppleWebKit/537.36 (KHTML, like Gecko) Chrome/90.0.4430.85 Safari/537.36 Edg/90.0.818.46"
36.133.115.36 - - [25/Dec/2025:09:14:30 +0800] "POST /wp-cron.php?doing_wp_cron=1766625270.1774039268493652343750 HTTP/1.1" 200 31 "-" "WordPress/6.8.3; http://cqqizhou.com"
95.214.55.71 - - [25/Dec/2025:09:14:30 +0800] "GET / HTTP/1.1" 200 109837 "-" "Mozilla/5.0 (Macintosh; Intel Mac OS X 10_15_7) AppleWebKit/537.36 (KHTML, like Gecko) Chrome/142.0.0.0 Safari/537.36"
36.133.115.36 - - [25/Dec/2025:09:16:09 +0800] "POST /wp-cron.php?doing_wp_cron=1766625369.4512200355529785156250 HTTP/1.1" 200 31 "-" "WordPress/6.8.3; http://cqqizhou.com"
51.75.128.81 - - [25/Dec/2025:09:16:09 +0800] "GET /robots.txt HTTP/1.1" 200 390 "-" "Mozilla/5.0 (compatible; MJ12bot/v1.4.8; http://mj12bot.com/)"
51.75.128.81 - - [25/Dec/2025:09:16:11 +0800] "GET /portfolio-tag/%E9%9E%8D%E9%92%A2%E8%92%82%E6%A3%AE/ HTTP/1.1" 200 22845 "-" "Mozilla/5.0 (compatible; MJ12bot/v1.4.8; http://mj12bot.com/)"
51.75.128.81 - - [25/Dec/2025:09:16:13 +0800] "GET /portfolio/%E5%86%B7%E8%BD%A7%E5%8D%B7/ HTTP/1.1" 200 22115 "-" "Mozilla/5.0 (compatible; MJ12bot/v1.4.8; http://mj12bot.com/)"
51.75.128.81 - - [25/Dec/2025:09:16:15 +0800] "GET /portfolio/%E5%86%B7%E8%BD%A7%E6%9D%BF/ HTTP/1.1" 200 22137 "-" "Mozilla/5.0 (compatible; MJ12bot/v1.4.8; http://mj12bot.com/)"
198.244.183.197 - - [25/Dec/2025:09:33:02 +0800] "GET /portfolio-category/cold-rolled-coil/ HTTP/1.1" 200 21117 "-" "Mozilla/5.0 (compatible; AhrefsBot/7.0; +http://ahrefs.com/robot/)"
36.133.115.36 - - [25/Dec/2025:09:35:04 +0800] "POST /wp-cron.php?doing_wp_cron=1766626504.9397699832916259765625 HTTP/1.1" 200 31 "-" "WordPress/6.8.3; http://cqqizhou.com"
112.124.38.235 - - [25/Dec/2025:09:35:04 +0800] "GET / HTTP/1.1" 301 5 "-" "Mozilla/5.0 (Windows NT 10.0; Win64; x64) AppleWebKit/537.36 (KHTML, like Gecko) Chrome/59.0.3071.115 Safari/537.36"
36.133.115.36 - - [25/Dec/2025:09:46:33 +0800] "POST /wp-cron.php?doing_wp_cron=1766627193.4433031082153320312500 HTTP/1.1" 200 31 "-" "WordPress/6.8.3; http://cqqizhou.com"
204.76.203.212 - - [25/Dec/2025:09:46:33 +0800] "GET / HTTP/1.1" 200 33677 "-" "Mozilla/5.0 (Windows NT 10.0; Win64; x64) AppleWebKit/537.36 (KHTML, like Gecko) Chrome/90.0.4430.85 Safari/537.36 Edg/90.0.818.46"
60.179.179.63 - - [25/Dec/2025:09:53:57 +0800] "GET /2231/ HTTP/1.1" 200 23525 "-" "Mozilla/5.0 (Macintosh; Intel Mac OS X 10_15_3) AppleWebKit/537.36 (KHTML, like Gecko) Chrome/99.0.4844.84 Safari/537.36"
122.246.156.76 - - [25/Dec/2025:09:57:25 +0800] "GET /2214/ HTTP/1.1" 200 25882 "-" "Mozilla/5.0 (Windows NT 10.0; Win64; x64) AppleWebKit/537.36 (KHTML, like Gecko) Chrome/104.0.0.0 Safari/537.36"
36.133.115.36 - - [25/Dec/2025:10:15:25 +0800] "POST /wp-cron.php?doing_wp_cron=1766628925.0485899448394775390625 HTTP/1.1" 200 31 "-" "WordPress/6.8.3; http://cqqizhou.com"
193.142.147.209 - - [25/Dec/2025:10:15:26 +0800] "POST / HTTP/1.1" 200 33677 "-" "Mozilla/5.0 (Windows NT 10.0; Win64; x64) AppleWebKit/537.36"
36.133.115.36 - - [25/Dec/2025:10:17:37 +0800] "POST /wp-cron.php?doing_wp_cron=1766629057.0816619396209716796875 HTTP/1.1" 200 31 "-" "WordPress/6.8.3; http://cqqizhou.com"
87.121.84.181 - - [25/Dec/2025:10:17:38 +0800] "GET / HTTP/1.0" 200 152268 "-" "Mozilla/5.0 (X11; Linux x86_64; rv:140.0) Gecko/20100101 Firefox/140.0"
36.133.115.36 - - [25/Dec/2025:10:20:30 +0800] "POST /wp-cron.php?doing_wp_cron=1766629230.3282530307769775390625 HTTP/1.1" 200 31 "-" "WordPress/6.8.3; http://cqqizhou.com"
204.76.203.212 - - [25/Dec/2025:10:20:30 +0800] "GET / HTTP/1.1" 200 33677 "-" "Mozilla/5.0 (Windows NT 10.0; Win64; x64) AppleWebKit/537.36 (KHTML, like Gecko) Chrome/90.0.4430.85 Safari/537.36 Edg/90.0.818.46"
36.133.115.36 - - [25/Dec/2025:10:33:03 +0800] "POST /wp-cron.php?doing_wp_cron=1766629983.2693281173706054687500 HTTP/1.1" 200 31 "-" "WordPress/6.8.3; http://cqqizhou.com"
162.62.213.187 - - [25/Dec/2025:10:33:03 +0800] "GET / HTTP/1.1" 200 33677 "-" "Mozilla/5.0 (iPhone; CPU iPhone OS 13_2_3 like Mac OS X) AppleWebKit/605.1.15 (KHTML, like Gecko) Version/13.0.3 Mobile/15E148 Safari/604.1"
147.135.213.9 - - [25/Dec/2025:10:33:32 +0800] "GET /robots.txt HTTP/1.1" 200 390 "-" "Mozilla/5.0 (compatible; MJ12bot/v1.4.8; http://mj12bot.com/)"
147.135.213.9 - - [25/Dec/2025:10:33:39 +0800] "GET /portfolio/%E5%86%B7%E8%BD%A7%E5%8D%B7/ HTTP/1.1" 200 22115 "-" "Mozilla/5.0 (compatible; MJ12bot/v1.4.8; http://mj12bot.com/)"
