111.221.44.25 - - [25/Dec/2025:16:04:56 +0800] "POST /wp-login.php HTTP/1.1" 200 2915 "http://cqqizhou.com/wp-login.php" "Mozilla/5.0 (Macintosh; Intel Mac OS X 13_6_1) AppleWebKit/537.36 (KHTML, like Gecko) Chrome/120.0.0.0 Safari/537.36"
111.221.44.25 - - [25/Dec/2025:16:05:24 +0800] "POST /wp-login.php HTTP/1.1" 200 2915 "http://cqqizhou.com/wp-login.php" "Mozilla/5.0 (Macintosh; Intel Mac OS X 13_6_1) AppleWebKit/537.36 (KHTML, like Gecko) Chrome/120.0.0.0 Safari/537.36"
36.133.115.36 - - [25/Dec/2025:16:06:05 +0800] "POST /wp-cron.php?doing_wp_cron=1766649964.9878020286560058593750 HTTP/1.1" 200 31 "-" "WordPress/6.8.3; http://cqqizhou.com"
111.221.44.25 - - [25/Dec/2025:16:06:05 +0800] "POST /wp-login.php HTTP/1.1" 200 2966 "http://cqqizhou.com/wp-login.php" "Mozilla/5.0 (Windows NT 11.0; Win64; x64) AppleWebKit/537.36 (KHTML, like Gecko) Chrome/119.0.0.0 Safari/537.36"
111.221.44.25 - - [25/Dec/2025:16:06:41 +0800] "POST /wp-login.php HTTP/1.1" 200 2969 "http://cqqizhou.com/wp-login.php" "Mozilla/5.0 (X11; Ubuntu; Linux x86_64) AppleWebKit/537.36 (KHTML, like Gecko) Chrome/120.0.0.0 Safari/537.36"
36.133.115.36 - - [25/Dec/2025:16:06:50 +0800] "POST /wp-cron.php?doing_wp_cron=1766650010.4770181179046630859375 HTTP/1.1" 200 31 "-" "WordPress/6.8.3; http://cqqizhou.com"
111.221.44.25 - - [25/Dec/2025:16:06:50 +0800] "POST /wp-login.php HTTP/1.1" 200 2969 "http://cqqizhou.com/wp-login.php" "Mozilla/5.0 (Windows NT 10.0; Win64; x64; rv:120.0) Gecko/20100101 Firefox/120.0"
111.221.44.25 - - [25/Dec/2025:16:07:04 +0800] "POST /wp-login.php HTTP/1.1" 200 2967 "http://cqqizhou.com/wp-login.php" "Mozilla/5.0 (Macintosh; Intel Mac OS X 10_15_7) AppleWebKit/537.36 (KHTML, like Gecko) Chrome/119.0.0.0 Safari/537.36"
111.221.44.25 - - [25/Dec/2025:16:07:41 +0800] "POST /wp-login.php HTTP/1.1" 200 2969 "http://cqqizhou.com/wp-login.php" "Mozilla/5.0 (Macintosh; Intel Mac OS X 10_15_7) AppleWebKit/605.1.15 (KHTML, like Gecko) Version/16.6 Safari/605.1.15"
36.133.115.36 - - [25/Dec/2025:16:07:48 +0800] "POST /wp-cron.php?doing_wp_cron=1766650068.8250141143798828125000 HTTP/1.1" 200 31 "-" "WordPress/6.8.3; http://cqqizhou.com"
43.154.250.181 - - [25/Dec/2025:16:07:49 +0800] "GET / HTTP/1.1" 200 33677 "-" "Mozilla/5.0 (iPhone; CPU iPhone OS 13_2_3 like Mac OS X) AppleWebKit/605.1.15 (KHTML, like Gecko) Version/13.0.3 Mobile/15E148 Safari/604.1"
111.221.44.25 - - [25/Dec/2025:16:07:54 +0800] "POST /wp-login.php HTTP/1.1" 200 2969 "http://cqqizhou.com/wp-login.php" "Mozilla/5.0 (Macintosh; Intel Mac OS X 13_6_1) AppleWebKit/605.1.15 (KHTML, like Gecko) Version/17.2 Safari/605.1.15"
111.221.44.25 - - [25/Dec/2025:16:08:13 +0800] "POST /wp-login.php HTTP/1.1" 200 2967 "http://cqqizhou.com/wp-login.php" "Mozilla/5.0 (Macintosh; Intel Mac OS X 13_6_1) AppleWebKit/537.36 (KHTML, like Gecko) Chrome/121.0.0.0 Safari/537.36"
36.133.115.36 - - [25/Dec/2025:16:08:23 +0800] "POST /wp-cron.php?doing_wp_cron=1766650103.2801129817962646484375 HTTP/1.1" 200 31 "-" "WordPress/6.8.3; http://cqqizhou.com"
111.221.44.25 - - [25/Dec/2025:16:08:23 +0800] "POST /wp-login.php HTTP/1.1" 200 2915 "http://cqqizhou.com/wp-login.php" "Mozilla/5.0 (X11; Ubuntu; Linux x86_64) AppleWebKit/537.36 (KHTML, like Gecko) Chrome/120.0.0.0 Safari/537.36"
111.221.44.25 - - [25/Dec/2025:16:08:37 +0800] "POST /wp-login.php HTTP/1.1" 200 2967 "http://cqqizhou.com/wp-login.php" "Mozilla/5.0 (Macintosh; Intel Mac OS X 13_6_1) AppleWebKit/605.1.15 (KHTML, like Gecko) Version/17.2 Safari/605.1.15"
36.133.115.36 - - [25/Dec/2025:16:08:52 +0800] "POST /wp-cron.php?doing_wp_cron=1766650132.8733019828796386718750 HTTP/1.1" 200 31 "-" "WordPress/6.8.3; http://cqqizhou.com"
111.221.44.25 - - [25/Dec/2025:16:08:52 +0800] "POST /wp-login.php HTTP/1.1" 200 2967 "http://cqqizhou.com/wp-login.php" "Mozilla/5.0 (Macintosh; Intel Mac OS X 13_6_1) AppleWebKit/537.36 (KHTML, like Gecko) Chrome/118.0.0.0 Safari/537.36"
111.221.44.25 - - [25/Dec/2025:16:09:05 +0800] "POST /wp-login.php HTTP/1.1" 200 2915 "http://cqqizhou.com/wp-login.php" "Mozilla/5.0 (Macintosh; Intel Mac OS X 13_6_1; rv:120.0) Gecko/20100101 Firefox/120.0"
111.221.44.25 - - [25/Dec/2025:16:09:32 +0800] "POST /wp-login.php HTTP/1.1" 200 2970 "http://cqqizhou.com/wp-login.php" "Mozilla/5.0 (X11; Ubuntu; Linux x86_64) AppleWebKit/537.36 (KHTML, like Gecko) Chrome/118.0.0.0 Safari/537.36"
36.133.115.36 - - [25/Dec/2025:16:09:59 +0800] "POST /wp-cron.php?doing_wp_cron=1766650199.4342548847198486328125 HTTP/1.1" 200 31 "-" "WordPress/6.8.3; http://cqqizhou.com"
111.221.44.25 - - [25/Dec/2025:16:09:59 +0800] "POST /wp-login.php HTTP/1.1" 200 2967 "http://cqqizhou.com/wp-login.php" "Mozilla/5.0 (X11; Ubuntu; Linux x86_64) AppleWebKit/537.36 (KHTML, like Gecko) Chrome/121.0.0.0 Safari/537.36"
111.221.44.25 - - [25/Dec/2025:16:10:20 +0800] "POST /wp-login.php HTTP/1.1" 200 2970 "http://cqqizhou.com/wp-login.php" "Mozilla/5.0 (Macintosh; Intel Mac OS X 13_6_1) AppleWebKit/605.1.15 (KHTML, like Gecko) Version/16.6 Safari/605.1.15"
111.221.44.25 - - [25/Dec/2025:16:10:29 +0800] "POST /wp-login.php HTTP/1.1" 200 2915 "http://cqqizhou.com/wp-login.php" "Mozilla/5.0 (X11; Ubuntu; Linux x86_64) AppleWebKit/537.36 (KHTML, like Gecko) Chrome/119.0.0.0 Safari/537.36"
111.221.44.25 - - [25/Dec/2025:16:10:42 +0800] "POST /wp-login.php HTTP/1.1" 200 2970 "http://cqqizhou.com/wp-login.php" "Mozilla/5.0 (Windows NT 10.0; Win64; x64) AppleWebKit/537.36 (KHTML, like Gecko) Chrome/119.0.0.0 Safari/537.36"
36.133.115.36 - - [25/Dec/2025:16:10:47 +0800] "POST /wp-cron.php?doing_wp_cron=1766650247.1779260635375976562500 HTTP/1.1" 200 31 "-" "WordPress/6.8.3; http://cqqizhou.com"
51.68.236.90 - - [25/Dec/2025:16:10:47 +0800] "GET /robots.txt HTTP/1.1" 200 190 "-" "Mozilla/5.0 (compatible; MJ12bot/v2.0.4; http://mj12bot.com/)"
51.68.236.90 - - [25/Dec/2025:16:10:48 +0800] "GET / HTTP/1.1" 200 34091 "-" "Mozilla/5.0 (compatible; MJ12bot/v2.0.4; http://mj12bot.com/)"
111.221.44.25 - - [25/Dec/2025:16:11:08 +0800] "POST /wp-login.php HTTP/1.1" 200 2915 "http://cqqizhou.com/wp-login.php" "Mozilla/5.0 (Macintosh; Intel Mac OS X 13_6_1) AppleWebKit/537.36 (KHTML, like Gecko) Chrome/121.0.0.0 Safari/537.36"
111.221.44.25 - - [25/Dec/2025:16:11:22 +0800] "POST /wp-login.php HTTP/1.1" 200 2970 "http://cqqizhou.com/wp-login.php" "Mozilla/5.0 (Macintosh; Intel Mac OS X 13_6_1) AppleWebKit/537.36 (KHTML, like Gecko) Chrome/119.0.0.0 Safari/537.36"
36.133.115.36 - - [25/Dec/2025:16:11:50 +0800] "POST /wp-cron.php?doing_wp_cron=1766650310.7991030216217041015625 HTTP/1.1" 200 31 "-" "WordPress/6.8.3; http://cqqizhou.com"
111.221.44.25 - - [25/Dec/2025:16:11:50 +0800] "POST /wp-login.php HTTP/1.1" 200 2967 "http://cqqizhou.com/wp-login.php" "Mozilla/5.0 (Macintosh; Intel Mac OS X 10_15_7) AppleWebKit/537.36 (KHTML, like Gecko) Chrome/118.0.0.0 Safari/537.36"
111.221.44.25 - - [25/Dec/2025:16:12:10 +0800] "POST /wp-login.php HTTP/1.1" 200 2915 "http://cqqizhou.com/wp-login.php" "Mozilla/5.0 (Windows NT 10.0; Win64; x64; rv:120.0) Gecko/20100101 Firefox/120.0"
111.221.44.25 - - [25/Dec/2025:16:12:22 +0800] "POST /wp-login.php HTTP/1.1" 200 2970 "http://cqqizhou.com/wp-login.php" "Mozilla/5.0 (Windows NT 10.0; Win64; x64; rv:120.0) Gecko/20100101 Firefox/120.0"
111.221.44.25 - - [25/Dec/2025:16:12:27 +0800] "POST /wp-login.php HTTP/1.1" 200 2967 "http://cqqizhou.com/wp-login.php" "Mozilla/5.0 (Windows NT 11.0; Win64; x64) AppleWebKit/537.36 (KHTML, like Gecko) Chrome/119.0.0.0 Safari/537.36"
36.133.115.36 - - [25/Dec/2025:16:13:00 +0800] "POST /wp-cron.php?doing_wp_cron=1766650380.7116858959197998046875 HTTP/1.1" 200 31 "-" "WordPress/6.8.3; http://cqqizhou.com"
111.221.44.25 - - [25/Dec/2025:16:13:00 +0800] "POST /wp-login.php HTTP/1.1" 200 2915 "http://cqqizhou.com/wp-login.php" "Mozilla/5.0 (Macintosh; Intel Mac OS X 13_6_1) AppleWebKit/537.36 (KHTML, like Gecko) Chrome/118.0.0.0 Safari/537.36"
111.221.44.25 - - [25/Dec/2025:16:13:08 +0800] "POST /wp-login.php HTTP/1.1" 200 2970 "http://cqqizhou.com/wp-login.php" "Mozilla/5.0 (Macintosh; Intel Mac OS X 10_15_7; rv:118.0) Gecko/20100101 Firefox/118.0"
111.221.44.25 - - [25/Dec/2025:16:13:21 +0800] "POST /wp-login.php HTTP/1.1" 200 2967 "http://cqqizhou.com/wp-login.php" "Mozilla/5.0 (Windows NT 11.0; Win64; x64) AppleWebKit/537.36 (KHTML, like Gecko) Chrome/120.0.0.0 Safari/537.36"
111.221.44.25 - - [25/Dec/2025:16:13:39 +0800] "POST /wp-login.php HTTP/1.1" 200 2915 "http://cqqizhou.com/wp-login.php" "Mozilla/5.0 (Macintosh; Intel Mac OS X 13_6_1) AppleWebKit/605.1.15 (KHTML, like Gecko) Version/17.2 Safari/605.1.15"
36.133.115.36 - - [25/Dec/2025:16:13:54 +0800] "POST /wp-cron.php?doing_wp_cron=1766650434.2044820785522460937500 HTTP/1.1" 200 31 "-" "WordPress/6.8.3; http://cqqizhou.com"
111.221.44.25 - - [25/Dec/2025:16:13:54 +0800] "POST /wp-login.php HTTP/1.1" 200 2970 "http://cqqizhou.com/wp-login.php" "Mozilla/5.0 (Macintosh; Intel Mac OS X 10_15_7) AppleWebKit/537.36 (KHTML, like Gecko) Chrome/121.0.0.0 Safari/537.36"
111.221.44.25 - - [25/Dec/2025:16:14:00 +0800] "POST /wp-login.php HTTP/1.1" 200 2967 "http://cqqizhou.com/wp-login.php" "Mozilla/5.0 (Macintosh; Intel Mac OS X 10_15_7) AppleWebKit/537.36 (KHTML, like Gecko) Chrome/118.0.0.0 Safari/537.36"
111.221.44.25 - - [25/Dec/2025:16:14:12 +0800] "POST /wp-login.php HTTP/1.1" 200 2915 "http://cqqizhou.com/wp-login.php" "Mozilla/5.0 (Macintosh; Intel Mac OS X 13_6_1; rv:121.0) Gecko/20100101 Firefox/121.0"
111.221.44.25 - - [25/Dec/2025:16:14:24 +0800] "POST /wp-login.php HTTP/1.1" 200 2970 "http://cqqizhou.com/wp-login.php" "Mozilla/5.0 (Windows NT 11.0; Win64; x64; rv:119.0) Gecko/20100101 Firefox/119.0"
111.221.44.25 - - [25/Dec/2025:16:14:35 +0800] "POST /wp-login.php HTTP/1.1" 200 2967 "http://cqqizhou.com/wp-login.php" "Mozilla/5.0 (Macintosh; Intel Mac OS X 10_15_7) AppleWebKit/537.36 (KHTML, like Gecko) Chrome/118.0.0.0 Safari/537.36"
36.133.115.36 - - [25/Dec/2025:16:14:54 +0800] "POST /wp-cron.php?doing_wp_cron=1766650494.3569929599761962890625 HTTP/1.1" 200 31 "-" "WordPress/6.8.3; http://cqqizhou.com"
111.221.44.25 - - [25/Dec/2025:16:14:54 +0800] "POST /wp-login.php HTTP/1.1" 200 2915 "http://cqqizhou.com/wp-login.php" "Mozilla/5.0 (Windows NT 11.0; Win64; x64; rv:121.0) Gecko/20100101 Firefox/121.0"
111.221.44.25 - - [25/Dec/2025:16:15:06 +0800] "POST /wp-login.php HTTP/1.1" 200 2970 "http://cqqizhou.com/wp-login.php" "Mozilla/5.0 (Windows NT 11.0; Win64; x64) AppleWebKit/537.36 (KHTML, like Gecko) Chrome/121.0.0.0 Safari/537.36"
111.221.44.25 - - [25/Dec/2025:16:15:34 +0800] "POST /wp-login.php HTTP/1.1" 200 2967 "http://cqqizhou.com/wp-login.php" "Mozilla/5.0 (Macintosh; Intel Mac OS X 10_15_7) AppleWebKit/537.36 (KHTML, like Gecko) Chrome/119.0.0.0 Safari/537.36"
36.133.115.36 - - [25/Dec/2025:16:15:54 +0800] "POST /wp-cron.php?doing_wp_cron=1766650554.2807230949401855468750 HTTP/1.1" 200 31 "-" "WordPress/6.8.3; http://cqqizhou.com"
111.221.44.25 - - [25/Dec/2025:16:15:54 +0800] "POST /wp-login.php HTTP/1.1" 200 2915 "http://cqqizhou.com/wp-login.php" "Mozilla/5.0 (Macintosh; Intel Mac OS X 13_6_1; rv:121.0) Gecko/20100101 Firefox/121.0"
111.221.44.25 - - [25/Dec/2025:16:16:32 +0800] "POST /wp-login.php HTTP/1.1" 200 2970 "http://cqqizhou.com/wp-login.php" "Mozilla/5.0 (Windows NT 11.0; Win64; x64; rv:120.0) Gecko/20100101 Firefox/120.0"
36.133.115.36 - - [25/Dec/2025:16:16:59 +0800] "POST /wp-cron.php?doing_wp_cron=1766650619.3038721084594726562500 HTTP/1.1" 200 31 "-" "WordPress/6.8.3; http://cqqizhou.com"
111.221.44.25 - - [25/Dec/2025:16:16:59 +0800] "POST /wp-login.php HTTP/1.1" 200 2915 "http://cqqizhou.com/wp-login.php" "Mozilla/5.0 (Macintosh; Intel Mac OS X 10_15_7; rv:118.0) Gecko/20100101 Firefox/118.0"
111.221.44.25 - - [25/Dec/2025:16:17:23 +0800] "POST /wp-login.php HTTP/1.1" 200 2970 "http://cqqizhou.com/wp-login.php" "Mozilla/5.0 (X11; Ubuntu; Linux x86_64) AppleWebKit/537.36 (KHTML, like Gecko) Chrome/119.0.0.0 Safari/537.36"
111.221.44.25 - - [25/Dec/2025:16:17:32 +0800] "POST /wp-login.php HTTP/1.1" 200 2915 "http://cqqizhou.com/wp-login.php" "Mozilla/5.0 (Macintosh; Intel Mac OS X 13_6_1) AppleWebKit/537.36 (KHTML, like Gecko) Chrome/119.0.0.0 Safari/537.36"
111.221.44.25 - - [25/Dec/2025:16:17:37 +0800] "POST /wp-login.php HTTP/1.1" 200 2970 "http://cqqizhou.com/wp-login.php" "Mozilla/5.0 (Macintosh; Intel Mac OS X 13_6_1; rv:121.0) Gecko/20100101 Firefox/121.0"
36.133.115.36 - - [25/Dec/2025:16:17:48 +0800] "POST /wp-cron.php?doing_wp_cron=1766650668.7300310134887695312500 HTTP/1.1" 200 31 "-" "WordPress/6.8.3; http://cqqizhou.com"
111.221.44.25 - - [25/Dec/2025:16:17:48 +0800] "POST /wp-login.php HTTP/1.1" 200 2915 "http://cqqizhou.com/wp-login.php" "Mozilla/5.0 (Windows NT 11.0; Win64; x64) AppleWebKit/537.36 (KHTML, like Gecko) Chrome/120.0.0.0 Safari/537.36"
111.221.44.25 - - [25/Dec/2025:16:18:07 +0800] "POST /wp-login.php HTTP/1.1" 200 2970 "http://cqqizhou.com/wp-login.php" "Mozilla/5.0 (X11; Linux x86_64) AppleWebKit/537.36 (KHTML, like Gecko) Chrome/121.0.0.0 Safari/537.36"
111.221.44.25 - - [25/Dec/2025:16:18:20 +0800] "POST /wp-login.php HTTP/1.1" 200 2915 "http://cqqizhou.com/wp-login.php" "Mozilla/5.0 (X11; Ubuntu; Linux x86_64) AppleWebKit/537.36 (KHTML, like Gecko) Chrome/121.0.0.0 Safari/537.36"
111.221.44.25 - - [25/Dec/2025:16:18:31 +0800] "POST /wp-login.php HTTP/1.1" 200 2970 "http://cqqizhou.com/wp-login.php" "Mozilla/5.0 (Macintosh; Intel Mac OS X 10_15_7) AppleWebKit/605.1.15 (KHTML, like Gecko) Version/17.0 Safari/605.1.15"
111.221.44.25 - - [25/Dec/2025:16:18:39 +0800] "POST /wp-login.php HTTP/1.1" 200 2915 "http://cqqizhou.com/wp-login.php" "Mozilla/5.0 (X11; Ubuntu; Linux x86_64) AppleWebKit/537.36 (KHTML, like Gecko) Chrome/120.0.0.0 Safari/537.36"
111.221.44.25 - - [25/Dec/2025:16:18:45 +0800] "POST /wp-login.php HTTP/1.1" 200 2970 "http://cqqizhou.com/wp-login.php" "Mozilla/5.0 (Macintosh; Intel Mac OS X 10_15_7; rv:119.0) Gecko/20100101 Firefox/119.0"
36.133.115.36 - - [25/Dec/2025:16:19:12 +0800] "POST /wp-cron.php?doing_wp_cron=1766650752.0248858928680419921875 HTTP/1.1" 200 31 "-" "WordPress/6.8.3; http://cqqizhou.com"
111.221.44.25 - - [25/Dec/2025:16:19:12 +0800] "POST /wp-login.php HTTP/1.1" 200 2970 "http://cqqizhou.com/wp-login.php" "Mozilla/5.0 (X11; Ubuntu; Linux x86_64) AppleWebKit/537.36 (KHTML, like Gecko) Chrome/118.0.0.0 Safari/537.36"
111.221.44.25 - - [25/Dec/2025:16:19:44 +0800] "POST /wp-login.php HTTP/1.1" 200 2915 "http://cqqizhou.com/wp-login.php" "Mozilla/5.0 (Macintosh; Intel Mac OS X 10_15_7; rv:119.0) Gecko/20100101 Firefox/119.0"
36.133.115.36 - - [25/Dec/2025:16:19:51 +0800] "POST /wp-cron.php?doing_wp_cron=1766650791.4725010395050048828125 HTTP/1.1" 200 31 "-" "WordPress/6.8.3; http://cqqizhou.com"
111.221.44.25 - - [25/Dec/2025:16:19:51 +0800] "POST /wp-login.php HTTP/1.1" 200 2970 "http://cqqizhou.com/wp-login.php" "Mozilla/5.0 (Macintosh; Intel Mac OS X 13_6_1) AppleWebKit/537.36 (KHTML, like Gecko) Chrome/120.0.0.0 Safari/537.36"
111.221.44.25 - - [25/Dec/2025:16:20:07 +0800] "POST /wp-login.php HTTP/1.1" 200 2970 "http://cqqizhou.com/wp-login.php" "Mozilla/5.0 (Macintosh; Intel Mac OS X 10_15_7) AppleWebKit/605.1.15 (KHTML, like Gecko) Version/17.2 Safari/605.1.15"
111.221.44.25 - - [25/Dec/2025:16:20:19 +0800] "POST /wp-login.php HTTP/1.1" 200 2915 "http://cqqizhou.com/wp-login.php" "Mozilla/5.0 (Windows NT 11.0; Win64; x64) AppleWebKit/537.36 (KHTML, like Gecko) Chrome/121.0.0.0 Safari/537.36"
111.221.44.25 - - [25/Dec/2025:16:20:30 +0800] "POST /wp-login.php HTTP/1.1" 200 2970 "http://cqqizhou.com/wp-login.php" "Mozilla/5.0 (Macintosh; Intel Mac OS X 10_15_7) AppleWebKit/537.36 (KHTML, like Gecko) Chrome/121.0.0.0 Safari/537.36"
111.221.44.25 - - [25/Dec/2025:16:20:43 +0800] "POST /wp-login.php HTTP/1.1" 200 2915 "http://cqqizhou.com/wp-login.php" "Mozilla/5.0 (Macintosh; Intel Mac OS X 13_6_1) AppleWebKit/605.1.15 (KHTML, like Gecko) Version/16.6 Safari/605.1.15"
36.133.115.36 - - [25/Dec/2025:16:21:08 +0800] "POST /wp-cron.php?doing_wp_cron=1766650868.8277769088745117187500 HTTP/1.1" 200 31 "-" "WordPress/6.8.3; http://cqqizhou.com"
111.221.44.25 - - [25/Dec/2025:16:21:08 +0800] "POST /wp-login.php HTTP/1.1" 200 2970 "http://cqqizhou.com/wp-login.php" "Mozilla/5.0 (Windows NT 11.0; Win64; x64) AppleWebKit/537.36 (KHTML, like Gecko) Chrome/119.0.0.0 Safari/537.36"
111.221.44.25 - - [25/Dec/2025:16:21:24 +0800] "POST /wp-login.php HTTP/1.1" 200 2915 "http://cqqizhou.com/wp-login.php" "Mozilla/5.0 (Macintosh; Intel Mac OS X 13_6_1; rv:118.0) Gecko/20100101 Firefox/118.0"
111.221.44.25 - - [25/Dec/2025:16:21:31 +0800] "POST /wp-login.php HTTP/1.1" 200 2970 "http://cqqizhou.com/wp-login.php" "Mozilla/5.0 (Macintosh; Intel Mac OS X 13_6_1) AppleWebKit/605.1.15 (KHTML, like Gecko) Version/17.1 Safari/605.1.15"
36.133.115.36 - - [25/Dec/2025:16:22:02 +0800] "POST /wp-cron.php?doing_wp_cron=1766650922.2354009151458740234375 HTTP/1.1" 200 31 "-" "WordPress/6.8.3; http://cqqizhou.com"
204.76.203.212 - - [25/Dec/2025:16:22:02 +0800] "GET / HTTP/1.1" 200 33677 "-" "Mozilla/5.0 (Windows NT 10.0; Win64; x64) AppleWebKit/537.36 (KHTML, like Gecko) Chrome/90.0.4430.85 Safari/537.36 Edg/90.0.818.46"
111.221.44.25 - - [25/Dec/2025:16:22:05 +0800] "POST /wp-login.php HTTP/1.1" 200 2915 "http://cqqizhou.com/wp-login.php" "Mozilla/5.0 (Windows NT 10.0; Win64; x64) AppleWebKit/537.36 (KHTML, like Gecko) Chrome/121.0.0.0 Safari/537.36"
111.221.44.25 - - [25/Dec/2025:16:22:20 +0800] "POST /wp-login.php HTTP/1.1" 200 2915 "http://cqqizhou.com/wp-login.php" "Mozilla/5.0 (X11; Linux x86_64) AppleWebKit/537.36 (KHTML, like Gecko) Chrome/118.0.0.0 Safari/537.36"
36.133.115.36 - - [25/Dec/2025:16:22:59 +0800] "POST /wp-cron.php?doing_wp_cron=1766650979.8633069992065429687500 HTTP/1.1" 200 31 "-" "WordPress/6.8.3; http://cqqizhou.com"
111.221.44.25 - - [25/Dec/2025:16:22:59 +0800] "POST /wp-login.php HTTP/1.1" 200 2970 "http://cqqizhou.com/wp-login.php" "Mozilla/5.0 (Windows NT 10.0; Win64; x64) AppleWebKit/537.36 (KHTML, like Gecko) Chrome/120.0.0.0 Safari/537.36"
111.221.44.25 - - [25/Dec/2025:16:23:19 +0800] "POST /wp-login.php HTTP/1.1" 200 2915 "http://cqqizhou.com/wp-login.php" "Mozilla/5.0 (Windows NT 11.0; Win64; x64) AppleWebKit/537.36 (KHTML, like Gecko) Chrome/118.0.0.0 Safari/537.36"
111.221.44.25 - - [25/Dec/2025:16:23:32 +0800] "POST /wp-login.php HTTP/1.1" 200 2970 "http://cqqizhou.com/wp-login.php" "Mozilla/5.0 (Macintosh; Intel Mac OS X 10_15_7) AppleWebKit/537.36 (KHTML, like Gecko) Chrome/120.0.0.0 Safari/537.36"
111.221.44.25 - - [25/Dec/2025:16:23:40 +0800] "POST /wp-login.php HTTP/1.1" 200 2915 "http://cqqizhou.com/wp-login.php" "Mozilla/5.0 (Macintosh; Intel Mac OS X 13_6_1; rv:119.0) Gecko/20100101 Firefox/119.0"
36.133.115.36 - - [25/Dec/2025:16:23:53 +0800] "POST /wp-cron.php?doing_wp_cron=1766651033.0732200145721435546875 HTTP/1.1" 200 31 "-" "WordPress/6.8.3; http://cqqizhou.com"
111.221.44.25 - - [25/Dec/2025:16:23:53 +0800] "POST /wp-login.php HTTP/1.1" 200 2970 "http://cqqizhou.com/wp-login.php" "Mozilla/5.0 (Windows NT 11.0; Win64; x64; rv:120.0) Gecko/20100101 Firefox/120.0"
111.221.44.25 - - [25/Dec/2025:16:24:09 +0800] "POST /wp-login.php HTTP/1.1" 200 2915 "http://cqqizhou.com/wp-login.php" "Mozilla/5.0 (Macintosh; Intel Mac OS X 13_6_1) AppleWebKit/537.36 (KHTML, like Gecko) Chrome/119.0.0.0 Safari/537.36"
111.221.44.25 - - [25/Dec/2025:16:24:16 +0800] "POST /wp-login.php HTTP/1.1" 200 2970 "http://cqqizhou.com/wp-login.php" "Mozilla/5.0 (Macintosh; Intel Mac OS X 13_6_1) AppleWebKit/605.1.15 (KHTML, like Gecko) Version/17.1 Safari/605.1.15"
111.221.44.25 - - [25/Dec/2025:16:24:23 +0800] "POST /wp-login.php HTTP/1.1" 200 2915 "http://cqqizhou.com/wp-login.php" "Mozilla/5.0 (Macintosh; Intel Mac OS X 13_6_1; rv:119.0) Gecko/20100101 Firefox/119.0"
111.221.44.25 - - [25/Dec/2025:16:24:29 +0800] "POST /wp-login.php HTTP/1.1" 200 2970 "http://cqqizhou.com/wp-login.php" "Mozilla/5.0 (Windows NT 10.0; Win64; x64; rv:119.0) Gecko/20100101 Firefox/119.0"
111.221.44.25 - - [25/Dec/2025:16:24:43 +0800] "POST /wp-login.php HTTP/1.1" 200 2915 "http://cqqizhou.com/wp-login.php" "Mozilla/5.0 (X11; Linux x86_64) AppleWebKit/537.36 (KHTML, like Gecko) Chrome/121.0.0.0 Safari/537.36"
36.133.115.36 - - [25/Dec/2025:16:25:13 +0800] "POST /wp-cron.php?doing_wp_cron=1766651113.3877229690551757812500 HTTP/1.1" 200 31 "-" "WordPress/6.8.3; http://cqqizhou.com"
111.221.44.25 - - [25/Dec/2025:16:25:13 +0800] "POST /wp-login.php HTTP/1.1" 200 2970 "http://cqqizhou.com/wp-login.php" "Mozilla/5.0 (Windows NT 10.0; Win64; x64; rv:120.0) Gecko/20100101 Firefox/120.0"
111.221.44.25 - - [25/Dec/2025:16:25:29 +0800] "POST /wp-login.php HTTP/1.1" 200 2915 "http://cqqizhou.com/wp-login.php" "Mozilla/5.0 (Macintosh; Intel Mac OS X 10_15_7; rv:119.0) Gecko/20100101 Firefox/119.0"
111.221.44.25 - - [25/Dec/2025:16:25:33 +0800] "POST /wp-login.php HTTP/1.1" 200 2970 "http://cqqizhou.com/wp-login.php" "Mozilla/5.0 (Macintosh; Intel Mac OS X 10_15_7; rv:118.0) Gecko/20100101 Firefox/118.0"
111.221.44.25 - - [25/Dec/2025:16:25:38 +0800] "POST /wp-login.php HTTP/1.1" 200 2915 "http://cqqizhou.com/wp-login.php" "Mozilla/5.0 (Macintosh; Intel Mac OS X 10_15_7) AppleWebKit/605.1.15 (KHTML, like Gecko) Version/16.6 Safari/605.1.15"
36.133.115.36 - - [25/Dec/2025:16:26:00 +0800] "POST /wp-cron.php?doing_wp_cron=1766651160.1424779891967773437500 HTTP/1.1" 200 31 "-" "WordPress/6.8.3; http://cqqizhou.com"
111.221.44.25 - - [25/Dec/2025:16:26:00 +0800] "POST /wp-login.php HTTP/1.1" 200 2970 "http://cqqizhou.com/wp-login.php" "Mozilla/5.0 (Macintosh; Intel Mac OS X 13_6_1; rv:121.0) Gecko/20100101 Firefox/121.0"
111.221.44.25 - - [25/Dec/2025:16:26:05 +0800] "POST /wp-login.php HTTP/1.1" 200 2970 "http://cqqizhou.com/wp-login.php" "Mozilla/5.0 (Macintosh; Intel Mac OS X 10_15_7) AppleWebKit/605.1.15 (KHTML, like Gecko) Version/17.0 Safari/605.1.15"
111.221.44.25 - - [25/Dec/2025:16:26:26 +0800] "POST /wp-login.php HTTP/1.1" 200 2915 "http://cqqizhou.com/wp-login.php" "Mozilla/5.0 (Macintosh; Intel Mac OS X 10_15_7; rv:119.0) Gecko/20100101 Firefox/119.0"
111.221.44.25 - - [25/Dec/2025:16:26:43 +0800] "POST /wp-login.php HTTP/1.1" 200 2970 "http://cqqizhou.com/wp-login.php" "Mozilla/5.0 (X11; Ubuntu; Linux x86_64) AppleWebKit/537.36 (KHTML, like Gecko) Chrome/118.0.0.0 Safari/537.36"
36.133.115.36 - - [25/Dec/2025:16:27:02 +0800] "POST /wp-cron.php?doing_wp_cron=1766651222.0465810298919677734375 HTTP/1.1" 200 31 "-" "WordPress/6.8.3; http://cqqizhou.com"
111.221.44.25 - - [25/Dec/2025:16:27:02 +0800] "POST /wp-login.php HTTP/1.1" 200 2970 "http://cqqizhou.com/wp-login.php" "Mozilla/5.0 (Windows NT 10.0; Win64; x64) AppleWebKit/537.36 (KHTML, like Gecko) Chrome/119.0.0.0 Safari/537.36"
111.221.44.25 - - [25/Dec/2025:16:27:10 +0800] "POST /wp-login.php HTTP/1.1" 200 2968 "http://cqqizhou.com/wp-login.php" "Mozilla/5.0 (Macintosh; Intel Mac OS X 13_6_1; rv:118.0) Gecko/20100101 Firefox/118.0"
111.221.44.25 - - [25/Dec/2025:16:27:28 +0800] "POST /wp-login.php HTTP/1.1" 200 2886 "http://cqqizhou.com/wp-login.php" "Mozilla/5.0 (X11; Ubuntu; Linux x86_64) AppleWebKit/537.36 (KHTML, like Gecko) Chrome/118.0.0.0 Safari/537.36"
36.133.115.36 - - [25/Dec/2025:16:28:20 +0800] "POST /wp-cron.php?doing_wp_cron=1766651300.8056650161743164062500 HTTP/1.1" 200 31 "-" "WordPress/6.8.3; http://cqqizhou.com"
111.221.44.25 - - [25/Dec/2025:16:28:20 +0800] "POST /wp-login.php HTTP/1.1" 200 2970 "http://cqqizhou.com/wp-login.php" "Mozilla/5.0 (Macintosh; Intel Mac OS X 10_15_7) AppleWebKit/605.1.15 (KHTML, like Gecko) Version/17.2 Safari/605.1.15"
111.221.44.25 - - [25/Dec/2025:16:28:44 +0800] "POST /wp-login.php HTTP/1.1" 200 2973 "http://cqqizhou.com/wp-login.php" "Mozilla/5.0 (X11; Linux x86_64) AppleWebKit/537.36 (KHTML, like Gecko) Chrome/118.0.0.0 Safari/537.36"
36.133.115.36 - - [25/Dec/2025:16:29:08 +0800] "POST /wp-cron.php?doing_wp_cron=1766651348.5919930934906005859375 HTTP/1.1" 200 31 "-" "WordPress/6.8.3; http://cqqizhou.com"
111.221.44.25 - - [25/Dec/2025:16:29:08 +0800] "POST /wp-login.php HTTP/1.1" 200 2968 "http://cqqizhou.com/wp-login.php" "Mozilla/5.0 (Macintosh; Intel Mac OS X 13_6_1) AppleWebKit/537.36 (KHTML, like Gecko) Chrome/121.0.0.0 Safari/537.36"
111.221.44.25 - - [25/Dec/2025:16:29:36 +0800] "POST /wp-login.php HTTP/1.1" 200 2971 "http://cqqizhou.com/wp-login.php" "Mozilla/5.0 (Macintosh; Intel Mac OS X 10_15_7; rv:120.0) Gecko/20100101 Firefox/120.0"
111.221.44.25 - - [25/Dec/2025:16:29:45 +0800] "POST /wp-login.php HTTP/1.1" 200 2970 "http://cqqizhou.com/wp-login.php" "Mozilla/5.0 (Macintosh; Intel Mac OS X 13_6_1) AppleWebKit/605.1.15 (KHTML, like Gecko) Version/17.2 Safari/605.1.15"
36.133.115.36 - - [25/Dec/2025:16:30:07 +0800] "POST /wp-cron.php?doing_wp_cron=1766651407.2772850990295410156250 HTTP/1.1" 200 31 "-" "WordPress/6.8.3; http://cqqizhou.com"
111.221.44.25 - - [25/Dec/2025:16:30:07 +0800] "POST /wp-login.php HTTP/1.1" 200 2973 "http://cqqizhou.com/wp-login.php" "Mozilla/5.0 (Macintosh; Intel Mac OS X 10_15_7) AppleWebKit/605.1.15 (KHTML, like Gecko) Version/17.0 Safari/605.1.15"
111.221.44.25 - - [25/Dec/2025:16:30:41 +0800] "POST /wp-login.php HTTP/1.1" 200 2972 "http://cqqizhou.com/wp-login.php" "Mozilla/5.0 (Windows NT 11.0; Win64; x64) AppleWebKit/537.36 (KHTML, like Gecko) Chrome/120.0.0.0 Safari/537.36"
36.133.115.36 - - [25/Dec/2025:16:30:52 +0800] "POST /wp-cron.php?doing_wp_cron=1766651452.4912009239196777343750 HTTP/1.1" 200 31 "-" "WordPress/6.8.3; http://cqqizhou.com"
111.221.44.25 - - [25/Dec/2025:16:30:52 +0800] "POST /wp-login.php HTTP/1.1" 200 2886 "http://cqqizhou.com/wp-login.php" "Mozilla/5.0 (Macintosh; Intel Mac OS X 10_15_7) AppleWebKit/537.36 (KHTML, like Gecko) Chrome/118.0.0.0 Safari/537.36"
111.221.44.25 - - [25/Dec/2025:16:30:58 +0800] "POST /wp-login.php HTTP/1.1" 200 2970 "http://cqqizhou.com/wp-login.php" "Mozilla/5.0 (Windows NT 11.0; Win64; x64; rv:119.0) Gecko/20100101 Firefox/119.0"
111.221.44.25 - - [25/Dec/2025:16:31:21 +0800] "POST /wp-login.php HTTP/1.1" 200 2971 "http://cqqizhou.com/wp-login.php" "Mozilla/5.0 (Windows NT 10.0; Win64; x64) AppleWebKit/537.36 (KHTML, like Gecko) Chrome/118.0.0.0 Safari/537.36"
111.221.44.25 - - [25/Dec/2025:16:31:37 +0800] "POST /wp-login.php HTTP/1.1" 200 2915 "http://cqqizhou.com/wp-login.php" "Mozilla/5.0 (Macintosh; Intel Mac OS X 13_6_1; rv:121.0) Gecko/20100101 Firefox/121.0"
36.133.115.36 - - [25/Dec/2025:16:31:53 +0800] "POST /wp-cron.php?doing_wp_cron=1766651513.8171639442443847656250 HTTP/1.1" 200 31 "-" "WordPress/6.8.3; http://cqqizhou.com"
111.221.44.25 - - [25/Dec/2025:16:31:53 +0800] "POST /wp-login.php HTTP/1.1" 200 2970 "http://cqqizhou.com/wp-login.php" "Mozilla/5.0 (Macintosh; Intel Mac OS X 13_6_1) AppleWebKit/605.1.15 (KHTML, like Gecko) Version/16.6 Safari/605.1.15"
111.221.44.25 - - [25/Dec/2025:16:32:02 +0800] "POST /wp-login.php HTTP/1.1" 200 2915 "http://cqqizhou.com/wp-login.php" "Mozilla/5.0 (Macintosh; Intel Mac OS X 10_15_7) AppleWebKit/605.1.15 (KHTML, like Gecko) Version/16.6 Safari/605.1.15"
111.221.44.25 - - [25/Dec/2025:16:32:21 +0800] "POST /wp-login.php HTTP/1.1" 200 2970 "http://cqqizhou.com/wp-login.php" "Mozilla/5.0 (Macintosh; Intel Mac OS X 10_15_7) AppleWebKit/605.1.15 (KHTML, like Gecko) Version/17.2 Safari/605.1.15"
111.221.44.25 - - [25/Dec/2025:16:32:40 +0800] "POST /wp-login.php HTTP/1.1" 200 2915 "http://cqqizhou.com/wp-login.php" "Mozilla/5.0 (X11; Ubuntu; Linux x86_64) AppleWebKit/537.36 (KHTML, like Gecko) Chrome/120.0.0.0 Safari/537.36"
36.133.115.36 - - [25/Dec/2025:16:32:50 +0800] "POST /wp-cron.php?doing_wp_cron=1766651570.8268260955810546875000 HTTP/1.1" 200 31 "-" "WordPress/6.8.3; http://cqqizhou.com"
111.221.44.25 - - [25/Dec/2025:16:32:50 +0800] "POST /wp-login.php HTTP/1.1" 200 2968 "http://cqqizhou.com/wp-login.php" "Mozilla/5.0 (Windows NT 10.0; Win64; x64) AppleWebKit/537.36 (KHTML, like Gecko) Chrome/121.0.0.0 Safari/537.36"
111.221.44.25 - - [25/Dec/2025:16:33:19 +0800] "POST /wp-login.php HTTP/1.1" 200 2971 "http://cqqizhou.com/wp-login.php" "Mozilla/5.0 (Windows NT 10.0; Win64; x64; rv:118.0) Gecko/20100101 Firefox/118.0"
111.221.44.25 - - [25/Dec/2025:16:33:34 +0800] "POST /wp-login.php HTTP/1.1" 200 2969 "http://cqqizhou.com/wp-login.php" "Mozilla/5.0 (Macintosh; Intel Mac OS X 10_15_7; rv:119.0) Gecko/20100101 Firefox/119.0"
36.133.115.36 - - [25/Dec/2025:16:33:49 +0800] "POST /wp-cron.php?doing_wp_cron=1766651629.2230319976806640625000 HTTP/1.1" 200 31 "-" "WordPress/6.8.3; http://cqqizhou.com"
111.221.44.25 - - [25/Dec/2025:16:33:49 +0800] "POST /wp-login.php HTTP/1.1" 200 2973 "http://cqqizhou.com/wp-login.php" "Mozilla/5.0 (Windows NT 10.0; Win64; x64) AppleWebKit/537.36 (KHTML, like Gecko) Chrome/120.0.0.0 Safari/537.36"
64.227.185.25 - - [25/Dec/2025:16:33:52 +0800] "GET / HTTP/1.1" 301 5 "-" "Mozilla/5.0 (Windows NT 10.0; Win64; x64) AppleWebKit/537.36 (KHTML, like Gecko) Chrome/108.0.0.0 Safari/537.36"
64.227.185.25 - - [25/Dec/2025:16:33:53 +0800] "GET / HTTP/1.1" 200 34110 "http://36.133.115.36/" "Mozilla/5.0 (Windows NT 10.0; Win64; x64) AppleWebKit/537.36 (KHTML, like Gecko) Chrome/108.0.0.0 Safari/537.36"
64.227.185.25 - - [25/Dec/2025:16:33:55 +0800] "GET /form.html HTTP/1.1" 404 8976 "-" "curl/8.1.2"
64.227.185.25 - - [25/Dec/2025:16:33:55 +0800] "GET /upl.php HTTP/1.1" 404 47 "-" "Mozilla/5.0"
64.227.185.25 - - [25/Dec/2025:16:33:58 +0800] "GET /t4 HTTP/1.1" 404 8975 "-" "Mozilla/5.0"
64.227.185.25 - - [25/Dec/2025:16:33:59 +0800] "GET /geoip/ HTTP/1.1" 404 8975 "-" "Mozilla/5.0 (Windows NT 10.0; Win64; x64) AppleWebKit/537.36 (KHTML, like Gecko) Chrome/108.0.0.0 Safari/537.36"
64.227.185.25 - - [25/Dec/2025:16:34:01 +0800] "GET /1.php HTTP/1.1" 404 47 "-" "Mozilla/5.0 (Windows NT 10.0; Win64; x64) AppleWebKit/537.36 (KHTML, like Gecko) Chrome/108.0.0.0 Safari/537.36"
64.227.185.25 - - [25/Dec/2025:16:34:01 +0800] "GET /systembc/password.php HTTP/1.1" 404 47 "-" "Mozilla/5.0 (Windows NT 10.0; Win64; x64) AppleWebKit/537.36 (KHTML, like Gecko) Chrome/108.0.0.0 Safari/537.36"
64.227.185.25 - - [25/Dec/2025:16:34:02 +0800] "GET /password.php HTTP/1.1" 404 47 "-" "Mozilla/5.0 (Windows NT 10.0; Win64; x64) AppleWebKit/537.36 (KHTML, like Gecko) Chrome/108.0.0.0 Safari/537.36"
111.221.44.25 - - [25/Dec/2025:16:34:12 +0800] "POST /wp-login.php HTTP/1.1" 200 2973 "http://cqqizhou.com/wp-login.php" "Mozilla/5.0 (Macintosh; Intel Mac OS X 13_6_1; rv:120.0) Gecko/20100101 Firefox/120.0"
111.221.44.25 - - [25/Dec/2025:16:34:32 +0800] "POST /wp-login.php HTTP/1.1" 200 2886 "http://cqqizhou.com/wp-login.php" "Mozilla/5.0 (X11; Ubuntu; Linux x86_64) AppleWebKit/537.36 (KHTML, like Gecko) Chrome/119.0.0.0 Safari/537.36"
36.133.115.36 - - [25/Dec/2025:16:34:53 +0800] "POST /wp-cron.php?doing_wp_cron=1766651693.0709390640258789062500 HTTP/1.1" 200 31 "-" "WordPress/6.8.3; http://cqqizhou.com"
111.221.44.25 - - [25/Dec/2025:16:34:53 +0800] "POST /wp-login.php HTTP/1.1" 200 2970 "http://cqqizhou.com/wp-login.php" "Mozilla/5.0 (Macintosh; Intel Mac OS X 13_6_1) AppleWebKit/537.36 (KHTML, like Gecko) Chrome/118.0.0.0 Safari/537.36"
111.221.44.25 - - [25/Dec/2025:16:35:07 +0800] "POST /wp-login.php HTTP/1.1" 200 2974 "http://cqqizhou.com/wp-login.php" "Mozilla/5.0 (X11; Ubuntu; Linux x86_64) AppleWebKit/537.36 (KHTML, like Gecko) Chrome/120.0.0.0 Safari/537.36"
111.221.44.25 - - [25/Dec/2025:16:35:18 +0800] "POST /wp-login.php HTTP/1.1" 200 2967 "http://cqqizhou.com/wp-login.php" "Mozilla/5.0 (Windows NT 11.0; Win64; x64) AppleWebKit/537.36 (KHTML, like Gecko) Chrome/121.0.0.0 Safari/537.36"
111.221.44.25 - - [25/Dec/2025:16:35:35 +0800] "POST /wp-login.php HTTP/1.1" 200 2886 "http://cqqizhou.com/wp-login.php" "Mozilla/5.0 (Windows NT 10.0; Win64; x64) AppleWebKit/537.36 (KHTML, like Gecko) Chrome/120.0.0.0 Safari/537.36"
36.133.115.36 - - [25/Dec/2025:16:35:47 +0800] "POST /wp-cron.php?doing_wp_cron=1766651747.2795588970184326171875 HTTP/1.1" 200 31 "-" "WordPress/6.8.3; http://cqqizhou.com"
111.221.44.25 - - [25/Dec/2025:16:35:47 +0800] "POST /wp-login.php HTTP/1.1" 200 2969 "http://cqqizhou.com/wp-login.php" "Mozilla/5.0 (Macintosh; Intel Mac OS X 10_15_7; rv:119.0) Gecko/20100101 Firefox/119.0"
111.221.44.25 - - [25/Dec/2025:16:36:04 +0800] "POST /wp-login.php HTTP/1.1" 200 2886 "http://cqqizhou.com/wp-login.php" "Mozilla/5.0 (Windows NT 11.0; Win64; x64; rv:119.0) Gecko/20100101 Firefox/119.0"
111.221.44.25 - - [25/Dec/2025:16:36:33 +0800] "POST /wp-login.php HTTP/1.1" 200 2966 "http://cqqizhou.com/wp-login.php" "Mozilla/5.0 (Windows NT 10.0; Win64; x64; rv:118.0) Gecko/20100101 Firefox/118.0"
36.133.115.36 - - [25/Dec/2025:16:36:48 +0800] "POST /wp-cron.php?doing_wp_cron=1766651808.2722849845886230468750 HTTP/1.1" 200 31 "-" "WordPress/6.8.3; http://cqqizhou.com"
111.221.44.25 - - [25/Dec/2025:16:36:48 +0800] "POST /wp-login.php HTTP/1.1" 200 2968 "http://cqqizhou.com/wp-login.php" "Mozilla/5.0 (X11; Ubuntu; Linux x86_64) AppleWebKit/537.36 (KHTML, like Gecko) Chrome/120.0.0.0 Safari/537.36"
111.221.44.25 - - [25/Dec/2025:16:36:53 +0800] "POST /wp-login.php HTTP/1.1" 200 2972 "http://cqqizhou.com/wp-login.php" "Mozilla/5.0 (Macintosh; Intel Mac OS X 10_15_7; rv:118.0) Gecko/20100101 Firefox/118.0"
111.221.44.25 - - [25/Dec/2025:16:37:12 +0800] "POST /wp-login.php HTTP/1.1" 200 2974 "http://cqqizhou.com/wp-login.php" "Mozilla/5.0 (X11; Ubuntu; Linux x86_64) AppleWebKit/537.36 (KHTML, like Gecko) Chrome/119.0.0.0 Safari/537.36"
111.221.44.25 - - [25/Dec/2025:16:37:34 +0800] "POST /wp-login.php HTTP/1.1" 200 2971 "http://cqqizhou.com/wp-login.php" "Mozilla/5.0 (X11; Linux x86_64) AppleWebKit/537.36 (KHTML, like Gecko) Chrome/120.0.0.0 Safari/537.36"
36.133.115.36 - - [25/Dec/2025:16:37:47 +0800] "POST /wp-cron.php?doing_wp_cron=1766651867.0775139331817626953125 HTTP/1.1" 200 31 "-" "WordPress/6.8.3; http://cqqizhou.com"
111.221.44.25 - - [25/Dec/2025:16:37:47 +0800] "POST /wp-login.php HTTP/1.1" 200 2975 "http://cqqizhou.com/wp-login.php" "Mozilla/5.0 (X11; Ubuntu; Linux x86_64) AppleWebKit/537.36 (KHTML, like Gecko) Chrome/121.0.0.0 Safari/537.36"
111.221.44.25 - - [25/Dec/2025:16:38:01 +0800] "POST /wp-login.php HTTP/1.1" 200 2969 "http://cqqizhou.com/wp-login.php" "Mozilla/5.0 (Macintosh; Intel Mac OS X 13_6_1) AppleWebKit/537.36 (KHTML, like Gecko) Chrome/120.0.0.0 Safari/537.36"
111.221.44.25 - - [25/Dec/2025:16:38:18 +0800] "POST /wp-login.php HTTP/1.1" 200 2971 "http://cqqizhou.com/wp-login.php" "Mozilla/5.0 (Macintosh; Intel Mac OS X 10_15_7) AppleWebKit/605.1.15 (KHTML, like Gecko) Version/16.6 Safari/605.1.15"
36.133.115.36 - - [25/Dec/2025:16:38:35 +0800] "POST /wp-cron.php?doing_wp_cron=1766651915.1797740459442138671875 HTTP/1.1" 200 31 "-" "WordPress/6.8.3; http://cqqizhou.com"
111.221.44.25 - - [25/Dec/2025:16:38:35 +0800] "POST /wp-login.php HTTP/1.1" 200 2915 "http://cqqizhou.com/wp-login.php" "Mozilla/5.0 (X11; Ubuntu; Linux x86_64) AppleWebKit/537.36 (KHTML, like Gecko) Chrome/120.0.0.0 Safari/537.36"
36.133.115.36 - - [25/Dec/2025:16:38:58 +0800] "POST /wp-cron.php?doing_wp_cron=1766651938.0983479022979736328125 HTTP/1.1" 200 31 "-" "WordPress/6.8.3; http://cqqizhou.com"
111.221.44.25 - - [25/Dec/2025:16:38:58 +0800] "POST /wp-login.php HTTP/1.1" 200 2975 "http://cqqizhou.com/wp-login.php" "Mozilla/5.0 (X11; Linux x86_64) AppleWebKit/537.36 (KHTML, like Gecko) Chrome/118.0.0.0 Safari/537.36"
111.221.44.25 - - [25/Dec/2025:16:39:06 +0800] "POST /wp-login.php HTTP/1.1" 200 2915 "http://cqqizhou.com/wp-login.php" "Mozilla/5.0 (Macintosh; Intel Mac OS X 13_6_1) AppleWebKit/605.1.15 (KHTML, like Gecko) Version/17.0 Safari/605.1.15"
111.221.44.25 - - [25/Dec/2025:16:39:16 +0800] "POST /wp-login.php HTTP/1.1" 200 2915 "http://cqqizhou.com/wp-login.php" "Mozilla/5.0 (Macintosh; Intel Mac OS X 13_6_1) AppleWebKit/605.1.15 (KHTML, like Gecko) Version/17.2 Safari/605.1.15"
36.133.115.36 - - [25/Dec/2025:16:39:54 +0800] "POST /wp-cron.php?doing_wp_cron=1766651994.2410941123962402343750 HTTP/1.1" 200 31 "-" "WordPress/6.8.3; http://cqqizhou.com"
111.221.44.25 - - [25/Dec/2025:16:39:54 +0800] "POST /wp-login.php HTTP/1.1" 200 2915 "http://cqqizhou.com/wp-login.php" "Mozilla/5.0 (Macintosh; Intel Mac OS X 10_15_7) AppleWebKit/537.36 (KHTML, like Gecko) Chrome/120.0.0.0 Safari/537.36"
111.221.44.25 - - [25/Dec/2025:16:40:01 +0800] "POST /wp-login.php HTTP/1.1" 200 2915 "http://cqqizhou.com/wp-login.php" "Mozilla/5.0 (X11; Linux x86_64) AppleWebKit/537.36 (KHTML, like Gecko) Chrome/121.0.0.0 Safari/537.36"
111.221.44.25 - - [25/Dec/2025:16:40:16 +0800] "POST /wp-login.php HTTP/1.1" 200 2968 "http://cqqizhou.com/wp-login.php" "Mozilla/5.0 (Macintosh; Intel Mac OS X 13_6_1; rv:121.0) Gecko/20100101 Firefox/121.0"
111.221.44.25 - - [25/Dec/2025:16:40:33 +0800] "POST /wp-login.php HTTP/1.1" 200 2967 "http://cqqizhou.com/wp-login.php" "Mozilla/5.0 (Macintosh; Intel Mac OS X 13_6_1) AppleWebKit/605.1.15 (KHTML, like Gecko) Version/17.1 Safari/605.1.15"
36.133.115.36 - - [25/Dec/2025:16:41:05 +0800] "POST /wp-cron.php?doing_wp_cron=1766652065.3920331001281738281250 HTTP/1.1" 200 31 "-" "WordPress/6.8.3; http://cqqizhou.com"
111.221.44.25 - - [25/Dec/2025:16:41:05 +0800] "POST /wp-login.php HTTP/1.1" 200 2886 "http://cqqizhou.com/wp-login.php" "Mozilla/5.0 (Macintosh; Intel Mac OS X 13_6_1) AppleWebKit/605.1.15 (KHTML, like Gecko) Version/17.0 Safari/605.1.15"
111.221.44.25 - - [25/Dec/2025:16:41:31 +0800] "POST /wp-login.php HTTP/1.1" 200 2886 "http://cqqizhou.com/wp-login.php" "Mozilla/5.0 (Windows NT 11.0; Win64; x64) AppleWebKit/537.36 (KHTML, like Gecko) Chrome/120.0.0.0 Safari/537.36"
36.133.115.36 - - [25/Dec/2025:16:41:57 +0800] "POST /wp-cron.php?doing_wp_cron=1766652117.3788321018218994140625 HTTP/1.1" 200 31 "-" "WordPress/6.8.3; http://cqqizhou.com"
111.221.44.25 - - [25/Dec/2025:16:41:57 +0800] "POST /wp-login.php HTTP/1.1" 200 2886 "http://cqqizhou.com/wp-login.php" "Mozilla/5.0 (Windows NT 10.0; Win64; x64) AppleWebKit/537.36 (KHTML, like Gecko) Chrome/118.0.0.0 Safari/537.36"
111.221.44.25 - - [25/Dec/2025:16:42:15 +0800] "POST /wp-login.php HTTP/1.1" 200 2972 "http://cqqizhou.com/wp-login.php" "Mozilla/5.0 (Windows NT 11.0; Win64; x64) AppleWebKit/537.36 (KHTML, like Gecko) Chrome/121.0.0.0 Safari/537.36"
111.221.44.25 - - [25/Dec/2025:16:42:24 +0800] "POST /wp-login.php HTTP/1.1" 200 2973 "http://cqqizhou.com/wp-login.php" "Mozilla/5.0 (Macintosh; Intel Mac OS X 13_6_1) AppleWebKit/537.36 (KHTML, like Gecko) Chrome/121.0.0.0 Safari/537.36"
111.221.44.25 - - [25/Dec/2025:16:42:31 +0800] "POST /wp-login.php HTTP/1.1" 200 2886 "http://cqqizhou.com/wp-login.php" "Mozilla/5.0 (Macintosh; Intel Mac OS X 10_15_7; rv:121.0) Gecko/20100101 Firefox/121.0"
14.108.232.179 - - [25/Dec/2025:16:42:35 +0800] "GET /2388/ HTTP/1.1" 304 0 "-" "Mozilla/5.0 (Windows NT 10.0; Win64; x64) AppleWebKit/537.36 (KHTML, like Gecko) Chrome/132.0.0.0 Safari/537.36 NetType/WIFI MicroMessenger/7.0.20.1781(0x6700143B) WindowsWechat(0x63090a13) UnifiedPCWindowsWechat(0xf254160e) XWEB/18055 Flue"
14.108.232.179 - - [25/Dec/2025:16:42:35 +0800] "GET /wp-content/uploads/2025/12/1766647832-Article_images_W900%C3%97500px20251225.webp HTTP/1.1" 304 0 "http://cqqizhou.com/2388/" "Mozilla/5.0 (Windows NT 10.0; Win64; x64) AppleWebKit/537.36 (KHTML, like Gecko) Chrome/132.0.0.0 Safari/537.36 NetType/WIFI MicroMessenger/7.0.20.1781(0x6700143B) WindowsWechat(0x63090a13) UnifiedPCWindowsWechat(0xf254160e) XWEB/18055 Flue"
180.163.28.180 - - [25/Dec/2025:16:42:35 +0800] "GET /2388/ HTTP/1.1" 200 24491 "-" "Mozilla/5.0 (Macintosh; Intel Mac OS X 10_15_7) AppleWebKit/537.36 (KHTML, like Gecko) Chrome/134.0.0.0 Safari/537.36"
14.108.232.179 - - [25/Dec/2025:16:42:35 +0800] "GET /wp-content/uploads/2025/12/1766647829-Article_images_202512251.webp HTTP/1.1" 304 0 "http://cqqizhou.com/2388/" "Mozilla/5.0 (Windows NT 10.0; Win64; x64) AppleWebKit/537.36 (KHTML, like Gecko) Chrome/132.0.0.0 Safari/537.36 NetType/WIFI MicroMessenger/7.0.20.1781(0x6700143B) WindowsWechat(0x63090a13) UnifiedPCWindowsWechat(0xf254160e) XWEB/18055 Flue"
14.108.232.179 - - [25/Dec/2025:16:42:35 +0800] "GET /wp-content/uploads/2025/12/1766647831-Article_images_202512254.webp HTTP/1.1" 304 0 "http://cqqizhou.com/2388/" "Mozilla/5.0 (Windows NT 10.0; Win64; x64) AppleWebKit/537.36 (KHTML, like Gecko) Chrome/132.0.0.0 Safari/537.36 NetType/WIFI MicroMessenger/7.0.20.1781(0x6700143B) WindowsWechat(0x63090a13) UnifiedPCWindowsWechat(0xf254160e) XWEB/18055 Flue"
111.221.44.25 - - [25/Dec/2025:16:42:36 +0800] "POST /wp-login.php HTTP/1.1" 200 2970 "http://cqqizhou.com/wp-login.php" "Mozilla/5.0 (Windows NT 11.0; Win64; x64; rv:119.0) Gecko/20100101 Firefox/119.0"
14.108.232.179 - - [25/Dec/2025:16:42:36 +0800] "POST /wp-admin/admin-ajax.php HTTP/1.1" 200 116 "http://cqqizhou.com/2388/" "Mozilla/5.0 (Windows NT 10.0; Win64; x64) AppleWebKit/537.36 (KHTML, like Gecko) Chrome/132.0.0.0 Safari/537.36 NetType/WIFI MicroMessenger/7.0.20.1781(0x6700143B) WindowsWechat(0x63090a13) UnifiedPCWindowsWechat(0xf254160e) XWEB/18055 Flue"
14.108.232.179 - - [25/Dec/2025:16:42:44 +0800] "GET /wp-content/uploads/2025/12/1766647831-Article_images_202512253.webp HTTP/1.1" 304 0 "http://cqqizhou.com/2388/" "Mozilla/5.0 (Windows NT 10.0; Win64; x64) AppleWebKit/537.36 (KHTML, like Gecko) Chrome/132.0.0.0 Safari/537.36 NetType/WIFI MicroMessenger/7.0.20.1781(0x6700143B) WindowsWechat(0x63090a13) UnifiedPCWindowsWechat(0xf254160e) XWEB/18055 Flue"
36.133.115.36 - - [25/Dec/2025:16:42:51 +0800] "POST /wp-cron.php?doing_wp_cron=1766652170.9666581153869628906250 HTTP/1.1" 200 31 "-" "WordPress/6.8.3; http://cqqizhou.com"
111.221.44.25 - - [25/Dec/2025:16:42:51 +0800] "POST /wp-login.php HTTP/1.1" 200 2969 "http://cqqizhou.com/wp-login.php" "Mozilla/5.0 (Macintosh; Intel Mac OS X 10_15_7; rv:118.0) Gecko/20100101 Firefox/118.0"
111.221.44.25 - - [25/Dec/2025:16:43:09 +0800] "POST /wp-login.php HTTP/1.1" 200 2971 "http://cqqizhou.com/wp-login.php" "Mozilla/5.0 (X11; Ubuntu; Linux x86_64) AppleWebKit/537.36 (KHTML, like Gecko) Chrome/118.0.0.0 Safari/537.36"
14.108.232.179 - - [25/Dec/2025:16:43:13 +0800] "GET /wp-content/uploads/2025/12/1766647830-Article_images_202512252.webp HTTP/1.1" 304 0 "http://cqqizhou.com/2388/" "Mozilla/5.0 (Windows NT 10.0; Win64; x64) AppleWebKit/537.36 (KHTML, like Gecko) Chrome/132.0.0.0 Safari/537.36 NetType/WIFI MicroMessenger/7.0.20.1781(0x6700143B) WindowsWechat(0x63090a13) UnifiedPCWindowsWechat(0xf254160e) XWEB/18055 Flue"
111.221.44.25 - - [25/Dec/2025:16:43:16 +0800] "POST /wp-login.php HTTP/1.1" 200 2886 "http://cqqizhou.com/wp-login.php" "Mozilla/5.0 (Macintosh; Intel Mac OS X 10_15_7; rv:121.0) Gecko/20100101 Firefox/121.0"
111.221.44.25 - - [25/Dec/2025:16:43:24 +0800] "POST /wp-login.php HTTP/1.1" 200 2886 "http://cqqizhou.com/wp-login.php" "Mozilla/5.0 (Macintosh; Intel Mac OS X 13_6_1) AppleWebKit/537.36 (KHTML, like Gecko) Chrome/120.0.0.0 Safari/537.36"
111.221.44.25 - - [25/Dec/2025:16:43:36 +0800] "POST /wp-login.php HTTP/1.1" 200 2969 "http://cqqizhou.com/wp-login.php" "Mozilla/5.0 (Macintosh; Intel Mac OS X 10_15_7) AppleWebKit/605.1.15 (KHTML, like Gecko) Version/17.0 Safari/605.1.15"
36.133.115.36 - - [25/Dec/2025:16:44:01 +0800] "POST /wp-cron.php?doing_wp_cron=1766652241.2585859298706054687500 HTTP/1.1" 200 31 "-" "WordPress/6.8.3; http://cqqizhou.com"
111.221.44.25 - - [25/Dec/2025:16:44:01 +0800] "POST /wp-login.php HTTP/1.1" 200 2971 "http://cqqizhou.com/wp-login.php" "Mozilla/5.0 (Macintosh; Intel Mac OS X 10_15_7) AppleWebKit/605.1.15 (KHTML, like Gecko) Version/17.0 Safari/605.1.15"
111.221.44.25 - - [25/Dec/2025:16:44:18 +0800] "POST /wp-login.php HTTP/1.1" 200 2989 "http://cqqizhou.com/wp-login.php" "Mozilla/5.0 (X11; Ubuntu; Linux x86_64) AppleWebKit/537.36 (KHTML, like Gecko) Chrome/119.0.0.0 Safari/537.36"
111.221.44.25 - - [25/Dec/2025:16:44:42 +0800] "POST /wp-login.php HTTP/1.1" 200 2972 "http://cqqizhou.com/wp-login.php" "Mozilla/5.0 (X11; Ubuntu; Linux x86_64) AppleWebKit/537.36 (KHTML, like Gecko) Chrome/118.0.0.0 Safari/537.36"
36.133.115.36 - - [25/Dec/2025:16:45:06 +0800] "POST /wp-cron.php?doing_wp_cron=1766652306.4628989696502685546875 HTTP/1.1" 200 31 "-" "WordPress/6.8.3; http://cqqizhou.com"
111.221.44.25 - - [25/Dec/2025:16:45:06 +0800] "POST /wp-login.php HTTP/1.1" 200 2967 "http://cqqizhou.com/wp-login.php" "Mozilla/5.0 (Macintosh; Intel Mac OS X 13_6_1; rv:120.0) Gecko/20100101 Firefox/120.0"
111.221.44.25 - - [25/Dec/2025:16:45:15 +0800] "POST /wp-login.php HTTP/1.1" 200 2967 "http://cqqizhou.com/wp-login.php" "Mozilla/5.0 (Macintosh; Intel Mac OS X 13_6_1; rv:118.0) Gecko/20100101 Firefox/118.0"
111.221.44.25 - - [25/Dec/2025:16:45:27 +0800] "POST /wp-login.php HTTP/1.1" 200 2970 "http://cqqizhou.com/wp-login.php" "Mozilla/5.0 (Macintosh; Intel Mac OS X 10_15_7; rv:120.0) Gecko/20100101 Firefox/120.0"
36.133.115.36 - - [25/Dec/2025:16:45:47 +0800] "POST /wp-cron.php?doing_wp_cron=1766652347.0032010078430175781250 HTTP/1.1" 200 31 "-" "WordPress/6.8.3; http://cqqizhou.com"
111.221.44.25 - - [25/Dec/2025:16:45:47 +0800] "POST /wp-login.php HTTP/1.1" 200 2973 "http://cqqizhou.com/wp-login.php" "Mozilla/5.0 (X11; Ubuntu; Linux x86_64) AppleWebKit/537.36 (KHTML, like Gecko) Chrome/120.0.0.0 Safari/537.36"
111.221.44.25 - - [25/Dec/2025:16:46:30 +0800] "POST /wp-login.php HTTP/1.1" 200 2886 "http://cqqizhou.com/wp-login.php" "Mozilla/5.0 (Windows NT 11.0; Win64; x64; rv:121.0) Gecko/20100101 Firefox/121.0"
36.133.115.36 - - [25/Dec/2025:16:46:48 +0800] "POST /wp-cron.php?doing_wp_cron=1766652408.1789739131927490234375 HTTP/1.1" 200 31 "-" "WordPress/6.8.3; http://cqqizhou.com"
111.221.44.25 - - [25/Dec/2025:16:46:48 +0800] "POST /wp-login.php HTTP/1.1" 200 2915 "http://cqqizhou.com/wp-login.php" "Mozilla/5.0 (Windows NT 10.0; Win64; x64) AppleWebKit/537.36 (KHTML, like Gecko) Chrome/121.0.0.0 Safari/537.36"
111.221.44.25 - - [25/Dec/2025:16:47:20 +0800] "POST /wp-login.php HTTP/1.1" 200 2972 "http://cqqizhou.com/wp-login.php" "Mozilla/5.0 (Macintosh; Intel Mac OS X 13_6_1; rv:121.0) Gecko/20100101 Firefox/121.0"
111.221.44.25 - - [25/Dec/2025:16:47:42 +0800] "POST /wp-login.php HTTP/1.1" 200 2967 "http://cqqizhou.com/wp-login.php" "Mozilla/5.0 (Windows NT 10.0; Win64; x64) AppleWebKit/537.36 (KHTML, like Gecko) Chrome/121.0.0.0 Safari/537.36"
36.133.115.36 - - [25/Dec/2025:16:47:51 +0800] "POST /wp-cron.php?doing_wp_cron=1766652471.5820519924163818359375 HTTP/1.1" 200 31 "-" "WordPress/6.8.3; http://cqqizhou.com"
111.221.44.25 - - [25/Dec/2025:16:47:51 +0800] "POST /wp-login.php HTTP/1.1" 200 2970 "http://cqqizhou.com/wp-login.php" "Mozilla/5.0 (Windows NT 11.0; Win64; x64; rv:121.0) Gecko/20100101 Firefox/121.0"
111.221.44.25 - - [25/Dec/2025:16:47:57 +0800] "POST /wp-login.php HTTP/1.1" 200 2968 "http://cqqizhou.com/wp-login.php" "Mozilla/5.0 (X11; Ubuntu; Linux x86_64) AppleWebKit/537.36 (KHTML, like Gecko) Chrome/121.0.0.0 Safari/537.36"
111.221.44.25 - - [25/Dec/2025:16:48:43 +0800] "POST /wp-login.php HTTP/1.1" 200 2970 "http://cqqizhou.com/wp-login.php" "Mozilla/5.0 (Macintosh; Intel Mac OS X 13_6_1) AppleWebKit/605.1.15 (KHTML, like Gecko) Version/16.6 Safari/605.1.15"
36.133.115.36 - - [25/Dec/2025:16:49:10 +0800] "POST /wp-cron.php?doing_wp_cron=1766652550.2679679393768310546875 HTTP/1.1" 200 31 "-" "WordPress/6.8.3; http://cqqizhou.com"
111.221.44.25 - - [25/Dec/2025:16:49:10 +0800] "POST /wp-login.php HTTP/1.1" 200 2970 "http://cqqizhou.com/wp-login.php" "Mozilla/5.0 (Macintosh; Intel Mac OS X 10_15_7) AppleWebKit/605.1.15 (KHTML, like Gecko) Version/17.1 Safari/605.1.15"
111.221.44.25 - - [25/Dec/2025:16:49:35 +0800] "POST /wp-login.php HTTP/1.1" 200 2969 "http://cqqizhou.com/wp-login.php" "Mozilla/5.0 (Macintosh; Intel Mac OS X 10_15_7) AppleWebKit/605.1.15 (KHTML, like Gecko) Version/16.6 Safari/605.1.15"
36.133.115.36 - - [25/Dec/2025:16:49:50 +0800] "POST /wp-cron.php?doing_wp_cron=1766652590.2791750431060791015625 HTTP/1.1" 200 31 "-" "WordPress/6.8.3; http://cqqizhou.com"
111.221.44.25 - - [25/Dec/2025:16:49:50 +0800] "POST /wp-login.php HTTP/1.1" 200 2967 "http://cqqizhou.com/wp-login.php" "Mozilla/5.0 (X11; Ubuntu; Linux x86_64) AppleWebKit/537.36 (KHTML, like Gecko) Chrome/118.0.0.0 Safari/537.36"
20.163.15.97 - - [25/Dec/2025:16:49:57 +0800] "GET / HTTP/1.1" 301 5 "-" "Mozilla/5.0 zgrab/0.x"
111.221.44.25 - - [25/Dec/2025:16:49:58 +0800] "POST /wp-login.php HTTP/1.1" 200 2970 "http://cqqizhou.com/wp-login.php" "Mozilla/5.0 (Macintosh; Intel Mac OS X 10_15_7) AppleWebKit/605.1.15 (KHTML, like Gecko) Version/17.0 Safari/605.1.15"
111.221.44.25 - - [25/Dec/2025:16:50:27 +0800] "POST /wp-login.php HTTP/1.1" 200 2971 "http://cqqizhou.com/wp-login.php" "Mozilla/5.0 (Macintosh; Intel Mac OS X 13_6_1) AppleWebKit/605.1.15 (KHTML, like Gecko) Version/17.0 Safari/605.1.15"
111.221.44.25 - - [25/Dec/2025:16:50:39 +0800] "POST /wp-login.php HTTP/1.1" 200 2965 "http://cqqizhou.com/wp-login.php" "Mozilla/5.0 (X11; Linux x86_64) AppleWebKit/537.36 (KHTML, like Gecko) Chrome/118.0.0.0 Safari/537.36"
36.133.115.36 - - [25/Dec/2025:16:50:49 +0800] "POST /wp-cron.php?doing_wp_cron=1766652649.6089379787445068359375 HTTP/1.1" 200 31 "-" "WordPress/6.8.3; http://cqqizhou.com"
111.221.44.25 - - [25/Dec/2025:16:50:50 +0800] "POST /wp-login.php HTTP/1.1" 200 2915 "http://cqqizhou.com/wp-login.php" "Mozilla/5.0 (Windows NT 11.0; Win64; x64; rv:120.0) Gecko/20100101 Firefox/120.0"
111.221.44.25 - - [25/Dec/2025:16:50:55 +0800] "POST /wp-login.php HTTP/1.1" 200 2966 "http://cqqizhou.com/wp-login.php" "Mozilla/5.0 (Windows NT 10.0; Win64; x64; rv:119.0) Gecko/20100101 Firefox/119.0"
111.221.44.25 - - [25/Dec/2025:16:51:10 +0800] "POST /wp-login.php HTTP/1.1" 200 2967 "http://cqqizhou.com/wp-login.php" "Mozilla/5.0 (Windows NT 10.0; Win64; x64; rv:119.0) Gecko/20100101 Firefox/119.0"
