36.133.115.36 - - [25/Dec/2025:10:35:26 +0800] "POST /wp-cron.php?doing_wp_cron=1766630126.5549418926239013671875 HTTP/1.1" 200 31 "-" "WordPress/6.8.3; http://cqqizhou.com"
162.216.150.145 - - [25/Dec/2025:10:35:26 +0800] "GET / HTTP/1.1" 200 33677 "-" "Hello from Palo Alto Networks, find out more about our scans in https://docs-cortex.paloaltonetworks.com/r/1/Cortex-Xpanse/Scanning-activity"
36.133.115.36 - - [25/Dec/2025:10:49:43 +0800] "POST /wp-cron.php?doing_wp_cron=1766630983.4439771175384521484375 HTTP/1.1" 200 31 "-" "WordPress/6.8.3; http://cqqizhou.com"
5.187.35.21 - - [25/Dec/2025:10:49:44 +0800] "POST / HTTP/1.1" 200 33677 "-" "Go-http-client/1.1"
36.133.115.36 - - [25/Dec/2025:10:55:22 +0800] "POST /wp-cron.php?doing_wp_cron=1766631322.6966359615325927734375 HTTP/1.1" 200 31 "-" "WordPress/6.8.3; http://cqqizhou.com"
204.76.203.212 - - [25/Dec/2025:10:55:23 +0800] "GET / HTTP/1.1" 200 33677 "-" "Mozilla/5.0 (Windows NT 10.0; Win64; x64) AppleWebKit/537.36 (KHTML, like Gecko) Chrome/90.0.4430.85 Safari/537.36 Edg/90.0.818.46"
36.133.115.36 - - [25/Dec/2025:11:28:14 +0800] "POST /wp-cron.php?doing_wp_cron=1766633294.4876680374145507812500 HTTP/1.1" 200 31 "-" "WordPress/6.8.3; http://cqqizhou.com"
204.76.203.212 - - [25/Dec/2025:11:28:14 +0800] "GET / HTTP/1.1" 200 33677 "-" "Mozilla/5.0 (Windows NT 10.0; Win64; x64) AppleWebKit/537.36 (KHTML, like Gecko) Chrome/90.0.4430.85 Safari/537.36 Edg/90.0.818.46"
36.133.115.36 - - [25/Dec/2025:11:32:29 +0800] "POST /wp-cron.php?doing_wp_cron=1766633549.6577711105346679687500 HTTP/1.1" 200 31 "-" "WordPress/6.8.3; http://cqqizhou.com"
130.12.180.18 - - [25/Dec/2025:11:32:49 +0800] "GET / HTTP/1.1" 200 109837 "-" "-"
36.133.115.36 - - [25/Dec/2025:11:36:14 +0800] "POST /wp-cron.php?doing_wp_cron=1766633774.5265638828277587890625 HTTP/1.1" 200 31 "-" "WordPress/6.8.3; http://cqqizhou.com"
95.214.55.71 - - [25/Dec/2025:11:36:15 +0800] "GET / HTTP/1.1" 200 109842 "-" "python-requests/2.31.0"
36.133.115.36 - - [25/Dec/2025:11:41:15 +0800] "POST /wp-cron.php?doing_wp_cron=1766634075.2294070720672607421875 HTTP/1.1" 200 31 "-" "WordPress/6.8.3; http://cqqizhou.com"
114.119.133.56 - - [25/Dec/2025:11:41:15 +0800] "GET /wp-sitemap.xml HTTP/1.1" 501 253 "-" "Mozilla/5.0 (Linux; Android 7.0;) AppleWebKit/537.36 (KHTML, like Gecko) Mobile Safari/537.36 (compatible; PetalBot;+https://webmaster.petalsearch.com/site/petalbot)"
47.108.74.177 - - [25/Dec/2025:11:41:26 +0800] "GET /index.php HTTP/1.1" 200 152290 "-" "Mozilla/5.0 (Windows NT 6.1; WOW64; rv:18.0) Gecko/20100101 Firefox/18.0"
47.108.74.177 - - [25/Dec/2025:11:41:26 +0800] "GET /phpmyadmin/index.php HTTP/1.1" 404 27 "-" "Mozilla/5.0 (Windows NT 6.1; WOW64; rv:18.0) Gecko/20100101 Firefox/18.0"
36.133.115.36 - - [25/Dec/2025:11:45:58 +0800] "POST /wp-cron.php?doing_wp_cron=1766634358.5065300464630126953125 HTTP/1.1" 200 31 "-" "WordPress/6.8.3; http://cqqizhou.com"
36.133.108.125 - - [25/Dec/2025:11:45:58 +0800] "HEAD / HTTP/1.1" 301 0 "-" "Mozilla/4.0 (compatible; MSIE 8.0; Windows NT 6.1; WOW64; Trident/4.0; SLCC2; Media Center PC 6.0; InfoPath.2; MS-RTC LM 8"
114.119.137.68 - - [25/Dec/2025:11:46:12 +0800] "GET /wp-sitemap.xml HTTP/1.1" 501 253 "-" "Mozilla/5.0 (Linux; Android 7.0;) AppleWebKit/537.36 (KHTML, like Gecko) Mobile Safari/537.36 (compatible; PetalBot;+https://webmaster.petalsearch.com/site/petalbot)"
36.133.115.36 - - [25/Dec/2025:11:48:53 +0800] "POST /wp-cron.php?doing_wp_cron=1766634533.0651059150695800781250 HTTP/1.1" 200 31 "-" "WordPress/6.8.3; http://cqqizhou.com"
27.115.124.38 - - [25/Dec/2025:11:48:53 +0800] "GET / HTTP/1.1" 200 33677 "-" "Mozilla/5.0 (Linux; Android 11; V2055A) AppleWebKit/537.36 (KHTML, like Gecko) Chrome/91.0.4472.101 Mobile Safari/537.36"
27.115.124.38 - - [25/Dec/2025:11:48:55 +0800] "GET /wp-content/uploads/2025/07/1751425283-qizhou.kf_.qq_.com_.webp HTTP/1.1" 200 16864 "http://cqqizhou.com/" "Mozilla/5.0 (Linux; Android 11; V2055A) AppleWebKit/537.36 (KHTML, like Gecko) Chrome/91.0.4472.101 Mobile Safari/537.36"
27.115.124.38 - - [25/Dec/2025:11:48:55 +0800] "GET /wp-content/uploads/2025/07/1753456723-%E5%8F%8C%E7%9B%B8%E9%92%A2roduct_Single600.webp HTTP/1.1" 200 22790 "http://cqqizhou.com/" "Mozilla/5.0 (Linux; Android 11; V2055A) AppleWebKit/537.36 (KHTML, like Gecko) Chrome/91.0.4472.101 Mobile Safari/537.36"
27.115.124.38 - - [25/Dec/2025:11:48:55 +0800] "GET /wp-content/uploads/2025/07/1753453096-%E5%8F%8C%E7%9B%B8%E9%92%A2product_Single600%C3%97284.webp HTTP/1.1" 200 14562 "http://cqqizhou.com/" "Mozilla/5.0 (Linux; Android 11; V2055A) AppleWebKit/537.36 (KHTML, like Gecko) Chrome/91.0.4472.101 Mobile Safari/537.36"
27.115.124.38 - - [25/Dec/2025:11:48:55 +0800] "GET /wp-content/uploads/2025/07/1753456770-%E7%83%AD%E9%95%80%E9%94%8C%E5%8D%B7product_Single600.webp HTTP/1.1" 200 27502 "http://cqqizhou.com/" "Mozilla/5.0 (Linux; Android 11; V2055A) AppleWebKit/537.36 (KHTML, like Gecko) Chrome/91.0.4472.101 Mobile Safari/537.36"
27.115.124.38 - - [25/Dec/2025:11:48:55 +0800] "GET /wp-content/uploads/2025/07/1753453127-%E4%BD%99%E5%8D%B7product_Single600%C3%97284.webp HTTP/1.1" 200 18744 "http://cqqizhou.com/" "Mozilla/5.0 (Linux; Android 11; V2055A) AppleWebKit/537.36 (KHTML, like Gecko) Chrome/91.0.4472.101 Mobile Safari/537.36"
27.115.124.38 - - [25/Dec/2025:11:48:55 +0800] "GET /wp-content/uploads/2025/07/1753454089-Article_images_W900px-768x432.webp HTTP/1.1" 200 28786 "http://cqqizhou.com/" "Mozilla/5.0 (Linux; Android 11; V2055A) AppleWebKit/537.36 (KHTML, like Gecko) Chrome/91.0.4472.101 Mobile Safari/537.36"
27.115.124.38 - - [25/Dec/2025:11:48:55 +0800] "GET /wp-content/uploads/2025/07/1753454299-Article_images_W900px-768x432.webp HTTP/1.1" 200 53850 "http://cqqizhou.com/" "Mozilla/5.0 (Linux; Android 11; V2055A) AppleWebKit/537.36 (KHTML, like Gecko) Chrome/91.0.4472.101 Mobile Safari/537.36"
36.133.115.36 - - [25/Dec/2025:11:51:11 +0800] "POST /wp-cron.php?doing_wp_cron=1766634671.1760320663452148437500 HTTP/1.1" 200 31 "-" "WordPress/6.8.3; http://cqqizhou.com"
114.119.154.215 - - [25/Dec/2025:11:51:11 +0800] "GET /wp-sitemap.xml HTTP/1.1" 501 253 "-" "Mozilla/5.0 (Linux; Android 7.0;) AppleWebKit/537.36 (KHTML, like Gecko) Mobile Safari/537.36 (compatible; PetalBot;+https://webmaster.petalsearch.com/site/petalbot)"
36.133.115.36 - - [25/Dec/2025:11:53:59 +0800] "POST /wp-cron.php?doing_wp_cron=1766634839.9557199478149414062500 HTTP/1.1" 200 31 "-" "WordPress/6.8.3; http://cqqizhou.com"
49.232.180.21 - - [25/Dec/2025:11:54:00 +0800] "GET /index.php HTTP/1.1" 200 152290 "-" "Mozilla/5.0 (Windows NT 6.1; WOW64; rv:18.0) Gecko/20100101 Firefox/18.0"
49.232.180.21 - - [25/Dec/2025:11:54:00 +0800] "GET /phpmyadmin/index.php HTTP/1.1" 404 27 "-" "Mozilla/5.0 (Windows NT 6.1; WOW64; rv:18.0) Gecko/20100101 Firefox/18.0"
36.133.115.36 - - [25/Dec/2025:12:25:22 +0800] "POST /wp-cron.php?doing_wp_cron=1766636722.2327609062194824218750 HTTP/1.1" 200 31 "-" "WordPress/6.8.3; http://cqqizhou.com"
146.190.140.164 - - [25/Dec/2025:12:25:22 +0800] "GET / HTTP/1.1" 301 5 "-" "Mozilla/5.0 (X11; Linux x86_64) AppleWebKit/537.36 (KHTML, like Gecko) Chrome/142.0.0.0 Safari/537.36"
36.133.115.36 - - [25/Dec/2025:12:28:26 +0800] "POST /wp-cron.php?doing_wp_cron=1766636906.2675991058349609375000 HTTP/1.1" 200 31 "-" "WordPress/6.8.3; http://cqqizhou.com"
170.106.187.106 - - [25/Dec/2025:12:28:26 +0800] "GET / HTTP/1.1" 301 5 "-" "Mozilla/5.0 (iPhone; CPU iPhone OS 13_2_3 like Mac OS X) AppleWebKit/605.1.15 (KHTML, like Gecko) Version/13.0.3 Mobile/15E148 Safari/604.1"
170.106.187.106 - - [25/Dec/2025:12:28:28 +0800] "GET / HTTP/1.1" 200 33677 "http://www.cqqizhou.com" "Mozilla/5.0 (iPhone; CPU iPhone OS 13_2_3 like Mac OS X) AppleWebKit/605.1.15 (KHTML, like Gecko) Version/13.0.3 Mobile/15E148 Safari/604.1"
36.133.115.36 - - [25/Dec/2025:12:29:32 +0800] "POST /wp-cron.php?doing_wp_cron=1766636972.8817451000213623046875 HTTP/1.1" 200 31 "-" "WordPress/6.8.3; http://cqqizhou.com"
35.187.31.145 - - [25/Dec/2025:12:29:32 +0800] "GET / HTTP/1.1" 301 5 "-" "python-requests/2.32.5"
36.133.115.36 - - [25/Dec/2025:12:30:45 +0800] "POST /wp-cron.php?doing_wp_cron=1766637044.9683721065521240234375 HTTP/1.1" 200 31 "-" "WordPress/6.8.3; http://cqqizhou.com"
204.76.203.212 - - [25/Dec/2025:12:30:45 +0800] "GET / HTTP/1.1" 200 33677 "-" "Mozilla/5.0 (Windows NT 10.0; Win64; x64) AppleWebKit/537.36 (KHTML, like Gecko) Chrome/90.0.4430.85 Safari/537.36 Edg/90.0.818.46"
36.133.115.36 - - [25/Dec/2025:12:40:09 +0800] "POST /wp-cron.php?doing_wp_cron=1766637609.4039700031280517578125 HTTP/1.1" 200 31 "-" "WordPress/6.8.3; http://cqqizhou.com"
183.229.213.109 - - [25/Dec/2025:12:40:09 +0800] "GET /2373/ HTTP/1.1" 200 22299 "-" "Mozilla/5.0 (iPhone; CPU iPhone OS 18_7 like Mac OS X) AppleWebKit/605.1.15 (KHTML, like Gecko)  Mobile/15E148 wxwork/4.1.22 MicroMessenger/7.0.1 Language/zh ColorScheme/Light"
183.229.213.109 - - [25/Dec/2025:12:40:09 +0800] "GET /wp-content/uploads/2025/12/1766388806-Article_images_202507243.webp HTTP/1.1" 200 38224 "http://cqqizhou.com/2373/" "Mozilla/5.0 (iPhone; CPU iPhone OS 18_7 like Mac OS X) AppleWebKit/605.1.15 (KHTML, like Gecko)  Mobile/15E148 wxwork/4.1.22 MicroMessenger/7.0.1 Language/zh ColorScheme/Light"
183.229.213.109 - - [25/Dec/2025:12:40:09 +0800] "GET /wp-content/uploads/2025/07/1751425283-qizhou.kf_.qq_.com_.webp HTTP/1.1" 304 0 "http://cqqizhou.com/2373/" "Mozilla/5.0 (iPhone; CPU iPhone OS 18_7 like Mac OS X) AppleWebKit/605.1.15 (KHTML, like Gecko)  Mobile/15E148 wxwork/4.1.22 MicroMessenger/7.0.1 Language/zh ColorScheme/Light"
183.229.213.109 - - [25/Dec/2025:12:40:09 +0800] "GET /wp-content/uploads/2025/07/1753410289-News2000%C3%97400_202571.webp HTTP/1.1" 304 0 "http://cqqizhou.com/2373/" "Mozilla/5.0 (iPhone; CPU iPhone OS 18_7 like Mac OS X) AppleWebKit/605.1.15 (KHTML, like Gecko)  Mobile/15E148 wxwork/4.1.22 MicroMessenger/7.0.1 Language/zh ColorScheme/Light"
183.229.213.109 - - [25/Dec/2025:12:40:09 +0800] "GET /wp-content/uploads/2025/12/1766388808-Article_images_202507246.webp HTTP/1.1" 200 100036 "http://cqqizhou.com/2373/" "Mozilla/5.0 (iPhone; CPU iPhone OS 18_7 like Mac OS X) AppleWebKit/605.1.15 (KHTML, like Gecko)  Mobile/15E148 wxwork/4.1.22 MicroMessenger/7.0.1 Language/zh ColorScheme/Light"
183.229.213.109 - - [25/Dec/2025:12:40:09 +0800] "GET /wp-content/uploads/2025/12/1766388807-Article_images_202507245.webp HTTP/1.1" 200 63930 "http://cqqizhou.com/2373/" "Mozilla/5.0 (iPhone; CPU iPhone OS 18_7 like Mac OS X) AppleWebKit/605.1.15 (KHTML, like Gecko)  Mobile/15E148 wxwork/4.1.22 MicroMessenger/7.0.1 Language/zh ColorScheme/Light"
183.229.213.109 - - [25/Dec/2025:12:40:09 +0800] "GET /wp-content/uploads/2025/12/1766064629-Article_images_20251218212623.webp HTTP/1.1" 200 20366 "http://cqqizhou.com/2373/" "Mozilla/5.0 (iPhone; CPU iPhone OS 18_7 like Mac OS X) AppleWebKit/605.1.15 (KHTML, like Gecko)  Mobile/15E148 wxwork/4.1.22 MicroMessenger/7.0.1 Language/zh ColorScheme/Light"
183.229.213.109 - - [25/Dec/2025:12:40:09 +0800] "GET /wp-content/uploads/2025/12/1765891153-Article20251216211543.webp HTTP/1.1" 200 43108 "http://cqqizhou.com/2373/" "Mozilla/5.0 (iPhone; CPU iPhone OS 18_7 like Mac OS X) AppleWebKit/605.1.15 (KHTML, like Gecko)  Mobile/15E148 wxwork/4.1.22 MicroMessenger/7.0.1 Language/zh ColorScheme/Light"
183.229.213.109 - - [25/Dec/2025:12:40:11 +0800] "GET /wp-content/uploads/2025/12/1766388809-Article_images_202507247.webp HTTP/1.1" 200 63626 "http://cqqizhou.com/2373/" "Mozilla/5.0 (iPhone; CPU iPhone OS 18_7 like Mac OS X) AppleWebKit/605.1.15 (KHTML, like Gecko)  Mobile/15E148 wxwork/4.1.22 MicroMessenger/7.0.1 Language/zh ColorScheme/Light"
183.229.213.109 - - [25/Dec/2025:12:40:11 +0800] "GET /wp-content/uploads/2025/12/1766388810-Article_images_202507248.webp HTTP/1.1" 200 75872 "http://cqqizhou.com/2373/" "Mozilla/5.0 (iPhone; CPU iPhone OS 18_7 like Mac OS X) AppleWebKit/605.1.15 (KHTML, like Gecko)  Mobile/15E148 wxwork/4.1.22 MicroMessenger/7.0.1 Language/zh ColorScheme/Light"
183.229.213.109 - - [25/Dec/2025:12:40:11 +0800] "GET /wp-content/uploads/2025/12/1766388811-Article_images_202507249.webp HTTP/1.1" 200 51010 "http://cqqizhou.com/2373/" "Mozilla/5.0 (iPhone; CPU iPhone OS 18_7 like Mac OS X) AppleWebKit/605.1.15 (KHTML, like Gecko)  Mobile/15E148 wxwork/4.1.22 MicroMessenger/7.0.1 Language/zh ColorScheme/Light"
183.229.213.109 - - [25/Dec/2025:12:40:11 +0800] "GET /wp-content/uploads/2025/12/1766388812-Article_images_2025072410.webp HTTP/1.1" 200 51320 "http://cqqizhou.com/2373/" "Mozilla/5.0 (iPhone; CPU iPhone OS 18_7 like Mac OS X) AppleWebKit/605.1.15 (KHTML, like Gecko)  Mobile/15E148 wxwork/4.1.22 MicroMessenger/7.0.1 Language/zh ColorScheme/Light"
183.229.213.109 - - [25/Dec/2025:12:40:11 +0800] "GET /wp-content/uploads/2025/12/1766388813-Article_images_2025072411.webp HTTP/1.1" 200 45330 "http://cqqizhou.com/2373/" "Mozilla/5.0 (iPhone; CPU iPhone OS 18_7 like Mac OS X) AppleWebKit/605.1.15 (KHTML, like Gecko)  Mobile/15E148 wxwork/4.1.22 MicroMessenger/7.0.1 Language/zh ColorScheme/Light"
183.229.213.109 - - [25/Dec/2025:12:40:11 +0800] "GET /wp-content/uploads/2025/12/1766388804-Article_images_202507241.webp HTTP/1.1" 200 48206 "http://cqqizhou.com/2373/" "Mozilla/5.0 (iPhone; CPU iPhone OS 18_7 like Mac OS X) AppleWebKit/605.1.15 (KHTML, like Gecko)  Mobile/15E148 wxwork/4.1.22 MicroMessenger/7.0.1 Language/zh ColorScheme/Light"
183.229.213.109 - - [25/Dec/2025:12:40:14 +0800] "GET /wp-content/uploads/2025/12/1766388805-Article_images_202507242.webp HTTP/1.1" 200 39882 "http://cqqizhou.com/2373/" "Mozilla/5.0 (iPhone; CPU iPhone OS 18_7 like Mac OS X) AppleWebKit/605.1.15 (KHTML, like Gecko)  Mobile/15E148 wxwork/4.1.22 MicroMessenger/7.0.1 Language/zh ColorScheme/Light"
106.80.170.133 - - [25/Dec/2025:12:40:15 +0800] "GET /2373/ HTTP/1.1" 200 22299 "-" "Mozilla/5.0 (linux; Android 13; Phone; OpenHarmony 6.0) AppleWebKit/537.36 (KHTML, like Gecko) Chrome/132.0.0.0 Safari/537.36  ArkWeb/6.0.0.120 Mobile MicroMessenger/7.0.1 wxwork/4.1.30 wwhmos/0.9.11.244 wwbuildver/10000 NetType/4G Language/zh ColorScheme/Light"
106.80.170.133 - - [25/Dec/2025:12:40:15 +0800] "GET /wp-content/uploads/2025/12/1766388806-Article_images_202507243.webp HTTP/1.1" 200 38224 "http://cqqizhou.com/2373/" "Mozilla/5.0 (linux; Android 13; Phone; OpenHarmony 6.0) AppleWebKit/537.36 (KHTML, like Gecko) Chrome/132.0.0.0 Safari/537.36  ArkWeb/6.0.0.120 Mobile MicroMessenger/7.0.1 wxwork/4.1.30 wwhmos/0.9.11.244 wwbuildver/10000 NetType/4G Language/zh ColorScheme/Light"
106.80.170.133 - - [25/Dec/2025:12:40:15 +0800] "GET /wp-content/uploads/2025/12/1766388807-Article_images_202507245.webp HTTP/1.1" 200 63930 "http://cqqizhou.com/2373/" "Mozilla/5.0 (linux; Android 13; Phone; OpenHarmony 6.0) AppleWebKit/537.36 (KHTML, like Gecko) Chrome/132.0.0.0 Safari/537.36  ArkWeb/6.0.0.120 Mobile MicroMessenger/7.0.1 wxwork/4.1.30 wwhmos/0.9.11.244 wwbuildver/10000 NetType/4G Language/zh ColorScheme/Light"
106.80.170.133 - - [25/Dec/2025:12:40:15 +0800] "GET /wp-content/uploads/2025/12/1766388808-Article_images_202507246.webp HTTP/1.1" 200 100036 "http://cqqizhou.com/2373/" "Mozilla/5.0 (linux; Android 13; Phone; OpenHarmony 6.0) AppleWebKit/537.36 (KHTML, like Gecko) Chrome/132.0.0.0 Safari/537.36  ArkWeb/6.0.0.120 Mobile MicroMessenger/7.0.1 wxwork/4.1.30 wwhmos/0.9.11.244 wwbuildver/10000 NetType/4G Language/zh ColorScheme/Light"
106.80.170.133 - - [25/Dec/2025:12:40:15 +0800] "GET /wp-content/uploads/2025/12/1765891153-Article20251216211543.webp HTTP/1.1" 200 43108 "http://cqqizhou.com/2373/" "Mozilla/5.0 (linux; Android 13; Phone; OpenHarmony 6.0) AppleWebKit/537.36 (KHTML, like Gecko) Chrome/132.0.0.0 Safari/537.36  ArkWeb/6.0.0.120 Mobile MicroMessenger/7.0.1 wxwork/4.1.30 wwhmos/0.9.11.244 wwbuildver/10000 NetType/4G Language/zh ColorScheme/Light"
106.80.170.133 - - [25/Dec/2025:12:40:15 +0800] "GET /wp-content/uploads/2025/12/1766064629-Article_images_20251218212623.webp HTTP/1.1" 200 20366 "http://cqqizhou.com/2373/" "Mozilla/5.0 (linux; Android 13; Phone; OpenHarmony 6.0) AppleWebKit/537.36 (KHTML, like Gecko) Chrome/132.0.0.0 Safari/537.36  ArkWeb/6.0.0.120 Mobile MicroMessenger/7.0.1 wxwork/4.1.30 wwhmos/0.9.11.244 wwbuildver/10000 NetType/4G Language/zh ColorScheme/Light"
106.80.170.133 - - [25/Dec/2025:12:40:15 +0800] "GET /wp-content/uploads/2025/07/1753410289-News2000%C3%97400_202571.webp HTTP/1.1" 200 17830 "http://cqqizhou.com/2373/" "Mozilla/5.0 (linux; Android 13; Phone; OpenHarmony 6.0) AppleWebKit/537.36 (KHTML, like Gecko) Chrome/132.0.0.0 Safari/537.36  ArkWeb/6.0.0.120 Mobile MicroMessenger/7.0.1 wxwork/4.1.30 wwhmos/0.9.11.244 wwbuildver/10000 NetType/4G Language/zh ColorScheme/Light"
106.80.170.133 - - [25/Dec/2025:12:40:15 +0800] "GET /wp-content/uploads/2025/07/1751425283-qizhou.kf_.qq_.com_.webp HTTP/1.1" 200 16864 "http://cqqizhou.com/2373/" "Mozilla/5.0 (linux; Android 13; Phone; OpenHarmony 6.0) AppleWebKit/537.36 (KHTML, like Gecko) Chrome/132.0.0.0 Safari/537.36  ArkWeb/6.0.0.120 Mobile MicroMessenger/7.0.1 wxwork/4.1.30 wwhmos/0.9.11.244 wwbuildver/10000 NetType/4G Language/zh ColorScheme/Light"
106.80.170.133 - - [25/Dec/2025:12:40:16 +0800] "GET /wp-content/uploads/2025/12/1766388809-Article_images_202507247.webp HTTP/1.1" 200 63626 "http://cqqizhou.com/2373/" "Mozilla/5.0 (linux; Android 13; Phone; OpenHarmony 6.0) AppleWebKit/537.36 (KHTML, like Gecko) Chrome/132.0.0.0 Safari/537.36  ArkWeb/6.0.0.120 Mobile MicroMessenger/7.0.1 wxwork/4.1.30 wwhmos/0.9.11.244 wwbuildver/10000 NetType/4G Language/zh ColorScheme/Light"
106.80.170.133 - - [25/Dec/2025:12:40:16 +0800] "GET /wp-content/uploads/2025/12/1766388810-Article_images_202507248.webp HTTP/1.1" 200 75872 "http://cqqizhou.com/2373/" "Mozilla/5.0 (linux; Android 13; Phone; OpenHarmony 6.0) AppleWebKit/537.36 (KHTML, like Gecko) Chrome/132.0.0.0 Safari/537.36  ArkWeb/6.0.0.120 Mobile MicroMessenger/7.0.1 wxwork/4.1.30 wwhmos/0.9.11.244 wwbuildver/10000 NetType/4G Language/zh ColorScheme/Light"
106.80.170.133 - - [25/Dec/2025:12:40:16 +0800] "GET /wp-content/uploads/2025/12/1766388812-Article_images_2025072410.webp HTTP/1.1" 200 51320 "http://cqqizhou.com/2373/" "Mozilla/5.0 (linux; Android 13; Phone; OpenHarmony 6.0) AppleWebKit/537.36 (KHTML, like Gecko) Chrome/132.0.0.0 Safari/537.36  ArkWeb/6.0.0.120 Mobile MicroMessenger/7.0.1 wxwork/4.1.30 wwhmos/0.9.11.244 wwbuildver/10000 NetType/4G Language/zh ColorScheme/Light"
106.80.170.133 - - [25/Dec/2025:12:40:16 +0800] "GET /wp-content/uploads/2025/12/1766388811-Article_images_202507249.webp HTTP/1.1" 200 51010 "http://cqqizhou.com/2373/" "Mozilla/5.0 (linux; Android 13; Phone; OpenHarmony 6.0) AppleWebKit/537.36 (KHTML, like Gecko) Chrome/132.0.0.0 Safari/537.36  ArkWeb/6.0.0.120 Mobile MicroMessenger/7.0.1 wxwork/4.1.30 wwhmos/0.9.11.244 wwbuildver/10000 NetType/4G Language/zh ColorScheme/Light"
106.80.170.133 - - [25/Dec/2025:12:40:16 +0800] "GET /wp-content/uploads/2025/12/1766388813-Article_images_2025072411.webp HTTP/1.1" 200 45330 "http://cqqizhou.com/2373/" "Mozilla/5.0 (linux; Android 13; Phone; OpenHarmony 6.0) AppleWebKit/537.36 (KHTML, like Gecko) Chrome/132.0.0.0 Safari/537.36  ArkWeb/6.0.0.120 Mobile MicroMessenger/7.0.1 wxwork/4.1.30 wwhmos/0.9.11.244 wwbuildver/10000 NetType/4G Language/zh ColorScheme/Light"
106.80.170.133 - - [25/Dec/2025:12:40:17 +0800] "GET /wp-content/uploads/2025/12/1766388804-Article_images_202507241.webp HTTP/1.1" 200 48206 "http://cqqizhou.com/2373/" "Mozilla/5.0 (linux; Android 13; Phone; OpenHarmony 6.0) AppleWebKit/537.36 (KHTML, like Gecko) Chrome/132.0.0.0 Safari/537.36  ArkWeb/6.0.0.120 Mobile MicroMessenger/7.0.1 wxwork/4.1.30 wwhmos/0.9.11.244 wwbuildver/10000 NetType/4G Language/zh ColorScheme/Light"
106.80.170.133 - - [25/Dec/2025:12:40:19 +0800] "GET /wp-content/uploads/2025/12/1766388805-Article_images_202507242.webp HTTP/1.1" 200 39882 "http://cqqizhou.com/2373/" "Mozilla/5.0 (linux; Android 13; Phone; OpenHarmony 6.0) AppleWebKit/537.36 (KHTML, like Gecko) Chrome/132.0.0.0 Safari/537.36  ArkWeb/6.0.0.120 Mobile MicroMessenger/7.0.1 wxwork/4.1.30 wwhmos/0.9.11.244 wwbuildver/10000 NetType/4G Language/zh ColorScheme/Light"
36.133.115.36 - - [25/Dec/2025:12:40:47 +0800] "POST /wp-cron.php?doing_wp_cron=1766637647.5697989463806152343750 HTTP/1.1" 200 31 "-" "WordPress/6.8.3; http://cqqizhou.com"
106.80.170.133 - - [25/Dec/2025:12:40:47 +0800] "GET /2215/ HTTP/1.1" 200 20032 "http://cqqizhou.com/2373/" "Mozilla/5.0 (linux; Android 13; Phone; OpenHarmony 6.0) AppleWebKit/537.36 (KHTML, like Gecko) Chrome/132.0.0.0 Safari/537.36  ArkWeb/6.0.0.120 Mobile MicroMessenger/7.0.1 wxwork/4.1.30 wwhmos/0.9.11.244 wwbuildver/10000 NetType/4G Language/zh ColorScheme/Light"
106.80.170.133 - - [25/Dec/2025:12:40:48 +0800] "GET /wp-content/uploads/2025/08/1755826456-DSC01841.webp HTTP/1.1" 200 87046 "http://cqqizhou.com/2215/" "Mozilla/5.0 (linux; Android 13; Phone; OpenHarmony 6.0) AppleWebKit/537.36 (KHTML, like Gecko) Chrome/132.0.0.0 Safari/537.36  ArkWeb/6.0.0.120 Mobile MicroMessenger/7.0.1 wxwork/4.1.30 wwhmos/0.9.11.244 wwbuildver/10000 NetType/4G Language/zh ColorScheme/Light"
106.80.170.133 - - [25/Dec/2025:12:41:14 +0800] "GET /2354/ HTTP/1.1" 200 20320 "http://cqqizhou.com/2215/" "Mozilla/5.0 (linux; Android 13; Phone; OpenHarmony 6.0) AppleWebKit/537.36 (KHTML, like Gecko) Chrome/132.0.0.0 Safari/537.36  ArkWeb/6.0.0.120 Mobile MicroMessenger/7.0.1 wxwork/4.1.30 wwhmos/0.9.11.244 wwbuildver/10000 NetType/4G Language/zh ColorScheme/Light"
106.80.170.133 - - [25/Dec/2025:12:41:14 +0800] "GET /wp-content/uploads/2025/12/1765894221-Article20251216211544.webp HTTP/1.1" 200 75768 "http://cqqizhou.com/2354/" "Mozilla/5.0 (linux; Android 13; Phone; OpenHarmony 6.0) AppleWebKit/537.36 (KHTML, like Gecko) Chrome/132.0.0.0 Safari/537.36  ArkWeb/6.0.0.120 Mobile MicroMessenger/7.0.1 wxwork/4.1.30 wwhmos/0.9.11.244 wwbuildver/10000 NetType/4G Language/zh ColorScheme/Light"
106.80.170.133 - - [25/Dec/2025:12:41:14 +0800] "GET /wp-content/uploads/2025/12/1765891413-20251209103501.webp HTTP/1.1" 200 24878 "http://cqqizhou.com/2354/" "Mozilla/5.0 (linux; Android 13; Phone; OpenHarmony 6.0) AppleWebKit/537.36 (KHTML, like Gecko) Chrome/132.0.0.0 Safari/537.36  ArkWeb/6.0.0.120 Mobile MicroMessenger/7.0.1 wxwork/4.1.30 wwhmos/0.9.11.244 wwbuildver/10000 NetType/4G Language/zh ColorScheme/Light"
106.80.170.133 - - [25/Dec/2025:12:41:14 +0800] "GET /wp-content/uploads/2025/12/1765862012-DSC20251216131140.webp HTTP/1.1" 200 78744 "http://cqqizhou.com/2354/" "Mozilla/5.0 (linux; Android 13; Phone; OpenHarmony 6.0) AppleWebKit/537.36 (KHTML, like Gecko) Chrome/132.0.0.0 Safari/537.36  ArkWeb/6.0.0.120 Mobile MicroMessenger/7.0.1 wxwork/4.1.30 wwhmos/0.9.11.244 wwbuildver/10000 NetType/4G Language/zh ColorScheme/Light"
106.80.170.133 - - [25/Dec/2025:12:41:30 +0800] "GET /wp-content/uploads/2025/12/1766375846-Article20251216211545.webp HTTP/1.1" 200 70386 "http://cqqizhou.com/2354/" "Mozilla/5.0 (linux; Android 13; Phone; OpenHarmony 6.0) AppleWebKit/537.36 (KHTML, like Gecko) Chrome/132.0.0.0 Safari/537.36  ArkWeb/6.0.0.120 Mobile MicroMessenger/7.0.1 wxwork/4.1.30 wwhmos/0.9.11.244 wwbuildver/10000 NetType/4G Language/zh ColorScheme/Light"
36.133.115.36 - - [25/Dec/2025:12:46:55 +0800] "POST /wp-cron.php?doing_wp_cron=1766638015.8377809524536132812500 HTTP/1.1" 200 31 "-" "WordPress/6.8.3; http://cqqizhou.com"
36.137.9.52 - - [25/Dec/2025:12:46:55 +0800] "GET /sysadmin/login.aspx HTTP/1.1" 404 8975 "-" "Mozilla/5.0 (Windows NT 10.0; Win64; x64) AppleWebKit/537.36 (KHTML, like Gecko) Chrome/127.0.0.0 Safari/537.36"
36.133.115.36 - - [25/Dec/2025:12:56:04 +0800] "POST /wp-cron.php?doing_wp_cron=1766638564.4052460193634033203125 HTTP/1.1" 200 31 "-" "WordPress/6.8.3; http://cqqizhou.com"
49.51.253.83 - - [25/Dec/2025:12:56:04 +0800] "GET / HTTP/1.1" 301 5 "-" "Mozilla/5.0 (iPhone; CPU iPhone OS 13_2_3 like Mac OS X) AppleWebKit/605.1.15 (KHTML, like Gecko) Version/13.0.3 Mobile/15E148 Safari/604.1"
49.51.253.83 - - [25/Dec/2025:12:56:06 +0800] "GET / HTTP/1.1" 200 33677 "http://36.133.115.36" "Mozilla/5.0 (iPhone; CPU iPhone OS 13_2_3 like Mac OS X) AppleWebKit/605.1.15 (KHTML, like Gecko) Version/13.0.3 Mobile/15E148 Safari/604.1"
36.133.115.36 - - [25/Dec/2025:13:03:24 +0800] "POST /wp-cron.php?doing_wp_cron=1766639004.7154059410095214843750 HTTP/1.1" 200 31 "-" "WordPress/6.8.3; http://cqqizhou.com"
204.76.203.212 - - [25/Dec/2025:13:03:25 +0800] "GET / HTTP/1.1" 200 33677 "-" "Mozilla/5.0 (Windows NT 10.0; Win64; x64) AppleWebKit/537.36 (KHTML, like Gecko) Chrome/90.0.4430.85 Safari/537.36 Edg/90.0.818.46"
36.133.115.36 - - [25/Dec/2025:13:07:03 +0800] "POST /wp-cron.php?doing_wp_cron=1766639223.1134889125823974609375 HTTP/1.1" 200 31 "-" "WordPress/6.8.3; http://cqqizhou.com"
36.139.234.130 - - [25/Dec/2025:13:07:03 +0800] "GET /cenbel/UploadManage/eupload/imageUp.ashx HTTP/1.1" 404 8981 "-" "Mozilla/5.0 (Windows NT 10.0; Win64; x64) AppleWebKit/537.36 (KHTML, like Gecko) Chrome/127.0.0.0 Safari/537.36"
36.133.115.36 - - [25/Dec/2025:13:20:16 +0800] "POST /wp-cron.php?doing_wp_cron=1766640016.8203659057617187500000 HTTP/1.1" 200 31 "-" "WordPress/6.8.3; http://cqqizhou.com"
195.178.110.18 - - [25/Dec/2025:13:20:16 +0800] "GET /.git/config HTTP/1.1" 404 8974 "-" "Mozilla/5.0 (Windows NT 10.0; Win64; x64) AppleWebKit/537.36"
195.178.110.18 - - [25/Dec/2025:13:20:17 +0800] "GET /.git/config HTTP/1.1" 404 8974 "-" "Mozilla/5.0 (Windows NT 10.0; Win64; x64) AppleWebKit/537.36"
36.133.115.36 - - [25/Dec/2025:13:35:25 +0800] "POST /wp-cron.php?doing_wp_cron=1766640925.2887148857116699218750 HTTP/1.1" 200 31 "-" "WordPress/6.8.3; http://cqqizhou.com"
204.76.203.212 - - [25/Dec/2025:13:35:25 +0800] "GET / HTTP/1.1" 200 33676 "-" "Mozilla/5.0 (Windows NT 10.0; Win64; x64) AppleWebKit/537.36 (KHTML, like Gecko) Chrome/90.0.4430.85 Safari/537.36 Edg/90.0.818.46"
116.179.32.88 - - [25/Dec/2025:13:42:00 +0800] "GET /portfolio-category/pickled-coil/ HTTP/1.1" 200 21088 "-" "Mozilla/5.0 (compatible; Baiduspider/2.0; +http://www.baidu.com/search/spider.html)"
36.133.115.36 - - [25/Dec/2025:13:42:16 +0800] "POST /wp-cron.php?doing_wp_cron=1766641336.9371991157531738281250 HTTP/1.1" 200 31 "-" "WordPress/6.8.3; http://cqqizhou.com"
119.249.100.110 - - [25/Dec/2025:13:42:16 +0800] "GET /robots.txt HTTP/1.1" 200 190 "-" "Mozilla/5.0 (Windows NT 10.0; WOW64) AppleWebKit/537.36 (KHTML, like Gecko) Chrome/48.0.2564.116 Safari/537.36"
119.249.100.110 - - [25/Dec/2025:13:42:17 +0800] "GET /robots.txt HTTP/1.1" 200 190 "-" "Mozilla/5.0 (Windows NT 10.0; WOW64) AppleWebKit/537.36 (KHTML, like Gecko) Chrome/48.0.2564.116 Safari/537.36"
119.249.100.242 - - [25/Dec/2025:13:42:19 +0800] "GET /robots.txt HTTP/1.1" 200 190 "-" "Mozilla/5.0 (Windows NT 10.0; WOW64) AppleWebKit/537.36 (KHTML, like Gecko) Chrome/48.0.2564.116 Safari/537.36"
36.133.115.36 - - [25/Dec/2025:13:45:26 +0800] "POST /wp-cron.php?doing_wp_cron=1766641526.1335940361022949218750 HTTP/1.1" 200 31 "-" "WordPress/6.8.3; http://cqqizhou.com"
141.98.11.140 - - [25/Dec/2025:13:45:27 +0800] "GET / HTTP/1.1" 200 152290 "-" "-"
36.133.115.36 - - [25/Dec/2025:13:48:29 +0800] "POST /wp-cron.php?doing_wp_cron=1766641709.1829690933227539062500 HTTP/1.1" 200 31 "-" "WordPress/6.8.3; http://cqqizhou.com"
66.132.153.140 - - [25/Dec/2025:13:48:29 +0800] "GET / HTTP/1.1" 301 5 "-" "Mozilla/5.0 (compatible; CensysInspect/1.1; +https://about.censys.io/)"
66.132.153.140 - - [25/Dec/2025:13:48:35 +0800] "GET /security.txt HTTP/1.1" 200 19611 "-" "Mozilla/5.0 (compatible; CensysInspect/1.1; +https://about.censys.io/)"
36.133.115.36 - - [25/Dec/2025:13:50:46 +0800] "POST /wp-cron.php?doing_wp_cron=1766641846.1285040378570556640625 HTTP/1.1" 200 31 "-" "WordPress/6.8.3; http://cqqizhou.com"
167.94.138.116 - - [25/Dec/2025:13:50:46 +0800] "GET /sitemap.xml HTTP/1.1" 200 500 "-" "Mozilla/5.0 (compatible; CensysInspect/1.1; +https://about.censys.io/)"
40.77.167.27 - - [25/Dec/2025:13:57:02 +0800] "GET / HTTP/1.1" 200 39568 "-" "Mozilla/5.0 AppleWebKit/537.36 (KHTML, like Gecko; compatible; bingbot/2.0; +http://www.bing.com/bingbot.htm) Chrome/116.0.1938.76 Safari/537.36"
36.133.115.36 - - [25/Dec/2025:13:57:10 +0800] "POST /wp-cron.php?doing_wp_cron=1766642230.2625830173492431640625 HTTP/1.1" 200 31 "-" "WordPress/6.8.3; http://cqqizhou.com"
3.137.73.221 - - [25/Dec/2025:13:57:10 +0800] "GET / HTTP/1.1" 301 5 "-" "cypex.ai/scanning Mozilla/5.0 (Macintosh; Intel Mac OS X 10_15_7) Chrome/126.0.0.0 Safari/537.36"
198.244.240.12 - - [25/Dec/2025:14:08:37 +0800] "GET / HTTP/1.1" 200 39568 "-" "Mozilla/5.0 (compatible; AhrefsBot/7.0; +http://ahrefs.com/robot/)"
36.133.115.36 - - [25/Dec/2025:14:11:24 +0800] "POST /wp-cron.php?doing_wp_cron=1766643084.6031470298767089843750 HTTP/1.1" 200 31 "-" "WordPress/6.8.3; http://cqqizhou.com"
204.76.203.212 - - [25/Dec/2025:14:11:24 +0800] "GET / HTTP/1.1" 200 33677 "-" "Mozilla/5.0 (Windows NT 10.0; Win64; x64) AppleWebKit/537.36 (KHTML, like Gecko) Chrome/90.0.4430.85 Safari/537.36 Edg/90.0.818.46"
36.133.115.36 - - [25/Dec/2025:14:13:30 +0800] "POST /wp-cron.php?doing_wp_cron=1766643210.6512429714202880859375 HTTP/1.1" 200 31 "-" "WordPress/6.8.3; http://cqqizhou.com"
35.203.211.133 - - [25/Dec/2025:14:13:30 +0800] "GET /wp-login.php HTTP/1.1" 200 8672 "-" "Hello from Palo Alto Networks, find out more about our scans in https://docs-cortex.paloaltonetworks.com/r/1/Cortex-Xpanse/Scanning-activity"
36.133.115.36 - - [25/Dec/2025:14:23:20 +0800] "POST /wp-cron.php?doing_wp_cron=1766643800.2894411087036132812500 HTTP/1.1" 200 31 "-" "WordPress/6.8.3; http://cqqizhou.com"
1.14.252.35 - - [25/Dec/2025:14:23:20 +0800] "GET /index.php HTTP/1.1" 200 152290 "-" "Mozilla/5.0 (Windows NT 6.1; WOW64; rv:18.0) Gecko/20100101 Firefox/18.0"
1.14.252.35 - - [25/Dec/2025:14:23:20 +0800] "GET /phpmyadmin/index.php HTTP/1.1" 404 27 "-" "Mozilla/5.0 (Windows NT 6.1; WOW64; rv:18.0) Gecko/20100101 Firefox/18.0"
36.133.115.36 - - [25/Dec/2025:14:36:36 +0800] "POST /wp-cron.php?doing_wp_cron=1766644596.1822330951690673828125 HTTP/1.1" 200 31 "-" "WordPress/6.8.3; http://cqqizhou.com"
87.121.84.44 - - [25/Dec/2025:14:36:37 +0800] "GET / HTTP/1.0" 200 152268 "-" "Mozilla/5.0 (X11; Linux x86_64; rv:140.0) Gecko/20100101 Firefox/140.0"
180.153.236.230 - - [25/Dec/2025:14:37:43 +0800] "GET / HTTP/1.1" 200 39568 "http://cqqizhou.com/" "Mozilla/5.0 (Windows NT 10.0; Win64; x64) AppleWebKit/537.36 (KHTML, like Gecko) Chrome/140.0.0.0 Safari/537.36 Edg/140.0.0.0; 360Spider"
36.133.115.36 - - [25/Dec/2025:14:43:29 +0800] "POST /wp-cron.php?doing_wp_cron=1766645009.9502739906311035156250 HTTP/1.1" 200 31 "-" "WordPress/6.8.3; http://cqqizhou.com"
204.76.203.212 - - [25/Dec/2025:14:43:30 +0800] "GET / HTTP/1.1" 200 33677 "-" "Mozilla/5.0 (Windows NT 10.0; Win64; x64) AppleWebKit/537.36 (KHTML, like Gecko) Chrome/90.0.4430.85 Safari/537.36 Edg/90.0.818.46"
36.133.115.36 - - [25/Dec/2025:14:44:49 +0800] "POST /wp-cron.php?doing_wp_cron=1766645089.4847190380096435546875 HTTP/1.1" 200 31 "-" "WordPress/6.8.3; http://cqqizhou.com"
182.44.2.148 - - [25/Dec/2025:14:44:49 +0800] "GET / HTTP/1.1" 200 33677 "-" "Mozilla/5.0 (iPhone; CPU iPhone OS 13_2_3 like Mac OS X) AppleWebKit/605.1.15 (KHTML, like Gecko) Version/13.0.3 Mobile/15E148 Safari/604.1"
36.133.115.36 - - [25/Dec/2025:14:54:50 +0800] "POST /wp-cron.php?doing_wp_cron=1766645690.3461000919342041015625 HTTP/1.1" 200 31 "-" "WordPress/6.8.3; http://cqqizhou.com"
45.135.194.23 - - [25/Dec/2025:14:54:51 +0800] "GET / HTTP/1.1" 200 152290 "-" "-"
95.214.55.71 - - [25/Dec/2025:14:55:16 +0800] "GET /login.asp HTTP/1.1" 301 5 "-" "-"
36.133.115.36 - - [25/Dec/2025:15:04:13 +0800] "POST /wp-cron.php?doing_wp_cron=1766646253.2162399291992187500000 HTTP/1.1" 200 31 "-" "WordPress/6.8.3; http://cqqizhou.com"
103.183.91.93 - - [25/Dec/2025:15:04:13 +0800] "GET /boaform/admin/formLogin?username=user&psd=user HTTP/1.0" 404 31351 "-" "-"
47.114.89.255 - - [25/Dec/2025:15:05:11 +0800] "GET /vendor/webupload/server/preview.php HTTP/1.1" 404 47 "-" "Mozilla/5.0 (Windows NT 10.0; Win64; x64)"
14.108.234.20 - - [25/Dec/2025:15:15:11 +0800] "GET / HTTP/1.1" 200 39568 "-" "Mozilla/5.0 (Windows NT 10.0; Win64; x64) AppleWebKit/537.36 (KHTML, like Gecko) Chrome/142.0.0.0 Safari/537.36 Edg/142.0.0.0"
14.108.234.20 - - [25/Dec/2025:15:15:11 +0800] "GET /wp-content/uploads/2025/07/1751425283-qizhou.kf_.qq_.com_.webp HTTP/1.1" 200 16864 "http://cqqizhou.com/" "Mozilla/5.0 (Windows NT 10.0; Win64; x64) AppleWebKit/537.36 (KHTML, like Gecko) Chrome/142.0.0.0 Safari/537.36 Edg/142.0.0.0"
14.108.234.20 - - [25/Dec/2025:15:15:12 +0800] "GET /wp-content/uploads/2025/12/1765268955-qizhou_Slider1_3840%C3%972160_20251210-scaled.webp HTTP/1.1" 200 152162 "http://cqqizhou.com/" "Mozilla/5.0 (Windows NT 10.0; Win64; x64) AppleWebKit/537.36 (KHTML, like Gecko) Chrome/142.0.0.0 Safari/537.36 Edg/142.0.0.0"
14.108.234.20 - - [25/Dec/2025:15:15:12 +0800] "GET /wp-content/uploads/revslider/slider-1/1750861156-logistics_Slider_3840%C3%972160_20250625191356-scaled-50x100.webp HTTP/1.1" 200 1416 "http://cqqizhou.com/" "Mozilla/5.0 (Windows NT 10.0; Win64; x64) AppleWebKit/537.36 (KHTML, like Gecko) Chrome/142.0.0.0 Safari/537.36 Edg/142.0.0.0"
14.108.234.20 - - [25/Dec/2025:15:15:12 +0800] "GET /wp-content/uploads/2025/12/1765265398-qizhou_Slider_3840%C3%972160_20251209-scaled-50x100.webp HTTP/1.1" 200 2166 "http://cqqizhou.com/" "Mozilla/5.0 (Windows NT 10.0; Win64; x64) AppleWebKit/537.36 (KHTML, like Gecko) Chrome/142.0.0.0 Safari/537.36 Edg/142.0.0.0"
14.108.234.20 - - [25/Dec/2025:15:15:12 +0800] "GET /wp-content/uploads/2025/07/1753453127-%E4%BD%99%E5%8D%B7product_Single600%C3%97284.webp HTTP/1.1" 200 18744 "http://cqqizhou.com/" "Mozilla/5.0 (Windows NT 10.0; Win64; x64) AppleWebKit/537.36 (KHTML, like Gecko) Chrome/142.0.0.0 Safari/537.36 Edg/142.0.0.0"
14.108.234.20 - - [25/Dec/2025:15:15:12 +0800] "GET /wp-content/uploads/2025/07/1753456770-%E7%83%AD%E9%95%80%E9%94%8C%E5%8D%B7product_Single600.webp HTTP/1.1" 200 27502 "http://cqqizhou.com/" "Mozilla/5.0 (Windows NT 10.0; Win64; x64) AppleWebKit/537.36 (KHTML, like Gecko) Chrome/142.0.0.0 Safari/537.36 Edg/142.0.0.0"
14.108.234.20 - - [25/Dec/2025:15:15:12 +0800] "GET /wp-content/uploads/2025/07/1753456723-%E5%8F%8C%E7%9B%B8%E9%92%A2roduct_Single600.webp HTTP/1.1" 200 22790 "http://cqqizhou.com/" "Mozilla/5.0 (Windows NT 10.0; Win64; x64) AppleWebKit/537.36 (KHTML, like Gecko) Chrome/142.0.0.0 Safari/537.36 Edg/142.0.0.0"
14.108.234.20 - - [25/Dec/2025:15:15:12 +0800] "GET /wp-content/uploads/2025/07/1753453096-%E5%8F%8C%E7%9B%B8%E9%92%A2product_Single600%C3%97284.webp HTTP/1.1" 200 14562 "http://cqqizhou.com/" "Mozilla/5.0 (Windows NT 10.0; Win64; x64) AppleWebKit/537.36 (KHTML, like Gecko) Chrome/142.0.0.0 Safari/537.36 Edg/142.0.0.0"
36.133.115.36 - - [25/Dec/2025:15:15:13 +0800] "POST /wp-cron.php?doing_wp_cron=1766646913.7611510753631591796875 HTTP/1.1" 200 31 "-" "WordPress/6.8.3; http://cqqizhou.com"
14.108.234.20 - - [25/Dec/2025:15:15:13 +0800] "GET /wp-json/sliderrevolution/sliders/1?srengine=7&slideid=3 HTTP/1.1" 200 2286 "http://cqqizhou.com/" "Mozilla/5.0 (Windows NT 10.0; Win64; x64) AppleWebKit/537.36 (KHTML, like Gecko) Chrome/142.0.0.0 Safari/537.36 Edg/142.0.0.0"
14.108.234.20 - - [25/Dec/2025:15:15:13 +0800] "GET /wp-json/sliderrevolution/sliders/1?srengine=7&slideid=2 HTTP/1.1" 200 2058 "http://cqqizhou.com/" "Mozilla/5.0 (Windows NT 10.0; Win64; x64) AppleWebKit/537.36 (KHTML, like Gecko) Chrome/142.0.0.0 Safari/537.36 Edg/142.0.0.0"
14.108.234.20 - - [25/Dec/2025:15:15:13 +0800] "GET /wp-content/uploads/2025/12/1765265398-qizhou_Slider_3840%C3%972160_20251209-scaled.webp HTTP/1.1" 200 175208 "http://cqqizhou.com/" "Mozilla/5.0 (Windows NT 10.0; Win64; x64) AppleWebKit/537.36 (KHTML, like Gecko) Chrome/142.0.0.0 Safari/537.36 Edg/142.0.0.0"
14.108.234.20 - - [25/Dec/2025:15:15:13 +0800] "GET /wp-content/uploads/revslider/slider-1/1750861156-logistics_Slider_3840%C3%972160_20250625191356-scaled.webp HTTP/1.1" 200 197360 "http://cqqizhou.com/" "Mozilla/5.0 (Windows NT 10.0; Win64; x64) AppleWebKit/537.36 (KHTML, like Gecko) Chrome/142.0.0.0 Safari/537.36 Edg/142.0.0.0"
14.108.234.20 - - [25/Dec/2025:15:15:17 +0800] "GET /wp-admin/ HTTP/1.1" 302 5 "-" "Mozilla/5.0 (Windows NT 10.0; Win64; x64) AppleWebKit/537.36 (KHTML, like Gecko) Chrome/142.0.0.0 Safari/537.36 Edg/142.0.0.0"
14.108.234.20 - - [25/Dec/2025:15:15:18 +0800] "GET /wp-login.php?redirect_to=http%3A%2F%2Fcqqizhou.com%2Fwp-admin%2F&reauth=1 HTTP/1.1" 200 2774 "-" "Mozilla/5.0 (Windows NT 10.0; Win64; x64) AppleWebKit/537.36 (KHTML, like Gecko) Chrome/142.0.0.0 Safari/537.36 Edg/142.0.0.0"
14.108.234.20 - - [25/Dec/2025:15:15:21 +0800] "POST /wp-login.php HTTP/1.1" 302 5 "http://cqqizhou.com/wp-login.php?redirect_to=http%3A%2F%2Fcqqizhou.com%2Fwp-admin%2F&reauth=1" "Mozilla/5.0 (Windows NT 10.0; Win64; x64) AppleWebKit/537.36 (KHTML, like Gecko) Chrome/142.0.0.0 Safari/537.36 Edg/142.0.0.0"
14.108.234.20 - - [25/Dec/2025:15:15:24 +0800] "GET /wp-admin/ HTTP/1.1" 200 60702 "http://cqqizhou.com/wp-login.php?redirect_to=http%3A%2F%2Fcqqizhou.com%2Fwp-admin%2F&reauth=1" "Mozilla/5.0 (Windows NT 10.0; Win64; x64) AppleWebKit/537.36 (KHTML, like Gecko) Chrome/142.0.0.0 Safari/537.36 Edg/142.0.0.0"
14.108.234.20 - - [25/Dec/2025:15:15:24 +0800] "GET /wp-admin/load-styles.php?c=0&dir=ltr&load%5Bchunk_0%5D=dashicons,admin-bar,site-health,common,forms,admin-menu,dashboard,list-tables,edit,revisions,media,themes,about,nav-menus,wp-poi&load%5Bchunk_1%5D=nter,widgets,site-icon,l10n,buttons,media-views,wp-color-picker,editor-buttons,wp-auth-check&ver=6.8.3 HTTP/1.1" 200 115557 "http://cqqizhou.com/wp-admin/" "Mozilla/5.0 (Windows NT 10.0; Win64; x64) AppleWebKit/537.36 (KHTML, like Gecko) Chrome/142.0.0.0 Safari/537.36 Edg/142.0.0.0"
14.108.234.20 - - [25/Dec/2025:15:15:24 +0800] "GET /wp-admin/load-scripts.php?c=0&load%5Bchunk_0%5D=jquery-core,jquery-migrate,utils,wp-dom-ready,wp-hooks&ver=6.8.3 HTTP/1.1" 200 36655 "http://cqqizhou.com/wp-admin/" "Mozilla/5.0 (Windows NT 10.0; Win64; x64) AppleWebKit/537.36 (KHTML, like Gecko) Chrome/142.0.0.0 Safari/537.36 Edg/142.0.0.0"
14.108.234.20 - - [25/Dec/2025:15:15:24 +0800] "GET /wp-admin/load-scripts.php?c=0&load%5Bchunk_0%5D=hoverIntent&ver=6.8.3 HTTP/1.1" 200 719 "http://cqqizhou.com/wp-admin/" "Mozilla/5.0 (Windows NT 10.0; Win64; x64) AppleWebKit/537.36 (KHTML, like Gecko) Chrome/142.0.0.0 Safari/537.36 Edg/142.0.0.0"
14.108.234.20 - - [25/Dec/2025:15:15:29 +0800] "GET /wp-admin/edit.php HTTP/1.1" 200 60715 "http://cqqizhou.com/wp-admin/" "Mozilla/5.0 (Windows NT 10.0; Win64; x64) AppleWebKit/537.36 (KHTML, like Gecko) Chrome/142.0.0.0 Safari/537.36 Edg/142.0.0.0"
14.108.234.20 - - [25/Dec/2025:15:15:29 +0800] "GET /wp-content/uploads/2025/12/1766064629-Article_images_20251218212623-150x150.webp HTTP/1.1" 200 5072 "http://cqqizhou.com/wp-admin/edit.php" "Mozilla/5.0 (Windows NT 10.0; Win64; x64) AppleWebKit/537.36 (KHTML, like Gecko) Chrome/142.0.0.0 Safari/537.36 Edg/142.0.0.0"
14.108.234.20 - - [25/Dec/2025:15:15:30 +0800] "GET /wp-admin/load-styles.php?c=0&dir=ltr&load%5Bchunk_0%5D=dashicons,admin-bar,common,forms,admin-menu,dashboard,list-tables,edit,revisions,media,themes,about,nav-menus,wp-pointer,widgets&load%5Bchunk_1%5D=,site-icon,l10n,buttons,media-views,wp-color-picker,editor-buttons,wp-auth-check&ver=6.8.3 HTTP/1.1" 200 114431 "http://cqqizhou.com/wp-admin/edit.php" "Mozilla/5.0 (Windows NT 10.0; Win64; x64) AppleWebKit/537.36 (KHTML, like Gecko) Chrome/142.0.0.0 Safari/537.36 Edg/142.0.0.0"
14.108.234.20 - - [25/Dec/2025:15:15:30 +0800] "GET /wp-content/uploads/2025/12/1765891153-Article20251216211543-150x150.webp HTTP/1.1" 200 7850 "http://cqqizhou.com/wp-admin/edit.php" "Mozilla/5.0 (Windows NT 10.0; Win64; x64) AppleWebKit/537.36 (KHTML, like Gecko) Chrome/142.0.0.0 Safari/537.36 Edg/142.0.0.0"
14.108.234.20 - - [25/Dec/2025:15:15:30 +0800] "GET /wp-content/uploads/2025/12/1765891413-20251209103501-150x150.webp HTTP/1.1" 200 6446 "http://cqqizhou.com/wp-admin/edit.php" "Mozilla/5.0 (Windows NT 10.0; Win64; x64) AppleWebKit/537.36 (KHTML, like Gecko) Chrome/142.0.0.0 Safari/537.36 Edg/142.0.0.0"
14.108.234.20 - - [25/Dec/2025:15:15:30 +0800] "GET /wp-content/uploads/2025/09/1756868614-20250903104654_74_5-150x150.webp HTTP/1.1" 200 5712 "http://cqqizhou.com/wp-admin/edit.php" "Mozilla/5.0 (Windows NT 10.0; Win64; x64) AppleWebKit/537.36 (KHTML, like Gecko) Chrome/142.0.0.0 Safari/537.36 Edg/142.0.0.0"
14.108.234.20 - - [25/Dec/2025:15:15:30 +0800] "GET /wp-content/uploads/2025/08/1755826390-DSC01765-150x150.webp HTTP/1.1" 200 6586 "http://cqqizhou.com/wp-admin/edit.php" "Mozilla/5.0 (Windows NT 10.0; Win64; x64) AppleWebKit/537.36 (KHTML, like Gecko) Chrome/142.0.0.0 Safari/537.36 Edg/142.0.0.0"
14.108.234.20 - - [25/Dec/2025:15:15:30 +0800] "GET /wp-content/uploads/2025/08/1755826456-DSC01841-150x150.webp HTTP/1.1" 200 9850 "http://cqqizhou.com/wp-admin/edit.php" "Mozilla/5.0 (Windows NT 10.0; Win64; x64) AppleWebKit/537.36 (KHTML, like Gecko) Chrome/142.0.0.0 Safari/537.36 Edg/142.0.0.0"
14.108.234.20 - - [25/Dec/2025:15:15:30 +0800] "GET /wp-content/uploads/2025/07/1753454089-Article_images_W900px-150x150.webp HTTP/1.1" 200 5292 "http://cqqizhou.com/wp-admin/edit.php" "Mozilla/5.0 (Windows NT 10.0; Win64; x64) AppleWebKit/537.36 (KHTML, like Gecko) Chrome/142.0.0.0 Safari/537.36 Edg/142.0.0.0"
14.108.234.20 - - [25/Dec/2025:15:15:30 +0800] "GET /wp-content/uploads/2025/07/1753455746-DSC01472-150x150.webp HTTP/1.1" 200 4760 "http://cqqizhou.com/wp-admin/edit.php" "Mozilla/5.0 (Windows NT 10.0; Win64; x64) AppleWebKit/537.36 (KHTML, like Gecko) Chrome/142.0.0.0 Safari/537.36 Edg/142.0.0.0"
14.108.234.20 - - [25/Dec/2025:15:15:30 +0800] "GET /wp-content/uploads/2025/07/1753453986-Article_images_W900px-150x150.webp HTTP/1.1" 200 7296 "http://cqqizhou.com/wp-admin/edit.php" "Mozilla/5.0 (Windows NT 10.0; Win64; x64) AppleWebKit/537.36 (KHTML, like Gecko) Chrome/142.0.0.0 Safari/537.36 Edg/142.0.0.0"
14.108.234.20 - - [25/Dec/2025:15:15:30 +0800] "GET /wp-content/uploads/2025/07/1753454299-Article_images_W900px-150x150.webp HTTP/1.1" 200 7416 "http://cqqizhou.com/wp-admin/edit.php" "Mozilla/5.0 (Windows NT 10.0; Win64; x64) AppleWebKit/537.36 (KHTML, like Gecko) Chrome/142.0.0.0 Safari/537.36 Edg/142.0.0.0"
14.108.234.20 - - [25/Dec/2025:15:15:30 +0800] "GET /wp-content/uploads/2025/07/1753453719-Article_images1_W900px-150x150.webp HTTP/1.1" 200 8234 "http://cqqizhou.com/wp-admin/edit.php" "Mozilla/5.0 (Windows NT 10.0; Win64; x64) AppleWebKit/537.36 (KHTML, like Gecko) Chrome/142.0.0.0 Safari/537.36 Edg/142.0.0.0"
14.108.234.20 - - [25/Dec/2025:15:15:30 +0800] "GET /wp-content/uploads/2025/12/1766388806-Article_images_202507243-150x150.webp HTTP/1.1" 200 4890 "http://cqqizhou.com/wp-admin/edit.php" "Mozilla/5.0 (Windows NT 10.0; Win64; x64) AppleWebKit/537.36 (KHTML, like Gecko) Chrome/142.0.0.0 Safari/537.36 Edg/142.0.0.0"
14.108.234.20 - - [25/Dec/2025:15:15:30 +0800] "POST /wp-admin/admin-ajax.php HTTP/1.1" 200 78 "http://cqqizhou.com/wp-admin/edit.php" "Mozilla/5.0 (Windows NT 10.0; Win64; x64) AppleWebKit/537.36 (KHTML, like Gecko) Chrome/142.0.0.0 Safari/537.36 Edg/142.0.0.0"
14.108.234.20 - - [25/Dec/2025:15:15:33 +0800] "GET /wp-admin/post-new.php HTTP/1.1" 200 192479 "http://cqqizhou.com/wp-admin/edit.php" "Mozilla/5.0 (Windows NT 10.0; Win64; x64) AppleWebKit/537.36 (KHTML, like Gecko) Chrome/142.0.0.0 Safari/537.36 Edg/142.0.0.0"
14.108.234.20 - - [25/Dec/2025:15:15:33 +0800] "GET /wp-admin/load-styles.php?c=0&dir=ltr&load%5Bchunk_0%5D=dashicons,admin-bar,buttons,media-views,editor-buttons,wp-components,wp-preferences,wp-block-editor,wp-reusable-blocks,wp-patter&load%5Bchunk_1%5D=ns,wp-editor,common,forms,wp-reset-editor-styles,wp-block-library,wp-block-editor-content,wp-editor-classic-layout-styles,wp-edi&load%5Bchunk_2%5D=t-blocks,wp-commands,wp-edit-post,wp-block-directory,wp-format-library,admin-menu,dashboard,list-tables,edit,revisions,media,the&load%5Bchunk_3%5D=mes,about,nav-menus,wp-pointer,widgets,site-icon,l10n,wp-color-picker,wp-auth-check,classic-theme-styles,wp-jquery-ui-dialog&ver=6.8.3 HTTP/1.1" 200 186079 "http://cqqizhou.com/wp-admin/post-new.php" "Mozilla/5.0 (Windows NT 10.0; Win64; x64) AppleWebKit/537.36 (KHTML, like Gecko) Chrome/142.0.0.0 Safari/537.36 Edg/142.0.0.0"
14.108.234.20 - - [25/Dec/2025:15:15:34 +0800] "GET /?action=kirki-styles&editor=1&ver=4.0 HTTP/1.1" 200 210 "http://cqqizhou.com/wp-admin/post-new.php" "Mozilla/5.0 (Windows NT 10.0; Win64; x64) AppleWebKit/537.36 (KHTML, like Gecko) Chrome/142.0.0.0 Safari/537.36 Edg/142.0.0.0"
14.108.234.20 - - [25/Dec/2025:15:15:35 +0800] "GET /wp-json/wp/v2/blocks?context=edit&per_page=100&page=1&_locale=user HTTP/1.1" 200 33 "http://cqqizhou.com/wp-admin/post-new.php" "Mozilla/5.0 (Windows NT 10.0; Win64; x64) AppleWebKit/537.36 (KHTML, like Gecko) Chrome/142.0.0.0 Safari/537.36 Edg/142.0.0.0"
14.108.234.20 - - [25/Dec/2025:15:15:35 +0800] "GET /wp-json/wp/v2/users?context=view&who=authors&per_page=100&_fields=id%2Cname&_locale=user HTTP/1.1" 200 56 "http://cqqizhou.com/wp-admin/post-new.php" "Mozilla/5.0 (Windows NT 10.0; Win64; x64) AppleWebKit/537.36 (KHTML, like Gecko) Chrome/142.0.0.0 Safari/537.36 Edg/142.0.0.0"
14.108.234.20 - - [25/Dec/2025:15:15:35 +0800] "GET /wp-json/wp/v2/taxonomies?context=edit&per_page=100&_locale=user HTTP/1.1" 200 1755 "http://cqqizhou.com/wp-admin/post-new.php" "Mozilla/5.0 (Windows NT 10.0; Win64; x64) AppleWebKit/537.36 (KHTML, like Gecko) Chrome/142.0.0.0 Safari/537.36 Edg/142.0.0.0"
14.108.234.20 - - [25/Dec/2025:15:15:35 +0800] "GET /wp-json/wp/v2/templates?context=edit&per_page=100&_locale=user HTTP/1.1" 200 33 "http://cqqizhou.com/wp-admin/post-new.php" "Mozilla/5.0 (Windows NT 10.0; Win64; x64) AppleWebKit/537.36 (KHTML, like Gecko) Chrome/142.0.0.0 Safari/537.36 Edg/142.0.0.0"
14.108.234.20 - - [25/Dec/2025:15:15:35 +0800] "OPTIONS /wp-json/wp/v2/settings?_locale=user HTTP/1.1" 200 1287 "http://cqqizhou.com/wp-admin/post-new.php" "Mozilla/5.0 (Windows NT 10.0; Win64; x64) AppleWebKit/537.36 (KHTML, like Gecko) Chrome/142.0.0.0 Safari/537.36 Edg/142.0.0.0"
14.108.234.20 - - [25/Dec/2025:15:15:36 +0800] "GET /wp-json/wp/v2/wp_pattern_category?context=view&per_page=100&_fields=id%2Cname%2Cdescription%2Cslug&_locale=user HTTP/1.1" 200 33 "http://cqqizhou.com/wp-admin/post-new.php" "Mozilla/5.0 (Windows NT 10.0; Win64; x64) AppleWebKit/537.36 (KHTML, like Gecko) Chrome/142.0.0.0 Safari/537.36 Edg/142.0.0.0"
14.108.234.20 - - [25/Dec/2025:15:15:36 +0800] "OPTIONS /wp-json/wp/v2/posts?_locale=user HTTP/1.1" 200 2962 "http://cqqizhou.com/wp-admin/post-new.php" "Mozilla/5.0 (Windows NT 10.0; Win64; x64) AppleWebKit/537.36 (KHTML, like Gecko) Chrome/142.0.0.0 Safari/537.36 Edg/142.0.0.0"
14.108.234.20 - - [25/Dec/2025:15:15:36 +0800] "GET /wp-json/wp/v2/users/1?context=view&_fields=id%2Cname&_locale=user HTTP/1.1" 200 54 "http://cqqizhou.com/wp-admin/post-new.php" "Mozilla/5.0 (Windows NT 10.0; Win64; x64) AppleWebKit/537.36 (KHTML, like Gecko) Chrome/142.0.0.0 Safari/537.36 Edg/142.0.0.0"
14.108.234.20 - - [25/Dec/2025:15:15:36 +0800] "GET /wp-json/wp/v2/categories?context=view&per_page=100&orderby=name&order=asc&_fields=id%2Cname%2Cparent&_locale=user HTTP/1.1" 200 158 "http://cqqizhou.com/wp-admin/post-new.php" "Mozilla/5.0 (Windows NT 10.0; Win64; x64) AppleWebKit/537.36 (KHTML, like Gecko) Chrome/142.0.0.0 Safari/537.36 Edg/142.0.0.0"
14.108.234.20 - - [25/Dec/2025:15:15:36 +0800] "GET /wp-json/wp/v2/tags?context=view&per_page=10&orderby=count&order=desc&hide_empty=true&_fields=id%2Cname%2Ccount&_locale=user HTTP/1.1" 200 33 "http://cqqizhou.com/wp-admin/post-new.php" "Mozilla/5.0 (Windows NT 10.0; Win64; x64) AppleWebKit/537.36 (KHTML, like Gecko) Chrome/142.0.0.0 Safari/537.36 Edg/142.0.0.0"
14.108.234.20 - - [25/Dec/2025:15:15:36 +0800] "GET /wp-json/wp/v2/pages/1665?context=edit&_locale=user HTTP/1.1" 200 763 "http://cqqizhou.com/wp-admin/post-new.php" "Mozilla/5.0 (Windows NT 10.0; Win64; x64) AppleWebKit/537.36 (KHTML, like Gecko) Chrome/142.0.0.0 Safari/537.36 Edg/142.0.0.0"
14.108.234.20 - - [25/Dec/2025:15:15:37 +0800] "OPTIONS /wp-json/wp/v2/posts/?context=edit&_locale=user HTTP/1.1" 200 2962 "http://cqqizhou.com/wp-admin/post-new.php" "Mozilla/5.0 (Windows NT 10.0; Win64; x64) AppleWebKit/537.36 (KHTML, like Gecko) Chrome/142.0.0.0 Safari/537.36 Edg/142.0.0.0"
14.108.234.20 - - [25/Dec/2025:15:15:37 +0800] "GET /wp-json/wp/v2/block-patterns/patterns?_locale=user HTTP/1.1" 200 19852 "http://cqqizhou.com/wp-admin/post-new.php" "Mozilla/5.0 (Windows NT 10.0; Win64; x64) AppleWebKit/537.36 (KHTML, like Gecko) Chrome/142.0.0.0 Safari/537.36 Edg/142.0.0.0"
14.108.234.20 - - [25/Dec/2025:15:15:45 +0800] "POST /wp-admin/admin-ajax.php HTTP/1.1" 200 112 "http://cqqizhou.com/wp-admin/post-new.php" "Mozilla/5.0 (Windows NT 10.0; Win64; x64) AppleWebKit/537.36 (KHTML, like Gecko) Chrome/142.0.0.0 Safari/537.36 Edg/142.0.0.0"
36.133.115.36 - - [25/Dec/2025:15:16:28 +0800] "POST /wp-cron.php?doing_wp_cron=1766646988.5696630477905273437500 HTTP/1.1" 200 31 "-" "WordPress/6.8.3; http://cqqizhou.com"
14.108.234.20 - - [25/Dec/2025:15:16:28 +0800] "POST /wp-admin/admin-ajax.php HTTP/1.1" 200 112 "http://cqqizhou.com/wp-admin/post-new.php" "Mozilla/5.0 (Windows NT 10.0; Win64; x64) AppleWebKit/537.36 (KHTML, like Gecko) Chrome/142.0.0.0 Safari/537.36 Edg/142.0.0.0"
14.108.234.20 - - [25/Dec/2025:15:16:35 +0800] "POST /wp-json/wp/v2/posts/2388/autosaves?_locale=user HTTP/1.1" 200 2033 "http://cqqizhou.com/wp-admin/post-new.php" "Mozilla/5.0 (Windows NT 10.0; Win64; x64) AppleWebKit/537.36 (KHTML, like Gecko) Chrome/142.0.0.0 Safari/537.36 Edg/142.0.0.0"
