14.108.234.20 - - [25/Dec/2025:15:40:46 +0800] "OPTIONS /wp-json/wp/v2/settings?_locale=user HTTP/1.1" 200 1287 "http://cqqizhou.com/wp-admin/post.php?post=2388&action=edit" "Mozilla/5.0 (Windows NT 10.0; Win64; x64) AppleWebKit/537.36 (KHTML, like Gecko) Chrome/142.0.0.0 Safari/537.36 Edg/142.0.0.0"
14.108.234.20 - - [25/Dec/2025:15:40:47 +0800] "GET /wp-json/wp/v2/taxonomies?context=edit&per_page=100&_locale=user HTTP/1.1" 200 1755 "http://cqqizhou.com/wp-admin/post.php?post=2388&action=edit" "Mozilla/5.0 (Windows NT 10.0; Win64; x64) AppleWebKit/537.36 (KHTML, like Gecko) Chrome/142.0.0.0 Safari/537.36 Edg/142.0.0.0"
14.108.234.20 - - [25/Dec/2025:15:40:47 +0800] "GET /wp-json/wp/v2/blocks?context=edit&per_page=100&page=1&_locale=user HTTP/1.1" 200 33 "http://cqqizhou.com/wp-admin/post.php?post=2388&action=edit" "Mozilla/5.0 (Windows NT 10.0; Win64; x64) AppleWebKit/537.36 (KHTML, like Gecko) Chrome/142.0.0.0 Safari/537.36 Edg/142.0.0.0"
14.108.234.20 - - [25/Dec/2025:15:40:47 +0800] "GET /wp-json/wp/v2/media/2394?context=view&_locale=user HTTP/1.1" 200 1019 "http://cqqizhou.com/wp-admin/post.php?post=2388&action=edit" "Mozilla/5.0 (Windows NT 10.0; Win64; x64) AppleWebKit/537.36 (KHTML, like Gecko) Chrome/142.0.0.0 Safari/537.36 Edg/142.0.0.0"
14.108.234.20 - - [25/Dec/2025:15:40:47 +0800] "OPTIONS /wp-json/wp/v2/posts?_locale=user HTTP/1.1" 200 2962 "http://cqqizhou.com/wp-admin/post.php?post=2388&action=edit" "Mozilla/5.0 (Windows NT 10.0; Win64; x64) AppleWebKit/537.36 (KHTML, like Gecko) Chrome/142.0.0.0 Safari/537.36 Edg/142.0.0.0"
14.108.234.20 - - [25/Dec/2025:15:40:47 +0800] "GET /wp-json/wp/v2/users/1?context=view&_fields=id%2Cname&_locale=user HTTP/1.1" 200 54 "http://cqqizhou.com/wp-admin/post.php?post=2388&action=edit" "Mozilla/5.0 (Windows NT 10.0; Win64; x64) AppleWebKit/537.36 (KHTML, like Gecko) Chrome/142.0.0.0 Safari/537.36 Edg/142.0.0.0"
14.108.234.20 - - [25/Dec/2025:15:40:47 +0800] "GET /wp-content/uploads/2025/12/1766647832-Article_images_W900%C3%97500px20251225-150x150.webp HTTP/1.1" 304 0 "http://cqqizhou.com/wp-admin/post.php?post=2388&action=edit" "Mozilla/5.0 (Windows NT 10.0; Win64; x64) AppleWebKit/537.36 (KHTML, like Gecko) Chrome/142.0.0.0 Safari/537.36 Edg/142.0.0.0"
14.108.234.20 - - [25/Dec/2025:15:40:47 +0800] "GET /wp-json/wp/v2/wp_pattern_category?context=view&per_page=100&_fields=id%2Cname%2Cdescription%2Cslug&_locale=user HTTP/1.1" 200 33 "http://cqqizhou.com/wp-admin/post.php?post=2388&action=edit" "Mozilla/5.0 (Windows NT 10.0; Win64; x64) AppleWebKit/537.36 (KHTML, like Gecko) Chrome/142.0.0.0 Safari/537.36 Edg/142.0.0.0"
14.108.234.20 - - [25/Dec/2025:15:40:47 +0800] "GET /wp-json/wp/v2/tags?context=view&per_page=10&orderby=count&order=desc&hide_empty=true&_fields=id%2Cname%2Ccount&_locale=user HTTP/1.1" 200 33 "http://cqqizhou.com/wp-admin/post.php?post=2388&action=edit" "Mozilla/5.0 (Windows NT 10.0; Win64; x64) AppleWebKit/537.36 (KHTML, like Gecko) Chrome/142.0.0.0 Safari/537.36 Edg/142.0.0.0"
14.108.234.20 - - [25/Dec/2025:15:40:47 +0800] "GET /wp-json/wp/v2/pages/1665?context=edit&_locale=user HTTP/1.1" 200 763 "http://cqqizhou.com/wp-admin/post.php?post=2388&action=edit" "Mozilla/5.0 (Windows NT 10.0; Win64; x64) AppleWebKit/537.36 (KHTML, like Gecko) Chrome/142.0.0.0 Safari/537.36 Edg/142.0.0.0"
14.108.234.20 - - [25/Dec/2025:15:40:47 +0800] "GET /wp-json/wp/v2/categories?context=view&per_page=100&orderby=name&order=asc&_fields=id%2Cname%2Cparent&_locale=user HTTP/1.1" 200 158 "http://cqqizhou.com/wp-admin/post.php?post=2388&action=edit" "Mozilla/5.0 (Windows NT 10.0; Win64; x64) AppleWebKit/537.36 (KHTML, like Gecko) Chrome/142.0.0.0 Safari/537.36 Edg/142.0.0.0"
111.221.44.25 - - [25/Dec/2025:15:40:51 +0800] "POST /wp-login.php HTTP/1.1" 200 2886 "http://cqqizhou.com/wp-login.php" "Mozilla/5.0 (Macintosh; Intel Mac OS X 10_15_7) AppleWebKit/605.1.15 (KHTML, like Gecko) Version/17.1 Safari/605.1.15"
14.108.234.20 - - [25/Dec/2025:15:40:53 +0800] "OPTIONS /wp-json/wp/v2/posts/?context=edit&_locale=user HTTP/1.1" 200 2962 "http://cqqizhou.com/wp-admin/post.php?post=2388&action=edit" "Mozilla/5.0 (Windows NT 10.0; Win64; x64) AppleWebKit/537.36 (KHTML, like Gecko) Chrome/142.0.0.0 Safari/537.36 Edg/142.0.0.0"
14.108.234.20 - - [25/Dec/2025:15:40:56 +0800] "POST /wp-admin/admin-ajax.php HTTP/1.1" 200 112 "http://cqqizhou.com/wp-admin/post.php?post=2388&action=edit" "Mozilla/5.0 (Windows NT 10.0; Win64; x64) AppleWebKit/537.36 (KHTML, like Gecko) Chrome/142.0.0.0 Safari/537.36 Edg/142.0.0.0"
14.108.234.20 - - [25/Dec/2025:15:40:58 +0800] "POST /wp-json/wp/v2/posts/2388?_locale=user HTTP/1.1" 200 3106 "http://cqqizhou.com/wp-admin/post.php?post=2388&action=edit" "Mozilla/5.0 (Windows NT 10.0; Win64; x64) AppleWebKit/537.36 (KHTML, like Gecko) Chrome/142.0.0.0 Safari/537.36 Edg/142.0.0.0"
14.108.234.20 - - [25/Dec/2025:15:40:58 +0800] "POST /wp-admin/post.php?post=2388&action=edit&meta-box-loader=1&meta-box-loader-nonce=2be1439687&_locale=user HTTP/1.1" 302 5 "http://cqqizhou.com/wp-admin/post.php?post=2388&action=edit" "Mozilla/5.0 (Windows NT 10.0; Win64; x64) AppleWebKit/537.36 (KHTML, like Gecko) Chrome/142.0.0.0 Safari/537.36 Edg/142.0.0.0"
14.108.234.20 - - [25/Dec/2025:15:40:59 +0800] "GET /wp-admin/post.php?post=2388&action=edit&message=4 HTTP/1.1" 200 195143 "http://cqqizhou.com/wp-admin/post.php?post=2388&action=edit" "Mozilla/5.0 (Windows NT 10.0; Win64; x64) AppleWebKit/537.36 (KHTML, like Gecko) Chrome/142.0.0.0 Safari/537.36 Edg/142.0.0.0"
14.108.234.20 - - [25/Dec/2025:15:41:06 +0800] "POST /wp-admin/admin-ajax.php HTTP/1.1" 200 112 "http://cqqizhou.com/wp-admin/post.php?post=2388&action=edit" "Mozilla/5.0 (Windows NT 10.0; Win64; x64) AppleWebKit/537.36 (KHTML, like Gecko) Chrome/142.0.0.0 Safari/537.36 Edg/142.0.0.0"
111.221.44.25 - - [25/Dec/2025:15:41:10 +0800] "POST /wp-login.php HTTP/1.1" 200 2886 "http://cqqizhou.com/wp-login.php" "Mozilla/5.0 (Macintosh; Intel Mac OS X 10_15_7) AppleWebKit/537.36 (KHTML, like Gecko) Chrome/118.0.0.0 Safari/537.36"
14.108.234.20 - - [25/Dec/2025:15:41:14 +0800] "POST /wp-admin/admin-ajax.php HTTP/1.1" 200 112 "http://cqqizhou.com/wp-admin/post.php?post=2388&action=edit" "Mozilla/5.0 (Windows NT 10.0; Win64; x64) AppleWebKit/537.36 (KHTML, like Gecko) Chrome/142.0.0.0 Safari/537.36 Edg/142.0.0.0"
14.108.234.20 - - [25/Dec/2025:15:41:16 +0800] "POST /wp-admin/admin-ajax.php HTTP/1.1" 200 112 "http://cqqizhou.com/wp-admin/post.php?post=2388&action=edit" "Mozilla/5.0 (Windows NT 10.0; Win64; x64) AppleWebKit/537.36 (KHTML, like Gecko) Chrome/142.0.0.0 Safari/537.36 Edg/142.0.0.0"
14.108.234.20 - - [25/Dec/2025:15:41:21 +0800] "GET /2388/ HTTP/1.1" 200 28824 "http://cqqizhou.com/wp-admin/post.php?post=2388&action=edit" "Mozilla/5.0 (Windows NT 10.0; Win64; x64) AppleWebKit/537.36 (KHTML, like Gecko) Chrome/142.0.0.0 Safari/537.36 Edg/142.0.0.0"
14.108.234.20 - - [25/Dec/2025:15:41:21 +0800] "GET /wp-content/uploads/2025/12/1766647832-Article_images_W900%C3%97500px20251225.webp HTTP/1.1" 304 0 "http://cqqizhou.com/2388/" "Mozilla/5.0 (Windows NT 10.0; Win64; x64) AppleWebKit/537.36 (KHTML, like Gecko) Chrome/142.0.0.0 Safari/537.36 Edg/142.0.0.0"
111.221.44.25 - - [25/Dec/2025:15:41:25 +0800] "POST /wp-login.php HTTP/1.1" 200 2886 "http://cqqizhou.com/wp-login.php" "Mozilla/5.0 (Macintosh; Intel Mac OS X 13_6_1) AppleWebKit/537.36 (KHTML, like Gecko) Chrome/121.0.0.0 Safari/537.36"
14.108.234.20 - - [25/Dec/2025:15:41:27 +0800] "POST /wp-admin/admin-ajax.php HTTP/1.1" 200 112 "http://cqqizhou.com/wp-admin/post.php?post=2388&action=edit" "Mozilla/5.0 (Windows NT 10.0; Win64; x64) AppleWebKit/537.36 (KHTML, like Gecko) Chrome/142.0.0.0 Safari/537.36 Edg/142.0.0.0"
36.133.115.36 - - [25/Dec/2025:15:41:46 +0800] "POST /wp-cron.php?doing_wp_cron=1766648506.5769600868225097656250 HTTP/1.1" 200 31 "-" "WordPress/6.8.3; http://cqqizhou.com"
111.221.44.25 - - [25/Dec/2025:15:41:46 +0800] "POST /wp-login.php HTTP/1.1" 200 2970 "http://cqqizhou.com/wp-login.php" "Mozilla/5.0 (Windows NT 11.0; Win64; x64; rv:118.0) Gecko/20100101 Firefox/118.0"
14.108.234.20 - - [25/Dec/2025:15:41:49 +0800] "POST /wp-admin/admin-ajax.php HTTP/1.1" 200 112 "http://cqqizhou.com/wp-admin/post.php?post=2388&action=edit" "Mozilla/5.0 (Windows NT 10.0; Win64; x64) AppleWebKit/537.36 (KHTML, like Gecko) Chrome/142.0.0.0 Safari/537.36 Edg/142.0.0.0"
14.108.234.20 - - [25/Dec/2025:15:41:59 +0800] "POST /wp-admin/admin-ajax.php HTTP/1.1" 200 112 "http://cqqizhou.com/wp-admin/post.php?post=2388&action=edit" "Mozilla/5.0 (Windows NT 10.0; Win64; x64) AppleWebKit/537.36 (KHTML, like Gecko) Chrome/142.0.0.0 Safari/537.36 Edg/142.0.0.0"
111.221.44.25 - - [25/Dec/2025:15:42:07 +0800] "POST /wp-login.php HTTP/1.1" 200 2969 "http://cqqizhou.com/wp-login.php" "Mozilla/5.0 (Macintosh; Intel Mac OS X 10_15_7; rv:119.0) Gecko/20100101 Firefox/119.0"
14.108.234.20 - - [25/Dec/2025:15:42:09 +0800] "POST /wp-admin/admin-ajax.php HTTP/1.1" 200 112 "http://cqqizhou.com/wp-admin/post.php?post=2388&action=edit" "Mozilla/5.0 (Windows NT 10.0; Win64; x64) AppleWebKit/537.36 (KHTML, like Gecko) Chrome/142.0.0.0 Safari/537.36 Edg/142.0.0.0"
36.133.115.36 - - [25/Dec/2025:15:42:46 +0800] "POST /wp-cron.php?doing_wp_cron=1766648566.4194700717926025390625 HTTP/1.1" 200 31 "-" "WordPress/6.8.3; http://cqqizhou.com"
111.221.44.25 - - [25/Dec/2025:15:42:46 +0800] "POST /wp-login.php HTTP/1.1" 200 2971 "http://cqqizhou.com/wp-login.php" "Mozilla/5.0 (Windows NT 10.0; Win64; x64) AppleWebKit/537.36 (KHTML, like Gecko) Chrome/119.0.0.0 Safari/537.36"
14.108.234.20 - - [25/Dec/2025:15:42:47 +0800] "POST /wp-json/wp/v2/posts/2388/autosaves?_locale=user HTTP/1.1" 200 2545 "http://cqqizhou.com/wp-admin/post.php?post=2388&action=edit" "Mozilla/5.0 (Windows NT 10.0; Win64; x64) AppleWebKit/537.36 (KHTML, like Gecko) Chrome/142.0.0.0 Safari/537.36 Edg/142.0.0.0"
14.108.234.20 - - [25/Dec/2025:15:43:15 +0800] "POST /wp-admin/admin-ajax.php HTTP/1.1" 200 112 "http://cqqizhou.com/wp-admin/post.php?post=2388&action=edit" "Mozilla/5.0 (Windows NT 10.0; Win64; x64) AppleWebKit/537.36 (KHTML, like Gecko) Chrome/142.0.0.0 Safari/537.36 Edg/142.0.0.0"
111.221.44.25 - - [25/Dec/2025:15:43:18 +0800] "POST /wp-login.php HTTP/1.1" 200 2915 "http://cqqizhou.com/wp-login.php" "Mozilla/5.0 (Windows NT 11.0; Win64; x64) AppleWebKit/537.36 (KHTML, like Gecko) Chrome/119.0.0.0 Safari/537.36"
111.221.44.25 - - [25/Dec/2025:15:43:34 +0800] "POST /wp-login.php HTTP/1.1" 200 2969 "http://cqqizhou.com/wp-login.php" "Mozilla/5.0 (Macintosh; Intel Mac OS X 13_6_1) AppleWebKit/605.1.15 (KHTML, like Gecko) Version/17.2 Safari/605.1.15"
36.133.115.36 - - [25/Dec/2025:15:44:02 +0800] "POST /wp-cron.php?doing_wp_cron=1766648642.5768179893493652343750 HTTP/1.1" 200 31 "-" "WordPress/6.8.3; http://cqqizhou.com"
111.221.44.25 - - [25/Dec/2025:15:44:02 +0800] "POST /wp-login.php HTTP/1.1" 200 2915 "http://cqqizhou.com/wp-login.php" "Mozilla/5.0 (Macintosh; Intel Mac OS X 10_15_7; rv:121.0) Gecko/20100101 Firefox/121.0"
14.108.234.20 - - [25/Dec/2025:15:44:10 +0800] "POST /wp-admin/admin-ajax.php HTTP/1.1" 200 112 "http://cqqizhou.com/wp-admin/post.php?post=2388&action=edit" "Mozilla/5.0 (Windows NT 10.0; Win64; x64) AppleWebKit/537.36 (KHTML, like Gecko) Chrome/142.0.0.0 Safari/537.36 Edg/142.0.0.0"
14.108.232.179 - - [25/Dec/2025:15:44:33 +0800] "GET /2388/ HTTP/1.1" 200 24473 "-" "Mozilla/5.0 (Windows NT 10.0; Win64; x64) AppleWebKit/537.36 (KHTML, like Gecko) Chrome/132.0.0.0 Safari/537.36 NetType/WIFI MicroMessenger/7.0.20.1781(0x6700143B) WindowsWechat(0x63090a13) UnifiedPCWindowsWechat(0xf254160e) XWEB/18055 Flue"
14.108.232.179 - - [25/Dec/2025:15:44:33 +0800] "GET /wp-content/uploads/2025/12/1766647832-Article_images_W900%C3%97500px20251225.webp HTTP/1.1" 304 0 "http://cqqizhou.com/2388/" "Mozilla/5.0 (Windows NT 10.0; Win64; x64) AppleWebKit/537.36 (KHTML, like Gecko) Chrome/132.0.0.0 Safari/537.36 NetType/WIFI MicroMessenger/7.0.20.1781(0x6700143B) WindowsWechat(0x63090a13) UnifiedPCWindowsWechat(0xf254160e) XWEB/18055 Flue"
14.108.232.179 - - [25/Dec/2025:15:44:33 +0800] "GET /wp-content/uploads/2025/12/1766647831-Article_images_202512254.webp HTTP/1.1" 304 0 "http://cqqizhou.com/2388/" "Mozilla/5.0 (Windows NT 10.0; Win64; x64) AppleWebKit/537.36 (KHTML, like Gecko) Chrome/132.0.0.0 Safari/537.36 NetType/WIFI MicroMessenger/7.0.20.1781(0x6700143B) WindowsWechat(0x63090a13) UnifiedPCWindowsWechat(0xf254160e) XWEB/18055 Flue"
14.108.232.179 - - [25/Dec/2025:15:44:33 +0800] "GET /wp-content/uploads/2025/12/1766647829-Article_images_202512251.webp HTTP/1.1" 304 0 "http://cqqizhou.com/2388/" "Mozilla/5.0 (Windows NT 10.0; Win64; x64) AppleWebKit/537.36 (KHTML, like Gecko) Chrome/132.0.0.0 Safari/537.36 NetType/WIFI MicroMessenger/7.0.20.1781(0x6700143B) WindowsWechat(0x63090a13) UnifiedPCWindowsWechat(0xf254160e) XWEB/18055 Flue"
14.108.232.179 - - [25/Dec/2025:15:44:34 +0800] "GET /wp-content/uploads/2025/12/1766647831-Article_images_202512253.webp HTTP/1.1" 304 0 "http://cqqizhou.com/2388/" "Mozilla/5.0 (Windows NT 10.0; Win64; x64) AppleWebKit/537.36 (KHTML, like Gecko) Chrome/132.0.0.0 Safari/537.36 NetType/WIFI MicroMessenger/7.0.20.1781(0x6700143B) WindowsWechat(0x63090a13) UnifiedPCWindowsWechat(0xf254160e) XWEB/18055 Flue"
14.108.232.179 - - [25/Dec/2025:15:44:34 +0800] "POST /wp-admin/admin-ajax.php HTTP/1.1" 200 553 "http://cqqizhou.com/2388/" "Mozilla/5.0 (Windows NT 10.0; Win64; x64) AppleWebKit/537.36 (KHTML, like Gecko) Chrome/132.0.0.0 Safari/537.36 NetType/WIFI MicroMessenger/7.0.20.1781(0x6700143B) WindowsWechat(0x63090a13) UnifiedPCWindowsWechat(0xf254160e) XWEB/18055 Flue"
14.108.232.179 - - [25/Dec/2025:15:44:35 +0800] "GET /wp-content/uploads/2025/12/1766647830-Article_images_202512252.webp HTTP/1.1" 304 0 "http://cqqizhou.com/2388/" "Mozilla/5.0 (Windows NT 10.0; Win64; x64) AppleWebKit/537.36 (KHTML, like Gecko) Chrome/132.0.0.0 Safari/537.36 NetType/WIFI MicroMessenger/7.0.20.1781(0x6700143B) WindowsWechat(0x63090a13) UnifiedPCWindowsWechat(0xf254160e) XWEB/18055 Flue"
14.108.234.20 - - [25/Dec/2025:15:44:43 +0800] "POST /wp-admin/admin-ajax.php HTTP/1.1" 200 112 "http://cqqizhou.com/wp-admin/post.php?post=2388&action=edit" "Mozilla/5.0 (Windows NT 10.0; Win64; x64) AppleWebKit/537.36 (KHTML, like Gecko) Chrome/142.0.0.0 Safari/537.36 Edg/142.0.0.0"
36.133.115.36 - - [25/Dec/2025:15:44:53 +0800] "POST /wp-cron.php?doing_wp_cron=1766648693.5950689315795898437500 HTTP/1.1" 200 31 "-" "WordPress/6.8.3; http://cqqizhou.com"
14.108.234.20 - - [25/Dec/2025:15:44:53 +0800] "POST /wp-admin/admin-ajax.php HTTP/1.1" 200 112 "http://cqqizhou.com/wp-admin/post.php?post=2388&action=edit" "Mozilla/5.0 (Windows NT 10.0; Win64; x64) AppleWebKit/537.36 (KHTML, like Gecko) Chrome/142.0.0.0 Safari/537.36 Edg/142.0.0.0"
14.108.234.20 - - [25/Dec/2025:15:44:53 +0800] "POST /wp-admin/admin-ajax.php HTTP/1.1" 200 32 "http://cqqizhou.com/wp-admin/post.php?post=2388&action=edit" "Mozilla/5.0 (Windows NT 10.0; Win64; x64) AppleWebKit/537.36 (KHTML, like Gecko) Chrome/142.0.0.0 Safari/537.36 Edg/142.0.0.0"
111.221.44.25 - - [25/Dec/2025:15:44:56 +0800] "POST /wp-login.php HTTP/1.1" 200 2974 "http://cqqizhou.com/wp-login.php" "Mozilla/5.0 (Macintosh; Intel Mac OS X 10_15_7) AppleWebKit/537.36 (KHTML, like Gecko) Chrome/119.0.0.0 Safari/537.36"
14.108.234.20 - - [25/Dec/2025:15:45:03 +0800] "POST /wp-admin/admin-ajax.php HTTP/1.1" 200 112 "http://cqqizhou.com/wp-admin/post.php?post=2388&action=edit" "Mozilla/5.0 (Windows NT 10.0; Win64; x64) AppleWebKit/537.36 (KHTML, like Gecko) Chrome/142.0.0.0 Safari/537.36 Edg/142.0.0.0"
14.108.234.20 - - [25/Dec/2025:15:45:06 +0800] "POST /wp-json/wp/v2/posts/2388/autosaves?_locale=user HTTP/1.1" 200 2545 "http://cqqizhou.com/wp-admin/post.php?post=2388&action=edit" "Mozilla/5.0 (Windows NT 10.0; Win64; x64) AppleWebKit/537.36 (KHTML, like Gecko) Chrome/142.0.0.0 Safari/537.36 Edg/142.0.0.0"
14.108.234.20 - - [25/Dec/2025:15:45:07 +0800] "GET /2388/?preview_id=2388&preview_nonce=25f01333e4&preview=true&_thumbnail_id=2394 HTTP/1.1" 200 29003 "http://cqqizhou.com/wp-admin/post.php?post=2388&action=edit" "Mozilla/5.0 (Windows NT 10.0; Win64; x64) AppleWebKit/537.36 (KHTML, like Gecko) Chrome/142.0.0.0 Safari/537.36 Edg/142.0.0.0"
14.108.234.20 - - [25/Dec/2025:15:45:07 +0800] "GET /wp-content/uploads/2025/12/1766647832-Article_images_W900%C3%97500px20251225.webp HTTP/1.1" 304 0 "http://cqqizhou.com/2388/?preview_id=2388&preview_nonce=25f01333e4&preview=true&_thumbnail_id=2394" "Mozilla/5.0 (Windows NT 10.0; Win64; x64) AppleWebKit/537.36 (KHTML, like Gecko) Chrome/142.0.0.0 Safari/537.36 Edg/142.0.0.0"
14.108.234.20 - - [25/Dec/2025:15:45:07 +0800] "GET /wp-content/uploads/2025/12/1766647829-Article_images_202512251.webp HTTP/1.1" 304 0 "http://cqqizhou.com/2388/?preview_id=2388&preview_nonce=25f01333e4&preview=true&_thumbnail_id=2394" "Mozilla/5.0 (Windows NT 10.0; Win64; x64) AppleWebKit/537.36 (KHTML, like Gecko) Chrome/142.0.0.0 Safari/537.36 Edg/142.0.0.0"
14.108.234.20 - - [25/Dec/2025:15:45:07 +0800] "GET /wp-content/uploads/2025/12/1766647831-Article_images_202512254.webp HTTP/1.1" 304 0 "http://cqqizhou.com/2388/?preview_id=2388&preview_nonce=25f01333e4&preview=true&_thumbnail_id=2394" "Mozilla/5.0 (Windows NT 10.0; Win64; x64) AppleWebKit/537.36 (KHTML, like Gecko) Chrome/142.0.0.0 Safari/537.36 Edg/142.0.0.0"
14.108.234.20 - - [25/Dec/2025:15:45:09 +0800] "GET /wp-content/uploads/2025/12/1766647831-Article_images_202512253.webp HTTP/1.1" 304 0 "http://cqqizhou.com/2388/?preview_id=2388&preview_nonce=25f01333e4&preview=true&_thumbnail_id=2394" "Mozilla/5.0 (Windows NT 10.0; Win64; x64) AppleWebKit/537.36 (KHTML, like Gecko) Chrome/142.0.0.0 Safari/537.36 Edg/142.0.0.0"
14.108.234.20 - - [25/Dec/2025:15:45:09 +0800] "GET /wp-content/uploads/2025/12/1766647830-Article_images_202512252.webp HTTP/1.1" 304 0 "http://cqqizhou.com/2388/?preview_id=2388&preview_nonce=25f01333e4&preview=true&_thumbnail_id=2394" "Mozilla/5.0 (Windows NT 10.0; Win64; x64) AppleWebKit/537.36 (KHTML, like Gecko) Chrome/142.0.0.0 Safari/537.36 Edg/142.0.0.0"
14.108.234.20 - - [25/Dec/2025:15:45:14 +0800] "POST /wp-admin/admin-ajax.php HTTP/1.1" 200 112 "http://cqqizhou.com/wp-admin/post.php?post=2388&action=edit" "Mozilla/5.0 (Windows NT 10.0; Win64; x64) AppleWebKit/537.36 (KHTML, like Gecko) Chrome/142.0.0.0 Safari/537.36 Edg/142.0.0.0"
39.144.224.56 - - [25/Dec/2025:15:45:16 +0800] "GET /2388/ HTTP/1.1" 200 20480 "-" "Mozilla/5.0 (Linux; Android 15; MAA-AN00 Build/HONORMAA-AN00; wv) AppleWebKit/537.36 (KHTML, like Gecko) Version/4.0 Chrome/142.0.7444.173 Mobile Safari/537.36 XWEB/1420113 MMWEBSDK/20251006 MMWEBID/3399 MicroMessenger/8.0.66.2980(0x2800423E) WeChat/arm64 Weixin NetType/4G Language/zh_CN ABI/arm64"
39.144.224.56 - - [25/Dec/2025:15:45:16 +0800] "GET /wp-content/uploads/2025/12/1766647832-Article_images_W900%C3%97500px20251225.webp HTTP/1.1" 200 44582 "http://cqqizhou.com/2388/" "Mozilla/5.0 (Linux; Android 15; MAA-AN00 Build/HONORMAA-AN00; wv) AppleWebKit/537.36 (KHTML, like Gecko) Version/4.0 Chrome/142.0.7444.173 Mobile Safari/537.36 XWEB/1420113 MMWEBSDK/20251006 MMWEBID/3399 MicroMessenger/8.0.66.2980(0x2800423E) WeChat/arm64 Weixin NetType/4G Language/zh_CN ABI/arm64"
39.144.224.56 - - [25/Dec/2025:15:45:16 +0800] "GET /wp-content/uploads/2025/12/1766647829-Article_images_202512251.webp HTTP/1.1" 200 53246 "http://cqqizhou.com/2388/" "Mozilla/5.0 (Linux; Android 15; MAA-AN00 Build/HONORMAA-AN00; wv) AppleWebKit/537.36 (KHTML, like Gecko) Version/4.0 Chrome/142.0.7444.173 Mobile Safari/537.36 XWEB/1420113 MMWEBSDK/20251006 MMWEBID/3399 MicroMessenger/8.0.66.2980(0x2800423E) WeChat/arm64 Weixin NetType/4G Language/zh_CN ABI/arm64"
39.144.224.56 - - [25/Dec/2025:15:45:17 +0800] "GET /wp-content/uploads/2025/12/1766647831-Article_images_202512254.webp HTTP/1.1" 200 55610 "http://cqqizhou.com/2388/" "Mozilla/5.0 (Linux; Android 15; MAA-AN00 Build/HONORMAA-AN00; wv) AppleWebKit/537.36 (KHTML, like Gecko) Version/4.0 Chrome/142.0.7444.173 Mobile Safari/537.36 XWEB/1420113 MMWEBSDK/20251006 MMWEBID/3399 MicroMessenger/8.0.66.2980(0x2800423E) WeChat/arm64 Weixin NetType/4G Language/zh_CN ABI/arm64"
39.144.224.56 - - [25/Dec/2025:15:45:17 +0800] "GET /wp-content/uploads/2025/12/1766064629-Article_images_20251218212623.webp HTTP/1.1" 200 20366 "http://cqqizhou.com/2388/" "Mozilla/5.0 (Linux; Android 15; MAA-AN00 Build/HONORMAA-AN00; wv) AppleWebKit/537.36 (KHTML, like Gecko) Version/4.0 Chrome/142.0.7444.173 Mobile Safari/537.36 XWEB/1420113 MMWEBSDK/20251006 MMWEBID/3399 MicroMessenger/8.0.66.2980(0x2800423E) WeChat/arm64 Weixin NetType/4G Language/zh_CN ABI/arm64"
39.144.224.56 - - [25/Dec/2025:15:45:17 +0800] "GET /wp-content/uploads/2025/12/1765891153-Article20251216211543.webp HTTP/1.1" 200 43108 "http://cqqizhou.com/2388/" "Mozilla/5.0 (Linux; Android 15; MAA-AN00 Build/HONORMAA-AN00; wv) AppleWebKit/537.36 (KHTML, like Gecko) Version/4.0 Chrome/142.0.7444.173 Mobile Safari/537.36 XWEB/1420113 MMWEBSDK/20251006 MMWEBID/3399 MicroMessenger/8.0.66.2980(0x2800423E) WeChat/arm64 Weixin NetType/4G Language/zh_CN ABI/arm64"
39.144.224.56 - - [25/Dec/2025:15:45:17 +0800] "GET /wp-content/uploads/2025/07/1753410289-News2000%C3%97400_202571.webp HTTP/1.1" 200 17830 "http://cqqizhou.com/2388/" "Mozilla/5.0 (Linux; Android 15; MAA-AN00 Build/HONORMAA-AN00; wv) AppleWebKit/537.36 (KHTML, like Gecko) Version/4.0 Chrome/142.0.7444.173 Mobile Safari/537.36 XWEB/1420113 MMWEBSDK/20251006 MMWEBID/3399 MicroMessenger/8.0.66.2980(0x2800423E) WeChat/arm64 Weixin NetType/4G Language/zh_CN ABI/arm64"
39.144.224.56 - - [25/Dec/2025:15:45:17 +0800] "GET /wp-content/uploads/2025/07/1751425283-qizhou.kf_.qq_.com_.webp HTTP/1.1" 200 16864 "http://cqqizhou.com/2388/" "Mozilla/5.0 (Linux; Android 15; MAA-AN00 Build/HONORMAA-AN00; wv) AppleWebKit/537.36 (KHTML, like Gecko) Version/4.0 Chrome/142.0.7444.173 Mobile Safari/537.36 XWEB/1420113 MMWEBSDK/20251006 MMWEBID/3399 MicroMessenger/8.0.66.2980(0x2800423E) WeChat/arm64 Weixin NetType/4G Language/zh_CN ABI/arm64"
39.144.224.56 - - [25/Dec/2025:15:45:17 +0800] "GET /wp-content/uploads/2025/12/1766647831-Article_images_202512253.webp HTTP/1.1" 200 115480 "http://cqqizhou.com/2388/" "Mozilla/5.0 (Linux; Android 15; MAA-AN00 Build/HONORMAA-AN00; wv) AppleWebKit/537.36 (KHTML, like Gecko) Version/4.0 Chrome/142.0.7444.173 Mobile Safari/537.36 XWEB/1420113 MMWEBSDK/20251006 MMWEBID/3399 MicroMessenger/8.0.66.2980(0x2800423E) WeChat/arm64 Weixin NetType/4G Language/zh_CN ABI/arm64"
39.144.224.56 - - [25/Dec/2025:15:45:17 +0800] "GET /wp-content/uploads/2025/12/1766647830-Article_images_202512252.webp HTTP/1.1" 200 84832 "http://cqqizhou.com/2388/" "Mozilla/5.0 (Linux; Android 15; MAA-AN00 Build/HONORMAA-AN00; wv) AppleWebKit/537.36 (KHTML, like Gecko) Version/4.0 Chrome/142.0.7444.173 Mobile Safari/537.36 XWEB/1420113 MMWEBSDK/20251006 MMWEBID/3399 MicroMessenger/8.0.66.2980(0x2800423E) WeChat/arm64 Weixin NetType/4G Language/zh_CN ABI/arm64"
111.221.44.25 - - [25/Dec/2025:15:45:22 +0800] "POST /wp-login.php HTTP/1.1" 200 2886 "http://cqqizhou.com/wp-login.php" "Mozilla/5.0 (Windows NT 10.0; Win64; x64) AppleWebKit/537.36 (KHTML, like Gecko) Chrome/119.0.0.0 Safari/537.36"
14.108.234.20 - - [25/Dec/2025:15:45:24 +0800] "POST /wp-admin/admin-ajax.php HTTP/1.1" 200 112 "http://cqqizhou.com/wp-admin/post.php?post=2388&action=edit" "Mozilla/5.0 (Windows NT 10.0; Win64; x64) AppleWebKit/537.36 (KHTML, like Gecko) Chrome/142.0.0.0 Safari/537.36 Edg/142.0.0.0"
14.108.234.20 - - [25/Dec/2025:15:45:27 +0800] "POST /wp-admin/admin-ajax.php HTTP/1.1" 200 32 "http://cqqizhou.com/wp-admin/post.php?post=2388&action=edit" "Mozilla/5.0 (Windows NT 10.0; Win64; x64) AppleWebKit/537.36 (KHTML, like Gecko) Chrome/142.0.0.0 Safari/537.36 Edg/142.0.0.0"
36.133.115.36 - - [25/Dec/2025:15:46:04 +0800] "POST /wp-cron.php?doing_wp_cron=1766648764.8845000267028808593750 HTTP/1.1" 200 31 "-" "WordPress/6.8.3; http://cqqizhou.com"
111.221.44.25 - - [25/Dec/2025:15:46:04 +0800] "POST /wp-login.php HTTP/1.1" 200 2967 "http://cqqizhou.com/wp-login.php" "Mozilla/5.0 (Windows NT 10.0; Win64; x64; rv:119.0) Gecko/20100101 Firefox/119.0"
204.76.203.212 - - [25/Dec/2025:15:46:05 +0800] "GET / HTTP/1.1" 200 33677 "-" "Mozilla/5.0 (Windows NT 10.0; Win64; x64) AppleWebKit/537.36 (KHTML, like Gecko) Chrome/90.0.4430.85 Safari/537.36 Edg/90.0.818.46"
111.221.44.25 - - [25/Dec/2025:15:46:21 +0800] "POST /wp-login.php HTTP/1.1" 200 2967 "http://cqqizhou.com/wp-login.php" "Mozilla/5.0 (Windows NT 11.0; Win64; x64) AppleWebKit/537.36 (KHTML, like Gecko) Chrome/118.0.0.0 Safari/537.36"
14.108.234.20 - - [25/Dec/2025:15:46:21 +0800] "GET /news/ HTTP/1.1" 200 28013 "http://cqqizhou.com/2388/" "Mozilla/5.0 (Windows NT 10.0; Win64; x64) AppleWebKit/537.36 (KHTML, like Gecko) Chrome/142.0.0.0 Safari/537.36 Edg/142.0.0.0"
14.108.234.20 - - [25/Dec/2025:15:46:21 +0800] "GET /wp-content/uploads/2025/12/1766647832-Article_images_W900%C3%97500px20251225.webp HTTP/1.1" 304 0 "http://cqqizhou.com/news/" "Mozilla/5.0 (Windows NT 10.0; Win64; x64) AppleWebKit/537.36 (KHTML, like Gecko) Chrome/142.0.0.0 Safari/537.36 Edg/142.0.0.0"
111.221.44.25 - - [25/Dec/2025:15:46:28 +0800] "POST /wp-login.php HTTP/1.1" 200 2969 "http://cqqizhou.com/wp-login.php" "Mozilla/5.0 (Macintosh; Intel Mac OS X 10_15_7) AppleWebKit/605.1.15 (KHTML, like Gecko) Version/16.6 Safari/605.1.15"
111.221.44.25 - - [25/Dec/2025:15:46:39 +0800] "POST /wp-login.php HTTP/1.1" 200 2970 "http://cqqizhou.com/wp-login.php" "Mozilla/5.0 (Macintosh; Intel Mac OS X 10_15_7; rv:118.0) Gecko/20100101 Firefox/118.0"
36.133.115.36 - - [25/Dec/2025:15:46:47 +0800] "POST /wp-cron.php?doing_wp_cron=1766648807.0990660190582275390625 HTTP/1.1" 200 31 "-" "WordPress/6.8.3; http://cqqizhou.com"
111.221.44.25 - - [25/Dec/2025:15:46:47 +0800] "POST /wp-login.php HTTP/1.1" 200 2915 "http://cqqizhou.com/wp-login.php" "Mozilla/5.0 (Windows NT 10.0; Win64; x64) AppleWebKit/537.36 (KHTML, like Gecko) Chrome/119.0.0.0 Safari/537.36"
14.108.232.179 - - [25/Dec/2025:15:46:47 +0800] "GET /2388/ HTTP/1.1" 304 0 "-" "Mozilla/5.0 (Windows NT 10.0; Win64; x64) AppleWebKit/537.36 (KHTML, like Gecko) Chrome/132.0.0.0 Safari/537.36 NetType/WIFI MicroMessenger/7.0.20.1781(0x6700143B) WindowsWechat(0x63090a13) UnifiedPCWindowsWechat(0xf254160e) XWEB/18055 Flue"
14.108.232.179 - - [25/Dec/2025:15:46:47 +0800] "GET /wp-content/uploads/2025/12/1766647832-Article_images_W900%C3%97500px20251225.webp HTTP/1.1" 304 0 "http://cqqizhou.com/2388/" "Mozilla/5.0 (Windows NT 10.0; Win64; x64) AppleWebKit/537.36 (KHTML, like Gecko) Chrome/132.0.0.0 Safari/537.36 NetType/WIFI MicroMessenger/7.0.20.1781(0x6700143B) WindowsWechat(0x63090a13) UnifiedPCWindowsWechat(0xf254160e) XWEB/18055 Flue"
14.108.232.179 - - [25/Dec/2025:15:46:47 +0800] "GET /wp-content/uploads/2025/12/1766647829-Article_images_202512251.webp HTTP/1.1" 304 0 "http://cqqizhou.com/2388/" "Mozilla/5.0 (Windows NT 10.0; Win64; x64) AppleWebKit/537.36 (KHTML, like Gecko) Chrome/132.0.0.0 Safari/537.36 NetType/WIFI MicroMessenger/7.0.20.1781(0x6700143B) WindowsWechat(0x63090a13) UnifiedPCWindowsWechat(0xf254160e) XWEB/18055 Flue"
14.108.232.179 - - [25/Dec/2025:15:46:47 +0800] "GET /wp-content/uploads/2025/12/1766647831-Article_images_202512254.webp HTTP/1.1" 304 0 "http://cqqizhou.com/2388/" "Mozilla/5.0 (Windows NT 10.0; Win64; x64) AppleWebKit/537.36 (KHTML, like Gecko) Chrome/132.0.0.0 Safari/537.36 NetType/WIFI MicroMessenger/7.0.20.1781(0x6700143B) WindowsWechat(0x63090a13) UnifiedPCWindowsWechat(0xf254160e) XWEB/18055 Flue"
14.108.232.179 - - [25/Dec/2025:15:46:48 +0800] "GET /wp-content/uploads/2025/12/1766647831-Article_images_202512253.webp HTTP/1.1" 304 0 "http://cqqizhou.com/2388/" "Mozilla/5.0 (Windows NT 10.0; Win64; x64) AppleWebKit/537.36 (KHTML, like Gecko) Chrome/132.0.0.0 Safari/537.36 NetType/WIFI MicroMessenger/7.0.20.1781(0x6700143B) WindowsWechat(0x63090a13) UnifiedPCWindowsWechat(0xf254160e) XWEB/18055 Flue"
14.108.232.179 - - [25/Dec/2025:15:46:48 +0800] "POST /wp-admin/admin-ajax.php HTTP/1.1" 200 116 "http://cqqizhou.com/2388/" "Mozilla/5.0 (Windows NT 10.0; Win64; x64) AppleWebKit/537.36 (KHTML, like Gecko) Chrome/132.0.0.0 Safari/537.36 NetType/WIFI MicroMessenger/7.0.20.1781(0x6700143B) WindowsWechat(0x63090a13) UnifiedPCWindowsWechat(0xf254160e) XWEB/18055 Flue"
14.108.232.179 - - [25/Dec/2025:15:46:52 +0800] "GET /wp-content/uploads/2025/12/1766647830-Article_images_202512252.webp HTTP/1.1" 304 0 "http://cqqizhou.com/2388/" "Mozilla/5.0 (Windows NT 10.0; Win64; x64) AppleWebKit/537.36 (KHTML, like Gecko) Chrome/132.0.0.0 Safari/537.36 NetType/WIFI MicroMessenger/7.0.20.1781(0x6700143B) WindowsWechat(0x63090a13) UnifiedPCWindowsWechat(0xf254160e) XWEB/18055 Flue"
111.221.44.25 - - [25/Dec/2025:15:46:58 +0800] "POST /wp-login.php HTTP/1.1" 200 2970 "http://cqqizhou.com/wp-login.php" "Mozilla/5.0 (X11; Linux x86_64) AppleWebKit/537.36 (KHTML, like Gecko) Chrome/121.0.0.0 Safari/537.36"
111.221.44.25 - - [25/Dec/2025:15:47:10 +0800] "POST /wp-login.php HTTP/1.1" 200 2915 "http://cqqizhou.com/wp-login.php" "Mozilla/5.0 (Macintosh; Intel Mac OS X 13_6_1; rv:119.0) Gecko/20100101 Firefox/119.0"
111.221.44.25 - - [25/Dec/2025:15:47:36 +0800] "POST /wp-login.php HTTP/1.1" 200 2969 "http://cqqizhou.com/wp-login.php" "Mozilla/5.0 (Windows NT 10.0; Win64; x64) AppleWebKit/537.36 (KHTML, like Gecko) Chrome/121.0.0.0 Safari/537.36"
14.108.232.179 - - [25/Dec/2025:15:47:41 +0800] "GET /2388/ HTTP/1.1" 200 24491 "-" "Mozilla/5.0 (Windows NT 10.0; Win64; x64) AppleWebKit/537.36 (KHTML, like Gecko) Chrome/132.0.0.0 Safari/537.36 NetType/WIFI MicroMessenger/7.0.20.1781(0x6700143B) WindowsWechat(0x63090a13) UnifiedPCWindowsWechat(0xf254160e) XWEB/18055 Flue"
14.108.232.179 - - [25/Dec/2025:15:47:41 +0800] "GET /wp-content/uploads/2025/12/1766647832-Article_images_W900%C3%97500px20251225.webp HTTP/1.1" 200 44582 "http://cqqizhou.com/2388/" "Mozilla/5.0 (Windows NT 10.0; Win64; x64) AppleWebKit/537.36 (KHTML, like Gecko) Chrome/132.0.0.0 Safari/537.36 NetType/WIFI MicroMessenger/7.0.20.1781(0x6700143B) WindowsWechat(0x63090a13) UnifiedPCWindowsWechat(0xf254160e) XWEB/18055 Flue"
14.108.232.179 - - [25/Dec/2025:15:47:41 +0800] "GET /wp-content/uploads/2025/12/1766647829-Article_images_202512251.webp HTTP/1.1" 200 53246 "http://cqqizhou.com/2388/" "Mozilla/5.0 (Windows NT 10.0; Win64; x64) AppleWebKit/537.36 (KHTML, like Gecko) Chrome/132.0.0.0 Safari/537.36 NetType/WIFI MicroMessenger/7.0.20.1781(0x6700143B) WindowsWechat(0x63090a13) UnifiedPCWindowsWechat(0xf254160e) XWEB/18055 Flue"
14.108.232.179 - - [25/Dec/2025:15:47:41 +0800] "GET /wp-content/uploads/2025/12/1766647831-Article_images_202512254.webp HTTP/1.1" 200 55610 "http://cqqizhou.com/2388/" "Mozilla/5.0 (Windows NT 10.0; Win64; x64) AppleWebKit/537.36 (KHTML, like Gecko) Chrome/132.0.0.0 Safari/537.36 NetType/WIFI MicroMessenger/7.0.20.1781(0x6700143B) WindowsWechat(0x63090a13) UnifiedPCWindowsWechat(0xf254160e) XWEB/18055 Flue"
14.108.232.179 - - [25/Dec/2025:15:47:41 +0800] "GET /wp-content/uploads/2025/12/1766064629-Article_images_20251218212623.webp HTTP/1.1" 200 20366 "http://cqqizhou.com/2388/" "Mozilla/5.0 (Windows NT 10.0; Win64; x64) AppleWebKit/537.36 (KHTML, like Gecko) Chrome/132.0.0.0 Safari/537.36 NetType/WIFI MicroMessenger/7.0.20.1781(0x6700143B) WindowsWechat(0x63090a13) UnifiedPCWindowsWechat(0xf254160e) XWEB/18055 Flue"
14.108.232.179 - - [25/Dec/2025:15:47:41 +0800] "GET /wp-content/uploads/2025/12/1765891153-Article20251216211543.webp HTTP/1.1" 200 43108 "http://cqqizhou.com/2388/" "Mozilla/5.0 (Windows NT 10.0; Win64; x64) AppleWebKit/537.36 (KHTML, like Gecko) Chrome/132.0.0.0 Safari/537.36 NetType/WIFI MicroMessenger/7.0.20.1781(0x6700143B) WindowsWechat(0x63090a13) UnifiedPCWindowsWechat(0xf254160e) XWEB/18055 Flue"
14.108.232.179 - - [25/Dec/2025:15:47:42 +0800] "GET /wp-content/uploads/2025/07/1751425283-qizhou.kf_.qq_.com_.webp HTTP/1.1" 200 16864 "http://cqqizhou.com/2388/" "Mozilla/5.0 (Windows NT 10.0; Win64; x64) AppleWebKit/537.36 (KHTML, like Gecko) Chrome/132.0.0.0 Safari/537.36 NetType/WIFI MicroMessenger/7.0.20.1781(0x6700143B) WindowsWechat(0x63090a13) UnifiedPCWindowsWechat(0xf254160e) XWEB/18055 Flue"
14.108.232.179 - - [25/Dec/2025:15:47:42 +0800] "GET /wp-content/uploads/2025/07/1753410289-News2000%C3%97400_202571.webp HTTP/1.1" 200 17830 "http://cqqizhou.com/2388/" "Mozilla/5.0 (Windows NT 10.0; Win64; x64) AppleWebKit/537.36 (KHTML, like Gecko) Chrome/132.0.0.0 Safari/537.36 NetType/WIFI MicroMessenger/7.0.20.1781(0x6700143B) WindowsWechat(0x63090a13) UnifiedPCWindowsWechat(0xf254160e) XWEB/18055 Flue"
14.108.232.179 - - [25/Dec/2025:15:47:43 +0800] "POST /wp-admin/admin-ajax.php HTTP/1.1" 200 95 "http://cqqizhou.com/2388/" "Mozilla/5.0 (Windows NT 10.0; Win64; x64) AppleWebKit/537.36 (KHTML, like Gecko) Chrome/132.0.0.0 Safari/537.36 NetType/WIFI MicroMessenger/7.0.20.1781(0x6700143B) WindowsWechat(0x63090a13) UnifiedPCWindowsWechat(0xf254160e) XWEB/18055 Flue"
14.108.232.179 - - [25/Dec/2025:15:47:43 +0800] "GET /wp-content/uploads/2025/12/1766647831-Article_images_202512253.webp HTTP/1.1" 200 115480 "http://cqqizhou.com/2388/" "Mozilla/5.0 (Windows NT 10.0; Win64; x64) AppleWebKit/537.36 (KHTML, like Gecko) Chrome/132.0.0.0 Safari/537.36 NetType/WIFI MicroMessenger/7.0.20.1781(0x6700143B) WindowsWechat(0x63090a13) UnifiedPCWindowsWechat(0xf254160e) XWEB/18055 Flue"
111.221.44.25 - - [25/Dec/2025:15:47:43 +0800] "POST /wp-login.php HTTP/1.1" 200 2969 "http://cqqizhou.com/wp-login.php" "Mozilla/5.0 (Macintosh; Intel Mac OS X 10_15_7) AppleWebKit/605.1.15 (KHTML, like Gecko) Version/17.2 Safari/605.1.15"
14.108.232.179 - - [25/Dec/2025:15:47:45 +0800] "GET /wp-content/uploads/2025/12/1766647830-Article_images_202512252.webp HTTP/1.1" 200 84832 "http://cqqizhou.com/2388/" "Mozilla/5.0 (Windows NT 10.0; Win64; x64) AppleWebKit/537.36 (KHTML, like Gecko) Chrome/132.0.0.0 Safari/537.36 NetType/WIFI MicroMessenger/7.0.20.1781(0x6700143B) WindowsWechat(0x63090a13) UnifiedPCWindowsWechat(0xf254160e) XWEB/18055 Flue"
36.133.115.36 - - [25/Dec/2025:15:47:58 +0800] "POST /wp-cron.php?doing_wp_cron=1766648878.4446649551391601562500 HTTP/1.1" 200 31 "-" "WordPress/6.8.3; http://cqqizhou.com"
111.221.44.25 - - [25/Dec/2025:15:47:58 +0800] "POST /wp-login.php HTTP/1.1" 200 2968 "http://cqqizhou.com/wp-login.php" "Mozilla/5.0 (Windows NT 11.0; Win64; x64) AppleWebKit/537.36 (KHTML, like Gecko) Chrome/119.0.0.0 Safari/537.36"
111.221.44.25 - - [25/Dec/2025:15:48:31 +0800] "POST /wp-login.php HTTP/1.1" 200 2915 "http://cqqizhou.com/wp-login.php" "Mozilla/5.0 (Windows NT 10.0; Win64; x64; rv:118.0) Gecko/20100101 Firefox/118.0"
111.221.44.25 - - [25/Dec/2025:15:48:45 +0800] "POST /wp-login.php HTTP/1.1" 200 2915 "http://cqqizhou.com/wp-login.php" "Mozilla/5.0 (Windows NT 11.0; Win64; x64; rv:121.0) Gecko/20100101 Firefox/121.0"
36.133.115.36 - - [25/Dec/2025:15:48:54 +0800] "POST /wp-cron.php?doing_wp_cron=1766648934.4277191162109375000000 HTTP/1.1" 200 31 "-" "WordPress/6.8.3; http://cqqizhou.com"
111.221.44.25 - - [25/Dec/2025:15:48:54 +0800] "POST /wp-login.php HTTP/1.1" 200 2971 "http://cqqizhou.com/wp-login.php" "Mozilla/5.0 (Macintosh; Intel Mac OS X 10_15_7) AppleWebKit/537.36 (KHTML, like Gecko) Chrome/120.0.0.0 Safari/537.36"
111.221.44.25 - - [25/Dec/2025:15:49:26 +0800] "POST /wp-login.php HTTP/1.1" 200 2972 "http://cqqizhou.com/wp-login.php" "Mozilla/5.0 (Macintosh; Intel Mac OS X 13_6_1; rv:121.0) Gecko/20100101 Firefox/121.0"
36.133.115.36 - - [25/Dec/2025:15:50:06 +0800] "POST /wp-cron.php?doing_wp_cron=1766649006.5122890472412109375000 HTTP/1.1" 200 31 "-" "WordPress/6.8.3; http://cqqizhou.com"
111.221.44.25 - - [25/Dec/2025:15:50:06 +0800] "POST /wp-login.php HTTP/1.1" 200 2969 "http://cqqizhou.com/wp-login.php" "Mozilla/5.0 (Macintosh; Intel Mac OS X 10_15_7; rv:119.0) Gecko/20100101 Firefox/119.0"
111.221.44.25 - - [25/Dec/2025:15:50:20 +0800] "POST /wp-login.php HTTP/1.1" 200 2977 "http://cqqizhou.com/wp-login.php" "Mozilla/5.0 (Windows NT 11.0; Win64; x64) AppleWebKit/537.36 (KHTML, like Gecko) Chrome/121.0.0.0 Safari/537.36"
111.221.44.25 - - [25/Dec/2025:15:50:45 +0800] "POST /wp-login.php HTTP/1.1" 200 2968 "http://cqqizhou.com/wp-login.php" "Mozilla/5.0 (Macintosh; Intel Mac OS X 10_15_7) AppleWebKit/605.1.15 (KHTML, like Gecko) Version/17.2 Safari/605.1.15"
36.133.115.36 - - [25/Dec/2025:15:51:08 +0800] "POST /wp-cron.php?doing_wp_cron=1766649068.5414040088653564453125 HTTP/1.1" 200 31 "-" "WordPress/6.8.3; http://cqqizhou.com"
111.221.44.25 - - [25/Dec/2025:15:51:08 +0800] "POST /wp-login.php HTTP/1.1" 200 2915 "http://cqqizhou.com/wp-login.php" "Mozilla/5.0 (Macintosh; Intel Mac OS X 13_6_1; rv:121.0) Gecko/20100101 Firefox/121.0"
111.221.44.25 - - [25/Dec/2025:15:51:33 +0800] "POST /wp-login.php HTTP/1.1" 200 2974 "http://cqqizhou.com/wp-login.php" "Mozilla/5.0 (Windows NT 11.0; Win64; x64) AppleWebKit/537.36 (KHTML, like Gecko) Chrome/119.0.0.0 Safari/537.36"
36.133.115.36 - - [25/Dec/2025:15:51:56 +0800] "POST /wp-cron.php?doing_wp_cron=1766649116.4767520427703857421875 HTTP/1.1" 200 31 "-" "WordPress/6.8.3; http://cqqizhou.com"
111.221.44.25 - - [25/Dec/2025:15:51:56 +0800] "POST /wp-login.php HTTP/1.1" 200 2968 "http://cqqizhou.com/wp-login.php" "Mozilla/5.0 (X11; Linux x86_64) AppleWebKit/537.36 (KHTML, like Gecko) Chrome/120.0.0.0 Safari/537.36"
111.221.44.25 - - [25/Dec/2025:15:52:17 +0800] "POST /wp-login.php HTTP/1.1" 200 2968 "http://cqqizhou.com/wp-login.php" "Mozilla/5.0 (Macintosh; Intel Mac OS X 13_6_1) AppleWebKit/537.36 (KHTML, like Gecko) Chrome/119.0.0.0 Safari/537.36"
111.221.44.25 - - [25/Dec/2025:15:52:26 +0800] "POST /wp-login.php HTTP/1.1" 200 2970 "http://cqqizhou.com/wp-login.php" "Mozilla/5.0 (Macintosh; Intel Mac OS X 10_15_7; rv:121.0) Gecko/20100101 Firefox/121.0"
111.221.44.25 - - [25/Dec/2025:15:52:43 +0800] "POST /wp-login.php HTTP/1.1" 200 2969 "http://cqqizhou.com/wp-login.php" "Mozilla/5.0 (Windows NT 11.0; Win64; x64; rv:119.0) Gecko/20100101 Firefox/119.0"
36.133.115.36 - - [25/Dec/2025:15:52:52 +0800] "POST /wp-cron.php?doing_wp_cron=1766649172.0029530525207519531250 HTTP/1.1" 200 31 "-" "WordPress/6.8.3; http://cqqizhou.com"
111.221.44.25 - - [25/Dec/2025:15:52:52 +0800] "POST /wp-login.php HTTP/1.1" 200 2971 "http://cqqizhou.com/wp-login.php" "Mozilla/5.0 (X11; Linux x86_64) AppleWebKit/537.36 (KHTML, like Gecko) Chrome/119.0.0.0 Safari/537.36"
111.221.44.25 - - [25/Dec/2025:15:53:24 +0800] "POST /wp-login.php HTTP/1.1" 200 2886 "http://cqqizhou.com/wp-login.php" "Mozilla/5.0 (Windows NT 10.0; Win64; x64; rv:120.0) Gecko/20100101 Firefox/120.0"
36.133.115.36 - - [25/Dec/2025:15:53:49 +0800] "POST /wp-cron.php?doing_wp_cron=1766649229.9617760181427001953125 HTTP/1.1" 200 31 "-" "WordPress/6.8.3; http://cqqizhou.com"
111.221.44.25 - - [25/Dec/2025:15:53:50 +0800] "POST /wp-login.php HTTP/1.1" 200 2967 "http://cqqizhou.com/wp-login.php" "Mozilla/5.0 (Macintosh; Intel Mac OS X 10_15_7) AppleWebKit/605.1.15 (KHTML, like Gecko) Version/17.1 Safari/605.1.15"
111.221.44.25 - - [25/Dec/2025:15:54:36 +0800] "POST /wp-login.php HTTP/1.1" 200 2978 "http://cqqizhou.com/wp-login.php" "Mozilla/5.0 (Windows NT 11.0; Win64; x64) AppleWebKit/537.36 (KHTML, like Gecko) Chrome/120.0.0.0 Safari/537.36"
111.221.44.25 - - [25/Dec/2025:15:54:44 +0800] "POST /wp-login.php HTTP/1.1" 200 2975 "http://cqqizhou.com/wp-login.php" "Mozilla/5.0 (X11; Ubuntu; Linux x86_64) AppleWebKit/537.36 (KHTML, like Gecko) Chrome/119.0.0.0 Safari/537.36"
36.133.115.36 - - [25/Dec/2025:15:55:19 +0800] "POST /wp-cron.php?doing_wp_cron=1766649319.6088309288024902343750 HTTP/1.1" 200 31 "-" "WordPress/6.8.3; http://cqqizhou.com"
111.221.44.25 - - [25/Dec/2025:15:55:19 +0800] "POST /wp-login.php HTTP/1.1" 200 2970 "http://cqqizhou.com/wp-login.php" "Mozilla/5.0 (Macintosh; Intel Mac OS X 13_6_1; rv:118.0) Gecko/20100101 Firefox/118.0"
111.221.44.25 - - [25/Dec/2025:15:55:37 +0800] "POST /wp-login.php HTTP/1.1" 200 2915 "http://cqqizhou.com/wp-login.php" "Mozilla/5.0 (Macintosh; Intel Mac OS X 13_6_1; rv:121.0) Gecko/20100101 Firefox/121.0"
111.221.44.25 - - [25/Dec/2025:15:55:44 +0800] "POST /wp-login.php HTTP/1.1" 200 2970 "http://cqqizhou.com/wp-login.php" "Mozilla/5.0 (Macintosh; Intel Mac OS X 13_6_1) AppleWebKit/537.36 (KHTML, like Gecko) Chrome/118.0.0.0 Safari/537.36"
36.133.115.36 - - [25/Dec/2025:15:55:52 +0800] "POST /wp-cron.php?doing_wp_cron=1766649352.7774848937988281250000 HTTP/1.1" 200 31 "-" "WordPress/6.8.3; http://cqqizhou.com"
111.221.44.25 - - [25/Dec/2025:15:55:52 +0800] "POST /wp-login.php HTTP/1.1" 200 2915 "http://cqqizhou.com/wp-login.php" "Mozilla/5.0 (Windows NT 11.0; Win64; x64; rv:120.0) Gecko/20100101 Firefox/120.0"
111.221.44.25 - - [25/Dec/2025:15:56:04 +0800] "POST /wp-login.php HTTP/1.1" 200 2915 "http://cqqizhou.com/wp-login.php" "Mozilla/5.0 (Windows NT 11.0; Win64; x64) AppleWebKit/537.36 (KHTML, like Gecko) Chrome/121.0.0.0 Safari/537.36"
111.221.44.25 - - [25/Dec/2025:15:56:12 +0800] "POST /wp-login.php HTTP/1.1" 200 2915 "http://cqqizhou.com/wp-login.php" "Mozilla/5.0 (X11; Linux x86_64) AppleWebKit/537.36 (KHTML, like Gecko) Chrome/118.0.0.0 Safari/537.36"
111.221.44.25 - - [25/Dec/2025:15:56:18 +0800] "POST /wp-login.php HTTP/1.1" 200 2915 "http://cqqizhou.com/wp-login.php" "Mozilla/5.0 (Macintosh; Intel Mac OS X 10_15_7) AppleWebKit/605.1.15 (KHTML, like Gecko) Version/17.0 Safari/605.1.15"
111.221.44.25 - - [25/Dec/2025:15:56:24 +0800] "POST /wp-login.php HTTP/1.1" 200 2915 "http://cqqizhou.com/wp-login.php" "Mozilla/5.0 (Macintosh; Intel Mac OS X 13_6_1) AppleWebKit/537.36 (KHTML, like Gecko) Chrome/121.0.0.0 Safari/537.36"
36.133.115.36 - - [25/Dec/2025:15:56:51 +0800] "POST /wp-cron.php?doing_wp_cron=1766649411.6444039344787597656250 HTTP/1.1" 200 31 "-" "WordPress/6.8.3; http://cqqizhou.com"
111.221.44.25 - - [25/Dec/2025:15:56:51 +0800] "POST /wp-login.php HTTP/1.1" 200 2915 "http://cqqizhou.com/wp-login.php" "Mozilla/5.0 (Macintosh; Intel Mac OS X 10_15_7) AppleWebKit/605.1.15 (KHTML, like Gecko) Version/17.1 Safari/605.1.15"
36.133.115.36 - - [25/Dec/2025:15:57:02 +0800] "POST /wp-cron.php?doing_wp_cron=1766649422.8820590972900390625000 HTTP/1.1" 200 31 "-" "WordPress/6.8.3; http://cqqizhou.com"
111.221.44.25 - - [25/Dec/2025:15:57:02 +0800] "POST /wp-login.php HTTP/1.1" 200 2915 "http://cqqizhou.com/wp-login.php" "Mozilla/5.0 (Macintosh; Intel Mac OS X 13_6_1; rv:119.0) Gecko/20100101 Firefox/119.0"
111.221.44.25 - - [25/Dec/2025:15:57:23 +0800] "POST /wp-login.php HTTP/1.1" 200 2915 "http://cqqizhou.com/wp-login.php" "Mozilla/5.0 (Macintosh; Intel Mac OS X 10_15_7) AppleWebKit/537.36 (KHTML, like Gecko) Chrome/120.0.0.0 Safari/537.36"
36.133.115.36 - - [25/Dec/2025:15:57:48 +0800] "POST /wp-cron.php?doing_wp_cron=1766649468.0838749408721923828125 HTTP/1.1" 200 31 "-" "WordPress/6.8.3; http://cqqizhou.com"
111.221.44.25 - - [25/Dec/2025:15:57:48 +0800] "POST /wp-login.php HTTP/1.1" 200 2915 "http://cqqizhou.com/wp-login.php" "Mozilla/5.0 (X11; Linux x86_64) AppleWebKit/537.36 (KHTML, like Gecko) Chrome/118.0.0.0 Safari/537.36"
111.221.44.25 - - [25/Dec/2025:15:58:01 +0800] "POST /wp-login.php HTTP/1.1" 200 2915 "http://cqqizhou.com/wp-login.php" "Mozilla/5.0 (Macintosh; Intel Mac OS X 10_15_7) AppleWebKit/605.1.15 (KHTML, like Gecko) Version/17.1 Safari/605.1.15"
111.221.44.25 - - [25/Dec/2025:15:58:42 +0800] "POST /wp-login.php HTTP/1.1" 200 2915 "http://cqqizhou.com/wp-login.php" "Mozilla/5.0 (Windows NT 10.0; Win64; x64; rv:119.0) Gecko/20100101 Firefox/119.0"
36.133.115.36 - - [25/Dec/2025:15:59:09 +0800] "POST /wp-cron.php?doing_wp_cron=1766649549.0160439014434814453125 HTTP/1.1" 200 31 "-" "WordPress/6.8.3; http://cqqizhou.com"
111.221.44.25 - - [25/Dec/2025:15:59:09 +0800] "POST /wp-login.php HTTP/1.1" 200 2915 "http://cqqizhou.com/wp-login.php" "Mozilla/5.0 (Windows NT 10.0; Win64; x64; rv:120.0) Gecko/20100101 Firefox/120.0"
111.221.44.25 - - [25/Dec/2025:15:59:18 +0800] "POST /wp-login.php HTTP/1.1" 200 2915 "http://cqqizhou.com/wp-login.php" "Mozilla/5.0 (X11; Ubuntu; Linux x86_64) AppleWebKit/537.36 (KHTML, like Gecko) Chrome/121.0.0.0 Safari/537.36"
111.221.44.25 - - [25/Dec/2025:15:59:34 +0800] "POST /wp-login.php HTTP/1.1" 200 2915 "http://cqqizhou.com/wp-login.php" "Mozilla/5.0 (Macintosh; Intel Mac OS X 10_15_7) AppleWebKit/537.36 (KHTML, like Gecko) Chrome/119.0.0.0 Safari/537.36"
111.221.44.25 - - [25/Dec/2025:15:59:45 +0800] "POST /wp-login.php HTTP/1.1" 200 2915 "http://cqqizhou.com/wp-login.php" "Mozilla/5.0 (X11; Ubuntu; Linux x86_64) AppleWebKit/537.36 (KHTML, like Gecko) Chrome/120.0.0.0 Safari/537.36"
36.133.115.36 - - [25/Dec/2025:16:00:01 +0800] "POST /wp-cron.php?doing_wp_cron=1766649601.3288669586181640625000 HTTP/1.1" 200 31 "-" "WordPress/6.8.3; http://cqqizhou.com"
111.221.44.25 - - [25/Dec/2025:16:00:01 +0800] "POST /wp-login.php HTTP/1.1" 200 2915 "http://cqqizhou.com/wp-login.php" "Mozilla/5.0 (Macintosh; Intel Mac OS X 13_6_1; rv:119.0) Gecko/20100101 Firefox/119.0"
111.221.44.25 - - [25/Dec/2025:16:00:22 +0800] "POST /wp-login.php HTTP/1.1" 200 2915 "http://cqqizhou.com/wp-login.php" "Mozilla/5.0 (Macintosh; Intel Mac OS X 10_15_7) AppleWebKit/537.36 (KHTML, like Gecko) Chrome/118.0.0.0 Safari/537.36"
111.221.44.25 - - [25/Dec/2025:16:00:36 +0800] "POST /wp-login.php HTTP/1.1" 200 2915 "http://cqqizhou.com/wp-login.php" "Mozilla/5.0 (Windows NT 10.0; Win64; x64) AppleWebKit/537.36 (KHTML, like Gecko) Chrome/119.0.0.0 Safari/537.36"
36.133.115.36 - - [25/Dec/2025:16:00:57 +0800] "POST /wp-cron.php?doing_wp_cron=1766649657.1418480873107910156250 HTTP/1.1" 200 31 "-" "WordPress/6.8.3; http://cqqizhou.com"
111.221.44.25 - - [25/Dec/2025:16:00:57 +0800] "POST /wp-login.php HTTP/1.1" 200 2915 "http://cqqizhou.com/wp-login.php" "Mozilla/5.0 (Windows NT 11.0; Win64; x64; rv:121.0) Gecko/20100101 Firefox/121.0"
111.221.44.25 - - [25/Dec/2025:16:01:14 +0800] "POST /wp-login.php HTTP/1.1" 200 2915 "http://cqqizhou.com/wp-login.php" "Mozilla/5.0 (Macintosh; Intel Mac OS X 10_15_7) AppleWebKit/605.1.15 (KHTML, like Gecko) Version/17.0 Safari/605.1.15"
111.221.44.25 - - [25/Dec/2025:16:01:43 +0800] "POST /wp-login.php HTTP/1.1" 200 2915 "http://cqqizhou.com/wp-login.php" "Mozilla/5.0 (X11; Linux x86_64) AppleWebKit/537.36 (KHTML, like Gecko) Chrome/118.0.0.0 Safari/537.36"
36.133.115.36 - - [25/Dec/2025:16:01:53 +0800] "POST /wp-cron.php?doing_wp_cron=1766649713.8595440387725830078125 HTTP/1.1" 200 31 "-" "WordPress/6.8.3; http://cqqizhou.com"
111.221.44.25 - - [25/Dec/2025:16:01:53 +0800] "POST /wp-login.php HTTP/1.1" 200 2915 "http://cqqizhou.com/wp-login.php" "Mozilla/5.0 (Macintosh; Intel Mac OS X 13_6_1) AppleWebKit/537.36 (KHTML, like Gecko) Chrome/118.0.0.0 Safari/537.36"
111.221.44.25 - - [25/Dec/2025:16:02:07 +0800] "POST /wp-login.php HTTP/1.1" 200 2969 "http://cqqizhou.com/wp-login.php" "Mozilla/5.0 (Windows NT 10.0; Win64; x64) AppleWebKit/537.36 (KHTML, like Gecko) Chrome/118.0.0.0 Safari/537.36"
111.221.44.25 - - [25/Dec/2025:16:02:28 +0800] "POST /wp-login.php HTTP/1.1" 200 2967 "http://cqqizhou.com/wp-login.php" "Mozilla/5.0 (Windows NT 10.0; Win64; x64) AppleWebKit/537.36 (KHTML, like Gecko) Chrome/120.0.0.0 Safari/537.36"
36.133.115.36 - - [25/Dec/2025:16:02:51 +0800] "POST /wp-cron.php?doing_wp_cron=1766649771.1378250122070312500000 HTTP/1.1" 200 31 "-" "WordPress/6.8.3; http://cqqizhou.com"
111.221.44.25 - - [25/Dec/2025:16:02:51 +0800] "POST /wp-login.php HTTP/1.1" 200 2915 "http://cqqizhou.com/wp-login.php" "Mozilla/5.0 (Macintosh; Intel Mac OS X 13_6_1; rv:118.0) Gecko/20100101 Firefox/118.0"
111.221.44.25 - - [25/Dec/2025:16:03:06 +0800] "POST /wp-login.php HTTP/1.1" 200 2915 "http://cqqizhou.com/wp-login.php" "Mozilla/5.0 (Windows NT 11.0; Win64; x64; rv:119.0) Gecko/20100101 Firefox/119.0"
111.221.44.25 - - [25/Dec/2025:16:03:13 +0800] "POST /wp-login.php HTTP/1.1" 200 2920 "http://cqqizhou.com/wp-login.php" "Mozilla/5.0 (Macintosh; Intel Mac OS X 10_15_7) AppleWebKit/537.36 (KHTML, like Gecko) Chrome/121.0.0.0 Safari/537.36"
111.221.44.25 - - [25/Dec/2025:16:03:18 +0800] "POST /wp-login.php HTTP/1.1" 200 2969 "http://cqqizhou.com/wp-login.php" "Mozilla/5.0 (Macintosh; Intel Mac OS X 10_15_7) AppleWebKit/605.1.15 (KHTML, like Gecko) Version/17.1 Safari/605.1.15"
111.221.44.25 - - [25/Dec/2025:16:03:40 +0800] "POST /wp-login.php HTTP/1.1" 200 2969 "http://cqqizhou.com/wp-login.php" "Mozilla/5.0 (X11; Linux x86_64) AppleWebKit/537.36 (KHTML, like Gecko) Chrome/119.0.0.0 Safari/537.36"
36.133.115.36 - - [25/Dec/2025:16:04:03 +0800] "POST /wp-cron.php?doing_wp_cron=1766649843.6392970085144042968750 HTTP/1.1" 200 31 "-" "WordPress/6.8.3; http://cqqizhou.com"
111.221.44.25 - - [25/Dec/2025:16:04:03 +0800] "POST /wp-login.php HTTP/1.1" 200 2968 "http://cqqizhou.com/wp-login.php" "Mozilla/5.0 (Windows NT 11.0; Win64; x64; rv:118.0) Gecko/20100101 Firefox/118.0"
111.221.44.25 - - [25/Dec/2025:16:04:10 +0800] "POST /wp-login.php HTTP/1.1" 200 2969 "http://cqqizhou.com/wp-login.php" "Mozilla/5.0 (X11; Linux x86_64) AppleWebKit/537.36 (KHTML, like Gecko) Chrome/120.0.0.0 Safari/537.36"
111.221.44.25 - - [25/Dec/2025:16:04:22 +0800] "POST /wp-login.php HTTP/1.1" 200 2915 "http://cqqizhou.com/wp-login.php" "Mozilla/5.0 (Macintosh; Intel Mac OS X 13_6_1) AppleWebKit/605.1.15 (KHTML, like Gecko) Version/17.2 Safari/605.1.15"
36.133.115.36 - - [25/Dec/2025:16:04:46 +0800] "POST /wp-cron.php?doing_wp_cron=1766649886.1704831123352050781250 HTTP/1.1" 200 31 "-" "WordPress/6.8.3; http://cqqizhou.com"
111.221.44.25 - - [25/Dec/2025:16:04:46 +0800] "POST /wp-login.php HTTP/1.1" 200 2915 "http://cqqizhou.com/wp-login.php" "Mozilla/5.0 (Windows NT 11.0; Win64; x64) AppleWebKit/537.36 (KHTML, like Gecko) Chrome/118.0.0.0 Safari/537.36"
