111.221.44.25 - - [25/Dec/2025:16:51:31 +0800] "POST /wp-login.php HTTP/1.1" 200 2915 "http://cqqizhou.com/wp-login.php" "Mozilla/5.0 (Windows NT 11.0; Win64; x64) AppleWebKit/537.36 (KHTML, like Gecko) Chrome/120.0.0.0 Safari/537.36"
111.221.44.25 - - [25/Dec/2025:16:51:44 +0800] "POST /wp-login.php HTTP/1.1" 200 2968 "http://cqqizhou.com/wp-login.php" "Mozilla/5.0 (Macintosh; Intel Mac OS X 13_6_1) AppleWebKit/537.36 (KHTML, like Gecko) Chrome/119.0.0.0 Safari/537.36"
36.133.115.36 - - [25/Dec/2025:16:51:50 +0800] "POST /wp-cron.php?doing_wp_cron=1766652710.9202229976654052734375 HTTP/1.1" 200 31 "-" "WordPress/6.8.3; http://cqqizhou.com"
111.221.44.25 - - [25/Dec/2025:16:51:50 +0800] "POST /wp-login.php HTTP/1.1" 200 2967 "http://cqqizhou.com/wp-login.php" "Mozilla/5.0 (X11; Ubuntu; Linux x86_64) AppleWebKit/537.36 (KHTML, like Gecko) Chrome/118.0.0.0 Safari/537.36"
111.221.44.25 - - [25/Dec/2025:16:51:58 +0800] "POST /wp-login.php HTTP/1.1" 200 2967 "http://cqqizhou.com/wp-login.php" "Mozilla/5.0 (Macintosh; Intel Mac OS X 10_15_7) AppleWebKit/605.1.15 (KHTML, like Gecko) Version/16.6 Safari/605.1.15"
111.221.44.25 - - [25/Dec/2025:16:52:08 +0800] "POST /wp-login.php HTTP/1.1" 200 2886 "http://cqqizhou.com/wp-login.php" "Mozilla/5.0 (Macintosh; Intel Mac OS X 10_15_7; rv:118.0) Gecko/20100101 Firefox/118.0"
111.221.44.25 - - [25/Dec/2025:16:52:25 +0800] "POST /wp-login.php HTTP/1.1" 200 2970 "http://cqqizhou.com/wp-login.php" "Mozilla/5.0 (Windows NT 10.0; Win64; x64) AppleWebKit/537.36 (KHTML, like Gecko) Chrome/121.0.0.0 Safari/537.36"
111.221.44.25 - - [25/Dec/2025:16:52:38 +0800] "POST /wp-login.php HTTP/1.1" 200 2971 "http://cqqizhou.com/wp-login.php" "Mozilla/5.0 (Windows NT 11.0; Win64; x64; rv:118.0) Gecko/20100101 Firefox/118.0"
36.133.115.36 - - [25/Dec/2025:16:52:49 +0800] "POST /wp-cron.php?doing_wp_cron=1766652769.0975520610809326171875 HTTP/1.1" 200 31 "-" "WordPress/6.8.3; http://cqqizhou.com"
111.221.44.25 - - [25/Dec/2025:16:52:49 +0800] "POST /wp-login.php HTTP/1.1" 200 2969 "http://cqqizhou.com/wp-login.php" "Mozilla/5.0 (Macintosh; Intel Mac OS X 10_15_7) AppleWebKit/605.1.15 (KHTML, like Gecko) Version/17.2 Safari/605.1.15"
111.221.44.25 - - [25/Dec/2025:16:52:58 +0800] "POST /wp-login.php HTTP/1.1" 200 2974 "http://cqqizhou.com/wp-login.php" "Mozilla/5.0 (Macintosh; Intel Mac OS X 13_6_1) AppleWebKit/605.1.15 (KHTML, like Gecko) Version/17.1 Safari/605.1.15"
111.221.44.25 - - [25/Dec/2025:16:53:10 +0800] "POST /wp-login.php HTTP/1.1" 200 2969 "http://cqqizhou.com/wp-login.php" "Mozilla/5.0 (X11; Linux x86_64) AppleWebKit/537.36 (KHTML, like Gecko) Chrome/120.0.0.0 Safari/537.36"
111.221.44.25 - - [25/Dec/2025:16:53:17 +0800] "POST /wp-login.php HTTP/1.1" 200 2968 "http://cqqizhou.com/wp-login.php" "Mozilla/5.0 (Macintosh; Intel Mac OS X 13_6_1) AppleWebKit/605.1.15 (KHTML, like Gecko) Version/16.6 Safari/605.1.15"
204.76.203.212 - - [25/Dec/2025:16:53:21 +0800] "GET / HTTP/1.1" 200 33676 "-" "Mozilla/5.0 (Windows NT 10.0; Win64; x64) AppleWebKit/537.36 (KHTML, like Gecko) Chrome/90.0.4430.85 Safari/537.36 Edg/90.0.818.46"
111.221.44.25 - - [25/Dec/2025:16:53:22 +0800] "POST /wp-login.php HTTP/1.1" 200 2968 "http://cqqizhou.com/wp-login.php" "Mozilla/5.0 (Windows NT 11.0; Win64; x64) AppleWebKit/537.36 (KHTML, like Gecko) Chrome/121.0.0.0 Safari/537.36"
111.221.44.25 - - [25/Dec/2025:16:53:28 +0800] "POST /wp-login.php HTTP/1.1" 200 2966 "http://cqqizhou.com/wp-login.php" "Mozilla/5.0 (Windows NT 10.0; Win64; x64; rv:119.0) Gecko/20100101 Firefox/119.0"
111.221.44.25 - - [25/Dec/2025:16:53:45 +0800] "POST /wp-login.php HTTP/1.1" 200 2970 "http://cqqizhou.com/wp-login.php" "Mozilla/5.0 (Macintosh; Intel Mac OS X 10_15_7; rv:121.0) Gecko/20100101 Firefox/121.0"
36.133.115.36 - - [25/Dec/2025:16:54:12 +0800] "POST /wp-cron.php?doing_wp_cron=1766652852.0640530586242675781250 HTTP/1.1" 200 31 "-" "WordPress/6.8.3; http://cqqizhou.com"
111.221.44.25 - - [25/Dec/2025:16:54:12 +0800] "POST /wp-login.php HTTP/1.1" 200 2975 "http://cqqizhou.com/wp-login.php" "Mozilla/5.0 (Macintosh; Intel Mac OS X 10_15_7; rv:118.0) Gecko/20100101 Firefox/118.0"
36.133.115.36 - - [25/Dec/2025:16:55:02 +0800] "POST /wp-cron.php?doing_wp_cron=1766652902.6976571083068847656250 HTTP/1.1" 200 31 "-" "WordPress/6.8.3; http://cqqizhou.com"
111.221.44.25 - - [25/Dec/2025:16:55:02 +0800] "POST /wp-login.php HTTP/1.1" 200 2974 "http://cqqizhou.com/wp-login.php" "Mozilla/5.0 (Macintosh; Intel Mac OS X 10_15_7) AppleWebKit/537.36 (KHTML, like Gecko) Chrome/120.0.0.0 Safari/537.36"
111.221.44.25 - - [25/Dec/2025:16:55:18 +0800] "POST /wp-login.php HTTP/1.1" 200 2975 "http://cqqizhou.com/wp-login.php" "Mozilla/5.0 (X11; Linux x86_64) AppleWebKit/537.36 (KHTML, like Gecko) Chrome/118.0.0.0 Safari/537.36"
111.221.44.25 - - [25/Dec/2025:16:55:25 +0800] "POST /wp-login.php HTTP/1.1" 200 2915 "http://cqqizhou.com/wp-login.php" "Mozilla/5.0 (Macintosh; Intel Mac OS X 13_6_1) AppleWebKit/605.1.15 (KHTML, like Gecko) Version/16.6 Safari/605.1.15"
111.221.44.25 - - [25/Dec/2025:16:55:29 +0800] "POST /wp-login.php HTTP/1.1" 200 2886 "http://cqqizhou.com/wp-login.php" "Mozilla/5.0 (Windows NT 11.0; Win64; x64; rv:119.0) Gecko/20100101 Firefox/119.0"
36.133.115.36 - - [25/Dec/2025:16:55:50 +0800] "POST /wp-cron.php?doing_wp_cron=1766652950.3783669471740722656250 HTTP/1.1" 200 31 "-" "WordPress/6.8.3; http://cqqizhou.com"
111.221.44.25 - - [25/Dec/2025:16:55:50 +0800] "POST /wp-login.php HTTP/1.1" 200 2973 "http://cqqizhou.com/wp-login.php" "Mozilla/5.0 (Windows NT 11.0; Win64; x64; rv:118.0) Gecko/20100101 Firefox/118.0"
111.221.44.25 - - [25/Dec/2025:16:56:06 +0800] "POST /wp-login.php HTTP/1.1" 200 2915 "http://cqqizhou.com/wp-login.php" "Mozilla/5.0 (Macintosh; Intel Mac OS X 10_15_7) AppleWebKit/605.1.15 (KHTML, like Gecko) Version/16.6 Safari/605.1.15"
111.221.44.25 - - [25/Dec/2025:16:56:29 +0800] "POST /wp-login.php HTTP/1.1" 200 2915 "http://cqqizhou.com/wp-login.php" "Mozilla/5.0 (Macintosh; Intel Mac OS X 10_15_7) AppleWebKit/537.36 (KHTML, like Gecko) Chrome/118.0.0.0 Safari/537.36"
36.133.115.36 - - [25/Dec/2025:16:57:15 +0800] "POST /wp-cron.php?doing_wp_cron=1766653035.3450489044189453125000 HTTP/1.1" 200 31 "-" "WordPress/6.8.3; http://cqqizhou.com"
111.221.44.25 - - [25/Dec/2025:16:57:15 +0800] "POST /wp-login.php HTTP/1.1" 200 2915 "http://cqqizhou.com/wp-login.php" "Mozilla/5.0 (Macintosh; Intel Mac OS X 13_6_1) AppleWebKit/605.1.15 (KHTML, like Gecko) Version/17.0 Safari/605.1.15"
111.221.44.25 - - [25/Dec/2025:16:57:23 +0800] "POST /wp-login.php HTTP/1.1" 200 2970 "http://cqqizhou.com/wp-login.php" "Mozilla/5.0 (Macintosh; Intel Mac OS X 10_15_7) AppleWebKit/605.1.15 (KHTML, like Gecko) Version/17.2 Safari/605.1.15"
36.133.115.36 - - [25/Dec/2025:16:57:51 +0800] "POST /wp-cron.php?doing_wp_cron=1766653071.6337280273437500000000 HTTP/1.1" 200 31 "-" "WordPress/6.8.3; http://cqqizhou.com"
111.221.44.25 - - [25/Dec/2025:16:57:51 +0800] "POST /wp-login.php HTTP/1.1" 200 2969 "http://cqqizhou.com/wp-login.php" "Mozilla/5.0 (Macintosh; Intel Mac OS X 13_6_1) AppleWebKit/537.36 (KHTML, like Gecko) Chrome/119.0.0.0 Safari/537.36"
111.221.44.25 - - [25/Dec/2025:16:58:07 +0800] "POST /wp-login.php HTTP/1.1" 200 2970 "http://cqqizhou.com/wp-login.php" "Mozilla/5.0 (Macintosh; Intel Mac OS X 10_15_7) AppleWebKit/605.1.15 (KHTML, like Gecko) Version/17.2 Safari/605.1.15"
111.221.44.25 - - [25/Dec/2025:16:58:29 +0800] "POST /wp-login.php HTTP/1.1" 200 2974 "http://cqqizhou.com/wp-login.php" "Mozilla/5.0 (X11; Ubuntu; Linux x86_64) AppleWebKit/537.36 (KHTML, like Gecko) Chrome/118.0.0.0 Safari/537.36"
36.133.115.36 - - [25/Dec/2025:16:58:50 +0800] "POST /wp-cron.php?doing_wp_cron=1766653130.1008579730987548828125 HTTP/1.1" 200 31 "-" "WordPress/6.8.3; http://cqqizhou.com"
111.221.44.25 - - [25/Dec/2025:16:58:50 +0800] "POST /wp-login.php HTTP/1.1" 200 2973 "http://cqqizhou.com/wp-login.php" "Mozilla/5.0 (Macintosh; Intel Mac OS X 10_15_7) AppleWebKit/537.36 (KHTML, like Gecko) Chrome/121.0.0.0 Safari/537.36"
111.221.44.25 - - [25/Dec/2025:16:59:10 +0800] "POST /wp-login.php HTTP/1.1" 200 2970 "http://cqqizhou.com/wp-login.php" "Mozilla/5.0 (Windows NT 10.0; Win64; x64) AppleWebKit/537.36 (KHTML, like Gecko) Chrome/121.0.0.0 Safari/537.36"
111.221.44.25 - - [25/Dec/2025:16:59:38 +0800] "POST /wp-login.php HTTP/1.1" 200 2970 "http://cqqizhou.com/wp-login.php" "Mozilla/5.0 (Macintosh; Intel Mac OS X 10_15_7) AppleWebKit/537.36 (KHTML, like Gecko) Chrome/121.0.0.0 Safari/537.36"
36.133.115.36 - - [25/Dec/2025:17:00:00 +0800] "POST /wp-cron.php?doing_wp_cron=1766653200.4084439277648925781250 HTTP/1.1" 200 31 "-" "WordPress/6.8.3; http://cqqizhou.com"
111.221.44.25 - - [25/Dec/2025:17:00:00 +0800] "POST /wp-login.php HTTP/1.1" 200 2915 "http://cqqizhou.com/wp-login.php" "Mozilla/5.0 (Macintosh; Intel Mac OS X 10_15_7) AppleWebKit/605.1.15 (KHTML, like Gecko) Version/17.2 Safari/605.1.15"
111.221.44.25 - - [25/Dec/2025:17:00:08 +0800] "POST /wp-login.php HTTP/1.1" 200 2974 "http://cqqizhou.com/wp-login.php" "Mozilla/5.0 (Macintosh; Intel Mac OS X 13_6_1) AppleWebKit/605.1.15 (KHTML, like Gecko) Version/17.0 Safari/605.1.15"
111.221.44.25 - - [25/Dec/2025:17:00:14 +0800] "POST /wp-login.php HTTP/1.1" 200 2975 "http://cqqizhou.com/wp-login.php" "Mozilla/5.0 (Macintosh; Intel Mac OS X 13_6_1) AppleWebKit/605.1.15 (KHTML, like Gecko) Version/16.6 Safari/605.1.15"
111.221.44.25 - - [25/Dec/2025:17:00:38 +0800] "POST /wp-login.php HTTP/1.1" 200 2975 "http://cqqizhou.com/wp-login.php" "Mozilla/5.0 (Macintosh; Intel Mac OS X 13_6_1) AppleWebKit/537.36 (KHTML, like Gecko) Chrome/118.0.0.0 Safari/537.36"
36.133.115.36 - - [25/Dec/2025:17:00:56 +0800] "POST /wp-cron.php?doing_wp_cron=1766653256.4081230163574218750000 HTTP/1.1" 200 31 "-" "WordPress/6.8.3; http://cqqizhou.com"
111.221.44.25 - - [25/Dec/2025:17:00:56 +0800] "POST /wp-login.php HTTP/1.1" 200 2915 "http://cqqizhou.com/wp-login.php" "Mozilla/5.0 (Macintosh; Intel Mac OS X 13_6_1) AppleWebKit/537.36 (KHTML, like Gecko) Chrome/121.0.0.0 Safari/537.36"
111.221.44.25 - - [25/Dec/2025:17:01:02 +0800] "POST /wp-login.php HTTP/1.1" 200 2971 "http://cqqizhou.com/wp-login.php" "Mozilla/5.0 (Macintosh; Intel Mac OS X 10_15_7) AppleWebKit/605.1.15 (KHTML, like Gecko) Version/17.0 Safari/605.1.15"
111.221.44.25 - - [25/Dec/2025:17:01:32 +0800] "POST /wp-login.php HTTP/1.1" 200 2969 "http://cqqizhou.com/wp-login.php" "Mozilla/5.0 (Windows NT 10.0; Win64; x64; rv:120.0) Gecko/20100101 Firefox/120.0"
36.133.115.36 - - [25/Dec/2025:17:01:54 +0800] "POST /wp-cron.php?doing_wp_cron=1766653314.2002079486846923828125 HTTP/1.1" 200 31 "-" "WordPress/6.8.3; http://cqqizhou.com"
111.221.44.25 - - [25/Dec/2025:17:01:54 +0800] "POST /wp-login.php HTTP/1.1" 200 2970 "http://cqqizhou.com/wp-login.php" "Mozilla/5.0 (Windows NT 11.0; Win64; x64; rv:121.0) Gecko/20100101 Firefox/121.0"
111.221.44.25 - - [25/Dec/2025:17:02:35 +0800] "POST /wp-login.php HTTP/1.1" 200 2975 "http://cqqizhou.com/wp-login.php" "Mozilla/5.0 (X11; Linux x86_64) AppleWebKit/537.36 (KHTML, like Gecko) Chrome/121.0.0.0 Safari/537.36"
36.133.115.36 - - [25/Dec/2025:17:03:25 +0800] "POST /wp-cron.php?doing_wp_cron=1766653405.3527948856353759765625 HTTP/1.1" 200 31 "-" "WordPress/6.8.3; http://cqqizhou.com"
111.221.44.25 - - [25/Dec/2025:17:03:25 +0800] "POST /wp-login.php HTTP/1.1" 200 2970 "http://cqqizhou.com/wp-login.php" "Mozilla/5.0 (Windows NT 10.0; Win64; x64) AppleWebKit/537.36 (KHTML, like Gecko) Chrome/119.0.0.0 Safari/537.36"
111.221.44.25 - - [25/Dec/2025:17:03:35 +0800] "POST /wp-login.php HTTP/1.1" 200 2975 "http://cqqizhou.com/wp-login.php" "Mozilla/5.0 (Windows NT 10.0; Win64; x64; rv:119.0) Gecko/20100101 Firefox/119.0"
36.133.115.36 - - [25/Dec/2025:17:06:27 +0800] "POST /wp-cron.php?doing_wp_cron=1766653587.6072609424591064453125 HTTP/1.1" 200 31 "-" "WordPress/6.8.3; http://cqqizhou.com"
43.166.251.233 - - [25/Dec/2025:17:06:27 +0800] "GET / HTTP/1.1" 200 33678 "-" "Mozilla/5.0 (iPhone; CPU iPhone OS 13_2_3 like Mac OS X) AppleWebKit/605.1.15 (KHTML, like Gecko) Version/13.0.3 Mobile/15E148 Safari/604.1"
36.133.115.36 - - [25/Dec/2025:17:12:39 +0800] "POST /wp-cron.php?doing_wp_cron=1766653959.7697069644927978515625 HTTP/1.1" 200 31 "-" "WordPress/6.8.3; http://cqqizhou.com"
95.214.55.71 - - [25/Dec/2025:17:12:40 +0800] "GET / HTTP/1.1" 200 109837 "-" "Mozilla/5.0 (Macintosh; Intel Mac OS X 10_15_7) AppleWebKit/537.36 (KHTML, like Gecko) Chrome/142.0.0.0 Safari/537.36"
112.40.106.123 - - [25/Dec/2025:17:22:21 +0800] "GET /2155/ HTTP/1.1" 200 29028 "-" "Mozilla/5.0 (Macintosh; Intel Mac OS X 10_14_6) AppleWebKit/537.36 (KHTML, like Gecko) Chrome/104.0.0.0 Safari/537.36"
36.133.115.36 - - [25/Dec/2025:17:24:29 +0800] "POST /wp-cron.php?doing_wp_cron=1766654669.1407821178436279296875 HTTP/1.1" 200 31 "-" "WordPress/6.8.3; http://cqqizhou.com"
193.142.147.209 - - [25/Dec/2025:17:24:30 +0800] "POST / HTTP/1.1" 200 33677 "-" "Mozilla/5.0 (Windows NT 10.0; Win64; x64) AppleWebKit/537.36"
36.133.115.36 - - [25/Dec/2025:17:27:27 +0800] "POST /wp-cron.php?doing_wp_cron=1766654847.3112199306488037109375 HTTP/1.1" 200 31 "-" "WordPress/6.8.3; http://cqqizhou.com"
204.76.203.212 - - [25/Dec/2025:17:27:27 +0800] "GET / HTTP/1.1" 200 33678 "-" "Mozilla/5.0 (Windows NT 10.0; Win64; x64) AppleWebKit/537.36 (KHTML, like Gecko) Chrome/90.0.4430.85 Safari/537.36 Edg/90.0.818.46"
36.133.115.36 - - [25/Dec/2025:17:28:24 +0800] "POST /wp-cron.php?doing_wp_cron=1766654904.8705010414123535156250 HTTP/1.1" 200 31 "-" "WordPress/6.8.3; http://cqqizhou.com"
204.76.203.219 - - [25/Dec/2025:17:28:25 +0800] "GET / HTTP/1.1" 200 33677 "-" "Mozilla/5.0 (Windows NT 10.0; Win64; x64) AppleWebKit/537.36 (KHTML, like Gecko) Chrome/90.0.4430.85 Safari/537.36 Edg/90.0.818.46"
36.133.115.36 - - [25/Dec/2025:17:28:49 +0800] "POST /wp-cron.php?doing_wp_cron=1766654928.9909410476684570312500 HTTP/1.1" 200 31 "-" "WordPress/6.8.3; http://cqqizhou.com"
14.108.234.20 - - [25/Dec/2025:17:28:49 +0800] "POST /wp-admin/admin-ajax.php HTTP/1.1" 200 32 "http://cqqizhou.com/wp-admin/post.php?post=2388&action=edit" "Mozilla/5.0 (Windows NT 10.0; Win64; x64) AppleWebKit/537.36 (KHTML, like Gecko) Chrome/142.0.0.0 Safari/537.36 Edg/142.0.0.0"
91.224.92.121 - - [25/Dec/2025:17:46:29 +0800] "OPTIONS / HTTP/1.1" 405 552 "-" "Mozilla/5.0 (Windows NT 10.0; Win64; x64) AppleWebKit/537.36 (KHTML, like Gecko) Chrome/114.0.5735.199 Safari/537.36"
36.133.115.36 - - [25/Dec/2025:17:49:46 +0800] "POST /wp-cron.php?doing_wp_cron=1766656186.1914660930633544921875 HTTP/1.1" 200 31 "-" "WordPress/6.8.3; http://cqqizhou.com"
110.249.201.173 - - [25/Dec/2025:17:49:46 +0800] "GET /robots.txt HTTP/1.1" 200 190 "-" "Mozilla/5.0 (Linux; Android 5.0) AppleWebKit/537.36 (KHTML, like Gecko) Mobile Safari/537.36 (compatible; Bytespider; https://zhanzhang.toutiao.com/)"
36.133.115.36 - - [25/Dec/2025:17:56:47 +0800] "POST /wp-cron.php?doing_wp_cron=1766656607.4496009349822998046875 HTTP/1.1" 200 31 "-" "WordPress/6.8.3; http://cqqizhou.com"
202.162.99.221 - - [25/Dec/2025:17:56:47 +0800] "GET /js/editor/ueditor/net/controller.ashx?action=catchimage HTTP/1.1" 404 8975 "-" "Mozilla/5.0 (Windows NT 10.0; Win64; x64)"
36.133.115.36 - - [25/Dec/2025:18:00:08 +0800] "POST /wp-cron.php?doing_wp_cron=1766656808.3125441074371337890625 HTTP/1.1" 200 31 "-" "WordPress/6.8.3; http://cqqizhou.com"
204.76.203.212 - - [25/Dec/2025:18:00:08 +0800] "GET / HTTP/1.1" 200 33678 "-" "Mozilla/5.0 (Windows NT 10.0; Win64; x64) AppleWebKit/537.36 (KHTML, like Gecko) Chrome/90.0.4430.85 Safari/537.36 Edg/90.0.818.46"
52.167.144.158 - - [25/Dec/2025:18:10:48 +0800] "GET /about/ HTTP/1.1" 200 29981 "-" "Mozilla/5.0 AppleWebKit/537.36 (KHTML, like Gecko; compatible; bingbot/2.0; +http://www.bing.com/bingbot.htm) Chrome/116.0.1938.76 Safari/537.36"
36.133.115.36 - - [25/Dec/2025:18:31:53 +0800] "POST /wp-cron.php?doing_wp_cron=1766658713.3664679527282714843750 HTTP/1.1" 200 31 "-" "WordPress/6.8.3; http://cqqizhou.com"
157.55.39.58 - - [25/Dec/2025:18:31:53 +0800] "GET /sitemap.xml HTTP/1.1" 200 501 "-" "Mozilla/5.0 AppleWebKit/537.36 (KHTML, like Gecko; compatible; bingbot/2.0; +http://www.bing.com/bingbot.htm) Chrome/116.0.1938.76 Safari/537.36"
204.76.203.212 - - [25/Dec/2025:18:31:59 +0800] "GET / HTTP/1.1" 200 33677 "-" "Mozilla/5.0 (Windows NT 10.0; Win64; x64) AppleWebKit/537.36 (KHTML, like Gecko) Chrome/90.0.4430.85 Safari/537.36 Edg/90.0.818.46"
36.133.115.36 - - [25/Dec/2025:18:34:27 +0800] "POST /wp-cron.php?doing_wp_cron=1766658867.8284370899200439453125 HTTP/1.1" 200 31 "-" "WordPress/6.8.3; http://cqqizhou.com"
5.181.188.219 - - [25/Dec/2025:18:34:27 +0800] "POST /boaform/admin/formLogin HTTP/1.1" 404 8976 "http://36.133.115.36:80/admin/login.asp" "Mozilla/5.0 (X11; Ubuntu; Linux x86_64; rv:71.0) Gecko/20100101 Firefox/71.0"
36.133.115.36 - - [25/Dec/2025:18:45:20 +0800] "POST /wp-cron.php?doing_wp_cron=1766659520.3040580749511718750000 HTTP/1.1" 200 31 "-" "WordPress/6.8.3; http://cqqizhou.com"
46.101.207.199 - - [25/Dec/2025:18:45:20 +0800] "GET /.env HTTP/1.1" 404 8979 "-" "Mozilla/5.0; Keydrop.io/1.0(onlyscans.com/about);"
46.101.207.199 - - [25/Dec/2025:18:45:21 +0800] "GET /.git/config HTTP/1.1" 404 8980 "-" "Mozilla/5.0; Keydrop.io/1.0(onlyscans.com/about);"
36.133.115.36 - - [25/Dec/2025:19:02:07 +0800] "POST /wp-cron.php?doing_wp_cron=1766660527.1473710536956787109375 HTTP/1.1" 200 31 "-" "WordPress/6.8.3; http://cqqizhou.com"
204.76.203.212 - - [25/Dec/2025:19:02:07 +0800] "GET / HTTP/1.1" 200 33676 "-" "Mozilla/5.0 (Windows NT 10.0; Win64; x64) AppleWebKit/537.36 (KHTML, like Gecko) Chrome/90.0.4430.85 Safari/537.36 Edg/90.0.818.46"
36.133.115.36 - - [25/Dec/2025:19:15:47 +0800] "POST /wp-cron.php?doing_wp_cron=1766661347.3095779418945312500000 HTTP/1.1" 200 31 "-" "WordPress/6.8.3; http://cqqizhou.com"
171.90.174.3 - - [25/Dec/2025:19:15:47 +0800] "GET / HTTP/1.0" 301 0 "-" "-"
171.90.174.3 - - [25/Dec/2025:19:15:54 +0800] "HEAD / HTTP/1.1" 301 0 "-" "\x22Mozilla/5.0"
171.90.174.3 - - [25/Dec/2025:19:15:55 +0800] "GET / HTTP/1.0" 301 0 "-" "-"
171.90.174.3 - - [25/Dec/2025:19:15:55 +0800] "GET /nmaplowercheck1766661350 HTTP/1.1" 404 31364 "-" "\x22Mozilla/5.0"
171.90.174.3 - - [25/Dec/2025:19:15:55 +0800] "POST /sdk HTTP/1.1" 404 31364 "-" "\x22Mozilla/5.0"
171.90.174.3 - - [25/Dec/2025:19:15:55 +0800] "GET / HTTP/1.1" 301 5 "-" "\x22Mozilla/5.0"
171.90.174.3 - - [25/Dec/2025:19:15:55 +0800] "GET /evox/about HTTP/1.1" 404 31364 "-" "\x22Mozilla/5.0"
171.90.174.3 - - [25/Dec/2025:19:15:55 +0800] "GET /HNAP1 HTTP/1.1" 404 31364 "-" "\x22Mozilla/5.0"
171.90.174.3 - - [25/Dec/2025:19:16:15 +0800] "GET / HTTP/1.0" 301 0 "-" "-"
171.90.174.3 - - [25/Dec/2025:19:16:15 +0800] "GET / HTTP/1.1" 301 5 "-" "-"
36.133.115.36 - - [25/Dec/2025:19:24:37 +0800] "POST /wp-cron.php?doing_wp_cron=1766661877.1692950725555419921875 HTTP/1.1" 200 31 "-" "WordPress/6.8.3; http://cqqizhou.com"
74.7.227.26 - - [25/Dec/2025:19:24:37 +0800] "GET /wp-sitemap.xml HTTP/1.1" 501 253 "-" "Mozilla/5.0 AppleWebKit/537.36 (KHTML, like Gecko; compatible; GPTBot/1.3; +https://openai.com/gptbot)"
36.133.115.36 - - [25/Dec/2025:19:30:34 +0800] "POST /wp-cron.php?doing_wp_cron=1766662234.2792789936065673828125 HTTP/1.1" 200 31 "-" "WordPress/6.8.3; http://cqqizhou.com"
43.156.228.27 - - [25/Dec/2025:19:30:34 +0800] "GET / HTTP/1.1" 301 5 "-" "Mozilla/5.0 (iPhone; CPU iPhone OS 13_2_3 like Mac OS X) AppleWebKit/605.1.15 (KHTML, like Gecko) Version/13.0.3 Mobile/15E148 Safari/604.1"
43.156.228.27 - - [25/Dec/2025:19:30:36 +0800] "GET / HTTP/1.1" 200 33676 "http://36.133.115.36" "Mozilla/5.0 (iPhone; CPU iPhone OS 13_2_3 like Mac OS X) AppleWebKit/605.1.15 (KHTML, like Gecko) Version/13.0.3 Mobile/15E148 Safari/604.1"
180.163.30.27 - - [25/Dec/2025:19:31:54 +0800] "GET /2388/ HTTP/1.1" 200 24491 "-" "Mozilla/5.0 (Macintosh; Intel Mac OS X 10_15_7) AppleWebKit/537.36 (KHTML, like Gecko) Chrome/134.0.0.0 Safari/537.36"
36.133.115.36 - - [25/Dec/2025:19:31:57 +0800] "POST /wp-cron.php?doing_wp_cron=1766662317.7794320583343505859375 HTTP/1.1" 200 31 "-" "WordPress/6.8.3; http://cqqizhou.com"
183.227.137.244 - - [25/Dec/2025:19:31:58 +0800] "GET /2388/ HTTP/1.1" 200 20480 "-" "Mozilla/5.0 (Linux; Android 12; EBG-AN00 Build/HUAWEIEBG-AN00; wv) AppleWebKit/537.36 (KHTML, like Gecko) Version/4.0 Chrome/142.0.7444.173 Mobile Safari/537.36 XWEB/1420087 MMWEBSDK/20251006 MMWEBID/4290 MicroMessenger/8.0.66.2980(0x2800423B) WeChat/arm64 Weixin NetType/WIFI Language/zh_CN ABI/arm64"
183.227.137.244 - - [25/Dec/2025:19:31:58 +0800] "GET /wp-content/uploads/2025/12/1766647832-Article_images_W900%C3%97500px20251225.webp HTTP/1.1" 200 44582 "http://cqqizhou.com/2388/" "Mozilla/5.0 (Linux; Android 12; EBG-AN00 Build/HUAWEIEBG-AN00; wv) AppleWebKit/537.36 (KHTML, like Gecko) Version/4.0 Chrome/142.0.7444.173 Mobile Safari/537.36 XWEB/1420087 MMWEBSDK/20251006 MMWEBID/4290 MicroMessenger/8.0.66.2980(0x2800423B) WeChat/arm64 Weixin NetType/WIFI Language/zh_CN ABI/arm64"
183.227.137.244 - - [25/Dec/2025:19:31:58 +0800] "GET /wp-content/uploads/2025/12/1766647829-Article_images_202512251.webp HTTP/1.1" 200 53246 "http://cqqizhou.com/2388/" "Mozilla/5.0 (Linux; Android 12; EBG-AN00 Build/HUAWEIEBG-AN00; wv) AppleWebKit/537.36 (KHTML, like Gecko) Version/4.0 Chrome/142.0.7444.173 Mobile Safari/537.36 XWEB/1420087 MMWEBSDK/20251006 MMWEBID/4290 MicroMessenger/8.0.66.2980(0x2800423B) WeChat/arm64 Weixin NetType/WIFI Language/zh_CN ABI/arm64"
183.227.137.244 - - [25/Dec/2025:19:31:58 +0800] "GET /wp-content/uploads/2025/12/1766647831-Article_images_202512254.webp HTTP/1.1" 200 55610 "http://cqqizhou.com/2388/" "Mozilla/5.0 (Linux; Android 12; EBG-AN00 Build/HUAWEIEBG-AN00; wv) AppleWebKit/537.36 (KHTML, like Gecko) Version/4.0 Chrome/142.0.7444.173 Mobile Safari/537.36 XWEB/1420087 MMWEBSDK/20251006 MMWEBID/4290 MicroMessenger/8.0.66.2980(0x2800423B) WeChat/arm64 Weixin NetType/WIFI Language/zh_CN ABI/arm64"
183.227.137.244 - - [25/Dec/2025:19:31:58 +0800] "GET /wp-content/uploads/2025/12/1766064629-Article_images_20251218212623.webp HTTP/1.1" 200 20366 "http://cqqizhou.com/2388/" "Mozilla/5.0 (Linux; Android 12; EBG-AN00 Build/HUAWEIEBG-AN00; wv) AppleWebKit/537.36 (KHTML, like Gecko) Version/4.0 Chrome/142.0.7444.173 Mobile Safari/537.36 XWEB/1420087 MMWEBSDK/20251006 MMWEBID/4290 MicroMessenger/8.0.66.2980(0x2800423B) WeChat/arm64 Weixin NetType/WIFI Language/zh_CN ABI/arm64"
183.227.137.244 - - [25/Dec/2025:19:31:58 +0800] "GET /wp-content/uploads/2025/12/1765891153-Article20251216211543.webp HTTP/1.1" 200 43108 "http://cqqizhou.com/2388/" "Mozilla/5.0 (Linux; Android 12; EBG-AN00 Build/HUAWEIEBG-AN00; wv) AppleWebKit/537.36 (KHTML, like Gecko) Version/4.0 Chrome/142.0.7444.173 Mobile Safari/537.36 XWEB/1420087 MMWEBSDK/20251006 MMWEBID/4290 MicroMessenger/8.0.66.2980(0x2800423B) WeChat/arm64 Weixin NetType/WIFI Language/zh_CN ABI/arm64"
183.227.137.244 - - [25/Dec/2025:19:31:58 +0800] "GET /wp-content/uploads/2025/07/1751425283-qizhou.kf_.qq_.com_.webp HTTP/1.1" 200 16864 "http://cqqizhou.com/2388/" "Mozilla/5.0 (Linux; Android 12; EBG-AN00 Build/HUAWEIEBG-AN00; wv) AppleWebKit/537.36 (KHTML, like Gecko) Version/4.0 Chrome/142.0.7444.173 Mobile Safari/537.36 XWEB/1420087 MMWEBSDK/20251006 MMWEBID/4290 MicroMessenger/8.0.66.2980(0x2800423B) WeChat/arm64 Weixin NetType/WIFI Language/zh_CN ABI/arm64"
183.227.137.244 - - [25/Dec/2025:19:31:58 +0800] "GET /wp-content/uploads/2025/07/1753410289-News2000%C3%97400_202571.webp HTTP/1.1" 200 17830 "http://cqqizhou.com/2388/" "Mozilla/5.0 (Linux; Android 12; EBG-AN00 Build/HUAWEIEBG-AN00; wv) AppleWebKit/537.36 (KHTML, like Gecko) Version/4.0 Chrome/142.0.7444.173 Mobile Safari/537.36 XWEB/1420087 MMWEBSDK/20251006 MMWEBID/4290 MicroMessenger/8.0.66.2980(0x2800423B) WeChat/arm64 Weixin NetType/WIFI Language/zh_CN ABI/arm64"
183.227.137.244 - - [25/Dec/2025:19:31:58 +0800] "GET /wp-content/uploads/2025/12/1766647830-Article_images_202512252.webp HTTP/1.1" 200 84832 "http://cqqizhou.com/2388/" "Mozilla/5.0 (Linux; Android 12; EBG-AN00 Build/HUAWEIEBG-AN00; wv) AppleWebKit/537.36 (KHTML, like Gecko) Version/4.0 Chrome/142.0.7444.173 Mobile Safari/537.36 XWEB/1420087 MMWEBSDK/20251006 MMWEBID/4290 MicroMessenger/8.0.66.2980(0x2800423B) WeChat/arm64 Weixin NetType/WIFI Language/zh_CN ABI/arm64"
183.227.137.244 - - [25/Dec/2025:19:31:58 +0800] "GET /wp-content/uploads/2025/12/1766647831-Article_images_202512253.webp HTTP/1.1" 200 115480 "http://cqqizhou.com/2388/" "Mozilla/5.0 (Linux; Android 12; EBG-AN00 Build/HUAWEIEBG-AN00; wv) AppleWebKit/537.36 (KHTML, like Gecko) Version/4.0 Chrome/142.0.7444.173 Mobile Safari/537.36 XWEB/1420087 MMWEBSDK/20251006 MMWEBID/4290 MicroMessenger/8.0.66.2980(0x2800423B) WeChat/arm64 Weixin NetType/WIFI Language/zh_CN ABI/arm64"
183.227.137.244 - - [25/Dec/2025:19:32:18 +0800] "GET /2388/ HTTP/1.1" 200 20480 "-" "Mozilla/5.0 (Linux; Android 12; EBG-AN00 Build/HUAWEIEBG-AN00; wv) AppleWebKit/537.36 (KHTML, like Gecko) Version/4.0 Chrome/142.0.7444.173 Mobile Safari/537.36 XWEB/1420087 MMWEBSDK/20251006 MMWEBID/4290 MicroMessenger/8.0.66.2980(0x2800423B) WeChat/arm64 Weixin NetType/WIFI Language/zh_CN ABI/arm64"
36.133.115.36 - - [25/Dec/2025:19:37:05 +0800] "POST /wp-cron.php?doing_wp_cron=1766662625.7390339374542236328125 HTTP/1.1" 200 31 "-" "WordPress/6.8.3; http://cqqizhou.com"
43.165.67.57 - - [25/Dec/2025:19:37:05 +0800] "GET / HTTP/1.1" 301 5 "-" "Mozilla/5.0 (iPhone; CPU iPhone OS 13_2_3 like Mac OS X) AppleWebKit/605.1.15 (KHTML, like Gecko) Version/13.0.3 Mobile/15E148 Safari/604.1"
43.165.67.57 - - [25/Dec/2025:19:37:09 +0800] "GET / HTTP/1.1" 200 33676 "http://www.cqqizhou.com" "Mozilla/5.0 (iPhone; CPU iPhone OS 13_2_3 like Mac OS X) AppleWebKit/605.1.15 (KHTML, like Gecko) Version/13.0.3 Mobile/15E148 Safari/604.1"
202.162.99.221 - - [25/Dec/2025:19:37:21 +0800] "GET /plugins/ueditor/asp/getRemoteImage.asp HTTP/1.1" 404 8980 "-" "Mozilla/5.0 (Windows NT 10.0; Win64; x64)"
204.76.203.212 - - [25/Dec/2025:19:37:31 +0800] "GET / HTTP/1.1" 200 33676 "-" "Mozilla/5.0 (Windows NT 10.0; Win64; x64) AppleWebKit/537.36 (KHTML, like Gecko) Chrome/90.0.4430.85 Safari/537.36 Edg/90.0.818.46"
36.133.115.36 - - [25/Dec/2025:19:40:07 +0800] "POST /wp-cron.php?doing_wp_cron=1766662807.0255498886108398437500 HTTP/1.1" 200 31 "-" "WordPress/6.8.3; http://cqqizhou.com"
183.227.137.244 - - [25/Dec/2025:19:40:07 +0800] "GET /2339/ HTTP/1.1" 499 0 "-" "Mozilla/5.0 (Linux; Android 12; EBG-AN00 Build/HUAWEIEBG-AN00; wv) AppleWebKit/537.36 (KHTML, like Gecko) Version/4.0 Chrome/138.0.7204.180 Mobile Safari/537.36 XWEB/1380275 MMWEBSDK/20250202 MMWEBID/2574 wxwork/5.0.2 MicroMessenger/7.0.1 NetType/WIFI Language/zh Lang/zh ColorScheme/Light wwmver/3.26.502.634"
36.133.115.36 - - [25/Dec/2025:19:41:05 +0800] "POST /wp-cron.php?doing_wp_cron=1766662865.5008859634399414062500 HTTP/1.1" 200 31 "-" "WordPress/6.8.3; http://cqqizhou.com"
183.227.137.244 - - [25/Dec/2025:19:41:05 +0800] "GET /2339/ HTTP/1.1" 200 20577 "-" "Mozilla/5.0 (Linux; Android 12; EBG-AN00 Build/HUAWEIEBG-AN00; wv) AppleWebKit/537.36 (KHTML, like Gecko) Version/4.0 Chrome/138.0.7204.180 Mobile Safari/537.36 XWEB/1380275 MMWEBSDK/20250202 MMWEBID/2574 wxwork/5.0.2 MicroMessenger/7.0.1 NetType/WIFI Language/zh Lang/zh ColorScheme/Light wwmver/3.26.502.634"
183.227.137.244 - - [25/Dec/2025:19:41:05 +0800] "GET /wp-content/uploads/2025/12/1765891413-20251209103501.webp HTTP/1.1" 304 0 "http://cqqizhou.com/2339/" "Mozilla/5.0 (Linux; Android 12; EBG-AN00 Build/HUAWEIEBG-AN00; wv) AppleWebKit/537.36 (KHTML, like Gecko) Version/4.0 Chrome/138.0.7204.180 Mobile Safari/537.36 XWEB/1380275 MMWEBSDK/20250202 MMWEBID/2574 wxwork/5.0.2 MicroMessenger/7.0.1 NetType/WIFI Language/zh Lang/zh ColorScheme/Light wwmver/3.26.502.634"
183.227.137.244 - - [25/Dec/2025:19:41:05 +0800] "GET /wp-content/uploads/2025/12/1765248735-20251209104226_108_60.webp HTTP/1.1" 200 55962 "http://cqqizhou.com/2339/" "Mozilla/5.0 (Linux; Android 12; EBG-AN00 Build/HUAWEIEBG-AN00; wv) AppleWebKit/537.36 (KHTML, like Gecko) Version/4.0 Chrome/138.0.7204.180 Mobile Safari/537.36 XWEB/1380275 MMWEBSDK/20250202 MMWEBID/2574 wxwork/5.0.2 MicroMessenger/7.0.1 NetType/WIFI Language/zh Lang/zh ColorScheme/Light wwmver/3.26.502.634"
183.227.137.244 - - [25/Dec/2025:19:41:05 +0800] "GET /wp-content/uploads/2025/12/1765248770-20251209104226_107_60.webp HTTP/1.1" 200 66916 "http://cqqizhou.com/2339/" "Mozilla/5.0 (Linux; Android 12; EBG-AN00 Build/HUAWEIEBG-AN00; wv) AppleWebKit/537.36 (KHTML, like Gecko) Version/4.0 Chrome/138.0.7204.180 Mobile Safari/537.36 XWEB/1380275 MMWEBSDK/20250202 MMWEBID/2574 wxwork/5.0.2 MicroMessenger/7.0.1 NetType/WIFI Language/zh Lang/zh ColorScheme/Light wwmver/3.26.502.634"
183.227.137.244 - - [25/Dec/2025:19:41:05 +0800] "GET /wp-content/uploads/2025/12/1766064629-Article_images_20251218212623.webp HTTP/1.1" 304 0 "http://cqqizhou.com/2339/" "Mozilla/5.0 (Linux; Android 12; EBG-AN00 Build/HUAWEIEBG-AN00; wv) AppleWebKit/537.36 (KHTML, like Gecko) Version/4.0 Chrome/138.0.7204.180 Mobile Safari/537.36 XWEB/1380275 MMWEBSDK/20250202 MMWEBID/2574 wxwork/5.0.2 MicroMessenger/7.0.1 NetType/WIFI Language/zh Lang/zh ColorScheme/Light wwmver/3.26.502.634"
183.227.137.244 - - [25/Dec/2025:19:41:05 +0800] "GET /wp-content/uploads/2025/12/1766647832-Article_images_W900%C3%97500px20251225.webp HTTP/1.1" 200 44582 "http://cqqizhou.com/2339/" "Mozilla/5.0 (Linux; Android 12; EBG-AN00 Build/HUAWEIEBG-AN00; wv) AppleWebKit/537.36 (KHTML, like Gecko) Version/4.0 Chrome/138.0.7204.180 Mobile Safari/537.36 XWEB/1380275 MMWEBSDK/20250202 MMWEBID/2574 wxwork/5.0.2 MicroMessenger/7.0.1 NetType/WIFI Language/zh Lang/zh ColorScheme/Light wwmver/3.26.502.634"
183.227.137.244 - - [25/Dec/2025:19:41:05 +0800] "GET /wp-content/uploads/2025/12/1765249046-20251209104228_110_60.webp HTTP/1.1" 200 64834 "http://cqqizhou.com/2339/" "Mozilla/5.0 (Linux; Android 12; EBG-AN00 Build/HUAWEIEBG-AN00; wv) AppleWebKit/537.36 (KHTML, like Gecko) Version/4.0 Chrome/138.0.7204.180 Mobile Safari/537.36 XWEB/1380275 MMWEBSDK/20250202 MMWEBID/2574 wxwork/5.0.2 MicroMessenger/7.0.1 NetType/WIFI Language/zh Lang/zh ColorScheme/Light wwmver/3.26.502.634"
36.133.115.36 - - [25/Dec/2025:19:41:58 +0800] "POST /wp-cron.php?doing_wp_cron=1766662918.8191609382629394531250 HTTP/1.1" 200 31 "-" "WordPress/6.8.3; http://cqqizhou.com"
183.227.137.244 - - [25/Dec/2025:19:41:59 +0800] "GET /2388/ HTTP/1.1" 200 20480 "-" "Mozilla/5.0 (Linux; Android 12; EBG-AN00 Build/HUAWEIEBG-AN00; wv) AppleWebKit/537.36 (KHTML, like Gecko) Version/4.0 Chrome/142.0.7444.173 Mobile Safari/537.36 XWEB/1420113 MMWEBSDK/20251006 MMWEBID/9861 MicroMessenger/8.0.66.2980(0x2800423E) WeChat/arm64 Weixin NetType/WIFI Language/zh_CN ABI/arm64"
183.227.137.244 - - [25/Dec/2025:19:41:59 +0800] "GET /wp-content/uploads/2025/12/1766647832-Article_images_W900%C3%97500px20251225.webp HTTP/1.1" 200 44582 "http://cqqizhou.com/2388/" "Mozilla/5.0 (Linux; Android 12; EBG-AN00 Build/HUAWEIEBG-AN00; wv) AppleWebKit/537.36 (KHTML, like Gecko) Version/4.0 Chrome/142.0.7444.173 Mobile Safari/537.36 XWEB/1420113 MMWEBSDK/20251006 MMWEBID/9861 MicroMessenger/8.0.66.2980(0x2800423E) WeChat/arm64 Weixin NetType/WIFI Language/zh_CN ABI/arm64"
183.227.137.244 - - [25/Dec/2025:19:41:59 +0800] "GET /wp-content/uploads/2025/12/1766647829-Article_images_202512251.webp HTTP/1.1" 200 53246 "http://cqqizhou.com/2388/" "Mozilla/5.0 (Linux; Android 12; EBG-AN00 Build/HUAWEIEBG-AN00; wv) AppleWebKit/537.36 (KHTML, like Gecko) Version/4.0 Chrome/142.0.7444.173 Mobile Safari/537.36 XWEB/1420113 MMWEBSDK/20251006 MMWEBID/9861 MicroMessenger/8.0.66.2980(0x2800423E) WeChat/arm64 Weixin NetType/WIFI Language/zh_CN ABI/arm64"
183.227.137.244 - - [25/Dec/2025:19:41:59 +0800] "GET /wp-content/uploads/2025/12/1766647831-Article_images_202512254.webp HTTP/1.1" 200 55610 "http://cqqizhou.com/2388/" "Mozilla/5.0 (Linux; Android 12; EBG-AN00 Build/HUAWEIEBG-AN00; wv) AppleWebKit/537.36 (KHTML, like Gecko) Version/4.0 Chrome/142.0.7444.173 Mobile Safari/537.36 XWEB/1420113 MMWEBSDK/20251006 MMWEBID/9861 MicroMessenger/8.0.66.2980(0x2800423E) WeChat/arm64 Weixin NetType/WIFI Language/zh_CN ABI/arm64"
183.227.137.244 - - [25/Dec/2025:19:41:59 +0800] "GET /wp-content/uploads/2025/12/1766064629-Article_images_20251218212623.webp HTTP/1.1" 200 20366 "http://cqqizhou.com/2388/" "Mozilla/5.0 (Linux; Android 12; EBG-AN00 Build/HUAWEIEBG-AN00; wv) AppleWebKit/537.36 (KHTML, like Gecko) Version/4.0 Chrome/142.0.7444.173 Mobile Safari/537.36 XWEB/1420113 MMWEBSDK/20251006 MMWEBID/9861 MicroMessenger/8.0.66.2980(0x2800423E) WeChat/arm64 Weixin NetType/WIFI Language/zh_CN ABI/arm64"
183.227.137.244 - - [25/Dec/2025:19:41:59 +0800] "GET /wp-content/uploads/2025/12/1765891153-Article20251216211543.webp HTTP/1.1" 200 43108 "http://cqqizhou.com/2388/" "Mozilla/5.0 (Linux; Android 12; EBG-AN00 Build/HUAWEIEBG-AN00; wv) AppleWebKit/537.36 (KHTML, like Gecko) Version/4.0 Chrome/142.0.7444.173 Mobile Safari/537.36 XWEB/1420113 MMWEBSDK/20251006 MMWEBID/9861 MicroMessenger/8.0.66.2980(0x2800423E) WeChat/arm64 Weixin NetType/WIFI Language/zh_CN ABI/arm64"
183.227.137.244 - - [25/Dec/2025:19:41:59 +0800] "GET /wp-content/uploads/2025/07/1753410289-News2000%C3%97400_202571.webp HTTP/1.1" 200 17830 "http://cqqizhou.com/2388/" "Mozilla/5.0 (Linux; Android 12; EBG-AN00 Build/HUAWEIEBG-AN00; wv) AppleWebKit/537.36 (KHTML, like Gecko) Version/4.0 Chrome/142.0.7444.173 Mobile Safari/537.36 XWEB/1420113 MMWEBSDK/20251006 MMWEBID/9861 MicroMessenger/8.0.66.2980(0x2800423E) WeChat/arm64 Weixin NetType/WIFI Language/zh_CN ABI/arm64"
183.227.137.244 - - [25/Dec/2025:19:41:59 +0800] "GET /wp-content/uploads/2025/07/1751425283-qizhou.kf_.qq_.com_.webp HTTP/1.1" 200 16864 "http://cqqizhou.com/2388/" "Mozilla/5.0 (Linux; Android 12; EBG-AN00 Build/HUAWEIEBG-AN00; wv) AppleWebKit/537.36 (KHTML, like Gecko) Version/4.0 Chrome/142.0.7444.173 Mobile Safari/537.36 XWEB/1420113 MMWEBSDK/20251006 MMWEBID/9861 MicroMessenger/8.0.66.2980(0x2800423E) WeChat/arm64 Weixin NetType/WIFI Language/zh_CN ABI/arm64"
183.227.137.244 - - [25/Dec/2025:19:41:59 +0800] "GET /wp-content/uploads/2025/12/1766647831-Article_images_202512253.webp HTTP/1.1" 200 115480 "http://cqqizhou.com/2388/" "Mozilla/5.0 (Linux; Android 12; EBG-AN00 Build/HUAWEIEBG-AN00; wv) AppleWebKit/537.36 (KHTML, like Gecko) Version/4.0 Chrome/142.0.7444.173 Mobile Safari/537.36 XWEB/1420113 MMWEBSDK/20251006 MMWEBID/9861 MicroMessenger/8.0.66.2980(0x2800423E) WeChat/arm64 Weixin NetType/WIFI Language/zh_CN ABI/arm64"
183.227.137.244 - - [25/Dec/2025:19:41:59 +0800] "GET /wp-content/uploads/2025/12/1766647830-Article_images_202512252.webp HTTP/1.1" 200 84832 "http://cqqizhou.com/2388/" "Mozilla/5.0 (Linux; Android 12; EBG-AN00 Build/HUAWEIEBG-AN00; wv) AppleWebKit/537.36 (KHTML, like Gecko) Version/4.0 Chrome/142.0.7444.173 Mobile Safari/537.36 XWEB/1420113 MMWEBSDK/20251006 MMWEBID/9861 MicroMessenger/8.0.66.2980(0x2800423E) WeChat/arm64 Weixin NetType/WIFI Language/zh_CN ABI/arm64"
183.227.137.244 - - [25/Dec/2025:19:42:36 +0800] "GET /2388/ HTTP/1.1" 200 20480 "-" "Mozilla/5.0 (Linux; Android 12; ALA-AN70 Build/HONORALA-AN70; wv) AppleWebKit/537.36 (KHTML, like Gecko) Version/4.0 Chrome/142.0.7444.173 Mobile Safari/537.36 XWEB/1420113 MMWEBSDK/20251006 MMWEBID/9582 MicroMessenger/8.0.66.2980(0x2800423E) WeChat/arm64 Weixin NetType/WIFI Language/zh_CN ABI/arm64"
183.227.137.244 - - [25/Dec/2025:19:42:37 +0800] "GET /wp-content/uploads/2025/12/1766647832-Article_images_W900%C3%97500px20251225.webp HTTP/1.1" 200 44582 "http://cqqizhou.com/2388/" "Mozilla/5.0 (Linux; Android 12; ALA-AN70 Build/HONORALA-AN70; wv) AppleWebKit/537.36 (KHTML, like Gecko) Version/4.0 Chrome/142.0.7444.173 Mobile Safari/537.36 XWEB/1420113 MMWEBSDK/20251006 MMWEBID/9582 MicroMessenger/8.0.66.2980(0x2800423E) WeChat/arm64 Weixin NetType/WIFI Language/zh_CN ABI/arm64"
183.227.137.244 - - [25/Dec/2025:19:42:37 +0800] "GET /wp-content/uploads/2025/12/1766647829-Article_images_202512251.webp HTTP/1.1" 200 53246 "http://cqqizhou.com/2388/" "Mozilla/5.0 (Linux; Android 12; ALA-AN70 Build/HONORALA-AN70; wv) AppleWebKit/537.36 (KHTML, like Gecko) Version/4.0 Chrome/142.0.7444.173 Mobile Safari/537.36 XWEB/1420113 MMWEBSDK/20251006 MMWEBID/9582 MicroMessenger/8.0.66.2980(0x2800423E) WeChat/arm64 Weixin NetType/WIFI Language/zh_CN ABI/arm64"
183.227.137.244 - - [25/Dec/2025:19:42:37 +0800] "GET /wp-content/uploads/2025/12/1766647831-Article_images_202512254.webp HTTP/1.1" 200 55610 "http://cqqizhou.com/2388/" "Mozilla/5.0 (Linux; Android 12; ALA-AN70 Build/HONORALA-AN70; wv) AppleWebKit/537.36 (KHTML, like Gecko) Version/4.0 Chrome/142.0.7444.173 Mobile Safari/537.36 XWEB/1420113 MMWEBSDK/20251006 MMWEBID/9582 MicroMessenger/8.0.66.2980(0x2800423E) WeChat/arm64 Weixin NetType/WIFI Language/zh_CN ABI/arm64"
183.227.137.244 - - [25/Dec/2025:19:42:37 +0800] "GET /wp-content/uploads/2025/12/1765891153-Article20251216211543.webp HTTP/1.1" 200 43108 "http://cqqizhou.com/2388/" "Mozilla/5.0 (Linux; Android 12; ALA-AN70 Build/HONORALA-AN70; wv) AppleWebKit/537.36 (KHTML, like Gecko) Version/4.0 Chrome/142.0.7444.173 Mobile Safari/537.36 XWEB/1420113 MMWEBSDK/20251006 MMWEBID/9582 MicroMessenger/8.0.66.2980(0x2800423E) WeChat/arm64 Weixin NetType/WIFI Language/zh_CN ABI/arm64"
183.227.137.244 - - [25/Dec/2025:19:42:37 +0800] "GET /wp-content/uploads/2025/12/1766064629-Article_images_20251218212623.webp HTTP/1.1" 200 20366 "http://cqqizhou.com/2388/" "Mozilla/5.0 (Linux; Android 12; ALA-AN70 Build/HONORALA-AN70; wv) AppleWebKit/537.36 (KHTML, like Gecko) Version/4.0 Chrome/142.0.7444.173 Mobile Safari/537.36 XWEB/1420113 MMWEBSDK/20251006 MMWEBID/9582 MicroMessenger/8.0.66.2980(0x2800423E) WeChat/arm64 Weixin NetType/WIFI Language/zh_CN ABI/arm64"
183.227.137.244 - - [25/Dec/2025:19:42:37 +0800] "GET /wp-content/uploads/2025/07/1753410289-News2000%C3%97400_202571.webp HTTP/1.1" 200 17830 "http://cqqizhou.com/2388/" "Mozilla/5.0 (Linux; Android 12; ALA-AN70 Build/HONORALA-AN70; wv) AppleWebKit/537.36 (KHTML, like Gecko) Version/4.0 Chrome/142.0.7444.173 Mobile Safari/537.36 XWEB/1420113 MMWEBSDK/20251006 MMWEBID/9582 MicroMessenger/8.0.66.2980(0x2800423E) WeChat/arm64 Weixin NetType/WIFI Language/zh_CN ABI/arm64"
183.227.137.244 - - [25/Dec/2025:19:42:37 +0800] "GET /wp-content/uploads/2025/07/1751425283-qizhou.kf_.qq_.com_.webp HTTP/1.1" 200 16864 "http://cqqizhou.com/2388/" "Mozilla/5.0 (Linux; Android 12; ALA-AN70 Build/HONORALA-AN70; wv) AppleWebKit/537.36 (KHTML, like Gecko) Version/4.0 Chrome/142.0.7444.173 Mobile Safari/537.36 XWEB/1420113 MMWEBSDK/20251006 MMWEBID/9582 MicroMessenger/8.0.66.2980(0x2800423E) WeChat/arm64 Weixin NetType/WIFI Language/zh_CN ABI/arm64"
183.227.137.244 - - [25/Dec/2025:19:42:37 +0800] "GET /wp-content/uploads/2025/12/1766647831-Article_images_202512253.webp HTTP/1.1" 200 115480 "http://cqqizhou.com/2388/" "Mozilla/5.0 (Linux; Android 12; ALA-AN70 Build/HONORALA-AN70; wv) AppleWebKit/537.36 (KHTML, like Gecko) Version/4.0 Chrome/142.0.7444.173 Mobile Safari/537.36 XWEB/1420113 MMWEBSDK/20251006 MMWEBID/9582 MicroMessenger/8.0.66.2980(0x2800423E) WeChat/arm64 Weixin NetType/WIFI Language/zh_CN ABI/arm64"
183.227.137.244 - - [25/Dec/2025:19:42:37 +0800] "GET /wp-content/uploads/2025/12/1766647830-Article_images_202512252.webp HTTP/1.1" 200 84832 "http://cqqizhou.com/2388/" "Mozilla/5.0 (Linux; Android 12; ALA-AN70 Build/HONORALA-AN70; wv) AppleWebKit/537.36 (KHTML, like Gecko) Version/4.0 Chrome/142.0.7444.173 Mobile Safari/537.36 XWEB/1420113 MMWEBSDK/20251006 MMWEBID/9582 MicroMessenger/8.0.66.2980(0x2800423E) WeChat/arm64 Weixin NetType/WIFI Language/zh_CN ABI/arm64"
36.133.115.36 - - [25/Dec/2025:19:43:34 +0800] "POST /wp-cron.php?doing_wp_cron=1766663014.0559489727020263671875 HTTP/1.1" 200 31 "-" "WordPress/6.8.3; http://cqqizhou.com"
183.227.137.244 - - [25/Dec/2025:19:43:34 +0800] "GET /2354/ HTTP/1.1" 200 20350 "http://cqqizhou.com/2388/" "Mozilla/5.0 (Linux; Android 12; ALA-AN70 Build/HONORALA-AN70; wv) AppleWebKit/537.36 (KHTML, like Gecko) Version/4.0 Chrome/142.0.7444.173 Mobile Safari/537.36 XWEB/1420113 MMWEBSDK/20251006 MMWEBID/9582 MicroMessenger/8.0.66.2980(0x2800423E) WeChat/arm64 Weixin NetType/WIFI Language/zh_CN ABI/arm64"
183.227.137.244 - - [25/Dec/2025:19:43:34 +0800] "GET /wp-content/uploads/2025/12/1765894221-Article20251216211544.webp HTTP/1.1" 200 75768 "http://cqqizhou.com/2354/" "Mozilla/5.0 (Linux; Android 12; ALA-AN70 Build/HONORALA-AN70; wv) AppleWebKit/537.36 (KHTML, like Gecko) Version/4.0 Chrome/142.0.7444.173 Mobile Safari/537.36 XWEB/1420113 MMWEBSDK/20251006 MMWEBID/9582 MicroMessenger/8.0.66.2980(0x2800423E) WeChat/arm64 Weixin NetType/WIFI Language/zh_CN ABI/arm64"
183.227.137.244 - - [25/Dec/2025:19:43:34 +0800] "GET /wp-content/uploads/2025/12/1765862012-DSC20251216131140.webp HTTP/1.1" 200 78744 "http://cqqizhou.com/2354/" "Mozilla/5.0 (Linux; Android 12; ALA-AN70 Build/HONORALA-AN70; wv) AppleWebKit/537.36 (KHTML, like Gecko) Version/4.0 Chrome/142.0.7444.173 Mobile Safari/537.36 XWEB/1420113 MMWEBSDK/20251006 MMWEBID/9582 MicroMessenger/8.0.66.2980(0x2800423E) WeChat/arm64 Weixin NetType/WIFI Language/zh_CN ABI/arm64"
183.227.137.244 - - [25/Dec/2025:19:43:34 +0800] "GET /wp-content/uploads/2025/12/1766375846-Article20251216211545.webp HTTP/1.1" 200 70386 "http://cqqizhou.com/2354/" "Mozilla/5.0 (Linux; Android 12; ALA-AN70 Build/HONORALA-AN70; wv) AppleWebKit/537.36 (KHTML, like Gecko) Version/4.0 Chrome/142.0.7444.173 Mobile Safari/537.36 XWEB/1420113 MMWEBSDK/20251006 MMWEBID/9582 MicroMessenger/8.0.66.2980(0x2800423E) WeChat/arm64 Weixin NetType/WIFI Language/zh_CN ABI/arm64"
36.133.115.36 - - [25/Dec/2025:19:44:20 +0800] "POST /wp-cron.php?doing_wp_cron=1766663060.7269721031188964843750 HTTP/1.1" 200 31 "-" "WordPress/6.8.3; http://cqqizhou.com"
183.227.137.244 - - [25/Dec/2025:19:44:20 +0800] "GET /2388/ HTTP/1.1" 200 20480 "-" "Mozilla/5.0 (Linux; Android 12; ALA-AN70 Build/HONORALA-AN70; wv) AppleWebKit/537.36 (KHTML, like Gecko) Version/4.0 Chrome/142.0.7444.173 Mobile Safari/537.36 XWEB/1420113 MMWEBSDK/20251006 MMWEBID/9582 MicroMessenger/8.0.66.2980(0x2800423E) WeChat/arm64 Weixin NetType/WIFI Language/zh_CN ABI/arm64"
36.133.115.36 - - [25/Dec/2025:19:45:21 +0800] "POST /wp-cron.php?doing_wp_cron=1766663121.0064740180969238281250 HTTP/1.1" 200 31 "-" "WordPress/6.8.3; http://cqqizhou.com"
183.227.137.244 - - [25/Dec/2025:19:45:21 +0800] "GET /2388/ HTTP/1.1" 200 20479 "-" "Mozilla/5.0 (Linux; Android 12; ALA-AN70 Build/HONORALA-AN70; wv) AppleWebKit/537.36 (KHTML, like Gecko) Version/4.0 Chrome/142.0.7444.173 Mobile Safari/537.36 XWEB/1420113 MMWEBSDK/20251006 MMWEBID/9582 MicroMessenger/8.0.66.2980(0x2800423E) WeChat/arm64 Weixin NetType/WIFI Language/zh_CN ABI/arm64"
180.163.28.55 - - [25/Dec/2025:19:45:27 +0800] "GET /2388/ HTTP/1.1" 200 24491 "-" "Mozilla/5.0 (Windows NT 10.0; Win64; x64) AppleWebKit/537.36 (KHTML, like Gecko) Chrome/135.0.0.0 Safari/537.36"
183.227.137.244 - - [25/Dec/2025:19:45:28 +0800] "GET /2388/ HTTP/1.1" 200 20480 "-" "Mozilla/5.0 (Linux; Android 12; ALA-AN70 Build/HONORALA-AN70; wv) AppleWebKit/537.36 (KHTML, like Gecko) Version/4.0 Chrome/142.0.7444.173 Mobile Safari/537.36 XWEB/1420113 MMWEBSDK/20251006 MMWEBID/9582 MicroMessenger/8.0.66.2980(0x2800423E) WeChat/arm64 Weixin NetType/WIFI Language/zh_CN ABI/arm64"
36.133.115.36 - - [25/Dec/2025:19:46:50 +0800] "POST /wp-cron.php?doing_wp_cron=1766663210.6368501186370849609375 HTTP/1.1" 200 31 "-" "WordPress/6.8.3; http://cqqizhou.com"
207.244.246.26 - - [25/Dec/2025:19:46:50 +0800] "POST /hello.world?%ADd+allow_url_include%3d1+%ADd+auto_prepend_file%3dphp://input HTTP/1.1" 404 31364 "-" "libredtail-http"
207.244.246.26 - - [25/Dec/2025:19:46:52 +0800] "POST /?%ADd+allow_url_include%3d1+%ADd+auto_prepend_file%3dphp://input HTTP/1.1" 200 152290 "-" "libredtail-http"
207.244.246.26 - - [25/Dec/2025:19:46:53 +0800] "GET /vendor/phpunit/phpunit/src/Util/PHP/eval-stdin.php HTTP/1.1" 404 27 "-" "libredtail-http"
207.244.246.26 - - [25/Dec/2025:19:46:53 +0800] "GET /vendor/phpunit/phpunit/Util/PHP/eval-stdin.php HTTP/1.1" 404 27 "-" "libredtail-http"
207.244.246.26 - - [25/Dec/2025:19:46:53 +0800] "GET /vendor/phpunit/src/Util/PHP/eval-stdin.php HTTP/1.1" 404 27 "-" "libredtail-http"
207.244.246.26 - - [25/Dec/2025:19:46:54 +0800] "GET /vendor/phpunit/Util/PHP/eval-stdin.php HTTP/1.1" 404 27 "-" "libredtail-http"
207.244.246.26 - - [25/Dec/2025:19:46:54 +0800] "GET /vendor/phpunit/phpunit/LICENSE/eval-stdin.php HTTP/1.1" 404 27 "-" "libredtail-http"
207.244.246.26 - - [25/Dec/2025:19:46:54 +0800] "GET /vendor/vendor/phpunit/phpunit/src/Util/PHP/eval-stdin.php HTTP/1.1" 404 27 "-" "libredtail-http"
207.244.246.26 - - [25/Dec/2025:19:46:55 +0800] "GET /phpunit/phpunit/src/Util/PHP/eval-stdin.php HTTP/1.1" 404 27 "-" "libredtail-http"
207.244.246.26 - - [25/Dec/2025:19:46:55 +0800] "GET /phpunit/phpunit/Util/PHP/eval-stdin.php HTTP/1.1" 404 27 "-" "libredtail-http"
207.244.246.26 - - [25/Dec/2025:19:46:55 +0800] "GET /phpunit/src/Util/PHP/eval-stdin.php HTTP/1.1" 404 27 "-" "libredtail-http"
207.244.246.26 - - [25/Dec/2025:19:46:56 +0800] "GET /phpunit/Util/PHP/eval-stdin.php HTTP/1.1" 404 27 "-" "libredtail-http"
207.244.246.26 - - [25/Dec/2025:19:46:56 +0800] "GET /lib/phpunit/phpunit/src/Util/PHP/eval-stdin.php HTTP/1.1" 404 27 "-" "libredtail-http"
207.244.246.26 - - [25/Dec/2025:19:46:56 +0800] "GET /lib/phpunit/phpunit/Util/PHP/eval-stdin.php HTTP/1.1" 404 27 "-" "libredtail-http"
207.244.246.26 - - [25/Dec/2025:19:46:57 +0800] "GET /lib/phpunit/src/Util/PHP/eval-stdin.php HTTP/1.1" 404 27 "-" "libredtail-http"
207.244.246.26 - - [25/Dec/2025:19:46:57 +0800] "GET /lib/phpunit/Util/PHP/eval-stdin.php HTTP/1.1" 404 27 "-" "libredtail-http"
207.244.246.26 - - [25/Dec/2025:19:46:57 +0800] "GET /lib/vendor/phpunit/phpunit/src/Util/PHP/eval-stdin.php HTTP/1.1" 404 27 "-" "libredtail-http"
207.244.246.26 - - [25/Dec/2025:19:46:58 +0800] "GET /laravel/vendor/phpunit/phpunit/src/Util/PHP/eval-stdin.php HTTP/1.1" 404 27 "-" "libredtail-http"
207.244.246.26 - - [25/Dec/2025:19:46:58 +0800] "GET /www/vendor/phpunit/phpunit/src/Util/PHP/eval-stdin.php HTTP/1.1" 404 27 "-" "libredtail-http"
207.244.246.26 - - [25/Dec/2025:19:46:58 +0800] "GET /ws/vendor/phpunit/phpunit/src/Util/PHP/eval-stdin.php HTTP/1.1" 404 27 "-" "libredtail-http"
207.244.246.26 - - [25/Dec/2025:19:46:59 +0800] "GET /yii/vendor/phpunit/phpunit/src/Util/PHP/eval-stdin.php HTTP/1.1" 404 27 "-" "libredtail-http"
207.244.246.26 - - [25/Dec/2025:19:46:59 +0800] "GET /zend/vendor/phpunit/phpunit/src/Util/PHP/eval-stdin.php HTTP/1.1" 404 27 "-" "libredtail-http"
207.244.246.26 - - [25/Dec/2025:19:46:59 +0800] "GET /ws/ec/vendor/phpunit/phpunit/src/Util/PHP/eval-stdin.php HTTP/1.1" 404 27 "-" "libredtail-http"
207.244.246.26 - - [25/Dec/2025:19:47:00 +0800] "GET /V2/vendor/phpunit/phpunit/src/Util/PHP/eval-stdin.php HTTP/1.1" 404 27 "-" "libredtail-http"
207.244.246.26 - - [25/Dec/2025:19:47:00 +0800] "GET /tests/vendor/phpunit/phpunit/src/Util/PHP/eval-stdin.php HTTP/1.1" 404 27 "-" "libredtail-http"
207.244.246.26 - - [25/Dec/2025:19:47:00 +0800] "GET /test/vendor/phpunit/phpunit/src/Util/PHP/eval-stdin.php HTTP/1.1" 404 27 "-" "libredtail-http"
207.244.246.26 - - [25/Dec/2025:19:47:01 +0800] "GET /testing/vendor/phpunit/phpunit/src/Util/PHP/eval-stdin.php HTTP/1.1" 404 27 "-" "libredtail-http"
207.244.246.26 - - [25/Dec/2025:19:47:01 +0800] "GET /api/vendor/phpunit/phpunit/src/Util/PHP/eval-stdin.php HTTP/1.1" 404 27 "-" "libredtail-http"
207.244.246.26 - - [25/Dec/2025:19:47:01 +0800] "GET /demo/vendor/phpunit/phpunit/src/Util/PHP/eval-stdin.php HTTP/1.1" 404 27 "-" "libredtail-http"
207.244.246.26 - - [25/Dec/2025:19:47:02 +0800] "GET /cms/vendor/phpunit/phpunit/src/Util/PHP/eval-stdin.php HTTP/1.1" 404 27 "-" "libredtail-http"
207.244.246.26 - - [25/Dec/2025:19:47:02 +0800] "GET /crm/vendor/phpunit/phpunit/src/Util/PHP/eval-stdin.php HTTP/1.1" 404 27 "-" "libredtail-http"
207.244.246.26 - - [25/Dec/2025:19:47:03 +0800] "GET /admin/vendor/phpunit/phpunit/src/Util/PHP/eval-stdin.php HTTP/1.1" 404 27 "-" "libredtail-http"
207.244.246.26 - - [25/Dec/2025:19:47:03 +0800] "GET /backup/vendor/phpunit/phpunit/src/Util/PHP/eval-stdin.php HTTP/1.1" 404 27 "-" "libredtail-http"
207.244.246.26 - - [25/Dec/2025:19:47:03 +0800] "GET /blog/vendor/phpunit/phpunit/src/Util/PHP/eval-stdin.php HTTP/1.1" 404 27 "-" "libredtail-http"
207.244.246.26 - - [25/Dec/2025:19:47:04 +0800] "GET /workspace/drupal/vendor/phpunit/phpunit/src/Util/PHP/eval-stdin.php HTTP/1.1" 404 27 "-" "libredtail-http"
207.244.246.26 - - [25/Dec/2025:19:47:04 +0800] "GET /panel/vendor/phpunit/phpunit/src/Util/PHP/eval-stdin.php HTTP/1.1" 404 27 "-" "libredtail-http"
207.244.246.26 - - [25/Dec/2025:19:47:05 +0800] "GET /public/vendor/phpunit/phpunit/src/Util/PHP/eval-stdin.php HTTP/1.1" 404 27 "-" "libredtail-http"
207.244.246.26 - - [25/Dec/2025:19:47:05 +0800] "GET /apps/vendor/phpunit/phpunit/src/Util/PHP/eval-stdin.php HTTP/1.1" 404 27 "-" "libredtail-http"
207.244.246.26 - - [25/Dec/2025:19:47:06 +0800] "GET /app/vendor/phpunit/phpunit/src/Util/PHP/eval-stdin.php HTTP/1.1" 404 27 "-" "libredtail-http"
207.244.246.26 - - [25/Dec/2025:19:47:07 +0800] "GET /index.php?s=/index/\x5Cthink\x5Capp/invokefunction&function=call_user_func_array&vars[0]=md5&vars[1][]=Hello HTTP/1.1" 200 65604 "-" "libredtail-http"
207.244.246.26 - - [25/Dec/2025:19:47:08 +0800] "GET /public/index.php?s=/index/\x5Cthink\x5Capp/invokefunction&function=call_user_func_array&vars[0]=md5&vars[1][]=Hello HTTP/1.1" 404 27 "-" "libredtail-http"
207.244.246.26 - - [25/Dec/2025:19:47:09 +0800] "GET /index.php?lang=../../../../../../../../usr/local/lib/php/pearcmd&+config-create+/&/<?echo(md5(\x22hi\x22));?>+/tmp/index1.php HTTP/1.1" 200 152290 "-" "libredtail-http"
