HEX
Server: nginx/1.16.1
System: Linux ecs-04358622 4.19.90-2107.6.0.0100.oe1.bclinux.x86_64 #1 SMP Wed Dec 1 19:59:44 CST 2021 x86_64
User: nginx (994)
PHP: 8.0.0
Disabled: NONE
Upload Files
File: /home/logs/cqqizhou_access_2025-12-23.log
180.153.236.137 - - [23/Dec/2025:00:00:50 +0800] "GET / HTTP/1.1" 200 39567 "http://cqqizhou.com" "Mozilla/5.0 (Windows NT 10.0; Win64; x64) AppleWebKit/537.36 (KHTML, like Gecko) Chrome/140.0.0.0 Safari/537.36 Edg/140.0.0.0; 360Spider"
180.153.236.170 - - [23/Dec/2025:00:00:58 +0800] "GET / HTTP/1.1" 200 39567 "http://cqqizhou.com" "Mozilla/5.0 (Windows NT 10.0; Win64; x64) AppleWebKit/537.36 (KHTML, like Gecko) Chrome/140.0.0.0 Safari/537.36 Edg/140.0.0.0; 360Spider"
36.133.115.36 - - [23/Dec/2025:00:07:17 +0800] "POST /wp-cron.php?doing_wp_cron=1766419637.9517910480499267578125 HTTP/1.1" 200 31 "-" "WordPress/6.8.3; http://cqqizhou.com"
36.137.9.52 - - [23/Dec/2025:00:07:18 +0800] "GET /sysadmin/login.aspx HTTP/1.1" 404 8975 "-" "Mozilla/5.0 (Windows NT 10.0; Win64; x64) AppleWebKit/537.36 (KHTML, like Gecko) Chrome/127.0.0.0 Safari/537.36"
36.152.157.158 - - [23/Dec/2025:00:08:42 +0800] "GET /admin/h-ui/lib/webuploader/0.1.5/server/preview.php HTTP/1.1" 404 47 "-" "Mozilla/5.0 (Windows NT 10.0; Win64; x64)"
36.133.115.36 - - [23/Dec/2025:00:09:04 +0800] "POST /wp-cron.php?doing_wp_cron=1766419744.4985909461975097656250 HTTP/1.1" 200 31 "-" "WordPress/6.8.3; http://cqqizhou.com"
120.37.150.91 - - [23/Dec/2025:00:09:04 +0800] "GET /Ly9jcXFpemhvdS5jb20vd3AtY29udGVudC91cGxvYWRzLzIwMjUvMTIvMTc2NTI2NTM5OC1xaXpob3VfU2xpZGVyXzM4NDDDlzIxNjBfMjAyNTEyMDktc2NhbGVkLndlYnA= HTTP/1.1" 404 8976 "-" "Mozilla/5.0 (Windows NT 6.2; WOW64) AppleWebKit/537.36 (KHTML, like Gecko) Chrome/78.0.3904.70"
36.133.115.36 - - [23/Dec/2025:00:19:18 +0800] "POST /wp-cron.php?doing_wp_cron=1766420358.3069610595703125000000 HTTP/1.1" 200 31 "-" "WordPress/6.8.3; http://cqqizhou.com"
141.98.11.140 - - [23/Dec/2025:00:19:19 +0800] "GET / HTTP/1.1" 200 152290 "-" "-"
36.133.115.36 - - [23/Dec/2025:00:27:21 +0800] "POST /wp-cron.php?doing_wp_cron=1766420841.5395939350128173828125 HTTP/1.1" 200 31 "-" "WordPress/6.8.3; http://cqqizhou.com"
95.214.55.71 - - [23/Dec/2025:00:27:22 +0800] "GET / HTTP/1.1" 200 109842 "-" "python-requests/2.31.0"
36.133.115.36 - - [23/Dec/2025:00:30:09 +0800] "POST /wp-cron.php?doing_wp_cron=1766421009.4978148937225341796875 HTTP/1.1" 200 31 "-" "WordPress/6.8.3; http://cqqizhou.com"
43.155.188.157 - - [23/Dec/2025:00:30:09 +0800] "GET / HTTP/1.1" 200 33677 "-" "Mozilla/5.0 (iPhone; CPU iPhone OS 13_2_3 like Mac OS X) AppleWebKit/605.1.15 (KHTML, like Gecko) Version/13.0.3 Mobile/15E148 Safari/604.1"
36.133.115.36 - - [23/Dec/2025:00:31:10 +0800] "POST /wp-cron.php?doing_wp_cron=1766421070.4802830219268798828125 HTTP/1.1" 200 31 "-" "WordPress/6.8.3; http://cqqizhou.com"
36.133.108.119 - - [23/Dec/2025:00:31:10 +0800] "HEAD / HTTP/1.1" 301 0 "-" "Mozilla/5.0 (Windows NT 6.1; WOW64) AppleWebKit/537.17 (KHTML, like Gecko) Chrome/24.0.1312.60 Safari/537.17"
36.133.115.36 - - [23/Dec/2025:00:43:34 +0800] "POST /wp-cron.php?doing_wp_cron=1766421814.2717180252075195312500 HTTP/1.1" 200 31 "-" "WordPress/6.8.3; http://cqqizhou.com"
183.36.35.207 - - [23/Dec/2025:00:43:34 +0800] "GET / HTTP/1.1" 301 5 "-" "Mozilla/5.0 (Macintosh; Intel Mac OS X 10_15_7) AppleWebKit/537.36 (KHTML, like Gecko) Chrome/142.0.0.0 Safari/537.36"
183.36.35.207 - - [23/Dec/2025:00:43:34 +0800] "GET / HTTP/1.1" 200 39567 "-" "Mozilla/5.0 (Macintosh; Intel Mac OS X 10_15_7) AppleWebKit/537.36 (KHTML, like Gecko) Chrome/142.0.0.0 Safari/537.36"
36.133.115.36 - - [23/Dec/2025:00:44:21 +0800] "POST /wp-cron.php?doing_wp_cron=1766421860.9686350822448730468750 HTTP/1.1" 200 31 "-" "WordPress/6.8.3; http://cqqizhou.com"
204.76.203.212 - - [23/Dec/2025:00:44:21 +0800] "GET / HTTP/1.1" 200 33677 "-" "Mozilla/5.0 (Windows NT 10.0; Win64; x64) AppleWebKit/537.36 (KHTML, like Gecko) Chrome/90.0.4430.85 Safari/537.36 Edg/90.0.818.46"
36.133.115.36 - - [23/Dec/2025:00:46:24 +0800] "POST /wp-cron.php?doing_wp_cron=1766421984.3073790073394775390625 HTTP/1.1" 200 31 "-" "WordPress/6.8.3; http://cqqizhou.com"
185.224.128.25 - - [23/Dec/2025:00:46:24 +0800] "GET /level/15/exec/-/sh/run/CR HTTP/1.1" 301 5 "-" "libwww-perl/6.67"
185.224.128.25 - - [23/Dec/2025:00:46:26 +0800] "GET /level/15/exec/-/sh/run/CR HTTP/1.1" 404 31364 "-" "libwww-perl/6.67"
36.133.115.36 - - [23/Dec/2025:00:57:56 +0800] "POST /wp-cron.php?doing_wp_cron=1766422676.2988190650939941406250 HTTP/1.1" 200 31 "-" "WordPress/6.8.3; http://cqqizhou.com"
36.48.108.37 - - [23/Dec/2025:00:57:56 +0800] "GET /Ly9jcXFpemhvdS5jb20vd3AtY29udGVudC91cGxvYWRzL3JldnNsaWRlci9zbGlkZXItMS8xNzUwODYxMTU2LWxvZ2lzdGljc19TbGlkZXJfMzg0MMOXMjE2MF8yMDI1MDYyNTE5MTM1Ni1zY2FsZWQud2VicA== HTTP/1.1" 404 8981 "-" "Mozilla/5.0 (Windows NT 10.0; Win64; x64) AppleWebKit/537.36 (KHTML, like Gecko) Chrome/76.0.3809.126"
36.133.115.36 - - [23/Dec/2025:00:59:13 +0800] "POST /wp-cron.php?doing_wp_cron=1766422753.6456120014190673828125 HTTP/1.1" 200 31 "-" "WordPress/6.8.3; http://cqqizhou.com"
95.214.55.71 - - [23/Dec/2025:00:59:14 +0800] "GET / HTTP/1.1" 200 109842 "-" "python-requests/2.31.0"
36.133.115.36 - - [23/Dec/2025:01:02:57 +0800] "POST /wp-cron.php?doing_wp_cron=1766422977.2102429866790771484375 HTTP/1.1" 200 31 "-" "WordPress/6.8.3; http://cqqizhou.com"
38.46.221.123 - - [23/Dec/2025:01:02:57 +0800] "GET http://check.9tb.org/ HTTP/1.1" 301 5 "-" "Go-http-client/1.1"
38.46.221.123 - - [23/Dec/2025:01:02:57 +0800] "GET http://cqqizhou.com/ HTTP/1.1" 200 39567 "http://check.9tb.org" "Go-http-client/1.1"
36.133.115.36 - - [23/Dec/2025:01:07:26 +0800] "POST /wp-cron.php?doing_wp_cron=1766423246.0147960186004638671875 HTTP/1.1" 200 31 "-" "WordPress/6.8.3; http://cqqizhou.com"
218.71.15.45 - - [23/Dec/2025:01:07:26 +0800] "GET /Ly9jcXFpemhvdS5jb20vd3AtY29udGVudC91cGxvYWRzL3JldnNsaWRlci9zbGlkZXItMS8xNzUxMzU4MjE5LXFpemhvdWRhbG91X1NsaWRlcl8zODQww5cyMTYwXzIwMjUwNzAxMTYxNTA1LXNjYWxlZC53ZWJw HTTP/1.1" 404 8981 "-" "Mozilla/5.0 (Windows NT 6.2; WOW64) AppleWebKit/537.36 (KHTML, like Gecko) Chrome/78.0.3904.105"
36.133.115.36 - - [23/Dec/2025:01:20:18 +0800] "POST /wp-cron.php?doing_wp_cron=1766424018.2319600582122802734375 HTTP/1.1" 200 31 "-" "WordPress/6.8.3; http://cqqizhou.com"
204.76.203.212 - - [23/Dec/2025:01:20:18 +0800] "GET / HTTP/1.1" 200 33677 "-" "Mozilla/5.0 (Windows NT 10.0; Win64; x64) AppleWebKit/537.36 (KHTML, like Gecko) Chrome/90.0.4430.85 Safari/537.36 Edg/90.0.818.46"
36.133.115.36 - - [23/Dec/2025:01:41:22 +0800] "POST /wp-cron.php?doing_wp_cron=1766425282.4502151012420654296875 HTTP/1.1" 200 31 "-" "WordPress/6.8.3; http://cqqizhou.com"
175.155.239.197 - - [23/Dec/2025:01:41:22 +0800] "GET /Ly9jcXFpemhvdS5jb20vd3AtY29udGVudC91cGxvYWRzLzIwMjUvMTIvMTc2NTI2ODk1NS1xaXpob3VfU2xpZGVyMV8zODQww5cyMTYwXzIwMjUxMjEwLXNjYWxlZC53ZWJw HTTP/1.1" 404 8981 "-" "Mozilla/5.0 (Windows NT 6.2; WOW64) AppleWebKit/537.36 (KHTML, like Gecko) Chrome/75.0.3770.8"
36.133.115.36 - - [23/Dec/2025:01:42:23 +0800] "POST /wp-cron.php?doing_wp_cron=1766425343.1069309711456298828125 HTTP/1.1" 200 31 "-" "WordPress/6.8.3; http://cqqizhou.com"
115.159.33.43 - - [23/Dec/2025:01:42:23 +0800] "GET / HTTP/1.1" 301 5 "-" "Mozilla/5.0 (Windows NT 10.0; Win64; x64) AppleWebKit/537.36 (KHTML, like Gecko) Chrome/79.0.3945.117 Safari/537.36"
36.133.115.36 - - [23/Dec/2025:01:56:47 +0800] "POST /wp-cron.php?doing_wp_cron=1766426207.0194129943847656250000 HTTP/1.1" 200 31 "-" "WordPress/6.8.3; http://cqqizhou.com"
43.130.3.120 - - [23/Dec/2025:01:56:47 +0800] "GET / HTTP/1.1" 301 5 "-" "Mozilla/5.0 (iPhone; CPU iPhone OS 13_2_3 like Mac OS X) AppleWebKit/605.1.15 (KHTML, like Gecko) Version/13.0.3 Mobile/15E148 Safari/604.1"
43.130.3.120 - - [23/Dec/2025:01:56:49 +0800] "GET / HTTP/1.1" 200 33677 "http://36.133.115.36" "Mozilla/5.0 (iPhone; CPU iPhone OS 13_2_3 like Mac OS X) AppleWebKit/605.1.15 (KHTML, like Gecko) Version/13.0.3 Mobile/15E148 Safari/604.1"
36.133.115.36 - - [23/Dec/2025:02:01:17 +0800] "POST /wp-cron.php?doing_wp_cron=1766426477.9226670265197753906250 HTTP/1.1" 200 31 "-" "WordPress/6.8.3; http://cqqizhou.com"
185.242.226.102 - - [23/Dec/2025:02:01:17 +0800] "GET / HTTP/1.1" 301 5 "-" "Mozilla/5.0 (Windows NT 10.0; Win64; x64) AppleWebKit/537.36 (KHTML, like Gecko) Chrome/88.0.4324.190 Safari/537.36"
185.242.226.102 - - [23/Dec/2025:02:01:26 +0800] "GET / HTTP/1.1" 200 39567 "http://36.133.115.36:80/" "Mozilla/5.0 (Windows NT 10.0; Win64; x64) AppleWebKit/537.36 (KHTML, like Gecko) Chrome/88.0.4324.190 Safari/537.36"
36.133.115.36 - - [23/Dec/2025:02:05:59 +0800] "POST /wp-cron.php?doing_wp_cron=1766426759.5672929286956787109375 HTTP/1.1" 200 31 "-" "WordPress/6.8.3; http://cqqizhou.com"
164.52.24.178 - - [23/Dec/2025:02:05:59 +0800] "GET / HTTP/1.1" 301 5 "-" "Mozilla/5.0 (Windows NT 10.0; Win64; x64) AppleWebKit/537.36 (KHTML, like Gecko) Chrome/114.0.0.0 Safari/537.36"
164.52.24.178 - - [23/Dec/2025:02:06:03 +0800] "GET / HTTP/1.1" 301 5 "-" "-"
164.52.24.178 - - [23/Dec/2025:02:06:07 +0800] "GET / HTTP/1.1" 200 166245 "-" "Mozilla/5.0 (Windows NT 10.0; Win64; x64) AppleWebKit/537.36 (KHTML, like Gecko) Chrome/114.0.0.0 Safari/537.36"
36.133.115.36 - - [23/Dec/2025:02:16:47 +0800] "POST /wp-cron.php?doing_wp_cron=1766427407.9121000766754150390625 HTTP/1.1" 200 31 "-" "WordPress/6.8.3; http://cqqizhou.com"
193.142.147.209 - - [23/Dec/2025:02:16:48 +0800] "POST / HTTP/1.1" 200 33677 "-" "Mozilla/5.0 (Windows NT 10.0; Win64; x64) AppleWebKit/537.36"
36.133.115.36 - - [23/Dec/2025:02:24:03 +0800] "POST /wp-cron.php?doing_wp_cron=1766427843.4778540134429931640625 HTTP/1.1" 200 31 "-" "WordPress/6.8.3; http://cqqizhou.com"
204.76.203.212 - - [23/Dec/2025:02:24:03 +0800] "GET / HTTP/1.1" 200 33677 "-" "Mozilla/5.0 (Windows NT 10.0; Win64; x64) AppleWebKit/537.36 (KHTML, like Gecko) Chrome/90.0.4430.85 Safari/537.36 Edg/90.0.818.46"
36.133.115.36 - - [23/Dec/2025:02:56:58 +0800] "POST /wp-cron.php?doing_wp_cron=1766429818.6509211063385009765625 HTTP/1.1" 200 31 "-" "WordPress/6.8.3; http://cqqizhou.com"
204.76.203.212 - - [23/Dec/2025:02:56:58 +0800] "GET / HTTP/1.1" 200 33676 "-" "Mozilla/5.0 (Windows NT 10.0; Win64; x64) AppleWebKit/537.36 (KHTML, like Gecko) Chrome/90.0.4430.85 Safari/537.36 Edg/90.0.818.46"
36.133.115.36 - - [23/Dec/2025:03:30:03 +0800] "POST /wp-cron.php?doing_wp_cron=1766431803.5152950286865234375000 HTTP/1.1" 200 31 "-" "WordPress/6.8.3; http://cqqizhou.com"
87.121.84.57 - - [23/Dec/2025:03:30:04 +0800] "GET / HTTP/1.1" 200 152290 "-" "Mozilla/1.0"
36.133.115.36 - - [23/Dec/2025:03:42:27 +0800] "POST /wp-cron.php?doing_wp_cron=1766432547.2396318912506103515625 HTTP/1.1" 200 31 "-" "WordPress/6.8.3; http://cqqizhou.com"
156.229.16.142 - - [23/Dec/2025:03:42:27 +0800] "GET / HTTP/1.1" 301 5 "-" "Mozilla/5.0 (Macintosh; Intel Mac OS X 10_15_7) AppleWebKit/537.36 (KHTML, like Gecko) Chrome/120.0.0.0 Safari/537.36 Edg/120.0.0.0"
36.133.115.36 - - [23/Dec/2025:03:42:48 +0800] "POST /wp-cron.php?doing_wp_cron=1766432568.6476249694824218750000 HTTP/1.1" 200 31 "-" "WordPress/6.8.3; http://cqqizhou.com"
156.229.16.142 - - [23/Dec/2025:03:42:48 +0800] "GET /robots.txt HTTP/1.1" 200 190 "-" "Mozilla/5.0 (Macintosh; Intel Mac OS X 10_7_0) AppleWebKit/535.11 (KHTML, like Gecko) Chrome/17.0.963.56 Safari/535.11"
156.229.16.142 - - [23/Dec/2025:03:42:50 +0800] "GET /sitemap.xml HTTP/1.1" 200 500 "-" "Mozilla/5.0 (Macintosh; Intel Mac OS X 10_7_0) AppleWebKit/535.11 (KHTML, like Gecko) Chrome/17.0.963.56 Safari/535.11"
36.133.115.36 - - [23/Dec/2025:03:43:56 +0800] "POST /wp-cron.php?doing_wp_cron=1766432636.0104320049285888671875 HTTP/1.1" 200 31 "-" "WordPress/6.8.3; http://cqqizhou.com"
95.214.55.71 - - [23/Dec/2025:03:43:56 +0800] "GET / HTTP/1.1" 200 109837 "-" "Mozilla/5.0 (X11; Linux x86_64; rv:144.0) Gecko/20100101 Firefox/144.0"
36.133.115.36 - - [23/Dec/2025:03:45:42 +0800] "POST /wp-cron.php?doing_wp_cron=1766432741.9702739715576171875000 HTTP/1.1" 200 31 "-" "WordPress/6.8.3; http://cqqizhou.com"
43.166.1.243 - - [23/Dec/2025:03:45:42 +0800] "GET / HTTP/1.1" 301 5 "-" "Mozilla/5.0 (iPhone; CPU iPhone OS 13_2_3 like Mac OS X) AppleWebKit/605.1.15 (KHTML, like Gecko) Version/13.0.3 Mobile/15E148 Safari/604.1"
43.166.1.243 - - [23/Dec/2025:03:45:43 +0800] "GET / HTTP/1.1" 200 33677 "http://www.cqqizhou.com" "Mozilla/5.0 (iPhone; CPU iPhone OS 13_2_3 like Mac OS X) AppleWebKit/605.1.15 (KHTML, like Gecko) Version/13.0.3 Mobile/15E148 Safari/604.1"
36.133.115.36 - - [23/Dec/2025:04:01:35 +0800] "POST /wp-cron.php?doing_wp_cron=1766433694.9727189540863037109375 HTTP/1.1" 200 31 "-" "WordPress/6.8.3; http://cqqizhou.com"
82.66.67.224 - - [23/Dec/2025:04:01:36 +0800] "GET / HTTP/1.0" 200 152268 "-" "-"
36.133.115.36 - - [23/Dec/2025:04:03:52 +0800] "POST /wp-cron.php?doing_wp_cron=1766433832.2757411003112792968750 HTTP/1.1" 200 31 "-" "WordPress/6.8.3; http://cqqizhou.com"
204.76.203.212 - - [23/Dec/2025:04:03:52 +0800] "GET / HTTP/1.1" 200 33676 "-" "Mozilla/5.0 (Windows NT 10.0; Win64; x64) AppleWebKit/537.36 (KHTML, like Gecko) Chrome/90.0.4430.85 Safari/537.36 Edg/90.0.818.46"
64.23.189.149 - - [23/Dec/2025:04:13:04 +0800] "GET / HTTP/1.1" 200 39567 "-" "Mozilla/5.0 (X11; Linux x86_64) AppleWebKit/537.36 (KHTML, like Gecko) Chrome/142.0.0.0 Safari/537.36"
36.133.115.36 - - [23/Dec/2025:04:24:32 +0800] "POST /wp-cron.php?doing_wp_cron=1766435072.1273040771484375000000 HTTP/1.1" 200 31 "-" "WordPress/6.8.3; http://cqqizhou.com"
95.214.55.71 - - [23/Dec/2025:04:24:32 +0800] "GET /login.asp HTTP/1.1" 301 5 "-" "-"
36.133.115.36 - - [23/Dec/2025:04:34:52 +0800] "POST /wp-cron.php?doing_wp_cron=1766435692.5653901100158691406250 HTTP/1.1" 200 31 "-" "WordPress/6.8.3; http://cqqizhou.com"
204.76.203.212 - - [23/Dec/2025:04:34:52 +0800] "GET / HTTP/1.1" 200 33677 "-" "Mozilla/5.0 (Windows NT 10.0; Win64; x64) AppleWebKit/537.36 (KHTML, like Gecko) Chrome/90.0.4430.85 Safari/537.36 Edg/90.0.818.46"
36.133.115.36 - - [23/Dec/2025:04:56:21 +0800] "POST /wp-cron.php?doing_wp_cron=1766436981.5479650497436523437500 HTTP/1.1" 200 31 "-" "WordPress/6.8.3; http://cqqizhou.com"
95.214.55.71 - - [23/Dec/2025:04:56:21 +0800] "GET / HTTP/1.1" 200 33677 "-" "-"
36.133.115.36 - - [23/Dec/2025:05:01:31 +0800] "POST /wp-cron.php?doing_wp_cron=1766437291.8614120483398437500000 HTTP/1.1" 200 31 "-" "WordPress/6.8.3; http://cqqizhou.com"
82.165.177.153 - - [23/Dec/2025:05:01:31 +0800] "GET / HTTP/1.1" 301 5 "-" "Mozilla/5.0 (Macintosh; Intel Mac OS X 10_15_7) AppleWebKit/537.36 (KHTML, like Gecko) Chrome/143.0.0.0 Safari/537.36"
82.165.177.153 - - [23/Dec/2025:05:01:32 +0800] "GET / HTTP/1.1" 200 39567 "http://36.133.115.36" "Mozilla/5.0 (Macintosh; Intel Mac OS X 10_15_7) AppleWebKit/537.36 (KHTML, like Gecko) Chrome/143.0.0.0 Safari/537.36"
36.133.115.36 - - [23/Dec/2025:05:05:41 +0800] "POST /wp-cron.php?doing_wp_cron=1766437541.4632010459899902343750 HTTP/1.1" 200 31 "-" "WordPress/6.8.3; http://cqqizhou.com"
204.76.203.212 - - [23/Dec/2025:05:05:41 +0800] "GET / HTTP/1.1" 200 33677 "-" "Mozilla/5.0 (Windows NT 10.0; Win64; x64) AppleWebKit/537.36 (KHTML, like Gecko) Chrome/90.0.4430.85 Safari/537.36 Edg/90.0.818.46"
111.221.7.108 - - [23/Dec/2025:05:09:06 +0800] "GET /login.html HTTP/1.1" 499 0 "-" "Mozilla/5.0 (Macintosh; Intel Mac OS X 10_15_6) AppleWebKit/605.1.15 (KHTML, like Gecko) Version/15.2 Safari/605.1.15"
36.133.115.36 - - [23/Dec/2025:05:09:06 +0800] "POST /wp-cron.php?doing_wp_cron=1766437746.3446381092071533203125 HTTP/1.1" 200 31 "-" "WordPress/6.8.3; http://cqqizhou.com"
180.153.236.150 - - [23/Dec/2025:05:16:24 +0800] "GET / HTTP/1.1" 200 39567 "http://cqqizhou.com/" "Mozilla/5.0 (Windows NT 10.0; Win64; x64) AppleWebKit/537.36 (KHTML, like Gecko) Chrome/140.0.0.0 Safari/537.36 Edg/140.0.0.0; 360Spider"
180.153.236.46 - - [23/Dec/2025:05:16:32 +0800] "GET / HTTP/1.1" 200 39567 "http://cqqizhou.com/" "Mozilla/5.0 (Windows NT 10.0; Win64; x64) AppleWebKit/537.36 (KHTML, like Gecko) Chrome/140.0.0.0 Safari/537.36 Edg/140.0.0.0; 360Spider"
180.153.236.245 - - [23/Dec/2025:05:16:50 +0800] "GET / HTTP/1.1" 200 39567 "http://cqqizhou.com/" "Mozilla/5.0 (Windows NT 10.0; Win64; x64) AppleWebKit/537.36 (KHTML, like Gecko) Chrome/140.0.0.0 Safari/537.36 Edg/140.0.0.0; 360Spider"
36.133.115.36 - - [23/Dec/2025:05:28:52 +0800] "POST /wp-cron.php?doing_wp_cron=1766438932.2938499450683593750000 HTTP/1.1" 200 31 "-" "WordPress/6.8.3; http://cqqizhou.com"
193.142.147.209 - - [23/Dec/2025:05:28:53 +0800] "POST / HTTP/1.1" 200 33677 "-" "Mozilla/5.0 (Windows NT 10.0; Win64; x64) AppleWebKit/537.36"
36.133.115.36 - - [23/Dec/2025:05:40:30 +0800] "POST /wp-cron.php?doing_wp_cron=1766439630.0823519229888916015625 HTTP/1.1" 200 31 "-" "WordPress/6.8.3; http://cqqizhou.com"
204.76.203.212 - - [23/Dec/2025:05:40:30 +0800] "GET / HTTP/1.1" 200 33677 "-" "Mozilla/5.0 (Windows NT 10.0; Win64; x64) AppleWebKit/537.36 (KHTML, like Gecko) Chrome/90.0.4430.85 Safari/537.36 Edg/90.0.818.46"
36.133.115.36 - - [23/Dec/2025:05:45:10 +0800] "POST /wp-cron.php?doing_wp_cron=1766439910.5757410526275634765625 HTTP/1.1" 200 31 "-" "WordPress/6.8.3; http://cqqizhou.com"
87.121.84.148 - - [23/Dec/2025:05:45:11 +0800] "GET / HTTP/1.1" 200 152290 "-" "Mozilla/1.0"
36.133.115.36 - - [23/Dec/2025:05:46:39 +0800] "POST /wp-cron.php?doing_wp_cron=1766439999.4247989654541015625000 HTTP/1.1" 200 31 "-" "WordPress/6.8.3; http://cqqizhou.com"
43.130.74.193 - - [23/Dec/2025:05:46:39 +0800] "GET / HTTP/1.1" 200 33676 "-" "Mozilla/5.0 (iPhone; CPU iPhone OS 13_2_3 like Mac OS X) AppleWebKit/605.1.15 (KHTML, like Gecko) Version/13.0.3 Mobile/15E148 Safari/604.1"
36.133.115.36 - - [23/Dec/2025:06:02:46 +0800] "POST /wp-cron.php?doing_wp_cron=1766440966.2275600433349609375000 HTTP/1.1" 200 31 "-" "WordPress/6.8.3; http://cqqizhou.com"
203.2.64.59 - - [23/Dec/2025:06:02:46 +0800] "GET / HTTP/1.1" 301 5 "-" "Mozilla/5.0 (iPhone; CPU iPhone OS 13_2_3 like Mac OS X) AppleWebKit/605.1.15 (KHTML, like Gecko) Version/13.0.3 Mobile/15E148 Safari/604.1"
203.2.64.59 - - [23/Dec/2025:06:02:47 +0800] "GET / HTTP/1.1" 200 33677 "http://www.cqqizhou.com" "Mozilla/5.0 (iPhone; CPU iPhone OS 13_2_3 like Mac OS X) AppleWebKit/605.1.15 (KHTML, like Gecko) Version/13.0.3 Mobile/15E148 Safari/604.1"
36.133.115.36 - - [23/Dec/2025:06:08:36 +0800] "POST /wp-cron.php?doing_wp_cron=1766441316.2479169368743896484375 HTTP/1.1" 200 31 "-" "WordPress/6.8.3; http://cqqizhou.com"
204.76.203.212 - - [23/Dec/2025:06:08:36 +0800] "GET / HTTP/1.1" 200 33676 "-" "Mozilla/5.0 (Windows NT 10.0; Win64; x64) AppleWebKit/537.36 (KHTML, like Gecko) Chrome/90.0.4430.85 Safari/537.36 Edg/90.0.818.46"
91.224.92.121 - - [23/Dec/2025:06:11:40 +0800] "OPTIONS / HTTP/1.1" 405 552 "-" "Mozilla/5.0 (Windows NT 10.0; Win64; x64) AppleWebKit/537.36 (KHTML, like Gecko) Chrome/114.0.5735.199 Safari/537.36"
36.133.115.36 - - [23/Dec/2025:06:11:51 +0800] "POST /wp-cron.php?doing_wp_cron=1766441511.8389670848846435546875 HTTP/1.1" 200 31 "-" "WordPress/6.8.3; http://cqqizhou.com"
89.42.231.239 - - [23/Dec/2025:06:11:51 +0800] "GET /SDK/webLanguage HTTP/1.1" 301 5 "-" "Mozilla/5.0 (Windows NT 10.0; Win64; x64) AppleWebKit/537.36 (KHTML, like Gecko) Chrome/90.0.4430.85 Safari/537.36 Edg/90.0.818.46"
36.133.115.36 - - [23/Dec/2025:06:16:13 +0800] "POST /wp-cron.php?doing_wp_cron=1766441773.3572869300842285156250 HTTP/1.1" 200 31 "-" "WordPress/6.8.3; http://cqqizhou.com"
204.76.203.219 - - [23/Dec/2025:06:16:13 +0800] "GET / HTTP/1.1" 200 33677 "-" "Mozilla/5.0 (Windows NT 10.0; Win64; x64) AppleWebKit/537.36 (KHTML, like Gecko) Chrome/90.0.4430.85 Safari/537.36 Edg/90.0.818.46"
36.133.115.36 - - [23/Dec/2025:06:20:51 +0800] "POST /wp-cron.php?doing_wp_cron=1766442051.6841449737548828125000 HTTP/1.1" 200 31 "-" "WordPress/6.8.3; http://cqqizhou.com"
185.191.171.9 - - [23/Dec/2025:06:20:51 +0800] "GET /robots.txt HTTP/1.1" 200 190 "-" "Mozilla/5.0 (compatible; SemrushBot/7~bl; +http://www.semrush.com/bot.html)"
85.208.96.199 - - [23/Dec/2025:06:20:52 +0800] "GET /2164/ HTTP/1.1" 200 23525 "-" "Mozilla/5.0 (compatible; SemrushBot/7~bl; +http://www.semrush.com/bot.html)"
36.133.115.36 - - [23/Dec/2025:06:24:22 +0800] "POST /wp-cron.php?doing_wp_cron=1766442262.3087570667266845703125 HTTP/1.1" 200 31 "-" "WordPress/6.8.3; http://cqqizhou.com"
38.46.221.123 - - [23/Dec/2025:06:24:22 +0800] "GET http://check.9tb.org/ HTTP/1.1" 301 5 "-" "Go-http-client/1.1"
38.46.221.123 - - [23/Dec/2025:06:24:22 +0800] "GET http://cqqizhou.com/ HTTP/1.1" 200 39567 "http://check.9tb.org" "Go-http-client/1.1"
36.133.115.36 - - [23/Dec/2025:06:36:13 +0800] "POST /wp-cron.php?doing_wp_cron=1766442973.7026190757751464843750 HTTP/1.1" 200 31 "-" "WordPress/6.8.3; http://cqqizhou.com"
95.214.55.71 - - [23/Dec/2025:06:36:14 +0800] "GET / HTTP/1.1" 200 96805 "-" "Mozilla/5.0 (Macintosh; Intel Mac OS X 10_15_7) AppleWebKit/537.36 (KHTML, like Gecko) Chrome/142.0.0.0 Safari/537.36"
36.133.115.36 - - [23/Dec/2025:06:42:13 +0800] "POST /wp-cron.php?doing_wp_cron=1766443333.4771521091461181640625 HTTP/1.1" 200 31 "-" "WordPress/6.8.3; http://cqqizhou.com"
204.76.203.212 - - [23/Dec/2025:06:42:13 +0800] "GET / HTTP/1.1" 200 33676 "-" "Mozilla/5.0 (Windows NT 10.0; Win64; x64) AppleWebKit/537.36 (KHTML, like Gecko) Chrome/90.0.4430.85 Safari/537.36 Edg/90.0.818.46"
36.133.115.36 - - [23/Dec/2025:07:07:51 +0800] "POST /wp-cron.php?doing_wp_cron=1766444871.1101410388946533203125 HTTP/1.1" 200 31 "-" "WordPress/6.8.3; http://cqqizhou.com"
43.153.119.119 - - [23/Dec/2025:07:07:51 +0800] "GET / HTTP/1.1" 200 33677 "-" "Mozilla/5.0 (iPhone; CPU iPhone OS 13_2_3 like Mac OS X) AppleWebKit/605.1.15 (KHTML, like Gecko) Version/13.0.3 Mobile/15E148 Safari/604.1"
36.133.115.36 - - [23/Dec/2025:07:14:03 +0800] "POST /wp-cron.php?doing_wp_cron=1766445243.2542150020599365234375 HTTP/1.1" 200 31 "-" "WordPress/6.8.3; http://cqqizhou.com"
112.124.57.196 - - [23/Dec/2025:07:14:03 +0800] "GET / HTTP/1.1" 301 5 "-" "Mozilla/5.0 (Windows NT 10.0; Win64; x64) AppleWebKit/537.36 (KHTML, like Gecko) Chrome/59.0.3071.115 Safari/537.36"
157.55.39.11 - - [23/Dec/2025:07:21:50 +0800] "GET /contacts/ HTTP/1.1" 200 21595 "-" "Mozilla/5.0 AppleWebKit/537.36 (KHTML, like Gecko; compatible; bingbot/2.0; +http://www.bing.com/bingbot.htm) Chrome/116.0.1938.76 Safari/537.36"
52.167.144.210 - - [23/Dec/2025:07:23:21 +0800] "GET / HTTP/1.1" 200 39567 "-" "Mozilla/5.0 AppleWebKit/537.36 (KHTML, like Gecko; compatible; bingbot/2.0; +http://www.bing.com/bingbot.htm) Chrome/116.0.1938.76 Safari/537.36"
36.133.115.36 - - [23/Dec/2025:07:30:58 +0800] "POST /wp-cron.php?doing_wp_cron=1766446258.1775970458984375000000 HTTP/1.1" 200 31 "-" "WordPress/6.8.3; http://cqqizhou.com"
135.237.126.204 - - [23/Dec/2025:07:30:58 +0800] "GET / HTTP/1.1" 301 5 "-" "Mozilla/5.0 zgrab/0.x"
36.133.115.36 - - [23/Dec/2025:07:36:30 +0800] "POST /wp-cron.php?doing_wp_cron=1766446590.3531649112701416015625 HTTP/1.1" 200 31 "-" "WordPress/6.8.3; http://cqqizhou.com"
54.39.0.168 - - [23/Dec/2025:07:36:30 +0800] "GET /robots.txt HTTP/1.1" 200 190 "-" "Mozilla/5.0 (compatible; AhrefsBot/7.0; +http://ahrefs.com/robot/)"
51.89.129.103 - - [23/Dec/2025:07:36:33 +0800] "GET /2163/ HTTP/1.1" 200 23792 "-" "Mozilla/5.0 (compatible; AhrefsBot/7.0; +http://ahrefs.com/robot/)"
36.133.115.36 - - [23/Dec/2025:07:37:14 +0800] "POST /wp-cron.php?doing_wp_cron=1766446634.7403800487518310546875 HTTP/1.1" 200 31 "-" "WordPress/6.8.3; http://cqqizhou.com"
111.8.165.65 - - [23/Dec/2025:07:37:14 +0800] "GET / HTTP/1.1" 301 5 "-" "Mozilla/5.0 (Windows NT 6.2; WOW64) AppleWebKit/537.36 (KHTML, like Gecko) Chrome/76.0.3809.12"
36.148.50.82 - - [23/Dec/2025:07:37:17 +0800] "GET / HTTP/1.1" 301 5 "-" "Mozilla/5.0 (Windows NT 6.2; WOW64) AppleWebKit/537.36 (KHTML, like Gecko) Chrome/76.0.3809.12"
59.62.119.161 - - [23/Dec/2025:07:37:18 +0800] "GET / HTTP/1.1" 301 5 "-" "Mozilla/5.0 (Windows NT 6.2; WOW64) AppleWebKit/537.36 (KHTML, like Gecko) Chrome/76.0.3809.12"
124.134.82.185 - - [23/Dec/2025:07:37:26 +0800] "GET / HTTP/1.1" 200 39567 "-" "Mozilla/5.0 (Windows NT 6.1) AppleWebKit/537.36 (KHTML, like Gecko) Chrome/73.0.3683.20"
222.94.171.164 - - [23/Dec/2025:07:37:29 +0800] "GET / HTTP/1.1" 301 5 "-" "Mozilla/5.0 (Windows NT 6.2; WOW64) AppleWebKit/537.36 (KHTML, like Gecko) Chrome/76.0.3809.12"
222.94.171.164 - - [23/Dec/2025:07:37:30 +0800] "GET / HTTP/1.1" 301 5 "-" "Mozilla/5.0 (Windows NT 6.2; WOW64) AppleWebKit/537.36 (KHTML, like Gecko) Chrome/76.0.3809.12"
111.179.78.209 - - [23/Dec/2025:07:37:31 +0800] "GET / HTTP/1.1" 301 5 "-" "Mozilla/5.0 (Windows NT 6.2; WOW64) AppleWebKit/537.36 (KHTML, like Gecko) Chrome/76.0.3809.12"
27.29.181.51 - - [23/Dec/2025:07:37:33 +0800] "GET / HTTP/1.1" 301 5 "-" "Mozilla/5.0 (Windows NT 6.2; WOW64) AppleWebKit/537.36 (KHTML, like Gecko) Chrome/76.0.3809.12"
49.82.173.140 - - [23/Dec/2025:07:37:44 +0800] "GET / HTTP/1.1" 301 5 "-" "Mozilla/5.0 (Windows NT 6.2; WOW64) AppleWebKit/537.36 (KHTML, like Gecko) Chrome/76.0.3809.12"
120.235.64.61 - - [23/Dec/2025:07:37:45 +0800] "GET / HTTP/1.1" 301 5 "-" "Mozilla/5.0 (Windows NT 6.2; WOW64) AppleWebKit/537.36 (KHTML, like Gecko) Chrome/76.0.3809.12"
36.133.115.36 - - [23/Dec/2025:07:39:27 +0800] "POST /wp-cron.php?doing_wp_cron=1766446767.0021181106567382812500 HTTP/1.1" 200 31 "-" "WordPress/6.8.3; http://cqqizhou.com"
185.180.140.103 - - [23/Dec/2025:07:39:27 +0800] "GET / HTTP/1.1" 301 5 "-" "Mozilla/5.0 (Windows NT 10.0; Win64; x64) AppleWebKit/537.36 (KHTML, like Gecko) Chrome/60.0.3112.113 Safari/537.36"
185.180.140.4 - - [23/Dec/2025:07:39:28 +0800] "GET / HTTP/1.1" 200 39567 "http://36.133.115.36/" "Mozilla/5.0 (Windows NT 10.0; Win64; x64) AppleWebKit/537.36 (KHTML, like Gecko) Chrome/60.0.3112.113 Safari/537.36"
36.133.115.36 - - [23/Dec/2025:07:45:38 +0800] "POST /wp-cron.php?doing_wp_cron=1766447138.5277550220489501953125 HTTP/1.1" 200 31 "-" "WordPress/6.8.3; http://cqqizhou.com"
204.76.203.212 - - [23/Dec/2025:07:45:38 +0800] "GET / HTTP/1.1" 200 33678 "-" "Mozilla/5.0 (Windows NT 10.0; Win64; x64) AppleWebKit/537.36 (KHTML, like Gecko) Chrome/90.0.4430.85 Safari/537.36 Edg/90.0.818.46"
36.133.115.36 - - [23/Dec/2025:07:47:00 +0800] "POST /wp-cron.php?doing_wp_cron=1766447220.7237250804901123046875 HTTP/1.1" 200 31 "-" "WordPress/6.8.3; http://cqqizhou.com"
185.180.140.101 - - [23/Dec/2025:07:47:00 +0800] "GET / HTTP/1.1" 301 5 "-" "Mozilla/5.0 (Windows NT 10.0; Win64; x64) AppleWebKit/537.36 (KHTML, like Gecko) Chrome/60.0.3112.113 Safari/537.36"
185.180.140.101 - - [23/Dec/2025:07:47:01 +0800] "GET / HTTP/1.1" 200 39567 "http://36.133.115.36/" "Mozilla/5.0 (Windows NT 10.0; Win64; x64) AppleWebKit/537.36 (KHTML, like Gecko) Chrome/60.0.3112.113 Safari/537.36"
36.133.115.36 - - [23/Dec/2025:07:53:58 +0800] "POST /wp-cron.php?doing_wp_cron=1766447638.8858311176300048828125 HTTP/1.1" 200 31 "-" "WordPress/6.8.3; http://cqqizhou.com"
51.75.128.94 - - [23/Dec/2025:07:53:58 +0800] "GET /robots.txt HTTP/1.1" 200 390 "-" "Mozilla/5.0 (compatible; MJ12bot/v1.4.8; http://mj12bot.com/)"
51.75.128.94 - - [23/Dec/2025:07:54:02 +0800] "GET /portfolio-tag/%E9%9E%8D%E9%92%A2%E8%92%82%E6%A3%AE/ HTTP/1.1" 200 22824 "-" "Mozilla/5.0 (compatible; MJ12bot/v1.4.8; http://mj12bot.com/)"
51.75.128.94 - - [23/Dec/2025:07:54:08 +0800] "GET /portfolio/%E5%86%B7%E8%BD%A7%E5%8D%B7/ HTTP/1.1" 200 22115 "-" "Mozilla/5.0 (compatible; MJ12bot/v1.4.8; http://mj12bot.com/)"
51.75.128.94 - - [23/Dec/2025:07:54:15 +0800] "GET /portfolio/%E5%86%B7%E8%BD%A7%E6%9D%BF/ HTTP/1.1" 200 22137 "-" "Mozilla/5.0 (compatible; MJ12bot/v1.4.8; http://mj12bot.com/)"
36.133.115.36 - - [23/Dec/2025:08:05:20 +0800] "POST /wp-cron.php?doing_wp_cron=1766448320.1757569313049316406250 HTTP/1.1" 200 31 "-" "WordPress/6.8.3; http://cqqizhou.com"
43.130.106.18 - - [23/Dec/2025:08:05:20 +0800] "GET / HTTP/1.1" 301 5 "-" "Mozilla/5.0 (iPhone; CPU iPhone OS 13_2_3 like Mac OS X) AppleWebKit/605.1.15 (KHTML, like Gecko) Version/13.0.3 Mobile/15E148 Safari/604.1"
43.130.106.18 - - [23/Dec/2025:08:05:22 +0800] "GET / HTTP/1.1" 200 33678 "http://36.133.115.36" "Mozilla/5.0 (iPhone; CPU iPhone OS 13_2_3 like Mac OS X) AppleWebKit/605.1.15 (KHTML, like Gecko) Version/13.0.3 Mobile/15E148 Safari/604.1"
36.133.115.36 - - [23/Dec/2025:08:15:05 +0800] "POST /wp-cron.php?doing_wp_cron=1766448905.6616380214691162109375 HTTP/1.1" 200 31 "-" "WordPress/6.8.3; http://cqqizhou.com"
204.76.203.219 - - [23/Dec/2025:08:15:05 +0800] "GET / HTTP/1.1" 200 33677 "-" "Mozilla/5.0 (Windows NT 10.0; Win64; x64) AppleWebKit/537.36 (KHTML, like Gecko) Chrome/90.0.4430.85 Safari/537.36 Edg/90.0.818.46"
36.133.115.36 - - [23/Dec/2025:08:19:49 +0800] "POST /wp-cron.php?doing_wp_cron=1766449189.8415169715881347656250 HTTP/1.1" 200 31 "-" "WordPress/6.8.3; http://cqqizhou.com"
89.42.231.239 - - [23/Dec/2025:08:19:50 +0800] "GET / HTTP/1.1" 200 152290 "-" "-"
204.76.203.212 - - [23/Dec/2025:08:19:53 +0800] "GET / HTTP/1.1" 200 33678 "-" "Mozilla/5.0 (Windows NT 10.0; Win64; x64) AppleWebKit/537.36 (KHTML, like Gecko) Chrome/90.0.4430.85 Safari/537.36 Edg/90.0.818.46"
36.133.115.36 - - [23/Dec/2025:08:23:11 +0800] "POST /wp-cron.php?doing_wp_cron=1766449391.3010311126708984375000 HTTP/1.1" 200 31 "-" "WordPress/6.8.3; http://cqqizhou.com"
46.105.40.140 - - [23/Dec/2025:08:23:11 +0800] "GET /robots.txt HTTP/1.1" 200 190 "-" "Mozilla/5.0 (compatible; MJ12bot/v2.0.4; http://mj12bot.com/)"
46.105.40.140 - - [23/Dec/2025:08:23:12 +0800] "GET / HTTP/1.1" 200 39567 "-" "Mozilla/5.0 (compatible; MJ12bot/v2.0.4; http://mj12bot.com/)"
14.108.234.84 - - [23/Dec/2025:08:24:58 +0800] "GET / HTTP/1.1" 200 39567 "-" "Mozilla/5.0 (Windows NT 10.0; Win64; x64) AppleWebKit/537.36 (KHTML, like Gecko) Chrome/142.0.0.0 Safari/537.36 Edg/142.0.0.0"
14.108.234.84 - - [23/Dec/2025:08:24:59 +0800] "GET /wp-content/uploads/2025/12/1765268955-qizhou_Slider1_3840%C3%972160_20251210-scaled.webp HTTP/1.1" 200 152162 "http://cqqizhou.com/" "Mozilla/5.0 (Windows NT 10.0; Win64; x64) AppleWebKit/537.36 (KHTML, like Gecko) Chrome/142.0.0.0 Safari/537.36 Edg/142.0.0.0"
14.108.234.84 - - [23/Dec/2025:08:24:59 +0800] "GET /wp-content/uploads/2025/07/1753456770-%E7%83%AD%E9%95%80%E9%94%8C%E5%8D%B7product_Single600.webp HTTP/1.1" 200 27502 "http://cqqizhou.com/" "Mozilla/5.0 (Windows NT 10.0; Win64; x64) AppleWebKit/537.36 (KHTML, like Gecko) Chrome/142.0.0.0 Safari/537.36 Edg/142.0.0.0"
14.108.234.84 - - [23/Dec/2025:08:24:59 +0800] "GET /wp-content/uploads/2025/07/1753453096-%E5%8F%8C%E7%9B%B8%E9%92%A2product_Single600%C3%97284.webp HTTP/1.1" 200 14562 "http://cqqizhou.com/" "Mozilla/5.0 (Windows NT 10.0; Win64; x64) AppleWebKit/537.36 (KHTML, like Gecko) Chrome/142.0.0.0 Safari/537.36 Edg/142.0.0.0"
14.108.234.84 - - [23/Dec/2025:08:24:59 +0800] "GET /wp-content/uploads/2025/07/1753456723-%E5%8F%8C%E7%9B%B8%E9%92%A2roduct_Single600.webp HTTP/1.1" 200 22790 "http://cqqizhou.com/" "Mozilla/5.0 (Windows NT 10.0; Win64; x64) AppleWebKit/537.36 (KHTML, like Gecko) Chrome/142.0.0.0 Safari/537.36 Edg/142.0.0.0"
14.108.234.84 - - [23/Dec/2025:08:24:59 +0800] "GET /wp-content/uploads/2025/07/1753453127-%E4%BD%99%E5%8D%B7product_Single600%C3%97284.webp HTTP/1.1" 200 18744 "http://cqqizhou.com/" "Mozilla/5.0 (Windows NT 10.0; Win64; x64) AppleWebKit/537.36 (KHTML, like Gecko) Chrome/142.0.0.0 Safari/537.36 Edg/142.0.0.0"
14.108.234.84 - - [23/Dec/2025:08:25:00 +0800] "GET /wp-content/uploads/2025/07/1750174127-Marketing1920x800_3.webp HTTP/1.1" 200 52790 "http://cqqizhou.com/wp-content/uploads/elementor/css/post-1666.css?ver=1765890155" "Mozilla/5.0 (Windows NT 10.0; Win64; x64) AppleWebKit/537.36 (KHTML, like Gecko) Chrome/142.0.0.0 Safari/537.36 Edg/142.0.0.0"
36.133.115.36 - - [23/Dec/2025:08:25:00 +0800] "POST /wp-cron.php?doing_wp_cron=1766449500.1248068809509277343750 HTTP/1.1" 200 31 "-" "WordPress/6.8.3; http://cqqizhou.com"
14.108.234.84 - - [23/Dec/2025:08:25:00 +0800] "GET /wp-json/sliderrevolution/sliders/1?srengine=7&slideid=2 HTTP/1.1" 200 2058 "http://cqqizhou.com/" "Mozilla/5.0 (Windows NT 10.0; Win64; x64) AppleWebKit/537.36 (KHTML, like Gecko) Chrome/142.0.0.0 Safari/537.36 Edg/142.0.0.0"
14.108.234.84 - - [23/Dec/2025:08:25:00 +0800] "GET /wp-json/sliderrevolution/sliders/1?srengine=7&slideid=3 HTTP/1.1" 200 2286 "http://cqqizhou.com/" "Mozilla/5.0 (Windows NT 10.0; Win64; x64) AppleWebKit/537.36 (KHTML, like Gecko) Chrome/142.0.0.0 Safari/537.36 Edg/142.0.0.0"
14.108.234.84 - - [23/Dec/2025:08:25:00 +0800] "GET /wp-content/uploads/revslider/slider-1/1750861156-logistics_Slider_3840%C3%972160_20250625191356-scaled.webp HTTP/1.1" 200 197360 "http://cqqizhou.com/" "Mozilla/5.0 (Windows NT 10.0; Win64; x64) AppleWebKit/537.36 (KHTML, like Gecko) Chrome/142.0.0.0 Safari/537.36 Edg/142.0.0.0"
14.108.234.84 - - [23/Dec/2025:08:25:00 +0800] "GET /wp-content/uploads/2025/12/1765265398-qizhou_Slider_3840%C3%972160_20251209-scaled.webp HTTP/1.1" 200 175208 "http://cqqizhou.com/" "Mozilla/5.0 (Windows NT 10.0; Win64; x64) AppleWebKit/537.36 (KHTML, like Gecko) Chrome/142.0.0.0 Safari/537.36 Edg/142.0.0.0"
14.108.234.84 - - [23/Dec/2025:08:25:01 +0800] "GET /wp-content/uploads/2025/07/1751829454-Smart-warehousing800x500.webp HTTP/1.1" 200 79504 "http://cqqizhou.com/wp-content/uploads/elementor/css/post-1666.css?ver=1765890155" "Mozilla/5.0 (Windows NT 10.0; Win64; x64) AppleWebKit/537.36 (KHTML, like Gecko) Chrome/142.0.0.0 Safari/537.36 Edg/142.0.0.0"
14.108.234.84 - - [23/Dec/2025:08:25:01 +0800] "GET /wp-content/uploads/2025/07/1753454299-Article_images_W900px.webp HTTP/1.1" 200 52418 "http://cqqizhou.com/" "Mozilla/5.0 (Windows NT 10.0; Win64; x64) AppleWebKit/537.36 (KHTML, like Gecko) Chrome/142.0.0.0 Safari/537.36 Edg/142.0.0.0"
14.108.234.84 - - [23/Dec/2025:08:25:01 +0800] "GET /wp-content/uploads/2025/07/1753454089-Article_images_W900px.webp HTTP/1.1" 200 27552 "http://cqqizhou.com/" "Mozilla/5.0 (Windows NT 10.0; Win64; x64) AppleWebKit/537.36 (KHTML, like Gecko) Chrome/142.0.0.0 Safari/537.36 Edg/142.0.0.0"
14.108.234.84 - - [23/Dec/2025:08:25:01 +0800] "GET /wp-content/uploads/2025/07/1751967322-Storage-processing_images_W900%C3%97300.webp HTTP/1.1" 200 23120 "http://cqqizhou.com/wp-content/uploads/elementor/css/post-1666.css?ver=1765890155" "Mozilla/5.0 (Windows NT 10.0; Win64; x64) AppleWebKit/537.36 (KHTML, like Gecko) Chrome/142.0.0.0 Safari/537.36 Edg/142.0.0.0"
14.108.234.84 - - [23/Dec/2025:08:25:11 +0800] "GET /wp-content/uploads/2025/07/1751988544-Logistics-delivery_images_W900%C3%97300.webp HTTP/1.1" 200 26142 "http://cqqizhou.com/wp-content/uploads/elementor/css/post-1666.css?ver=1765890155" "Mozilla/5.0 (Windows NT 10.0; Win64; x64) AppleWebKit/537.36 (KHTML, like Gecko) Chrome/142.0.0.0 Safari/537.36 Edg/142.0.0.0"
14.108.234.84 - - [23/Dec/2025:08:25:19 +0800] "GET /2163/ HTTP/1.1" 200 23792 "http://cqqizhou.com/" "Mozilla/5.0 (Windows NT 10.0; Win64; x64) AppleWebKit/537.36 (KHTML, like Gecko) Chrome/142.0.0.0 Safari/537.36 Edg/142.0.0.0"
14.108.234.84 - - [23/Dec/2025:08:25:22 +0800] "GET /news/ HTTP/1.1" 200 25476 "http://cqqizhou.com/2163/" "Mozilla/5.0 (Windows NT 10.0; Win64; x64) AppleWebKit/537.36 (KHTML, like Gecko) Chrome/142.0.0.0 Safari/537.36 Edg/142.0.0.0"
14.108.234.84 - - [23/Dec/2025:08:25:22 +0800] "GET /wp-content/uploads/2025/12/1766064629-Article_images_20251218212623.webp HTTP/1.1" 304 0 "http://cqqizhou.com/news/" "Mozilla/5.0 (Windows NT 10.0; Win64; x64) AppleWebKit/537.36 (KHTML, like Gecko) Chrome/142.0.0.0 Safari/537.36 Edg/142.0.0.0"
14.108.234.84 - - [23/Dec/2025:08:25:22 +0800] "GET /wp-content/uploads/2025/12/1765891153-Article20251216211543.webp HTTP/1.1" 304 0 "http://cqqizhou.com/news/" "Mozilla/5.0 (Windows NT 10.0; Win64; x64) AppleWebKit/537.36 (KHTML, like Gecko) Chrome/142.0.0.0 Safari/537.36 Edg/142.0.0.0"
14.108.234.84 - - [23/Dec/2025:08:25:22 +0800] "GET /wp-content/uploads/2025/09/1756868614-20250903104654_74_5.webp HTTP/1.1" 200 47858 "http://cqqizhou.com/news/" "Mozilla/5.0 (Windows NT 10.0; Win64; x64) AppleWebKit/537.36 (KHTML, like Gecko) Chrome/142.0.0.0 Safari/537.36 Edg/142.0.0.0"
14.108.234.84 - - [23/Dec/2025:08:25:22 +0800] "GET /wp-content/uploads/2025/12/1765891413-20251209103501.webp HTTP/1.1" 304 0 "http://cqqizhou.com/news/" "Mozilla/5.0 (Windows NT 10.0; Win64; x64) AppleWebKit/537.36 (KHTML, like Gecko) Chrome/142.0.0.0 Safari/537.36 Edg/142.0.0.0"
14.108.234.84 - - [23/Dec/2025:08:25:22 +0800] "GET /wp-content/uploads/2025/08/1755826390-DSC01765.webp HTTP/1.1" 200 71514 "http://cqqizhou.com/news/" "Mozilla/5.0 (Windows NT 10.0; Win64; x64) AppleWebKit/537.36 (KHTML, like Gecko) Chrome/142.0.0.0 Safari/537.36 Edg/142.0.0.0"
14.108.234.84 - - [23/Dec/2025:08:25:22 +0800] "GET /wp-content/uploads/2025/07/1753455746-DSC01472.webp HTTP/1.1" 200 31854 "http://cqqizhou.com/news/" "Mozilla/5.0 (Windows NT 10.0; Win64; x64) AppleWebKit/537.36 (KHTML, like Gecko) Chrome/142.0.0.0 Safari/537.36 Edg/142.0.0.0"
14.108.234.84 - - [23/Dec/2025:08:25:22 +0800] "GET /wp-content/uploads/2025/08/1755826456-DSC01841.webp HTTP/1.1" 200 87046 "http://cqqizhou.com/news/" "Mozilla/5.0 (Windows NT 10.0; Win64; x64) AppleWebKit/537.36 (KHTML, like Gecko) Chrome/142.0.0.0 Safari/537.36 Edg/142.0.0.0"
14.108.234.84 - - [23/Dec/2025:08:25:29 +0800] "GET /news/page/2/ HTTP/1.1" 200 23647 "http://cqqizhou.com/news/" "Mozilla/5.0 (Windows NT 10.0; Win64; x64) AppleWebKit/537.36 (KHTML, like Gecko) Chrome/142.0.0.0 Safari/537.36 Edg/142.0.0.0"
14.108.234.84 - - [23/Dec/2025:08:25:29 +0800] "GET /wp-content/uploads/2025/07/1753453986-Article_images_W900px.webp HTTP/1.1" 200 57364 "http://cqqizhou.com/news/page/2/" "Mozilla/5.0 (Windows NT 10.0; Win64; x64) AppleWebKit/537.36 (KHTML, like Gecko) Chrome/142.0.0.0 Safari/537.36 Edg/142.0.0.0"
14.108.234.84 - - [23/Dec/2025:08:25:29 +0800] "GET /wp-content/uploads/2025/12/1766388806-Article_images_202507243.webp HTTP/1.1" 200 38224 "http://cqqizhou.com/news/page/2/" "Mozilla/5.0 (Windows NT 10.0; Win64; x64) AppleWebKit/537.36 (KHTML, like Gecko) Chrome/142.0.0.0 Safari/537.36 Edg/142.0.0.0"
14.108.234.84 - - [23/Dec/2025:08:25:29 +0800] "GET /wp-content/uploads/2025/07/1753453719-Article_images1_W900px.webp HTTP/1.1" 200 78234 "http://cqqizhou.com/news/page/2/" "Mozilla/5.0 (Windows NT 10.0; Win64; x64) AppleWebKit/537.36 (KHTML, like Gecko) Chrome/142.0.0.0 Safari/537.36 Edg/142.0.0.0"
14.108.234.84 - - [23/Dec/2025:08:25:34 +0800] "GET /2373/ HTTP/1.1" 200 26328 "http://cqqizhou.com/news/page/2/" "Mozilla/5.0 (Windows NT 10.0; Win64; x64) AppleWebKit/537.36 (KHTML, like Gecko) Chrome/142.0.0.0 Safari/537.36 Edg/142.0.0.0"
14.108.234.84 - - [23/Dec/2025:08:25:34 +0800] "GET /wp-content/uploads/2025/12/1766388807-Article_images_202507245.webp HTTP/1.1" 200 63930 "http://cqqizhou.com/2373/" "Mozilla/5.0 (Windows NT 10.0; Win64; x64) AppleWebKit/537.36 (KHTML, like Gecko) Chrome/142.0.0.0 Safari/537.36 Edg/142.0.0.0"
14.108.234.84 - - [23/Dec/2025:08:25:34 +0800] "GET /wp-content/uploads/2025/12/1766388804-Article_images_202507241.webp HTTP/1.1" 200 48206 "http://cqqizhou.com/2373/" "Mozilla/5.0 (Windows NT 10.0; Win64; x64) AppleWebKit/537.36 (KHTML, like Gecko) Chrome/142.0.0.0 Safari/537.36 Edg/142.0.0.0"
14.108.234.84 - - [23/Dec/2025:08:25:34 +0800] "GET /wp-content/uploads/2025/12/1766388808-Article_images_202507246.webp HTTP/1.1" 200 100036 "http://cqqizhou.com/2373/" "Mozilla/5.0 (Windows NT 10.0; Win64; x64) AppleWebKit/537.36 (KHTML, like Gecko) Chrome/142.0.0.0 Safari/537.36 Edg/142.0.0.0"
14.108.234.84 - - [23/Dec/2025:08:25:34 +0800] "GET /wp-content/uploads/2025/12/1766388810-Article_images_202507248.webp HTTP/1.1" 200 75872 "http://cqqizhou.com/2373/" "Mozilla/5.0 (Windows NT 10.0; Win64; x64) AppleWebKit/537.36 (KHTML, like Gecko) Chrome/142.0.0.0 Safari/537.36 Edg/142.0.0.0"
14.108.234.84 - - [23/Dec/2025:08:25:34 +0800] "GET /wp-content/uploads/2025/12/1766388809-Article_images_202507247.webp HTTP/1.1" 200 63626 "http://cqqizhou.com/2373/" "Mozilla/5.0 (Windows NT 10.0; Win64; x64) AppleWebKit/537.36 (KHTML, like Gecko) Chrome/142.0.0.0 Safari/537.36 Edg/142.0.0.0"
14.108.234.84 - - [23/Dec/2025:08:25:34 +0800] "GET /wp-content/uploads/2025/12/1766388812-Article_images_2025072410.webp HTTP/1.1" 200 51320 "http://cqqizhou.com/2373/" "Mozilla/5.0 (Windows NT 10.0; Win64; x64) AppleWebKit/537.36 (KHTML, like Gecko) Chrome/142.0.0.0 Safari/537.36 Edg/142.0.0.0"
14.108.234.84 - - [23/Dec/2025:08:25:34 +0800] "GET /wp-content/uploads/2025/12/1766388813-Article_images_2025072411.webp HTTP/1.1" 200 45330 "http://cqqizhou.com/2373/" "Mozilla/5.0 (Windows NT 10.0; Win64; x64) AppleWebKit/537.36 (KHTML, like Gecko) Chrome/142.0.0.0 Safari/537.36 Edg/142.0.0.0"
14.108.234.84 - - [23/Dec/2025:08:25:34 +0800] "GET /wp-content/uploads/2025/12/1766388811-Article_images_202507249.webp HTTP/1.1" 200 51010 "http://cqqizhou.com/2373/" "Mozilla/5.0 (Windows NT 10.0; Win64; x64) AppleWebKit/537.36 (KHTML, like Gecko) Chrome/142.0.0.0 Safari/537.36 Edg/142.0.0.0"
14.108.234.84 - - [23/Dec/2025:08:25:36 +0800] "GET /wp-content/uploads/2025/12/1766388805-Article_images_202507242.webp HTTP/1.1" 200 39882 "http://cqqizhou.com/2373/" "Mozilla/5.0 (Windows NT 10.0; Win64; x64) AppleWebKit/537.36 (KHTML, like Gecko) Chrome/142.0.0.0 Safari/537.36 Edg/142.0.0.0"
36.133.115.36 - - [23/Dec/2025:08:34:52 +0800] "POST /wp-cron.php?doing_wp_cron=1766450092.3177471160888671875000 HTTP/1.1" 200 31 "-" "WordPress/6.8.3; http://cqqizhou.com"
106.88.104.219 - - [23/Dec/2025:08:34:52 +0800] "GET /2373/ HTTP/1.1" 200 22327 "-" "Mozilla/5.0 (Linux; Android 15; MAG-AN00 Build/HONORMAG-AN00; wv) AppleWebKit/537.36 (KHTML, like Gecko) Version/4.0 Chrome/138.0.7204.180 Mobile Safari/537.36 XWEB/1380275 MMWEBSDK/20250202 MMWEBID/4803 wxwork/5.0.2 MicroMessenger/7.0.1 NetType/4G Language/zh Lang/zh ColorScheme/Light wwmver/3.26.502.634"
106.88.104.219 - - [23/Dec/2025:08:34:52 +0800] "GET /wp-content/uploads/2025/12/1766388806-Article_images_202507243.webp HTTP/1.1" 200 38224 "http://cqqizhou.com/2373/" "Mozilla/5.0 (Linux; Android 15; MAG-AN00 Build/HONORMAG-AN00; wv) AppleWebKit/537.36 (KHTML, like Gecko) Version/4.0 Chrome/138.0.7204.180 Mobile Safari/537.36 XWEB/1380275 MMWEBSDK/20250202 MMWEBID/4803 wxwork/5.0.2 MicroMessenger/7.0.1 NetType/4G Language/zh Lang/zh ColorScheme/Light wwmver/3.26.502.634"
106.88.104.219 - - [23/Dec/2025:08:34:52 +0800] "GET /wp-content/uploads/2025/12/1765891153-Article20251216211543.webp HTTP/1.1" 200 43108 "http://cqqizhou.com/2373/" "Mozilla/5.0 (Linux; Android 15; MAG-AN00 Build/HONORMAG-AN00; wv) AppleWebKit/537.36 (KHTML, like Gecko) Version/4.0 Chrome/138.0.7204.180 Mobile Safari/537.36 XWEB/1380275 MMWEBSDK/20250202 MMWEBID/4803 wxwork/5.0.2 MicroMessenger/7.0.1 NetType/4G Language/zh Lang/zh ColorScheme/Light wwmver/3.26.502.634"
106.88.104.219 - - [23/Dec/2025:08:34:52 +0800] "GET /wp-content/uploads/2025/12/1766064629-Article_images_20251218212623.webp HTTP/1.1" 200 20366 "http://cqqizhou.com/2373/" "Mozilla/5.0 (Linux; Android 15; MAG-AN00 Build/HONORMAG-AN00; wv) AppleWebKit/537.36 (KHTML, like Gecko) Version/4.0 Chrome/138.0.7204.180 Mobile Safari/537.36 XWEB/1380275 MMWEBSDK/20250202 MMWEBID/4803 wxwork/5.0.2 MicroMessenger/7.0.1 NetType/4G Language/zh Lang/zh ColorScheme/Light wwmver/3.26.502.634"
106.88.104.219 - - [23/Dec/2025:08:34:52 +0800] "GET /wp-content/uploads/2025/12/1766388808-Article_images_202507246.webp HTTP/1.1" 200 100036 "http://cqqizhou.com/2373/" "Mozilla/5.0 (Linux; Android 15; MAG-AN00 Build/HONORMAG-AN00; wv) AppleWebKit/537.36 (KHTML, like Gecko) Version/4.0 Chrome/138.0.7204.180 Mobile Safari/537.36 XWEB/1380275 MMWEBSDK/20250202 MMWEBID/4803 wxwork/5.0.2 MicroMessenger/7.0.1 NetType/4G Language/zh Lang/zh ColorScheme/Light wwmver/3.26.502.634"
106.88.104.219 - - [23/Dec/2025:08:34:52 +0800] "GET /wp-content/uploads/2025/12/1766388807-Article_images_202507245.webp HTTP/1.1" 200 63930 "http://cqqizhou.com/2373/" "Mozilla/5.0 (Linux; Android 15; MAG-AN00 Build/HONORMAG-AN00; wv) AppleWebKit/537.36 (KHTML, like Gecko) Version/4.0 Chrome/138.0.7204.180 Mobile Safari/537.36 XWEB/1380275 MMWEBSDK/20250202 MMWEBID/4803 wxwork/5.0.2 MicroMessenger/7.0.1 NetType/4G Language/zh Lang/zh ColorScheme/Light wwmver/3.26.502.634"
106.88.104.219 - - [23/Dec/2025:08:34:53 +0800] "GET /wp-content/uploads/2025/07/1753410289-News2000%C3%97400_202571.webp HTTP/1.1" 200 17830 "http://cqqizhou.com/2373/" "Mozilla/5.0 (Linux; Android 15; MAG-AN00 Build/HONORMAG-AN00; wv) AppleWebKit/537.36 (KHTML, like Gecko) Version/4.0 Chrome/138.0.7204.180 Mobile Safari/537.36 XWEB/1380275 MMWEBSDK/20250202 MMWEBID/4803 wxwork/5.0.2 MicroMessenger/7.0.1 NetType/4G Language/zh Lang/zh ColorScheme/Light wwmver/3.26.502.634"
106.88.104.219 - - [23/Dec/2025:08:34:53 +0800] "GET /wp-content/uploads/2025/07/1751425283-qizhou.kf_.qq_.com_.webp HTTP/1.1" 200 16864 "http://cqqizhou.com/2373/" "Mozilla/5.0 (Linux; Android 15; MAG-AN00 Build/HONORMAG-AN00; wv) AppleWebKit/537.36 (KHTML, like Gecko) Version/4.0 Chrome/138.0.7204.180 Mobile Safari/537.36 XWEB/1380275 MMWEBSDK/20250202 MMWEBID/4803 wxwork/5.0.2 MicroMessenger/7.0.1 NetType/4G Language/zh Lang/zh ColorScheme/Light wwmver/3.26.502.634"
106.88.104.219 - - [23/Dec/2025:08:34:53 +0800] "GET /wp-content/uploads/2025/12/1766388809-Article_images_202507247.webp HTTP/1.1" 200 63626 "http://cqqizhou.com/2373/" "Mozilla/5.0 (Linux; Android 15; MAG-AN00 Build/HONORMAG-AN00; wv) AppleWebKit/537.36 (KHTML, like Gecko) Version/4.0 Chrome/138.0.7204.180 Mobile Safari/537.36 XWEB/1380275 MMWEBSDK/20250202 MMWEBID/4803 wxwork/5.0.2 MicroMessenger/7.0.1 NetType/4G Language/zh Lang/zh ColorScheme/Light wwmver/3.26.502.634"
106.88.104.219 - - [23/Dec/2025:08:34:53 +0800] "GET /wp-content/uploads/2025/12/1766388811-Article_images_202507249.webp HTTP/1.1" 200 51010 "http://cqqizhou.com/2373/" "Mozilla/5.0 (Linux; Android 15; MAG-AN00 Build/HONORMAG-AN00; wv) AppleWebKit/537.36 (KHTML, like Gecko) Version/4.0 Chrome/138.0.7204.180 Mobile Safari/537.36 XWEB/1380275 MMWEBSDK/20250202 MMWEBID/4803 wxwork/5.0.2 MicroMessenger/7.0.1 NetType/4G Language/zh Lang/zh ColorScheme/Light wwmver/3.26.502.634"
106.88.104.219 - - [23/Dec/2025:08:34:53 +0800] "GET /wp-content/uploads/2025/12/1766388810-Article_images_202507248.webp HTTP/1.1" 200 75872 "http://cqqizhou.com/2373/" "Mozilla/5.0 (Linux; Android 15; MAG-AN00 Build/HONORMAG-AN00; wv) AppleWebKit/537.36 (KHTML, like Gecko) Version/4.0 Chrome/138.0.7204.180 Mobile Safari/537.36 XWEB/1380275 MMWEBSDK/20250202 MMWEBID/4803 wxwork/5.0.2 MicroMessenger/7.0.1 NetType/4G Language/zh Lang/zh ColorScheme/Light wwmver/3.26.502.634"
106.88.104.219 - - [23/Dec/2025:08:34:53 +0800] "GET /wp-content/uploads/2025/12/1766388812-Article_images_2025072410.webp HTTP/1.1" 200 51320 "http://cqqizhou.com/2373/" "Mozilla/5.0 (Linux; Android 15; MAG-AN00 Build/HONORMAG-AN00; wv) AppleWebKit/537.36 (KHTML, like Gecko) Version/4.0 Chrome/138.0.7204.180 Mobile Safari/537.36 XWEB/1380275 MMWEBSDK/20250202 MMWEBID/4803 wxwork/5.0.2 MicroMessenger/7.0.1 NetType/4G Language/zh Lang/zh ColorScheme/Light wwmver/3.26.502.634"
106.88.104.219 - - [23/Dec/2025:08:34:53 +0800] "GET /wp-content/uploads/2025/12/1766388804-Article_images_202507241.webp HTTP/1.1" 200 48206 "http://cqqizhou.com/2373/" "Mozilla/5.0 (Linux; Android 15; MAG-AN00 Build/HONORMAG-AN00; wv) AppleWebKit/537.36 (KHTML, like Gecko) Version/4.0 Chrome/138.0.7204.180 Mobile Safari/537.36 XWEB/1380275 MMWEBSDK/20250202 MMWEBID/4803 wxwork/5.0.2 MicroMessenger/7.0.1 NetType/4G Language/zh Lang/zh ColorScheme/Light wwmver/3.26.502.634"
106.88.104.219 - - [23/Dec/2025:08:34:53 +0800] "GET /wp-content/uploads/2025/12/1766388813-Article_images_2025072411.webp HTTP/1.1" 200 45330 "http://cqqizhou.com/2373/" "Mozilla/5.0 (Linux; Android 15; MAG-AN00 Build/HONORMAG-AN00; wv) AppleWebKit/537.36 (KHTML, like Gecko) Version/4.0 Chrome/138.0.7204.180 Mobile Safari/537.36 XWEB/1380275 MMWEBSDK/20250202 MMWEBID/4803 wxwork/5.0.2 MicroMessenger/7.0.1 NetType/4G Language/zh Lang/zh ColorScheme/Light wwmver/3.26.502.634"
106.88.104.219 - - [23/Dec/2025:08:34:53 +0800] "GET /wp-content/uploads/2025/12/1766388805-Article_images_202507242.webp HTTP/1.1" 200 39882 "http://cqqizhou.com/2373/" "Mozilla/5.0 (Linux; Android 15; MAG-AN00 Build/HONORMAG-AN00; wv) AppleWebKit/537.36 (KHTML, like Gecko) Version/4.0 Chrome/138.0.7204.180 Mobile Safari/537.36 XWEB/1380275 MMWEBSDK/20250202 MMWEBID/4803 wxwork/5.0.2 MicroMessenger/7.0.1 NetType/4G Language/zh Lang/zh ColorScheme/Light wwmver/3.26.502.634"
36.133.115.36 - - [23/Dec/2025:08:38:22 +0800] "POST /wp-cron.php?doing_wp_cron=1766450302.3134329319000244140625 HTTP/1.1" 200 31 "-" "WordPress/6.8.3; http://cqqizhou.com"
14.108.233.79 - - [23/Dec/2025:08:38:22 +0800] "GET /2373/ HTTP/1.1" 200 22326 "-" "Mozilla/5.0 (Linux; Android 15; ALI-AN00 Build/HONORALI-AN00; wv) AppleWebKit/537.36 (KHTML, like Gecko) Version/4.0 Chrome/138.0.7204.180 Mobile Safari/537.36 XWEB/1380275 MMWEBSDK/20250202 MMWEBID/3444 wxwork/5.0.2 MicroMessenger/7.0.1 NetType/WIFI Language/zh Lang/zh ColorScheme/Light wwmver/3.26.502.634"
14.108.233.79 - - [23/Dec/2025:08:38:22 +0800] "GET /wp-content/uploads/2025/12/1766388806-Article_images_202507243.webp HTTP/1.1" 200 38224 "http://cqqizhou.com/2373/" "Mozilla/5.0 (Linux; Android 15; ALI-AN00 Build/HONORALI-AN00; wv) AppleWebKit/537.36 (KHTML, like Gecko) Version/4.0 Chrome/138.0.7204.180 Mobile Safari/537.36 XWEB/1380275 MMWEBSDK/20250202 MMWEBID/3444 wxwork/5.0.2 MicroMessenger/7.0.1 NetType/WIFI Language/zh Lang/zh ColorScheme/Light wwmver/3.26.502.634"
