36.133.115.36 - - [23/Dec/2025:12:14:15 +0800] "POST /wp-cron.php?doing_wp_cron=1766463255.6055901050567626953125 HTTP/1.1" 200 31 "-" "WordPress/6.8.3; http://cqqizhou.com"
182.44.8.254 - - [23/Dec/2025:12:14:15 +0800] "GET / HTTP/1.1" 200 33678 "-" "Mozilla/5.0 (iPhone; CPU iPhone OS 13_2_3 like Mac OS X) AppleWebKit/605.1.15 (KHTML, like Gecko) Version/13.0.3 Mobile/15E148 Safari/604.1"
36.133.115.36 - - [23/Dec/2025:12:22:48 +0800] "POST /wp-cron.php?doing_wp_cron=1766463768.6401140689849853515625 HTTP/1.1" 200 31 "-" "WordPress/6.8.3; http://cqqizhou.com"
54.38.147.246 - - [23/Dec/2025:12:22:48 +0800] "GET /news/page/2/ HTTP/1.1" 200 23627 "-" "Mozilla/5.0 (compatible; AhrefsBot/7.0; +http://ahrefs.com/robot/)"
198.244.183.134 - - [23/Dec/2025:12:26:12 +0800] "GET /wp-content/uploads/2025/12/1766388806-Article_images_202507243.webp HTTP/1.1" 200 38224 "-" "Mozilla/5.0 (compatible; AhrefsBot/7.0; +http://ahrefs.com/robot/)"
36.133.115.36 - - [23/Dec/2025:12:40:29 +0800] "POST /wp-cron.php?doing_wp_cron=1766464829.3601000308990478515625 HTTP/1.1" 200 31 "-" "WordPress/6.8.3; http://cqqizhou.com"
204.76.203.212 - - [23/Dec/2025:12:40:29 +0800] "GET / HTTP/1.1" 200 33678 "-" "Mozilla/5.0 (Windows NT 10.0; Win64; x64) AppleWebKit/537.36 (KHTML, like Gecko) Chrome/90.0.4430.85 Safari/537.36 Edg/90.0.818.46"
35.240.115.119 - - [23/Dec/2025:12:40:38 +0800] "GET / HTTP/1.1" 301 5 "-" "python-requests/2.32.5"
36.133.115.36 - - [23/Dec/2025:12:47:45 +0800] "POST /wp-cron.php?doing_wp_cron=1766465265.6205089092254638671875 HTTP/1.1" 200 31 "-" "WordPress/6.8.3; http://cqqizhou.com"
216.244.66.245 - - [23/Dec/2025:12:47:45 +0800] "GET /robots.txt HTTP/1.1" 200 390 "-" "Mozilla/5.0 (compatible; DotBot/1.2; +https://opensiteexplorer.org/dotbot; help@moz.com)"
216.244.66.245 - - [23/Dec/2025:12:55:55 +0800] "GET /2361/ HTTP/1.1" 200 87217 "-" "Mozilla/5.0 (compatible; DotBot/1.2; +https://opensiteexplorer.org/dotbot; help@moz.com)"
36.133.115.36 - - [23/Dec/2025:12:55:59 +0800] "POST /wp-cron.php?doing_wp_cron=1766465759.8603680133819580078125 HTTP/1.1" 200 31 "-" "WordPress/6.8.3; http://cqqizhou.com"
141.98.11.140 - - [23/Dec/2025:12:56:00 +0800] "GET / HTTP/1.1" 200 152290 "-" "-"
36.133.115.36 - - [23/Dec/2025:13:04:05 +0800] "POST /wp-cron.php?doing_wp_cron=1766466245.0843379497528076171875 HTTP/1.1" 200 31 "-" "WordPress/6.8.3; http://cqqizhou.com"
106.88.209.157 - - [23/Dec/2025:13:04:05 +0800] "GET /2373/ HTTP/1.1" 200 22300 "-" "Mozilla/5.0 (Linux; Android 12; EBG-AN00 Build/HUAWEIEBG-AN00; wv) AppleWebKit/537.36 (KHTML, like Gecko) Version/4.0 Chrome/138.0.7204.180 Mobile Safari/537.36 XWEB/1380275 MMWEBSDK/20250202 MMWEBID/2574 wxwork/5.0.2 MicroMessenger/7.0.1 NetType/4G Language/zh Lang/zh ColorScheme/Light wwmver/3.26.502.634"
106.88.209.157 - - [23/Dec/2025:13:04:05 +0800] "GET /wp-content/uploads/2025/12/1766388806-Article_images_202507243.webp HTTP/1.1" 200 38224 "http://cqqizhou.com/2373/" "Mozilla/5.0 (Linux; Android 12; EBG-AN00 Build/HUAWEIEBG-AN00; wv) AppleWebKit/537.36 (KHTML, like Gecko) Version/4.0 Chrome/138.0.7204.180 Mobile Safari/537.36 XWEB/1380275 MMWEBSDK/20250202 MMWEBID/2574 wxwork/5.0.2 MicroMessenger/7.0.1 NetType/4G Language/zh Lang/zh ColorScheme/Light wwmver/3.26.502.634"
106.88.209.157 - - [23/Dec/2025:13:04:05 +0800] "GET /wp-content/uploads/2025/12/1766388807-Article_images_202507245.webp HTTP/1.1" 200 63930 "http://cqqizhou.com/2373/" "Mozilla/5.0 (Linux; Android 12; EBG-AN00 Build/HUAWEIEBG-AN00; wv) AppleWebKit/537.36 (KHTML, like Gecko) Version/4.0 Chrome/138.0.7204.180 Mobile Safari/537.36 XWEB/1380275 MMWEBSDK/20250202 MMWEBID/2574 wxwork/5.0.2 MicroMessenger/7.0.1 NetType/4G Language/zh Lang/zh ColorScheme/Light wwmver/3.26.502.634"
106.88.209.157 - - [23/Dec/2025:13:04:05 +0800] "GET /wp-content/uploads/2025/12/1766388808-Article_images_202507246.webp HTTP/1.1" 200 100036 "http://cqqizhou.com/2373/" "Mozilla/5.0 (Linux; Android 12; EBG-AN00 Build/HUAWEIEBG-AN00; wv) AppleWebKit/537.36 (KHTML, like Gecko) Version/4.0 Chrome/138.0.7204.180 Mobile Safari/537.36 XWEB/1380275 MMWEBSDK/20250202 MMWEBID/2574 wxwork/5.0.2 MicroMessenger/7.0.1 NetType/4G Language/zh Lang/zh ColorScheme/Light wwmver/3.26.502.634"
106.88.209.157 - - [23/Dec/2025:13:04:05 +0800] "GET /wp-content/uploads/2025/12/1766064629-Article_images_20251218212623.webp HTTP/1.1" 200 20366 "http://cqqizhou.com/2373/" "Mozilla/5.0 (Linux; Android 12; EBG-AN00 Build/HUAWEIEBG-AN00; wv) AppleWebKit/537.36 (KHTML, like Gecko) Version/4.0 Chrome/138.0.7204.180 Mobile Safari/537.36 XWEB/1380275 MMWEBSDK/20250202 MMWEBID/2574 wxwork/5.0.2 MicroMessenger/7.0.1 NetType/4G Language/zh Lang/zh ColorScheme/Light wwmver/3.26.502.634"
106.88.209.157 - - [23/Dec/2025:13:04:05 +0800] "GET /wp-content/uploads/2025/12/1765891153-Article20251216211543.webp HTTP/1.1" 200 43108 "http://cqqizhou.com/2373/" "Mozilla/5.0 (Linux; Android 12; EBG-AN00 Build/HUAWEIEBG-AN00; wv) AppleWebKit/537.36 (KHTML, like Gecko) Version/4.0 Chrome/138.0.7204.180 Mobile Safari/537.36 XWEB/1380275 MMWEBSDK/20250202 MMWEBID/2574 wxwork/5.0.2 MicroMessenger/7.0.1 NetType/4G Language/zh Lang/zh ColorScheme/Light wwmver/3.26.502.634"
106.88.209.157 - - [23/Dec/2025:13:04:05 +0800] "GET /wp-content/uploads/2025/07/1753410289-News2000%C3%97400_202571.webp HTTP/1.1" 200 17830 "http://cqqizhou.com/2373/" "Mozilla/5.0 (Linux; Android 12; EBG-AN00 Build/HUAWEIEBG-AN00; wv) AppleWebKit/537.36 (KHTML, like Gecko) Version/4.0 Chrome/138.0.7204.180 Mobile Safari/537.36 XWEB/1380275 MMWEBSDK/20250202 MMWEBID/2574 wxwork/5.0.2 MicroMessenger/7.0.1 NetType/4G Language/zh Lang/zh ColorScheme/Light wwmver/3.26.502.634"
106.88.209.157 - - [23/Dec/2025:13:04:05 +0800] "GET /wp-content/uploads/2025/12/1766388809-Article_images_202507247.webp HTTP/1.1" 200 63626 "http://cqqizhou.com/2373/" "Mozilla/5.0 (Linux; Android 12; EBG-AN00 Build/HUAWEIEBG-AN00; wv) AppleWebKit/537.36 (KHTML, like Gecko) Version/4.0 Chrome/138.0.7204.180 Mobile Safari/537.36 XWEB/1380275 MMWEBSDK/20250202 MMWEBID/2574 wxwork/5.0.2 MicroMessenger/7.0.1 NetType/4G Language/zh Lang/zh ColorScheme/Light wwmver/3.26.502.634"
106.88.209.157 - - [23/Dec/2025:13:04:05 +0800] "GET /wp-content/uploads/2025/07/1751425283-qizhou.kf_.qq_.com_.webp HTTP/1.1" 200 16864 "http://cqqizhou.com/2373/" "Mozilla/5.0 (Linux; Android 12; EBG-AN00 Build/HUAWEIEBG-AN00; wv) AppleWebKit/537.36 (KHTML, like Gecko) Version/4.0 Chrome/138.0.7204.180 Mobile Safari/537.36 XWEB/1380275 MMWEBSDK/20250202 MMWEBID/2574 wxwork/5.0.2 MicroMessenger/7.0.1 NetType/4G Language/zh Lang/zh ColorScheme/Light wwmver/3.26.502.634"
106.88.209.157 - - [23/Dec/2025:13:04:05 +0800] "GET /wp-content/uploads/2025/12/1766388810-Article_images_202507248.webp HTTP/1.1" 200 75872 "http://cqqizhou.com/2373/" "Mozilla/5.0 (Linux; Android 12; EBG-AN00 Build/HUAWEIEBG-AN00; wv) AppleWebKit/537.36 (KHTML, like Gecko) Version/4.0 Chrome/138.0.7204.180 Mobile Safari/537.36 XWEB/1380275 MMWEBSDK/20250202 MMWEBID/2574 wxwork/5.0.2 MicroMessenger/7.0.1 NetType/4G Language/zh Lang/zh ColorScheme/Light wwmver/3.26.502.634"
106.88.209.157 - - [23/Dec/2025:13:04:05 +0800] "GET /wp-content/uploads/2025/12/1766388811-Article_images_202507249.webp HTTP/1.1" 200 51010 "http://cqqizhou.com/2373/" "Mozilla/5.0 (Linux; Android 12; EBG-AN00 Build/HUAWEIEBG-AN00; wv) AppleWebKit/537.36 (KHTML, like Gecko) Version/4.0 Chrome/138.0.7204.180 Mobile Safari/537.36 XWEB/1380275 MMWEBSDK/20250202 MMWEBID/2574 wxwork/5.0.2 MicroMessenger/7.0.1 NetType/4G Language/zh Lang/zh ColorScheme/Light wwmver/3.26.502.634"
106.88.209.157 - - [23/Dec/2025:13:04:05 +0800] "GET /wp-content/uploads/2025/12/1766388812-Article_images_2025072410.webp HTTP/1.1" 200 51320 "http://cqqizhou.com/2373/" "Mozilla/5.0 (Linux; Android 12; EBG-AN00 Build/HUAWEIEBG-AN00; wv) AppleWebKit/537.36 (KHTML, like Gecko) Version/4.0 Chrome/138.0.7204.180 Mobile Safari/537.36 XWEB/1380275 MMWEBSDK/20250202 MMWEBID/2574 wxwork/5.0.2 MicroMessenger/7.0.1 NetType/4G Language/zh Lang/zh ColorScheme/Light wwmver/3.26.502.634"
106.88.209.157 - - [23/Dec/2025:13:04:05 +0800] "GET /wp-content/uploads/2025/12/1766388813-Article_images_2025072411.webp HTTP/1.1" 200 45330 "http://cqqizhou.com/2373/" "Mozilla/5.0 (Linux; Android 12; EBG-AN00 Build/HUAWEIEBG-AN00; wv) AppleWebKit/537.36 (KHTML, like Gecko) Version/4.0 Chrome/138.0.7204.180 Mobile Safari/537.36 XWEB/1380275 MMWEBSDK/20250202 MMWEBID/2574 wxwork/5.0.2 MicroMessenger/7.0.1 NetType/4G Language/zh Lang/zh ColorScheme/Light wwmver/3.26.502.634"
106.88.209.157 - - [23/Dec/2025:13:04:05 +0800] "GET /wp-content/uploads/2025/12/1766388804-Article_images_202507241.webp HTTP/1.1" 200 48206 "http://cqqizhou.com/2373/" "Mozilla/5.0 (Linux; Android 12; EBG-AN00 Build/HUAWEIEBG-AN00; wv) AppleWebKit/537.36 (KHTML, like Gecko) Version/4.0 Chrome/138.0.7204.180 Mobile Safari/537.36 XWEB/1380275 MMWEBSDK/20250202 MMWEBID/2574 wxwork/5.0.2 MicroMessenger/7.0.1 NetType/4G Language/zh Lang/zh ColorScheme/Light wwmver/3.26.502.634"
106.88.209.157 - - [23/Dec/2025:13:04:05 +0800] "GET /wp-content/uploads/2025/12/1766388805-Article_images_202507242.webp HTTP/1.1" 200 39882 "http://cqqizhou.com/2373/" "Mozilla/5.0 (Linux; Android 12; EBG-AN00 Build/HUAWEIEBG-AN00; wv) AppleWebKit/537.36 (KHTML, like Gecko) Version/4.0 Chrome/138.0.7204.180 Mobile Safari/537.36 XWEB/1380275 MMWEBSDK/20250202 MMWEBID/2574 wxwork/5.0.2 MicroMessenger/7.0.1 NetType/4G Language/zh Lang/zh ColorScheme/Light wwmver/3.26.502.634"
36.133.115.36 - - [23/Dec/2025:13:05:19 +0800] "POST /wp-cron.php?doing_wp_cron=1766466319.8384840488433837890625 HTTP/1.1" 200 31 "-" "WordPress/6.8.3; http://cqqizhou.com"
106.88.209.157 - - [23/Dec/2025:13:05:19 +0800] "GET /2361/ HTTP/1.1" 499 0 "http://cqqizhou.com/2373/" "Mozilla/5.0 (Linux; Android 12; EBG-AN00 Build/HUAWEIEBG-AN00; wv) AppleWebKit/537.36 (KHTML, like Gecko) Version/4.0 Chrome/138.0.7204.180 Mobile Safari/537.36 XWEB/1380275 MMWEBSDK/20250202 MMWEBID/2574 wxwork/5.0.2 MicroMessenger/7.0.1 NetType/4G Language/zh Lang/zh ColorScheme/Light wwmver/3.26.502.634"
106.88.209.157 - - [23/Dec/2025:13:05:20 +0800] "GET /2361/ HTTP/1.1" 499 0 "http://cqqizhou.com/2373/" "Mozilla/5.0 (Linux; Android 12; EBG-AN00 Build/HUAWEIEBG-AN00; wv) AppleWebKit/537.36 (KHTML, like Gecko) Version/4.0 Chrome/138.0.7204.180 Mobile Safari/537.36 XWEB/1380275 MMWEBSDK/20250202 MMWEBID/2574 wxwork/5.0.2 MicroMessenger/7.0.1 NetType/4G Language/zh Lang/zh ColorScheme/Light wwmver/3.26.502.634"
106.88.209.157 - - [23/Dec/2025:13:05:21 +0800] "GET /2361/ HTTP/1.1" 200 20924 "http://cqqizhou.com/2373/" "Mozilla/5.0 (Linux; Android 12; EBG-AN00 Build/HUAWEIEBG-AN00; wv) AppleWebKit/537.36 (KHTML, like Gecko) Version/4.0 Chrome/138.0.7204.180 Mobile Safari/537.36 XWEB/1380275 MMWEBSDK/20250202 MMWEBID/2574 wxwork/5.0.2 MicroMessenger/7.0.1 NetType/4G Language/zh Lang/zh ColorScheme/Light wwmver/3.26.502.634"
106.88.209.157 - - [23/Dec/2025:13:05:21 +0800] "GET /wp-content/uploads/2025/12/1766064671-Article_images_20251218212624.webp HTTP/1.1" 200 40874 "http://cqqizhou.com/2361/" "Mozilla/5.0 (Linux; Android 12; EBG-AN00 Build/HUAWEIEBG-AN00; wv) AppleWebKit/537.36 (KHTML, like Gecko) Version/4.0 Chrome/138.0.7204.180 Mobile Safari/537.36 XWEB/1380275 MMWEBSDK/20250202 MMWEBID/2574 wxwork/5.0.2 MicroMessenger/7.0.1 NetType/4G Language/zh Lang/zh ColorScheme/Light wwmver/3.26.502.634"
106.88.209.157 - - [23/Dec/2025:13:05:21 +0800] "GET /wp-content/uploads/2025/12/1765891413-20251209103501.webp HTTP/1.1" 200 24878 "http://cqqizhou.com/2361/" "Mozilla/5.0 (Linux; Android 12; EBG-AN00 Build/HUAWEIEBG-AN00; wv) AppleWebKit/537.36 (KHTML, like Gecko) Version/4.0 Chrome/138.0.7204.180 Mobile Safari/537.36 XWEB/1380275 MMWEBSDK/20250202 MMWEBID/2574 wxwork/5.0.2 MicroMessenger/7.0.1 NetType/4G Language/zh Lang/zh ColorScheme/Light wwmver/3.26.502.634"
106.88.209.157 - - [23/Dec/2025:13:05:21 +0800] "GET /wp-content/uploads/2025/12/1766064723-Article_images_20251218212625.webp HTTP/1.1" 200 35132 "http://cqqizhou.com/2361/" "Mozilla/5.0 (Linux; Android 12; EBG-AN00 Build/HUAWEIEBG-AN00; wv) AppleWebKit/537.36 (KHTML, like Gecko) Version/4.0 Chrome/138.0.7204.180 Mobile Safari/537.36 XWEB/1380275 MMWEBSDK/20250202 MMWEBID/2574 wxwork/5.0.2 MicroMessenger/7.0.1 NetType/4G Language/zh Lang/zh ColorScheme/Light wwmver/3.26.502.634"
106.88.209.157 - - [23/Dec/2025:13:05:21 +0800] "GET /wp-content/uploads/2025/12/1766373833-Article_images_20251219.webp HTTP/1.1" 200 79910 "http://cqqizhou.com/2361/" "Mozilla/5.0 (Linux; Android 12; EBG-AN00 Build/HUAWEIEBG-AN00; wv) AppleWebKit/537.36 (KHTML, like Gecko) Version/4.0 Chrome/138.0.7204.180 Mobile Safari/537.36 XWEB/1380275 MMWEBSDK/20250202 MMWEBID/2574 wxwork/5.0.2 MicroMessenger/7.0.1 NetType/4G Language/zh Lang/zh ColorScheme/Light wwmver/3.26.502.634"
106.88.209.157 - - [23/Dec/2025:13:05:24 +0800] "GET /wp-content/uploads/2025/12/1766373840-Article_images_20251220.webp HTTP/1.1" 200 40034 "http://cqqizhou.com/2361/" "Mozilla/5.0 (Linux; Android 12; EBG-AN00 Build/HUAWEIEBG-AN00; wv) AppleWebKit/537.36 (KHTML, like Gecko) Version/4.0 Chrome/138.0.7204.180 Mobile Safari/537.36 XWEB/1380275 MMWEBSDK/20250202 MMWEBID/2574 wxwork/5.0.2 MicroMessenger/7.0.1 NetType/4G Language/zh Lang/zh ColorScheme/Light wwmver/3.26.502.634"
36.133.115.36 - - [23/Dec/2025:13:09:20 +0800] "POST /wp-cron.php?doing_wp_cron=1766466560.1021459102630615234375 HTTP/1.1" 200 31 "-" "WordPress/6.8.3; http://cqqizhou.com"
204.76.203.212 - - [23/Dec/2025:13:09:20 +0800] "GET / HTTP/1.1" 200 33678 "-" "Mozilla/5.0 (Windows NT 10.0; Win64; x64) AppleWebKit/537.36 (KHTML, like Gecko) Chrome/90.0.4430.85 Safari/537.36 Edg/90.0.818.46"
36.133.115.36 - - [23/Dec/2025:13:10:00 +0800] "POST /wp-cron.php?doing_wp_cron=1766466600.9245018959045410156250 HTTP/1.1" 200 31 "-" "WordPress/6.8.3; http://cqqizhou.com"
113.141.92.123 - - [23/Dec/2025:13:10:00 +0800] "GET / HTTP/1.1" 301 5 "-" "Mozilla/5.0 (Macintosh; Intel Mac OS X 10_15_7) AppleWebKit/537.36 (KHTML, like Gecko) Chrome/96.0.4664.110 Safari/537.36"
113.141.92.123 - - [23/Dec/2025:13:10:01 +0800] "GET / HTTP/1.1" 200 39568 "http://36.133.115.36" "Mozilla/5.0 (Macintosh; Intel Mac OS X 10_15_7) AppleWebKit/537.36 (KHTML, like Gecko) Chrome/96.0.4664.110 Safari/537.36"
36.41.65.173 - - [23/Dec/2025:13:10:24 +0800] "GET / HTTP/1.1" 301 5 "-" "Mozilla/5.0 (Macintosh; Intel Mac OS X 10_15_7) AppleWebKit/537.36 (KHTML, like Gecko) Chrome/96.0.4664.110 Safari/537.36"
36.41.65.173 - - [23/Dec/2025:13:10:24 +0800] "GET / HTTP/1.1" 200 39568 "http://www.cqqizhou.com" "Mozilla/5.0 (Macintosh; Intel Mac OS X 10_15_7) AppleWebKit/537.36 (KHTML, like Gecko) Chrome/96.0.4664.110 Safari/537.36"
113.141.81.196 - - [23/Dec/2025:13:10:45 +0800] "GET / HTTP/1.1" 200 39568 "-" "Mozilla/5.0 (Macintosh; Intel Mac OS X 10_15_7) AppleWebKit/537.36 (KHTML, like Gecko) Chrome/96.0.4664.110 Safari/537.36"
36.133.115.36 - - [23/Dec/2025:13:12:43 +0800] "POST /wp-cron.php?doing_wp_cron=1766466763.2328970432281494140625 HTTP/1.1" 200 31 "-" "WordPress/6.8.3; http://cqqizhou.com"
205.210.31.194 - - [23/Dec/2025:13:12:43 +0800] "GET / HTTP/1.1" 200 33678 "-" "Hello from Palo Alto Networks, find out more about our scans in https://docs-cortex.paloaltonetworks.com/r/1/Cortex-Xpanse/Scanning-activity"
36.133.115.36 - - [23/Dec/2025:13:22:57 +0800] "POST /wp-cron.php?doing_wp_cron=1766467377.2144060134887695312500 HTTP/1.1" 200 31 "-" "WordPress/6.8.3; http://cqqizhou.com"
14.108.233.79 - - [23/Dec/2025:13:22:57 +0800] "GET /2373/ HTTP/1.1" 200 26283 "-" "Mozilla/5.0 (Windows NT 10.0; Win64; x64) AppleWebKit/537.36 (KHTML, like Gecko) Chrome/114.0.5735.289 Safari/537.36"
14.108.233.79 - - [23/Dec/2025:13:22:57 +0800] "GET /wp-content/uploads/2025/12/1766388806-Article_images_202507243.webp HTTP/1.1" 200 38224 "http://cqqizhou.com/2373/" "Mozilla/5.0 (Windows NT 10.0; Win64; x64) AppleWebKit/537.36 (KHTML, like Gecko) Chrome/114.0.5735.289 Safari/537.36"
14.108.233.79 - - [23/Dec/2025:13:22:57 +0800] "GET /wp-content/uploads/2025/12/1766388807-Article_images_202507245.webp HTTP/1.1" 200 63930 "http://cqqizhou.com/2373/" "Mozilla/5.0 (Windows NT 10.0; Win64; x64) AppleWebKit/537.36 (KHTML, like Gecko) Chrome/114.0.5735.289 Safari/537.36"
14.108.233.79 - - [23/Dec/2025:13:22:57 +0800] "GET /wp-content/uploads/2025/12/1766388808-Article_images_202507246.webp HTTP/1.1" 200 100036 "http://cqqizhou.com/2373/" "Mozilla/5.0 (Windows NT 10.0; Win64; x64) AppleWebKit/537.36 (KHTML, like Gecko) Chrome/114.0.5735.289 Safari/537.36"
14.108.233.79 - - [23/Dec/2025:13:22:57 +0800] "GET /wp-content/uploads/2025/12/1766064629-Article_images_20251218212623.webp HTTP/1.1" 200 20366 "http://cqqizhou.com/2373/" "Mozilla/5.0 (Windows NT 10.0; Win64; x64) AppleWebKit/537.36 (KHTML, like Gecko) Chrome/114.0.5735.289 Safari/537.36"
14.108.233.79 - - [23/Dec/2025:13:22:57 +0800] "GET /wp-content/uploads/2025/12/1765891153-Article20251216211543.webp HTTP/1.1" 200 43108 "http://cqqizhou.com/2373/" "Mozilla/5.0 (Windows NT 10.0; Win64; x64) AppleWebKit/537.36 (KHTML, like Gecko) Chrome/114.0.5735.289 Safari/537.36"
14.108.233.79 - - [23/Dec/2025:13:22:57 +0800] "GET /wp-content/uploads/2025/07/1751425283-qizhou.kf_.qq_.com_.webp HTTP/1.1" 200 16864 "http://cqqizhou.com/2373/" "Mozilla/5.0 (Windows NT 10.0; Win64; x64) AppleWebKit/537.36 (KHTML, like Gecko) Chrome/114.0.5735.289 Safari/537.36"
14.108.233.79 - - [23/Dec/2025:13:22:57 +0800] "GET /wp-content/uploads/2025/07/1753410289-News2000%C3%97400_202571.webp HTTP/1.1" 200 17830 "http://cqqizhou.com/2373/" "Mozilla/5.0 (Windows NT 10.0; Win64; x64) AppleWebKit/537.36 (KHTML, like Gecko) Chrome/114.0.5735.289 Safari/537.36"
14.108.233.79 - - [23/Dec/2025:13:22:58 +0800] "GET /wp-content/uploads/2025/12/1766388809-Article_images_202507247.webp HTTP/1.1" 200 63626 "http://cqqizhou.com/2373/" "Mozilla/5.0 (Windows NT 10.0; Win64; x64) AppleWebKit/537.36 (KHTML, like Gecko) Chrome/114.0.5735.289 Safari/537.36"
14.108.233.79 - - [23/Dec/2025:13:22:58 +0800] "GET /wp-content/uploads/2025/12/1766388810-Article_images_202507248.webp HTTP/1.1" 200 75872 "http://cqqizhou.com/2373/" "Mozilla/5.0 (Windows NT 10.0; Win64; x64) AppleWebKit/537.36 (KHTML, like Gecko) Chrome/114.0.5735.289 Safari/537.36"
14.108.233.79 - - [23/Dec/2025:13:22:58 +0800] "GET /wp-content/uploads/2025/12/1766388811-Article_images_202507249.webp HTTP/1.1" 200 51010 "http://cqqizhou.com/2373/" "Mozilla/5.0 (Windows NT 10.0; Win64; x64) AppleWebKit/537.36 (KHTML, like Gecko) Chrome/114.0.5735.289 Safari/537.36"
14.108.233.79 - - [23/Dec/2025:13:22:58 +0800] "GET /wp-content/uploads/2025/12/1766388812-Article_images_2025072410.webp HTTP/1.1" 200 51320 "http://cqqizhou.com/2373/" "Mozilla/5.0 (Windows NT 10.0; Win64; x64) AppleWebKit/537.36 (KHTML, like Gecko) Chrome/114.0.5735.289 Safari/537.36"
14.108.233.79 - - [23/Dec/2025:13:22:58 +0800] "GET /wp-content/uploads/2025/12/1766388813-Article_images_2025072411.webp HTTP/1.1" 200 45330 "http://cqqizhou.com/2373/" "Mozilla/5.0 (Windows NT 10.0; Win64; x64) AppleWebKit/537.36 (KHTML, like Gecko) Chrome/114.0.5735.289 Safari/537.36"
14.108.233.79 - - [23/Dec/2025:13:22:59 +0800] "GET /wp-content/uploads/2025/12/1766388804-Article_images_202507241.webp HTTP/1.1" 200 48206 "http://cqqizhou.com/2373/" "Mozilla/5.0 (Windows NT 10.0; Win64; x64) AppleWebKit/537.36 (KHTML, like Gecko) Chrome/114.0.5735.289 Safari/537.36"
14.108.233.79 - - [23/Dec/2025:13:22:59 +0800] "POST /wp-admin/admin-ajax.php HTTP/1.1" 200 535 "http://cqqizhou.com/2373/" "Mozilla/5.0 (Windows NT 10.0; Win64; x64) AppleWebKit/537.36 (KHTML, like Gecko) Chrome/114.0.5735.289 Safari/537.36"
14.108.233.79 - - [23/Dec/2025:13:23:00 +0800] "GET /wp-content/uploads/2025/12/1766388805-Article_images_202507242.webp HTTP/1.1" 200 39882 "http://cqqizhou.com/2373/" "Mozilla/5.0 (Windows NT 10.0; Win64; x64) AppleWebKit/537.36 (KHTML, like Gecko) Chrome/114.0.5735.289 Safari/537.36"
113.222.189.155 - - [23/Dec/2025:13:29:37 +0800] "GET /2159/ HTTP/1.1" 200 28635 "-" "Mozilla/5.0 (Windows NT 6.1; Win64; x64) AppleWebKit/537.36 (KHTML, like Gecko) Chrome/74.0.3837.131 Safari/537.36"
180.153.236.32 - - [23/Dec/2025:13:35:56 +0800] "GET / HTTP/1.1" 200 39568 "http://cqqizhou.com" "Mozilla/5.0 (Windows NT 10.0; Win64; x64) AppleWebKit/537.36 (KHTML, like Gecko) Chrome/140.0.0.0 Safari/537.36 Edg/140.0.0.0; 360Spider"
36.133.115.36 - - [23/Dec/2025:13:36:10 +0800] "POST /wp-cron.php?doing_wp_cron=1766468170.2950251102447509765625 HTTP/1.1" 200 31 "-" "WordPress/6.8.3; http://cqqizhou.com"
180.153.236.179 - - [23/Dec/2025:13:36:10 +0800] "GET / HTTP/1.1" 200 33679 "http://cqqizhou.com/" "Mozilla/5.0 (Linux; Android 10; K) AppleWebKit/537.36 (KHTML, like Gecko) Chrome/131.0.0.0 Mobile Safari/537.36; 360Spider"
36.133.115.36 - - [23/Dec/2025:13:39:59 +0800] "POST /wp-cron.php?doing_wp_cron=1766468399.4740810394287109375000 HTTP/1.1" 200 31 "-" "WordPress/6.8.3; http://cqqizhou.com"
198.244.240.62 - - [23/Dec/2025:13:39:59 +0800] "GET /work-safety/ HTTP/1.1" 200 21583 "-" "Mozilla/5.0 (compatible; AhrefsBot/7.0; +http://ahrefs.com/robot/)"
36.133.115.36 - - [23/Dec/2025:13:44:43 +0800] "POST /wp-cron.php?doing_wp_cron=1766468683.5304749011993408203125 HTTP/1.1" 200 31 "-" "WordPress/6.8.3; http://cqqizhou.com"
204.76.203.212 - - [23/Dec/2025:13:44:43 +0800] "GET / HTTP/1.1" 200 33679 "-" "Mozilla/5.0 (Windows NT 10.0; Win64; x64) AppleWebKit/537.36 (KHTML, like Gecko) Chrome/90.0.4430.85 Safari/537.36 Edg/90.0.818.46"
40.77.167.76 - - [23/Dec/2025:13:46:09 +0800] "GET /wp-content/uploads/2025/07/1753453986-Article_images_W900px.webp HTTP/1.1" 200 57364 "-" "Mozilla/5.0 AppleWebKit/537.36 (KHTML, like Gecko; compatible; bingbot/2.0; +http://www.bing.com/bingbot.htm) Chrome/116.0.1938.76 Safari/537.36"
36.133.115.36 - - [23/Dec/2025:13:47:41 +0800] "POST /wp-cron.php?doing_wp_cron=1766468861.2669711112976074218750 HTTP/1.1" 200 31 "-" "WordPress/6.8.3; http://cqqizhou.com"
45.233.244.60 - - [23/Dec/2025:13:47:45 +0800] "GET / HTTP/1.1" 200 126881 "-" "Mozilla/5.0 (Windows NT 10.0; WOW64) AppleWebKit/537.36 (KHTML, like Gecko) Chrome/52.0.2743.116 Safari/537.36"
36.133.115.36 - - [23/Dec/2025:13:48:10 +0800] "POST /wp-cron.php?doing_wp_cron=1766468890.0637359619140625000000 HTTP/1.1" 200 31 "-" "WordPress/6.8.3; http://cqqizhou.com"
106.83.1.71 - - [23/Dec/2025:13:48:10 +0800] "GET /2373/ HTTP/1.1" 200 22300 "-" "Mozilla/5.0 (Linux; Android 15; 2201123C Build/AQ3A.241006.001; wv) AppleWebKit/537.36 (KHTML, like Gecko) Version/4.0 Chrome/138.0.7204.180 Mobile Safari/537.36 XWEB/1380275 MMWEBSDK/20250202 MMWEBID/4885 wxwork/5.0.2 MicroMessenger/7.0.1 NetType/4G Language/zh Lang/zh ColorScheme/Dark wwmver/3.26.502.634"
106.83.1.71 - - [23/Dec/2025:13:48:10 +0800] "GET /wp-content/uploads/2025/12/1766388806-Article_images_202507243.webp HTTP/1.1" 200 38224 "http://cqqizhou.com/2373/" "Mozilla/5.0 (Linux; Android 15; 2201123C Build/AQ3A.241006.001; wv) AppleWebKit/537.36 (KHTML, like Gecko) Version/4.0 Chrome/138.0.7204.180 Mobile Safari/537.36 XWEB/1380275 MMWEBSDK/20250202 MMWEBID/4885 wxwork/5.0.2 MicroMessenger/7.0.1 NetType/4G Language/zh Lang/zh ColorScheme/Dark wwmver/3.26.502.634"
106.83.1.71 - - [23/Dec/2025:13:48:10 +0800] "GET /wp-content/uploads/2025/12/1766388808-Article_images_202507246.webp HTTP/1.1" 200 100036 "http://cqqizhou.com/2373/" "Mozilla/5.0 (Linux; Android 15; 2201123C Build/AQ3A.241006.001; wv) AppleWebKit/537.36 (KHTML, like Gecko) Version/4.0 Chrome/138.0.7204.180 Mobile Safari/537.36 XWEB/1380275 MMWEBSDK/20250202 MMWEBID/4885 wxwork/5.0.2 MicroMessenger/7.0.1 NetType/4G Language/zh Lang/zh ColorScheme/Dark wwmver/3.26.502.634"
106.83.1.71 - - [23/Dec/2025:13:48:10 +0800] "GET /wp-content/uploads/2025/12/1766388807-Article_images_202507245.webp HTTP/1.1" 200 63930 "http://cqqizhou.com/2373/" "Mozilla/5.0 (Linux; Android 15; 2201123C Build/AQ3A.241006.001; wv) AppleWebKit/537.36 (KHTML, like Gecko) Version/4.0 Chrome/138.0.7204.180 Mobile Safari/537.36 XWEB/1380275 MMWEBSDK/20250202 MMWEBID/4885 wxwork/5.0.2 MicroMessenger/7.0.1 NetType/4G Language/zh Lang/zh ColorScheme/Dark wwmver/3.26.502.634"
106.83.1.71 - - [23/Dec/2025:13:48:10 +0800] "GET /wp-content/uploads/2025/12/1765891153-Article20251216211543.webp HTTP/1.1" 200 43108 "http://cqqizhou.com/2373/" "Mozilla/5.0 (Linux; Android 15; 2201123C Build/AQ3A.241006.001; wv) AppleWebKit/537.36 (KHTML, like Gecko) Version/4.0 Chrome/138.0.7204.180 Mobile Safari/537.36 XWEB/1380275 MMWEBSDK/20250202 MMWEBID/4885 wxwork/5.0.2 MicroMessenger/7.0.1 NetType/4G Language/zh Lang/zh ColorScheme/Dark wwmver/3.26.502.634"
106.83.1.71 - - [23/Dec/2025:13:48:10 +0800] "GET /wp-content/uploads/2025/12/1766064629-Article_images_20251218212623.webp HTTP/1.1" 200 20366 "http://cqqizhou.com/2373/" "Mozilla/5.0 (Linux; Android 15; 2201123C Build/AQ3A.241006.001; wv) AppleWebKit/537.36 (KHTML, like Gecko) Version/4.0 Chrome/138.0.7204.180 Mobile Safari/537.36 XWEB/1380275 MMWEBSDK/20250202 MMWEBID/4885 wxwork/5.0.2 MicroMessenger/7.0.1 NetType/4G Language/zh Lang/zh ColorScheme/Dark wwmver/3.26.502.634"
106.83.1.71 - - [23/Dec/2025:13:48:10 +0800] "GET /wp-content/uploads/2025/07/1753410289-News2000%C3%97400_202571.webp HTTP/1.1" 200 17830 "http://cqqizhou.com/2373/" "Mozilla/5.0 (Linux; Android 15; 2201123C Build/AQ3A.241006.001; wv) AppleWebKit/537.36 (KHTML, like Gecko) Version/4.0 Chrome/138.0.7204.180 Mobile Safari/537.36 XWEB/1380275 MMWEBSDK/20250202 MMWEBID/4885 wxwork/5.0.2 MicroMessenger/7.0.1 NetType/4G Language/zh Lang/zh ColorScheme/Dark wwmver/3.26.502.634"
106.83.1.71 - - [23/Dec/2025:13:48:10 +0800] "GET /wp-content/uploads/2025/07/1751425283-qizhou.kf_.qq_.com_.webp HTTP/1.1" 200 16864 "http://cqqizhou.com/2373/" "Mozilla/5.0 (Linux; Android 15; 2201123C Build/AQ3A.241006.001; wv) AppleWebKit/537.36 (KHTML, like Gecko) Version/4.0 Chrome/138.0.7204.180 Mobile Safari/537.36 XWEB/1380275 MMWEBSDK/20250202 MMWEBID/4885 wxwork/5.0.2 MicroMessenger/7.0.1 NetType/4G Language/zh Lang/zh ColorScheme/Dark wwmver/3.26.502.634"
106.83.1.71 - - [23/Dec/2025:13:48:10 +0800] "GET /wp-content/uploads/2025/12/1766388809-Article_images_202507247.webp HTTP/1.1" 200 63626 "http://cqqizhou.com/2373/" "Mozilla/5.0 (Linux; Android 15; 2201123C Build/AQ3A.241006.001; wv) AppleWebKit/537.36 (KHTML, like Gecko) Version/4.0 Chrome/138.0.7204.180 Mobile Safari/537.36 XWEB/1380275 MMWEBSDK/20250202 MMWEBID/4885 wxwork/5.0.2 MicroMessenger/7.0.1 NetType/4G Language/zh Lang/zh ColorScheme/Dark wwmver/3.26.502.634"
106.83.1.71 - - [23/Dec/2025:13:48:10 +0800] "GET /wp-content/uploads/2025/12/1766388810-Article_images_202507248.webp HTTP/1.1" 200 75872 "http://cqqizhou.com/2373/" "Mozilla/5.0 (Linux; Android 15; 2201123C Build/AQ3A.241006.001; wv) AppleWebKit/537.36 (KHTML, like Gecko) Version/4.0 Chrome/138.0.7204.180 Mobile Safari/537.36 XWEB/1380275 MMWEBSDK/20250202 MMWEBID/4885 wxwork/5.0.2 MicroMessenger/7.0.1 NetType/4G Language/zh Lang/zh ColorScheme/Dark wwmver/3.26.502.634"
106.83.1.71 - - [23/Dec/2025:13:48:10 +0800] "GET /wp-content/uploads/2025/12/1766388811-Article_images_202507249.webp HTTP/1.1" 200 51010 "http://cqqizhou.com/2373/" "Mozilla/5.0 (Linux; Android 15; 2201123C Build/AQ3A.241006.001; wv) AppleWebKit/537.36 (KHTML, like Gecko) Version/4.0 Chrome/138.0.7204.180 Mobile Safari/537.36 XWEB/1380275 MMWEBSDK/20250202 MMWEBID/4885 wxwork/5.0.2 MicroMessenger/7.0.1 NetType/4G Language/zh Lang/zh ColorScheme/Dark wwmver/3.26.502.634"
106.83.1.71 - - [23/Dec/2025:13:48:10 +0800] "GET /wp-content/uploads/2025/12/1766388812-Article_images_2025072410.webp HTTP/1.1" 200 51320 "http://cqqizhou.com/2373/" "Mozilla/5.0 (Linux; Android 15; 2201123C Build/AQ3A.241006.001; wv) AppleWebKit/537.36 (KHTML, like Gecko) Version/4.0 Chrome/138.0.7204.180 Mobile Safari/537.36 XWEB/1380275 MMWEBSDK/20250202 MMWEBID/4885 wxwork/5.0.2 MicroMessenger/7.0.1 NetType/4G Language/zh Lang/zh ColorScheme/Dark wwmver/3.26.502.634"
106.83.1.71 - - [23/Dec/2025:13:48:10 +0800] "GET /wp-content/uploads/2025/12/1766388813-Article_images_2025072411.webp HTTP/1.1" 200 45330 "http://cqqizhou.com/2373/" "Mozilla/5.0 (Linux; Android 15; 2201123C Build/AQ3A.241006.001; wv) AppleWebKit/537.36 (KHTML, like Gecko) Version/4.0 Chrome/138.0.7204.180 Mobile Safari/537.36 XWEB/1380275 MMWEBSDK/20250202 MMWEBID/4885 wxwork/5.0.2 MicroMessenger/7.0.1 NetType/4G Language/zh Lang/zh ColorScheme/Dark wwmver/3.26.502.634"
106.83.1.71 - - [23/Dec/2025:13:48:10 +0800] "GET /wp-content/uploads/2025/12/1766388804-Article_images_202507241.webp HTTP/1.1" 200 48206 "http://cqqizhou.com/2373/" "Mozilla/5.0 (Linux; Android 15; 2201123C Build/AQ3A.241006.001; wv) AppleWebKit/537.36 (KHTML, like Gecko) Version/4.0 Chrome/138.0.7204.180 Mobile Safari/537.36 XWEB/1380275 MMWEBSDK/20250202 MMWEBID/4885 wxwork/5.0.2 MicroMessenger/7.0.1 NetType/4G Language/zh Lang/zh ColorScheme/Dark wwmver/3.26.502.634"
106.83.1.71 - - [23/Dec/2025:13:48:10 +0800] "GET /wp-content/uploads/2025/12/1766388805-Article_images_202507242.webp HTTP/1.1" 200 39882 "http://cqqizhou.com/2373/" "Mozilla/5.0 (Linux; Android 15; 2201123C Build/AQ3A.241006.001; wv) AppleWebKit/537.36 (KHTML, like Gecko) Version/4.0 Chrome/138.0.7204.180 Mobile Safari/537.36 XWEB/1380275 MMWEBSDK/20250202 MMWEBID/4885 wxwork/5.0.2 MicroMessenger/7.0.1 NetType/4G Language/zh Lang/zh ColorScheme/Dark wwmver/3.26.502.634"
106.83.1.71 - - [23/Dec/2025:13:48:35 +0800] "GET /2373/ HTTP/1.1" 200 22300 "-" "Mozilla/5.0 (Linux; Android 15; 2201123C Build/AQ3A.241006.001; wv) AppleWebKit/537.36 (KHTML, like Gecko) Version/4.0 Chrome/138.0.7204.180 Mobile Safari/537.36 XWEB/1380275 MMWEBSDK/20250202 MMWEBID/4885 wxwork/5.0.2 MicroMessenger/7.0.1 NetType/4G Language/zh Lang/zh ColorScheme/Dark wwmver/3.26.502.634"
36.133.115.36 - - [23/Dec/2025:13:57:25 +0800] "POST /wp-cron.php?doing_wp_cron=1766469445.3441491127014160156250 HTTP/1.1" 200 31 "-" "WordPress/6.8.3; http://cqqizhou.com"
193.142.147.209 - - [23/Dec/2025:13:57:26 +0800] "POST / HTTP/1.1" 200 33678 "-" "Mozilla/5.0 (Windows NT 10.0; Win64; x64) AppleWebKit/537.36"
36.133.115.36 - - [23/Dec/2025:14:06:21 +0800] "POST /wp-cron.php?doing_wp_cron=1766469981.1355071067810058593750 HTTP/1.1" 200 31 "-" "WordPress/6.8.3; http://cqqizhou.com"
95.214.55.71 - - [23/Dec/2025:14:06:21 +0800] "GET / HTTP/1.1" 200 109842 "-" "python-requests/2.31.0"
36.133.115.36 - - [23/Dec/2025:14:09:36 +0800] "POST /wp-cron.php?doing_wp_cron=1766470176.4828350543975830078125 HTTP/1.1" 200 31 "-" "WordPress/6.8.3; http://cqqizhou.com"
49.51.243.95 - - [23/Dec/2025:14:09:36 +0800] "GET / HTTP/1.1" 200 33677 "-" "Mozilla/5.0 (iPhone; CPU iPhone OS 13_2_3 like Mac OS X) AppleWebKit/605.1.15 (KHTML, like Gecko) Version/13.0.3 Mobile/15E148 Safari/604.1"
36.133.115.36 - - [23/Dec/2025:14:17:23 +0800] "POST /wp-cron.php?doing_wp_cron=1766470643.6824390888214111328125 HTTP/1.1" 200 31 "-" "WordPress/6.8.3; http://cqqizhou.com"
204.76.203.212 - - [23/Dec/2025:14:17:24 +0800] "GET / HTTP/1.1" 200 33678 "-" "Mozilla/5.0 (Windows NT 10.0; Win64; x64) AppleWebKit/537.36 (KHTML, like Gecko) Chrome/90.0.4430.85 Safari/537.36 Edg/90.0.818.46"
36.133.115.36 - - [23/Dec/2025:14:24:38 +0800] "POST /wp-cron.php?doing_wp_cron=1766471078.5376238822937011718750 HTTP/1.1" 200 31 "-" "WordPress/6.8.3; http://cqqizhou.com"
51.89.129.164 - - [23/Dec/2025:14:24:38 +0800] "GET /company-news/ HTTP/1.1" 200 24882 "-" "Mozilla/5.0 (compatible; AhrefsBot/7.0; +http://ahrefs.com/robot/)"
36.133.115.36 - - [23/Dec/2025:14:30:38 +0800] "POST /wp-cron.php?doing_wp_cron=1766471438.5814371109008789062500 HTTP/1.1" 200 31 "-" "WordPress/6.8.3; http://cqqizhou.com"
95.214.55.71 - - [23/Dec/2025:14:30:39 +0800] "GET / HTTP/1.1" 200 109842 "-" "python-requests/2.31.0"
36.133.115.36 - - [23/Dec/2025:14:42:38 +0800] "POST /wp-cron.php?doing_wp_cron=1766472158.0515530109405517578125 HTTP/1.1" 200 31 "-" "WordPress/6.8.3; http://cqqizhou.com"
43.166.251.233 - - [23/Dec/2025:14:42:38 +0800] "GET / HTTP/1.1" 301 5 "-" "Mozilla/5.0 (iPhone; CPU iPhone OS 13_2_3 like Mac OS X) AppleWebKit/605.1.15 (KHTML, like Gecko) Version/13.0.3 Mobile/15E148 Safari/604.1"
43.166.251.233 - - [23/Dec/2025:14:42:41 +0800] "GET / HTTP/1.1" 200 33678 "http://36.133.115.36" "Mozilla/5.0 (iPhone; CPU iPhone OS 13_2_3 like Mac OS X) AppleWebKit/605.1.15 (KHTML, like Gecko) Version/13.0.3 Mobile/15E148 Safari/604.1"
36.133.115.36 - - [23/Dec/2025:14:46:12 +0800] "POST /wp-cron.php?doing_wp_cron=1766472372.4253799915313720703125 HTTP/1.1" 200 31 "-" "WordPress/6.8.3; http://cqqizhou.com"
204.76.203.212 - - [23/Dec/2025:14:46:12 +0800] "GET / HTTP/1.1" 200 33679 "-" "Mozilla/5.0 (Windows NT 10.0; Win64; x64) AppleWebKit/537.36 (KHTML, like Gecko) Chrome/90.0.4430.85 Safari/537.36 Edg/90.0.818.46"
36.133.115.36 - - [23/Dec/2025:14:49:50 +0800] "POST /wp-cron.php?doing_wp_cron=1766472590.0358130931854248046875 HTTP/1.1" 200 31 "-" "WordPress/6.8.3; http://cqqizhou.com"
39.144.224.151 - - [23/Dec/2025:14:49:50 +0800] "GET / HTTP/1.1" 301 5 "https://m.baidu.com/" "Mozilla/5.0 (Linux; Android 15; DNN-AN00 Build/HONORDNN-AN00; wv) AppleWebKit/537.36 (KHTML, like Gecko) Version/4.0 Chrome/97.0.4692.98 Mobile Safari/537.36 T7/15.19 SP-engine/3.50.0 bd_dvt/0 baiduboxapp/15.24.0.10 (Baidu; P1 15) NABar/1.0"
39.144.224.151 - - [23/Dec/2025:14:49:51 +0800] "GET / HTTP/1.1" 200 33678 "https://m.baidu.com/" "Mozilla/5.0 (Linux; Android 15; DNN-AN00 Build/HONORDNN-AN00; wv) AppleWebKit/537.36 (KHTML, like Gecko) Version/4.0 Chrome/97.0.4692.98 Mobile Safari/537.36 T7/15.19 SP-engine/3.50.0 bd_dvt/0 baiduboxapp/15.24.0.10 (Baidu; P1 15) NABar/1.0"
39.144.224.151 - - [23/Dec/2025:14:50:23 +0800] "GET /about/ HTTP/1.1" 200 24050 "https://m.baidu.com/" "Mozilla/5.0 (Linux; Android 15; DNN-AN00 Build/HONORDNN-AN00; wv) AppleWebKit/537.36 (KHTML, like Gecko) Version/4.0 Chrome/97.0.4692.98 Mobile Safari/537.36 T7/15.19 SP-engine/3.50.0 bd_dvt/0 baiduboxapp/15.24.0.10 (Baidu; P1 15) NABar/1.0"
123.57.13.121 - - [23/Dec/2025:14:53:25 +0800] "GET / HTTP/1.1" 200 39568 "-" "Mozilla/5.0 (Windows NT 10.0; Win64; x64) AppleWebKit/537.36 (KHTML, like Gecko) Chrome/104.0.0.0 Safari/537.36"
36.133.115.36 - - [23/Dec/2025:14:53:28 +0800] "POST /wp-cron.php?doing_wp_cron=1766472808.2834739685058593750000 HTTP/1.1" 200 31 "-" "WordPress/6.8.3; http://cqqizhou.com"
183.207.45.117 - - [23/Dec/2025:14:53:28 +0800] "GET / HTTP/1.1" 301 5 "-" "Mozilla/5.0 (Windows NT 10.0; Win64; x64) AppleWebKit/537.36 (KHTML, like Gecko) Chrome/107.0.0.0 Safari/537.36"
183.207.45.117 - - [23/Dec/2025:14:53:28 +0800] "GET / HTTP/1.1" 200 39568 "-" "Mozilla/5.0 (Windows NT 10.0; Win64; x64) AppleWebKit/537.36 (KHTML, like Gecko) Chrome/107.0.0.0 Safari/537.36"
183.207.45.117 - - [23/Dec/2025:14:53:30 +0800] "GET /wp-json/oembed/1.0/embed?url=http%3A%2F%2Fcqqizhou.com%2F HTTP/1.1" 200 1095 "-" "Mozilla/5.0 (Windows NT 10.0; Win64; x64) AppleWebKit/537.36 (KHTML, like Gecko) Chrome/107.0.0.0 Safari/537.36"
183.207.45.117 - - [23/Dec/2025:14:53:32 +0800] "GET /comments/feed/ HTTP/1.1" 200 704 "-" "Mozilla/5.0 (Windows NT 10.0; Win64; x64) AppleWebKit/537.36 (KHTML, like Gecko) Chrome/107.0.0.0 Safari/537.36"
183.207.45.117 - - [23/Dec/2025:14:53:32 +0800] "GET /feed/ HTTP/1.1" 200 51657 "-" "Mozilla/5.0 (Windows NT 10.0; Win64; x64) AppleWebKit/537.36 (KHTML, like Gecko) Chrome/107.0.0.0 Safari/537.36"
183.207.45.117 - - [23/Dec/2025:14:53:33 +0800] "GET /bug HTTP/1.1" 301 5 "-" "Mozilla/5.0 (Windows NT 10.0; Win64; x64) AppleWebKit/537.36 (KHTML, like Gecko) Chrome/107.0.0.0 Safari/537.36"
183.207.45.117 - - [23/Dec/2025:14:53:33 +0800] "GET /bug/ HTTP/1.1" 200 12839 "-" "Mozilla/5.0 (Windows NT 10.0; Win64; x64) AppleWebKit/537.36 (KHTML, like Gecko) Chrome/107.0.0.0 Safari/537.36"
183.207.45.117 - - [23/Dec/2025:14:53:33 +0800] "GET /club/ HTTP/1.1" 200 13048 "-" "Mozilla/5.0 (Windows NT 10.0; Win64; x64) AppleWebKit/537.36 (KHTML, like Gecko) Chrome/107.0.0.0 Safari/537.36"
183.207.45.117 - - [23/Dec/2025:14:53:34 +0800] "GET /contacts/ HTTP/1.1" 301 5 "-" "Mozilla/5.0 (Windows NT 10.0; Win64; x64) AppleWebKit/537.36 (KHTML, like Gecko) Chrome/107.0.0.0 Safari/537.36"
183.207.45.117 - - [23/Dec/2025:14:53:34 +0800] "GET /contacts/ HTTP/1.1" 200 21595 "-" "Mozilla/5.0 (Windows NT 10.0; Win64; x64) AppleWebKit/537.36 (KHTML, like Gecko) Chrome/107.0.0.0 Safari/537.36"
183.207.45.117 - - [23/Dec/2025:14:53:34 +0800] "GET /2159/ HTTP/1.1" 200 28635 "-" "Mozilla/5.0 (Windows NT 10.0; Win64; x64) AppleWebKit/537.36 (KHTML, like Gecko) Chrome/107.0.0.0 Safari/537.36"
183.207.45.117 - - [23/Dec/2025:14:53:35 +0800] "GET /industry/ HTTP/1.1" 200 22084 "-" "Mozilla/5.0 (Windows NT 10.0; Win64; x64) AppleWebKit/537.36 (KHTML, like Gecko) Chrome/107.0.0.0 Safari/537.36"
183.207.45.117 - - [23/Dec/2025:14:53:35 +0800] "GET /2160/ HTTP/1.1" 200 29448 "-" "Mozilla/5.0 (Windows NT 10.0; Win64; x64) AppleWebKit/537.36 (KHTML, like Gecko) Chrome/107.0.0.0 Safari/537.36"
183.207.45.117 - - [23/Dec/2025:14:53:35 +0800] "GET /2162/ HTTP/1.1" 200 25121 "-" "Mozilla/5.0 (Windows NT 10.0; Win64; x64) AppleWebKit/537.36 (KHTML, like Gecko) Chrome/107.0.0.0 Safari/537.36"
183.207.45.117 - - [23/Dec/2025:14:53:35 +0800] "GET /2163/ HTTP/1.1" 200 23792 "-" "Mozilla/5.0 (Windows NT 10.0; Win64; x64) AppleWebKit/537.36 (KHTML, like Gecko) Chrome/107.0.0.0 Safari/537.36"
183.207.45.117 - - [23/Dec/2025:14:53:35 +0800] "GET /policy/ HTTP/1.1" 200 23798 "-" "Mozilla/5.0 (Windows NT 10.0; Win64; x64) AppleWebKit/537.36 (KHTML, like Gecko) Chrome/107.0.0.0 Safari/537.36"
183.207.45.117 - - [23/Dec/2025:14:53:35 +0800] "GET /2164/ HTTP/1.1" 200 23525 "-" "Mozilla/5.0 (Windows NT 10.0; Win64; x64) AppleWebKit/537.36 (KHTML, like Gecko) Chrome/107.0.0.0 Safari/537.36"
183.207.45.117 - - [23/Dec/2025:14:53:35 +0800] "GET /material.html HTTP/1.1" 200 6459 "-" "Mozilla/5.0 (Windows NT 10.0; Win64; x64) AppleWebKit/537.36 (KHTML, like Gecko) Chrome/107.0.0.0 Safari/537.36"
183.207.45.117 - - [23/Dec/2025:14:53:36 +0800] "GET /logistics HTTP/1.1" 301 5 "-" "Mozilla/5.0 (Windows NT 10.0; Win64; x64) AppleWebKit/537.36 (KHTML, like Gecko) Chrome/107.0.0.0 Safari/537.36"
183.207.45.117 - - [23/Dec/2025:14:53:36 +0800] "GET /logistics/ HTTP/1.1" 200 22471 "-" "Mozilla/5.0 (Windows NT 10.0; Win64; x64) AppleWebKit/537.36 (KHTML, like Gecko) Chrome/107.0.0.0 Safari/537.36"
183.207.45.117 - - [23/Dec/2025:14:53:36 +0800] "GET /services HTTP/1.1" 301 5 "-" "Mozilla/5.0 (Windows NT 10.0; Win64; x64) AppleWebKit/537.36 (KHTML, like Gecko) Chrome/107.0.0.0 Safari/537.36"
183.207.45.117 - - [23/Dec/2025:14:53:36 +0800] "GET /services/ HTTP/1.1" 200 31630 "-" "Mozilla/5.0 (Windows NT 10.0; Win64; x64) AppleWebKit/537.36 (KHTML, like Gecko) Chrome/107.0.0.0 Safari/537.36"
183.207.45.117 - - [23/Dec/2025:14:53:37 +0800] "GET / HTTP/1.1" 301 5 "-" "Mozilla/5.0 (Windows NT 10.0; Win64; x64) AppleWebKit/537.36 (KHTML, like Gecko) Chrome/107.0.0.0 Safari/537.36"
183.207.45.117 - - [23/Dec/2025:14:53:37 +0800] "GET / HTTP/1.1" 200 39568 "-" "Mozilla/5.0 (Windows NT 10.0; Win64; x64) AppleWebKit/537.36 (KHTML, like Gecko) Chrome/107.0.0.0 Safari/537.36"
183.207.45.117 - - [23/Dec/2025:14:53:37 +0800] "GET /portfolio-category/remaining-rolls/ HTTP/1.1" 200 21078 "-" "Mozilla/5.0 (Windows NT 10.0; Win64; x64) AppleWebKit/537.36 (KHTML, like Gecko) Chrome/107.0.0.0 Safari/537.36"
183.207.45.117 - - [23/Dec/2025:14:53:37 +0800] "GET /portfolio/remaining-rolls/ HTTP/1.1" 200 22190 "-" "Mozilla/5.0 (Windows NT 10.0; Win64; x64) AppleWebKit/537.36 (KHTML, like Gecko) Chrome/107.0.0.0 Safari/537.36"
183.207.45.117 - - [23/Dec/2025:14:53:37 +0800] "GET /portfolio-category/hot-dip-galvanized-coil/ HTTP/1.1" 200 21115 "-" "Mozilla/5.0 (Windows NT 10.0; Win64; x64) AppleWebKit/537.36 (KHTML, like Gecko) Chrome/107.0.0.0 Safari/537.36"
183.207.45.117 - - [23/Dec/2025:14:53:38 +0800] "GET /portfolio/hot-dip-galvanized-coil/ HTTP/1.1" 200 22341 "-" "Mozilla/5.0 (Windows NT 10.0; Win64; x64) AppleWebKit/537.36 (KHTML, like Gecko) Chrome/107.0.0.0 Safari/537.36"
183.207.45.117 - - [23/Dec/2025:14:53:38 +0800] "GET /portfolio-category/dual-phase-steel/ HTTP/1.1" 200 21100 "-" "Mozilla/5.0 (Windows NT 10.0; Win64; x64) AppleWebKit/537.36 (KHTML, like Gecko) Chrome/107.0.0.0 Safari/537.36"
183.207.45.117 - - [23/Dec/2025:14:53:38 +0800] "GET /portfolio/duplex-stainless-steel/ HTTP/1.1" 200 22178 "-" "Mozilla/5.0 (Windows NT 10.0; Win64; x64) AppleWebKit/537.36 (KHTML, like Gecko) Chrome/107.0.0.0 Safari/537.36"
183.207.45.117 - - [23/Dec/2025:14:53:38 +0800] "GET /portfolio-category/cold-rolled-coil/ HTTP/1.1" 200 21117 "-" "Mozilla/5.0 (Windows NT 10.0; Win64; x64) AppleWebKit/537.36 (KHTML, like Gecko) Chrome/107.0.0.0 Safari/537.36"
183.207.45.117 - - [23/Dec/2025:14:53:38 +0800] "GET /portfolio/%e5%86%b7%e8%bd%a7%e6%9d%bf/ HTTP/1.1" 200 22137 "-" "Mozilla/5.0 (Windows NT 10.0; Win64; x64) AppleWebKit/537.36 (KHTML, like Gecko) Chrome/107.0.0.0 Safari/537.36"
183.207.45.117 - - [23/Dec/2025:14:53:39 +0800] "GET / HTTP/1.1" 301 5 "-" "Mozilla/5.0 (Windows NT 10.0; Win64; x64) AppleWebKit/537.36 (KHTML, like Gecko) Chrome/107.0.0.0 Safari/537.36"
183.207.45.117 - - [23/Dec/2025:14:53:39 +0800] "GET / HTTP/1.1" 200 39568 "-" "Mozilla/5.0 (Windows NT 10.0; Win64; x64) AppleWebKit/537.36 (KHTML, like Gecko) Chrome/107.0.0.0 Safari/537.36"
183.207.45.117 - - [23/Dec/2025:14:53:39 +0800] "GET / HTTP/1.1" 301 5 "-" "Mozilla/5.0 (Windows NT 10.0; Win64; x64) AppleWebKit/537.36 (KHTML, like Gecko) Chrome/107.0.0.0 Safari/537.36"
183.207.45.117 - - [23/Dec/2025:14:53:39 +0800] "GET / HTTP/1.1" 200 39568 "-" "Mozilla/5.0 (Windows NT 10.0; Win64; x64) AppleWebKit/537.36 (KHTML, like Gecko) Chrome/107.0.0.0 Safari/537.36"
183.207.45.117 - - [23/Dec/2025:14:53:40 +0800] "GET / HTTP/1.1" 301 5 "-" "Mozilla/5.0 (Windows NT 10.0; Win64; x64) AppleWebKit/537.36 (KHTML, like Gecko) Chrome/107.0.0.0 Safari/537.36"
183.207.45.117 - - [23/Dec/2025:14:53:40 +0800] "GET / HTTP/1.1" 200 39568 "-" "Mozilla/5.0 (Windows NT 10.0; Win64; x64) AppleWebKit/537.36 (KHTML, like Gecko) Chrome/107.0.0.0 Safari/537.36"
183.207.45.117 - - [23/Dec/2025:14:53:41 +0800] "GET / HTTP/1.1" 301 5 "-" "Mozilla/5.0 (Windows NT 10.0; Win64; x64) AppleWebKit/537.36 (KHTML, like Gecko) Chrome/107.0.0.0 Safari/537.36"
183.207.45.117 - - [23/Dec/2025:14:53:41 +0800] "GET / HTTP/1.1" 200 39568 "-" "Mozilla/5.0 (Windows NT 10.0; Win64; x64) AppleWebKit/537.36 (KHTML, like Gecko) Chrome/107.0.0.0 Safari/537.36"
183.207.45.117 - - [23/Dec/2025:14:53:41 +0800] "GET /contacts/ HTTP/1.1" 200 21595 "-" "Mozilla/5.0 (Windows NT 10.0; Win64; x64) AppleWebKit/537.36 (KHTML, like Gecko) Chrome/107.0.0.0 Safari/537.36"
183.207.45.117 - - [23/Dec/2025:14:53:41 +0800] "GET /media/ HTTP/1.1" 200 29763 "-" "Mozilla/5.0 (Windows NT 10.0; Win64; x64) AppleWebKit/537.36 (KHTML, like Gecko) Chrome/107.0.0.0 Safari/537.36"
183.207.45.117 - - [23/Dec/2025:14:53:41 +0800] "GET /logistics/ HTTP/1.1" 200 22471 "-" "Mozilla/5.0 (Windows NT 10.0; Win64; x64) AppleWebKit/537.36 (KHTML, like Gecko) Chrome/107.0.0.0 Safari/537.36"
183.207.45.117 - - [23/Dec/2025:14:53:41 +0800] "GET /services/ HTTP/1.1" 200 31630 "-" "Mozilla/5.0 (Windows NT 10.0; Win64; x64) AppleWebKit/537.36 (KHTML, like Gecko) Chrome/107.0.0.0 Safari/537.36"
183.207.45.117 - - [23/Dec/2025:14:53:41 +0800] "GET /about/ HTTP/1.1" 200 29981 "-" "Mozilla/5.0 (Windows NT 10.0; Win64; x64) AppleWebKit/537.36 (KHTML, like Gecko) Chrome/107.0.0.0 Safari/537.36"
183.207.45.117 - - [23/Dec/2025:14:53:41 +0800] "GET / HTTP/1.1" 200 39568 "-" "Mozilla/5.0 (Windows NT 10.0; Win64; x64) AppleWebKit/537.36 (KHTML, like Gecko) Chrome/107.0.0.0 Safari/537.36"
183.207.45.117 - - [23/Dec/2025:14:53:42 +0800] "GET /wp-content/uploads/2025/07/1753454299-Article_images_W900px.webp HTTP/1.1" 200 52418 "-" "Mozilla/5.0 (Windows NT 10.0; Win64; x64) AppleWebKit/537.36 (KHTML, like Gecko) Chrome/107.0.0.0 Safari/537.36"
183.207.45.117 - - [23/Dec/2025:14:53:42 +0800] "GET /wp-content/uploads/2025/07/1753454089-Article_images_W900px.webp HTTP/1.1" 200 27552 "-" "Mozilla/5.0 (Windows NT 10.0; Win64; x64) AppleWebKit/537.36 (KHTML, like Gecko) Chrome/107.0.0.0 Safari/537.36"
183.207.45.117 - - [23/Dec/2025:14:53:42 +0800] "GET /wp-content/uploads/2025/07/1753453127-%E4%BD%99%E5%8D%B7product_Single600%C3%97284.webp HTTP/1.1" 200 18744 "-" "Mozilla/5.0 (Windows NT 10.0; Win64; x64) AppleWebKit/537.36 (KHTML, like Gecko) Chrome/107.0.0.0 Safari/537.36"
183.207.45.117 - - [23/Dec/2025:14:53:42 +0800] "GET /wp-content/uploads/2025/07/1753456770-%E7%83%AD%E9%95%80%E9%94%8C%E5%8D%B7product_Single600.webp HTTP/1.1" 200 27502 "-" "Mozilla/5.0 (Windows NT 10.0; Win64; x64) AppleWebKit/537.36 (KHTML, like Gecko) Chrome/107.0.0.0 Safari/537.36"
183.207.45.117 - - [23/Dec/2025:14:53:42 +0800] "GET /wp-content/uploads/2025/07/1753453096-%E5%8F%8C%E7%9B%B8%E9%92%A2product_Single600%C3%97284.webp HTTP/1.1" 200 14562 "-" "Mozilla/5.0 (Windows NT 10.0; Win64; x64) AppleWebKit/537.36 (KHTML, like Gecko) Chrome/107.0.0.0 Safari/537.36"
183.207.45.117 - - [23/Dec/2025:14:53:42 +0800] "GET /wp-content/uploads/2025/07/1753456723-%E5%8F%8C%E7%9B%B8%E9%92%A2roduct_Single600.webp HTTP/1.1" 200 22790 "-" "Mozilla/5.0 (Windows NT 10.0; Win64; x64) AppleWebKit/537.36 (KHTML, like Gecko) Chrome/107.0.0.0 Safari/537.36"
183.207.45.117 - - [23/Dec/2025:14:53:42 +0800] "GET /wp-content/uploads/2025/07/1751425283-qizhou.kf_.qq_.com_.webp HTTP/1.1" 200 16864 "-" "Mozilla/5.0 (Windows NT 10.0; Win64; x64) AppleWebKit/537.36 (KHTML, like Gecko) Chrome/107.0.0.0 Safari/537.36"
183.207.45.117 - - [23/Dec/2025:14:53:42 +0800] "GET /wp-content/uploads/2025/12/1765265398-qizhou_Slider_3840%C3%972160_20251209-scaled.webp HTTP/1.1" 200 175208 "-" "Mozilla/5.0 (Windows NT 10.0; Win64; x64) AppleWebKit/537.36 (KHTML, like Gecko) Chrome/107.0.0.0 Safari/537.36"
183.207.45.117 - - [23/Dec/2025:14:53:42 +0800] "GET /wp-content/uploads/revslider/slider-1/1750861156-logistics_Slider_3840%C3%972160_20250625191356-scaled.webp HTTP/1.1" 200 197360 "-" "Mozilla/5.0 (Windows NT 10.0; Win64; x64) AppleWebKit/537.36 (KHTML, like Gecko) Chrome/107.0.0.0 Safari/537.36"
183.207.45.117 - - [23/Dec/2025:14:53:42 +0800] "GET /wp-content/uploads/2025/12/1765268955-qizhou_Slider1_3840%C3%972160_20251210-scaled.webp HTTP/1.1" 200 152162 "-" "Mozilla/5.0 (Windows NT 10.0; Win64; x64) AppleWebKit/537.36 (KHTML, like Gecko) Chrome/107.0.0.0 Safari/537.36"
36.133.115.36 - - [23/Dec/2025:15:03:56 +0800] "POST /wp-cron.php?doing_wp_cron=1766473436.8325400352478027343750 HTTP/1.1" 200 31 "-" "WordPress/6.8.3; http://cqqizhou.com"
159.89.194.100 - - [23/Dec/2025:15:03:56 +0800] "GET /.env HTTP/1.1" 404 8981 "-" "Mozilla/5.0; Keydrop.io/1.0(onlyscans.com/about);"
159.89.194.100 - - [23/Dec/2025:15:03:57 +0800] "GET /.git/config HTTP/1.1" 404 8981 "-" "Mozilla/5.0; Keydrop.io/1.0(onlyscans.com/about);"
51.195.244.205 - - [23/Dec/2025:15:07:35 +0800] "GET /2373/ HTTP/1.1" 200 26301 "-" "Mozilla/5.0 (compatible; AhrefsBot/7.0; +http://ahrefs.com/robot/)"
36.133.115.36 - - [23/Dec/2025:15:10:56 +0800] "POST /wp-cron.php?doing_wp_cron=1766473856.3152101039886474609375 HTTP/1.1" 200 31 "-" "WordPress/6.8.3; http://cqqizhou.com"
95.214.55.71 - - [23/Dec/2025:15:10:56 +0800] "GET / HTTP/1.1" 200 109842 "-" "python-requests/2.31.0"
51.195.183.89 - - [23/Dec/2025:15:11:14 +0800] "GET /wp-content/uploads/2025/12/1766388809-Article_images_202507247.webp HTTP/1.1" 200 63626 "-" "Mozilla/5.0 (compatible; AhrefsBot/7.0; +http://ahrefs.com/robot/)"
198.244.183.84 - - [23/Dec/2025:15:11:16 +0800] "GET /wp-content/uploads/2025/12/1766388807-Article_images_202507245.webp HTTP/1.1" 200 63930 "-" "Mozilla/5.0 (compatible; AhrefsBot/7.0; +http://ahrefs.com/robot/)"
198.244.242.65 - - [23/Dec/2025:15:11:18 +0800] "GET /wp-content/uploads/2025/12/1766388812-Article_images_2025072410.webp HTTP/1.1" 200 51320 "-" "Mozilla/5.0 (compatible; AhrefsBot/7.0; +http://ahrefs.com/robot/)"
198.244.183.250 - - [23/Dec/2025:15:11:20 +0800] "GET /wp-content/uploads/2025/12/1766388804-Article_images_202507241.webp HTTP/1.1" 200 48206 "-" "Mozilla/5.0 (compatible; AhrefsBot/7.0; +http://ahrefs.com/robot/)"
51.195.244.35 - - [23/Dec/2025:15:11:22 +0800] "GET /wp-content/uploads/2025/12/1766388813-Article_images_2025072411.webp HTTP/1.1" 200 45330 "-" "Mozilla/5.0 (compatible; AhrefsBot/7.0; +http://ahrefs.com/robot/)"
198.244.242.48 - - [23/Dec/2025:15:11:24 +0800] "GET /wp-content/uploads/2025/12/1766388810-Article_images_202507248.webp HTTP/1.1" 200 75872 "-" "Mozilla/5.0 (compatible; AhrefsBot/7.0; +http://ahrefs.com/robot/)"
51.89.129.82 - - [23/Dec/2025:15:11:26 +0800] "GET /wp-content/uploads/2025/12/1766388811-Article_images_202507249.webp HTTP/1.1" 200 51010 "-" "Mozilla/5.0 (compatible; AhrefsBot/7.0; +http://ahrefs.com/robot/)"
51.195.215.163 - - [23/Dec/2025:15:11:29 +0800] "GET /wp-content/uploads/2025/12/1766388808-Article_images_202507246.webp HTTP/1.1" 200 100036 "-" "Mozilla/5.0 (compatible; AhrefsBot/7.0; +http://ahrefs.com/robot/)"
198.244.168.165 - - [23/Dec/2025:15:11:31 +0800] "GET /wp-content/uploads/2025/12/1766388805-Article_images_202507242.webp HTTP/1.1" 200 39882 "-" "Mozilla/5.0 (compatible; AhrefsBot/7.0; +http://ahrefs.com/robot/)"
36.133.115.36 - - [23/Dec/2025:15:18:30 +0800] "POST /wp-cron.php?doing_wp_cron=1766474310.0225241184234619140625 HTTP/1.1" 200 31 "-" "WordPress/6.8.3; http://cqqizhou.com"
204.76.203.212 - - [23/Dec/2025:15:18:30 +0800] "GET / HTTP/1.1" 200 33678 "-" "Mozilla/5.0 (Windows NT 10.0; Win64; x64) AppleWebKit/537.36 (KHTML, like Gecko) Chrome/90.0.4430.85 Safari/537.36 Edg/90.0.818.46"
36.133.115.36 - - [23/Dec/2025:15:24:58 +0800] "POST /wp-cron.php?doing_wp_cron=1766474698.5043098926544189453125 HTTP/1.1" 200 31 "-" "WordPress/6.8.3; http://cqqizhou.com"
