217.182.195.233 - - [21/Dec/2025:08:34:03 +0800] "GET /robots.txt HTTP/1.1" 200 390 "-" "Mozilla/5.0 (compatible; MJ12bot/v1.4.8; http://mj12bot.com/)"
217.182.195.233 - - [21/Dec/2025:08:34:05 +0800] "GET /portfolio/%E5%86%B7%E8%BD%A7%E5%8D%B7/ HTTP/1.1" 200 22116 "-" "Mozilla/5.0 (compatible; MJ12bot/v1.4.8; http://mj12bot.com/)"
36.133.115.36 - - [21/Dec/2025:08:36:20 +0800] "POST /wp-cron.php?doing_wp_cron=1766277380.3826830387115478515625 HTTP/1.1" 200 31 "-" "WordPress/6.8.3; http://cqqizhou.com"
95.214.55.71 - - [21/Dec/2025:08:36:20 +0800] "GET / HTTP/1.1" 200 109842 "-" "python-requests/2.31.0"
180.153.236.204 - - [21/Dec/2025:08:41:42 +0800] "GET / HTTP/1.1" 200 39803 "http://cqqizhou.com/" "Mozilla/5.0 (Windows NT 10.0; Win64; x64) AppleWebKit/537.36 (KHTML, like Gecko) Chrome/140.0.0.0 Safari/537.36 Edg/140.0.0.0; 360Spider"
36.133.115.36 - - [21/Dec/2025:08:44:45 +0800] "POST /wp-cron.php?doing_wp_cron=1766277885.3876199722290039062500 HTTP/1.1" 200 31 "-" "WordPress/6.8.3; http://cqqizhou.com"
38.46.221.123 - - [21/Dec/2025:08:44:45 +0800] "GET http://check.9tb.org/ HTTP/1.1" 301 5 "-" "Go-http-client/1.1"
38.46.221.123 - - [21/Dec/2025:08:44:45 +0800] "GET http://cqqizhou.com/ HTTP/1.1" 200 39803 "http://check.9tb.org" "Go-http-client/1.1"
185.191.171.18 - - [21/Dec/2025:08:45:17 +0800] "GET /portfolio-category/remaining-rolls/ HTTP/1.1" 200 21044 "-" "Mozilla/5.0 (compatible; SemrushBot/7~bl; +http://www.semrush.com/bot.html)"
180.153.236.163 - - [21/Dec/2025:08:54:56 +0800] "GET / HTTP/1.1" 200 39803 "http://cqqizhou.com/" "Mozilla/5.0 (Windows NT 10.0; Win64; x64) AppleWebKit/537.36 (KHTML, like Gecko) Chrome/140.0.0.0 Safari/537.36 Edg/140.0.0.0; 360Spider"
36.133.115.36 - - [21/Dec/2025:08:59:12 +0800] "POST /wp-cron.php?doing_wp_cron=1766278751.9938690662384033203125 HTTP/1.1" 200 31 "-" "WordPress/6.8.3; http://cqqizhou.com"
204.76.203.212 - - [21/Dec/2025:08:59:12 +0800] "GET / HTTP/1.1" 200 33912 "-" "Mozilla/5.0 (Windows NT 10.0; Win64; x64) AppleWebKit/537.36 (KHTML, like Gecko) Chrome/90.0.4430.85 Safari/537.36 Edg/90.0.818.46"
36.133.115.36 - - [21/Dec/2025:09:04:14 +0800] "POST /wp-cron.php?doing_wp_cron=1766279054.7348449230194091796875 HTTP/1.1" 200 31 "-" "WordPress/6.8.3; http://cqqizhou.com"
167.99.142.36 - - [21/Dec/2025:09:04:14 +0800] "GET / HTTP/1.1" 301 5 "-" "Mozilla/5.0 (Windows NT 10.0; Win64; x64; rv:109.0) Gecko/20100101 Firefox/118.0"
60.222.156.42 - - [21/Dec/2025:09:05:52 +0800] "GET / HTTP/1.1" 200 39803 "-" "Mozilla/5.0 (Windows NT 6.2; Win64; x64) AppleWebKit/537.36 (KHTML, like Gecko) Chrome/71.0.3578.33"
36.133.115.36 - - [21/Dec/2025:09:06:31 +0800] "POST /wp-cron.php?doing_wp_cron=1766279191.6783509254455566406250 HTTP/1.1" 200 31 "-" "WordPress/6.8.3; http://cqqizhou.com"
183.253.22.48 - - [21/Dec/2025:09:06:31 +0800] "GET / HTTP/1.1" 301 5 "-" "Mozilla/5.0 (Windows NT 6.2; Win64; x64) AppleWebKit/537.36 (KHTML, like Gecko) Chrome/80.0.3987.16"
171.223.201.83 - - [21/Dec/2025:09:06:34 +0800] "GET / HTTP/1.1" 301 5 "-" "Mozilla/5.0 (Windows NT 6.2; Win64; x64) AppleWebKit/537.36 (KHTML, like Gecko) Chrome/80.0.3987.16"
36.133.115.36 - - [21/Dec/2025:09:06:48 +0800] "POST /wp-cron.php?doing_wp_cron=1766279208.3737480640411376953125 HTTP/1.1" 200 31 "-" "WordPress/6.8.3; http://cqqizhou.com"
120.34.7.173 - - [21/Dec/2025:09:06:48 +0800] "GET / HTTP/1.1" 301 5 "-" "Mozilla/5.0 (Windows NT 6.2; Win64; x64) AppleWebKit/537.36 (KHTML, like Gecko) Chrome/80.0.3987.16"
111.25.27.231 - - [21/Dec/2025:09:06:51 +0800] "GET / HTTP/1.1" 301 5 "-" "Mozilla/5.0 (Windows NT 6.2; Win64; x64) AppleWebKit/537.36 (KHTML, like Gecko) Chrome/80.0.3987.16"
111.25.27.231 - - [21/Dec/2025:09:07:02 +0800] "GET / HTTP/1.1" 301 5 "-" "Mozilla/5.0 (Windows NT 6.2; Win64; x64) AppleWebKit/537.36 (KHTML, like Gecko) Chrome/80.0.3987.16"
36.161.238.89 - - [21/Dec/2025:09:07:04 +0800] "GET / HTTP/1.1" 301 5 "-" "Mozilla/5.0 (Windows NT 6.2; Win64; x64) AppleWebKit/537.36 (KHTML, like Gecko) Chrome/80.0.3987.16"
36.142.145.225 - - [21/Dec/2025:09:07:05 +0800] "GET / HTTP/1.1" 301 5 "-" "Mozilla/5.0 (Windows NT 6.2; Win64; x64) AppleWebKit/537.36 (KHTML, like Gecko) Chrome/80.0.3987.16"
182.107.182.170 - - [21/Dec/2025:09:07:07 +0800] "GET / HTTP/1.1" 301 5 "-" "Mozilla/5.0 (Windows NT 6.2; Win64; x64) AppleWebKit/537.36 (KHTML, like Gecko) Chrome/80.0.3987.16"
117.151.234.33 - - [21/Dec/2025:09:07:09 +0800] "GET / HTTP/1.1" 301 5 "-" "Mozilla/5.0 (Windows NT 6.2; Win64; x64) AppleWebKit/537.36 (KHTML, like Gecko) Chrome/80.0.3987.16"
36.158.5.82 - - [21/Dec/2025:09:07:13 +0800] "GET / HTTP/1.1" 301 5 "-" "Mozilla/5.0 (Windows NT 6.2; Win64; x64) AppleWebKit/537.36 (KHTML, like Gecko) Chrome/80.0.3987.16"
36.133.115.36 - - [21/Dec/2025:09:13:23 +0800] "POST /wp-cron.php?doing_wp_cron=1766279603.4460840225219726562500 HTTP/1.1" 200 31 "-" "WordPress/6.8.3; http://cqqizhou.com"
20.65.193.174 - - [21/Dec/2025:09:13:23 +0800] "GET /actuator/health HTTP/1.1" 404 8981 "-" "Mozilla/5.0 zgrab/0.x"
36.133.115.36 - - [21/Dec/2025:09:20:57 +0800] "POST /wp-cron.php?doing_wp_cron=1766280057.6164948940277099609375 HTTP/1.1" 200 31 "-" "WordPress/6.8.3; http://cqqizhou.com"
5.187.35.158 - - [21/Dec/2025:09:20:57 +0800] "GET /SDK/webLanguage HTTP/1.1" 301 5 "-" "Mozilla/5.0 (Windows NT 10.0; Win64; x64) AppleWebKit/537.36 (KHTML, like Gecko) Chrome/90.0.4430.85 Safari/537.36 Edg/90.0.818.46"
185.191.171.15 - - [21/Dec/2025:09:22:06 +0800] "GET /portfolio/%E5%86%B7%E8%BD%A7%E5%8D%B7/ HTTP/1.1" 200 22116 "-" "Mozilla/5.0 (compatible; SemrushBot/7~bl; +http://www.semrush.com/bot.html)"
36.133.115.36 - - [21/Dec/2025:09:27:10 +0800] "POST /wp-cron.php?doing_wp_cron=1766280430.1921560764312744140625 HTTP/1.1" 200 31 "-" "WordPress/6.8.3; http://cqqizhou.com"
117.212.25.156 - - [21/Dec/2025:09:27:15 +0800] "GET /boaform/admin/formLogin?username=ec8&psd=ec8 HTTP/1.0" 404 31351 "-" "-"
36.133.115.36 - - [21/Dec/2025:09:28:48 +0800] "POST /wp-cron.php?doing_wp_cron=1766280528.2258589267730712890625 HTTP/1.1" 200 31 "-" "WordPress/6.8.3; http://cqqizhou.com"
193.142.147.209 - - [21/Dec/2025:09:28:49 +0800] "POST / HTTP/1.1" 200 33912 "-" "Mozilla/5.0 (Windows NT 10.0; Win64; x64) AppleWebKit/537.36"
95.176.224.238 - - [21/Dec/2025:09:29:32 +0800] "GET / HTTP/1.1" 200 152163 "-" "Mozilla/5.0 (Windows NT 10.0; WOW64) AppleWebKit/537.36 (KHTML, like Gecko) Chrome/51.0.2704.103 Safari/537.36"
36.133.115.36 - - [21/Dec/2025:09:30:36 +0800] "POST /wp-cron.php?doing_wp_cron=1766280636.3482069969177246093750 HTTP/1.1" 200 31 "-" "WordPress/6.8.3; http://cqqizhou.com"
204.76.203.212 - - [21/Dec/2025:09:30:36 +0800] "GET / HTTP/1.1" 200 33912 "-" "Mozilla/5.0 (Windows NT 10.0; Win64; x64) AppleWebKit/537.36 (KHTML, like Gecko) Chrome/90.0.4430.85 Safari/537.36 Edg/90.0.818.46"
36.133.115.36 - - [21/Dec/2025:09:43:35 +0800] "POST /wp-cron.php?doing_wp_cron=1766281415.1374549865722656250000 HTTP/1.1" 200 31 "-" "WordPress/6.8.3; http://cqqizhou.com"
89.42.231.239 - - [21/Dec/2025:09:43:36 +0800] "GET / HTTP/1.1" 200 152163 "-" "-"
36.133.115.36 - - [21/Dec/2025:09:43:56 +0800] "POST /wp-cron.php?doing_wp_cron=1766281436.1787819862365722656250 HTTP/1.1" 200 31 "-" "WordPress/6.8.3; http://cqqizhou.com"
1.194.84.181 - - [21/Dec/2025:09:43:56 +0800] "GET /000000001000/6000000006000050630/1.m3u8?livemode=1&version=1.0&IASHttpSessionId=OTT8846020251221014232001387&stbId=toShengfenFIFA&AuthInfo=JhVjWsYU5mH2t4Xa5uiDxc1YlCt7H3vP4slWBAa9bEADccyAlEX3U7i5kCJWubLb7LutRYxodoCdmg8GFde5JexgiKFaPzn0YD5wU0Z3mwM%3D&owchid=wasusyt&owaccmark=6000000006000050630&channel-id=wasusyt&Contentid=6000000006000050630&owsid=7498681766281352700&my_token=881017 HTTP/1.1" 404 8980 "-" "Lavf/59.27.100"
36.133.115.36 - - [21/Dec/2025:09:45:35 +0800] "POST /wp-cron.php?doing_wp_cron=1766281535.2594320774078369140625 HTTP/1.1" 200 31 "-" "WordPress/6.8.3; http://cqqizhou.com"
1.194.84.181 - - [21/Dec/2025:09:45:35 +0800] "GET /000000001000/6000000006000050630/1.m3u8?livemode=1&version=1.0&IASHttpSessionId=OTT8846020251221014232001387&stbId=toShengfenFIFA&AuthInfo=JhVjWsYU5mH2t4Xa5uiDxc1YlCt7H3vP4slWBAa9bEADccyAlEX3U7i5kCJWubLb7LutRYxodoCdmg8GFde5JexgiKFaPzn0YD5wU0Z3mwM%3D&owchid=wasusyt&owaccmark=6000000006000050630&channel-id=wasusyt&Contentid=6000000006000050630&owsid=7498681766281352700&my_token=881017 HTTP/1.1" 404 8981 "-" "Lavf/59.27.100"
36.133.115.36 - - [21/Dec/2025:09:46:57 +0800] "POST /wp-cron.php?doing_wp_cron=1766281617.2864921092987060546875 HTTP/1.1" 200 31 "-" "WordPress/6.8.3; http://cqqizhou.com"
1.194.84.181 - - [21/Dec/2025:09:46:57 +0800] "GET /000000001001/6000000006000050630/1.m3u8?livemode=1&version=1.0&IASHttpSessionId=OTT8846020251221014232001387&stbId=toShengfenFIFA&AuthInfo=JhVjWsYU5mH2t4Xa5uiDxc1YlCt7H3vP4slWBAa9bEADccyAlEX3U7i5kCJWubLb7LutRYxodoCdmg8GFde5JexgiKFaPzn0YD5wU0Z3mwM%3D&owchid=wasusyt&owaccmark=6000000006000050630&channel-id=wasusyt&Contentid=6000000006000050630&owsid=7498681766281352700&my_token=881017 HTTP/1.1" 404 8980 "-" "Lavf/59.27.100"
36.133.115.36 - - [21/Dec/2025:09:51:33 +0800] "POST /wp-cron.php?doing_wp_cron=1766281893.5437579154968261718750 HTTP/1.1" 200 31 "-" "WordPress/6.8.3; http://cqqizhou.com"
1.194.84.181 - - [21/Dec/2025:09:51:33 +0800] "GET /000000001000/5000000002000002652/1.m3u8?livemode=1&version=1.0&IASHttpSessionId=OTT8577720251221014959001447&stbId=toShengfenFIFA&AuthInfo=JhVjWsYU5mH2t4Xa5uiDxc1YlCt7H3vP4slWBAa9bEAz9JWFxSCI5Kw4tmOx0wE%2FNOnWoC7xGcFMBEDHBR57WXTvbF6xAeSJxoKoWdh50c0%3D&owchid=bestzb&owaccmark=5000000002000002652&channel-id=bestzb&Contentid=5000000002000002652&owsid=8728091766281798794&my_token=881017 HTTP/1.1" 404 8981 "-" "Lavf/59.27.100"
36.133.115.36 - - [21/Dec/2025:09:53:39 +0800] "POST /wp-cron.php?doing_wp_cron=1766282019.6518259048461914062500 HTTP/1.1" 200 31 "-" "WordPress/6.8.3; http://cqqizhou.com"
1.194.84.181 - - [21/Dec/2025:09:53:39 +0800] "GET /cache.ott.bestlive.itv.cmvideo.cn/000000001000/5000000002000002652/1.m3u8?livemode=1&version=1.0&IASHttpSessionId=OTT8577720251221014959001447&stbId=toShengfenFIFA&AuthInfo=JhVjWsYU5mH2t4Xa5uiDxc1YlCt7H3vP4slWBAa9bEAz9JWFxSCI5Kw4tmOx0wE%2FNOnWoC7xGcFMBEDHBR57WXTvbF6xAeSJxoKoWdh50c0%3D&owchid=bestzb&owaccmark=5000000002000002652&channel-id=bestzb&Contentid=5000000002000002652&owsid=8728091766281798794&my_token=881017 HTTP/1.1" 404 8980 "-" "Lavf/59.27.100"
36.133.115.36 - - [21/Dec/2025:09:55:58 +0800] "POST /wp-cron.php?doing_wp_cron=1766282158.9423758983612060546875 HTTP/1.1" 200 31 "-" "WordPress/6.8.3; http://cqqizhou.com"
1.194.84.181 - - [21/Dec/2025:09:55:59 +0800] "GET /cache.ott.bestlive.itv.cmvideo.cn/000000001001/5000000002000002652/1.m3u8?livemode=1&version=1.0&IASHttpSessionId=OTT8577720251221014959001447&stbId=toShengfenFIFA&AuthInfo=JhVjWsYU5mH2t4Xa5uiDxc1YlCt7H3vP4slWBAa9bEAz9JWFxSCI5Kw4tmOx0wE%2FNOnWoC7xGcFMBEDHBR57WXTvbF6xAeSJxoKoWdh50c0%3D&owchid=bestzb&owaccmark=5000000002000002652&channel-id=bestzb&Contentid=5000000002000002652&owsid=8728091766281798794&my_token=881017 HTTP/1.1" 404 8981 "-" "Lavf/59.27.100"
36.133.115.36 - - [21/Dec/2025:10:01:37 +0800] "POST /wp-cron.php?doing_wp_cron=1766282497.8693020343780517578125 HTTP/1.1" 200 31 "-" "WordPress/6.8.3; http://cqqizhou.com"
204.76.203.212 - - [21/Dec/2025:10:01:38 +0800] "GET / HTTP/1.1" 200 33912 "-" "Mozilla/5.0 (Windows NT 10.0; Win64; x64) AppleWebKit/537.36 (KHTML, like Gecko) Chrome/90.0.4430.85 Safari/537.36 Edg/90.0.818.46"
36.133.115.36 - - [21/Dec/2025:10:02:08 +0800] "POST /wp-cron.php?doing_wp_cron=1766282528.6871399879455566406250 HTTP/1.1" 200 31 "-" "WordPress/6.8.3; http://cqqizhou.com"
182.42.111.213 - - [21/Dec/2025:10:02:09 +0800] "GET / HTTP/1.1" 200 33912 "-" "Mozilla/5.0 (iPhone; CPU iPhone OS 13_2_3 like Mac OS X) AppleWebKit/605.1.15 (KHTML, like Gecko) Version/13.0.3 Mobile/15E148 Safari/604.1"
220.181.108.146 - - [21/Dec/2025:10:07:34 +0800] "GET /services/ HTTP/1.1" 200 31631 "-" "Mozilla/5.0 (compatible; Baiduspider/2.0; +http://www.baidu.com/search/spider.html)"
36.133.115.36 - - [21/Dec/2025:10:25:45 +0800] "POST /wp-cron.php?doing_wp_cron=1766283945.3747229576110839843750 HTTP/1.1" 200 31 "-" "WordPress/6.8.3; http://cqqizhou.com"
85.208.96.199 - - [21/Dec/2025:10:25:45 +0800] "GET /robots.txt HTTP/1.1" 200 190 "-" "Mozilla/5.0 (compatible; SemrushBot/7~bl; +http://www.semrush.com/bot.html)"
185.191.171.13 - - [21/Dec/2025:10:25:46 +0800] "GET /2361/ HTTP/1.1" 200 24346 "-" "Mozilla/5.0 (compatible; SemrushBot/7~bl; +http://www.semrush.com/bot.html)"
36.133.115.36 - - [21/Dec/2025:10:32:18 +0800] "POST /wp-cron.php?doing_wp_cron=1766284338.2247691154479980468750 HTTP/1.1" 200 31 "-" "WordPress/6.8.3; http://cqqizhou.com"
110.249.201.190 - - [21/Dec/2025:10:32:18 +0800] "GET /robots.txt HTTP/1.1" 200 190 "-" "Mozilla/5.0 (Linux; Android 5.0) AppleWebKit/537.36 (KHTML, like Gecko) Mobile Safari/537.36 (compatible; Bytespider; https://zhanzhang.toutiao.com/)"
36.133.115.36 - - [21/Dec/2025:10:36:24 +0800] "POST /wp-cron.php?doing_wp_cron=1766284584.7357499599456787109375 HTTP/1.1" 200 31 "-" "WordPress/6.8.3; http://cqqizhou.com"
204.76.203.212 - - [21/Dec/2025:10:36:25 +0800] "GET / HTTP/1.1" 200 33912 "-" "Mozilla/5.0 (Windows NT 10.0; Win64; x64) AppleWebKit/537.36 (KHTML, like Gecko) Chrome/90.0.4430.85 Safari/537.36 Edg/90.0.818.46"
36.133.115.36 - - [21/Dec/2025:10:38:20 +0800] "POST /wp-cron.php?doing_wp_cron=1766284700.4555139541625976562500 HTTP/1.1" 200 31 "-" "WordPress/6.8.3; http://cqqizhou.com"
204.76.203.219 - - [21/Dec/2025:10:38:20 +0800] "GET / HTTP/1.1" 200 33912 "-" "Mozilla/5.0 (Windows NT 10.0; Win64; x64) AppleWebKit/537.36 (KHTML, like Gecko) Chrome/90.0.4430.85 Safari/537.36 Edg/90.0.818.46"
36.133.115.36 - - [21/Dec/2025:10:41:44 +0800] "POST /wp-cron.php?doing_wp_cron=1766284904.7132050991058349609375 HTTP/1.1" 200 31 "-" "WordPress/6.8.3; http://cqqizhou.com"
167.94.146.63 - - [21/Dec/2025:10:41:44 +0800] "GET / HTTP/1.1" 301 5 "-" "Mozilla/5.0 (compatible; CensysInspect/1.1; +https://about.censys.io/)"
36.133.115.36 - - [21/Dec/2025:10:41:50 +0800] "POST /wp-cron.php?doing_wp_cron=1766284910.5080699920654296875000 HTTP/1.1" 200 31 "-" "WordPress/6.8.3; http://cqqizhou.com"
167.94.146.63 - - [21/Dec/2025:10:41:50 +0800] "GET /login HTTP/1.1" 302 5 "-" "Mozilla/5.0 (compatible; CensysInspect/1.1; +https://about.censys.io/)"
45.154.98.124 - - [21/Dec/2025:10:41:58 +0800] "POST / HTTP/1.1" 200 33912 "-" "Mozilla/5.0 (Linux; Android 14; SM-F9560 Build/UP1A.231005.007; wv) AppleWebKit/537.36 (KHTML, like Gecko) Version/4.0 Chrome/127.0.6533.103 Mobile Safari/537.36"
45.154.98.124 - - [21/Dec/2025:10:42:06 +0800] "POST / HTTP/1.1" 200 33912 "-" "Mozilla/5.0 (Linux; Android 14; SM-F9560 Build/UP1A.231005.007; wv) AppleWebKit/537.36 (KHTML, like Gecko) Version/4.0 Chrome/127.0.6533.103 Mobile Safari/537.36"
45.154.98.124 - - [21/Dec/2025:10:42:08 +0800] "POST / HTTP/1.1" 200 33912 "-" "Mozilla/5.0 (Linux; Android 14; SM-F9560 Build/UP1A.231005.007; wv) AppleWebKit/537.36 (KHTML, like Gecko) Version/4.0 Chrome/127.0.6533.103 Mobile Safari/537.36"
45.154.98.124 - - [21/Dec/2025:10:42:16 +0800] "POST / HTTP/1.1" 200 33913 "-" "Mozilla/5.0 (Linux; Android 14; SM-F9560 Build/UP1A.231005.007; wv) AppleWebKit/537.36 (KHTML, like Gecko) Version/4.0 Chrome/127.0.6533.103 Mobile Safari/537.36"
45.154.98.124 - - [21/Dec/2025:10:42:21 +0800] "POST / HTTP/1.1" 200 33912 "-" "Mozilla/5.0 (Linux; Android 14; SM-F9560 Build/UP1A.231005.007; wv) AppleWebKit/537.36 (KHTML, like Gecko) Version/4.0 Chrome/127.0.6533.103 Mobile Safari/537.36"
36.133.115.36 - - [21/Dec/2025:10:42:55 +0800] "POST /wp-cron.php?doing_wp_cron=1766284975.3216269016265869140625 HTTP/1.1" 200 31 "-" "WordPress/6.8.3; http://cqqizhou.com"
45.154.98.124 - - [21/Dec/2025:10:42:56 +0800] "POST / HTTP/1.1" 200 33912 "-" "Mozilla/5.0 (Windows NT 10.0; Win64; x64) AppleWebKit/537.36 (KHTML, like Gecko) Chrome/134.0.0.0 Safari/537.36"
36.133.115.36 - - [21/Dec/2025:10:59:22 +0800] "POST /wp-cron.php?doing_wp_cron=1766285962.0825729370117187500000 HTTP/1.1" 200 31 "-" "WordPress/6.8.3; http://cqqizhou.com"
111.228.48.119 - - [21/Dec/2025:10:59:22 +0800] "POST /hello.world?%ADd+allow_url_include%3d1+%ADd+auto_prepend_file%3dphp://input HTTP/1.1" 404 31364 "-" "libredtail-http"
111.228.48.119 - - [21/Dec/2025:10:59:32 +0800] "POST /?%ADd+allow_url_include%3d1+%ADd+auto_prepend_file%3dphp://input HTTP/1.1" 200 152163 "-" "libredtail-http"
111.228.48.119 - - [21/Dec/2025:10:59:33 +0800] "GET /vendor/phpunit/phpunit/src/Util/PHP/eval-stdin.php HTTP/1.1" 404 27 "-" "libredtail-http"
111.228.48.119 - - [21/Dec/2025:10:59:33 +0800] "GET /vendor/phpunit/phpunit/Util/PHP/eval-stdin.php HTTP/1.1" 404 27 "-" "libredtail-http"
111.228.48.119 - - [21/Dec/2025:10:59:41 +0800] "GET /vendor/phpunit/src/Util/PHP/eval-stdin.php HTTP/1.1" 404 27 "-" "libredtail-http"
111.228.48.119 - - [21/Dec/2025:11:00:13 +0800] "GET /vendor/phpunit/Util/PHP/eval-stdin.php HTTP/1.1" 404 27 "-" "libredtail-http"
111.228.48.119 - - [21/Dec/2025:11:01:14 +0800] "GET /vendor/phpunit/phpunit/LICENSE/eval-stdin.php HTTP/1.1" 404 27 "-" "libredtail-http"
36.133.115.36 - - [21/Dec/2025:11:03:54 +0800] "POST /wp-cron.php?doing_wp_cron=1766286234.4525530338287353515625 HTTP/1.1" 200 31 "-" "WordPress/6.8.3; http://cqqizhou.com"
180.153.236.196 - - [21/Dec/2025:11:03:54 +0800] "GET / HTTP/1.1" 200 33912 "http://cqqizhou.com/" "Mozilla/5.0 (Linux; Android 10; K) AppleWebKit/537.36 (KHTML, like Gecko) Chrome/131.0.0.0 Mobile Safari/537.36; 360Spider"
180.153.236.209 - - [21/Dec/2025:11:03:55 +0800] "GET / HTTP/1.1" 200 39803 "http://cqqizhou.com/" "Mozilla/5.0 (Windows NT 10.0; Win64; x64) AppleWebKit/537.36 (KHTML, like Gecko) Chrome/140.0.0.0 Safari/537.36 Edg/140.0.0.0; 360Spider"
36.133.115.36 - - [21/Dec/2025:11:07:51 +0800] "POST /wp-cron.php?doing_wp_cron=1766286471.9075601100921630859375 HTTP/1.1" 200 31 "-" "WordPress/6.8.3; http://cqqizhou.com"
78.153.140.177 - - [21/Dec/2025:11:07:51 +0800] "GET /.env HTTP/1.1" 404 31364 "-" "Mozilla/5.0 (Windows; U; Windows NT 5.1; fr; rv:1.9b5) Gecko/2008032620 Firefox/3.0b5"
78.153.140.177 - - [21/Dec/2025:11:07:53 +0800] "GET /api/.env HTTP/1.1" 404 31364 "-" "Mozilla/5.0 (Macintosh; U; PPC Mac OS X; fr) AppleWebKit/412.7 (KHTML, like Gecko) Safari/412.5"
204.76.203.212 - - [21/Dec/2025:11:08:08 +0800] "GET / HTTP/1.1" 200 33912 "-" "Mozilla/5.0 (Windows NT 10.0; Win64; x64) AppleWebKit/537.36 (KHTML, like Gecko) Chrome/90.0.4430.85 Safari/537.36 Edg/90.0.818.46"
36.133.115.36 - - [21/Dec/2025:11:15:18 +0800] "POST /wp-cron.php?doing_wp_cron=1766286918.5433130264282226562500 HTTP/1.1" 200 31 "-" "WordPress/6.8.3; http://cqqizhou.com"
43.130.32.245 - - [21/Dec/2025:11:15:18 +0800] "GET / HTTP/1.1" 200 33912 "-" "Mozilla/5.0 (iPhone; CPU iPhone OS 13_2_3 like Mac OS X) AppleWebKit/605.1.15 (KHTML, like Gecko) Version/13.0.3 Mobile/15E148 Safari/604.1"
36.133.115.36 - - [21/Dec/2025:11:16:09 +0800] "POST /wp-cron.php?doing_wp_cron=1766286969.4993329048156738281250 HTTP/1.1" 200 31 "-" "WordPress/6.8.3; http://cqqizhou.com"
220.181.108.101 - - [21/Dec/2025:11:16:09 +0800] "GET /wp-json/oembed/1.0/embed?url=http%3A%2F%2Fcqqizhou.com%2Fservices%2F HTTP/1.1" 200 1111 "-" "Mozilla/5.0 (compatible; Baiduspider/2.0; +http://www.baidu.com/search/spider.html)"
185.191.171.16 - - [21/Dec/2025:11:20:00 +0800] "GET /2354/ HTTP/1.1" 200 24299 "-" "Mozilla/5.0 (compatible; SemrushBot/7~bl; +http://www.semrush.com/bot.html)"
36.133.115.36 - - [21/Dec/2025:11:28:17 +0800] "POST /wp-cron.php?doing_wp_cron=1766287697.4776039123535156250000 HTTP/1.1" 200 31 "-" "WordPress/6.8.3; http://cqqizhou.com"
139.162.119.94 - - [21/Dec/2025:11:28:17 +0800] "GET / HTTP/1.0" 301 0 "-" "-"
139.162.119.94 - - [21/Dec/2025:11:28:35 +0800] "GET /webui HTTP/1.1" 404 31364 "-" "Mozilla/5.0 (Linux; Android 11; Redmi 10 Prime+ 5G; Build/RQ2A.230511.119) AppleWebKit/537.36 (KHTML"
139.162.119.94 - - [21/Dec/2025:11:28:35 +0800] "GET / HTTP/1.0" 301 0 "-" "-"
139.162.119.94 - - [21/Dec/2025:11:28:35 +0800] "GET /cgi-mod/header_logo.cgi?size=big HTTP/1.1" 404 31364 "-" "Mozilla/5.0 (Linux; Android 11; Redmi 10 Prime+ 5G; Build/RQ2A.230511.119) AppleWebKit/537.36 (KHTML"
139.162.119.94 - - [21/Dec/2025:11:28:35 +0800] "GET /health HTTP/1.1" 404 31364 "-" "Mozilla/5.0 (Linux; Android 11; Redmi 10 Prime+ 5G; Build/RQ2A.230511.119) AppleWebKit/537.36 (KHTML"
139.162.119.94 - - [21/Dec/2025:11:28:36 +0800] "GET /webui HTTP/1.1" 404 31364 "-" "Mozilla/5.0 (Linux; Android 11; Redmi 10 Prime+ 5G; Build/RQ2A.230511.119) AppleWebKit/537.36 (KHTML"
139.162.119.94 - - [21/Dec/2025:11:28:36 +0800] "GET /user HTTP/1.1" 404 31364 "-" "Mozilla/5.0 (Linux; Android 11; Redmi 10 Prime+ 5G; Build/RQ2A.230511.119) AppleWebKit/537.36 (KHTML"
139.162.119.94 - - [21/Dec/2025:11:28:38 +0800] "GET /login.php HTTP/1.1" 404 27 "-" "Mozilla/5.0 (Linux; Android 11; Redmi 10 Prime+ 5G; Build/RQ2A.230511.119) AppleWebKit/537.36 (KHTML"
139.162.119.94 - - [21/Dec/2025:11:28:38 +0800] "GET / HTTP/1.1" 301 5 "-" "Mozilla/5.0 (Linux; Android 11; Redmi 10 Prime+ 5G; Build/RQ2A.230511.119) AppleWebKit/537.36 (KHTML"
139.162.119.94 - - [21/Dec/2025:11:28:39 +0800] "GET /dana-cached/hc/HostCheckerInstaller.osx HTTP/1.1" 404 8981 "-" "Mozilla/5.0 (Linux; Android 11; Redmi 10 Prime+ 5G; Build/RQ2A.230511.119) AppleWebKit/537.36 (KHTML"
139.162.119.94 - - [21/Dec/2025:11:28:39 +0800] "GET /human.aspx?arg12=infotech HTTP/1.1" 404 31364 "-" "Mozilla/5.0 (Linux; Android 11; Redmi 10 Prime+ 5G; Build/RQ2A.230511.119) AppleWebKit/537.36 (KHTML"
139.162.119.94 - - [21/Dec/2025:11:28:41 +0800] "GET /dana-na/nc/nc_gina_ver.txt HTTP/1.1" 404 31364 "-" "Mozilla/5.0 (Linux; Android 11; Redmi 10 Prime+ 5G; Build/RQ2A.230511.119) AppleWebKit/537.36 (KHTML"
139.162.119.94 - - [21/Dec/2025:11:28:41 +0800] "GET /Account/Login HTTP/1.1" 404 31364 "-" "Mozilla/5.0 (Linux; Android 11; Redmi 10 Prime+ 5G; Build/RQ2A.230511.119) AppleWebKit/537.36 (KHTML"
139.162.119.94 - - [21/Dec/2025:11:28:41 +0800] "GET /cgi-bin/info.cgi HTTP/1.1" 404 31364 "-" "Mozilla/5.0 (Linux; Android 11; Redmi 10 Prime+ 5G; Build/RQ2A.230511.119) AppleWebKit/537.36 (KHTML"
139.162.119.94 - - [21/Dec/2025:11:28:41 +0800] "GET / HTTP/1.1" 200 152163 "-" "Mozilla/5.0 (Linux; Android 11; Redmi 10 Prime+ 5G; Build/RQ2A.230511.119) AppleWebKit/537.36 (KHTML"
139.162.119.94 - - [21/Dec/2025:11:28:44 +0800] "GET / HTTP/1.0" 301 0 "-" "-"
36.133.115.36 - - [21/Dec/2025:11:28:46 +0800] "POST /wp-cron.php?doing_wp_cron=1766287726.4566810131072998046875 HTTP/1.1" 200 31 "-" "WordPress/6.8.3; http://cqqizhou.com"
139.162.119.94 - - [21/Dec/2025:11:28:46 +0800] "GET /xml/info.xml HTTP/1.1" 404 31364 "-" "Mozilla/5.0 (Linux; Android 11; Redmi 10 Prime+ 5G; Build/RQ2A.230511.119) AppleWebKit/537.36 (KHTML"
139.162.119.94 - - [21/Dec/2025:11:28:47 +0800] "GET /owa/ HTTP/1.1" 404 31364 "-" "Mozilla/5.0 (Linux; Android 11; Redmi 10 Prime+ 5G; Build/RQ2A.230511.119) AppleWebKit/537.36 (KHTML"
139.162.119.94 - - [21/Dec/2025:11:28:47 +0800] "GET /+CSCOE+/logon.html HTTP/1.1" 404 31364 "-" "Mozilla/5.0 (Linux; Android 11; Redmi 10 Prime+ 5G; Build/RQ2A.230511.119) AppleWebKit/537.36 (KHTML"
139.162.119.94 - - [21/Dec/2025:11:28:48 +0800] "GET /magento_version HTTP/1.1" 404 31364 "-" "Mozilla/5.0 (Linux; Android 11; Redmi 10 Prime+ 5G; Build/RQ2A.230511.119) AppleWebKit/537.36 (KHTML"
139.162.119.94 - - [21/Dec/2025:11:28:48 +0800] "GET /api/v1/check-version HTTP/1.1" 404 31364 "-" "Mozilla/5.0 (Linux; Android 11; Redmi 10 Prime+ 5G; Build/RQ2A.230511.119) AppleWebKit/537.36 (KHTML"
139.162.119.94 - - [21/Dec/2025:11:28:48 +0800] "GET /fog/management/index.php?node=client&sub=logininfo HTTP/1.1" 404 27 "-" "Mozilla/5.0 (Linux; Android 11; Redmi 10 Prime+ 5G; Build/RQ2A.230511.119) AppleWebKit/537.36 (KHTML"
139.162.119.94 - - [21/Dec/2025:11:28:49 +0800] "GET /owa/ HTTP/1.1" 404 31364 "-" "Mozilla/5.0 (Linux; Android 11; Redmi 10 Prime+ 5G; Build/RQ2A.230511.119) AppleWebKit/537.36 (KHTML"
139.162.119.94 - - [21/Dec/2025:11:28:51 +0800] "GET /cluster/list.query HTTP/1.1" 404 31364 "-" "Mozilla/5.0 (Linux; Android 11; Redmi 10 Prime+ 5G; Build/RQ2A.230511.119) AppleWebKit/537.36 (KHTML"
139.162.119.94 - - [21/Dec/2025:11:28:51 +0800] "GET /geoserver/ HTTP/1.1" 404 31364 "-" "Mozilla/5.0 (Linux; Android 11; Redmi 10 Prime+ 5G; Build/RQ2A.230511.119) AppleWebKit/537.36 (KHTML"
139.162.119.94 - - [21/Dec/2025:11:28:52 +0800] "GET /CFIDE/componentutils/ HTTP/1.1" 404 31364 "-" "Mozilla/5.0 (Linux; Android 11; Redmi 10 Prime+ 5G; Build/RQ2A.230511.119) AppleWebKit/537.36 (KHTML"
139.162.119.94 - - [21/Dec/2025:11:28:52 +0800] "GET /administrator/manifests/files/joomla.xml HTTP/1.1" 404 31364 "-" "Mozilla/5.0 (Linux; Android 11; Redmi 10 Prime+ 5G; Build/RQ2A.230511.119) AppleWebKit/537.36 (KHTML"
139.162.119.94 - - [21/Dec/2025:11:28:52 +0800] "GET /dniapi/userInfos HTTP/1.1" 404 31364 "-" "Mozilla/5.0 (Linux; Android 11; Redmi 10 Prime+ 5G; Build/RQ2A.230511.119) AppleWebKit/537.36 (KHTML"
139.162.119.94 - - [21/Dec/2025:11:29:02 +0800] "GET /language/en-GB/en-GB.xml HTTP/1.1" 404 31364 "-" "Mozilla/5.0 (Linux; Android 11; Redmi 10 Prime+ 5G; Build/RQ2A.230511.119) AppleWebKit/537.36 (KHTML"
139.162.119.94 - - [21/Dec/2025:11:29:02 +0800] "GET /versa/login HTTP/1.1" 404 31364 "-" "Mozilla/5.0 (Linux; Android 11; Redmi 10 Prime+ 5G; Build/RQ2A.230511.119) AppleWebKit/537.36 (KHTML"
139.162.119.94 - - [21/Dec/2025:11:29:03 +0800] "GET /p/login/ HTTP/1.1" 404 31364 "-" "Mozilla/5.0 (Linux; Android 11; Redmi 10 Prime+ 5G; Build/RQ2A.230511.119) AppleWebKit/537.36 (KHTML"
139.162.119.94 - - [21/Dec/2025:11:29:04 +0800] "GET /nmaplowercheck1766287711 HTTP/1.1" 404 31364 "-" "Mozilla/5.0 (Linux; Android 11; Redmi 10 Prime+ 5G; Build/RQ2A.230511.119) AppleWebKit/537.36 (KHTML"
139.162.119.94 - - [21/Dec/2025:11:29:07 +0800] "POST /sdk HTTP/1.1" 404 31364 "-" "Mozilla/5.0 (Linux; Android 11; Redmi 10 Prime+ 5G; Build/RQ2A.230511.119) AppleWebKit/537.36 (KHTML"
139.162.119.94 - - [21/Dec/2025:11:29:08 +0800] "GET /status HTTP/1.1" 404 31364 "-" "Mozilla/5.0 (Linux; Android 11; Redmi 10 Prime+ 5G; Build/RQ2A.230511.119) AppleWebKit/537.36 (KHTML"
139.162.119.94 - - [21/Dec/2025:11:29:09 +0800] "GET / HTTP/1.0" 301 0 "-" "-"
139.162.119.94 - - [21/Dec/2025:11:29:10 +0800] "GET / HTTP/1.1" 301 5 "-" "-"
36.133.115.36 - - [21/Dec/2025:11:41:59 +0800] "POST /wp-cron.php?doing_wp_cron=1766288519.0049860477447509765625 HTTP/1.1" 200 31 "-" "WordPress/6.8.3; http://cqqizhou.com"
204.76.203.212 - - [21/Dec/2025:11:41:59 +0800] "GET / HTTP/1.1" 200 33912 "-" "Mozilla/5.0 (Windows NT 10.0; Win64; x64) AppleWebKit/537.36 (KHTML, like Gecko) Chrome/90.0.4430.85 Safari/537.36 Edg/90.0.818.46"
36.133.115.36 - - [21/Dec/2025:11:47:56 +0800] "POST /wp-cron.php?doing_wp_cron=1766288876.5284569263458251953125 HTTP/1.1" 200 31 "-" "WordPress/6.8.3; http://cqqizhou.com"
95.214.55.71 - - [21/Dec/2025:11:47:56 +0800] "GET /login.asp HTTP/1.1" 301 5 "-" "-"
52.167.144.193 - - [21/Dec/2025:11:48:29 +0800] "GET /2163/ HTTP/1.1" 200 23763 "-" "Mozilla/5.0 AppleWebKit/537.36 (KHTML, like Gecko; compatible; bingbot/2.0; +http://www.bing.com/bingbot.htm) Chrome/116.0.1938.76 Safari/537.36"
36.133.115.36 - - [21/Dec/2025:12:06:40 +0800] "POST /wp-cron.php?doing_wp_cron=1766290000.4825539588928222656250 HTTP/1.1" 200 31 "-" "WordPress/6.8.3; http://cqqizhou.com"
176.65.148.69 - - [21/Dec/2025:12:06:41 +0800] "GET / HTTP/1.1" 200 152163 "-" "Mozilla/1.0"
36.133.115.36 - - [21/Dec/2025:12:14:14 +0800] "POST /wp-cron.php?doing_wp_cron=1766290454.3152399063110351562500 HTTP/1.1" 200 31 "-" "WordPress/6.8.3; http://cqqizhou.com"
204.76.203.212 - - [21/Dec/2025:12:14:14 +0800] "GET / HTTP/1.1" 200 33912 "-" "Mozilla/5.0 (Windows NT 10.0; Win64; x64) AppleWebKit/537.36 (KHTML, like Gecko) Chrome/90.0.4430.85 Safari/537.36 Edg/90.0.818.46"
36.133.115.36 - - [21/Dec/2025:12:22:21 +0800] "POST /wp-cron.php?doing_wp_cron=1766290941.6055500507354736328125 HTTP/1.1" 200 31 "-" "WordPress/6.8.3; http://cqqizhou.com"
5.187.35.21 - - [21/Dec/2025:12:22:22 +0800] "POST / HTTP/1.1" 200 33912 "-" "Go-http-client/1.1"
36.133.115.36 - - [21/Dec/2025:12:25:55 +0800] "POST /wp-cron.php?doing_wp_cron=1766291155.1758909225463867187500 HTTP/1.1" 200 31 "-" "WordPress/6.8.3; http://cqqizhou.com"
134.175.126.226 - - [21/Dec/2025:12:25:55 +0800] "GET /examples/servlets/servlet/SessionExample HTTP/1.1" 301 5 "-" "Mozilla/5.0 (Windows NT 10.0; Win64; x64) AppleWebKit/537.36 (KHTML, like Gecko) Chrome/96.0.4240.111 Safari/537.36"
36.133.115.36 - - [21/Dec/2025:12:30:27 +0800] "POST /wp-cron.php?doing_wp_cron=1766291427.3590819835662841796875 HTTP/1.1" 200 31 "-" "WordPress/6.8.3; http://cqqizhou.com"
79.124.40.174 - - [21/Dec/2025:12:30:27 +0800] "GET /?XDEBUG_SESSION_START=phpstorm HTTP/1.1" 200 33912 "-" "Mozilla/5.0 (Windows NT 10.0; Win64; x64) AppleWebKit/537.36 (KHTML, like Gecko) Chrome/78.0.3904.108 Safari/537.36"
36.133.115.36 - - [21/Dec/2025:12:42:02 +0800] "POST /wp-cron.php?doing_wp_cron=1766292122.1694209575653076171875 HTTP/1.1" 200 31 "-" "WordPress/6.8.3; http://cqqizhou.com"
45.135.194.23 - - [21/Dec/2025:12:42:03 +0800] "GET / HTTP/1.1" 200 152163 "-" "-"
36.133.115.36 - - [21/Dec/2025:12:44:48 +0800] "POST /wp-cron.php?doing_wp_cron=1766292287.9799480438232421875000 HTTP/1.1" 200 31 "-" "WordPress/6.8.3; http://cqqizhou.com"
35.203.211.79 - - [21/Dec/2025:12:44:48 +0800] "GET /.well-known/security.txt HTTP/1.1" 301 5 "-" "Hello from Palo Alto Networks, find out more about our scans in https://docs-cortex.paloaltonetworks.com/r/1/Cortex-Xpanse/Scanning-activity"
35.203.211.79 - - [21/Dec/2025:12:44:50 +0800] "GET /.well-known/security.txt HTTP/1.1" 404 31364 "http://36.133.115.36:80/.well-known/security.txt" "Hello from Palo Alto Networks, find out more about our scans in https://docs-cortex.paloaltonetworks.com/r/1/Cortex-Xpanse/Scanning-activity"
36.133.115.36 - - [21/Dec/2025:12:47:33 +0800] "POST /wp-cron.php?doing_wp_cron=1766292453.8692190647125244140625 HTTP/1.1" 200 31 "-" "WordPress/6.8.3; http://cqqizhou.com"
204.76.203.212 - - [21/Dec/2025:12:47:34 +0800] "GET / HTTP/1.1" 200 33912 "-" "Mozilla/5.0 (Windows NT 10.0; Win64; x64) AppleWebKit/537.36 (KHTML, like Gecko) Chrome/90.0.4430.85 Safari/537.36 Edg/90.0.818.46"
36.133.115.36 - - [21/Dec/2025:12:53:06 +0800] "POST /wp-cron.php?doing_wp_cron=1766292786.0558490753173828125000 HTTP/1.1" 200 31 "-" "WordPress/6.8.3; http://cqqizhou.com"
193.142.147.209 - - [21/Dec/2025:12:53:10 +0800] "POST / HTTP/1.1" 200 33912 "-" "Mozilla/5.0 (Windows NT 10.0; Win64; x64) AppleWebKit/537.36"
36.133.115.36 - - [21/Dec/2025:13:13:44 +0800] "POST /wp-cron.php?doing_wp_cron=1766294024.1010510921478271484375 HTTP/1.1" 200 31 "-" "WordPress/6.8.3; http://cqqizhou.com"
38.46.221.123 - - [21/Dec/2025:13:13:44 +0800] "GET http://check.9tb.org/ HTTP/1.1" 301 5 "-" "Go-http-client/1.1"
38.46.221.123 - - [21/Dec/2025:13:13:44 +0800] "GET http://cqqizhou.com/ HTTP/1.1" 200 39803 "http://check.9tb.org" "Go-http-client/1.1"
36.133.115.36 - - [21/Dec/2025:13:18:16 +0800] "POST /wp-cron.php?doing_wp_cron=1766294296.1423709392547607421875 HTTP/1.1" 200 31 "-" "WordPress/6.8.3; http://cqqizhou.com"
165.232.117.226 - - [21/Dec/2025:13:18:16 +0800] "GET / HTTP/1.1" 301 5 "-" "Mozilla/5.0 (Windows NT 10.0; Win64; x64) AppleWebKit/537.36 (KHTML, like Gecko) Chrome/108.0.0.0 Safari/537.36"
165.232.117.226 - - [21/Dec/2025:13:18:17 +0800] "GET / HTTP/1.1" 200 39803 "http://36.133.115.36/" "Mozilla/5.0 (Windows NT 10.0; Win64; x64) AppleWebKit/537.36 (KHTML, like Gecko) Chrome/108.0.0.0 Safari/537.36"
165.232.117.226 - - [21/Dec/2025:13:18:18 +0800] "GET /form.html HTTP/1.1" 404 8981 "-" "curl/8.1.2"
165.232.117.226 - - [21/Dec/2025:13:18:18 +0800] "GET /upl.php HTTP/1.1" 404 47 "-" "Mozilla/5.0"
165.232.117.226 - - [21/Dec/2025:13:18:20 +0800] "GET /t4 HTTP/1.1" 404 8980 "-" "Mozilla/5.0"
165.232.117.226 - - [21/Dec/2025:13:18:22 +0800] "GET /geoip/ HTTP/1.1" 404 8980 "-" "Mozilla/5.0 (Windows NT 10.0; Win64; x64) AppleWebKit/537.36 (KHTML, like Gecko) Chrome/108.0.0.0 Safari/537.36"
165.232.117.226 - - [21/Dec/2025:13:18:23 +0800] "GET /1.php HTTP/1.1" 404 47 "-" "Mozilla/5.0 (Windows NT 10.0; Win64; x64) AppleWebKit/537.36 (KHTML, like Gecko) Chrome/108.0.0.0 Safari/537.36"
165.232.117.226 - - [21/Dec/2025:13:18:24 +0800] "GET /systembc/password.php HTTP/1.1" 404 47 "-" "Mozilla/5.0 (Windows NT 10.0; Win64; x64) AppleWebKit/537.36 (KHTML, like Gecko) Chrome/108.0.0.0 Safari/537.36"
165.232.117.226 - - [21/Dec/2025:13:18:27 +0800] "GET /password.php HTTP/1.1" 404 47 "-" "Mozilla/5.0 (Windows NT 10.0; Win64; x64) AppleWebKit/537.36 (KHTML, like Gecko) Chrome/108.0.0.0 Safari/537.36"
36.133.115.36 - - [21/Dec/2025:13:20:51 +0800] "POST /wp-cron.php?doing_wp_cron=1766294451.2681310176849365234375 HTTP/1.1" 200 31 "-" "WordPress/6.8.3; http://cqqizhou.com"
204.76.203.212 - - [21/Dec/2025:13:20:51 +0800] "GET / HTTP/1.1" 200 33912 "-" "Mozilla/5.0 (Windows NT 10.0; Win64; x64) AppleWebKit/537.36 (KHTML, like Gecko) Chrome/90.0.4430.85 Safari/537.36 Edg/90.0.818.46"
36.133.115.36 - - [21/Dec/2025:13:29:19 +0800] "POST /wp-cron.php?doing_wp_cron=1766294959.1768939495086669921875 HTTP/1.1" 200 31 "-" "WordPress/6.8.3; http://cqqizhou.com"
5.187.35.158 - - [21/Dec/2025:13:29:19 +0800] "GET /SDK/webLanguage HTTP/1.1" 301 5 "-" "Mozilla/5.0 (Windows NT 10.0; Win64; x64) AppleWebKit/537.36 (KHTML, like Gecko) Chrome/90.0.4430.85 Safari/537.36 Edg/90.0.818.46"
36.133.115.36 - - [21/Dec/2025:13:41:58 +0800] "POST /wp-cron.php?doing_wp_cron=1766295718.0389769077301025390625 HTTP/1.1" 200 31 "-" "WordPress/6.8.3; http://cqqizhou.com"
51.195.215.0 - - [21/Dec/2025:13:41:58 +0800] "GET /robots.txt HTTP/1.1" 200 190 "-" "Mozilla/5.0 (compatible; AhrefsBot/7.0; +http://ahrefs.com/robot/)"
51.89.129.239 - - [21/Dec/2025:13:42:02 +0800] "GET / HTTP/1.1" 200 39803 "-" "Mozilla/5.0 (compatible; AhrefsBot/7.0; +http://ahrefs.com/robot/)"
36.133.115.36 - - [21/Dec/2025:13:50:35 +0800] "POST /wp-cron.php?doing_wp_cron=1766296235.1430749893188476562500 HTTP/1.1" 200 31 "-" "WordPress/6.8.3; http://cqqizhou.com"
204.76.203.212 - - [21/Dec/2025:13:50:35 +0800] "GET / HTTP/1.1" 200 33913 "-" "Mozilla/5.0 (Windows NT 10.0; Win64; x64) AppleWebKit/537.36 (KHTML, like Gecko) Chrome/90.0.4430.85 Safari/537.36 Edg/90.0.818.46"
36.133.115.36 - - [21/Dec/2025:13:58:59 +0800] "POST /wp-cron.php?doing_wp_cron=1766296739.7742049694061279296875 HTTP/1.1" 200 31 "-" "WordPress/6.8.3; http://cqqizhou.com"
43.130.39.254 - - [21/Dec/2025:13:59:00 +0800] "GET / HTTP/1.1" 200 33913 "-" "Mozilla/5.0 (iPhone; CPU iPhone OS 13_2_3 like Mac OS X) AppleWebKit/605.1.15 (KHTML, like Gecko) Version/13.0.3 Mobile/15E148 Safari/604.1"
36.133.115.36 - - [21/Dec/2025:14:03:58 +0800] "POST /wp-cron.php?doing_wp_cron=1766297038.4455070495605468750000 HTTP/1.1" 200 31 "-" "WordPress/6.8.3; http://cqqizhou.com"
85.208.96.198 - - [21/Dec/2025:14:03:58 +0800] "GET /robots.txt HTTP/1.1" 200 190 "-" "Mozilla/5.0 (compatible; SemrushBot/7~bl; +http://www.semrush.com/bot.html)"
85.208.96.204 - - [21/Dec/2025:14:04:02 +0800] "GET /portfolio-tag/%E9%9E%8D%E9%92%A2%E8%92%82%E6%A3%AE/ HTTP/1.1" 200 22821 "-" "Mozilla/5.0 (compatible; SemrushBot/7~bl; +http://www.semrush.com/bot.html)"
36.133.115.36 - - [21/Dec/2025:14:05:06 +0800] "POST /wp-cron.php?doing_wp_cron=1766297106.8147799968719482421875 HTTP/1.1" 200 31 "-" "WordPress/6.8.3; http://cqqizhou.com"
95.214.55.71 - - [21/Dec/2025:14:05:07 +0800] "GET / HTTP/1.1" 200 109837 "-" "Mozilla/5.0 (Macintosh; Intel Mac OS X 10_15_7) AppleWebKit/537.36 (KHTML, like Gecko) Chrome/142.0.0.0 Safari/537.36"
199.244.88.230 - - [21/Dec/2025:14:05:55 +0800] "GET / HTTP/1.1" 200 39803 "-" "Mozilla/5.0 (X11; Linux x86_64) AppleWebKit/537.36 (KHTML, like Gecko) Chrome/105.0.0.0 Safari/537.36"
36.133.115.36 - - [21/Dec/2025:14:18:22 +0800] "POST /wp-cron.php?doing_wp_cron=1766297902.7697429656982421875000 HTTP/1.1" 200 31 "-" "WordPress/6.8.3; http://cqqizhou.com"
65.49.1.142 - - [21/Dec/2025:14:18:22 +0800] "GET / HTTP/1.1" 301 5 "-" "Mozilla/5.0 (Macintosh; Intel Mac OS X 10_15_7) AppleWebKit/537.36 (KHTML, like Gecko) Chrome/120.0.0.0 YaBrowser/24.1.0.0 Safari/537.36"
36.133.115.36 - - [21/Dec/2025:14:19:30 +0800] "POST /wp-cron.php?doing_wp_cron=1766297970.2127180099487304687500 HTTP/1.1" 200 31 "-" "WordPress/6.8.3; http://cqqizhou.com"
65.49.1.142 - - [21/Dec/2025:14:19:30 +0800] "GET /webui/ HTTP/1.1" 404 8980 "-" "Mozilla/5.0 (X11; Linux x86_64) AppleWebKit/537.36 (KHTML, like Gecko) Chrome/138.0.0.0 Safari/537.36"
36.133.115.36 - - [21/Dec/2025:14:20:13 +0800] "POST /wp-cron.php?doing_wp_cron=1766298012.9728069305419921875000 HTTP/1.1" 200 31 "-" "WordPress/6.8.3; http://cqqizhou.com"
65.49.1.151 - - [21/Dec/2025:14:20:13 +0800] "GET / HTTP/1.1" 301 5 "-" "Mozilla/5.0 (X11; Linux x86_64) AppleWebKit/537.36 (KHTML, like Gecko) Chrome/138.0.0.0 Safari/537.36"
36.133.115.36 - - [21/Dec/2025:14:21:31 +0800] "POST /wp-cron.php?doing_wp_cron=1766298091.8871738910675048828125 HTTP/1.1" 200 31 "-" "WordPress/6.8.3; http://cqqizhou.com"
65.49.1.142 - - [21/Dec/2025:14:21:31 +0800] "GET /geoserver/web/ HTTP/1.1" 404 8980 "-" "Mozilla/5.0 (Macintosh; Intel Mac OS X 10_15_7) AppleWebKit/537.36 (KHTML, like Gecko) Chrome/120.0.0.0 YaBrowser/24.1.0.0 Safari/537.36"
36.133.115.36 - - [21/Dec/2025:14:23:49 +0800] "POST /wp-cron.php?doing_wp_cron=1766298229.3051710128784179687500 HTTP/1.1" 200 31 "-" "WordPress/6.8.3; http://cqqizhou.com"
204.76.203.212 - - [21/Dec/2025:14:23:49 +0800] "GET / HTTP/1.1" 200 33912 "-" "Mozilla/5.0 (Windows NT 10.0; Win64; x64) AppleWebKit/537.36 (KHTML, like Gecko) Chrome/90.0.4430.85 Safari/537.36 Edg/90.0.818.46"
36.133.115.36 - - [21/Dec/2025:14:30:22 +0800] "POST /wp-cron.php?doing_wp_cron=1766298622.8110420703887939453125 HTTP/1.1" 200 31 "-" "WordPress/6.8.3; http://cqqizhou.com"
87.121.84.148 - - [21/Dec/2025:14:30:24 +0800] "GET / HTTP/1.1" 200 152163 "-" "Mozilla/1.0"
36.133.115.36 - - [21/Dec/2025:14:31:12 +0800] "POST /wp-cron.php?doing_wp_cron=1766298672.7434999942779541015625 HTTP/1.1" 200 31 "-" "WordPress/6.8.3; http://cqqizhou.com"
111.225.149.120 - - [21/Dec/2025:14:31:12 +0800] "GET /robots.txt HTTP/1.1" 200 190 "-" "Mozilla/5.0 (Linux; Android 5.0) AppleWebKit/537.36 (KHTML, like Gecko) Mobile Safari/537.36 (compatible; Bytespider; https://zhanzhang.toutiao.com/)"
85.208.96.210 - - [21/Dec/2025:14:37:05 +0800] "GET /2339/ HTTP/1.1" 200 24490 "-" "Mozilla/5.0 (compatible; SemrushBot/7~bl; +http://www.semrush.com/bot.html)"
36.133.115.36 - - [21/Dec/2025:14:58:28 +0800] "POST /wp-cron.php?doing_wp_cron=1766300308.7898099422454833984375 HTTP/1.1" 200 31 "-" "WordPress/6.8.3; http://cqqizhou.com"
204.76.203.212 - - [21/Dec/2025:14:58:29 +0800] "GET / HTTP/1.1" 200 33912 "-" "Mozilla/5.0 (Windows NT 10.0; Win64; x64) AppleWebKit/537.36 (KHTML, like Gecko) Chrome/90.0.4430.85 Safari/537.36 Edg/90.0.818.46"
36.133.115.36 - - [21/Dec/2025:15:11:55 +0800] "POST /wp-cron.php?doing_wp_cron=1766301115.7488698959350585937500 HTTP/1.1" 200 31 "-" "WordPress/6.8.3; http://cqqizhou.com"
180.153.236.43 - - [21/Dec/2025:15:11:55 +0800] "GET / HTTP/1.1" 301 5 "http://www.cqqizhou.com/" "Mozilla/5.0 (Windows NT 10.0; Win64; x64) AppleWebKit/537.36 (KHTML, like Gecko) Chrome/140.0.0.0 Safari/537.36 Edg/140.0.0.0; 360Spider"
180.153.236.70 - - [21/Dec/2025:15:11:57 +0800] "GET / HTTP/1.1" 200 39803 "http://cqqizhou.com/" "Mozilla/5.0 (Windows NT 10.0; Win64; x64) AppleWebKit/537.36 (KHTML, like Gecko) Chrome/140.0.0.0 Safari/537.36 Edg/140.0.0.0; 360Spider"
36.133.115.36 - - [21/Dec/2025:15:14:45 +0800] "POST /wp-cron.php?doing_wp_cron=1766301285.2474050521850585937500 HTTP/1.1" 200 31 "-" "WordPress/6.8.3; http://cqqizhou.com"
51.68.107.146 - - [21/Dec/2025:15:14:45 +0800] "GET /robots.txt HTTP/1.1" 301 5 "-" "Mozilla/5.0 (compatible; MJ12bot/v2.0.4; http://mj12bot.com/)"
36.133.115.36 - - [21/Dec/2025:15:14:47 +0800] "POST /wp-cron.php?doing_wp_cron=1766301287.5281920433044433593750 HTTP/1.1" 200 31 "-" "WordPress/6.8.3; http://cqqizhou.com"
51.68.107.146 - - [21/Dec/2025:15:14:47 +0800] "GET /robots.txt HTTP/1.1" 200 190 "-" "Mozilla/5.0 (compatible; MJ12bot/v2.0.4; http://mj12bot.com/)"
51.68.107.146 - - [21/Dec/2025:15:14:49 +0800] "GET / HTTP/1.1" 301 5 "-" "Mozilla/5.0 (compatible; MJ12bot/v2.0.4; http://mj12bot.com/)"
51.68.107.146 - - [21/Dec/2025:15:14:50 +0800] "GET / HTTP/1.1" 200 39803 "-" "Mozilla/5.0 (compatible; MJ12bot/v2.0.4; http://mj12bot.com/)"
36.133.115.36 - - [21/Dec/2025:15:28:43 +0800] "POST /wp-cron.php?doing_wp_cron=1766302123.1006081104278564453125 HTTP/1.1" 200 31 "-" "WordPress/6.8.3; http://cqqizhou.com"
204.76.203.212 - - [21/Dec/2025:15:28:43 +0800] "GET / HTTP/1.1" 200 33912 "-" "Mozilla/5.0 (Windows NT 10.0; Win64; x64) AppleWebKit/537.36 (KHTML, like Gecko) Chrome/90.0.4430.85 Safari/537.36 Edg/90.0.818.46"
36.133.115.36 - - [21/Dec/2025:15:34:25 +0800] "POST /wp-cron.php?doing_wp_cron=1766302465.6744320392608642578125 HTTP/1.1" 200 31 "-" "WordPress/6.8.3; http://cqqizhou.com"
43.153.10.83 - - [21/Dec/2025:15:34:25 +0800] "GET / HTTP/1.1" 301 5 "-" "Mozilla/5.0 (iPhone; CPU iPhone OS 13_2_3 like Mac OS X) AppleWebKit/605.1.15 (KHTML, like Gecko) Version/13.0.3 Mobile/15E148 Safari/604.1"
43.153.10.83 - - [21/Dec/2025:15:34:27 +0800] "GET / HTTP/1.1" 200 33912 "http://www.cqqizhou.com" "Mozilla/5.0 (iPhone; CPU iPhone OS 13_2_3 like Mac OS X) AppleWebKit/605.1.15 (KHTML, like Gecko) Version/13.0.3 Mobile/15E148 Safari/604.1"
185.191.171.2 - - [21/Dec/2025:15:41:29 +0800] "GET /2052/ HTTP/1.1" 200 25661 "-" "Mozilla/5.0 (compatible; SemrushBot/7~bl; +http://www.semrush.com/bot.html)"
36.133.115.36 - - [21/Dec/2025:15:51:53 +0800] "POST /wp-cron.php?doing_wp_cron=1766303513.5583789348602294921875 HTTP/1.1" 200 31 "-" "WordPress/6.8.3; http://cqqizhou.com"
85.208.96.198 - - [21/Dec/2025:15:51:53 +0800] "GET /portfolio-category/pickled-coil/ HTTP/1.1" 200 21047 "-" "Mozilla/5.0 (compatible; SemrushBot/7~bl; +http://www.semrush.com/bot.html)"
36.133.115.36 - - [21/Dec/2025:15:53:06 +0800] "POST /wp-cron.php?doing_wp_cron=1766303585.9652180671691894531250 HTTP/1.1" 200 31 "-" "WordPress/6.8.3; http://cqqizhou.com"
36.137.9.52 - - [21/Dec/2025:15:53:06 +0800] "GET /cms/login.aspx HTTP/1.1" 404 8975 "-" "Mozilla/5.0 (Windows NT 10.0; Win64; x64) AppleWebKit/537.36 (KHTML, like Gecko) Chrome/127.0.0.0 Safari/537.36"
36.133.115.36 - - [21/Dec/2025:15:59:10 +0800] "POST /wp-cron.php?doing_wp_cron=1766303950.0150799751281738281250 HTTP/1.1" 200 31 "-" "WordPress/6.8.3; http://cqqizhou.com"
198.244.240.85 - - [21/Dec/2025:15:59:10 +0800] "GET /bug HTTP/1.1" 301 5 "-" "Mozilla/5.0 (compatible; AhrefsBot/7.0; +http://ahrefs.com/robot/)"
36.133.115.36 - - [21/Dec/2025:16:03:23 +0800] "POST /wp-cron.php?doing_wp_cron=1766304203.2983610630035400390625 HTTP/1.1" 200 31 "-" "WordPress/6.8.3; http://cqqizhou.com"
204.76.203.212 - - [21/Dec/2025:16:03:23 +0800] "GET / HTTP/1.1" 200 33912 "-" "Mozilla/5.0 (Windows NT 10.0; Win64; x64) AppleWebKit/537.36 (KHTML, like Gecko) Chrome/90.0.4430.85 Safari/537.36 Edg/90.0.818.46"
36.133.115.36 - - [21/Dec/2025:16:20:07 +0800] "POST /wp-cron.php?doing_wp_cron=1766305207.7793719768524169921875 HTTP/1.1" 200 31 "-" "WordPress/6.8.3; http://cqqizhou.com"
182.43.70.143 - - [21/Dec/2025:16:20:07 +0800] "GET / HTTP/1.1" 301 5 "-" "Mozilla/5.0 (iPhone; CPU iPhone OS 13_2_3 like Mac OS X) AppleWebKit/605.1.15 (KHTML, like Gecko) Version/13.0.3 Mobile/15E148 Safari/604.1"
182.43.70.143 - - [21/Dec/2025:16:20:11 +0800] "GET / HTTP/1.1" 200 33912 "http://www.cqqizhou.com" "Mozilla/5.0 (iPhone; CPU iPhone OS 13_2_3 like Mac OS X) AppleWebKit/605.1.15 (KHTML, like Gecko) Version/13.0.3 Mobile/15E148 Safari/604.1"
36.133.115.36 - - [21/Dec/2025:16:35:11 +0800] "POST /wp-cron.php?doing_wp_cron=1766306111.0196011066436767578125 HTTP/1.1" 200 31 "-" "WordPress/6.8.3; http://cqqizhou.com"
204.76.203.212 - - [21/Dec/2025:16:35:11 +0800] "GET / HTTP/1.1" 200 33912 "-" "Mozilla/5.0 (Windows NT 10.0; Win64; x64) AppleWebKit/537.36 (KHTML, like Gecko) Chrome/90.0.4430.85 Safari/537.36 Edg/90.0.818.46"
36.133.115.36 - - [21/Dec/2025:16:45:25 +0800] "POST /wp-cron.php?doing_wp_cron=1766306725.5369350910186767578125 HTTP/1.1" 200 31 "-" "WordPress/6.8.3; http://cqqizhou.com"
5.187.35.21 - - [21/Dec/2025:16:45:27 +0800] "POST / HTTP/1.1" 200 33912 "-" "Go-http-client/1.1"
36.133.115.36 - - [21/Dec/2025:16:51:51 +0800] "POST /wp-cron.php?doing_wp_cron=1766307111.5116059780120849609375 HTTP/1.1" 200 31 "-" "WordPress/6.8.3; http://cqqizhou.com"
114.119.157.218 - - [21/Dec/2025:16:51:51 +0800] "GET /wp-sitemap.xml HTTP/1.1" 501 253 "-" "Mozilla/5.0 (Linux; Android 7.0;) AppleWebKit/537.36 (KHTML, like Gecko) Mobile Safari/537.36 (compatible; PetalBot;+https://webmaster.petalsearch.com/site/petalbot)"
36.133.115.36 - - [21/Dec/2025:16:56:51 +0800] "POST /wp-cron.php?doing_wp_cron=1766307411.1054940223693847656250 HTTP/1.1" 200 31 "-" "WordPress/6.8.3; http://cqqizhou.com"
114.119.129.233 - - [21/Dec/2025:16:56:51 +0800] "GET /wp-sitemap.xml HTTP/1.1" 501 253 "-" "Mozilla/5.0 (Linux; Android 7.0;) AppleWebKit/537.36 (KHTML, like Gecko) Mobile Safari/537.36 (compatible; PetalBot;+https://webmaster.petalsearch.com/site/petalbot)"
36.133.115.36 - - [21/Dec/2025:17:00:27 +0800] "POST /wp-cron.php?doing_wp_cron=1766307627.8495869636535644531250 HTTP/1.1" 200 31 "-" "WordPress/6.8.3; http://cqqizhou.com"
124.156.179.141 - - [21/Dec/2025:17:00:27 +0800] "GET / HTTP/1.1" 301 5 "-" "Mozilla/5.0 (iPhone; CPU iPhone OS 13_2_3 like Mac OS X) AppleWebKit/605.1.15 (KHTML, like Gecko) Version/13.0.3 Mobile/15E148 Safari/604.1"
124.156.179.141 - - [21/Dec/2025:17:00:32 +0800] "GET / HTTP/1.1" 200 33912 "http://36.133.115.36" "Mozilla/5.0 (iPhone; CPU iPhone OS 13_2_3 like Mac OS X) AppleWebKit/605.1.15 (KHTML, like Gecko) Version/13.0.3 Mobile/15E148 Safari/604.1"
187.110.175.195 - - [21/Dec/2025:17:06:57 +0800] "GET /admin/config.php HTTP/1.0" 404 16 "-" "xfa1,nvdorz,nvd0rz"
36.133.115.36 - - [21/Dec/2025:17:07:34 +0800] "POST /wp-cron.php?doing_wp_cron=1766308054.7461369037628173828125 HTTP/1.1" 200 31 "-" "WordPress/6.8.3; http://cqqizhou.com"
204.76.203.212 - - [21/Dec/2025:17:07:35 +0800] "GET / HTTP/1.1" 200 33912 "-" "Mozilla/5.0 (Windows NT 10.0; Win64; x64) AppleWebKit/537.36 (KHTML, like Gecko) Chrome/90.0.4430.85 Safari/537.36 Edg/90.0.818.46"
36.133.115.36 - - [21/Dec/2025:17:11:28 +0800] "POST /wp-cron.php?doing_wp_cron=1766308288.2666769027709960937500 HTTP/1.1" 200 31 "-" "WordPress/6.8.3; http://cqqizhou.com"
51.195.244.69 - - [21/Dec/2025:17:11:28 +0800] "GET /club/ HTTP/1.1" 200 12084 "-" "Mozilla/5.0 (compatible; AhrefsBot/7.0; +http://ahrefs.com/robot/)"
36.133.115.36 - - [21/Dec/2025:17:30:20 +0800] "POST /wp-cron.php?doing_wp_cron=1766309419.9609971046447753906250 HTTP/1.1" 200 31 "-" "WordPress/6.8.3; http://cqqizhou.com"
114.119.148.154 - - [21/Dec/2025:17:30:20 +0800] "GET /wp-sitemap.xml HTTP/1.1" 501 253 "-" "Mozilla/5.0 (Linux; Android 7.0;) AppleWebKit/537.36 (KHTML, like Gecko) Mobile Safari/537.36 (compatible; PetalBot;+https://webmaster.petalsearch.com/site/petalbot)"
36.133.115.36 - - [21/Dec/2025:17:34:10 +0800] "POST /wp-cron.php?doing_wp_cron=1766309650.9314301013946533203125 HTTP/1.1" 200 31 "-" "WordPress/6.8.3; http://cqqizhou.com"
121.52.252.229 - - [21/Dec/2025:17:34:10 +0800] "GET / HTTP/1.0" 301 0 "-" "Mozilla/5.0 (Windows NT 10.0; Win64; x64) AppleWebKit/537.36 (KHTML, like Gecko) Chrome/124.0.0.0 Safari/537.36"
121.52.252.229 - - [21/Dec/2025:17:34:11 +0800] "GET / HTTP/1.0" 200 166096 "-" "Mozilla/5.0 (Windows NT 10.0; Win64; x64) AppleWebKit/537.36 (KHTML, like Gecko) Chrome/124.0.0.0 Safari/537.36"
36.133.115.36 - - [21/Dec/2025:17:42:49 +0800] "POST /wp-cron.php?doing_wp_cron=1766310169.3342070579528808593750 HTTP/1.1" 200 31 "-" "WordPress/6.8.3; http://cqqizhou.com"
204.76.203.212 - - [21/Dec/2025:17:42:49 +0800] "GET / HTTP/1.1" 200 33912 "-" "Mozilla/5.0 (Windows NT 10.0; Win64; x64) AppleWebKit/537.36 (KHTML, like Gecko) Chrome/90.0.4430.85 Safari/537.36 Edg/90.0.818.46"
87.121.84.57 - - [21/Dec/2025:17:42:54 +0800] "GET / HTTP/1.1" 200 152163 "-" "Mozilla/1.0"
223.166.22.147 - - [21/Dec/2025:17:48:31 +0800] "GET / HTTP/1.1" 499 0 "-" "-"
36.133.115.36 - - [21/Dec/2025:17:48:32 +0800] "POST /wp-cron.php?doing_wp_cron=1766310512.0631890296936035156250 HTTP/1.1" 200 31 "-" "WordPress/6.8.3; http://cqqizhou.com"
36.133.115.36 - - [21/Dec/2025:18:14:20 +0800] "POST /wp-cron.php?doing_wp_cron=1766312060.1590569019317626953125 HTTP/1.1" 200 31 "-" "WordPress/6.8.3; http://cqqizhou.com"
20.64.105.215 - - [21/Dec/2025:18:14:20 +0800] "GET /developmentserver/metadatauploader HTTP/1.1" 404 8980 "-" "Mozilla/5.0 zgrab/0.x"
36.133.115.36 - - [21/Dec/2025:18:16:33 +0800] "POST /wp-cron.php?doing_wp_cron=1766312193.2927000522613525390625 HTTP/1.1" 200 31 "-" "WordPress/6.8.3; http://cqqizhou.com"
204.76.203.212 - - [21/Dec/2025:18:16:33 +0800] "GET / HTTP/1.1" 200 33912 "-" "Mozilla/5.0 (Windows NT 10.0; Win64; x64) AppleWebKit/537.36 (KHTML, like Gecko) Chrome/90.0.4430.85 Safari/537.36 Edg/90.0.818.46"
45.55.142.214 - - [21/Dec/2025:18:20:26 +0800] "GET / HTTP/1.1" 200 39803 "-" "Mozilla/5.0 (X11; Linux x86_64) AppleWebKit/537.36 (KHTML, like Gecko) Chrome/139.0.0.0 Safari/537.36"
36.133.115.36 - - [21/Dec/2025:18:32:18 +0800] "POST /wp-cron.php?doing_wp_cron=1766313138.3001089096069335937500 HTTP/1.1" 200 31 "-" "WordPress/6.8.3; http://cqqizhou.com"
95.214.55.71 - - [21/Dec/2025:18:32:18 +0800] "GET / HTTP/1.1" 200 109842 "-" "-"
85.208.96.198 - - [21/Dec/2025:18:44:05 +0800] "GET /uncategorized/ HTTP/1.1" 200 21087 "-" "Mozilla/5.0 (compatible; SemrushBot/7~bl; +http://www.semrush.com/bot.html)"
36.133.115.36 - - [21/Dec/2025:18:59:27 +0800] "POST /wp-cron.php?doing_wp_cron=1766314767.5942370891571044921875 HTTP/1.1" 200 31 "-" "WordPress/6.8.3; http://cqqizhou.com"
