121.237.36.31 - - [21/Dec/2025:18:59:27 +0800] "GET / HTTP/1.1" 200 33912 "-" "Dalvik/2.1.0 (Linux; U; Android 9.0; ZTE BA520 Build/MRA58K)"
36.133.115.36 - - [21/Dec/2025:19:05:58 +0800] "POST /wp-cron.php?doing_wp_cron=1766315157.9957180023193359375000 HTTP/1.1" 200 31 "-" "WordPress/6.8.3; http://cqqizhou.com"
123.178.210.141 - - [21/Dec/2025:19:05:58 +0800] "GET / HTTP/1.1" 301 5 "-" "Mozilla/4.054101423 Mozilla/4.0 (compatible; MSIE 9.0; Windows NT 6.1)"
171.37.92.21 - - [21/Dec/2025:19:06:17 +0800] "GET / HTTP/1.1" 200 39803 "-" "Mozilla/4.054101423 Mozilla/4.0 (compatible; MSIE 9.0; Windows NT 6.1)"
36.133.115.36 - - [21/Dec/2025:19:09:36 +0800] "POST /wp-cron.php?doing_wp_cron=1766315375.9815859794616699218750 HTTP/1.1" 200 31 "-" "WordPress/6.8.3; http://cqqizhou.com"
87.121.84.148 - - [21/Dec/2025:19:09:36 +0800] "GET / HTTP/1.1" 200 152163 "-" "Mozilla/1.0"
198.244.242.195 - - [21/Dec/2025:19:14:17 +0800] "GET /2231/ HTTP/1.1" 200 19673 "-" "Mozilla/5.0 (compatible; AhrefsBot/7.0; +http://ahrefs.com/robot/)"
36.133.115.36 - - [21/Dec/2025:19:14:58 +0800] "POST /wp-cron.php?doing_wp_cron=1766315698.5350470542907714843750 HTTP/1.1" 200 31 "-" "WordPress/6.8.3; http://cqqizhou.com"
193.142.147.209 - - [21/Dec/2025:19:14:59 +0800] "POST / HTTP/1.1" 200 33912 "-" "Mozilla/5.0 (Windows NT 10.0; Win64; x64) AppleWebKit/537.36"
74.7.227.26 - - [21/Dec/2025:19:15:17 +0800] "GET /wp-sitemap.xml HTTP/1.1" 501 253 "-" "Mozilla/5.0 AppleWebKit/537.36 (KHTML, like Gecko; compatible; GPTBot/1.3; +https://openai.com/gptbot)"
36.133.115.36 - - [21/Dec/2025:19:20:25 +0800] "POST /wp-cron.php?doing_wp_cron=1766316025.7383089065551757812500 HTTP/1.1" 200 31 "-" "WordPress/6.8.3; http://cqqizhou.com"
204.76.203.212 - - [21/Dec/2025:19:20:26 +0800] "GET / HTTP/1.1" 200 33912 "-" "Mozilla/5.0 (Windows NT 10.0; Win64; x64) AppleWebKit/537.36 (KHTML, like Gecko) Chrome/90.0.4430.85 Safari/537.36 Edg/90.0.818.46"
36.133.115.36 - - [21/Dec/2025:19:40:08 +0800] "POST /wp-cron.php?doing_wp_cron=1766317208.9474918842315673828125 HTTP/1.1" 200 31 "-" "WordPress/6.8.3; http://cqqizhou.com"
79.133.41.235 - - [21/Dec/2025:19:40:09 +0800] "GET /.env HTTP/1.1" 404 8980 "-" "Mozilla/5.0 (Macintosh; Intel Mac OS X 10_15_7) AppleWebKit/537.36 (KHTML, like Gecko) Chrome/114.0.0.0 Safari/537.36"
116.76.8.202 - - [21/Dec/2025:19:42:25 +0800] "GET /about/ HTTP/1.1" 200 29976 "-" "Mozilla/5.0 (Windows NT 10.0; Win64; x64; rv:123.0) Gecko/20100101 Firefox/123.0"
116.76.8.202 - - [21/Dec/2025:19:42:25 +0800] "GET /wp-content/uploads/2025/07/1750649803-qizhou800x500_2.webp HTTP/1.1" 200 63616 "http://cqqizhou.com/wp-content/uploads/2025/07/1750649803-qizhou800x500_2.webp" "Mozilla/5.0 (Windows NT 10.0; Win64; x64; rv:123.0) Gecko/20100101 Firefox/123.0"
116.76.8.202 - - [21/Dec/2025:19:42:25 +0800] "GET /wp-content/uploads/2025/07/1750945417-honor300%C3%97206_1.webp HTTP/1.1" 200 57666 "http://cqqizhou.com/wp-content/uploads/2025/07/1750945417-honor300%C3%97206_1.webp" "Mozilla/5.0 (Windows NT 10.0; Win64; x64; rv:123.0) Gecko/20100101 Firefox/123.0"
116.76.8.202 - - [21/Dec/2025:19:42:25 +0800] "GET /wp-content/uploads/2025/07/1750945444-honor300%C3%97206_2.webp HTTP/1.1" 200 71296 "http://cqqizhou.com/wp-content/uploads/2025/07/1750945444-honor300%C3%97206_2.webp" "Mozilla/5.0 (Windows NT 10.0; Win64; x64; rv:123.0) Gecko/20100101 Firefox/123.0"
116.76.8.202 - - [21/Dec/2025:19:42:25 +0800] "GET /wp-content/uploads/2025/06/1750755307-qizhoucangku2000x400_2025624.webp HTTP/1.1" 200 45470 "http://cqqizhou.com/wp-content/uploads/2025/06/1750755307-qizhoucangku2000x400_2025624.webp" "Mozilla/5.0 (Windows NT 10.0; Win64; x64; rv:123.0) Gecko/20100101 Firefox/123.0"
116.76.8.202 - - [21/Dec/2025:19:42:25 +0800] "GET /wp-content/uploads/2025/07/1750671800-partner1_200x50.webp HTTP/1.1" 200 2244 "http://cqqizhou.com/wp-content/uploads/2025/07/1750671800-partner1_200x50.webp" "Mozilla/5.0 (Windows NT 10.0; Win64; x64; rv:123.0) Gecko/20100101 Firefox/123.0"
116.76.8.202 - - [21/Dec/2025:19:42:25 +0800] "GET /wp-content/uploads/2025/07/1750671801-partner2_200x50.webp HTTP/1.1" 200 3946 "http://cqqizhou.com/wp-content/uploads/2025/07/1750671801-partner2_200x50.webp" "Mozilla/5.0 (Windows NT 10.0; Win64; x64; rv:123.0) Gecko/20100101 Firefox/123.0"
116.76.8.202 - - [21/Dec/2025:19:42:25 +0800] "GET /wp-content/uploads/2025/07/1750671803-partner3_200x50.webp HTTP/1.1" 200 4414 "http://cqqizhou.com/wp-content/uploads/2025/07/1750671803-partner3_200x50.webp" "Mozilla/5.0 (Windows NT 10.0; Win64; x64; rv:123.0) Gecko/20100101 Firefox/123.0"
116.76.8.202 - - [21/Dec/2025:19:42:25 +0800] "GET /wp-content/uploads/2025/07/1750671805-partner4_200x50.webp HTTP/1.1" 200 2390 "http://cqqizhou.com/wp-content/uploads/2025/07/1750671805-partner4_200x50.webp" "Mozilla/5.0 (Windows NT 10.0; Win64; x64; rv:123.0) Gecko/20100101 Firefox/123.0"
116.76.8.202 - - [21/Dec/2025:19:42:25 +0800] "GET /wp-content/uploads/2025/07/1750671806-partner5_200x50.webp HTTP/1.1" 200 2840 "http://cqqizhou.com/wp-content/uploads/2025/07/1750671806-partner5_200x50.webp" "Mozilla/5.0 (Windows NT 10.0; Win64; x64; rv:123.0) Gecko/20100101 Firefox/123.0"
116.76.8.202 - - [21/Dec/2025:19:42:25 +0800] "GET /wp-content/uploads/2025/07/1751425283-qizhou.kf_.qq_.com_.webp HTTP/1.1" 200 16864 "http://cqqizhou.com/wp-content/uploads/2025/07/1751425283-qizhou.kf_.qq_.com_.webp" "Mozilla/5.0 (Windows NT 10.0; Win64; x64; rv:123.0) Gecko/20100101 Firefox/123.0"
116.76.8.202 - - [21/Dec/2025:19:42:25 +0800] "GET /wp-content/uploads/2025/07/1750671808-partner6_200x50.webp HTTP/1.1" 200 3004 "http://cqqizhou.com/wp-content/uploads/2025/07/1750671808-partner6_200x50.webp" "Mozilla/5.0 (Windows NT 10.0; Win64; x64; rv:123.0) Gecko/20100101 Firefox/123.0"
116.76.8.202 - - [21/Dec/2025:19:42:25 +0800] "GET /wp-content/uploads/elementor/thumbs/1751373145-About_Qizhoudalou_W800px-r91b70ok8huvvdr4ynxnf302e8ie3iydlh6ag9ew82.webp HTTP/1.1" 200 37938 "http://cqqizhou.com/wp-content/uploads/elementor/thumbs/1751373145-About_Qizhoudalou_W800px-r91b70ok8huvvdr4ynxnf302e8ie3iydlh6ag9ew82.webp" "Mozilla/5.0 (Windows NT 10.0; Win64; x64; rv:123.0) Gecko/20100101 Firefox/123.0"
116.76.8.202 - - [21/Dec/2025:19:42:25 +0800] "GET /wp-content/uploads/elementor/thumbs/1751209300-Hello-Qizhou3-r91b71mdtei8mab1rr8x739cnvi1mafuaga3vbed3o.webp HTTP/1.1" 200 39120 "http://cqqizhou.com/wp-content/uploads/elementor/thumbs/1751209300-Hello-Qizhou3-r91b71mdtei8mab1rr8x739cnvi1mafuaga3vbed3o.webp" "Mozilla/5.0 (Windows NT 10.0; Win64; x64; rv:123.0) Gecko/20100101 Firefox/123.0"
116.76.8.202 - - [21/Dec/2025:19:42:26 +0800] "GET /wp-content/uploads/2025/07/1750649179-qizhou1920x1080_1.webp HTTP/1.1" 200 172154 "http://cqqizhou.com/wp-content/uploads/2025/07/1750649179-qizhou1920x1080_1.webp" "Mozilla/5.0 (Windows NT 10.0; Win64; x64; rv:123.0) Gecko/20100101 Firefox/123.0"
116.76.8.202 - - [21/Dec/2025:19:42:26 +0800] "GET /wp-content/uploads/2025/07/1750649186-qizhou1920x1080_3.webp HTTP/1.1" 200 134070 "http://cqqizhou.com/wp-content/uploads/2025/07/1750649186-qizhou1920x1080_3.webp" "Mozilla/5.0 (Windows NT 10.0; Win64; x64; rv:123.0) Gecko/20100101 Firefox/123.0"
116.76.8.202 - - [21/Dec/2025:19:42:26 +0800] "GET /wp-content/uploads/2025/07/1750649183-qizhou1920x1080_2.webp HTTP/1.1" 200 267936 "http://cqqizhou.com/wp-content/uploads/2025/07/1750649183-qizhou1920x1080_2.webp" "Mozilla/5.0 (Windows NT 10.0; Win64; x64; rv:123.0) Gecko/20100101 Firefox/123.0"
116.76.8.202 - - [21/Dec/2025:19:42:26 +0800] "GET /wp-content/uploads/2025/07/1750649200-qizhou1920x1080_7.webp HTTP/1.1" 200 238866 "http://cqqizhou.com/wp-content/uploads/2025/07/1750649200-qizhou1920x1080_7.webp" "Mozilla/5.0 (Windows NT 10.0; Win64; x64; rv:123.0) Gecko/20100101 Firefox/123.0"
116.76.8.202 - - [21/Dec/2025:19:42:26 +0800] "GET /wp-content/uploads/2025/07/1750649189-qizhou1920x1080_4.webp HTTP/1.1" 200 174962 "http://cqqizhou.com/wp-content/uploads/2025/07/1750649189-qizhou1920x1080_4.webp" "Mozilla/5.0 (Windows NT 10.0; Win64; x64; rv:123.0) Gecko/20100101 Firefox/123.0"
116.76.8.202 - - [21/Dec/2025:19:42:26 +0800] "GET /wp-content/uploads/2025/07/1750649197-qizhou1920x1080_6.webp HTTP/1.1" 200 150354 "http://cqqizhou.com/wp-content/uploads/2025/07/1750649197-qizhou1920x1080_6.webp" "Mozilla/5.0 (Windows NT 10.0; Win64; x64; rv:123.0) Gecko/20100101 Firefox/123.0"
116.76.8.202 - - [21/Dec/2025:19:42:26 +0800] "GET /wp-content/uploads/2025/07/1750649203-qizhou1920x1080_8.webp HTTP/1.1" 200 256782 "http://cqqizhou.com/wp-content/uploads/2025/07/1750649203-qizhou1920x1080_8.webp" "Mozilla/5.0 (Windows NT 10.0; Win64; x64; rv:123.0) Gecko/20100101 Firefox/123.0"
116.76.8.202 - - [21/Dec/2025:19:42:26 +0800] "GET /wp-content/uploads/2025/07/1750649207-qizhou1920x1080_9.webp HTTP/1.1" 200 146108 "http://cqqizhou.com/wp-content/uploads/2025/07/1750649207-qizhou1920x1080_9.webp" "Mozilla/5.0 (Windows NT 10.0; Win64; x64; rv:123.0) Gecko/20100101 Firefox/123.0"
116.76.8.202 - - [21/Dec/2025:19:42:26 +0800] "GET /wp-content/uploads/2025/07/1750649215-qizhou1920x1080_11.webp HTTP/1.1" 200 171642 "http://cqqizhou.com/wp-content/uploads/2025/07/1750649215-qizhou1920x1080_11.webp" "Mozilla/5.0 (Windows NT 10.0; Win64; x64; rv:123.0) Gecko/20100101 Firefox/123.0"
116.76.8.202 - - [21/Dec/2025:19:42:26 +0800] "GET /wp-content/uploads/2025/07/1750649193-qizhou1920x1080_5.webp HTTP/1.1" 200 110214 "http://cqqizhou.com/wp-content/uploads/2025/07/1750649193-qizhou1920x1080_5.webp" "Mozilla/5.0 (Windows NT 10.0; Win64; x64; rv:123.0) Gecko/20100101 Firefox/123.0"
116.76.8.202 - - [21/Dec/2025:19:42:26 +0800] "GET /wp-content/uploads/2025/07/1750649212-qizhou1920x1080_10.webp HTTP/1.1" 200 143362 "http://cqqizhou.com/wp-content/uploads/2025/07/1750649212-qizhou1920x1080_10.webp" "Mozilla/5.0 (Windows NT 10.0; Win64; x64; rv:123.0) Gecko/20100101 Firefox/123.0"
36.133.115.36 - - [21/Dec/2025:19:42:32 +0800] "POST /wp-cron.php?doing_wp_cron=1766317352.8210210800170898437500 HTTP/1.1" 200 31 "-" "WordPress/6.8.3; http://cqqizhou.com"
116.76.8.202 - - [21/Dec/2025:19:42:32 +0800] "POST /wp-admin/admin-ajax.php HTTP/1.1" 403 33 "http://cqqizhou.com/wp-admin/admin-ajax.php" "Mozilla/5.0 (Windows NT 10.0; Win64; x64; rv:123.0) Gecko/20100101 Firefox/123.0"
116.76.8.202 - - [21/Dec/2025:19:42:33 +0800] "GET /wp-content/uploads/2025/07/1750656103-Visionr2000x800_20250623131702.webp HTTP/1.1" 200 57650 "http://cqqizhou.com/wp-content/uploads/2025/07/1750656103-Visionr2000x800_20250623131702.webp" "Mozilla/5.0 (Windows NT 10.0; Win64; x64; rv:123.0) Gecko/20100101 Firefox/123.0"
116.76.8.202 - - [21/Dec/2025:19:42:33 +0800] "GET /contacts/ HTTP/1.1" 200 21596 "-" "Mozilla/5.0 (Windows NT 10.0; Win64; x64; rv:123.0) Gecko/20100101 Firefox/123.0"
116.76.8.202 - - [21/Dec/2025:19:42:33 +0800] "GET /wp-content/uploads/2025/07/1750005875-qizhou_map2025616.webp HTTP/1.1" 200 348798 "http://cqqizhou.com/wp-content/uploads/2025/07/1750005875-qizhou_map2025616.webp" "Mozilla/5.0 (Windows NT 10.0; Win64; x64; rv:123.0) Gecko/20100101 Firefox/123.0"
116.76.8.202 - - [21/Dec/2025:19:42:33 +0800] "GET /wp-content/uploads/2025/11/1762826323-Contacts2000x400_20251111.webp HTTP/1.1" 200 15144 "http://cqqizhou.com/wp-content/uploads/2025/11/1762826323-Contacts2000x400_20251111.webp" "Mozilla/5.0 (Windows NT 10.0; Win64; x64; rv:123.0) Gecko/20100101 Firefox/123.0"
116.76.8.202 - - [21/Dec/2025:19:42:34 +0800] "GET /wp-json/contact-form-7/v1/contact-forms/158/feedback/schema HTTP/1.1" 200 358 "http://cqqizhou.com/wp-json/contact-form-7/v1/contact-forms/158/feedback/schema" "Mozilla/5.0 (Windows NT 10.0; Win64; x64; rv:123.0) Gecko/20100101 Firefox/123.0"
116.76.8.202 - - [21/Dec/2025:19:42:34 +0800] "GET /wp-json/contact-form-7/v1/contact-forms/158/refill HTTP/1.1" 200 33 "http://cqqizhou.com/wp-json/contact-form-7/v1/contact-forms/158/refill" "Mozilla/5.0 (Windows NT 10.0; Win64; x64; rv:123.0) Gecko/20100101 Firefox/123.0"
116.76.8.202 - - [21/Dec/2025:19:42:35 +0800] "POST /wp-admin/admin-ajax.php HTTP/1.1" 403 33 "http://cqqizhou.com/wp-admin/admin-ajax.php" "Mozilla/5.0 (Windows NT 10.0; Win64; x64; rv:123.0) Gecko/20100101 Firefox/123.0"
43.153.15.51 - - [21/Dec/2025:19:42:40 +0800] "GET / HTTP/1.1" 200 33912 "-" "Mozilla/5.0 (iPhone; CPU iPhone OS 13_2_3 like Mac OS X) AppleWebKit/605.1.15 (KHTML, like Gecko) Version/13.0.3 Mobile/15E148 Safari/604.1"
36.133.115.36 - - [21/Dec/2025:19:43:44 +0800] "POST /wp-cron.php?doing_wp_cron=1766317424.5484559535980224609375 HTTP/1.1" 200 31 "-" "WordPress/6.8.3; http://cqqizhou.com"
81.29.142.100 - - [21/Dec/2025:19:43:44 +0800] "GET / HTTP/1.1" 200 33912 "-" "Mozilla/5.0 (Windows NT 10.0; WOW64) AppleWebKit/537.36 (KHTML, like Gecko) Chrome/67.0.3381.1 Safari/537.36"
36.133.115.36 - - [21/Dec/2025:19:43:46 +0800] "POST /wp-cron.php?doing_wp_cron=1766317426.0786750316619873046875 HTTP/1.1" 200 31 "-" "WordPress/6.8.3; http://cqqizhou.com"
81.29.142.100 - - [21/Dec/2025:19:43:46 +0800] "GET / HTTP/1.1" 200 33912 "-" "Mozilla/5.0 (Windows NT 6.1; rv:45.0) Gecko/20100101 Firefox/45.9.0"
36.133.115.36 - - [21/Dec/2025:19:45:21 +0800] "POST /wp-cron.php?doing_wp_cron=1766317521.2313981056213378906250 HTTP/1.1" 200 31 "-" "WordPress/6.8.3; http://cqqizhou.com"
34.76.255.44 - - [21/Dec/2025:19:45:21 +0800] "GET / HTTP/1.1" 301 5 "-" "python-requests/2.32.5"
103.93.93.182 - - [21/Dec/2025:20:10:39 +0800] "POST /HNAP1/ HTTP/1.0" 400 0 "-" "-"
36.133.115.36 - - [21/Dec/2025:20:22:37 +0800] "POST /wp-cron.php?doing_wp_cron=1766319757.0393800735473632812500 HTTP/1.1" 200 31 "-" "WordPress/6.8.3; http://cqqizhou.com"
36.152.157.158 - - [21/Dec/2025:20:22:37 +0800] "GET /ueditor/net/controller.ashx?action=catchimage HTTP/1.1" 404 8975 "-" "Mozilla/5.0 (Windows NT 10.0; Win64; x64)"
36.133.115.36 - - [21/Dec/2025:20:26:23 +0800] "POST /wp-cron.php?doing_wp_cron=1766319983.1097190380096435546875 HTTP/1.1" 200 31 "-" "WordPress/6.8.3; http://cqqizhou.com"
204.76.203.212 - - [21/Dec/2025:20:26:23 +0800] "GET / HTTP/1.1" 200 33911 "-" "Mozilla/5.0 (Windows NT 10.0; Win64; x64) AppleWebKit/537.36 (KHTML, like Gecko) Chrome/90.0.4430.85 Safari/537.36 Edg/90.0.818.46"
148.251.11.147 - - [21/Dec/2025:20:26:33 +0800] "GET /robots.txt HTTP/1.1" 200 190 "-" "serpstatbot/2.1 (advanced backlink tracking bot; https://serpstatbot.com/; abuse@serpstatbot.com)"
148.251.11.147 - - [21/Dec/2025:20:26:34 +0800] "GET /uncategorized/ HTTP/1.1" 200 21087 "-" "serpstatbot/2.1 (advanced backlink tracking bot; https://serpstatbot.com/; abuse@serpstatbot.com)"
148.251.11.147 - - [21/Dec/2025:20:26:48 +0800] "GET /services/processing/ HTTP/1.1" 200 19249 "-" "serpstatbot/2.1 (advanced backlink tracking bot; https://serpstatbot.com/; abuse@serpstatbot.com)"
148.251.11.147 - - [21/Dec/2025:20:27:00 +0800] "GET /services/ HTTP/1.1" 200 31631 "-" "serpstatbot/2.1 (advanced backlink tracking bot; https://serpstatbot.com/; abuse@serpstatbot.com)"
148.251.11.147 - - [21/Dec/2025:20:27:13 +0800] "GET /portfolio/remaining-rolls/ HTTP/1.1" 200 22190 "-" "serpstatbot/2.1 (advanced backlink tracking bot; https://serpstatbot.com/; abuse@serpstatbot.com)"
148.251.11.147 - - [21/Dec/2025:20:27:24 +0800] "GET /portfolio/pickled-coil/ HTTP/1.1" 200 22182 "-" "serpstatbot/2.1 (advanced backlink tracking bot; https://serpstatbot.com/; abuse@serpstatbot.com)"
148.251.11.147 - - [21/Dec/2025:20:27:36 +0800] "GET /portfolio/hot-dip-galvanized-coil/ HTTP/1.1" 200 22331 "-" "serpstatbot/2.1 (advanced backlink tracking bot; https://serpstatbot.com/; abuse@serpstatbot.com)"
148.251.11.147 - - [21/Dec/2025:20:27:47 +0800] "GET /portfolio/duplex-stainless-steel/ HTTP/1.1" 200 22167 "-" "serpstatbot/2.1 (advanced backlink tracking bot; https://serpstatbot.com/; abuse@serpstatbot.com)"
148.251.11.147 - - [21/Dec/2025:20:28:00 +0800] "GET /portfolio/%E5%86%B7%E8%BD%A7%E6%9D%BF/ HTTP/1.1" 200 18980 "-" "serpstatbot/2.1 (advanced backlink tracking bot; https://serpstatbot.com/; abuse@serpstatbot.com)"
148.251.11.147 - - [21/Dec/2025:20:28:11 +0800] "GET /portfolio/%E5%86%B7%E8%BD%A7%E5%8D%B7/ HTTP/1.1" 200 22116 "-" "serpstatbot/2.1 (advanced backlink tracking bot; https://serpstatbot.com/; abuse@serpstatbot.com)"
148.251.11.147 - - [21/Dec/2025:20:28:21 +0800] "GET /portfolio/ HTTP/1.1" 200 20629 "-" "serpstatbot/2.1 (advanced backlink tracking bot; https://serpstatbot.com/; abuse@serpstatbot.com)"
148.251.11.147 - - [21/Dec/2025:20:28:33 +0800] "GET /portfolio-tag/%E9%9E%8D%E9%92%A2%E8%92%82%E6%A3%AE/ HTTP/1.1" 200 22821 "-" "serpstatbot/2.1 (advanced backlink tracking bot; https://serpstatbot.com/; abuse@serpstatbot.com)"
148.251.11.147 - - [21/Dec/2025:20:28:45 +0800] "GET /portfolio-category/remaining-rolls/ HTTP/1.1" 200 21044 "-" "serpstatbot/2.1 (advanced backlink tracking bot; https://serpstatbot.com/; abuse@serpstatbot.com)"
148.251.11.147 - - [21/Dec/2025:20:28:56 +0800] "GET /portfolio-category/pickled-coil/ HTTP/1.1" 200 21066 "-" "serpstatbot/2.1 (advanced backlink tracking bot; https://serpstatbot.com/; abuse@serpstatbot.com)"
148.251.11.147 - - [21/Dec/2025:20:29:09 +0800] "GET /portfolio-category/hot-dip-galvanized-coil/ HTTP/1.1" 200 21082 "-" "serpstatbot/2.1 (advanced backlink tracking bot; https://serpstatbot.com/; abuse@serpstatbot.com)"
148.251.11.147 - - [21/Dec/2025:20:29:20 +0800] "GET /portfolio-category/dual-phase-steel/ HTTP/1.1" 200 21067 "-" "serpstatbot/2.1 (advanced backlink tracking bot; https://serpstatbot.com/; abuse@serpstatbot.com)"
148.251.11.147 - - [21/Dec/2025:20:29:30 +0800] "GET /portfolio-category/cold-rolled-coil/ HTTP/1.1" 200 21094 "-" "serpstatbot/2.1 (advanced backlink tracking bot; https://serpstatbot.com/; abuse@serpstatbot.com)"
148.251.11.147 - - [21/Dec/2025:20:29:44 +0800] "GET /policy/ HTTP/1.1" 200 23787 "-" "serpstatbot/2.1 (advanced backlink tracking bot; https://serpstatbot.com/; abuse@serpstatbot.com)"
36.133.115.36 - - [21/Dec/2025:20:29:57 +0800] "POST /wp-cron.php?doing_wp_cron=1766320197.5202579498291015625000 HTTP/1.1" 200 31 "-" "WordPress/6.8.3; http://cqqizhou.com"
148.251.11.147 - - [21/Dec/2025:20:29:57 +0800] "GET /news/page/2/ HTTP/1.1" 200 23115 "-" "serpstatbot/2.1 (advanced backlink tracking bot; https://serpstatbot.com/; abuse@serpstatbot.com)"
148.251.11.147 - - [21/Dec/2025:20:30:06 +0800] "GET /news/ HTTP/1.1" 200 19890 "-" "serpstatbot/2.1 (advanced backlink tracking bot; https://serpstatbot.com/; abuse@serpstatbot.com)"
148.251.11.147 - - [21/Dec/2025:20:30:15 +0800] "GET /logistics/ HTTP/1.1" 200 18555 "-" "serpstatbot/2.1 (advanced backlink tracking bot; https://serpstatbot.com/; abuse@serpstatbot.com)"
148.251.11.147 - - [21/Dec/2025:20:30:23 +0800] "GET /industry/ HTTP/1.1" 200 22050 "-" "serpstatbot/2.1 (advanced backlink tracking bot; https://serpstatbot.com/; abuse@serpstatbot.com)"
148.251.11.147 - - [21/Dec/2025:20:30:30 +0800] "GET /contacts/ HTTP/1.1" 200 21596 "-" "serpstatbot/2.1 (advanced backlink tracking bot; https://serpstatbot.com/; abuse@serpstatbot.com)"
148.251.11.147 - - [21/Dec/2025:20:30:43 +0800] "GET /club/ HTTP/1.1" 200 12104 "-" "serpstatbot/2.1 (advanced backlink tracking bot; https://serpstatbot.com/; abuse@serpstatbot.com)"
36.133.115.36 - - [21/Dec/2025:20:30:52 +0800] "POST /wp-cron.php?doing_wp_cron=1766320252.4118490219116210937500 HTTP/1.1" 200 31 "-" "WordPress/6.8.3; http://cqqizhou.com"
148.251.11.147 - - [21/Dec/2025:20:30:52 +0800] "GET /business/ HTTP/1.1" 200 23910 "-" "serpstatbot/2.1 (advanced backlink tracking bot; https://serpstatbot.com/; abuse@serpstatbot.com)"
148.251.11.147 - - [21/Dec/2025:20:31:02 +0800] "GET /bug/ HTTP/1.1" 200 12820 "-" "serpstatbot/2.1 (advanced backlink tracking bot; https://serpstatbot.com/; abuse@serpstatbot.com)"
148.251.11.147 - - [21/Dec/2025:20:31:09 +0800] "GET /about/ HTTP/1.1" 200 29976 "-" "serpstatbot/2.1 (advanced backlink tracking bot; https://serpstatbot.com/; abuse@serpstatbot.com)"
148.251.11.147 - - [21/Dec/2025:20:31:27 +0800] "GET /2231/ HTTP/1.1" 200 19673 "-" "serpstatbot/2.1 (advanced backlink tracking bot; https://serpstatbot.com/; abuse@serpstatbot.com)"
148.251.11.147 - - [21/Dec/2025:20:31:30 +0800] "GET /2215/ HTTP/1.1" 200 20245 "-" "serpstatbot/2.1 (advanced backlink tracking bot; https://serpstatbot.com/; abuse@serpstatbot.com)"
148.251.11.147 - - [21/Dec/2025:20:31:42 +0800] "GET /2214/ HTTP/1.1" 200 24559 "-" "serpstatbot/2.1 (advanced backlink tracking bot; https://serpstatbot.com/; abuse@serpstatbot.com)"
148.251.11.147 - - [21/Dec/2025:20:31:51 +0800] "GET /2165/ HTTP/1.1" 200 26934 "-" "serpstatbot/2.1 (advanced backlink tracking bot; https://serpstatbot.com/; abuse@serpstatbot.com)"
36.133.115.36 - - [21/Dec/2025:20:32:00 +0800] "POST /wp-cron.php?doing_wp_cron=1766320320.9511680603027343750000 HTTP/1.1" 200 31 "-" "WordPress/6.8.3; http://cqqizhou.com"
148.251.11.147 - - [21/Dec/2025:20:32:01 +0800] "GET /2164/ HTTP/1.1" 200 23489 "-" "serpstatbot/2.1 (advanced backlink tracking bot; https://serpstatbot.com/; abuse@serpstatbot.com)"
148.251.11.147 - - [21/Dec/2025:20:32:12 +0800] "GET /2163/ HTTP/1.1" 200 23763 "-" "serpstatbot/2.1 (advanced backlink tracking bot; https://serpstatbot.com/; abuse@serpstatbot.com)"
148.251.11.147 - - [21/Dec/2025:20:32:23 +0800] "GET /2162/ HTTP/1.1" 200 25085 "-" "serpstatbot/2.1 (advanced backlink tracking bot; https://serpstatbot.com/; abuse@serpstatbot.com)"
148.251.11.147 - - [21/Dec/2025:20:32:35 +0800] "GET /2160/ HTTP/1.1" 200 29410 "-" "serpstatbot/2.1 (advanced backlink tracking bot; https://serpstatbot.com/; abuse@serpstatbot.com)"
148.251.11.147 - - [21/Dec/2025:20:32:45 +0800] "GET /2159/ HTTP/1.1" 200 28591 "-" "serpstatbot/2.1 (advanced backlink tracking bot; https://serpstatbot.com/; abuse@serpstatbot.com)"
148.251.11.147 - - [21/Dec/2025:20:32:54 +0800] "GET /2155/ HTTP/1.1" 200 28986 "-" "serpstatbot/2.1 (advanced backlink tracking bot; https://serpstatbot.com/; abuse@serpstatbot.com)"
148.251.11.147 - - [21/Dec/2025:20:33:01 +0800] "GET /2153/ HTTP/1.1" 200 24272 "-" "serpstatbot/2.1 (advanced backlink tracking bot; https://serpstatbot.com/; abuse@serpstatbot.com)"
148.251.11.147 - - [21/Dec/2025:20:33:11 +0800] "GET /2052/ HTTP/1.1" 200 25661 "-" "serpstatbot/2.1 (advanced backlink tracking bot; https://serpstatbot.com/; abuse@serpstatbot.com)"
148.251.11.147 - - [21/Dec/2025:20:33:18 +0800] "GET / HTTP/1.1" 200 39803 "-" "serpstatbot/2.1 (advanced backlink tracking bot; https://serpstatbot.com/; abuse@serpstatbot.com)"
148.251.11.147 - - [21/Dec/2025:20:33:28 +0800] "GET / HTTP/1.1" 200 39803 "-" "serpstatbot/2.1 (advanced backlink tracking bot; https://serpstatbot.com/; abuse@serpstatbot.com)"
36.133.115.36 - - [21/Dec/2025:20:42:27 +0800] "POST /wp-cron.php?doing_wp_cron=1766320947.5012741088867187500000 HTTP/1.1" 200 31 "-" "WordPress/6.8.3; http://cqqizhou.com"
52.167.144.65 - - [21/Dec/2025:20:42:27 +0800] "GET /robots.txt HTTP/1.1" 200 190 "-" "Mozilla/5.0 AppleWebKit/537.36 (KHTML, like Gecko; compatible; bingbot/2.0; +http://www.bing.com/bingbot.htm) Chrome/116.0.1938.76 Safari/537.36"
40.77.167.158 - - [21/Dec/2025:20:42:32 +0800] "GET /atom.xml HTTP/1.1" 404 8981 "-" "Mozilla/5.0 AppleWebKit/537.36 (KHTML, like Gecko; compatible; bingbot/2.0; +http://www.bing.com/bingbot.htm) Chrome/116.0.1938.76 Safari/537.36"
36.133.115.36 - - [21/Dec/2025:20:47:04 +0800] "POST /wp-cron.php?doing_wp_cron=1766321224.1848819255828857421875 HTTP/1.1" 200 31 "-" "WordPress/6.8.3; http://cqqizhou.com"
87.121.84.57 - - [21/Dec/2025:20:47:05 +0800] "GET / HTTP/1.1" 200 152163 "-" "Mozilla/1.0"
36.133.115.36 - - [21/Dec/2025:20:48:25 +0800] "POST /wp-cron.php?doing_wp_cron=1766321305.3318560123443603515625 HTTP/1.1" 200 31 "-" "WordPress/6.8.3; http://cqqizhou.com"
167.94.138.161 - - [21/Dec/2025:20:48:25 +0800] "GET /sitemap.xml HTTP/1.1" 200 499 "-" "Mozilla/5.0 (compatible; CensysInspect/1.1; +https://about.censys.io/)"
36.133.115.36 - - [21/Dec/2025:20:49:18 +0800] "POST /wp-cron.php?doing_wp_cron=1766321358.4056539535522460937500 HTTP/1.1" 200 31 "-" "WordPress/6.8.3; http://cqqizhou.com"
66.132.153.116 - - [21/Dec/2025:20:49:18 +0800] "GET /security.txt HTTP/1.1" 200 19588 "-" "Mozilla/5.0 (compatible; CensysInspect/1.1; +https://about.censys.io/)"
36.133.115.36 - - [21/Dec/2025:20:51:50 +0800] "POST /wp-cron.php?doing_wp_cron=1766321510.3478538990020751953125 HTTP/1.1" 200 31 "-" "WordPress/6.8.3; http://cqqizhou.com"
167.94.138.126 - - [21/Dec/2025:20:51:50 +0800] "GET /robots.txt HTTP/1.1" 200 190 "-" "Mozilla/5.0 (compatible; CensysInspect/1.1; +https://about.censys.io/)"
36.133.115.36 - - [21/Dec/2025:20:57:42 +0800] "POST /wp-cron.php?doing_wp_cron=1766321862.4357070922851562500000 HTTP/1.1" 200 31 "-" "WordPress/6.8.3; http://cqqizhou.com"
204.76.203.212 - - [21/Dec/2025:20:57:42 +0800] "GET / HTTP/1.1" 200 33911 "-" "Mozilla/5.0 (Windows NT 10.0; Win64; x64) AppleWebKit/537.36 (KHTML, like Gecko) Chrome/90.0.4430.85 Safari/537.36 Edg/90.0.818.46"
36.133.115.36 - - [21/Dec/2025:21:00:10 +0800] "POST /wp-cron.php?doing_wp_cron=1766322010.0694561004638671875000 HTTP/1.1" 200 31 "-" "WordPress/6.8.3; http://cqqizhou.com"
148.251.11.147 - - [21/Dec/2025:21:00:10 +0800] "GET /services/processing/qzgyl@cq-qizhou.com HTTP/1.1" 404 8979 "-" "serpstatbot/2.1 (advanced backlink tracking bot; https://serpstatbot.com/; abuse@serpstatbot.com)"
148.251.11.147 - - [21/Dec/2025:21:00:20 +0800] "GET /services HTTP/1.1" 301 5 "-" "serpstatbot/2.1 (advanced backlink tracking bot; https://serpstatbot.com/; abuse@serpstatbot.com)"
148.251.11.147 - - [21/Dec/2025:21:00:30 +0800] "GET /process/processing HTTP/1.1" 301 5 "-" "serpstatbot/2.1 (advanced backlink tracking bot; https://serpstatbot.com/; abuse@serpstatbot.com)"
24.16.191.177 - - [21/Dec/2025:21:00:33 +0800] "GET / HTTP/1.0" 200 152141 "-" "-"
148.251.11.147 - - [21/Dec/2025:21:00:44 +0800] "GET /news/page/1/ HTTP/1.1" 301 5 "-" "serpstatbot/2.1 (advanced backlink tracking bot; https://serpstatbot.com/; abuse@serpstatbot.com)"
148.251.11.147 - - [21/Dec/2025:21:00:54 +0800] "GET /media/ HTTP/1.1" 200 24231 "-" "serpstatbot/2.1 (advanced backlink tracking bot; https://serpstatbot.com/; abuse@serpstatbot.com)"
36.133.115.36 - - [21/Dec/2025:21:01:08 +0800] "POST /wp-cron.php?doing_wp_cron=1766322068.1902740001678466796875 HTTP/1.1" 200 31 "-" "WordPress/6.8.3; http://cqqizhou.com"
148.251.11.147 - - [21/Dec/2025:21:01:08 +0800] "GET /logistics HTTP/1.1" 301 5 "-" "serpstatbot/2.1 (advanced backlink tracking bot; https://serpstatbot.com/; abuse@serpstatbot.com)"
148.251.11.147 - - [21/Dec/2025:21:01:19 +0800] "GET /bug HTTP/1.1" 301 5 "-" "serpstatbot/2.1 (advanced backlink tracking bot; https://serpstatbot.com/; abuse@serpstatbot.com)"
148.251.11.147 - - [21/Dec/2025:21:01:30 +0800] "GET /2361/ HTTP/1.1" 200 24346 "-" "serpstatbot/2.1 (advanced backlink tracking bot; https://serpstatbot.com/; abuse@serpstatbot.com)"
148.251.11.147 - - [21/Dec/2025:21:01:43 +0800] "GET /2354/ HTTP/1.1" 200 24299 "-" "serpstatbot/2.1 (advanced backlink tracking bot; https://serpstatbot.com/; abuse@serpstatbot.com)"
148.251.11.147 - - [21/Dec/2025:21:01:56 +0800] "GET /2339/ HTTP/1.1" 200 24490 "-" "serpstatbot/2.1 (advanced backlink tracking bot; https://serpstatbot.com/; abuse@serpstatbot.com)"
36.133.115.36 - - [21/Dec/2025:21:06:12 +0800] "POST /wp-cron.php?doing_wp_cron=1766322372.8356089591979980468750 HTTP/1.1" 200 31 "-" "WordPress/6.8.3; http://cqqizhou.com"
185.180.140.134 - - [21/Dec/2025:21:06:12 +0800] "GET / HTTP/1.1" 301 5 "-" "Mozilla/5.0 (Windows NT 10.0; Win64; x64) AppleWebKit/537.36 (KHTML, like Gecko) Chrome/60.0.3112.113 Safari/537.36"
185.180.140.12 - - [21/Dec/2025:21:06:13 +0800] "GET / HTTP/1.1" 200 39803 "http://36.133.115.36/" "Mozilla/5.0 (Windows NT 10.0; Win64; x64) AppleWebKit/537.36 (KHTML, like Gecko) Chrome/60.0.3112.113 Safari/537.36"
185.180.140.12 - - [21/Dec/2025:21:06:21 +0800] "GET / HTTP/1.1" 301 5 "-" "python-requests/2.31.0"
185.180.140.12 - - [21/Dec/2025:21:06:23 +0800] "GET / HTTP/1.1" 200 39803 "-" "python-requests/2.31.0"
36.133.115.36 - - [21/Dec/2025:21:14:23 +0800] "POST /wp-cron.php?doing_wp_cron=1766322862.9818909168243408203125 HTTP/1.1" 200 31 "-" "WordPress/6.8.3; http://cqqizhou.com"
170.106.180.153 - - [21/Dec/2025:21:14:23 +0800] "GET / HTTP/1.1" 200 33911 "-" "Mozilla/5.0 (iPhone; CPU iPhone OS 13_2_3 like Mac OS X) AppleWebKit/605.1.15 (KHTML, like Gecko) Version/13.0.3 Mobile/15E148 Safari/604.1"
40.77.167.4 - - [21/Dec/2025:21:17:25 +0800] "GET /2354/ HTTP/1.1" 200 24299 "-" "Mozilla/5.0 AppleWebKit/537.36 (KHTML, like Gecko; compatible; bingbot/2.0; +http://www.bing.com/bingbot.htm) Chrome/116.0.1938.76 Safari/537.36"
36.133.115.36 - - [21/Dec/2025:21:31:53 +0800] "POST /wp-cron.php?doing_wp_cron=1766323913.0337440967559814453125 HTTP/1.1" 200 31 "-" "WordPress/6.8.3; http://cqqizhou.com"
204.76.203.212 - - [21/Dec/2025:21:31:53 +0800] "GET / HTTP/1.1" 200 33912 "-" "Mozilla/5.0 (Windows NT 10.0; Win64; x64) AppleWebKit/537.36 (KHTML, like Gecko) Chrome/90.0.4430.85 Safari/537.36 Edg/90.0.818.46"
148.251.11.147 - - [21/Dec/2025:21:32:14 +0800] "GET /services/processing/qzgyl@cq-qizhou.com HTTP/1.1" 404 8982 "-" "serpstatbot/2.1 (advanced backlink tracking bot; https://serpstatbot.com/; abuse@serpstatbot.com)"
36.133.115.36 - - [21/Dec/2025:21:42:21 +0800] "POST /wp-cron.php?doing_wp_cron=1766324541.5897669792175292968750 HTTP/1.1" 200 31 "-" "WordPress/6.8.3; http://cqqizhou.com"
36.152.157.158 - - [21/Dec/2025:21:42:21 +0800] "GET /Content/lib/utf8-net/net/controller.ashx?action=catchimage HTTP/1.1" 404 8981 "-" "Mozilla/5.0 (Windows NT 10.0; Win64; x64)"
36.133.115.36 - - [21/Dec/2025:21:58:44 +0800] "POST /wp-cron.php?doing_wp_cron=1766325524.6362431049346923828125 HTTP/1.1" 200 31 "-" "WordPress/6.8.3; http://cqqizhou.com"
95.214.55.71 - - [21/Dec/2025:21:58:45 +0800] "GET / HTTP/1.1" 200 109842 "-" "python-requests/2.31.0"
36.133.115.36 - - [21/Dec/2025:22:02:08 +0800] "POST /wp-cron.php?doing_wp_cron=1766325728.6031029224395751953125 HTTP/1.1" 200 31 "-" "WordPress/6.8.3; http://cqqizhou.com"
89.42.231.239 - - [21/Dec/2025:22:02:09 +0800] "GET / HTTP/1.1" 200 152163 "-" "-"
36.133.115.36 - - [21/Dec/2025:22:06:55 +0800] "POST /wp-cron.php?doing_wp_cron=1766326015.2031450271606445312500 HTTP/1.1" 200 31 "-" "WordPress/6.8.3; http://cqqizhou.com"
204.76.203.212 - - [21/Dec/2025:22:06:55 +0800] "GET / HTTP/1.1" 200 33911 "-" "Mozilla/5.0 (Windows NT 10.0; Win64; x64) AppleWebKit/537.36 (KHTML, like Gecko) Chrome/90.0.4430.85 Safari/537.36 Edg/90.0.818.46"
36.133.115.36 - - [21/Dec/2025:22:27:14 +0800] "POST /wp-cron.php?doing_wp_cron=1766327233.9960930347442626953125 HTTP/1.1" 200 31 "-" "WordPress/6.8.3; http://cqqizhou.com"
54.39.0.178 - - [21/Dec/2025:22:27:14 +0800] "GET /robots.txt HTTP/1.1" 200 190 "-" "Mozilla/5.0 (compatible; AhrefsBot/7.0; +http://ahrefs.com/robot/)"
198.244.168.114 - - [21/Dec/2025:22:27:19 +0800] "GET /2215/ HTTP/1.1" 200 20245 "-" "Mozilla/5.0 (compatible; AhrefsBot/7.0; +http://ahrefs.com/robot/)"
36.133.115.36 - - [21/Dec/2025:22:29:05 +0800] "POST /wp-cron.php?doing_wp_cron=1766327345.2106149196624755859375 HTTP/1.1" 200 31 "-" "WordPress/6.8.3; http://cqqizhou.com"
193.142.147.209 - - [21/Dec/2025:22:29:06 +0800] "POST / HTTP/1.1" 200 33911 "-" "Mozilla/5.0 (Windows NT 10.0; Win64; x64) AppleWebKit/537.36"
36.133.115.36 - - [21/Dec/2025:22:30:29 +0800] "POST /wp-cron.php?doing_wp_cron=1766327429.1352820396423339843750 HTTP/1.1" 200 31 "-" "WordPress/6.8.3; http://cqqizhou.com"
141.98.11.140 - - [21/Dec/2025:22:30:29 +0800] "GET / HTTP/1.1" 200 152163 "-" "-"
36.133.115.36 - - [21/Dec/2025:22:44:34 +0800] "POST /wp-cron.php?doing_wp_cron=1766328274.1810019016265869140625 HTTP/1.1" 200 31 "-" "WordPress/6.8.3; http://cqqizhou.com"
182.42.104.32 - - [21/Dec/2025:22:44:34 +0800] "GET / HTTP/1.1" 200 33912 "-" "Mozilla/5.0 (iPhone; CPU iPhone OS 13_2_3 like Mac OS X) AppleWebKit/605.1.15 (KHTML, like Gecko) Version/13.0.3 Mobile/15E148 Safari/604.1"
36.133.115.36 - - [21/Dec/2025:23:09:10 +0800] "POST /wp-cron.php?doing_wp_cron=1766329750.1933081150054931640625 HTTP/1.1" 200 31 "-" "WordPress/6.8.3; http://cqqizhou.com"
51.75.128.94 - - [21/Dec/2025:23:09:10 +0800] "GET /robots.txt HTTP/1.1" 200 390 "-" "Mozilla/5.0 (compatible; MJ12bot/v1.4.8; http://mj12bot.com/)"
51.75.128.94 - - [21/Dec/2025:23:09:13 +0800] "GET /portfolio-tag/%E9%9E%8D%E9%92%A2%E8%92%82%E6%A3%AE/ HTTP/1.1" 200 22821 "-" "Mozilla/5.0 (compatible; MJ12bot/v1.4.8; http://mj12bot.com/)"
51.75.128.94 - - [21/Dec/2025:23:09:15 +0800] "GET /portfolio/%E5%86%B7%E8%BD%A7%E5%8D%B7/ HTTP/1.1" 200 22116 "-" "Mozilla/5.0 (compatible; MJ12bot/v1.4.8; http://mj12bot.com/)"
51.75.128.94 - - [21/Dec/2025:23:09:20 +0800] "GET /portfolio/%E5%86%B7%E8%BD%A7%E6%9D%BF/ HTTP/1.1" 200 18980 "-" "Mozilla/5.0 (compatible; MJ12bot/v1.4.8; http://mj12bot.com/)"
204.76.203.212 - - [21/Dec/2025:23:09:56 +0800] "GET / HTTP/1.1" 499 0 "-" "Mozilla/5.0 (Windows NT 10.0; Win64; x64) AppleWebKit/537.36 (KHTML, like Gecko) Chrome/90.0.4430.85 Safari/537.36 Edg/90.0.818.46"
36.133.115.36 - - [21/Dec/2025:23:09:57 +0800] "POST /wp-cron.php?doing_wp_cron=1766329797.1398909091949462890625 HTTP/1.1" 200 31 "-" "WordPress/6.8.3; http://cqqizhou.com"
36.133.115.36 - - [21/Dec/2025:23:27:53 +0800] "POST /wp-cron.php?doing_wp_cron=1766330873.6791040897369384765625 HTTP/1.1" 200 31 "-" "WordPress/6.8.3; http://cqqizhou.com"
170.106.163.84 - - [21/Dec/2025:23:27:53 +0800] "GET / HTTP/1.1" 301 5 "-" "Mozilla/5.0 (iPhone; CPU iPhone OS 13_2_3 like Mac OS X) AppleWebKit/605.1.15 (KHTML, like Gecko) Version/13.0.3 Mobile/15E148 Safari/604.1"
170.106.163.84 - - [21/Dec/2025:23:27:56 +0800] "GET / HTTP/1.1" 200 33911 "http://www.cqqizhou.com" "Mozilla/5.0 (iPhone; CPU iPhone OS 13_2_3 like Mac OS X) AppleWebKit/605.1.15 (KHTML, like Gecko) Version/13.0.3 Mobile/15E148 Safari/604.1"
36.133.115.36 - - [21/Dec/2025:23:41:57 +0800] "POST /wp-cron.php?doing_wp_cron=1766331717.0541551113128662109375 HTTP/1.1" 200 31 "-" "WordPress/6.8.3; http://cqqizhou.com"
204.76.203.212 - - [21/Dec/2025:23:41:57 +0800] "GET / HTTP/1.1" 200 33911 "-" "Mozilla/5.0 (Windows NT 10.0; Win64; x64) AppleWebKit/537.36 (KHTML, like Gecko) Chrome/90.0.4430.85 Safari/537.36 Edg/90.0.818.46"
36.133.115.36 - - [21/Dec/2025:23:56:44 +0800] "POST /wp-cron.php?doing_wp_cron=1766332604.7919709682464599609375 HTTP/1.1" 200 31 "-" "WordPress/6.8.3; http://cqqizhou.com"
43.130.39.254 - - [21/Dec/2025:23:56:44 +0800] "GET / HTTP/1.1" 301 5 "-" "Mozilla/5.0 (iPhone; CPU iPhone OS 13_2_3 like Mac OS X) AppleWebKit/605.1.15 (KHTML, like Gecko) Version/13.0.3 Mobile/15E148 Safari/604.1"
36.133.115.36 - - [21/Dec/2025:23:56:47 +0800] "POST /wp-cron.php?doing_wp_cron=1766332607.5628020763397216796875 HTTP/1.1" 200 31 "-" "WordPress/6.8.3; http://cqqizhou.com"
43.130.39.254 - - [21/Dec/2025:23:56:47 +0800] "GET / HTTP/1.1" 200 33912 "http://36.133.115.36" "Mozilla/5.0 (iPhone; CPU iPhone OS 13_2_3 like Mac OS X) AppleWebKit/605.1.15 (KHTML, like Gecko) Version/13.0.3 Mobile/15E148 Safari/604.1"
110.249.202.89 - - [21/Dec/2025:23:57:02 +0800] "GET /robots.txt HTTP/1.1" 200 190 "-" "Mozilla/5.0 (Linux; Android 5.0) AppleWebKit/537.36 (KHTML, like Gecko) Mobile Safari/537.36 (compatible; Bytespider; https://zhanzhang.toutiao.com/)"