File: /home/logs/cqqizhou_access_2025-12-21.log
36.133.115.36 - - [21/Dec/2025:00:05:53 +0800] "POST /wp-cron.php?doing_wp_cron=1766246753.8365440368652343750000 HTTP/1.1" 200 31 "-" "WordPress/6.8.3; http://cqqizhou.com"
164.52.24.178 - - [21/Dec/2025:00:05:53 +0800] "GET / HTTP/1.1" 301 5 "-" "Mozilla/5.0 (Windows NT 10.0; Win64; x64) AppleWebKit/537.36 (KHTML, like Gecko) Chrome/114.0.0.0 Safari/537.36"
164.52.24.178 - - [21/Dec/2025:00:05:58 +0800] "GET / HTTP/1.1" 301 5 "-" "-"
164.52.24.178 - - [21/Dec/2025:00:06:07 +0800] "GET / HTTP/1.1" 200 166118 "-" "Mozilla/5.0 (Windows NT 10.0; Win64; x64) AppleWebKit/537.36 (KHTML, like Gecko) Chrome/114.0.0.0 Safari/537.36"
36.133.115.36 - - [21/Dec/2025:00:15:12 +0800] "POST /wp-cron.php?doing_wp_cron=1766247312.8958189487457275390625 HTTP/1.1" 200 31 "-" "WordPress/6.8.3; http://cqqizhou.com"
5.187.35.158 - - [21/Dec/2025:00:15:12 +0800] "GET /SDK/webLanguage HTTP/1.1" 301 5 "-" "Mozilla/5.0 (Windows NT 10.0; Win64; x64) AppleWebKit/537.36 (KHTML, like Gecko) Chrome/90.0.4430.85 Safari/537.36 Edg/90.0.818.46"
204.76.203.212 - - [21/Dec/2025:00:15:21 +0800] "GET / HTTP/1.1" 200 33912 "-" "Mozilla/5.0 (Windows NT 10.0; Win64; x64) AppleWebKit/537.36 (KHTML, like Gecko) Chrome/90.0.4430.85 Safari/537.36 Edg/90.0.818.46"
36.133.115.36 - - [21/Dec/2025:00:45:48 +0800] "POST /wp-cron.php?doing_wp_cron=1766249148.1891970634460449218750 HTTP/1.1" 200 31 "-" "WordPress/6.8.3; http://cqqizhou.com"
204.76.203.212 - - [21/Dec/2025:00:45:48 +0800] "GET / HTTP/1.1" 200 33912 "-" "Mozilla/5.0 (Windows NT 10.0; Win64; x64) AppleWebKit/537.36 (KHTML, like Gecko) Chrome/90.0.4430.85 Safari/537.36 Edg/90.0.818.46"
36.133.115.36 - - [21/Dec/2025:00:48:56 +0800] "POST /wp-cron.php?doing_wp_cron=1766249336.1626629829406738281250 HTTP/1.1" 200 31 "-" "WordPress/6.8.3; http://cqqizhou.com"
87.121.84.148 - - [21/Dec/2025:00:48:57 +0800] "GET / HTTP/1.1" 200 152163 "-" "Mozilla/1.0"
36.133.115.36 - - [21/Dec/2025:00:56:19 +0800] "POST /wp-cron.php?doing_wp_cron=1766249778.9978671073913574218750 HTTP/1.1" 200 31 "-" "WordPress/6.8.3; http://cqqizhou.com"
43.153.54.14 - - [21/Dec/2025:00:56:19 +0800] "GET / HTTP/1.1" 200 33912 "-" "Mozilla/5.0 (iPhone; CPU iPhone OS 13_2_3 like Mac OS X) AppleWebKit/605.1.15 (KHTML, like Gecko) Version/13.0.3 Mobile/15E148 Safari/604.1"
36.133.115.36 - - [21/Dec/2025:01:01:03 +0800] "POST /wp-cron.php?doing_wp_cron=1766250063.1536350250244140625000 HTTP/1.1" 200 31 "-" "WordPress/6.8.3; http://cqqizhou.com"
20.171.8.1 - - [21/Dec/2025:01:01:03 +0800] "GET / HTTP/1.1" 301 5 "-" "Mozilla/5.0 zgrab/0.x"
36.133.115.36 - - [21/Dec/2025:01:03:37 +0800] "POST /wp-cron.php?doing_wp_cron=1766250217.4518799781799316406250 HTTP/1.1" 200 31 "-" "WordPress/6.8.3; http://cqqizhou.com"
36.59.98.120 - - [21/Dec/2025:01:03:37 +0800] "GET /Ly9jcXFpemhvdS5jb20vd3AtY29udGVudC91cGxvYWRzL3JldnNsaWRlci9zbGlkZXItMS8xNzUwODYxMTU2LWxvZ2lzdGljc19TbGlkZXJfMzg0MMOXMjE2MF8yMDI1MDYyNTE5MTM1Ni1zY2FsZWQud2VicA== HTTP/1.1" 404 8980 "-" "Mozilla/5.0 (Windows NT 6.1; WOW64) AppleWebKit/537.36 (KHTML, like Gecko) Chrome/72.0.3626.69"
36.133.115.36 - - [21/Dec/2025:01:04:35 +0800] "POST /wp-cron.php?doing_wp_cron=1766250275.2227039337158203125000 HTTP/1.1" 200 31 "-" "WordPress/6.8.3; http://cqqizhou.com"
223.73.72.231 - - [21/Dec/2025:01:04:35 +0800] "GET /Ly9jcXFpemhvdS5jb20vd3AtY29udGVudC91cGxvYWRzLzIwMjUvMTIvMTc2NTI2ODk1NS1xaXpob3VfU2xpZGVyMV8zODQww5cyMTYwXzIwMjUxMjEwLXNjYWxlZC53ZWJw HTTP/1.1" 404 8980 "-" "Mozilla/5.0 (Windows NT 6.1; WOW64) AppleWebKit/537.36 (KHTML, like Gecko) Chrome/81.0.4044.69"
36.133.115.36 - - [21/Dec/2025:01:09:31 +0800] "POST /wp-cron.php?doing_wp_cron=1766250571.7568230628967285156250 HTTP/1.1" 200 31 "-" "WordPress/6.8.3; http://cqqizhou.com"
113.184.159.166 - - [21/Dec/2025:01:09:32 +0800] "GET http://cqqizhou.com/news/ HTTP/1.1" 200 19613 "-" "Mozilla/5.0 (iPhone; CPU iPhone OS 17_0 like Mac OS X) AppleWebKit/605.1.15 (KHTML, like Gecko) Version/17.0 Mobile/15E148 Safari/604.1 OPT/4.2.3"
186.218.57.225 - - [21/Dec/2025:01:09:32 +0800] "GET http://cqqizhou.com/portfolio/ HTTP/1.1" 200 20629 "-" "Mozilla/5.0 (Macintosh; Intel Mac OS X 10_15_7) AppleWebKit/537.36 (KHTML, like Gecko) Chrome/122.0.0.0 Safari/537.36"
14.229.67.255 - - [21/Dec/2025:01:09:32 +0800] "GET http://cqqizhou.com/services/processing/ HTTP/1.1" 200 18950 "-" "Mozilla/5.0 (iPhone; CPU iPhone OS 17_0 like Mac OS X) AppleWebKit/605.1.15 (KHTML, like Gecko) Version/17.0 Mobile/15E148 Safari/604.1 OPX/2.0.1"
41.10.132.161 - - [21/Dec/2025:01:09:34 +0800] "GET http://cqqizhou.com/portfolio/pickled-coil/ HTTP/1.1" 200 22182 "-" "Mozilla/5.0 (Windows NT 10.0; Win64; x64) AppleWebKit/537.36 (KHTML, like Gecko) Chrome/121.0.0.0 Safari/537.36 Edg/121.0.0.0 Trailer/92.3.3357.27"
103.121.38.163 - - [21/Dec/2025:01:09:37 +0800] "GET http://cqqizhou.com/portfolio-tag/%E9%9E%8D%E9%92%A2%E8%92%82%E6%A3%AE/ HTTP/1.1" 200 22821 "-" "Mozilla/5.0 (iPad; CPU OS 17_0 like Mac OS X) AppleWebKit/605.1.15 (KHTML, like Gecko) Version/17.0 Mobile/15E148 Safari/604.1"
36.133.115.36 - - [21/Dec/2025:01:09:46 +0800] "POST /wp-cron.php?doing_wp_cron=1766250586.6253240108489990234375 HTTP/1.1" 200 31 "-" "WordPress/6.8.3; http://cqqizhou.com"
43.153.135.208 - - [21/Dec/2025:01:09:46 +0800] "GET / HTTP/1.1" 200 33912 "-" "Mozilla/5.0 (iPhone; CPU iPhone OS 13_2_3 like Mac OS X) AppleWebKit/605.1.15 (KHTML, like Gecko) Version/13.0.3 Mobile/15E148 Safari/604.1"
14.191.226.94 - - [21/Dec/2025:01:09:55 +0800] "GET http://cqqizhou.com/2361/ HTTP/1.1" 200 20317 "-" "Mozilla/5.0 (Linux; Android 10; K) AppleWebKit/537.36 (KHTML, like Gecko) Chrome/122.0.0.0 Mobile Safari/537.36"
36.133.115.36 - - [21/Dec/2025:01:11:07 +0800] "POST /wp-cron.php?doing_wp_cron=1766250667.7951390743255615234375 HTTP/1.1" 200 31 "-" "WordPress/6.8.3; http://cqqizhou.com"
198.211.114.185 - - [21/Dec/2025:01:11:07 +0800] "GET /.env HTTP/1.1" 404 8980 "-" "Mozilla/5.0; Keydrop.io/1.0(onlyscans.com/about);"
198.211.114.185 - - [21/Dec/2025:01:11:09 +0800] "GET /.git/config HTTP/1.1" 404 8980 "-" "Mozilla/5.0; Keydrop.io/1.0(onlyscans.com/about);"
36.133.115.36 - - [21/Dec/2025:01:16:11 +0800] "POST /wp-cron.php?doing_wp_cron=1766250971.0567729473114013671875 HTTP/1.1" 200 31 "-" "WordPress/6.8.3; http://cqqizhou.com"
185.180.140.106 - - [21/Dec/2025:01:16:11 +0800] "GET / HTTP/1.1" 301 5 "-" "Mozilla/5.0 (Windows NT 10.0; Win64; x64) AppleWebKit/537.36 (KHTML, like Gecko) Chrome/60.0.3112.113 Safari/537.36"
185.180.140.107 - - [21/Dec/2025:01:16:12 +0800] "GET / HTTP/1.1" 200 39803 "http://36.133.115.36/" "Mozilla/5.0 (Windows NT 10.0; Win64; x64) AppleWebKit/537.36 (KHTML, like Gecko) Chrome/60.0.3112.113 Safari/537.36"
36.133.115.36 - - [21/Dec/2025:01:17:07 +0800] "POST /wp-cron.php?doing_wp_cron=1766251027.3261520862579345703125 HTTP/1.1" 200 31 "-" "WordPress/6.8.3; http://cqqizhou.com"
204.76.203.212 - - [21/Dec/2025:01:17:07 +0800] "GET / HTTP/1.1" 200 33912 "-" "Mozilla/5.0 (Windows NT 10.0; Win64; x64) AppleWebKit/537.36 (KHTML, like Gecko) Chrome/90.0.4430.85 Safari/537.36 Edg/90.0.818.46"
36.133.115.36 - - [21/Dec/2025:01:19:34 +0800] "POST /wp-cron.php?doing_wp_cron=1766251174.0084331035614013671875 HTTP/1.1" 200 31 "-" "WordPress/6.8.3; http://cqqizhou.com"
123.120.49.28 - - [21/Dec/2025:01:19:34 +0800] "GET /Ly9jcXFpemhvdS5jb20vd3AtY29udGVudC91cGxvYWRzLzIwMjUvMTIvMTc2NTI2NTM5OC1xaXpob3VfU2xpZGVyXzM4NDDDlzIxNjBfMjAyNTEyMDktc2NhbGVkLndlYnA= HTTP/1.1" 404 8981 "-" "Mozilla/5.0 (Windows NT 10.0; Win64; x64) AppleWebKit/537.36 (KHTML, like Gecko) Chrome/78.0.3904.105"
36.133.115.36 - - [21/Dec/2025:01:32:05 +0800] "POST /wp-cron.php?doing_wp_cron=1766251925.2994680404663085937500 HTTP/1.1" 200 31 "-" "WordPress/6.8.3; http://cqqizhou.com"
43.157.20.63 - - [21/Dec/2025:01:32:05 +0800] "GET /portfolio-category/hot-dip-galvanized-coil/ HTTP/1.1" 200 17740 "-" "Mozilla/5.0 (iPhone; CPU iPhone OS 13_2_3 like Mac OS X) AppleWebKit/605.1.15 (KHTML, like Gecko) Version/13.0.3 Mobile/15E148 Safari/604.1"
36.133.115.36 - - [21/Dec/2025:01:39:38 +0800] "POST /wp-cron.php?doing_wp_cron=1766252377.9765479564666748046875 HTTP/1.1" 200 31 "-" "WordPress/6.8.3; http://cqqizhou.com"
162.62.132.25 - - [21/Dec/2025:01:39:38 +0800] "GET /wp-json/oembed/1.0/embed?url=http%3A%2F%2Fcqqizhou.com%2F HTTP/1.1" 200 1095 "-" "Mozilla/5.0 (iPhone; CPU iPhone OS 13_2_3 like Mac OS X) AppleWebKit/605.1.15 (KHTML, like Gecko) Version/13.0.3 Mobile/15E148 Safari/604.1"
36.133.115.36 - - [21/Dec/2025:01:44:56 +0800] "POST /wp-cron.php?doing_wp_cron=1766252696.2897510528564453125000 HTTP/1.1" 200 31 "-" "WordPress/6.8.3; http://cqqizhou.com"
95.214.55.71 - - [21/Dec/2025:01:44:56 +0800] "GET / HTTP/1.1" 200 109842 "-" "-"
36.133.115.36 - - [21/Dec/2025:01:49:40 +0800] "POST /wp-cron.php?doing_wp_cron=1766252980.5965089797973632812500 HTTP/1.1" 200 31 "-" "WordPress/6.8.3; http://cqqizhou.com"
43.167.241.46 - - [21/Dec/2025:01:49:40 +0800] "GET /wp-content/uploads/2025/07/1753456770- HTTP/1.1" 404 8980 "-" "Mozilla/5.0 (iPhone; CPU iPhone OS 13_2_3 like Mac OS X) AppleWebKit/605.1.15 (KHTML, like Gecko) Version/13.0.3 Mobile/15E148 Safari/604.1"
36.133.115.36 - - [21/Dec/2025:01:50:38 +0800] "POST /wp-cron.php?doing_wp_cron=1766253038.6883649826049804687500 HTTP/1.1" 200 31 "-" "WordPress/6.8.3; http://cqqizhou.com"
27.186.12.201 - - [21/Dec/2025:01:50:38 +0800] "GET /Ly9jcXFpemhvdS5jb20vd3AtY29udGVudC91cGxvYWRzL3JldnNsaWRlci9zbGlkZXItMS8xNzUxMzU4MjE5LXFpemhvdWRhbG91X1NsaWRlcl8zODQww5cyMTYwXzIwMjUwNzAxMTYxNTA1LXNjYWxlZC53ZWJw HTTP/1.1" 404 8980 "-" "Mozilla/5.0 (Windows NT 6.1) AppleWebKit/537.36 (KHTML, like Gecko) Chrome/87.0.4280.88"
36.133.115.36 - - [21/Dec/2025:01:54:41 +0800] "POST /wp-cron.php?doing_wp_cron=1766253281.5429708957672119140625 HTTP/1.1" 200 31 "-" "WordPress/6.8.3; http://cqqizhou.com"
204.76.203.212 - - [21/Dec/2025:01:54:41 +0800] "GET / HTTP/1.1" 200 33912 "-" "Mozilla/5.0 (Windows NT 10.0; Win64; x64) AppleWebKit/537.36 (KHTML, like Gecko) Chrome/90.0.4430.85 Safari/537.36 Edg/90.0.818.46"
42.83.147.54 - - [21/Dec/2025:01:59:00 +0800] "GET / HTTP/1.1" 200 39803 "-" "Mozilla/5.0 (Windows NT 6.1; Win64; x64) AppleWebKit/537.36 (KHTML, like Gecko)Chrome/74.0.3729.169 Safari/537.36"
36.133.115.36 - - [21/Dec/2025:02:00:20 +0800] "POST /wp-cron.php?doing_wp_cron=1766253620.2343161106109619140625 HTTP/1.1" 200 31 "-" "WordPress/6.8.3; http://cqqizhou.com"
43.156.232.190 - - [21/Dec/2025:02:00:20 +0800] "GET / HTTP/1.1" 200 33912 "-" "Mozilla/5.0 (iPhone; CPU iPhone OS 13_2_3 like Mac OS X) AppleWebKit/605.1.15 (KHTML, like Gecko) Version/13.0.3 Mobile/15E148 Safari/604.1"
36.133.115.36 - - [21/Dec/2025:02:06:24 +0800] "POST /wp-cron.php?doing_wp_cron=1766253984.3490889072418212890625 HTTP/1.1" 200 31 "-" "WordPress/6.8.3; http://cqqizhou.com"
204.76.203.18 - - [21/Dec/2025:02:06:24 +0800] "GET /backup/ HTTP/1.1" 301 5 "-" "-"
36.133.115.36 - - [21/Dec/2025:02:09:23 +0800] "POST /wp-cron.php?doing_wp_cron=1766254163.3096640110015869140625 HTTP/1.1" 200 31 "-" "WordPress/6.8.3; http://cqqizhou.com"
162.62.231.139 - - [21/Dec/2025:02:09:23 +0800] "GET /wp-content/uploads/2025/12/1765265398-qizhou_Slider_3840 HTTP/1.1" 404 8980 "-" "Mozilla/5.0 (iPhone; CPU iPhone OS 13_2_3 like Mac OS X) AppleWebKit/605.1.15 (KHTML, like Gecko) Version/13.0.3 Mobile/15E148 Safari/604.1"
36.133.115.36 - - [21/Dec/2025:02:11:07 +0800] "POST /wp-cron.php?doing_wp_cron=1766254267.5367100238800048828125 HTTP/1.1" 200 31 "-" "WordPress/6.8.3; http://cqqizhou.com"
42.48.38.225 - - [21/Dec/2025:02:11:07 +0800] "GET / HTTP/1.1" 301 5 "-" "Mozilla/5.0101097241 Mozilla/5.0 (Windows NT 10.0; Win64; x64) AppleWebKit/537.36 (KHTML, like Gecko) Chrome/69.0.3497.81 Safari/537.36"
114.97.190.105 - - [21/Dec/2025:02:11:08 +0800] "GET / HTTP/1.1" 200 39803 "-" "Mozilla/5.0101097241 Mozilla/5.0 (Windows NT 10.0; Win64; x64) AppleWebKit/537.36 (KHTML, like Gecko) Chrome/69.0.3497.81 Safari/537.36"
36.133.115.36 - - [21/Dec/2025:02:25:12 +0800] "POST /wp-cron.php?doing_wp_cron=1766255112.2202260494232177734375 HTTP/1.1" 200 31 "-" "WordPress/6.8.3; http://cqqizhou.com"
204.76.203.212 - - [21/Dec/2025:02:25:12 +0800] "GET / HTTP/1.1" 200 33911 "-" "Mozilla/5.0 (Windows NT 10.0; Win64; x64) AppleWebKit/537.36 (KHTML, like Gecko) Chrome/90.0.4430.85 Safari/537.36 Edg/90.0.818.46"
36.133.115.36 - - [21/Dec/2025:02:26:32 +0800] "POST /wp-cron.php?doing_wp_cron=1766255192.0824289321899414062500 HTTP/1.1" 200 31 "-" "WordPress/6.8.3; http://cqqizhou.com"
62.60.131.239 - - [21/Dec/2025:02:26:33 +0800] "POST / HTTP/1.1" 200 152163 "-" "Mozilla/5.0 (X11; Linux x86_64; rv:145.0) Gecko/20100101 Firefox/145.0"
62.60.131.239 - - [21/Dec/2025:02:26:37 +0800] "POST /_next HTTP/1.1" 404 31364 "-" "Mozilla/5.0 (X11; Linux x86_64; rv:145.0) Gecko/20100101 Firefox/145.0"
62.60.131.239 - - [21/Dec/2025:02:26:40 +0800] "POST /_next/flight HTTP/1.1" 404 31364 "-" "Mozilla/5.0 (X11; Linux x86_64; rv:145.0) Gecko/20100101 Firefox/145.0"
62.60.131.239 - - [21/Dec/2025:02:26:45 +0800] "POST /app HTTP/1.1" 404 31364 "-" "Mozilla/5.0 (X11; Linux x86_64; rv:145.0) Gecko/20100101 Firefox/145.0"
36.133.115.36 - - [21/Dec/2025:02:26:48 +0800] "POST /wp-cron.php?doing_wp_cron=1766255208.6643850803375244140625 HTTP/1.1" 200 31 "-" "WordPress/6.8.3; http://cqqizhou.com"
62.60.131.239 - - [21/Dec/2025:02:26:48 +0800] "POST /api HTTP/1.1" 404 31364 "-" "Mozilla/5.0 (X11; Linux x86_64; rv:145.0) Gecko/20100101 Firefox/145.0"
62.60.131.239 - - [21/Dec/2025:02:26:52 +0800] "POST /api/login HTTP/1.1" 404 31364 "-" "Mozilla/5.0 (X11; Linux x86_64; rv:145.0) Gecko/20100101 Firefox/145.0"
62.60.131.239 - - [21/Dec/2025:02:26:55 +0800] "POST /api/health HTTP/1.1" 404 31364 "-" "Mozilla/5.0 (X11; Linux x86_64; rv:145.0) Gecko/20100101 Firefox/145.0"
62.60.131.239 - - [21/Dec/2025:02:26:58 +0800] "POST /api/route HTTP/1.1" 404 31364 "-" "Mozilla/5.0 (X11; Linux x86_64; rv:145.0) Gecko/20100101 Firefox/145.0"
62.60.131.239 - - [21/Dec/2025:02:27:02 +0800] "POST /_next/server HTTP/1.1" 404 31364 "-" "Mozilla/5.0 (X11; Linux x86_64; rv:145.0) Gecko/20100101 Firefox/145.0"
62.60.131.239 - - [21/Dec/2025:02:27:05 +0800] "POST /_next/static HTTP/1.1" 404 31364 "-" "Mozilla/5.0 (X11; Linux x86_64; rv:145.0) Gecko/20100101 Firefox/145.0"
62.60.131.239 - - [21/Dec/2025:02:27:09 +0800] "POST /_next/data HTTP/1.1" 404 31364 "-" "Mozilla/5.0 (X11; Linux x86_64; rv:145.0) Gecko/20100101 Firefox/145.0"
62.60.131.239 - - [21/Dec/2025:02:27:12 +0800] "POST /_next/refresh HTTP/1.1" 404 31364 "-" "Mozilla/5.0 (X11; Linux x86_64; rv:145.0) Gecko/20100101 Firefox/145.0"
62.60.131.239 - - [21/Dec/2025:02:27:15 +0800] "POST /_next/redirect HTTP/1.1" 404 31364 "-" "Mozilla/5.0 (X11; Linux x86_64; rv:145.0) Gecko/20100101 Firefox/145.0"
62.60.131.239 - - [21/Dec/2025:02:27:19 +0800] "POST /_next/turbopack/flight HTTP/1.1" 404 31364 "-" "Mozilla/5.0 (X11; Linux x86_64; rv:145.0) Gecko/20100101 Firefox/145.0"
62.60.131.239 - - [21/Dec/2025:02:27:22 +0800] "POST /_next/webpack-hmr HTTP/1.1" 404 31364 "-" "Mozilla/5.0 (X11; Linux x86_64; rv:145.0) Gecko/20100101 Firefox/145.0"
62.60.131.239 - - [21/Dec/2025:02:27:26 +0800] "POST /_next/server-actions HTTP/1.1" 404 31364 "-" "Mozilla/5.0 (X11; Linux x86_64; rv:145.0) Gecko/20100101 Firefox/145.0"
62.60.131.239 - - [21/Dec/2025:02:27:29 +0800] "POST /_next/api HTTP/1.1" 404 31364 "-" "Mozilla/5.0 (X11; Linux x86_64; rv:145.0) Gecko/20100101 Firefox/145.0"
62.60.131.239 - - [21/Dec/2025:02:27:33 +0800] "POST /_next/app HTTP/1.1" 404 31364 "-" "Mozilla/5.0 (X11; Linux x86_64; rv:145.0) Gecko/20100101 Firefox/145.0"
62.60.131.239 - - [21/Dec/2025:02:27:36 +0800] "POST /_next/files HTTP/1.1" 404 31364 "-" "Mozilla/5.0 (X11; Linux x86_64; rv:145.0) Gecko/20100101 Firefox/145.0"
62.60.131.239 - - [21/Dec/2025:02:27:40 +0800] "POST /_next/image HTTP/1.1" 404 31364 "-" "Mozilla/5.0 (X11; Linux x86_64; rv:145.0) Gecko/20100101 Firefox/145.0"
62.60.131.239 - - [21/Dec/2025:02:27:43 +0800] "POST /_react HTTP/1.1" 404 31364 "-" "Mozilla/5.0 (X11; Linux x86_64; rv:145.0) Gecko/20100101 Firefox/145.0"
36.133.115.36 - - [21/Dec/2025:02:27:47 +0800] "POST /wp-cron.php?doing_wp_cron=1766255266.9664158821105957031250 HTTP/1.1" 200 31 "-" "WordPress/6.8.3; http://cqqizhou.com"
62.60.131.239 - - [21/Dec/2025:02:27:47 +0800] "POST /_react/flight HTTP/1.1" 404 31364 "-" "Mozilla/5.0 (X11; Linux x86_64; rv:145.0) Gecko/20100101 Firefox/145.0"
62.60.131.239 - - [21/Dec/2025:02:27:50 +0800] "POST /_next/static/chunks/app/_app HTTP/1.1" 404 31364 "-" "Mozilla/5.0 (X11; Linux x86_64; rv:145.0) Gecko/20100101 Firefox/145.0"
62.60.131.239 - - [21/Dec/2025:02:27:53 +0800] "POST /_next/static/chunks/app/_error HTTP/1.1" 404 31364 "-" "Mozilla/5.0 (X11; Linux x86_64; rv:145.0) Gecko/20100101 Firefox/145.0"
62.60.131.239 - - [21/Dec/2025:02:27:57 +0800] "POST /_next/static/chunks/app/_document HTTP/1.1" 404 31364 "-" "Mozilla/5.0 (X11; Linux x86_64; rv:145.0) Gecko/20100101 Firefox/145.0"
62.60.131.239 - - [21/Dec/2025:02:28:00 +0800] "POST /_next-live/feedback HTTP/1.1" 404 31364 "-" "Mozilla/5.0 (X11; Linux x86_64; rv:145.0) Gecko/20100101 Firefox/145.0"
62.60.131.239 - - [21/Dec/2025:02:28:04 +0800] "POST /_next-website/images HTTP/1.1" 404 31364 "-" "Mozilla/5.0 (X11; Linux x86_64; rv:145.0) Gecko/20100101 Firefox/145.0"
62.60.131.239 - - [21/Dec/2025:02:28:07 +0800] "POST /_next/static/media HTTP/1.1" 404 31364 "-" "Mozilla/5.0 (X11; Linux x86_64; rv:145.0) Gecko/20100101 Firefox/145.0"
62.60.131.239 - - [21/Dec/2025:02:28:10 +0800] "POST /_next/data/build HTTP/1.1" 404 31364 "-" "Mozilla/5.0 (X11; Linux x86_64; rv:145.0) Gecko/20100101 Firefox/145.0"
62.60.131.239 - - [21/Dec/2025:02:28:13 +0800] "POST /_next/data/build/en HTTP/1.1" 404 31364 "-" "Mozilla/5.0 (X11; Linux x86_64; rv:145.0) Gecko/20100101 Firefox/145.0"
62.60.131.239 - - [21/Dec/2025:02:28:16 +0800] "POST /_next/data/production HTTP/1.1" 404 31364 "-" "Mozilla/5.0 (X11; Linux x86_64; rv:145.0) Gecko/20100101 Firefox/145.0"
62.60.131.239 - - [21/Dec/2025:02:28:19 +0800] "POST /_next/data/production/forms HTTP/1.1" 404 31364 "-" "Mozilla/5.0 (X11; Linux x86_64; rv:145.0) Gecko/20100101 Firefox/145.0"
62.60.131.239 - - [21/Dec/2025:02:28:23 +0800] "POST /_next/static/chunks HTTP/1.1" 404 31364 "-" "Mozilla/5.0 (X11; Linux x86_64; rv:145.0) Gecko/20100101 Firefox/145.0"
62.60.131.239 - - [21/Dec/2025:02:28:27 +0800] "POST /_next/static-chunks HTTP/1.1" 404 31364 "-" "Mozilla/5.0 (X11; Linux x86_64; rv:145.0) Gecko/20100101 Firefox/145.0"
62.60.131.239 - - [21/Dec/2025:02:28:30 +0800] "POST /_next/static/assets HTTP/1.1" 404 31364 "-" "Mozilla/5.0 (X11; Linux x86_64; rv:145.0) Gecko/20100101 Firefox/145.0"
62.60.131.239 - - [21/Dec/2025:02:28:33 +0800] "POST /_next/static/assets/fonts HTTP/1.1" 404 31364 "-" "Mozilla/5.0 (X11; Linux x86_64; rv:145.0) Gecko/20100101 Firefox/145.0"
62.60.131.239 - - [21/Dec/2025:02:28:37 +0800] "POST /_next/static/assets/icons HTTP/1.1" 404 31364 "-" "Mozilla/5.0 (X11; Linux x86_64; rv:145.0) Gecko/20100101 Firefox/145.0"
62.60.131.239 - - [21/Dec/2025:02:28:40 +0800] "POST /_next/static/assets/images HTTP/1.1" 404 31364 "-" "Mozilla/5.0 (X11; Linux x86_64; rv:145.0) Gecko/20100101 Firefox/145.0"
62.60.131.239 - - [21/Dec/2025:02:28:44 +0800] "POST /_next/static/build HTTP/1.1" 404 31364 "-" "Mozilla/5.0 (X11; Linux x86_64; rv:145.0) Gecko/20100101 Firefox/145.0"
36.133.115.36 - - [21/Dec/2025:02:28:47 +0800] "POST /wp-cron.php?doing_wp_cron=1766255327.1355509757995605468750 HTTP/1.1" 200 31 "-" "WordPress/6.8.3; http://cqqizhou.com"
62.60.131.239 - - [21/Dec/2025:02:28:47 +0800] "POST /_next/static/commons HTTP/1.1" 404 31364 "-" "Mozilla/5.0 (X11; Linux x86_64; rv:145.0) Gecko/20100101 Firefox/145.0"
62.60.131.239 - - [21/Dec/2025:02:28:50 +0800] "POST /_next/static/css HTTP/1.1" 404 31364 "-" "Mozilla/5.0 (X11; Linux x86_64; rv:145.0) Gecko/20100101 Firefox/145.0"
62.60.131.239 - - [21/Dec/2025:02:28:54 +0800] "POST /_next/static/css/app HTTP/1.1" 404 31364 "-" "Mozilla/5.0 (X11; Linux x86_64; rv:145.0) Gecko/20100101 Firefox/145.0"
62.60.131.239 - - [21/Dec/2025:02:28:57 +0800] "POST /_next/static/css/pages HTTP/1.1" 404 31364 "-" "Mozilla/5.0 (X11; Linux x86_64; rv:145.0) Gecko/20100101 Firefox/145.0"
62.60.131.239 - - [21/Dec/2025:02:29:00 +0800] "POST /_next/static/development HTTP/1.1" 404 31364 "-" "Mozilla/5.0 (X11; Linux x86_64; rv:145.0) Gecko/20100101 Firefox/145.0"
62.60.131.239 - - [21/Dec/2025:02:29:03 +0800] "POST /_next/static/development/pages HTTP/1.1" 404 31364 "-" "Mozilla/5.0 (X11; Linux x86_64; rv:145.0) Gecko/20100101 Firefox/145.0"
62.60.131.239 - - [21/Dec/2025:02:29:07 +0800] "POST /_next/static/example HTTP/1.1" 404 31364 "-" "Mozilla/5.0 (X11; Linux x86_64; rv:145.0) Gecko/20100101 Firefox/145.0"
62.60.131.239 - - [21/Dec/2025:02:29:10 +0800] "POST /_next/static/files HTTP/1.1" 404 31364 "-" "Mozilla/5.0 (X11; Linux x86_64; rv:145.0) Gecko/20100101 Firefox/145.0"
62.60.131.239 - - [21/Dec/2025:02:29:14 +0800] "POST /_next/static/filles HTTP/1.1" 404 31364 "-" "Mozilla/5.0 (X11; Linux x86_64; rv:145.0) Gecko/20100101 Firefox/145.0"
62.60.131.239 - - [21/Dec/2025:02:29:17 +0800] "POST /_next/static/fonts HTTP/1.1" 404 31364 "-" "Mozilla/5.0 (X11; Linux x86_64; rv:145.0) Gecko/20100101 Firefox/145.0"
62.60.131.239 - - [21/Dec/2025:02:29:21 +0800] "POST /_next/static/icon-section HTTP/1.1" 404 31364 "-" "Mozilla/5.0 (X11; Linux x86_64; rv:145.0) Gecko/20100101 Firefox/145.0"
62.60.131.239 - - [21/Dec/2025:02:29:24 +0800] "POST /_next/static/icons HTTP/1.1" 404 31364 "-" "Mozilla/5.0 (X11; Linux x86_64; rv:145.0) Gecko/20100101 Firefox/145.0"
62.60.131.239 - - [21/Dec/2025:02:29:27 +0800] "POST /_next/static/image/assets HTTP/1.1" 404 31364 "-" "Mozilla/5.0 (X11; Linux x86_64; rv:145.0) Gecko/20100101 Firefox/145.0"
62.60.131.239 - - [21/Dec/2025:02:29:30 +0800] "POST /_next/static/image/public HTTP/1.1" 404 31364 "-" "Mozilla/5.0 (X11; Linux x86_64; rv:145.0) Gecko/20100101 Firefox/145.0"
62.60.131.239 - - [21/Dec/2025:02:29:34 +0800] "POST /_next/static/image/public/images HTTP/1.1" 404 31364 "-" "Mozilla/5.0 (X11; Linux x86_64; rv:145.0) Gecko/20100101 Firefox/145.0"
62.60.131.239 - - [21/Dec/2025:02:29:38 +0800] "POST /_next/static/image/public/v2/images HTTP/1.1" 404 31364 "-" "Mozilla/5.0 (X11; Linux x86_64; rv:145.0) Gecko/20100101 Firefox/145.0"
62.60.131.239 - - [21/Dec/2025:02:29:41 +0800] "POST /_next/static/image/src/images/home HTTP/1.1" 404 31364 "-" "Mozilla/5.0 (X11; Linux x86_64; rv:145.0) Gecko/20100101 Firefox/145.0"
62.60.131.239 - - [21/Dec/2025:02:29:44 +0800] "POST /_next/static/images HTTP/1.1" 404 31364 "-" "Mozilla/5.0 (X11; Linux x86_64; rv:145.0) Gecko/20100101 Firefox/145.0"
36.133.115.36 - - [21/Dec/2025:02:29:47 +0800] "POST /wp-cron.php?doing_wp_cron=1766255387.8458280563354492187500 HTTP/1.1" 200 31 "-" "WordPress/6.8.3; http://cqqizhou.com"
62.60.131.239 - - [21/Dec/2025:02:29:47 +0800] "POST /_next/static/images/icons HTTP/1.1" 404 31364 "-" "Mozilla/5.0 (X11; Linux x86_64; rv:145.0) Gecko/20100101 Firefox/145.0"
62.60.131.239 - - [21/Dec/2025:02:29:51 +0800] "POST /_next/static/images/icons/filter HTTP/1.1" 404 31364 "-" "Mozilla/5.0 (X11; Linux x86_64; rv:145.0) Gecko/20100101 Firefox/145.0"
62.60.131.239 - - [21/Dec/2025:02:29:55 +0800] "POST /_next/static/images/icons/payment HTTP/1.1" 404 31364 "-" "Mozilla/5.0 (X11; Linux x86_64; rv:145.0) Gecko/20100101 Firefox/145.0"
62.60.131.239 - - [21/Dec/2025:02:29:58 +0800] "POST /_next/static/images/illustrations HTTP/1.1" 404 31364 "-" "Mozilla/5.0 (X11; Linux x86_64; rv:145.0) Gecko/20100101 Firefox/145.0"
62.60.131.239 - - [21/Dec/2025:02:30:02 +0800] "POST /_next/static/img HTTP/1.1" 404 31364 "-" "Mozilla/5.0 (X11; Linux x86_64; rv:145.0) Gecko/20100101 Firefox/145.0"
62.60.131.239 - - [21/Dec/2025:02:30:06 +0800] "POST /_next/static/js HTTP/1.1" 404 31364 "-" "Mozilla/5.0 (X11; Linux x86_64; rv:145.0) Gecko/20100101 Firefox/145.0"
62.60.131.239 - - [21/Dec/2025:02:30:09 +0800] "POST /_next/static/js/app HTTP/1.1" 404 31364 "-" "Mozilla/5.0 (X11; Linux x86_64; rv:145.0) Gecko/20100101 Firefox/145.0"
62.60.131.239 - - [21/Dec/2025:02:30:12 +0800] "POST /_next/static/js/pages HTTP/1.1" 404 31364 "-" "Mozilla/5.0 (X11; Linux x86_64; rv:145.0) Gecko/20100101 Firefox/145.0"
62.60.131.239 - - [21/Dec/2025:02:30:16 +0800] "POST /_next/static/media/fonts HTTP/1.1" 404 31364 "-" "Mozilla/5.0 (X11; Linux x86_64; rv:145.0) Gecko/20100101 Firefox/145.0"
62.60.131.239 - - [21/Dec/2025:02:30:20 +0800] "POST /_next/static/media/metadata HTTP/1.1" 404 31364 "-" "Mozilla/5.0 (X11; Linux x86_64; rv:145.0) Gecko/20100101 Firefox/145.0"
62.60.131.239 - - [21/Dec/2025:02:30:23 +0800] "POST /_next/static/mediasoft-build HTTP/1.1" 404 31364 "-" "Mozilla/5.0 (X11; Linux x86_64; rv:145.0) Gecko/20100101 Firefox/145.0"
62.60.131.239 - - [21/Dec/2025:02:30:27 +0800] "POST /_next/static/pages HTTP/1.1" 404 31364 "-" "Mozilla/5.0 (X11; Linux x86_64; rv:145.0) Gecko/20100101 Firefox/145.0"
62.60.131.239 - - [21/Dec/2025:02:30:30 +0800] "POST /_next/static/production HTTP/1.1" 404 31364 "-" "Mozilla/5.0 (X11; Linux x86_64; rv:145.0) Gecko/20100101 Firefox/145.0"
62.60.131.239 - - [21/Dec/2025:02:30:33 +0800] "POST /_next/static/public HTTP/1.1" 404 31364 "-" "Mozilla/5.0 (X11; Linux x86_64; rv:145.0) Gecko/20100101 Firefox/145.0"
62.60.131.239 - - [21/Dec/2025:02:30:37 +0800] "POST /_next/static/public/images HTTP/1.1" 404 31364 "-" "Mozilla/5.0 (X11; Linux x86_64; rv:145.0) Gecko/20100101 Firefox/145.0"
62.60.131.239 - - [21/Dec/2025:02:30:40 +0800] "POST /_next/static/public/static/images HTTP/1.1" 404 31364 "-" "Mozilla/5.0 (X11; Linux x86_64; rv:145.0) Gecko/20100101 Firefox/145.0"
62.60.131.239 - - [21/Dec/2025:02:30:43 +0800] "POST /_next/static/runtime HTTP/1.1" 404 31364 "-" "Mozilla/5.0 (X11; Linux x86_64; rv:145.0) Gecko/20100101 Firefox/145.0"
36.133.115.36 - - [21/Dec/2025:02:30:46 +0800] "POST /wp-cron.php?doing_wp_cron=1766255446.7735319137573242187500 HTTP/1.1" 200 31 "-" "WordPress/6.8.3; http://cqqizhou.com"
62.60.131.239 - - [21/Dec/2025:02:30:46 +0800] "POST /_next/static/sentry HTTP/1.1" 404 31364 "-" "Mozilla/5.0 (X11; Linux x86_64; rv:145.0) Gecko/20100101 Firefox/145.0"
62.60.131.239 - - [21/Dec/2025:02:30:50 +0800] "POST /_next/static/sounds HTTP/1.1" 404 31364 "-" "Mozilla/5.0 (X11; Linux x86_64; rv:145.0) Gecko/20100101 Firefox/145.0"
62.60.131.239 - - [21/Dec/2025:02:30:53 +0800] "POST /_next/static/svg HTTP/1.1" 404 31364 "-" "Mozilla/5.0 (X11; Linux x86_64; rv:145.0) Gecko/20100101 Firefox/145.0"
62.60.131.239 - - [21/Dec/2025:02:30:57 +0800] "POST /_next/static/svgs HTTP/1.1" 404 31364 "-" "Mozilla/5.0 (X11; Linux x86_64; rv:145.0) Gecko/20100101 Firefox/145.0"
43.134.186.61 - - [21/Dec/2025:02:31:23 +0800] "GET /2339/ HTTP/1.1" 200 20497 "-" "Mozilla/5.0 (iPhone; CPU iPhone OS 13_2_3 like Mac OS X) AppleWebKit/605.1.15 (KHTML, like Gecko) Version/13.0.3 Mobile/15E148 Safari/604.1"
36.133.115.36 - - [21/Dec/2025:02:36:29 +0800] "POST /wp-cron.php?doing_wp_cron=1766255789.0314719676971435546875 HTTP/1.1" 200 31 "-" "WordPress/6.8.3; http://cqqizhou.com"
87.121.84.148 - - [21/Dec/2025:02:36:30 +0800] "GET / HTTP/1.1" 200 152163 "-" "Mozilla/1.0"
36.133.115.36 - - [21/Dec/2025:02:38:35 +0800] "POST /wp-cron.php?doing_wp_cron=1766255915.1173110008239746093750 HTTP/1.1" 200 31 "-" "WordPress/6.8.3; http://cqqizhou.com"
38.46.221.123 - - [21/Dec/2025:02:38:35 +0800] "GET http://check.9tb.org/ HTTP/1.1" 301 5 "-" "Go-http-client/1.1"
38.46.221.123 - - [21/Dec/2025:02:38:36 +0800] "GET http://cqqizhou.com/ HTTP/1.1" 200 39803 "http://check.9tb.org" "Go-http-client/1.1"
43.166.244.251 - - [21/Dec/2025:02:44:18 +0800] "GET /wp-content/uploads/2025/07/1751425283-qizhou.kf_.qq_.com_.webp HTTP/1.1" 200 16864 "-" "Mozilla/5.0 (iPhone; CPU iPhone OS 13_2_3 like Mac OS X) AppleWebKit/605.1.15 (KHTML, like Gecko) Version/13.0.3 Mobile/15E148 Safari/604.1"
36.133.115.36 - - [21/Dec/2025:02:48:48 +0800] "POST /wp-cron.php?doing_wp_cron=1766256528.4256219863891601562500 HTTP/1.1" 200 31 "-" "WordPress/6.8.3; http://cqqizhou.com"
173.252.70.112 - - [21/Dec/2025:02:48:48 +0800] "GET /robots.txt HTTP/1.1" 200 390 "-" "facebookexternalhit/1.1 (+http://www.facebook.com/externalhit_uatext.php)"
36.133.115.36 - - [21/Dec/2025:02:50:19 +0800] "POST /wp-cron.php?doing_wp_cron=1766256619.5890929698944091796875 HTTP/1.1" 200 31 "-" "WordPress/6.8.3; http://cqqizhou.com"
34.38.242.32 - - [21/Dec/2025:02:50:19 +0800] "GET / HTTP/1.1" 301 5 "-" "python-requests/2.32.5"
43.135.182.43 - - [21/Dec/2025:02:50:20 +0800] "GET /wp-content/uploads/2025/07/1753453096- HTTP/1.1" 404 8979 "-" "Mozilla/5.0 (iPhone; CPU iPhone OS 13_2_3 like Mac OS X) AppleWebKit/605.1.15 (KHTML, like Gecko) Version/13.0.3 Mobile/15E148 Safari/604.1"
36.133.115.36 - - [21/Dec/2025:02:58:39 +0800] "POST /wp-cron.php?doing_wp_cron=1766257119.1846709251403808593750 HTTP/1.1" 200 31 "-" "WordPress/6.8.3; http://cqqizhou.com"
204.76.203.212 - - [21/Dec/2025:02:58:39 +0800] "GET / HTTP/1.1" 200 33912 "-" "Mozilla/5.0 (Windows NT 10.0; Win64; x64) AppleWebKit/537.36 (KHTML, like Gecko) Chrome/90.0.4430.85 Safari/537.36 Edg/90.0.818.46"
185.242.226.102 - - [21/Dec/2025:02:59:36 +0800] "GET / HTTP/1.1" 499 0 "-" "python-requests/2.26.0"
36.133.115.36 - - [21/Dec/2025:02:59:36 +0800] "POST /wp-cron.php?doing_wp_cron=1766257176.6283869743347167968750 HTTP/1.1" 200 31 "-" "WordPress/6.8.3; http://cqqizhou.com"
52.167.144.227 - - [21/Dec/2025:03:00:23 +0800] "GET /2361/ HTTP/1.1" 200 24346 "-" "Mozilla/5.0 AppleWebKit/537.36 (KHTML, like Gecko; compatible; bingbot/2.0; +http://www.bing.com/bingbot.htm) Chrome/116.0.1938.76 Safari/537.36"
36.133.115.36 - - [21/Dec/2025:03:01:06 +0800] "POST /wp-cron.php?doing_wp_cron=1766257266.9314830303192138671875 HTTP/1.1" 200 31 "-" "WordPress/6.8.3; http://cqqizhou.com"
43.166.142.76 - - [21/Dec/2025:03:01:07 +0800] "GET /portfolio-category/remaining-rolls/ HTTP/1.1" 200 17711 "-" "Mozilla/5.0 (iPhone; CPU iPhone OS 13_2_3 like Mac OS X) AppleWebKit/605.1.15 (KHTML, like Gecko) Version/13.0.3 Mobile/15E148 Safari/604.1"
36.133.115.36 - - [21/Dec/2025:03:14:41 +0800] "POST /wp-cron.php?doing_wp_cron=1766258081.5633430480957031250000 HTTP/1.1" 200 31 "-" "WordPress/6.8.3; http://cqqizhou.com"
57.141.2.85 - - [21/Dec/2025:03:14:41 +0800] "GET /wp-sitemap.xml HTTP/1.1" 501 253 "-" "meta-externalagent/1.1 (+https://developers.facebook.com/docs/sharing/webmasters/crawler)"
36.133.115.36 - - [21/Dec/2025:03:14:50 +0800] "POST /wp-cron.php?doing_wp_cron=1766258090.2831060886383056640625 HTTP/1.1" 200 31 "-" "WordPress/6.8.3; http://cqqizhou.com"
38.46.221.123 - - [21/Dec/2025:03:14:50 +0800] "GET http://check.9tb.org/ HTTP/1.1" 301 5 "-" "Go-http-client/1.1"
38.46.221.123 - - [21/Dec/2025:03:14:50 +0800] "GET http://cqqizhou.com/ HTTP/1.1" 200 39803 "http://check.9tb.org" "Go-http-client/1.1"
43.156.232.190 - - [21/Dec/2025:03:21:16 +0800] "GET /wp-content/uploads/2025/12/1765248770-20251209104226_107_60-300x225.webp HTTP/1.1" 200 17706 "-" "Mozilla/5.0 (iPhone; CPU iPhone OS 13_2_3 like Mac OS X) AppleWebKit/605.1.15 (KHTML, like Gecko) Version/13.0.3 Mobile/15E148 Safari/604.1"
36.133.115.36 - - [21/Dec/2025:03:22:08 +0800] "POST /wp-cron.php?doing_wp_cron=1766258528.4304270744323730468750 HTTP/1.1" 200 31 "-" "WordPress/6.8.3; http://cqqizhou.com"
193.142.147.209 - - [21/Dec/2025:03:22:09 +0800] "POST / HTTP/1.1" 200 33912 "-" "Mozilla/5.0 (Windows NT 10.0; Win64; x64) AppleWebKit/537.36"
36.133.115.36 - - [21/Dec/2025:03:29:10 +0800] "POST /wp-cron.php?doing_wp_cron=1766258950.8488540649414062500000 HTTP/1.1" 200 31 "-" "WordPress/6.8.3; http://cqqizhou.com"
170.106.165.186 - - [21/Dec/2025:03:29:11 +0800] "GET /2354/ HTTP/1.1" 200 20300 "-" "Mozilla/5.0 (iPhone; CPU iPhone OS 13_2_3 like Mac OS X) AppleWebKit/605.1.15 (KHTML, like Gecko) Version/13.0.3 Mobile/15E148 Safari/604.1"
36.133.115.36 - - [21/Dec/2025:03:30:03 +0800] "POST /wp-cron.php?doing_wp_cron=1766259003.8454079627990722656250 HTTP/1.1" 200 31 "-" "WordPress/6.8.3; http://cqqizhou.com"
115.159.33.43 - - [21/Dec/2025:03:30:03 +0800] "GET / HTTP/1.1" 301 5 "-" "Mozilla/5.0 (Windows NT 10.0; Win64; x64) AppleWebKit/537.36 (KHTML, like Gecko) Chrome/79.0.3945.117 Safari/537.36"
36.133.115.36 - - [21/Dec/2025:03:31:05 +0800] "POST /wp-cron.php?doing_wp_cron=1766259065.9325170516967773437500 HTTP/1.1" 200 31 "-" "WordPress/6.8.3; http://cqqizhou.com"
204.76.203.212 - - [21/Dec/2025:03:31:06 +0800] "GET / HTTP/1.1" 200 33912 "-" "Mozilla/5.0 (Windows NT 10.0; Win64; x64) AppleWebKit/537.36 (KHTML, like Gecko) Chrome/90.0.4430.85 Safari/537.36 Edg/90.0.818.46"
36.133.115.36 - - [21/Dec/2025:03:48:45 +0800] "POST /wp-cron.php?doing_wp_cron=1766260125.2545940876007080078125 HTTP/1.1" 200 31 "-" "WordPress/6.8.3; http://cqqizhou.com"
43.134.141.244 - - [21/Dec/2025:03:48:45 +0800] "GET /bug HTTP/1.1" 301 5 "-" "Mozilla/5.0 (iPhone; CPU iPhone OS 13_2_3 like Mac OS X) AppleWebKit/605.1.15 (KHTML, like Gecko) Version/13.0.3 Mobile/15E148 Safari/604.1"
36.133.115.36 - - [21/Dec/2025:03:48:50 +0800] "POST /wp-cron.php?doing_wp_cron=1766260130.3463759422302246093750 HTTP/1.1" 200 31 "-" "WordPress/6.8.3; http://cqqizhou.com"
43.134.141.244 - - [21/Dec/2025:03:48:50 +0800] "GET /bug/ HTTP/1.1" 200 11675 "http://cqqizhou.com/bug" "Mozilla/5.0 (iPhone; CPU iPhone OS 13_2_3 like Mac OS X) AppleWebKit/605.1.15 (KHTML, like Gecko) Version/13.0.3 Mobile/15E148 Safari/604.1"
36.133.115.36 - - [21/Dec/2025:04:00:10 +0800] "POST /wp-cron.php?doing_wp_cron=1766260810.3359720706939697265625 HTTP/1.1" 200 31 "-" "WordPress/6.8.3; http://cqqizhou.com"
43.153.86.78 - - [21/Dec/2025:04:00:10 +0800] "GET /2215/ HTTP/1.1" 200 19977 "-" "Mozilla/5.0 (iPhone; CPU iPhone OS 13_2_3 like Mac OS X) AppleWebKit/605.1.15 (KHTML, like Gecko) Version/13.0.3 Mobile/15E148 Safari/604.1"
36.133.115.36 - - [21/Dec/2025:04:02:00 +0800] "POST /wp-cron.php?doing_wp_cron=1766260920.8268620967864990234375 HTTP/1.1" 200 31 "-" "WordPress/6.8.3; http://cqqizhou.com"
204.76.203.212 - - [21/Dec/2025:04:02:01 +0800] "GET / HTTP/1.1" 200 33912 "-" "Mozilla/5.0 (Windows NT 10.0; Win64; x64) AppleWebKit/537.36 (KHTML, like Gecko) Chrome/90.0.4430.85 Safari/537.36 Edg/90.0.818.46"
36.133.115.36 - - [21/Dec/2025:04:05:16 +0800] "POST /wp-cron.php?doing_wp_cron=1766261116.2576711177825927734375 HTTP/1.1" 200 31 "-" "WordPress/6.8.3; http://cqqizhou.com"
36.111.67.189 - - [21/Dec/2025:04:05:16 +0800] "GET / HTTP/1.1" 301 5 "-" "Mozilla/5.0 (iPhone; CPU iPhone OS 13_2_3 like Mac OS X) AppleWebKit/605.1.15 (KHTML, like Gecko) Version/13.0.3 Mobile/15E148 Safari/604.1"
36.111.67.189 - - [21/Dec/2025:04:05:24 +0800] "GET / HTTP/1.1" 200 33911 "http://www.cqqizhou.com" "Mozilla/5.0 (iPhone; CPU iPhone OS 13_2_3 like Mac OS X) AppleWebKit/605.1.15 (KHTML, like Gecko) Version/13.0.3 Mobile/15E148 Safari/604.1"
36.133.115.36 - - [21/Dec/2025:04:13:00 +0800] "POST /wp-cron.php?doing_wp_cron=1766261580.7067520618438720703125 HTTP/1.1" 200 31 "-" "WordPress/6.8.3; http://cqqizhou.com"
185.16.39.146 - - [21/Dec/2025:04:13:00 +0800] "GET / HTTP/1.1" 301 5 "-" "Wget"
36.133.115.36 - - [21/Dec/2025:04:14:38 +0800] "POST /wp-cron.php?doing_wp_cron=1766261678.4450058937072753906250 HTTP/1.1" 200 31 "-" "WordPress/6.8.3; http://cqqizhou.com"
114.119.133.46 - - [21/Dec/2025:04:14:38 +0800] "GET /wp-sitemap.xml HTTP/1.1" 501 253 "-" "Mozilla/5.0 (Linux; Android 7.0;) AppleWebKit/537.36 (KHTML, like Gecko) Mobile Safari/537.36 (compatible; PetalBot;+https://webmaster.petalsearch.com/site/petalbot)"
36.133.115.36 - - [21/Dec/2025:04:33:23 +0800] "POST /wp-cron.php?doing_wp_cron=1766262803.6242370605468750000000 HTTP/1.1" 200 31 "-" "WordPress/6.8.3; http://cqqizhou.com"
112.4.101.24 - - [21/Dec/2025:04:33:23 +0800] "GET / HTTP/1.1" 301 5 "-" "curl/7.29.0"
36.133.115.36 - - [21/Dec/2025:04:36:52 +0800] "POST /wp-cron.php?doing_wp_cron=1766263012.5091290473937988281250 HTTP/1.1" 200 31 "-" "WordPress/6.8.3; http://cqqizhou.com"
114.119.148.138 - - [21/Dec/2025:04:36:52 +0800] "GET /wp-sitemap.xml HTTP/1.1" 501 253 "-" "Mozilla/5.0 (Linux; Android 7.0;) AppleWebKit/537.36 (KHTML, like Gecko) Mobile Safari/537.36 (compatible; PetalBot;+https://webmaster.petalsearch.com/site/petalbot)"
204.76.203.212 - - [21/Dec/2025:04:37:26 +0800] "GET / HTTP/1.1" 200 33912 "-" "Mozilla/5.0 (Windows NT 10.0; Win64; x64) AppleWebKit/537.36 (KHTML, like Gecko) Chrome/90.0.4430.85 Safari/537.36 Edg/90.0.818.46"
36.133.115.36 - - [21/Dec/2025:04:39:50 +0800] "POST /wp-cron.php?doing_wp_cron=1766263190.4790470600128173828125 HTTP/1.1" 200 31 "-" "WordPress/6.8.3; http://cqqizhou.com"
106.75.7.19 - - [21/Dec/2025:04:39:50 +0800] "GET / HTTP/1.1" 301 5 "-" "Mozilla/5.0 (Macintosh; Intel Mac OS X 9_2_2) AppleWebKit/583.42 (KHTML, like Gecko) Chrome/78.0.613 Safari/537.36"
106.75.7.19 - - [21/Dec/2025:04:39:51 +0800] "GET /robots.txt HTTP/1.1" 200 190 "-" "Go-http-client/1.1"
106.75.7.19 - - [21/Dec/2025:04:39:51 +0800] "GET /sitemap.xml HTTP/1.1" 200 499 "-" "Go-http-client/1.1"
106.75.7.19 - - [21/Dec/2025:04:39:52 +0800] "GET / HTTP/1.1" 200 39803 "-" "Mozilla/5.0 (Macintosh; Intel Mac OS X 9_1_1) AppleWebKit/581.49 (KHTML, like Gecko) Chrome/63.0.468 Safari/537.36"
106.75.7.19 - - [21/Dec/2025:04:39:56 +0800] "GET /robots.txt HTTP/1.1" 200 190 "-" "Go-http-client/1.1"
106.75.7.19 - - [21/Dec/2025:04:39:56 +0800] "GET /sitemap.xml HTTP/1.1" 200 499 "-" "Go-http-client/1.1"
36.133.115.36 - - [21/Dec/2025:04:41:08 +0800] "POST /wp-cron.php?doing_wp_cron=1766263268.7047729492187500000000 HTTP/1.1" 200 31 "-" "WordPress/6.8.3; http://cqqizhou.com"
114.119.132.227 - - [21/Dec/2025:04:41:08 +0800] "GET /wp-sitemap.xml HTTP/1.1" 501 253 "-" "Mozilla/5.0 (Linux; Android 7.0;) AppleWebKit/537.36 (KHTML, like Gecko) Mobile Safari/537.36 (compatible; PetalBot;+https://webmaster.petalsearch.com/site/petalbot)"
36.133.115.36 - - [21/Dec/2025:05:04:04 +0800] "POST /wp-cron.php?doing_wp_cron=1766264644.7459220886230468750000 HTTP/1.1" 200 31 "-" "WordPress/6.8.3; http://cqqizhou.com"
43.130.37.243 - - [21/Dec/2025:05:04:05 +0800] "GET / HTTP/1.1" 200 33912 "-" "Mozilla/5.0 (iPhone; CPU iPhone OS 13_2_3 like Mac OS X) AppleWebKit/605.1.15 (KHTML, like Gecko) Version/13.0.3 Mobile/15E148 Safari/604.1"
95.214.55.71 - - [21/Dec/2025:05:04:42 +0800] "GET / HTTP/1.1" 200 109842 "-" "python-requests/2.31.0"
36.133.115.36 - - [21/Dec/2025:05:08:40 +0800] "POST /wp-cron.php?doing_wp_cron=1766264920.0067100524902343750000 HTTP/1.1" 200 31 "-" "WordPress/6.8.3; http://cqqizhou.com"
204.76.203.212 - - [21/Dec/2025:05:08:40 +0800] "GET / HTTP/1.1" 200 33912 "-" "Mozilla/5.0 (Windows NT 10.0; Win64; x64) AppleWebKit/537.36 (KHTML, like Gecko) Chrome/90.0.4430.85 Safari/537.36 Edg/90.0.818.46"
36.133.115.36 - - [21/Dec/2025:05:18:35 +0800] "POST /wp-cron.php?doing_wp_cron=1766265515.5983850955963134765625 HTTP/1.1" 200 31 "-" "WordPress/6.8.3; http://cqqizhou.com"
43.165.65.180 - - [21/Dec/2025:05:18:35 +0800] "GET /wp-content/uploads/2025/07/1753453127- HTTP/1.1" 404 8981 "-" "Mozilla/5.0 (iPhone; CPU iPhone OS 13_2_3 like Mac OS X) AppleWebKit/605.1.15 (KHTML, like Gecko) Version/13.0.3 Mobile/15E148 Safari/604.1"
36.133.115.36 - - [21/Dec/2025:05:21:16 +0800] "POST /wp-cron.php?doing_wp_cron=1766265676.2628920078277587890625 HTTP/1.1" 200 31 "-" "WordPress/6.8.3; http://cqqizhou.com"
95.214.55.71 - - [21/Dec/2025:05:21:16 +0800] "GET / HTTP/1.1" 200 109842 "-" "python-requests/2.31.0"
36.133.115.36 - - [21/Dec/2025:05:31:33 +0800] "POST /wp-cron.php?doing_wp_cron=1766266293.0304760932922363281250 HTTP/1.1" 200 31 "-" "WordPress/6.8.3; http://cqqizhou.com"
45.135.194.23 - - [21/Dec/2025:05:31:34 +0800] "GET / HTTP/1.1" 200 152163 "-" "-"
36.133.115.36 - - [21/Dec/2025:05:40:28 +0800] "POST /wp-cron.php?doing_wp_cron=1766266828.6923930644989013671875 HTTP/1.1" 200 31 "-" "WordPress/6.8.3; http://cqqizhou.com"
172.200.145.154 - - [21/Dec/2025:05:40:28 +0800] "GET /.env HTTP/1.1" 301 5 "-" "python-requests/2.32.4"
172.200.145.154 - - [21/Dec/2025:05:40:31 +0800] "GET /.env HTTP/1.1" 404 8980 "-" "python-requests/2.32.4"
36.133.115.36 - - [21/Dec/2025:05:41:35 +0800] "POST /wp-cron.php?doing_wp_cron=1766266895.2528390884399414062500 HTTP/1.1" 200 31 "-" "WordPress/6.8.3; http://cqqizhou.com"
204.76.203.212 - - [21/Dec/2025:05:41:35 +0800] "GET / HTTP/1.1" 200 33912 "-" "Mozilla/5.0 (Windows NT 10.0; Win64; x64) AppleWebKit/537.36 (KHTML, like Gecko) Chrome/90.0.4430.85 Safari/537.36 Edg/90.0.818.46"
36.133.115.36 - - [21/Dec/2025:05:52:04 +0800] "POST /wp-cron.php?doing_wp_cron=1766267524.6050779819488525390625 HTTP/1.1" 200 31 "-" "WordPress/6.8.3; http://cqqizhou.com"
121.199.175.72 - - [21/Dec/2025:05:52:04 +0800] "GET / HTTP/1.1" 301 5 "-" "Mozilla/5.0 (Windows NT 10.0; Win64; x64) AppleWebKit/537.36 (KHTML, like Gecko) Chrome/59.0.3071.115 Safari/537.36"
111.227.78.3 - - [21/Dec/2025:05:57:58 +0800] "GET / HTTP/1.1" 200 39803 "-" "Mozilla/5.0 (Windows NT 10.0; Win64; x64) AppleWebKit/537.36 (KHTML, like Gecko) Chrome/122.0.0.0 Safari/537.36 Edg/122.0.0.0"
36.133.115.36 - - [21/Dec/2025:05:59:48 +0800] "POST /wp-cron.php?doing_wp_cron=1766267988.7691590785980224609375 HTTP/1.1" 200 31 "-" "WordPress/6.8.3; http://cqqizhou.com"
95.214.55.71 - - [21/Dec/2025:05:59:49 +0800] "GET / HTTP/1.1" 200 109842 "-" "python-requests/2.31.0"
36.133.115.36 - - [21/Dec/2025:06:01:21 +0800] "POST /wp-cron.php?doing_wp_cron=1766268081.8194179534912109375000 HTTP/1.1" 200 31 "-" "WordPress/6.8.3; http://cqqizhou.com"
49.51.47.100 - - [21/Dec/2025:06:01:21 +0800] "GET / HTTP/1.1" 301 5 "-" "Mozilla/5.0 (iPhone; CPU iPhone OS 13_2_3 like Mac OS X) AppleWebKit/605.1.15 (KHTML, like Gecko) Version/13.0.3 Mobile/15E148 Safari/604.1"
49.51.47.100 - - [21/Dec/2025:06:01:24 +0800] "GET / HTTP/1.1" 200 33912 "http://www.cqqizhou.com" "Mozilla/5.0 (iPhone; CPU iPhone OS 13_2_3 like Mac OS X) AppleWebKit/605.1.15 (KHTML, like Gecko) Version/13.0.3 Mobile/15E148 Safari/604.1"
36.133.115.36 - - [21/Dec/2025:06:11:28 +0800] "POST /wp-cron.php?doing_wp_cron=1766268688.6552069187164306640625 HTTP/1.1" 200 31 "-" "WordPress/6.8.3; http://cqqizhou.com"
193.142.147.209 - - [21/Dec/2025:06:11:29 +0800] "POST / HTTP/1.1" 200 33912 "-" "Mozilla/5.0 (Windows NT 10.0; Win64; x64) AppleWebKit/537.36"
36.133.115.36 - - [21/Dec/2025:06:14:16 +0800] "POST /wp-cron.php?doing_wp_cron=1766268856.6992900371551513671875 HTTP/1.1" 200 31 "-" "WordPress/6.8.3; http://cqqizhou.com"
204.76.203.212 - - [21/Dec/2025:06:14:17 +0800] "GET / HTTP/1.1" 200 33912 "-" "Mozilla/5.0 (Windows NT 10.0; Win64; x64) AppleWebKit/537.36 (KHTML, like Gecko) Chrome/90.0.4430.85 Safari/537.36 Edg/90.0.818.46"
36.133.115.36 - - [21/Dec/2025:06:15:22 +0800] "POST /wp-cron.php?doing_wp_cron=1766268922.0077929496765136718750 HTTP/1.1" 200 31 "-" "WordPress/6.8.3; http://cqqizhou.com"
49.51.50.147 - - [21/Dec/2025:06:15:22 +0800] "GET / HTTP/1.1" 200 33912 "-" "Mozilla/5.0 (iPhone; CPU iPhone OS 13_2_3 like Mac OS X) AppleWebKit/605.1.15 (KHTML, like Gecko) Version/13.0.3 Mobile/15E148 Safari/604.1"
40.77.167.154 - - [21/Dec/2025:06:24:59 +0800] "GET /logistics/ HTTP/1.1" 200 18555 "-" "Mozilla/5.0 AppleWebKit/537.36 (KHTML, like Gecko; compatible; bingbot/2.0; +http://www.bing.com/bingbot.htm) Chrome/116.0.1938.76 Safari/537.36"
36.133.115.36 - - [21/Dec/2025:06:27:49 +0800] "POST /wp-cron.php?doing_wp_cron=1766269669.5628728866577148437500 HTTP/1.1" 200 31 "-" "WordPress/6.8.3; http://cqqizhou.com"
192.36.109.104 - - [21/Dec/2025:06:27:49 +0800] "GET /robots.txt HTTP/1.1" 200 190 "-" "Mozilla/5.0 (Windows NT 6.3; Win64; x64; rv:109.0) Gecko/20100101 Firefox/115"
192.36.109.98 - - [21/Dec/2025:06:27:50 +0800] "GET / HTTP/1.1" 200 39803 "-" "Mozilla/5.0 (Windows NT 6.3; Win64; x64; rv:109.0) Gecko/20100101 Firefox/115"
36.133.115.36 - - [21/Dec/2025:06:33:18 +0800] "POST /wp-cron.php?doing_wp_cron=1766269998.8073561191558837890625 HTTP/1.1" 200 31 "-" "WordPress/6.8.3; http://cqqizhou.com"
51.68.32.135 - - [21/Dec/2025:06:33:18 +0800] "GET /robots.txt HTTP/1.1" 200 390 "-" "Mozilla/5.0 (compatible; MJ12bot/v1.4.8; http://mj12bot.com/)"
51.68.32.135 - - [21/Dec/2025:06:33:22 +0800] "GET /portfolio-tag/%E9%9E%8D%E9%92%A2%E8%92%82%E6%A3%AE/ HTTP/1.1" 200 22821 "-" "Mozilla/5.0 (compatible; MJ12bot/v1.4.8; http://mj12bot.com/)"
51.68.32.135 - - [21/Dec/2025:06:33:25 +0800] "GET /portfolio/%E5%86%B7%E8%BD%A7%E5%8D%B7/ HTTP/1.1" 200 22116 "-" "Mozilla/5.0 (compatible; MJ12bot/v1.4.8; http://mj12bot.com/)"
51.68.32.135 - - [21/Dec/2025:06:33:28 +0800] "GET /portfolio/%E5%86%B7%E8%BD%A7%E6%9D%BF/ HTTP/1.1" 200 18980 "-" "Mozilla/5.0 (compatible; MJ12bot/v1.4.8; http://mj12bot.com/)"
36.133.115.36 - - [21/Dec/2025:06:44:49 +0800] "POST /wp-cron.php?doing_wp_cron=1766270689.0983889102935791015625 HTTP/1.1" 200 31 "-" "WordPress/6.8.3; http://cqqizhou.com"
40.124.175.131 - - [21/Dec/2025:06:44:49 +0800] "GET /hudson HTTP/1.1" 404 8974 "-" "Mozilla/5.0 zgrab/0.x"
36.133.115.36 - - [21/Dec/2025:06:47:29 +0800] "POST /wp-cron.php?doing_wp_cron=1766270849.1418919563293457031250 HTTP/1.1" 200 31 "-" "WordPress/6.8.3; http://cqqizhou.com"
204.76.203.212 - - [21/Dec/2025:06:47:29 +0800] "GET / HTTP/1.1" 200 33912 "-" "Mozilla/5.0 (Windows NT 10.0; Win64; x64) AppleWebKit/537.36 (KHTML, like Gecko) Chrome/90.0.4430.85 Safari/537.36 Edg/90.0.818.46"
221.227.67.226 - - [21/Dec/2025:07:16:39 +0800] "GET / HTTP/1.1" 200 39803 "-" "Mozilla/5.0 (Windows Server 2012 R2 Standard; x64) AppleWebKit/537.36 (KHTML, like Gecko) Chrome/118.0.5975.80 Safari/537.36"
36.133.115.36 - - [21/Dec/2025:07:25:43 +0800] "POST /wp-cron.php?doing_wp_cron=1766273143.8309879302978515625000 HTTP/1.1" 200 31 "-" "WordPress/6.8.3; http://cqqizhou.com"
141.98.11.140 - - [21/Dec/2025:07:25:44 +0800] "GET / HTTP/1.1" 200 152163 "-" "-"
121.237.36.28 - - [21/Dec/2025:07:26:23 +0800] "GET / HTTP/1.1" 200 39803 "-" "Mozilla/5.0 (Macintosh; Intel Mac OS X 10_11) AppleWebKit/601.1.27 (KHTML, like Gecko) Chrome/47.0.2526.106 Safari/601.1.27"
180.153.236.119 - - [21/Dec/2025:07:29:13 +0800] "GET / HTTP/1.1" 200 39803 "http://cqqizhou.com/" "Mozilla/5.0 (Windows NT 10.0; Win64; x64) AppleWebKit/537.36 (KHTML, like Gecko) Chrome/140.0.0.0 Safari/537.36 Edg/140.0.0.0; 360Spider"
180.153.236.84 - - [21/Dec/2025:07:29:19 +0800] "GET / HTTP/1.1" 200 39803 "http://cqqizhou.com/" "Mozilla/5.0 (Windows NT 10.0; Win64; x64) AppleWebKit/537.36 (KHTML, like Gecko) Chrome/140.0.0.0 Safari/537.36 Edg/140.0.0.0; 360Spider"
216.244.66.245 - - [21/Dec/2025:07:29:29 +0800] "GET /robots.txt HTTP/1.1" 200 390 "-" "Mozilla/5.0 (compatible; DotBot/1.2; +https://opensiteexplorer.org/dotbot; help@moz.com)"
36.133.115.36 - - [21/Dec/2025:07:37:02 +0800] "POST /wp-cron.php?doing_wp_cron=1766273822.3823609352111816406250 HTTP/1.1" 200 31 "-" "WordPress/6.8.3; http://cqqizhou.com"
216.244.66.245 - - [21/Dec/2025:07:37:02 +0800] "GET /services/processing/qzgyl@cq-qizhou.com HTTP/1.1" 404 31364 "-" "Mozilla/5.0 (compatible; DotBot/1.2; +https://opensiteexplorer.org/dotbot; help@moz.com)"
36.133.115.36 - - [21/Dec/2025:07:38:29 +0800] "POST /wp-cron.php?doing_wp_cron=1766273909.0398840904235839843750 HTTP/1.1" 200 31 "-" "WordPress/6.8.3; http://cqqizhou.com"
5.152.238.1 - - [21/Dec/2025:07:38:33 +0800] "GET / HTTP/1.1" 200 117077 "-" "Mozilla/5.0 (Macintosh; Intel Mac OS X 10_11_6) AppleWebKit/601.7.7 (KHTML, like Gecko) Version/9.1.2 Safari/601.7.7"
36.133.115.36 - - [21/Dec/2025:07:54:23 +0800] "POST /wp-cron.php?doing_wp_cron=1766274863.8538150787353515625000 HTTP/1.1" 200 31 "-" "WordPress/6.8.3; http://cqqizhou.com"
204.76.203.212 - - [21/Dec/2025:07:54:24 +0800] "GET / HTTP/1.1" 200 33912 "-" "Mozilla/5.0 (Windows NT 10.0; Win64; x64) AppleWebKit/537.36 (KHTML, like Gecko) Chrome/90.0.4430.85 Safari/537.36 Edg/90.0.818.46"
36.133.115.36 - - [21/Dec/2025:07:59:54 +0800] "POST /wp-cron.php?doing_wp_cron=1766275194.4585909843444824218750 HTTP/1.1" 200 31 "-" "WordPress/6.8.3; http://cqqizhou.com"
38.46.221.123 - - [21/Dec/2025:07:59:54 +0800] "GET http://check.9tb.org/ HTTP/1.1" 301 5 "-" "Go-http-client/1.1"
38.46.221.123 - - [21/Dec/2025:07:59:54 +0800] "GET http://cqqizhou.com/ HTTP/1.1" 200 39803 "http://check.9tb.org" "Go-http-client/1.1"
38.46.221.123 - - [21/Dec/2025:07:59:57 +0800] "GET http://check.9tb.org/ HTTP/1.1" 301 5 "-" "Go-http-client/1.1"
38.46.221.123 - - [21/Dec/2025:07:59:58 +0800] "GET http://cqqizhou.com/ HTTP/1.1" 200 39803 "http://check.9tb.org" "Go-http-client/1.1"
36.133.115.36 - - [21/Dec/2025:08:26:15 +0800] "POST /wp-cron.php?doing_wp_cron=1766276775.5123310089111328125000 HTTP/1.1" 200 31 "-" "WordPress/6.8.3; http://cqqizhou.com"
204.76.203.212 - - [21/Dec/2025:08:26:15 +0800] "GET / HTTP/1.1" 200 33912 "-" "Mozilla/5.0 (Windows NT 10.0; Win64; x64) AppleWebKit/537.36 (KHTML, like Gecko) Chrome/90.0.4430.85 Safari/537.36 Edg/90.0.818.46"
36.133.115.36 - - [21/Dec/2025:08:29:28 +0800] "POST /wp-cron.php?doing_wp_cron=1766276968.1014070510864257812500 HTTP/1.1" 200 31 "-" "WordPress/6.8.3; http://cqqizhou.com"
87.121.84.57 - - [21/Dec/2025:08:29:29 +0800] "GET / HTTP/1.1" 200 152163 "-" "Mozilla/1.0"
36.133.115.36 - - [21/Dec/2025:08:30:25 +0800] "POST /wp-cron.php?doing_wp_cron=1766277025.6126720905303955078125 HTTP/1.1" 200 31 "-" "WordPress/6.8.3; http://cqqizhou.com"
43.153.36.110 - - [21/Dec/2025:08:30:25 +0800] "GET / HTTP/1.1" 301 5 "-" "Mozilla/5.0 (iPhone; CPU iPhone OS 13_2_3 like Mac OS X) AppleWebKit/605.1.15 (KHTML, like Gecko) Version/13.0.3 Mobile/15E148 Safari/604.1"
43.153.36.110 - - [21/Dec/2025:08:30:27 +0800] "GET / HTTP/1.1" 200 33912 "http://36.133.115.36" "Mozilla/5.0 (iPhone; CPU iPhone OS 13_2_3 like Mac OS X) AppleWebKit/605.1.15 (KHTML, like Gecko) Version/13.0.3 Mobile/15E148 Safari/604.1"
36.133.115.36 - - [21/Dec/2025:08:34:03 +0800] "POST /wp-cron.php?doing_wp_cron=1766277243.1447939872741699218750 HTTP/1.1" 200 31 "-" "WordPress/6.8.3; http://cqqizhou.com"
