HEX
Server: nginx/1.16.1
System: Linux ecs-04358622 4.19.90-2107.6.0.0100.oe1.bclinux.x86_64 #1 SMP Wed Dec 1 19:59:44 CST 2021 x86_64
User: nginx (994)
PHP: 8.0.0
Disabled: NONE
Upload Files
File: /home/logs/cqqizhou_access_2025-10-17.log
116.179.32.84 - - [17/Oct/2025:00:00:28 +0800] "GET /news/ HTTP/1.1" 200 25257 "-" "Mozilla/5.0 (compatible; Baiduspider/2.0; +http://www.baidu.com/search/spider.html)"
36.133.115.36 - - [17/Oct/2025:00:08:47 +0800] "POST /wp-cron.php?doing_wp_cron=1760630927.9380309581756591796875 HTTP/1.1" 200 31 "-" "WordPress/6.8.2; http://cqqizhou.com"
203.91.76.30 - - [17/Oct/2025:00:08:48 +0800] "GET /wp-content/plugins/support-ticket/readme.txt HTTP/1.1" 404 8990 "-" "Mozilla/5.0 (Macintosh; Intel Mac OS X 10_15_7) AppleWebKit/605.1.15 (KHTML, like Gecko) Version/18.0.1 Mobile/15E148 Safari/604.1"
203.91.76.30 - - [17/Oct/2025:00:08:48 +0800] "GET /wp-content/plugins/wpcom-member/readme.txt HTTP/1.1" 404 8990 "-" "Mozilla/5.0 (Macintosh, Intel Mac OS X 10_15_7) AppleWebKit/605.1.15 (KHTML, like Gecko) Version/17.10 Safari/605.1.15"
203.91.76.30 - - [17/Oct/2025:00:08:48 +0800] "GET /wp-content/plugins/imithemes-listing/readme.txt HTTP/1.1" 404 8990 "-" "Mozilla/5.0 (Kubuntu; Linux x86_64; rv:127.0) Gecko/20100101 Firefox/127.0"
203.91.76.30 - - [17/Oct/2025:00:08:48 +0800] "GET /wp-content/plugins/wholesalex/readme.txt HTTP/1.1" 404 8990 "-" "Mozilla/5.0 (Ubuntu; Linux x86_64; rv:132.0) Gecko/20100101 Firefox/132.0"
36.133.115.36 - - [17/Oct/2025:00:13:54 +0800] "POST /wp-cron.php?doing_wp_cron=1760631234.8332250118255615234375 HTTP/1.1" 200 31 "-" "WordPress/6.8.2; http://cqqizhou.com"
220.181.108.110 - - [17/Oct/2025:00:13:54 +0800] "GET / HTTP/1.1" 301 5 "-" "Mozilla/5.0 (compatible; Baiduspider/2.0; +http://www.baidu.com/search/spider.html)"
220.181.108.158 - - [17/Oct/2025:00:13:54 +0800] "GET / HTTP/1.1" 200 39371 "-" "Mozilla/5.0 (compatible; Baiduspider/2.0; +http://www.baidu.com/search/spider.html)"
220.181.51.116 - - [17/Oct/2025:00:14:10 +0800] "GET /robots.txt HTTP/1.1" 301 5 "-" "Mozilla/5.0 (Windows NT 10.0; WOW64) AppleWebKit/537.36 (KHTML, like Gecko) Chrome/48.0.2564.116 Safari/537.36"
119.249.100.53 - - [17/Oct/2025:00:14:10 +0800] "GET /robots.txt HTTP/1.1" 301 5 "-" "Mozilla/5.0 (Windows NT 10.0; WOW64) AppleWebKit/537.36 (KHTML, like Gecko) Chrome/48.0.2564.116 Safari/537.36"
220.181.51.92 - - [17/Oct/2025:00:14:10 +0800] "GET /robots.txt HTTP/1.1" 200 190 "-" "Mozilla/5.0 (Windows NT 10.0; WOW64) AppleWebKit/537.36 (KHTML, like Gecko) Chrome/48.0.2564.116 Safari/537.36"
119.249.100.245 - - [17/Oct/2025:00:14:11 +0800] "GET /robots.txt HTTP/1.1" 200 190 "-" "Mozilla/5.0 (Windows NT 10.0; WOW64) AppleWebKit/537.36 (KHTML, like Gecko) Chrome/48.0.2564.116 Safari/537.36"
36.133.115.36 - - [17/Oct/2025:00:17:14 +0800] "POST /wp-cron.php?doing_wp_cron=1760631434.8555629253387451171875 HTTP/1.1" 200 31 "-" "WordPress/6.8.2; http://cqqizhou.com"
220.181.108.174 - - [17/Oct/2025:00:17:14 +0800] "GET / HTTP/1.1" 301 5 "-" "Mozilla/5.0 (Linux;u;Android 4.2.2;zh-cn;) AppleWebKit/534.46 (KHTML,like Gecko) Version/5.1 Mobile Safari/10600.6.3 (compatible; Baiduspider/2.0; +http://www.baidu.com/search/spider.html)"
220.181.108.177 - - [17/Oct/2025:00:17:15 +0800] "GET / HTTP/1.1" 200 33467 "-" "Mozilla/5.0 (Linux;u;Android 4.2.2;zh-cn;) AppleWebKit/534.46 (KHTML,like Gecko) Version/5.1 Mobile Safari/10600.6.3 (compatible; Baiduspider/2.0; +http://www.baidu.com/search/spider.html)"
36.133.115.36 - - [17/Oct/2025:00:17:51 +0800] "POST /wp-cron.php?doing_wp_cron=1760631471.8188140392303466796875 HTTP/1.1" 200 31 "-" "WordPress/6.8.2; http://cqqizhou.com"
43.153.104.196 - - [17/Oct/2025:00:17:51 +0800] "GET / HTTP/1.1" 301 5 "-" "Mozilla/5.0 (iPhone; CPU iPhone OS 13_2_3 like Mac OS X) AppleWebKit/605.1.15 (KHTML, like Gecko) Version/13.0.3 Mobile/15E148 Safari/604.1"
43.153.104.196 - - [17/Oct/2025:00:17:54 +0800] "GET / HTTP/1.1" 200 33466 "http://36.133.115.36" "Mozilla/5.0 (iPhone; CPU iPhone OS 13_2_3 like Mac OS X) AppleWebKit/605.1.15 (KHTML, like Gecko) Version/13.0.3 Mobile/15E148 Safari/604.1"
36.133.115.36 - - [17/Oct/2025:00:20:09 +0800] "POST /wp-cron.php?doing_wp_cron=1760631609.7152340412139892578125 HTTP/1.1" 200 31 "-" "WordPress/6.8.2; http://cqqizhou.com"
180.184.67.177 - - [17/Oct/2025:00:20:09 +0800] "GET / HTTP/1.1" 301 5 "-" "Mozilla/5.0 (Linux; Android 10; V1950A; wv) AppleWebKit/537.36 (KHTML, like Gecko) Chrome/62.0.3202.84 Mobile Safari/537.36 VivoBrowser/20.2.3.0"
180.184.67.177 - - [17/Oct/2025:00:20:10 +0800] "GET / HTTP/1.1" 200 33466 "-" "Mozilla/5.0 (Linux; Android 10; V1950A; wv) AppleWebKit/537.36 (KHTML, like Gecko) Chrome/62.0.3202.84 Mobile Safari/537.36 VivoBrowser/20.2.3.0"
116.179.32.215 - - [17/Oct/2025:00:20:34 +0800] "GET / HTTP/1.1" 301 5 "-" "Mozilla/5.0 (compatible; Baiduspider/2.0; +http://www.baidu.com/search/spider.html)"
220.181.108.159 - - [17/Oct/2025:00:20:34 +0800] "GET / HTTP/1.1" 301 5 "-" "Mozilla/5.0 (Linux;u;Android 4.2.2;zh-cn;) AppleWebKit/534.46 (KHTML,like Gecko) Version/5.1 Mobile Safari/10600.6.3 (compatible; Baiduspider/2.0; +http://www.baidu.com/search/spider.html)"
116.179.32.77 - - [17/Oct/2025:00:20:34 +0800] "GET / HTTP/1.1" 200 39371 "-" "Mozilla/5.0 (compatible; Baiduspider/2.0; +http://www.baidu.com/search/spider.html)"
220.181.108.159 - - [17/Oct/2025:00:20:35 +0800] "GET / HTTP/1.1" 200 33467 "-" "Mozilla/5.0 (Linux;u;Android 4.2.2;zh-cn;) AppleWebKit/534.46 (KHTML,like Gecko) Version/5.1 Mobile Safari/10600.6.3 (compatible; Baiduspider/2.0; +http://www.baidu.com/search/spider.html)"
220.181.108.157 - - [17/Oct/2025:00:20:51 +0800] "GET /portfolio-category/hot-dip-galvanized-coil/ HTTP/1.1" 200 20954 "-" "Mozilla/5.0 (compatible; Baiduspider/2.0; +http://www.baidu.com/search/spider.html)"
36.133.115.36 - - [17/Oct/2025:00:31:03 +0800] "POST /wp-cron.php?doing_wp_cron=1760632263.6129560470581054687500 HTTP/1.1" 200 31 "-" "WordPress/6.8.2; http://cqqizhou.com"
43.154.140.188 - - [17/Oct/2025:00:31:03 +0800] "GET /wp-json/oembed/1.0/embed?url=http%3A%2F%2Fcqqizhou.com%2F HTTP/1.1" 200 1096 "-" "Mozilla/5.0 (iPhone; CPU iPhone OS 13_2_3 like Mac OS X) AppleWebKit/605.1.15 (KHTML, like Gecko) Version/13.0.3 Mobile/15E148 Safari/604.1"
36.133.115.36 - - [17/Oct/2025:00:35:59 +0800] "POST /wp-cron.php?doing_wp_cron=1760632559.8801898956298828125000 HTTP/1.1" 200 31 "-" "WordPress/6.8.2; http://cqqizhou.com"
123.57.13.121 - - [17/Oct/2025:00:35:59 +0800] "GET / HTTP/1.1" 301 5 "-" "Mozilla/5.0 (Windows NT 10.0; Win64; x64) AppleWebKit/537.36 (KHTML, like Gecko) Chrome/104.0.0.0 Safari/537.36"
36.133.115.36 - - [17/Oct/2025:00:40:33 +0800] "POST /wp-cron.php?doing_wp_cron=1760632833.9486451148986816406250 HTTP/1.1" 200 31 "-" "WordPress/6.8.2; http://cqqizhou.com"
167.71.142.22 - - [17/Oct/2025:00:40:34 +0800] "GET /.env HTTP/1.1" 404 8991 "-" "Mozilla/5.0; Keydrop.io/1.0(onlyscans.com/about);"
167.71.142.22 - - [17/Oct/2025:00:40:35 +0800] "GET /.git/config HTTP/1.1" 404 8990 "-" "Mozilla/5.0; Keydrop.io/1.0(onlyscans.com/about);"
170.106.192.208 - - [17/Oct/2025:00:43:27 +0800] "GET /material.html HTTP/1.1" 200 6459 "-" "Mozilla/5.0 (iPhone; CPU iPhone OS 13_2_3 like Mac OS X) AppleWebKit/605.1.15 (KHTML, like Gecko) Version/13.0.3 Mobile/15E148 Safari/604.1"
123.57.13.121 - - [17/Oct/2025:01:03:27 +0800] "GET / HTTP/1.1" 200 39371 "-" "Mozilla/5.0 (Windows NT 10.0; Win64; x64) AppleWebKit/537.36 (KHTML, like Gecko) Chrome/104.0.0.0 Safari/537.36"
36.133.115.36 - - [17/Oct/2025:01:03:37 +0800] "POST /wp-cron.php?doing_wp_cron=1760634217.9104950428009033203125 HTTP/1.1" 200 31 "-" "WordPress/6.8.2; http://cqqizhou.com"
20.46.232.134 - - [17/Oct/2025:01:03:38 +0800] "GET /developmentserver/metadatauploader HTTP/1.1" 404 8990 "-" "Mozilla/5.0 zgrab/0.x"
36.133.115.36 - - [17/Oct/2025:01:14:13 +0800] "POST /wp-cron.php?doing_wp_cron=1760634853.1583900451660156250000 HTTP/1.1" 200 31 "-" "WordPress/6.8.2; http://cqqizhou.com"
20.64.105.9 - - [17/Oct/2025:01:14:13 +0800] "GET / HTTP/1.1" 301 5 "-" "Mozilla/5.0 zgrab/0.x"
36.133.115.36 - - [17/Oct/2025:01:30:24 +0800] "POST /wp-cron.php?doing_wp_cron=1760635823.9859960079193115234375 HTTP/1.1" 200 31 "-" "WordPress/6.8.2; http://cqqizhou.com"
163.47.34.82 - - [17/Oct/2025:01:30:24 +0800] "GET /robots.txt HTTP/1.0" 200 378 "-" "xfa1"
36.133.115.36 - - [17/Oct/2025:01:41:56 +0800] "POST /wp-cron.php?doing_wp_cron=1760636516.7884531021118164062500 HTTP/1.1" 200 31 "-" "WordPress/6.8.2; http://cqqizhou.com"
195.178.110.15 - - [17/Oct/2025:01:41:56 +0800] "GET / HTTP/1.1" 301 5 "-" "l9tcpid/v1.1.0"
36.133.115.36 - - [17/Oct/2025:01:51:33 +0800] "POST /wp-cron.php?doing_wp_cron=1760637093.8192780017852783203125 HTTP/1.1" 200 31 "-" "WordPress/6.8.2; http://cqqizhou.com"
117.209.94.140 - - [17/Oct/2025:01:51:33 +0800] "POST /GponForm/diag_Form?images/ HTTP/1.1" 404 8990 "-" "Hello, World"
36.133.115.36 - - [17/Oct/2025:01:53:18 +0800] "POST /wp-cron.php?doing_wp_cron=1760637198.5215640068054199218750 HTTP/1.1" 200 31 "-" "WordPress/6.8.2; http://cqqizhou.com"
135.237.126.224 - - [17/Oct/2025:01:53:18 +0800] "GET /druid/index.html HTTP/1.1" 404 8990 "-" "Mozilla/5.0 zgrab/0.x"
36.133.115.36 - - [17/Oct/2025:02:41:33 +0800] "POST /wp-cron.php?doing_wp_cron=1760640093.9314079284667968750000 HTTP/1.1" 200 31 "-" "WordPress/6.8.2; http://cqqizhou.com"
203.91.76.30 - - [17/Oct/2025:02:41:34 +0800] "GET /wp-content/plugins/wp-event-solution/readme.txt HTTP/1.1" 404 8990 "-" "Mozilla/5.0 (Windows NT 10.0; Win64; x64; rv:134.0) Gecko/20100101 Firefox/134.0"
203.91.76.30 - - [17/Oct/2025:02:41:34 +0800] "GET /wp-content/plugins/all-in-one-b2b-for-woocommerce/readme.txt HTTP/1.1" 404 8990 "-" "Mozilla/5.0 (Macintosh; Intel Mac OS X 10_15_6) AppleWebKit/605.1.15 (KHTML, like Gecko) Version/14.1 Safari/605.1.15"
203.91.76.30 - - [17/Oct/2025:02:41:35 +0800] "GET /wp-content/plugins/easy-real-estate/readme.txt HTTP/1.1" 404 8990 "-" "Mozilla/5.0 (X11; Linux x86_64) AppleWebKit/537.36 (KHTML, like Gecko) Chrome/128.0.0.0 Safari/537.36"
203.91.76.30 - - [17/Oct/2025:02:41:35 +0800] "GET /wp-content/plugins/frontend-login-and-registration-blocks/readme.txt HTTP/1.1" 404 8990 "-" "Mozilla/5.0 (X11; Linux i686) AppleWebKit/537.36 (KHTML, like Gecko) Chrome/135.0.0.0 Safari/537.36"
203.91.76.30 - - [17/Oct/2025:02:41:35 +0800] "GET /wp-content/plugins/bsecure/readme.txt HTTP/1.1" 404 8990 "-" "Mozilla/5.0 (Macintosh; Intel Mac OS X 10_11_6) AppleWebKit/605.1.15 (KHTML, like Gecko) Version/11.1.2 Safari/605.1.15"
203.91.76.30 - - [17/Oct/2025:02:41:35 +0800] "GET /wp-content/plugins/vibebp/readme.txt HTTP/1.1" 404 8990 "-" "Mozilla/5.0 (Fedora; Linux i686) AppleWebKit/537.36 (KHTML, like Gecko) Chrome/134.0.0.0 Safari/537.36"
203.91.76.30 - - [17/Oct/2025:02:41:35 +0800] "GET /wp-content/plugins/import-export-with-custom-rest-api/readme.txt HTTP/1.1" 404 8990 "-" "Mozilla/5.0 (Kubuntu; Linux x86_64) AppleWebKit/537.36 (KHTML, like Gecko) Chrome/118.0.0.0 Safari/537.36"
203.91.76.30 - - [17/Oct/2025:02:41:35 +0800] "GET /wp-content/plugins/payu-india/readme.txt HTTP/1.1" 404 8990 "-" "Mozilla/5.0 (Windows; U; Windows NT 6.1; sv-SE) AppleWebKit/533.19.4 (KHTML, like Gecko) Version/5.0.3 Safari/533.19.4"
203.91.76.30 - - [17/Oct/2025:02:41:35 +0800] "GET /wp-content/plugins/automation-web-platform/readme.txt HTTP/1.1" 404 8990 "-" "Mozilla/5.0 (Windows NT 10.0; Win64; x64; rv:109.0) Gecko/20100101 Firefox/110.0"
203.91.76.30 - - [17/Oct/2025:02:41:35 +0800] "GET /wp-content/plugins/userplus/readme.txt HTTP/1.1" 404 8990 "-" "Mozilla/5.0 (Fedora; Linux x86_64; rv:125.0) Gecko/20100101 Firefox/125.0"
203.91.76.30 - - [17/Oct/2025:02:41:35 +0800] "GET /wp-content/plugins/miniorange-malware-protection/readme.txt HTTP/1.1" 404 8990 "-" "Mozilla/5.0 (Windows NT 10.0; Win64; x64; rv:134.0) Gecko/20100101 Firefox/134.0"
203.91.76.30 - - [17/Oct/2025:02:41:36 +0800] "GET /wp-content/plugins/flynax-bridge/readme.txt HTTP/1.1" 404 8989 "-" "Mozilla/5.0 (Windows NT 10.0; Win64; x64; rv:109.0) Gecko/20100101 Firefox/116.0"
203.91.76.30 - - [17/Oct/2025:02:41:36 +0800] "GET /wp-content/plugins/wp-registration/readme.txt HTTP/1.1" 404 8989 "-" "Mozilla/5.0 (SS; Linux i686; rv:124.0) Gecko/20100101 Firefox/124.0"
203.91.76.30 - - [17/Oct/2025:02:41:36 +0800] "GET /wp-content/plugins/exam-matrix/readme.txt HTTP/1.1" 404 8989 "-" "Mozilla/5.0 (Knoppix; Linux i686) AppleWebKit/537.36 (KHTML, like Gecko) Chrome/128.0.0.0 Safari/537.36"
203.91.76.30 - - [17/Oct/2025:02:41:37 +0800] "GET /wp-content/plugins/excel-like-price-change-for-woocommerce-and-wp-e-commerce-light/readme.txt HTTP/1.1" 404 8990 "-" "Mozilla/5.0 (X11; Linux x86_64; rv:134.0) Gecko/20100101 Firefox/134.0"
203.91.76.30 - - [17/Oct/2025:02:41:37 +0800] "GET /wp-content/plugins/one-login/readme.txt HTTP/1.1" 404 8990 "-" "Mozilla/5.0 (Windows NT 10.0; Win64; x64; rv:128.0) Gecko/20100101 Firefox/128.0"
203.91.76.30 - - [17/Oct/2025:02:41:38 +0800] "GET /wp-content/plugins/project-notebooks/readme.txt HTTP/1.1" 404 8990 "-" "Mozilla/5.0 (Windows NT 11.0) AppleWebKit/537.36 (KHTML, like Gecko) Safari/113.0 Safari/537.36"
203.91.76.30 - - [17/Oct/2025:02:41:44 +0800] "GET /wp-content/plugins/litespeed-cache/readme.txt HTTP/1.1" 404 8990 "-" "Mozilla/5.0 (SS; Linux i686; rv:122.0) Gecko/20100101 Firefox/122.0"
42.236.101.244 - - [17/Oct/2025:02:49:46 +0800] "GET / HTTP/1.1" 200 39371 "http://cqqizhou.com" "Mozilla/5.0 (Windows NT 10.0; Win64; x64) AppleWebKit/537.36 (KHTML, like Gecko) Chrome/140.0.0.0 Safari/537.36 Edg/140.0.0.0; 360Spider"
36.133.115.36 - - [17/Oct/2025:03:06:10 +0800] "POST /wp-cron.php?doing_wp_cron=1760641570.0619409084320068359375 HTTP/1.1" 200 31 "-" "WordPress/6.8.2; http://cqqizhou.com"
44.202.240.12 - - [17/Oct/2025:03:06:10 +0800] "GET / HTTP/1.1" 301 5 "-" "Mozilla/5.0 (Windows NT 10.0; Win64; x64) AppleWebKit/537.36 (KHTML, like Gecko) Chrome/136.0.0.0 Safari/537.36"
36.133.115.36 - - [17/Oct/2025:03:15:53 +0800] "POST /wp-cron.php?doing_wp_cron=1760642153.9240839481353759765625 HTTP/1.1" 200 31 "-" "WordPress/6.8.2; http://cqqizhou.com"
43.157.82.252 - - [17/Oct/2025:03:15:53 +0800] "GET / HTTP/1.1" 301 5 "-" "Mozilla/5.0 (iPhone; CPU iPhone OS 13_2_3 like Mac OS X) AppleWebKit/605.1.15 (KHTML, like Gecko) Version/13.0.3 Mobile/15E148 Safari/604.1"
43.157.82.252 - - [17/Oct/2025:03:15:56 +0800] "GET / HTTP/1.1" 200 33466 "http://www.cqqizhou.com" "Mozilla/5.0 (iPhone; CPU iPhone OS 13_2_3 like Mac OS X) AppleWebKit/605.1.15 (KHTML, like Gecko) Version/13.0.3 Mobile/15E148 Safari/604.1"
36.133.115.36 - - [17/Oct/2025:03:25:08 +0800] "POST /wp-cron.php?doing_wp_cron=1760642708.1902570724487304687500 HTTP/1.1" 200 31 "-" "WordPress/6.8.2; http://cqqizhou.com"
115.159.33.43 - - [17/Oct/2025:03:25:08 +0800] "GET / HTTP/1.1" 301 5 "-" "Mozilla/5.0 (Windows NT 10.0; Win64; x64) AppleWebKit/537.36 (KHTML, like Gecko) Chrome/79.0.3945.117 Safari/537.36"
36.133.115.36 - - [17/Oct/2025:04:06:10 +0800] "POST /wp-cron.php?doing_wp_cron=1760645170.5153679847717285156250 HTTP/1.1" 200 31 "-" "WordPress/6.8.2; http://cqqizhou.com"
196.251.72.152 - - [17/Oct/2025:04:06:10 +0800] "GET /.env HTTP/1.1" 404 8990 "-" "Mozilla/5.0 (Linux; Android 7.1.2; FP2) AppleWebKit/537.36 (KHTML, like Gecko) Chrome/78.0.3888.0 Mobile Safari/537.36"
36.133.115.36 - - [17/Oct/2025:04:08:13 +0800] "POST /wp-cron.php?doing_wp_cron=1760645293.0149331092834472656250 HTTP/1.1" 200 31 "-" "WordPress/6.8.2; http://cqqizhou.com"
196.251.72.152 - - [17/Oct/2025:04:08:13 +0800] "GET /.env HTTP/1.1" 404 8990 "-" "Mozilla/5.0 (Linux; Android 7.0; YS900) AppleWebKit/537.36 (KHTML, like Gecko) Chrome/74.0.3729.136 Iron Safari/537.36"
36.133.115.36 - - [17/Oct/2025:04:19:35 +0800] "POST /wp-cron.php?doing_wp_cron=1760645975.9334878921508789062500 HTTP/1.1" 200 31 "-" "WordPress/6.8.2; http://cqqizhou.com"
206.168.34.114 - - [17/Oct/2025:04:19:35 +0800] "GET / HTTP/1.1" 301 5 "-" "Mozilla/5.0 (compatible; CensysInspect/1.1; +https://about.censys.io/)"
206.168.34.114 - - [17/Oct/2025:04:19:48 +0800] "GET / HTTP/1.1" 200 39371 "-" "Mozilla/5.0 (compatible; CensysInspect/1.1; +https://about.censys.io/)"
36.133.115.36 - - [17/Oct/2025:04:22:40 +0800] "POST /wp-cron.php?doing_wp_cron=1760646160.3911859989166259765625 HTTP/1.1" 200 31 "-" "WordPress/6.8.2; http://cqqizhou.com"
106.227.49.113 - - [17/Oct/2025:04:22:40 +0800] "GET / HTTP/1.1" 301 5 "-" "Mozilla/5.0 (iPhone; CPU iPhone OS 13_2_3 like Mac OS X) AppleWebKit/605.1.15 (KHTML, like Gecko) Version/13.0.3 Mobile/15E148 Safari/604.1"
106.227.49.113 - - [17/Oct/2025:04:22:41 +0800] "GET / HTTP/1.1" 200 33466 "http://www.cqqizhou.com" "Mozilla/5.0 (iPhone; CPU iPhone OS 13_2_3 like Mac OS X) AppleWebKit/605.1.15 (KHTML, like Gecko) Version/13.0.3 Mobile/15E148 Safari/604.1"
13.67.204.229 - - [17/Oct/2025:04:29:03 +0800] "GET /aa.php HTTP/1.1" 404 27 "-" "-"
13.67.204.229 - - [17/Oct/2025:04:29:03 +0800] "GET /abcd.php HTTP/1.1" 404 27 "-" "-"
13.67.204.229 - - [17/Oct/2025:04:29:03 +0800] "GET /admin.php HTTP/1.1" 404 27 "-" "-"
13.67.204.229 - - [17/Oct/2025:04:29:04 +0800] "GET /buy.php HTTP/1.1" 404 27 "-" "-"
36.133.115.36 - - [17/Oct/2025:04:29:04 +0800] "POST /wp-cron.php?doing_wp_cron=1760646544.8564589023590087890625 HTTP/1.1" 200 31 "-" "WordPress/6.8.2; http://cqqizhou.com"
13.67.204.229 - - [17/Oct/2025:04:29:04 +0800] "GET /cgi-bin/ HTTP/1.1" 404 31381 "-" "-"
13.67.204.229 - - [17/Oct/2025:04:29:05 +0800] "GET /edit.php HTTP/1.1" 404 27 "-" "-"
13.67.204.229 - - [17/Oct/2025:04:29:05 +0800] "GET /file.php HTTP/1.1" 404 27 "-" "-"
13.67.204.229 - - [17/Oct/2025:04:29:05 +0800] "GET /flower.php HTTP/1.1" 404 27 "-" "-"
13.67.204.229 - - [17/Oct/2025:04:29:06 +0800] "GET /images/index.php HTTP/1.1" 404 27 "-" "-"
13.67.204.229 - - [17/Oct/2025:04:29:06 +0800] "GET /info.php HTTP/1.1" 200 29 "-" "-"
13.67.204.229 - - [17/Oct/2025:04:29:06 +0800] "GET /ioxi-o.php HTTP/1.1" 404 27 "-" "-"
13.67.204.229 - - [17/Oct/2025:04:29:06 +0800] "GET /nc4.php HTTP/1.1" 404 27 "-" "-"
13.67.204.229 - - [17/Oct/2025:04:29:07 +0800] "GET /xleet.php HTTP/1.1" 404 27 "-" "-"
13.67.204.229 - - [17/Oct/2025:04:29:07 +0800] "GET /wp-admin/includes/ HTTP/1.1" 403 146 "-" "-"
13.67.204.229 - - [17/Oct/2025:04:29:07 +0800] "GET /wp-content/upgrade/index.php HTTP/1.1" 404 27 "-" "-"
13.67.204.229 - - [17/Oct/2025:04:29:07 +0800] "GET /wp-content/uploads/admin.php HTTP/1.1" 404 27 "-" "-"
13.67.204.229 - - [17/Oct/2025:04:29:08 +0800] "GET /wp-good.php HTTP/1.1" 404 27 "-" "-"
13.67.204.229 - - [17/Oct/2025:04:29:08 +0800] "GET /wp-includes/Text/Diff/Renderer/ HTTP/1.1" 403 146 "-" "-"
13.67.204.229 - - [17/Oct/2025:04:29:08 +0800] "GET /wp-includes/style-engine/ HTTP/1.1" 403 146 "-" "-"
13.67.204.229 - - [17/Oct/2025:04:29:08 +0800] "GET /xmrlpc.php HTTP/1.1" 404 27 "-" "-"
13.67.204.229 - - [17/Oct/2025:04:29:09 +0800] "GET /about.php HTTP/1.1" 404 27 "-" "-"
13.67.204.229 - - [17/Oct/2025:04:29:09 +0800] "GET /adminfuns.php HTTP/1.1" 404 27 "-" "-"
13.67.204.229 - - [17/Oct/2025:04:29:09 +0800] "GET /alfa.php HTTP/1.1" 404 27 "-" "-"
13.67.204.229 - - [17/Oct/2025:04:29:09 +0800] "GET /asasx.php HTTP/1.1" 404 27 "-" "-"
13.67.204.229 - - [17/Oct/2025:04:29:10 +0800] "GET /autoload_classmap.php HTTP/1.1" 404 27 "-" "-"
13.67.204.229 - - [17/Oct/2025:04:29:10 +0800] "GET /classwithtostring.php HTTP/1.1" 404 27 "-" "-"
13.67.204.229 - - [17/Oct/2025:04:29:10 +0800] "GET /cong.php HTTP/1.1" 404 27 "-" "-"
13.67.204.229 - - [17/Oct/2025:04:29:10 +0800] "GET /file2.php HTTP/1.1" 404 27 "-" "-"
13.67.204.229 - - [17/Oct/2025:04:29:10 +0800] "GET /moon.php HTTP/1.1" 404 27 "-" "-"
13.67.204.229 - - [17/Oct/2025:04:29:11 +0800] "GET /wp-admin/css/colors/blue/index.php HTTP/1.1" 404 27 "-" "-"
13.67.204.229 - - [17/Oct/2025:04:29:11 +0800] "GET /wp-content/index.php HTTP/1.1" 200 5 "-" "-"
13.67.204.229 - - [17/Oct/2025:04:29:11 +0800] "GET /wp-content/plugins/yanierin/akcc.php HTTP/1.1" 404 27 "-" "-"
13.67.204.229 - - [17/Oct/2025:04:29:11 +0800] "GET /wp-content/uploads/index.php HTTP/1.1" 404 27 "-" "-"
13.67.204.229 - - [17/Oct/2025:04:29:12 +0800] "GET /wp-content/wp-conflg.php HTTP/1.1" 404 27 "-" "-"
13.67.204.229 - - [17/Oct/2025:04:29:12 +0800] "GET /wp-cron.php HTTP/1.1" 200 5 "-" "-"
13.67.204.229 - - [17/Oct/2025:04:29:12 +0800] "GET /wp-includes/IXR/ HTTP/1.1" 403 146 "-" "-"
13.67.204.229 - - [17/Oct/2025:04:29:12 +0800] "GET /wp-includes/block-supports/ HTTP/1.1" 403 146 "-" "-"
13.67.204.229 - - [17/Oct/2025:04:29:13 +0800] "GET /wp-includes/fonts/ HTTP/1.1" 403 146 "-" "-"
13.67.204.229 - - [17/Oct/2025:04:29:13 +0800] "GET /wp-includes/fonts/index.php HTTP/1.1" 404 27 "-" "-"
13.67.204.229 - - [17/Oct/2025:04:29:13 +0800] "GET /wp-includes/js/crop/ HTTP/1.1" 403 146 "-" "-"
13.67.204.229 - - [17/Oct/2025:04:29:13 +0800] "GET /wp-includes/rest-api/ HTTP/1.1" 403 146 "-" "-"
13.67.204.229 - - [17/Oct/2025:04:29:14 +0800] "GET /wp-includes/widgets/ HTTP/1.1" 403 146 "-" "-"
36.133.115.36 - - [17/Oct/2025:04:41:44 +0800] "POST /wp-cron.php?doing_wp_cron=1760647304.9585618972778320312500 HTTP/1.1" 200 31 "-" "WordPress/6.8.2; http://cqqizhou.com"
93.174.93.12 - - [17/Oct/2025:04:41:45 +0800] "GET / HTTP/1.0" 301 0 "-" "ELinks (0.4pre5; Linux 2.6.10-ac7 i686; 80x33)"
36.133.115.36 - - [17/Oct/2025:04:43:59 +0800] "POST /wp-cron.php?doing_wp_cron=1760647439.7566249370574951171875 HTTP/1.1" 200 31 "-" "WordPress/6.8.2; http://cqqizhou.com"
4.227.36.37 - - [17/Oct/2025:04:43:59 +0800] "GET /robots.txt HTTP/1.1" 200 190 "-" "Mozilla/5.0 (Macintosh; Intel Mac OS X 10_15_7) AppleWebKit/537.36 (KHTML, like Gecko) Chrome/131.0.0.0 Safari/537.36; compatible; OAI-SearchBot/1.0; +https://openai.com/searchbot"
20.171.207.2 - - [17/Oct/2025:04:44:00 +0800] "GET /wp-sitemap.xml HTTP/1.1" 501 253 "-" "Mozilla/5.0 AppleWebKit/537.36 (KHTML, like Gecko; compatible; GPTBot/1.2; +https://openai.com/gptbot)"
36.133.115.36 - - [17/Oct/2025:05:02:39 +0800] "POST /wp-cron.php?doing_wp_cron=1760648559.1371819972991943359375 HTTP/1.1" 200 31 "-" "WordPress/6.8.2; http://cqqizhou.com"
176.65.141.87 - - [17/Oct/2025:05:02:39 +0800] "GET / HTTP/1.1" 200 151919 "-" "Mozilla/5.0 (Windows NT 10.0; Win64; x64) AppleWebKit/537.36 (KHTML, like Gecko) Chrome/42.0.2311.135 Safari/537.36 Edge/12.246"
36.133.115.36 - - [17/Oct/2025:05:10:05 +0800] "POST /wp-cron.php?doing_wp_cron=1760649005.7288780212402343750000 HTTP/1.1" 200 31 "-" "WordPress/6.8.2; http://cqqizhou.com"
36.133.108.119 - - [17/Oct/2025:05:10:05 +0800] "HEAD / HTTP/1.1" 301 0 "-" "Mozilla/5.0 (Macintosh; Intel Mac OS X 10_8_3) AppleWebKit/537.36 (KHTML, like Gecko) Chrome/27.0.1453.93 Safari/537.36"
36.133.115.36 - - [17/Oct/2025:05:25:46 +0800] "POST /wp-cron.php?doing_wp_cron=1760649946.9471859931945800781250 HTTP/1.1" 200 31 "-" "WordPress/6.8.2; http://cqqizhou.com"
195.178.110.15 - - [17/Oct/2025:05:25:46 +0800] "GET / HTTP/1.1" 301 5 "-" "l9tcpid/v1.1.0"
36.133.115.36 - - [17/Oct/2025:05:34:55 +0800] "POST /wp-cron.php?doing_wp_cron=1760650495.4003429412841796875000 HTTP/1.1" 200 31 "-" "WordPress/6.8.2; http://cqqizhou.com"
176.65.141.86 - - [17/Oct/2025:05:34:55 +0800] "GET /cgi-bin/luci/;stok=/locale HTTP/1.1" 301 5 "-" "-"
176.65.141.86 - - [17/Oct/2025:05:34:56 +0800] "GET /cgi-bin/luci/;stok=/locale HTTP/1.1" 404 31381 "http://36.133.115.36:80/cgi-bin/luci/;stok=/locale" "-"
36.133.115.36 - - [17/Oct/2025:06:04:17 +0800] "POST /wp-cron.php?doing_wp_cron=1760652257.1649389266967773437500 HTTP/1.1" 200 31 "-" "WordPress/6.8.2; http://cqqizhou.com"
152.32.131.53 - - [17/Oct/2025:06:04:17 +0800] "GET /version HTTP/1.1" 301 5 "-" "-"
152.32.131.53 - - [17/Oct/2025:06:04:18 +0800] "GET / HTTP/1.1" 200 151919 "-" "-"
152.32.131.53 - - [17/Oct/2025:06:04:19 +0800] "GET / HTTP/1.1" 200 151919 "-" "-"
152.32.131.53 - - [17/Oct/2025:06:04:20 +0800] "GET /v1 HTTP/1.1" 301 5 "-" "-"
152.32.131.53 - - [17/Oct/2025:06:04:21 +0800] "GET / HTTP/1.1" 200 151919 "-" "-"
152.32.131.53 - - [17/Oct/2025:06:04:23 +0800] "GET / HTTP/1.1" 200 151919 "-" "Mozilla/5.0 (Windows NT 6.1) AppleWebKit/537.36 (KHTML, like Gecko) Chrome/49.0.2623.112 Safari/537.36"
36.133.115.36 - - [17/Oct/2025:06:06:29 +0800] "POST /wp-cron.php?doing_wp_cron=1760652389.2848041057586669921875 HTTP/1.1" 200 31 "-" "WordPress/6.8.2; http://cqqizhou.com"
139.162.3.141 - - [17/Oct/2025:06:06:29 +0800] "GET / HTTP/1.0" 301 0 "-" "-"
139.162.3.141 - - [17/Oct/2025:06:06:36 +0800] "GET / HTTP/1.1" 301 5 "-" "Mozilla/5.0 (Windows NT 6.2; Win64; x64) AppleWebKit/537.36 (KHTML"
139.162.3.141 - - [17/Oct/2025:06:06:36 +0800] "GET / HTTP/1.1" 301 5 "-" "Mozilla/5.0 (Windows NT 6.2; Win64; x64) AppleWebKit/537.36 (KHTML"
139.162.3.141 - - [17/Oct/2025:06:06:36 +0800] "GET /webui HTTP/1.1" 404 31381 "-" "Mozilla/5.0 (Windows NT 6.2; Win64; x64) AppleWebKit/537.36 (KHTML"
139.162.3.141 - - [17/Oct/2025:06:06:37 +0800] "GET / HTTP/1.1" 200 165866 "-" "Mozilla/5.0 (Windows NT 6.2; Win64; x64) AppleWebKit/537.36 (KHTML"
139.162.3.141 - - [17/Oct/2025:06:06:37 +0800] "GET / HTTP/1.1" 301 5 "-" "Mozilla/5.0 (Windows NT 6.2; Win64; x64) AppleWebKit/537.36 (KHTML"
139.162.3.141 - - [17/Oct/2025:06:06:39 +0800] "GET / HTTP/1.1" 200 165874 "-" "Mozilla/5.0 (Windows NT 6.2; Win64; x64) AppleWebKit/537.36 (KHTML"
139.162.3.141 - - [17/Oct/2025:06:06:40 +0800] "GET /owa/ HTTP/1.1" 404 31381 "-" "Mozilla/5.0 (Windows NT 6.2; Win64; x64) AppleWebKit/537.36 (KHTML"
139.162.3.141 - - [17/Oct/2025:06:06:41 +0800] "GET /owa/ HTTP/1.1" 404 31381 "-" "Mozilla/5.0 (Windows NT 6.2; Win64; x64) AppleWebKit/537.36 (KHTML"
36.133.115.36 - - [17/Oct/2025:06:07:07 +0800] "POST /wp-cron.php?doing_wp_cron=1760652427.6233289241790771484375 HTTP/1.1" 200 31 "-" "WordPress/6.8.2; http://cqqizhou.com"
139.162.3.141 - - [17/Oct/2025:06:07:07 +0800] "GET / HTTP/1.0" 301 0 "-" "-"
139.162.3.141 - - [17/Oct/2025:06:07:08 +0800] "GET / HTTP/1.1" 301 5 "-" "-"
36.133.108.119 - - [17/Oct/2025:06:39:15 +0800] "HEAD /systembc/password.php HTTP/1.1" 404 0 "-" "Mozilla/5.0 (Windows NT 6.1) AppleWebKit/537.36 (KHTML, like Gecko) Chrome/27.0.1453.90 Safari/537.36"
39.162.150.167 - - [17/Oct/2025:06:42:39 +0800] "GET / HTTP/1.1" 200 39371 "http://cqqizhou.com/" "Mozilla/5.0 (Windows NT 6.1; WOW64) AppleWebKit/537.36 (KHTML, like Gecko) Chrome/50.0.2661.102 Safari/537.36"
36.133.115.36 - - [17/Oct/2025:06:42:45 +0800] "POST /wp-cron.php?doing_wp_cron=1760654565.7533059120178222656250 HTTP/1.1" 200 31 "-" "WordPress/6.8.2; http://cqqizhou.com"
167.99.141.235 - - [17/Oct/2025:06:42:45 +0800] "GET /robots.txt HTTP/1.0" 200 378 "-" "xfa1"
36.133.115.36 - - [17/Oct/2025:06:52:36 +0800] "POST /wp-cron.php?doing_wp_cron=1760655156.4230198860168457031250 HTTP/1.1" 200 31 "-" "WordPress/6.8.2; http://cqqizhou.com"
195.178.110.15 - - [17/Oct/2025:06:52:36 +0800] "GET / HTTP/1.1" 301 5 "-" "l9tcpid/v1.1.0"
36.133.115.36 - - [17/Oct/2025:07:02:41 +0800] "POST /wp-cron.php?doing_wp_cron=1760655761.4119620323181152343750 HTTP/1.1" 200 31 "-" "WordPress/6.8.2; http://cqqizhou.com"
23.180.120.244 - - [17/Oct/2025:07:02:41 +0800] "GET / HTTP/1.1" 301 5 "-" "Mozilla/5.0 (Windows NT 10.0; Win64; x64) AppleWebKit/537.36 Chrome/121.0.0.0"
23.180.120.244 - - [17/Oct/2025:07:02:42 +0800] "GET / HTTP/1.1" 200 39371 "-" "Mozilla/5.0 (Windows NT 10.0; Win64; x64) AppleWebKit/537.36 Chrome/121.0.0.0"
61.142.42.201 - - [17/Oct/2025:07:23:42 +0800] "GET / HTTP/1.1" 200 39371 "-" "Mozilla/5.0 (Windows NT 10.0; Win64; x64) AppleWebKit/537.36 (KHTML, like Gecko) Chrome/122.0.0.0 Safari/537.36 Edg/122.0.0.0"
36.133.115.36 - - [17/Oct/2025:07:26:15 +0800] "POST /wp-cron.php?doing_wp_cron=1760657175.6618769168853759765625 HTTP/1.1" 200 31 "-" "WordPress/6.8.2; http://cqqizhou.com"
165.154.238.63 - - [17/Oct/2025:07:26:16 +0800] "GET / HTTP/1.1" 200 151919 "-" "Mozilla/5.0 (Windows NT 10.0; Win64; x64) AppleWebKit/537.36 (KHTML, like Gecko) Chrome/125.0.0.0 Safari/537.36"
36.133.115.36 - - [17/Oct/2025:07:28:52 +0800] "POST /wp-cron.php?doing_wp_cron=1760657332.9366469383239746093750 HTTP/1.1" 200 31 "-" "WordPress/6.8.2; http://cqqizhou.com"
45.82.78.102 - - [17/Oct/2025:07:28:52 +0800] "GET / HTTP/1.1" 301 5 "-" "Mozilla/5.0 (Macintosh; Intel Mac OS X 10_15_7) AppleWebKit/537.36 (KHTML, like Gecko) Chrome/139.0.0.0 Safari/537.36"
45.82.78.110 - - [17/Oct/2025:07:28:58 +0800] "GET / HTTP/1.1" 200 39371 "-" "Mozilla/5.0 (Macintosh; Intel Mac OS X 10_15_7) AppleWebKit/605.1.15 (KHTML, like Gecko) Version/15.6.1 Safari/605.1.15"
45.131.155.100 - - [17/Oct/2025:07:29:00 +0800] "GET / HTTP/1.1" 200 39371 "-" "Mozilla/5.0 (X11; Linux x86_64) AppleWebKit/537.36 (KHTML, like Gecko) Chrome/130.0.0.0 Safari/537.36"
36.133.115.36 - - [17/Oct/2025:07:50:15 +0800] "POST /wp-cron.php?doing_wp_cron=1760658615.6925549507141113281250 HTTP/1.1" 200 31 "-" "WordPress/6.8.2; http://cqqizhou.com"
171.42.29.247 - - [17/Oct/2025:07:50:15 +0800] "GET / HTTP/1.1" 301 5 "-" "Mozilla/5.0 (Windows NT 7.7; Win64; x64) AppleWebKit/537.36 (KHTML, like Gecko) Chrome/79.0.3117.88 Safari/537.36"
171.42.29.247 - - [17/Oct/2025:07:50:15 +0800] "GET / HTTP/1.1" 200 39371 "-" "Mozilla/5.0 (Windows NT 7.7; Win64; x64) AppleWebKit/537.36 (KHTML, like Gecko) Chrome/79.0.3117.88 Safari/537.36"
171.42.29.247 - - [17/Oct/2025:07:50:16 +0800] "GET /contacts/ HTTP/1.1" 200 21517 "-" "Mozilla/5.0 (Windows NT 10.6; Win64; x64) AppleWebKit/537.36 (KHTML, like Gecko) Chrome/76.0.2780.88 Safari/537.36"
36.133.115.36 - - [17/Oct/2025:08:20:40 +0800] "POST /wp-cron.php?doing_wp_cron=1760660440.1841750144958496093750 HTTP/1.1" 200 31 "-" "WordPress/6.8.2; http://cqqizhou.com"
93.123.109.214 - - [17/Oct/2025:08:20:40 +0800] "GET / HTTP/1.1" 301 5 "-" "l9tcpid/v1.1.0"
36.133.115.36 - - [17/Oct/2025:08:36:08 +0800] "POST /wp-cron.php?doing_wp_cron=1760661368.0844531059265136718750 HTTP/1.1" 200 31 "-" "WordPress/6.8.2; http://cqqizhou.com"
124.237.211.157 - - [17/Oct/2025:08:36:08 +0800] "GET /portfolio-category/hot-dip-galvanized-coil/ HTTP/1.1" 200 17617 "-" "Mozilla/5.0 (Linux; Android 6.0.1; SOV33 Build/35.0.D.0.326) AppleWebKit/537.36 (KHTML, like Gecko) Chrome/49.0.2623.91 Mobile Safari/537.36"
124.237.211.93 - - [17/Oct/2025:08:36:09 +0800] "GET /wp-content/uploads/2025/07/1753456770-%E7%83%AD%E9%95%80%E9%94%8C%E5%8D%B7product_Single600.webp HTTP/1.1" 200 27502 "http://cqqizhou.com/portfolio-category/hot-dip-galvanized-coil/" "Mozilla/5.0 (Linux; Android 6.0.1; SOV33 Build/35.0.D.0.326) AppleWebKit/537.36 (KHTML, like Gecko) Chrome/49.0.2623.91 Mobile Safari/537.36"
124.237.211.93 - - [17/Oct/2025:08:36:09 +0800] "GET /wp-content/uploads/2025/07/1751425283-qizhou.kf_.qq_.com_.webp HTTP/1.1" 200 16864 "http://cqqizhou.com/portfolio-category/hot-dip-galvanized-coil/" "Mozilla/5.0 (Linux; Android 6.0.1; SOV33 Build/35.0.D.0.326) AppleWebKit/537.36 (KHTML, like Gecko) Chrome/49.0.2623.91 Mobile Safari/537.36"
124.237.211.95 - - [17/Oct/2025:08:36:10 +0800] "GET /wp-content/uploads/2025/07/1753410289-News2000%C3%97400_202571.webp HTTP/1.1" 200 17830 "http://cqqizhou.com/portfolio-category/hot-dip-galvanized-coil/" "Mozilla/5.0 (Linux; Android 6.0.1; SOV33 Build/35.0.D.0.326) AppleWebKit/537.36 (KHTML, like Gecko) Chrome/49.0.2623.91 Mobile Safari/537.36"
36.133.115.36 - - [17/Oct/2025:08:43:57 +0800] "POST /wp-cron.php?doing_wp_cron=1760661837.2573499679565429687500 HTTP/1.1" 200 31 "-" "WordPress/6.8.2; http://cqqizhou.com"
198.199.72.27 - - [17/Oct/2025:08:43:57 +0800] "POST /DateSetting.cgi HTTP/1.1" 404 31381 "-" "-"
36.133.115.36 - - [17/Oct/2025:08:53:45 +0800] "POST /wp-cron.php?doing_wp_cron=1760662425.5010170936584472656250 HTTP/1.1" 200 31 "-" "WordPress/6.8.2; http://cqqizhou.com"
3.130.96.91 - - [17/Oct/2025:08:53:45 +0800] "GET / HTTP/1.1" 301 5 "-" "Mozilla/5.0 (Macintosh; Intel Mac OS X 10_15_7) Chrome/126.0.0.0 Safari/537.36"
3.130.96.91 - - [17/Oct/2025:08:54:33 +0800] "GET / HTTP/1.1" 301 5 "-" "Mozilla/5.0 (Macintosh; Intel Mac OS X 10_15_7) Chrome/126.0.0.0 Safari/537.36"
3.130.96.91 - - [17/Oct/2025:08:54:34 +0800] "GET / HTTP/1.1" 200 39371 "http://36.133.115.36/" "Mozilla/5.0 (Macintosh; Intel Mac OS X 10_15_7) Chrome/126.0.0.0 Safari/537.36"
36.133.115.36 - - [17/Oct/2025:08:56:34 +0800] "POST /wp-cron.php?doing_wp_cron=1760662594.3055860996246337890625 HTTP/1.1" 200 31 "-" "WordPress/6.8.2; http://cqqizhou.com"
45.156.129.134 - - [17/Oct/2025:08:56:34 +0800] "GET / HTTP/1.1" 301 5 "-" "Mozilla/5.0 (Windows NT 10.0; Win64; x64) AppleWebKit/537.36 (KHTML, like Gecko) Chrome/60.0.3112.113 Safari/537.36"
45.156.129.48 - - [17/Oct/2025:08:56:35 +0800] "GET / HTTP/1.1" 200 39371 "http://36.133.115.36/" "Mozilla/5.0 (Windows NT 10.0; Win64; x64) AppleWebKit/537.36 (KHTML, like Gecko) Chrome/60.0.3112.113 Safari/537.36"
36.133.115.36 - - [17/Oct/2025:09:27:52 +0800] "POST /wp-cron.php?doing_wp_cron=1760664472.7604401111602783203125 HTTP/1.1" 200 31 "-" "WordPress/6.8.2; http://cqqizhou.com"
93.123.109.214 - - [17/Oct/2025:09:27:52 +0800] "GET / HTTP/1.1" 301 5 "-" "l9tcpid/v1.1.0"
36.133.115.36 - - [17/Oct/2025:09:32:37 +0800] "POST /wp-cron.php?doing_wp_cron=1760664757.6025559902191162109375 HTTP/1.1" 200 31 "-" "WordPress/6.8.2; http://cqqizhou.com"
213.209.143.66 - - [17/Oct/2025:09:32:37 +0800] "GET / HTTP/1.1" 200 33467 "-" "Mozilla/5.0 (Windows NT 10.0; Win64; x64) AppleWebKit/537.36 (KHTML, like Gecko) Chrome/90.0.4430.85 Safari/537.36 Edg/90.0.818.46"
36.133.115.36 - - [17/Oct/2025:09:49:06 +0800] "POST /wp-cron.php?doing_wp_cron=1760665746.1962430477142333984375 HTTP/1.1" 200 31 "-" "WordPress/6.8.2; http://cqqizhou.com"
176.65.141.87 - - [17/Oct/2025:09:49:25 +0800] "GET / HTTP/1.1" 200 94149 "-" "Mozilla/5.0 (Windows NT 10.0; Win64; x64) AppleWebKit/537.36 (KHTML, like Gecko) Chrome/42.0.2311.135 Safari/537.36 Edge/12.246"
36.133.115.36 - - [17/Oct/2025:09:51:12 +0800] "POST /wp-cron.php?doing_wp_cron=1760665872.3587880134582519531250 HTTP/1.1" 200 31 "-" "WordPress/6.8.2; http://cqqizhou.com"
121.29.51.28 - - [17/Oct/2025:09:51:12 +0800] "GET / HTTP/1.1" 301 5 "-" "Mozilla/5.0 (Macintosh; Intel Mac OS X 10_11) AppleWebKit/601.1.27 (KHTML, like Gecko) Chrome/47.0.2526.106 Safari/601.1.27"
121.29.51.28 - - [17/Oct/2025:09:51:13 +0800] "GET / HTTP/1.1" 200 39371 "-" "Mozilla/5.0 (Macintosh; Intel Mac OS X 10_11) AppleWebKit/601.1.27 (KHTML, like Gecko) Chrome/47.0.2526.106 Safari/601.1.27"
36.133.115.36 - - [17/Oct/2025:09:57:57 +0800] "POST /wp-cron.php?doing_wp_cron=1760666277.6096560955047607421875 HTTP/1.1" 200 31 "-" "WordPress/6.8.2; http://cqqizhou.com"
121.29.51.28 - - [17/Oct/2025:09:57:57 +0800] "GET / HTTP/1.1" 301 5 "-" "Mozilla/5.0 (Linux; Android 5.1.1; vivo X6S A Build/LMY47V; wv) AppleWebKit/537.36 (KHTML, like Gecko) Version/4.0 Chrome/57.0.2987.132 MQQBrowser/6.2 TBS/044113 Mobile Safari/537.36 MicroMessenger/6.7.1321(0x26070030) NetType/4G Language/zh_CN"
185.39.19.34 - - [17/Oct/2025:10:02:48 +0800] "GET / HTTP/1.0" 200 165852 "http://cqqizhou.com/" "Mozilla/5.0 (Windows NT 10.0; Win64; x64) AppleWebKit/537.36 (KHTML, like Gecko) Chrome/129.0.0.0 Safari/537.36"
185.39.19.34 - - [17/Oct/2025:10:02:52 +0800] "GET /contacts/ HTTP/1.0" 200 76283 "http://cqqizhou.com/contacts/" "Mozilla/5.0 (Windows NT 10.0; Win64; x64) AppleWebKit/537.36 (KHTML, like Gecko) Chrome/129.0.0.0 Safari/537.36"
36.133.115.36 - - [17/Oct/2025:10:02:54 +0800] "POST /wp-cron.php?doing_wp_cron=1760666574.0354828834533691406250 HTTP/1.1" 200 31 "-" "WordPress/6.8.2; http://cqqizhou.com"
185.39.19.34 - - [17/Oct/2025:10:02:55 +0800] "POST /contacts/ HTTP/1.0" 200 68840 "http://cqqizhou.com/contacts/" "Mozilla/5.0 (Windows NT 10.0; Win64; x64) AppleWebKit/537.36 (KHTML, like Gecko) Chrome/129.0.0.0 Safari/537.36"
121.29.51.28 - - [17/Oct/2025:10:03:02 +0800] "GET / HTTP/1.1" 301 5 "-" "Dalvik/2.1.0 (Linux; U; Android 9.0; ZTE BA520 Build/MRA58K)"
121.29.51.28 - - [17/Oct/2025:10:03:03 +0800] "GET / HTTP/1.1" 200 33466 "-" "Dalvik/2.1.0 (Linux; U; Android 9.0; ZTE BA520 Build/MRA58K)"
202.93.142.22 - - [17/Oct/2025:10:04:51 +0800] "GET /admin/config.php HTTP/1.0" 404 16 "-" "ivre-masscan/1.3 https://github.com/robertdavidgraham/"
36.133.115.36 - - [17/Oct/2025:10:10:10 +0800] "POST /wp-cron.php?doing_wp_cron=1760667010.8074998855590820312500 HTTP/1.1" 200 31 "-" "WordPress/6.8.2; http://cqqizhou.com"
151.115.88.124 - - [17/Oct/2025:10:10:10 +0800] "GET /robots.txt HTTP/1.0" 200 378 "-" "xfa1"
36.133.115.36 - - [17/Oct/2025:10:11:19 +0800] "POST /wp-cron.php?doing_wp_cron=1760667079.8655009269714355468750 HTTP/1.1" 200 31 "-" "WordPress/6.8.2; http://cqqizhou.com"
120.71.59.24 - - [17/Oct/2025:10:11:20 +0800] "GET / HTTP/1.1" 200 33467 "-" "Mozilla/5.0 (iPhone; CPU iPhone OS 13_2_3 like Mac OS X) AppleWebKit/605.1.15 (KHTML, like Gecko) Version/13.0.3 Mobile/15E148 Safari/604.1"
62.60.131.151 - - [17/Oct/2025:10:25:46 +0800] "GET / HTTP/1.1" 200 39371 "-" "Go-http-client/1.1"
36.133.115.36 - - [17/Oct/2025:10:38:30 +0800] "POST /wp-cron.php?doing_wp_cron=1760668710.8949720859527587890625 HTTP/1.1" 200 31 "-" "WordPress/6.8.2; http://cqqizhou.com"
205.169.39.45 - - [17/Oct/2025:10:38:30 +0800] "GET / HTTP/1.1" 301 5 "-" "Mozilla/5.0 (Windows NT 10.0; Win64; x64) AppleWebKit/537.36 (KHTML, like Gecko) Chrome/117.0.5938.132 Safari/537.36"
205.169.39.45 - - [17/Oct/2025:10:38:31 +0800] "GET / HTTP/1.1" 200 39371 "-" "Mozilla/5.0 (Windows NT 10.0; Win64; x64) AppleWebKit/537.36 (KHTML, like Gecko) Chrome/117.0.5938.132 Safari/537.36"
205.169.39.45 - - [17/Oct/2025:10:38:33 +0800] "GET /wp-content/uploads/2025/07/1751425283-qizhou.kf_.qq_.com_.webp HTTP/1.1" 200 16864 "http://cqqizhou.com/" "Mozilla/5.0 (Windows NT 10.0; Win64; x64) AppleWebKit/537.36 (KHTML, like Gecko) Chrome/117.0.5938.132 Safari/537.36"
205.169.39.45 - - [17/Oct/2025:10:38:34 +0800] "GET /wp-content/uploads/2025/07/1750174127-Marketing1920x800_3.webp HTTP/1.1" 200 52790 "http://cqqizhou.com/wp-content/uploads/elementor/css/post-1666.css?ver=1756373176" "Mozilla/5.0 (Windows NT 10.0; Win64; x64) AppleWebKit/537.36 (KHTML, like Gecko) Chrome/117.0.5938.132 Safari/537.36"
205.169.39.45 - - [17/Oct/2025:10:38:35 +0800] "GET /wp-content/uploads/2025/07/1753456723-%E5%8F%8C%E7%9B%B8%E9%92%A2roduct_Single600.webp HTTP/1.1" 200 22790 "http://cqqizhou.com/" "Mozilla/5.0 (Windows NT 10.0; Win64; x64) AppleWebKit/537.36 (KHTML, like Gecko) Chrome/117.0.5938.132 Safari/537.36"
205.169.39.45 - - [17/Oct/2025:10:38:35 +0800] "GET /wp-content/uploads/2025/07/1753453096-%E5%8F%8C%E7%9B%B8%E9%92%A2product_Single600%C3%97284.webp HTTP/1.1" 200 14562 "http://cqqizhou.com/" "Mozilla/5.0 (Windows NT 10.0; Win64; x64) AppleWebKit/537.36 (KHTML, like Gecko) Chrome/117.0.5938.132 Safari/537.36"
205.169.39.45 - - [17/Oct/2025:10:38:35 +0800] "GET /wp-content/uploads/2025/07/1753456770-%E7%83%AD%E9%95%80%E9%94%8C%E5%8D%B7product_Single600.webp HTTP/1.1" 200 27502 "http://cqqizhou.com/" "Mozilla/5.0 (Windows NT 10.0; Win64; x64) AppleWebKit/537.36 (KHTML, like Gecko) Chrome/117.0.5938.132 Safari/537.36"
205.169.39.45 - - [17/Oct/2025:10:38:35 +0800] "GET /wp-content/uploads/2025/07/1753453127-%E4%BD%99%E5%8D%B7product_Single600%C3%97284.webp HTTP/1.1" 200 18744 "http://cqqizhou.com/" "Mozilla/5.0 (Windows NT 10.0; Win64; x64) AppleWebKit/537.36 (KHTML, like Gecko) Chrome/117.0.5938.132 Safari/537.36"
205.169.39.45 - - [17/Oct/2025:10:38:37 +0800] "GET /wp-content/uploads/revslider/slider-1/1750929639-yuanjing_Slider_3840%C3%972160_20250626171955-scaled.webp HTTP/1.1" 200 203290 "http://cqqizhou.com/" "Mozilla/5.0 (Windows NT 10.0; Win64; x64) AppleWebKit/537.36 (KHTML, like Gecko) Chrome/117.0.5938.132 Safari/537.36"
205.169.39.45 - - [17/Oct/2025:10:38:37 +0800] "GET /wp-content/uploads/revslider/slider-1/1750861156-logistics_Slider_3840%C3%972160_20250625191356-scaled-50x100.webp HTTP/1.1" 200 1416 "http://cqqizhou.com/" "Mozilla/5.0 (Windows NT 10.0; Win64; x64) AppleWebKit/537.36 (KHTML, like Gecko) Chrome/117.0.5938.132 Safari/537.36"
205.169.39.45 - - [17/Oct/2025:10:38:37 +0800] "GET /wp-content/uploads/2025/07/1753587901-Slider_3840%C3%972160_20250727-scaled-50x100.webp HTTP/1.1" 200 1660 "http://cqqizhou.com/" "Mozilla/5.0 (Windows NT 10.0; Win64; x64) AppleWebKit/537.36 (KHTML, like Gecko) Chrome/117.0.5938.132 Safari/537.36"
205.169.39.45 - - [17/Oct/2025:10:38:37 +0800] "GET /wp-content/uploads/2025/07/1753587901-Slider_3840%C3%972160_20250727-scaled-50x100.webp HTTP/1.1" 200 1660 "http://cqqizhou.com/" "Mozilla/5.0 (Windows NT 10.0; Win64; x64) AppleWebKit/537.36 (KHTML, like Gecko) Chrome/117.0.5938.132 Safari/537.36"
205.169.39.45 - - [17/Oct/2025:10:38:37 +0800] "GET /wp-content/uploads/revslider/slider-1/1750861156-logistics_Slider_3840%C3%972160_20250625191356-scaled-50x100.webp HTTP/1.1" 200 1416 "http://cqqizhou.com/" "Mozilla/5.0 (Windows NT 10.0; Win64; x64) AppleWebKit/537.36 (KHTML, like Gecko) Chrome/117.0.5938.132 Safari/537.36"
205.169.39.45 - - [17/Oct/2025:10:38:38 +0800] "GET /wp-json/sliderrevolution/sliders/1?srengine=7&slideid=2 HTTP/1.1" 200 2058 "http://cqqizhou.com/" "Mozilla/5.0 (Windows NT 10.0; Win64; x64) AppleWebKit/537.36 (KHTML, like Gecko) Chrome/117.0.5938.132 Safari/537.36"
205.169.39.45 - - [17/Oct/2025:10:38:38 +0800] "GET /wp-json/sliderrevolution/sliders/1?srengine=7&slideid=3 HTTP/1.1" 200 2292 "http://cqqizhou.com/" "Mozilla/5.0 (Windows NT 10.0; Win64; x64) AppleWebKit/537.36 (KHTML, like Gecko) Chrome/117.0.5938.132 Safari/537.36"
205.169.39.45 - - [17/Oct/2025:10:38:38 +0800] "GET /wp-content/uploads/2025/07/1753587901-Slider_3840%C3%972160_20250727-scaled.webp HTTP/1.1" 200 141034 "http://cqqizhou.com/" "Mozilla/5.0 (Windows NT 10.0; Win64; x64) AppleWebKit/537.36 (KHTML, like Gecko) Chrome/117.0.5938.132 Safari/537.36"
205.169.39.45 - - [17/Oct/2025:10:38:38 +0800] "GET /wp-content/uploads/revslider/slider-1/1750861156-logistics_Slider_3840%C3%972160_20250625191356-scaled.webp HTTP/1.1" 200 197360 "http://cqqizhou.com/" "Mozilla/5.0 (Windows NT 10.0; Win64; x64) AppleWebKit/537.36 (KHTML, like Gecko) Chrome/117.0.5938.132 Safari/537.36"
205.169.39.45 - - [17/Oct/2025:10:38:39 +0800] "POST /wp-admin/admin-ajax.php HTTP/1.1" 403 33 "http://cqqizhou.com/" "Mozilla/5.0 (Windows NT 10.0; Win64; x64) AppleWebKit/537.36 (KHTML, like Gecko) Chrome/117.0.5938.132 Safari/537.36"
205.169.39.45 - - [17/Oct/2025:10:38:46 +0800] "GET /wp-content/uploads/revslider/slider-1/1750929639-yuanjing_Slider_3840%C3%972160_20250626171955-scaled-50x100.webp HTTP/1.1" 200 1784 "http://cqqizhou.com/" "Mozilla/5.0 (X11; Linux x86_64) AppleWebKit/537.36 (KHTML, like Gecko) HeadlessChrome/127.0.6533.119 Safari/537.36"
36.133.115.36 - - [17/Oct/2025:10:38:46 +0800] "POST /wp-cron.php?doing_wp_cron=1760668726.5682590007781982421875 HTTP/1.1" 200 31 "-" "WordPress/6.8.2; http://cqqizhou.com"
205.169.39.45 - - [17/Oct/2025:10:38:46 +0800] "POST /wp-admin/admin-ajax.php HTTP/1.1" 403 33 "http://cqqizhou.com/" "Mozilla/5.0 (X11; Linux x86_64) AppleWebKit/537.36 (KHTML, like Gecko) HeadlessChrome/127.0.6533.119 Safari/537.36"
180.184.144.248 - - [17/Oct/2025:10:39:25 +0800] "GET / HTTP/1.1" 200 39371 "-" "Mozilla/5.0 (Macintosh; Intel Mac OS X 10_15_7) AppleWebKit/537.36 (KHTML, like Gecko) Chrome/106.0.0.0 Safari/537.36"
36.133.115.36 - - [17/Oct/2025:10:46:30 +0800] "POST /wp-cron.php?doing_wp_cron=1760669190.7089970111846923828125 HTTP/1.1" 200 31 "-" "WordPress/6.8.2; http://cqqizhou.com"
45.58.127.135 - - [17/Oct/2025:10:46:30 +0800] "GET /robots.txt HTTP/1.0" 200 378 "-" "xfa1"
36.133.115.36 - - [17/Oct/2025:11:05:09 +0800] "POST /wp-cron.php?doing_wp_cron=1760670309.9548039436340332031250 HTTP/1.1" 200 31 "-" "WordPress/6.8.2; http://cqqizhou.com"
45.33.1.208 - - [17/Oct/2025:11:05:10 +0800] "GET / HTTP/1.1" 301 5 "-" "Mozilla/5.0 (Windows NT 10.0; Win64; x64) AppleWebKit/537.36 (KHTML, like Gecko) Chrome/83.0.4103.61 Safari/537.36"
45.33.1.208 - - [17/Oct/2025:11:05:10 +0800] "GET / HTTP/1.1" 200 39371 "-" "Mozilla/5.0 (Windows NT 10.0; Win64; x64) AppleWebKit/537.36 (KHTML, like Gecko) Chrome/83.0.4103.61 Safari/537.36"
172.104.247.148 - - [17/Oct/2025:11:05:11 +0800] "GET / HTTP/1.1" 301 5 "-" "Mozilla/5.0 (Windows NT 10.0; Win64; x64) AppleWebKit/537.36 (KHTML, like Gecko) Chrome/83.0.4103.61 Safari/537.36"
172.104.247.148 - - [17/Oct/2025:11:05:12 +0800] "GET / HTTP/1.1" 200 39371 "-" "Mozilla/5.0 (Windows NT 10.0; Win64; x64) AppleWebKit/537.36 (KHTML, like Gecko) Chrome/83.0.4103.61 Safari/537.36"
36.133.115.36 - - [17/Oct/2025:11:20:19 +0800] "POST /wp-cron.php?doing_wp_cron=1760671219.2105240821838378906250 HTTP/1.1" 200 31 "-" "WordPress/6.8.2; http://cqqizhou.com"
170.106.37.134 - - [17/Oct/2025:11:20:19 +0800] "GET / HTTP/1.1" 200 33467 "-" "Mozilla/5.0 (iPhone; CPU iPhone OS 13_2_3 like Mac OS X) AppleWebKit/605.1.15 (KHTML, like Gecko) Version/13.0.3 Mobile/15E148 Safari/604.1"
36.133.115.36 - - [17/Oct/2025:11:29:16 +0800] "POST /wp-cron.php?doing_wp_cron=1760671756.4004669189453125000000 HTTP/1.1" 200 31 "-" "WordPress/6.8.2; http://cqqizhou.com"
114.55.125.202 - - [17/Oct/2025:11:29:16 +0800] "HEAD / HTTP/1.1" 301 0 "-" "axios/0.24.0"
114.55.125.202 - - [17/Oct/2025:11:29:16 +0800] "HEAD / HTTP/1.1" 200 0 "-" "axios/0.24.0"
113.204.3.195 - - [17/Oct/2025:11:29:18 +0800] "GET / HTTP/1.1" 301 5 "-" "Mozilla/5.0 (Windows NT 10.0; Win64; x64) AppleWebKit/537.36 (KHTML, like Gecko) Chrome/130.0.0.0 Safari/537.36 QuarkPC/4.5.5.535"
113.204.3.195 - - [17/Oct/2025:11:29:18 +0800] "GET / HTTP/1.1" 200 39371 "-" "Mozilla/5.0 (Windows NT 10.0; Win64; x64) AppleWebKit/537.36 (KHTML, like Gecko) Chrome/130.0.0.0 Safari/537.36 QuarkPC/4.5.5.535"
113.204.3.195 - - [17/Oct/2025:11:29:18 +0800] "GET /wp-content/uploads/2025/07/1751425283-qizhou.kf_.qq_.com_.webp HTTP/1.1" 200 16864 "http://cqqizhou.com/" "Mozilla/5.0 (Windows NT 10.0; Win64; x64) AppleWebKit/537.36 (KHTML, like Gecko) Chrome/130.0.0.0 Safari/537.36 QuarkPC/4.5.5.535"
113.204.3.195 - - [17/Oct/2025:11:29:19 +0800] "GET /wp-content/uploads/revslider/slider-1/1750929639-yuanjing_Slider_3840%C3%972160_20250626171955-scaled.webp HTTP/1.1" 200 203290 "http://cqqizhou.com/" "Mozilla/5.0 (Windows NT 10.0; Win64; x64) AppleWebKit/537.36 (KHTML, like Gecko) Chrome/130.0.0.0 Safari/537.36 QuarkPC/4.5.5.535"
113.204.3.195 - - [17/Oct/2025:11:29:19 +0800] "GET /wp-content/uploads/2025/07/1753453096-%E5%8F%8C%E7%9B%B8%E9%92%A2product_Single600%C3%97284.webp HTTP/1.1" 200 14562 "http://cqqizhou.com/" "Mozilla/5.0 (Windows NT 10.0; Win64; x64) AppleWebKit/537.36 (KHTML, like Gecko) Chrome/130.0.0.0 Safari/537.36 QuarkPC/4.5.5.535"
113.204.3.195 - - [17/Oct/2025:11:29:19 +0800] "GET /wp-content/uploads/2025/07/1753456723-%E5%8F%8C%E7%9B%B8%E9%92%A2roduct_Single600.webp HTTP/1.1" 200 22790 "http://cqqizhou.com/" "Mozilla/5.0 (Windows NT 10.0; Win64; x64) AppleWebKit/537.36 (KHTML, like Gecko) Chrome/130.0.0.0 Safari/537.36 QuarkPC/4.5.5.535"
113.204.3.195 - - [17/Oct/2025:11:29:19 +0800] "GET /wp-content/uploads/2025/07/1753456770-%E7%83%AD%E9%95%80%E9%94%8C%E5%8D%B7product_Single600.webp HTTP/1.1" 200 27502 "http://cqqizhou.com/" "Mozilla/5.0 (Windows NT 10.0; Win64; x64) AppleWebKit/537.36 (KHTML, like Gecko) Chrome/130.0.0.0 Safari/537.36 QuarkPC/4.5.5.535"
113.204.3.195 - - [17/Oct/2025:11:29:19 +0800] "GET /wp-content/uploads/2025/07/1753453127-%E4%BD%99%E5%8D%B7product_Single600%C3%97284.webp HTTP/1.1" 200 18744 "http://cqqizhou.com/" "Mozilla/5.0 (Windows NT 10.0; Win64; x64) AppleWebKit/537.36 (KHTML, like Gecko) Chrome/130.0.0.0 Safari/537.36 QuarkPC/4.5.5.535"
113.204.3.195 - - [17/Oct/2025:11:29:19 +0800] "GET /wp-content/uploads/2025/07/1753587901-Slider_3840%C3%972160_20250727-scaled-50x100.webp HTTP/1.1" 200 1660 "http://cqqizhou.com/" "Mozilla/5.0 (Windows NT 10.0; Win64; x64) AppleWebKit/537.36 (KHTML, like Gecko) Chrome/130.0.0.0 Safari/537.36 QuarkPC/4.5.5.535"
113.204.3.195 - - [17/Oct/2025:11:29:19 +0800] "GET /wp-content/uploads/revslider/slider-1/1750861156-logistics_Slider_3840%C3%972160_20250625191356-scaled-50x100.webp HTTP/1.1" 200 1416 "http://cqqizhou.com/" "Mozilla/5.0 (Windows NT 10.0; Win64; x64) AppleWebKit/537.36 (KHTML, like Gecko) Chrome/130.0.0.0 Safari/537.36 QuarkPC/4.5.5.535"
113.204.3.195 - - [17/Oct/2025:11:29:20 +0800] "POST /wp-admin/admin-ajax.php HTTP/1.1" 403 33 "http://cqqizhou.com/" "Mozilla/5.0 (Windows NT 10.0; Win64; x64) AppleWebKit/537.36 (KHTML, like Gecko) Chrome/130.0.0.0 Safari/537.36 QuarkPC/4.5.5.535"
113.204.3.195 - - [17/Oct/2025:11:29:20 +0800] "GET /wp-json/sliderrevolution/sliders/1?srengine=7&slideid=3 HTTP/1.1" 200 2292 "http://cqqizhou.com/" "Mozilla/5.0 (Windows NT 10.0; Win64; x64) AppleWebKit/537.36 (KHTML, like Gecko) Chrome/130.0.0.0 Safari/537.36 QuarkPC/4.5.5.535"
113.204.3.195 - - [17/Oct/2025:11:29:20 +0800] "GET /wp-json/sliderrevolution/sliders/1?srengine=7&slideid=2 HTTP/1.1" 200 2058 "http://cqqizhou.com/" "Mozilla/5.0 (Windows NT 10.0; Win64; x64) AppleWebKit/537.36 (KHTML, like Gecko) Chrome/130.0.0.0 Safari/537.36 QuarkPC/4.5.5.535"
113.204.3.195 - - [17/Oct/2025:11:29:20 +0800] "GET /wp-content/uploads/2025/07/1753587901-Slider_3840%C3%972160_20250727-scaled.webp HTTP/1.1" 200 141034 "http://cqqizhou.com/" "Mozilla/5.0 (Windows NT 10.0; Win64; x64) AppleWebKit/537.36 (KHTML, like Gecko) Chrome/130.0.0.0 Safari/537.36 QuarkPC/4.5.5.535"
113.204.3.195 - - [17/Oct/2025:11:29:20 +0800] "GET /wp-content/uploads/revslider/slider-1/1750861156-logistics_Slider_3840%C3%972160_20250625191356-scaled.webp HTTP/1.1" 200 197360 "http://cqqizhou.com/" "Mozilla/5.0 (Windows NT 10.0; Win64; x64) AppleWebKit/537.36 (KHTML, like Gecko) Chrome/130.0.0.0 Safari/537.36 QuarkPC/4.5.5.535"
113.204.3.195 - - [17/Oct/2025:11:29:21 +0800] "GET /wp-content/uploads/2025/07/1750174127-Marketing1920x800_3.webp HTTP/1.1" 200 52790 "http://cqqizhou.com/wp-content/uploads/elementor/css/post-1666.css?ver=1756373176" "Mozilla/5.0 (Windows NT 10.0; Win64; x64) AppleWebKit/537.36 (KHTML, like Gecko) Chrome/130.0.0.0 Safari/537.36 QuarkPC/4.5.5.535"
