160.191.243.93 - - [11/Oct/2025:19:28:41 +0800] "GET /lib/phpunit/Util/PHP/eval-stdin.php HTTP/1.1" 404 27 "-" "libredtail-http"
160.191.243.93 - - [11/Oct/2025:19:28:41 +0800] "GET /lib/vendor/phpunit/phpunit/src/Util/PHP/eval-stdin.php HTTP/1.1" 404 27 "-" "libredtail-http"
160.191.243.93 - - [11/Oct/2025:19:28:41 +0800] "GET /laravel/vendor/phpunit/phpunit/src/Util/PHP/eval-stdin.php HTTP/1.1" 404 27 "-" "libredtail-http"
160.191.243.93 - - [11/Oct/2025:19:28:41 +0800] "GET /www/vendor/phpunit/phpunit/src/Util/PHP/eval-stdin.php HTTP/1.1" 404 27 "-" "libredtail-http"
160.191.243.93 - - [11/Oct/2025:19:28:42 +0800] "GET /ws/vendor/phpunit/phpunit/src/Util/PHP/eval-stdin.php HTTP/1.1" 404 27 "-" "libredtail-http"
160.191.243.93 - - [11/Oct/2025:19:28:42 +0800] "GET /yii/vendor/phpunit/phpunit/src/Util/PHP/eval-stdin.php HTTP/1.1" 404 27 "-" "libredtail-http"
160.191.243.93 - - [11/Oct/2025:19:28:42 +0800] "GET /zend/vendor/phpunit/phpunit/src/Util/PHP/eval-stdin.php HTTP/1.1" 404 27 "-" "libredtail-http"
160.191.243.93 - - [11/Oct/2025:19:28:42 +0800] "GET /ws/ec/vendor/phpunit/phpunit/src/Util/PHP/eval-stdin.php HTTP/1.1" 404 27 "-" "libredtail-http"
160.191.243.93 - - [11/Oct/2025:19:28:42 +0800] "GET /V2/vendor/phpunit/phpunit/src/Util/PHP/eval-stdin.php HTTP/1.1" 404 27 "-" "libredtail-http"
160.191.243.93 - - [11/Oct/2025:19:28:42 +0800] "GET /tests/vendor/phpunit/phpunit/src/Util/PHP/eval-stdin.php HTTP/1.1" 404 27 "-" "libredtail-http"
160.191.243.93 - - [11/Oct/2025:19:28:42 +0800] "GET /test/vendor/phpunit/phpunit/src/Util/PHP/eval-stdin.php HTTP/1.1" 404 27 "-" "libredtail-http"
160.191.243.93 - - [11/Oct/2025:19:28:43 +0800] "GET /testing/vendor/phpunit/phpunit/src/Util/PHP/eval-stdin.php HTTP/1.1" 404 27 "-" "libredtail-http"
160.191.243.93 - - [11/Oct/2025:19:28:43 +0800] "GET /api/vendor/phpunit/phpunit/src/Util/PHP/eval-stdin.php HTTP/1.1" 404 27 "-" "libredtail-http"
160.191.243.93 - - [11/Oct/2025:19:28:43 +0800] "GET /demo/vendor/phpunit/phpunit/src/Util/PHP/eval-stdin.php HTTP/1.1" 404 27 "-" "libredtail-http"
160.191.243.93 - - [11/Oct/2025:19:28:43 +0800] "GET /cms/vendor/phpunit/phpunit/src/Util/PHP/eval-stdin.php HTTP/1.1" 404 27 "-" "libredtail-http"
160.191.243.93 - - [11/Oct/2025:19:28:44 +0800] "GET /crm/vendor/phpunit/phpunit/src/Util/PHP/eval-stdin.php HTTP/1.1" 404 27 "-" "libredtail-http"
160.191.243.93 - - [11/Oct/2025:19:28:44 +0800] "GET /admin/vendor/phpunit/phpunit/src/Util/PHP/eval-stdin.php HTTP/1.1" 404 27 "-" "libredtail-http"
160.191.243.93 - - [11/Oct/2025:19:28:44 +0800] "GET /backup/vendor/phpunit/phpunit/src/Util/PHP/eval-stdin.php HTTP/1.1" 404 27 "-" "libredtail-http"
160.191.243.93 - - [11/Oct/2025:19:28:45 +0800] "GET /blog/vendor/phpunit/phpunit/src/Util/PHP/eval-stdin.php HTTP/1.1" 404 27 "-" "libredtail-http"
160.191.243.93 - - [11/Oct/2025:19:28:45 +0800] "GET /workspace/drupal/vendor/phpunit/phpunit/src/Util/PHP/eval-stdin.php HTTP/1.1" 404 27 "-" "libredtail-http"
160.191.243.93 - - [11/Oct/2025:19:28:45 +0800] "GET /panel/vendor/phpunit/phpunit/src/Util/PHP/eval-stdin.php HTTP/1.1" 404 27 "-" "libredtail-http"
160.191.243.93 - - [11/Oct/2025:19:28:46 +0800] "GET /public/vendor/phpunit/phpunit/src/Util/PHP/eval-stdin.php HTTP/1.1" 404 27 "-" "libredtail-http"
160.191.243.93 - - [11/Oct/2025:19:28:46 +0800] "GET /apps/vendor/phpunit/phpunit/src/Util/PHP/eval-stdin.php HTTP/1.1" 404 27 "-" "libredtail-http"
160.191.243.93 - - [11/Oct/2025:19:28:47 +0800] "GET /app/vendor/phpunit/phpunit/src/Util/PHP/eval-stdin.php HTTP/1.1" 404 27 "-" "libredtail-http"
36.133.115.36 - - [11/Oct/2025:19:28:48 +0800] "POST /wp-cron.php?doing_wp_cron=1760182128.0517981052398681640625 HTTP/1.1" 200 31 "-" "WordPress/6.8.2; http://cqqizhou.com"
160.191.243.93 - - [11/Oct/2025:19:28:48 +0800] "GET /index.php?s=/index/\x5Cthink\x5Capp/invokefunction&function=call_user_func_array&vars[0]=md5&vars[1][]=Hello HTTP/1.1" 200 65160 "-" "libredtail-http"
160.191.243.93 - - [11/Oct/2025:19:28:48 +0800] "GET /public/index.php?s=/index/\x5Cthink\x5Capp/invokefunction&function=call_user_func_array&vars[0]=md5&vars[1][]=Hello HTTP/1.1" 404 27 "-" "libredtail-http"
160.191.243.93 - - [11/Oct/2025:19:28:49 +0800] "GET /index.php?lang=../../../../../../../../usr/local/lib/php/pearcmd&+config-create+/&/<?echo(md5(\x22hi\x22));?>+/tmp/index1.php HTTP/1.1" 200 151919 "-" "libredtail-http"
160.191.243.93 - - [11/Oct/2025:19:28:50 +0800] "GET /index.php?lang=../../../../../../../../tmp/index1 HTTP/1.1" 200 151919 "-" "libredtail-http"
160.191.243.93 - - [11/Oct/2025:19:28:51 +0800] "GET /containers/json HTTP/1.1" 301 5 "-" "libredtail-http"
160.191.243.93 - - [11/Oct/2025:19:28:52 +0800] "GET /containers/json HTTP/1.1" 301 5 "-" "libredtail-http"
36.133.115.36 - - [11/Oct/2025:19:32:49 +0800] "POST /wp-cron.php?doing_wp_cron=1760182369.8739480972290039062500 HTTP/1.1" 200 31 "-" "WordPress/6.8.2; http://cqqizhou.com"
176.65.132.155 - - [11/Oct/2025:19:32:49 +0800] "GET / HTTP/1.1" 301 5 "-" "Mozilla/5.0 (Windows NT 10.0; Win64; x64) AppleWebKit/537.36 (KHTML, like Gecko) Chrome/90.0.4430.85 Safari/537.36 Edg/90.0.818.46"
220.181.108.84 - - [11/Oct/2025:19:34:37 +0800] "GET /portfolio/remaining-rolls/ HTTP/1.1" 200 22143 "-" "Mozilla/5.0 (compatible; Baiduspider/2.0; +http://www.baidu.com/search/spider.html)"
36.133.115.36 - - [11/Oct/2025:19:37:53 +0800] "POST /wp-cron.php?doing_wp_cron=1760182673.2860488891601562500000 HTTP/1.1" 200 31 "-" "WordPress/6.8.2; http://cqqizhou.com"
87.120.191.92 - - [11/Oct/2025:19:37:53 +0800] "GET / HTTP/1.1" 200 33467 "-" "Mozilla/5.0 (Windows NT 10.0; Win64; x64) AppleWebKit/537.36 (KHTML, like Gecko) Chrome/90.0.4430.85 Safari/537.36 Edg/90.0.818.46"
36.133.115.36 - - [11/Oct/2025:19:42:40 +0800] "POST /wp-cron.php?doing_wp_cron=1760182960.5021340847015380859375 HTTP/1.1" 200 31 "-" "WordPress/6.8.2; http://cqqizhou.com"
176.65.141.87 - - [11/Oct/2025:19:42:41 +0800] "GET / HTTP/1.1" 200 151919 "-" "Mozilla/5.0 (Windows NT 10.0; Win64; x64) AppleWebKit/537.36 (KHTML, like Gecko) Chrome/42.0.2311.135 Safari/537.36 Edge/12.246"
36.133.115.36 - - [11/Oct/2025:19:51:01 +0800] "POST /wp-cron.php?doing_wp_cron=1760183461.5465800762176513671875 HTTP/1.1" 200 31 "-" "WordPress/6.8.2; http://cqqizhou.com"
112.34.110.156 - - [11/Oct/2025:19:51:01 +0800] "GET / HTTP/1.1" 301 5 "http://www.baidu.com/" "Mozilla/5.0 (iPhone; CPU iPhone OS 16_6 like Mac OS X) AppleWebKit/605.1.15 (KHTML, like Gecko) Version/16.6 Mobile/15E148 Safari/604.1"
112.34.110.156 - - [11/Oct/2025:19:51:04 +0800] "GET / HTTP/1.1" 200 33466 "http://www.baidu.com/" "Mozilla/5.0 (iPhone; CPU iPhone OS 16_6 like Mac OS X) AppleWebKit/605.1.15 (KHTML, like Gecko) Version/16.6 Mobile/15E148 Safari/604.1"
36.133.115.36 - - [11/Oct/2025:20:25:27 +0800] "POST /wp-cron.php?doing_wp_cron=1760185527.7953279018402099609375 HTTP/1.1" 200 31 "-" "WordPress/6.8.2; http://cqqizhou.com"
87.120.191.92 - - [11/Oct/2025:20:25:28 +0800] "GET / HTTP/1.1" 200 33466 "-" "Mozilla/5.0 (Windows NT 10.0; Win64; x64) AppleWebKit/537.36 (KHTML, like Gecko) Chrome/90.0.4430.85 Safari/537.36 Edg/90.0.818.46"
36.133.115.36 - - [11/Oct/2025:20:27:54 +0800] "POST /wp-cron.php?doing_wp_cron=1760185674.1740589141845703125000 HTTP/1.1" 200 31 "-" "WordPress/6.8.2; http://cqqizhou.com"
93.174.93.12 - - [11/Oct/2025:20:27:54 +0800] "GET / HTTP/1.0" 301 0 "-" "Mozilla/5.0 (Windows; U; Windows NT 5.2; en-US) AppleWebKit/537.36 (KHTML, like Gecko) Chrome/57.0.2987.108 Safari/537.36 UCBrowser/12.13.0.1207"
43.166.244.251 - - [11/Oct/2025:20:27:57 +0800] "GET / HTTP/1.1" 301 5 "-" "Mozilla/5.0 (iPhone; CPU iPhone OS 13_2_3 like Mac OS X) AppleWebKit/605.1.15 (KHTML, like Gecko) Version/13.0.3 Mobile/15E148 Safari/604.1"
43.166.244.251 - - [11/Oct/2025:20:27:59 +0800] "GET / HTTP/1.1" 200 33466 "http://36.133.115.36" "Mozilla/5.0 (iPhone; CPU iPhone OS 13_2_3 like Mac OS X) AppleWebKit/605.1.15 (KHTML, like Gecko) Version/13.0.3 Mobile/15E148 Safari/604.1"
36.133.115.36 - - [11/Oct/2025:20:32:17 +0800] "POST /wp-cron.php?doing_wp_cron=1760185937.4977900981903076171875 HTTP/1.1" 200 31 "-" "WordPress/6.8.2; http://cqqizhou.com"
43.156.204.134 - - [11/Oct/2025:20:32:17 +0800] "GET / HTTP/1.1" 200 33466 "-" "Mozilla/5.0 (iPhone; CPU iPhone OS 13_2_3 like Mac OS X) AppleWebKit/605.1.15 (KHTML, like Gecko) Version/13.0.3 Mobile/15E148 Safari/604.1"
36.133.115.36 - - [11/Oct/2025:20:48:11 +0800] "POST /wp-cron.php?doing_wp_cron=1760186891.4255011081695556640625 HTTP/1.1" 200 31 "-" "WordPress/6.8.2; http://cqqizhou.com"
176.65.141.87 - - [11/Oct/2025:20:48:12 +0800] "GET / HTTP/1.1" 200 151919 "-" "Mozilla/5.0 (Windows NT 10.0; Win64; x64) AppleWebKit/537.36 (KHTML, like Gecko) Chrome/42.0.2311.135 Safari/537.36 Edge/12.246"
66.132.153.116 - - [11/Oct/2025:20:50:17 +0800] "GET / HTTP/1.1" 200 39371 "-" "Mozilla/5.0 (compatible; CensysInspect/1.1; +https://about.censys.io/)"
36.133.115.36 - - [11/Oct/2025:21:08:15 +0800] "POST /wp-cron.php?doing_wp_cron=1760188095.5222439765930175781250 HTTP/1.1" 200 31 "-" "WordPress/6.8.2; http://cqqizhou.com"
87.120.191.90 - - [11/Oct/2025:21:08:15 +0800] "GET / HTTP/1.1" 200 33466 "-" "Mozilla/5.0 (Windows NT 10.0; Win64; x64) AppleWebKit/537.36 (KHTML, like Gecko) Chrome/90.0.4430.85 Safari/537.36 Edg/90.0.818.46"
36.133.115.36 - - [11/Oct/2025:21:13:27 +0800] "POST /wp-cron.php?doing_wp_cron=1760188407.4341659545898437500000 HTTP/1.1" 200 31 "-" "WordPress/6.8.2; http://cqqizhou.com"
87.120.191.92 - - [11/Oct/2025:21:13:27 +0800] "GET / HTTP/1.1" 200 33467 "-" "Mozilla/5.0 (Windows NT 10.0; Win64; x64) AppleWebKit/537.36 (KHTML, like Gecko) Chrome/90.0.4430.85 Safari/537.36 Edg/90.0.818.46"
36.133.115.36 - - [11/Oct/2025:21:33:57 +0800] "POST /wp-cron.php?doing_wp_cron=1760189637.4588088989257812500000 HTTP/1.1" 200 31 "-" "WordPress/6.8.2; http://cqqizhou.com"
87.120.191.91 - - [11/Oct/2025:21:33:57 +0800] "GET / HTTP/1.1" 200 33466 "-" "Mozilla/5.0 (Windows NT 10.0; Win64; x64) AppleWebKit/537.36 (KHTML, like Gecko) Chrome/90.0.4430.85 Safari/537.36 Edg/90.0.818.46"
36.133.115.36 - - [11/Oct/2025:21:35:42 +0800] "POST /wp-cron.php?doing_wp_cron=1760189742.7103590965270996093750 HTTP/1.1" 200 31 "-" "WordPress/6.8.2; http://cqqizhou.com"
176.65.141.87 - - [11/Oct/2025:21:35:43 +0800] "GET / HTTP/1.1" 200 151919 "-" "Mozilla/5.0 (Windows NT 10.0; Win64; x64) AppleWebKit/537.36 (KHTML, like Gecko) Chrome/42.0.2311.135 Safari/537.36 Edge/12.246"
185.39.19.48 - - [11/Oct/2025:21:37:20 +0800] "GET / HTTP/1.0" 200 165852 "http://cqqizhou.com/" "Mozilla/5.0 (Windows NT 10.0; Win64; x64) AppleWebKit/537.36 (KHTML, like Gecko) Chrome/130.0.0.0 Safari/537.36 CCleaner/130.0.0.0"
185.39.19.48 - - [11/Oct/2025:21:37:20 +0800] "GET /contacts/ HTTP/1.0" 200 76283 "http://cqqizhou.com/contacts/" "Mozilla/5.0 (Windows NT 10.0; Win64; x64) AppleWebKit/537.36 (KHTML, like Gecko) Chrome/130.0.0.0 Safari/537.36 CCleaner/130.0.0.0"
36.133.115.36 - - [11/Oct/2025:21:37:22 +0800] "POST /wp-cron.php?doing_wp_cron=1760189842.3643651008605957031250 HTTP/1.1" 200 31 "-" "WordPress/6.8.2; http://cqqizhou.com"
185.39.19.48 - - [11/Oct/2025:21:37:24 +0800] "POST /contacts/ HTTP/1.0" 200 68824 "http://cqqizhou.com/contacts/" "Mozilla/5.0 (Windows NT 10.0; Win64; x64) AppleWebKit/537.36 (KHTML, like Gecko) Chrome/130.0.0.0 Safari/537.36 CCleaner/130.0.0.0"
36.133.115.36 - - [11/Oct/2025:21:56:29 +0800] "POST /wp-cron.php?doing_wp_cron=1760190989.8657269477844238281250 HTTP/1.1" 200 31 "-" "WordPress/6.8.2; http://cqqizhou.com"
182.42.111.213 - - [11/Oct/2025:21:56:30 +0800] "GET / HTTP/1.1" 200 33466 "-" "Mozilla/5.0 (iPhone; CPU iPhone OS 13_2_3 like Mac OS X) AppleWebKit/605.1.15 (KHTML, like Gecko) Version/13.0.3 Mobile/15E148 Safari/604.1"
36.133.115.36 - - [11/Oct/2025:21:58:30 +0800] "POST /wp-cron.php?doing_wp_cron=1760191110.3615570068359375000000 HTTP/1.1" 200 31 "-" "WordPress/6.8.2; http://cqqizhou.com"
87.120.191.92 - - [11/Oct/2025:21:58:30 +0800] "GET / HTTP/1.1" 200 33466 "-" "Mozilla/5.0 (Windows NT 10.0; Win64; x64) AppleWebKit/537.36 (KHTML, like Gecko) Chrome/90.0.4430.85 Safari/537.36 Edg/90.0.818.46"
74.176.69.139 - - [11/Oct/2025:21:58:38 +0800] "GET /wp-content/plugins/hellopress/wp_filemanager.php HTTP/1.1" 404 27 "-" "-"
74.176.69.139 - - [11/Oct/2025:21:58:38 +0800] "GET /error.php HTTP/1.1" 404 27 "-" "-"
74.176.69.139 - - [11/Oct/2025:21:58:38 +0800] "GET /kao.php HTTP/1.1" 404 27 "-" "-"
74.176.69.139 - - [11/Oct/2025:21:58:38 +0800] "GET /gggssdd.php HTTP/1.1" 404 27 "-" "-"
74.176.69.139 - - [11/Oct/2025:21:58:38 +0800] "GET /cincinnus.php HTTP/1.1" 404 27 "-" "-"
74.176.69.139 - - [11/Oct/2025:21:58:38 +0800] "GET /riming.php HTTP/1.1" 404 27 "-" "-"
74.176.69.139 - - [11/Oct/2025:21:58:39 +0800] "GET /sphaeristeria.php HTTP/1.1" 404 27 "-" "-"
74.176.69.139 - - [11/Oct/2025:21:58:39 +0800] "GET /kaza.php HTTP/1.1" 404 27 "-" "-"
74.176.69.139 - - [11/Oct/2025:21:58:39 +0800] "GET /031.php HTTP/1.1" 404 27 "-" "-"
74.176.69.139 - - [11/Oct/2025:21:58:39 +0800] "GET /ilex.php HTTP/1.1" 404 27 "-" "-"
74.176.69.139 - - [11/Oct/2025:21:58:39 +0800] "GET /flex.php HTTP/1.1" 404 27 "-" "-"
74.176.69.139 - - [11/Oct/2025:21:58:40 +0800] "GET /mlex.php HTTP/1.1" 404 27 "-" "-"
74.176.69.139 - - [11/Oct/2025:21:58:40 +0800] "GET /wlex.php HTTP/1.1" 404 27 "-" "-"
74.176.69.139 - - [11/Oct/2025:21:58:40 +0800] "GET /wp-aaa.php HTTP/1.1" 404 27 "-" "-"
74.176.69.139 - - [11/Oct/2025:21:58:41 +0800] "GET /vast.php HTTP/1.1" 404 27 "-" "-"
74.176.69.139 - - [11/Oct/2025:21:58:41 +0800] "GET /tor.php HTTP/1.1" 404 27 "-" "-"
74.176.69.139 - - [11/Oct/2025:21:58:41 +0800] "GET /klex.php HTTP/1.1" 404 27 "-" "-"
74.176.69.139 - - [11/Oct/2025:21:58:41 +0800] "GET /sec.php HTTP/1.1" 404 27 "-" "-"
74.176.69.139 - - [11/Oct/2025:21:58:41 +0800] "GET /about3.php HTTP/1.1" 404 27 "-" "-"
74.176.69.139 - - [11/Oct/2025:21:58:42 +0800] "GET /222.php HTTP/1.1" 404 27 "-" "-"
74.176.69.139 - - [11/Oct/2025:21:58:42 +0800] "GET /444.php HTTP/1.1" 404 27 "-" "-"
74.176.69.139 - - [11/Oct/2025:21:58:42 +0800] "GET /file9.php HTTP/1.1" 404 27 "-" "-"
74.176.69.139 - - [11/Oct/2025:21:58:42 +0800] "GET /filesss.php HTTP/1.1" 404 27 "-" "-"
74.176.69.139 - - [11/Oct/2025:21:58:43 +0800] "GET /file88.php HTTP/1.1" 404 27 "-" "-"
74.176.69.139 - - [11/Oct/2025:21:58:43 +0800] "GET /gifclass4.php HTTP/1.1" 404 27 "-" "-"
74.176.69.139 - - [11/Oct/2025:21:58:43 +0800] "GET /class-wp.php HTTP/1.1" 404 27 "-" "-"
74.176.69.139 - - [11/Oct/2025:21:58:43 +0800] "GET /wpls.php HTTP/1.1" 404 27 "-" "-"
74.176.69.139 - - [11/Oct/2025:21:58:43 +0800] "GET /555.php HTTP/1.1" 404 27 "-" "-"
74.176.69.139 - - [11/Oct/2025:21:58:43 +0800] "GET /333.php HTTP/1.1" 404 27 "-" "-"
74.176.69.139 - - [11/Oct/2025:21:58:43 +0800] "GET /gelap.php HTTP/1.1" 404 27 "-" "-"
74.176.69.139 - - [11/Oct/2025:21:58:43 +0800] "GET /class19.php HTTP/1.1" 404 27 "-" "-"
74.176.69.139 - - [11/Oct/2025:21:58:44 +0800] "GET /racs3.php HTTP/1.1" 404 27 "-" "-"
74.176.69.139 - - [11/Oct/2025:21:58:44 +0800] "GET /2clas.php HTTP/1.1" 404 27 "-" "-"
74.176.69.139 - - [11/Oct/2025:21:58:44 +0800] "GET /bless5.php HTTP/1.1" 404 27 "-" "-"
74.176.69.139 - - [11/Oct/2025:21:58:44 +0800] "GET /blex.php HTTP/1.1" 404 27 "-" "-"
74.176.69.139 - - [11/Oct/2025:21:58:44 +0800] "GET /ssss.php HTTP/1.1" 404 27 "-" "-"
74.176.69.139 - - [11/Oct/2025:21:58:44 +0800] "GET /file15.php HTTP/1.1" 404 27 "-" "-"
74.176.69.139 - - [11/Oct/2025:21:58:44 +0800] "GET /hk.php HTTP/1.1" 404 27 "-" "-"
74.176.69.139 - - [11/Oct/2025:21:58:45 +0800] "GET /aa21.php HTTP/1.1" 404 27 "-" "-"
74.176.69.139 - - [11/Oct/2025:21:58:45 +0800] "GET /alpa.php HTTP/1.1" 404 27 "-" "-"
74.176.69.139 - - [11/Oct/2025:21:58:45 +0800] "GET /file21.php HTTP/1.1" 404 27 "-" "-"
74.176.69.139 - - [11/Oct/2025:21:58:45 +0800] "GET /ssss.php HTTP/1.1" 404 27 "-" "-"
74.176.69.139 - - [11/Oct/2025:21:58:45 +0800] "GET /ut.php HTTP/1.1" 404 27 "-" "-"
74.176.69.139 - - [11/Oct/2025:21:58:45 +0800] "GET /inde.php HTTP/1.1" 404 27 "-" "-"
74.176.69.139 - - [11/Oct/2025:21:58:45 +0800] "GET /classgoto24.php HTTP/1.1" 404 27 "-" "-"
74.176.69.139 - - [11/Oct/2025:21:58:45 +0800] "GET /hook.php HTTP/1.1" 404 27 "-" "-"
74.176.69.139 - - [11/Oct/2025:21:58:46 +0800] "GET /ckk.php HTTP/1.1" 404 27 "-" "-"
74.176.69.139 - - [11/Oct/2025:21:58:46 +0800] "GET /te.php HTTP/1.1" 404 27 "-" "-"
74.176.69.139 - - [11/Oct/2025:21:58:46 +0800] "GET /haa.php HTTP/1.1" 404 27 "-" "-"
74.176.69.139 - - [11/Oct/2025:21:58:46 +0800] "GET /ioxi-o2.php HTTP/1.1" 404 27 "-" "-"
74.176.69.139 - - [11/Oct/2025:21:58:46 +0800] "GET /030.php HTTP/1.1" 404 27 "-" "-"
74.176.69.139 - - [11/Oct/2025:21:58:46 +0800] "GET /thh.php HTTP/1.1" 404 27 "-" "-"
74.176.69.139 - - [11/Oct/2025:21:58:46 +0800] "GET /fffff.php HTTP/1.1" 404 27 "-" "-"
74.176.69.139 - - [11/Oct/2025:21:58:47 +0800] "GET /akpc.php HTTP/1.1" 404 27 "-" "-"
74.176.69.139 - - [11/Oct/2025:21:58:47 +0800] "GET /indo.php HTTP/1.1" 404 27 "-" "-"
74.176.69.139 - - [11/Oct/2025:21:58:47 +0800] "GET /ws.php HTTP/1.1" 404 27 "-" "-"
74.176.69.139 - - [11/Oct/2025:21:58:47 +0800] "GET /an.php HTTP/1.1" 404 27 "-" "-"
74.176.69.139 - - [11/Oct/2025:21:58:47 +0800] "GET /dove.php HTTP/1.1" 404 27 "-" "-"
74.176.69.139 - - [11/Oct/2025:21:58:47 +0800] "GET /.well-known/acme-challenge/about.php HTTP/1.1" 404 27 "-" "-"
74.176.69.139 - - [11/Oct/2025:21:58:47 +0800] "GET /fileas.php HTTP/1.1" 404 27 "-" "-"
74.176.69.139 - - [11/Oct/2025:21:58:48 +0800] "GET /yellow.php HTTP/1.1" 404 27 "-" "-"
74.176.69.139 - - [11/Oct/2025:21:58:48 +0800] "GET /33.php HTTP/1.1" 404 27 "-" "-"
74.176.69.139 - - [11/Oct/2025:21:58:48 +0800] "GET /plss3.php HTTP/1.1" 404 27 "-" "-"
74.176.69.139 - - [11/Oct/2025:21:58:48 +0800] "GET /ton.php HTTP/1.1" 404 27 "-" "-"
74.176.69.139 - - [11/Oct/2025:21:58:48 +0800] "GET /he.php HTTP/1.1" 404 27 "-" "-"
74.176.69.139 - - [11/Oct/2025:21:58:48 +0800] "GET /thxt.php HTTP/1.1" 404 27 "-" "-"
74.176.69.139 - - [11/Oct/2025:21:58:48 +0800] "GET /wfile.php HTTP/1.1" 404 27 "-" "-"
74.176.69.139 - - [11/Oct/2025:21:58:49 +0800] "GET /gel4y.php HTTP/1.1" 404 27 "-" "-"
74.176.69.139 - - [11/Oct/2025:21:58:49 +0800] "GET /class20.php HTTP/1.1" 404 27 "-" "-"
74.176.69.139 - - [11/Oct/2025:21:58:49 +0800] "GET /build.php HTTP/1.1" 404 27 "-" "-"
74.176.69.139 - - [11/Oct/2025:21:58:49 +0800] "GET /1.php HTTP/1.1" 404 27 "-" "-"
74.176.69.139 - - [11/Oct/2025:21:58:49 +0800] "GET /asas.php HTTP/1.1" 404 27 "-" "-"
74.176.69.139 - - [11/Oct/2025:21:58:49 +0800] "GET /usep.php HTTP/1.1" 404 27 "-" "-"
74.176.69.139 - - [11/Oct/2025:21:58:49 +0800] "GET /wa.php HTTP/1.1" 404 27 "-" "-"
74.176.69.139 - - [11/Oct/2025:21:58:49 +0800] "GET /wb.php HTTP/1.1" 404 27 "-" "-"
74.176.69.139 - - [11/Oct/2025:21:58:50 +0800] "GET /file1.php HTTP/1.1" 404 27 "-" "-"
74.176.69.139 - - [11/Oct/2025:21:58:50 +0800] "GET /2.php HTTP/1.1" 404 27 "-" "-"
74.176.69.139 - - [11/Oct/2025:21:58:50 +0800] "GET /a2.php HTTP/1.1" 404 27 "-" "-"
74.176.69.139 - - [11/Oct/2025:21:58:50 +0800] "GET /a.php HTTP/1.1" 404 27 "-" "-"
74.176.69.139 - - [11/Oct/2025:21:58:50 +0800] "GET /gmo.php HTTP/1.1" 404 27 "-" "-"
74.176.69.139 - - [11/Oct/2025:21:58:50 +0800] "GET /info.php HTTP/1.1" 200 29 "-" "-"
74.176.69.139 - - [11/Oct/2025:21:58:51 +0800] "GET /file2.php HTTP/1.1" 404 27 "-" "-"
74.176.69.139 - - [11/Oct/2025:21:58:51 +0800] "GET /lv.php HTTP/1.1" 404 27 "-" "-"
74.176.69.139 - - [11/Oct/2025:21:58:51 +0800] "GET /about.php HTTP/1.1" 404 27 "-" "-"
74.176.69.139 - - [11/Oct/2025:21:58:51 +0800] "GET /abcd.php HTTP/1.1" 404 27 "-" "-"
74.176.69.139 - - [11/Oct/2025:21:58:51 +0800] "GET /lock360.php HTTP/1.1" 404 27 "-" "-"
74.176.69.139 - - [11/Oct/2025:21:58:51 +0800] "GET /alfa.php HTTP/1.1" 404 27 "-" "-"
74.176.69.139 - - [11/Oct/2025:21:58:51 +0800] "GET /NewFile.php HTTP/1.1" 404 27 "-" "-"
74.176.69.139 - - [11/Oct/2025:21:58:52 +0800] "GET /atomlib.php HTTP/1.1" 404 27 "-" "-"
74.176.69.139 - - [11/Oct/2025:21:58:52 +0800] "GET /wp.php HTTP/1.1" 404 27 "-" "-"
74.176.69.139 - - [11/Oct/2025:21:58:52 +0800] "GET /system_log.php HTTP/1.1" 404 27 "-" "-"
74.176.69.139 - - [11/Oct/2025:21:58:52 +0800] "GET /pp.php HTTP/1.1" 404 27 "-" "-"
74.176.69.139 - - [11/Oct/2025:21:58:52 +0800] "GET /geck.php HTTP/1.1" 404 27 "-" "-"
74.176.69.139 - - [11/Oct/2025:21:58:53 +0800] "GET /gm.php HTTP/1.1" 404 27 "-" "-"
74.176.69.139 - - [11/Oct/2025:21:58:53 +0800] "GET /makeasmtp.php HTTP/1.1" 404 27 "-" "-"
74.176.69.139 - - [11/Oct/2025:21:58:53 +0800] "GET /cccc.php HTTP/1.1" 404 27 "-" "-"
74.176.69.139 - - [11/Oct/2025:21:58:53 +0800] "GET /file4.php HTTP/1.1" 404 27 "-" "-"
74.176.69.139 - - [11/Oct/2025:21:58:53 +0800] "GET /ahax.php HTTP/1.1" 404 27 "-" "-"
74.176.69.139 - - [11/Oct/2025:21:58:53 +0800] "GET /520.php HTTP/1.1" 404 27 "-" "-"
74.176.69.139 - - [11/Oct/2025:21:58:53 +0800] "GET /CLA.php HTTP/1.1" 404 27 "-" "-"
74.176.69.139 - - [11/Oct/2025:21:58:54 +0800] "GET /cool.php HTTP/1.1" 404 27 "-" "-"
74.176.69.139 - - [11/Oct/2025:21:58:54 +0800] "GET /file18.php HTTP/1.1" 404 27 "-" "-"
74.176.69.139 - - [11/Oct/2025:21:58:54 +0800] "GET /ffile.php HTTP/1.1" 404 27 "-" "-"
74.176.69.139 - - [11/Oct/2025:21:58:54 +0800] "GET /file7.php HTTP/1.1" 404 27 "-" "-"
74.176.69.139 - - [11/Oct/2025:21:58:54 +0800] "GET /file.php HTTP/1.1" 404 27 "-" "-"
74.176.69.139 - - [11/Oct/2025:21:58:54 +0800] "GET /we.php HTTP/1.1" 404 27 "-" "-"
74.176.69.139 - - [11/Oct/2025:21:58:55 +0800] "GET /gfile.php HTTP/1.1" 404 27 "-" "-"
74.176.69.139 - - [11/Oct/2025:21:58:55 +0800] "GET /jlex3.php HTTP/1.1" 404 27 "-" "-"
74.176.69.139 - - [11/Oct/2025:21:58:55 +0800] "GET /moo.php HTTP/1.1" 404 27 "-" "-"
74.176.69.139 - - [11/Oct/2025:21:58:55 +0800] "GET /des.php HTTP/1.1" 404 27 "-" "-"
74.176.69.139 - - [11/Oct/2025:21:58:56 +0800] "GET /aaa.php HTTP/1.1" 404 27 "-" "-"
74.176.69.139 - - [11/Oct/2025:21:58:56 +0800] "GET /H.php HTTP/1.1" 404 27 "-" "-"
74.176.69.139 - - [11/Oct/2025:21:58:56 +0800] "GET /gifclass.php HTTP/1.1" 404 27 "-" "-"
74.176.69.139 - - [11/Oct/2025:21:58:56 +0800] "GET /pm.php HTTP/1.1" 404 27 "-" "-"
74.176.69.139 - - [11/Oct/2025:21:58:56 +0800] "GET /111.php HTTP/1.1" 404 27 "-" "-"
74.176.69.139 - - [11/Oct/2025:21:58:56 +0800] "GET /goat.php HTTP/1.1" 404 27 "-" "-"
74.176.69.139 - - [11/Oct/2025:21:58:56 +0800] "GET /wp-update.php HTTP/1.1" 404 27 "-" "-"
74.176.69.139 - - [11/Oct/2025:21:58:57 +0800] "GET /vee.php HTTP/1.1" 404 27 "-" "-"
74.176.69.139 - - [11/Oct/2025:21:58:57 +0800] "GET /efile.php HTTP/1.1" 404 27 "-" "-"
74.176.69.139 - - [11/Oct/2025:21:58:57 +0800] "GET /afile.php HTTP/1.1" 404 27 "-" "-"
74.176.69.139 - - [11/Oct/2025:21:58:57 +0800] "GET /errorfile.php HTTP/1.1" 404 27 "-" "-"
74.176.69.139 - - [11/Oct/2025:21:58:57 +0800] "GET /gold.php HTTP/1.1" 404 27 "-" "-"
74.176.69.139 - - [11/Oct/2025:21:58:57 +0800] "GET /gool.php HTTP/1.1" 404 27 "-" "-"
74.176.69.139 - - [11/Oct/2025:21:58:57 +0800] "GET /haikh.php HTTP/1.1" 404 27 "-" "-"
74.176.69.139 - - [11/Oct/2025:21:58:57 +0800] "GET /jmfi2.php HTTP/1.1" 404 27 "-" "-"
74.176.69.139 - - [11/Oct/2025:21:58:58 +0800] "GET /jmfi.php HTTP/1.1" 404 27 "-" "-"
74.176.69.139 - - [11/Oct/2025:21:58:58 +0800] "GET /admin.php HTTP/1.1" 404 27 "-" "-"
74.176.69.139 - - [11/Oct/2025:21:58:58 +0800] "GET /r.php HTTP/1.1" 404 27 "-" "-"
74.176.69.139 - - [11/Oct/2025:21:58:58 +0800] "GET /xc.php HTTP/1.1" 404 27 "-" "-"
74.176.69.139 - - [11/Oct/2025:21:58:58 +0800] "GET /php.php HTTP/1.1" 404 27 "-" "-"
74.176.69.139 - - [11/Oct/2025:21:58:58 +0800] "GET /lala.php HTTP/1.1" 404 27 "-" "-"
74.176.69.139 - - [11/Oct/2025:21:58:58 +0800] "GET /ff.php HTTP/1.1" 404 27 "-" "-"
74.176.69.139 - - [11/Oct/2025:21:58:59 +0800] "GET /alf.php HTTP/1.1" 404 27 "-" "-"
74.176.69.139 - - [11/Oct/2025:21:58:59 +0800] "GET /com.php HTTP/1.1" 404 27 "-" "-"
74.176.69.139 - - [11/Oct/2025:21:58:59 +0800] "GET /update.php HTTP/1.1" 404 27 "-" "-"
74.176.69.139 - - [11/Oct/2025:21:58:59 +0800] "GET /bolt.php HTTP/1.1" 404 27 "-" "-"
74.176.69.139 - - [11/Oct/2025:21:58:59 +0800] "GET /cfile.php HTTP/1.1" 404 27 "-" "-"
74.176.69.139 - - [11/Oct/2025:21:58:59 +0800] "GET /eauu.php HTTP/1.1" 404 27 "-" "-"
74.176.69.139 - - [11/Oct/2025:21:58:59 +0800] "GET /ava.php HTTP/1.1" 404 27 "-" "-"
74.176.69.139 - - [11/Oct/2025:21:58:59 +0800] "GET /f6.php HTTP/1.1" 404 27 "-" "-"
36.133.115.36 - - [11/Oct/2025:22:18:16 +0800] "POST /wp-cron.php?doing_wp_cron=1760192296.0123729705810546875000 HTTP/1.1" 200 31 "-" "WordPress/6.8.2; http://cqqizhou.com"
5.187.35.21 - - [11/Oct/2025:22:18:16 +0800] "GET / HTTP/1.1" 200 33466 "-" "Mozilla/5.0 (Windows NT 10.0; Win64; x64) AppleWebKit/537.36 (KHTML, like Gecko) Chrome/90.0.4430.85 Safari/537.36 Edg/90.0.818.46"
36.133.115.36 - - [11/Oct/2025:22:41:01 +0800] "POST /wp-cron.php?doing_wp_cron=1760193661.4968628883361816406250 HTTP/1.1" 200 31 "-" "WordPress/6.8.2; http://cqqizhou.com"
103.175.29.111 - - [11/Oct/2025:22:41:06 +0800] "GET /boaform/admin/formLogin?username=user&psd=user HTTP/1.0" 404 31368 "-" "-"
123.57.13.121 - - [11/Oct/2025:22:42:53 +0800] "GET / HTTP/1.1" 200 39371 "-" "Mozilla/5.0 (Windows NT 10.0; Win64; x64) AppleWebKit/537.36 (KHTML, like Gecko) Chrome/104.0.0.0 Safari/537.36"
36.133.115.36 - - [11/Oct/2025:22:42:58 +0800] "POST /wp-cron.php?doing_wp_cron=1760193778.3493909835815429687500 HTTP/1.1" 200 31 "-" "WordPress/6.8.2; http://cqqizhou.com"
87.120.191.92 - - [11/Oct/2025:22:42:58 +0800] "GET / HTTP/1.1" 200 33466 "-" "Mozilla/5.0 (Windows NT 10.0; Win64; x64) AppleWebKit/537.36 (KHTML, like Gecko) Chrome/90.0.4430.85 Safari/537.36 Edg/90.0.818.46"
36.133.115.36 - - [11/Oct/2025:22:58:39 +0800] "POST /wp-cron.php?doing_wp_cron=1760194719.3165709972381591796875 HTTP/1.1" 200 31 "-" "WordPress/6.8.2; http://cqqizhou.com"
183.134.59.131 - - [11/Oct/2025:22:58:39 +0800] "GET / HTTP/1.1" 301 5 "-" "Mozilla/5.0 (Macintosh; Intel Mac OS X 10_11) AppleWebKit/601.1.27 (KHTML, like Gecko) Chrome/47.0.2526.106 Safari/601.1.27"
183.134.59.131 - - [11/Oct/2025:22:58:39 +0800] "GET / HTTP/1.1" 200 39371 "-" "Mozilla/5.0 (Macintosh; Intel Mac OS X 10_11) AppleWebKit/601.1.27 (KHTML, like Gecko) Chrome/47.0.2526.106 Safari/601.1.27"
36.133.115.36 - - [11/Oct/2025:22:59:03 +0800] "POST /wp-cron.php?doing_wp_cron=1760194743.5427310466766357421875 HTTP/1.1" 200 31 "-" "WordPress/6.8.2; http://cqqizhou.com"
183.134.59.131 - - [11/Oct/2025:22:59:03 +0800] "GET / HTTP/1.1" 301 5 "-" "Dalvik/2.1.0 (Linux; U; Android 9.0; ZTE BA520 Build/MRA58K)"
183.134.59.131 - - [11/Oct/2025:22:59:06 +0800] "GET / HTTP/1.1" 200 33466 "-" "Dalvik/2.1.0 (Linux; U; Android 9.0; ZTE BA520 Build/MRA58K)"
36.133.115.36 - - [11/Oct/2025:23:05:36 +0800] "POST /wp-cron.php?doing_wp_cron=1760195136.9064540863037109375000 HTTP/1.1" 200 31 "-" "WordPress/6.8.2; http://cqqizhou.com"
176.65.141.86 - - [11/Oct/2025:23:05:36 +0800] "GET /cgi-bin/luci/;stok=/locale HTTP/1.1" 301 5 "-" "-"
36.133.115.36 - - [11/Oct/2025:23:24:04 +0800] "POST /wp-cron.php?doing_wp_cron=1760196244.1236519813537597656250 HTTP/1.1" 200 31 "-" "WordPress/6.8.2; http://cqqizhou.com"
183.134.59.131 - - [11/Oct/2025:23:24:04 +0800] "GET / HTTP/1.1" 301 5 "-" "Mozilla/4.0 (compatible; MSIE 6.0; Windows CE; PPC; 240x240) Opera 8.60 [en]"
36.133.115.36 - - [11/Oct/2025:23:25:36 +0800] "POST /wp-cron.php?doing_wp_cron=1760196336.7313740253448486328125 HTTP/1.1" 200 31 "-" "WordPress/6.8.2; http://cqqizhou.com"
43.155.129.131 - - [11/Oct/2025:23:25:36 +0800] "GET / HTTP/1.1" 301 5 "-" "Mozilla/5.0 (iPhone; CPU iPhone OS 13_2_3 like Mac OS X) AppleWebKit/605.1.15 (KHTML, like Gecko) Version/13.0.3 Mobile/15E148 Safari/604.1"
43.155.129.131 - - [11/Oct/2025:23:25:39 +0800] "GET / HTTP/1.1" 200 33466 "http://www.cqqizhou.com" "Mozilla/5.0 (iPhone; CPU iPhone OS 13_2_3 like Mac OS X) AppleWebKit/605.1.15 (KHTML, like Gecko) Version/13.0.3 Mobile/15E148 Safari/604.1"
36.133.115.36 - - [11/Oct/2025:23:28:20 +0800] "POST /wp-cron.php?doing_wp_cron=1760196500.8403680324554443359375 HTTP/1.1" 200 31 "-" "WordPress/6.8.2; http://cqqizhou.com"
87.120.191.92 - - [11/Oct/2025:23:28:21 +0800] "GET / HTTP/1.1" 200 33466 "-" "Mozilla/5.0 (Windows NT 10.0; Win64; x64) AppleWebKit/537.36 (KHTML, like Gecko) Chrome/90.0.4430.85 Safari/537.36 Edg/90.0.818.46"
36.133.115.36 - - [11/Oct/2025:23:37:56 +0800] "POST /wp-cron.php?doing_wp_cron=1760197075.9519319534301757812500 HTTP/1.1" 200 31 "-" "WordPress/6.8.2; http://cqqizhou.com"
40.124.169.38 - - [11/Oct/2025:23:37:56 +0800] "GET / HTTP/1.1" 301 5 "-" "Mozilla/5.0 zgrab/0.x"
14.108.234.53 - - [11/Oct/2025:23:38:05 +0800] "GET / HTTP/1.1" 200 39371 "-" "Mozilla/5.0 (Windows NT 10.0; Win64; x64) AppleWebKit/537.36 (KHTML, like Gecko) Chrome/140.0.0.0 Safari/537.36 Edg/140.0.0.0"
14.108.234.53 - - [11/Oct/2025:23:38:05 +0800] "GET /wp-content/uploads/2025/07/1751425283-qizhou.kf_.qq_.com_.webp HTTP/1.1" 200 16864 "http://cqqizhou.com/" "Mozilla/5.0 (Windows NT 10.0; Win64; x64) AppleWebKit/537.36 (KHTML, like Gecko) Chrome/140.0.0.0 Safari/537.36 Edg/140.0.0.0"
14.108.234.53 - - [11/Oct/2025:23:38:06 +0800] "GET /wp-content/uploads/revslider/slider-1/1750929639-yuanjing_Slider_3840%C3%972160_20250626171955-scaled.webp HTTP/1.1" 200 203290 "http://cqqizhou.com/" "Mozilla/5.0 (Windows NT 10.0; Win64; x64) AppleWebKit/537.36 (KHTML, like Gecko) Chrome/140.0.0.0 Safari/537.36 Edg/140.0.0.0"
14.108.234.53 - - [11/Oct/2025:23:38:06 +0800] "GET /wp-content/uploads/2025/07/1753587901-Slider_3840%C3%972160_20250727-scaled-50x100.webp HTTP/1.1" 200 1660 "http://cqqizhou.com/" "Mozilla/5.0 (Windows NT 10.0; Win64; x64) AppleWebKit/537.36 (KHTML, like Gecko) Chrome/140.0.0.0 Safari/537.36 Edg/140.0.0.0"
14.108.234.53 - - [11/Oct/2025:23:38:06 +0800] "GET /wp-content/uploads/revslider/slider-1/1750861156-logistics_Slider_3840%C3%972160_20250625191356-scaled-50x100.webp HTTP/1.1" 200 1416 "http://cqqizhou.com/" "Mozilla/5.0 (Windows NT 10.0; Win64; x64) AppleWebKit/537.36 (KHTML, like Gecko) Chrome/140.0.0.0 Safari/537.36 Edg/140.0.0.0"
14.108.234.53 - - [11/Oct/2025:23:38:07 +0800] "GET /wp-content/uploads/2025/07/1753453127-%E4%BD%99%E5%8D%B7product_Single600%C3%97284.webp HTTP/1.1" 200 18744 "http://cqqizhou.com/" "Mozilla/5.0 (Windows NT 10.0; Win64; x64) AppleWebKit/537.36 (KHTML, like Gecko) Chrome/140.0.0.0 Safari/537.36 Edg/140.0.0.0"
14.108.234.53 - - [11/Oct/2025:23:38:07 +0800] "GET /wp-content/uploads/2025/07/1753456770-%E7%83%AD%E9%95%80%E9%94%8C%E5%8D%B7product_Single600.webp HTTP/1.1" 200 27502 "http://cqqizhou.com/" "Mozilla/5.0 (Windows NT 10.0; Win64; x64) AppleWebKit/537.36 (KHTML, like Gecko) Chrome/140.0.0.0 Safari/537.36 Edg/140.0.0.0"
14.108.234.53 - - [11/Oct/2025:23:38:07 +0800] "GET /wp-content/uploads/2025/07/1753456723-%E5%8F%8C%E7%9B%B8%E9%92%A2roduct_Single600.webp HTTP/1.1" 200 22790 "http://cqqizhou.com/" "Mozilla/5.0 (Windows NT 10.0; Win64; x64) AppleWebKit/537.36 (KHTML, like Gecko) Chrome/140.0.0.0 Safari/537.36 Edg/140.0.0.0"
14.108.234.53 - - [11/Oct/2025:23:38:07 +0800] "GET /wp-content/uploads/2025/07/1753453096-%E5%8F%8C%E7%9B%B8%E9%92%A2product_Single600%C3%97284.webp HTTP/1.1" 200 14562 "http://cqqizhou.com/" "Mozilla/5.0 (Windows NT 10.0; Win64; x64) AppleWebKit/537.36 (KHTML, like Gecko) Chrome/140.0.0.0 Safari/537.36 Edg/140.0.0.0"
14.108.234.53 - - [11/Oct/2025:23:38:07 +0800] "GET /wp-json/sliderrevolution/sliders/1?srengine=7&slideid=3 HTTP/1.1" 200 2292 "http://cqqizhou.com/" "Mozilla/5.0 (Windows NT 10.0; Win64; x64) AppleWebKit/537.36 (KHTML, like Gecko) Chrome/140.0.0.0 Safari/537.36 Edg/140.0.0.0"
14.108.234.53 - - [11/Oct/2025:23:38:07 +0800] "GET /wp-json/sliderrevolution/sliders/1?srengine=7&slideid=2 HTTP/1.1" 200 2058 "http://cqqizhou.com/" "Mozilla/5.0 (Windows NT 10.0; Win64; x64) AppleWebKit/537.36 (KHTML, like Gecko) Chrome/140.0.0.0 Safari/537.36 Edg/140.0.0.0"
14.108.234.53 - - [11/Oct/2025:23:38:07 +0800] "GET /wp-content/uploads/2025/07/1753587901-Slider_3840%C3%972160_20250727-scaled.webp HTTP/1.1" 200 141034 "http://cqqizhou.com/" "Mozilla/5.0 (Windows NT 10.0; Win64; x64) AppleWebKit/537.36 (KHTML, like Gecko) Chrome/140.0.0.0 Safari/537.36 Edg/140.0.0.0"
14.108.234.53 - - [11/Oct/2025:23:38:07 +0800] "GET /wp-content/uploads/revslider/slider-1/1750861156-logistics_Slider_3840%C3%972160_20250625191356-scaled.webp HTTP/1.1" 200 197360 "http://cqqizhou.com/" "Mozilla/5.0 (Windows NT 10.0; Win64; x64) AppleWebKit/537.36 (KHTML, like Gecko) Chrome/140.0.0.0 Safari/537.36 Edg/140.0.0.0"
14.108.234.53 - - [11/Oct/2025:23:38:08 +0800] "GET /wp-content/uploads/2025/07/1750174127-Marketing1920x800_3.webp HTTP/1.1" 200 52790 "http://cqqizhou.com/wp-content/uploads/elementor/css/post-1666.css?ver=1756373176" "Mozilla/5.0 (Windows NT 10.0; Win64; x64) AppleWebKit/537.36 (KHTML, like Gecko) Chrome/140.0.0.0 Safari/537.36 Edg/140.0.0.0"
36.133.115.36 - - [11/Oct/2025:23:39:16 +0800] "POST /wp-cron.php?doing_wp_cron=1760197156.0124039649963378906250 HTTP/1.1" 200 31 "-" "WordPress/6.8.2; http://cqqizhou.com"
14.108.234.53 - - [11/Oct/2025:23:39:16 +0800] "GET /wp-json/sliderrevolution/sliders/1?srengine=7&slideid=3 HTTP/1.1" 200 2292 "http://cqqizhou.com/" "Mozilla/5.0 (Windows NT 10.0; Win64; x64) AppleWebKit/537.36 (KHTML, like Gecko) Chrome/140.0.0.0 Safari/537.36 Edg/140.0.0.0"
14.108.234.53 - - [11/Oct/2025:23:39:16 +0800] "GET /wp-json/sliderrevolution/sliders/1?srengine=7&slideid=2 HTTP/1.1" 200 2058 "http://cqqizhou.com/" "Mozilla/5.0 (Windows NT 10.0; Win64; x64) AppleWebKit/537.36 (KHTML, like Gecko) Chrome/140.0.0.0 Safari/537.36 Edg/140.0.0.0"
36.133.115.36 - - [11/Oct/2025:23:40:04 +0800] "POST /wp-cron.php?doing_wp_cron=1760197204.6437149047851562500000 HTTP/1.1" 200 31 "-" "WordPress/6.8.2; http://cqqizhou.com"
43.128.156.124 - - [11/Oct/2025:23:40:04 +0800] "GET / HTTP/1.1" 200 33466 "-" "Mozilla/5.0 (iPhone; CPU iPhone OS 13_2_3 like Mac OS X) AppleWebKit/605.1.15 (KHTML, like Gecko) Version/13.0.3 Mobile/15E148 Safari/604.1"
110.187.210.100 - - [11/Oct/2025:23:41:13 +0800] "GET http://cqqizhou.com/ HTTP/1.1" 200 39371 "-" "Mozilla/5.0 (Macintosh; Intel Mac OS X 10_15_7) AppleWebKit/537.36 (KHTML, like Gecko) Chrome/126.0.0.0 Safari/537.36"
36.133.115.36 - - [11/Oct/2025:23:41:14 +0800] "POST /wp-cron.php?doing_wp_cron=1760197274.2376430034637451171875 HTTP/1.1" 200 31 "-" "WordPress/6.8.2; http://cqqizhou.com"
106.8.121.80 - - [11/Oct/2025:23:41:14 +0800] "GET http://www.cqqizhou.com/ HTTP/1.1" 301 5 "-" "Mozilla/5.0 (Macintosh; Intel Mac OS X 10_15_7) AppleWebKit/537.36 (KHTML, like Gecko) Chrome/126.0.0.0 Safari/537.36"
106.8.121.80 - - [11/Oct/2025:23:41:14 +0800] "GET http://cqqizhou.com/ HTTP/1.1" 200 39371 "-" "Mozilla/5.0 (Macintosh; Intel Mac OS X 10_15_7) AppleWebKit/537.36 (KHTML, like Gecko) Chrome/126.0.0.0 Safari/537.36"
36.133.115.36 - - [11/Oct/2025:23:49:18 +0800] "POST /wp-cron.php?doing_wp_cron=1760197758.4552071094512939453125 HTTP/1.1" 200 31 "-" "WordPress/6.8.2; http://cqqizhou.com"
35.199.144.75 - - [11/Oct/2025:23:49:18 +0800] "HEAD /web/ HTTP/1.1" 404 0 "-" "Mozilla/5.0 (iPad; CPU OS 16_6 like Mac OS X) AppleWebKit/605.1.15 (KHTML, like Gecko) Version/16.6 Mobile/15E148 Safari/604.1"
35.199.144.75 - - [11/Oct/2025:23:49:19 +0800] "HEAD /cms/ HTTP/1.1" 404 0 "-" "Mozilla/5.0 (Macintosh; Intel Mac OS X 14_3) AppleWebKit/537.36 (KHTML, like Gecko) Chrome/125.0.6422.60 Safari/537.36 Edg/125.0.2535.51"
35.199.144.75 - - [11/Oct/2025:23:49:19 +0800] "HEAD /news/ HTTP/1.1" 200 0 "-" "Mozilla/5.0 (iPad; CPU OS 17_0 like Mac OS X) AppleWebKit/605.1.15 (KHTML, like Gecko) CriOS/123.0.6312.52 Mobile/15E148 Safari/604.1"
35.199.144.75 - - [11/Oct/2025:23:49:20 +0800] "HEAD /site1/ HTTP/1.1" 404 0 "-" "Mozilla/5.0 (Windows NT 10.0; Win64; x64) AppleWebKit/537.36 (KHTML, like Gecko) Chrome/120.0.6099.224 Safari/537.36 OPR/106.0.0.0"
35.199.144.75 - - [11/Oct/2025:23:49:21 +0800] "HEAD /shop/ HTTP/1.1" 200 0 "-" "Mozilla/5.0 (X11; Ubuntu; Linux x86_64; rv:124.0) Gecko/20100101 Firefox/124.0"
35.199.144.75 - - [11/Oct/2025:23:49:21 +0800] "HEAD /new/ HTTP/1.1" 301 0 "-" "Mozilla/5.0 (Macintosh; Intel Mac OS X 14_4) AppleWebKit/605.1.15 (KHTML, like Gecko) Version/17.4 Safari/605.1.15"
35.199.144.75 - - [11/Oct/2025:23:49:23 +0800] "HEAD /news/ HTTP/1.1" 200 0 "http://cqqizhou.com/new/" "Mozilla/5.0 (Macintosh; Intel Mac OS X 14_4) AppleWebKit/605.1.15 (KHTML, like Gecko) Version/17.4 Safari/605.1.15"
35.199.144.75 - - [11/Oct/2025:23:49:24 +0800] "HEAD /blog/ HTTP/1.1" 404 0 "-" "Mozilla/5.0 (Linux; Android 12; CPH2381) AppleWebKit/537.36 (KHTML, like Gecko) Chrome/119.0.6045.163 Mobile Safari/537.36 OPR/76.3.4027.73374"
35.199.144.75 - - [11/Oct/2025:23:49:24 +0800] "HEAD /press/ HTTP/1.1" 404 0 "-" "Mozilla/5.0 (X11; Linux x86_64) AppleWebKit/537.36 (KHTML, like Gecko) Chrome/126.0.6478.20 Safari/537.36"
35.199.144.75 - - [11/Oct/2025:23:49:25 +0800] "HEAD /media/ HTTP/1.1" 404 0 "-" "Mozilla/5.0 (Linux; Android 14; Pixel 8 Pro) AppleWebKit/537.36 (KHTML, like Gecko) Chrome/124.0.6367.56 Mobile Safari/537.36"
35.199.144.75 - - [11/Oct/2025:23:49:26 +0800] "HEAD /v2/ HTTP/1.1" 404 0 "-" "Mozilla/5.0 (Macintosh; Intel Mac OS X 14_3) AppleWebKit/537.36 (KHTML, like Gecko) Chrome/125.0.6422.60 Safari/537.36 Edg/125.0.2535.51"
35.199.144.75 - - [11/Oct/2025:23:49:27 +0800] "HEAD /de/ HTTP/1.1" 404 0 "-" "Mozilla/5.0 (Macintosh; Intel Mac OS X 12_7_4) AppleWebKit/605.1.15 (KHTML, like Gecko) Version/16.6 Safari/605.1.15"
35.199.144.75 - - [11/Oct/2025:23:49:28 +0800] "HEAD /backup/ HTTP/1.1" 404 0 "-" "Mozilla/5.0 (Windows NT 10.0; Win64; x64; rv:123.0) Gecko/20100101 Firefox/123.0"
35.199.144.75 - - [11/Oct/2025:23:49:28 +0800] "HEAD /old/ HTTP/1.1" 404 0 "-" "Mozilla/5.0 (Windows NT 10.0; Win64; x64) AppleWebKit/537.36 (KHTML, like Gecko) Chrome/120.0.6099.224 Safari/537.36 OPR/106.0.0.0"
35.199.144.75 - - [11/Oct/2025:23:49:29 +0800] "HEAD /wordpress/ HTTP/1.1" 404 0 "-" "Mozilla/5.0 (Windows NT 10.0; Win64; x64) AppleWebKit/537.36 (KHTML, like Gecko) Chrome/121.0.6167.140 Safari/537.36 Vivaldi/6.4.3160.47"
35.199.144.75 - - [11/Oct/2025:23:49:30 +0800] "HEAD / HTTP/1.1" 200 0 "-" "Mozilla/5.0 (Linux; U; Android 11; en-US; V2027) AppleWebKit/537.36 (KHTML, like Gecko) Version/4.0 Chrome/89.0.4389.116 UCBrowser/13.4.0.1306 Mobile Safari/537.36"
35.199.144.75 - - [11/Oct/2025:23:49:31 +0800] "HEAD /store/ HTTP/1.1" 404 0 "-" "Mozilla/5.0 (Linux; Android 10; Nokia 2720 Flip) AppleWebKit/537.36 (KHTML, like Gecko) Chrome/80.0.3987.99 Mobile Safari/537.36 KAIOS/2.5"
35.199.144.75 - - [11/Oct/2025:23:49:32 +0800] "HEAD /fr/ HTTP/1.1" 404 0 "-" "Mozilla/5.0 (Windows NT 6.1; Win64; x64) AppleWebKit/537.36 (KHTML, like Gecko) Chrome/109.0.5414.120 Safari/537.36"
35.199.144.75 - - [11/Oct/2025:23:49:33 +0800] "HEAD /home/ HTTP/1.1" 301 0 "-" "Mozilla/5.0 (Linux; Android 12; CPH2381) AppleWebKit/537.36 (KHTML, like Gecko) Chrome/119.0.6045.163 Mobile Safari/537.36 OPR/76.3.4027.73374"
35.199.144.75 - - [11/Oct/2025:23:49:34 +0800] "HEAD / HTTP/1.1" 200 0 "http://cqqizhou.com/home/" "Mozilla/5.0 (Linux; Android 12; CPH2381) AppleWebKit/537.36 (KHTML, like Gecko) Chrome/119.0.6045.163 Mobile Safari/537.36 OPR/76.3.4027.73374"
35.199.144.75 - - [11/Oct/2025:23:49:35 +0800] "HEAD /2024/ HTTP/1.1" 404 0 "-" "Mozilla/5.0 (Macintosh; Intel Mac OS X 14_4) AppleWebKit/605.1.15 (KHTML, like Gecko) Version/17.4 Safari/605.1.15"
35.199.144.75 - - [11/Oct/2025:23:49:36 +0800] "HEAD /content/ HTTP/1.1" 404 0 "-" "Mozilla/5.0 (Windows NT 10.0; Win64; x64) AppleWebKit/537.36 (KHTML, like Gecko) Chrome/120.0.6099.224 Safari/537.36 OPR/106.0.0.0"
35.199.144.75 - - [11/Oct/2025:23:49:37 +0800] "HEAD /2023/ HTTP/1.1" 404 0 "-" "Mozilla/5.0 (Windows NT 10.0; Win64; x64) AppleWebKit/537.36 (KHTML, like Gecko) Chrome/121.0.6167.140 Safari/537.36 Vivaldi/6.4.3160.47"
35.199.144.75 - - [11/Oct/2025:23:49:38 +0800] "HEAD /portal/ HTTP/1.1" 404 0 "-" "Mozilla/5.0 (Windows NT 10.0; Win64; x64) AppleWebKit/537.36 (KHTML, like Gecko) Chrome/120.0.6099.224 Safari/537.36 OPR/106.0.0.0"
35.199.144.75 - - [11/Oct/2025:23:49:39 +0800] "HEAD /wp/ HTTP/1.1" 404 0 "-" "Mozilla/5.0 (Windows NT 10.0; Win64; x64) AppleWebKit/537.36 (KHTML, like Gecko) Chrome/121.0.6167.140 Safari/537.36 Vivaldi/6.4.3160.47"
35.199.144.75 - - [11/Oct/2025:23:49:40 +0800] "HEAD /en/ HTTP/1.1" 404 0 "-" "Mozilla/5.0 (Windows NT 6.1; Win64; x64; rv:115.0) Gecko/20100101 Firefox/115.0"
35.199.144.75 - - [11/Oct/2025:23:49:41 +0800] "HEAD /us/ HTTP/1.1" 404 0 "-" "Mozilla/5.0 (X11; Linux x86_64) AppleWebKit/537.36 (KHTML, like Gecko) Chrome/126.0.6478.20 Safari/537.36"
35.199.144.75 - - [11/Oct/2025:23:49:42 +0800] "HEAD /blog2/ HTTP/1.1" 404 0 "-" "Mozilla/5.0 (Windows NT 6.1; Win64; x64; rv:115.0) Gecko/20100101 Firefox/115.0"
35.199.144.75 - - [11/Oct/2025:23:49:43 +0800] "HEAD /website/ HTTP/1.1" 404 0 "-" "Mozilla/5.0 (Linux; Android 14; Pixel 8 Pro) AppleWebKit/537.36 (KHTML, like Gecko) Chrome/124.0.6367.56 Mobile Safari/537.36"
35.199.144.75 - - [11/Oct/2025:23:49:44 +0800] "HEAD /main/ HTTP/1.1" 404 0 "-" "Mozilla/5.0 (iPhone; CPU iPhone OS 17_4 like Mac OS X) AppleWebKit/605.1.15 (KHTML, like Gecko) Version/17.4 Mobile/15E148 Safari/604.1"
35.199.144.75 - - [11/Oct/2025:23:49:45 +0800] "HEAD /site/ HTTP/1.1" 404 0 "-" "Mozilla/5.0 (iPhone; CPU iPhone OS 17_4 like Mac OS X) AppleWebKit/605.1.15 (KHTML, like Gecko) Version/17.4 Mobile/15E148 Safari/604.1"
36.133.115.36 - - [11/Oct/2025:23:52:31 +0800] "POST /wp-cron.php?doing_wp_cron=1760197951.0296380519866943359375 HTTP/1.1" 200 31 "-" "WordPress/6.8.2; http://cqqizhou.com"
36.32.3.164 - - [11/Oct/2025:23:52:31 +0800] "GET / HTTP/1.1" 200 151919 "-" "-"
36.133.115.36 - - [11/Oct/2025:23:53:17 +0800] "POST /wp-cron.php?doing_wp_cron=1760197997.9337310791015625000000 HTTP/1.1" 200 31 "-" "WordPress/6.8.2; http://cqqizhou.com"
42.92.120.186 - - [11/Oct/2025:23:53:17 +0800] "GET / HTTP/1.1" 301 5 "-" "Mozilla/5.0 (Windows NT 6.1) AppleWebKit/537.36 (KHTML, like Gecko) Chrome/49.0.2623.112 Safari/537.36"
36.133.115.36 - - [11/Oct/2025:23:57:58 +0800] "POST /wp-cron.php?doing_wp_cron=1760198278.1157479286193847656250 HTTP/1.1" 200 31 "-" "WordPress/6.8.2; http://cqqizhou.com"
176.65.141.87 - - [11/Oct/2025:23:57:59 +0800] "GET / HTTP/1.1" 200 151919 "-" "Mozilla/5.0 (Windows NT 10.0; Win64; x64) AppleWebKit/537.36 (KHTML, like Gecko) Chrome/42.0.2311.135 Safari/537.36 Edge/12.246"