103.153.182.150 - - [11/Oct/2025:14:12:40 +0800] "GET /config/aws.yml HTTP/1.1" 404 8989 "-" "python-requests/2.32.5"
103.153.182.150 - - [11/Oct/2025:14:12:41 +0800] "GET /symfony/public/_profiler/phpinfo HTTP/1.1" 404 8990 "-" "python-requests/2.32.5"
103.153.182.150 - - [11/Oct/2025:14:12:42 +0800] "GET /debug/default/view?panel=config HTTP/1.1" 404 8990 "-" "python-requests/2.32.5"
103.153.182.150 - - [11/Oct/2025:14:12:43 +0800] "GET /debug/default/view?panel=config HTTP/1.1" 404 8989 "-" "python-requests/2.32.5"
103.153.182.150 - - [11/Oct/2025:14:12:44 +0800] "GET /frontend_dev.php HTTP/1.1" 404 47 "-" "python-requests/2.32.5"
103.153.182.150 - - [11/Oct/2025:14:12:44 +0800] "GET / HTTP/1.1" 200 39371 "-" "python-requests/2.32.5"
36.133.115.36 - - [11/Oct/2025:14:12:46 +0800] "POST /wp-cron.php?doing_wp_cron=1760163166.0573730468750000000000 HTTP/1.1" 200 31 "-" "WordPress/6.8.2; http://cqqizhou.com"
103.153.182.150 - - [11/Oct/2025:14:12:46 +0800] "GET /debug/default/view?panel=config HTTP/1.1" 404 8990 "-" "python-requests/2.32.5"
103.153.182.150 - - [11/Oct/2025:14:12:46 +0800] "GET /tool/view/phpinfo.view.php HTTP/1.1" 404 47 "-" "python-requests/2.32.5"
103.153.182.150 - - [11/Oct/2025:14:12:47 +0800] "GET /wp-config.php-backup HTTP/1.1" 404 8990 "-" "python-requests/2.32.5"
103.153.182.150 - - [11/Oct/2025:14:12:48 +0800] "GET /%C0 HTTP/1.1" 404 8990 "-" "python-requests/2.32.5"
103.153.182.150 - - [11/Oct/2025:14:12:49 +0800] "GET /debug/default/view.html HTTP/1.1" 404 8990 "-" "python-requests/2.32.5"
103.153.182.150 - - [11/Oct/2025:14:12:50 +0800] "GET /debug/default/view HTTP/1.1" 404 8989 "-" "python-requests/2.32.5"
103.153.182.150 - - [11/Oct/2025:14:12:51 +0800] "GET /frontend/web/debug/default/view HTTP/1.1" 404 8990 "-" "python-requests/2.32.5"
103.153.182.150 - - [11/Oct/2025:14:12:53 +0800] "GET /web/debug/default/view HTTP/1.1" 404 8990 "-" "python-requests/2.32.5"
103.153.182.150 - - [11/Oct/2025:14:12:54 +0800] "GET /sapi/debug/default/view HTTP/1.1" 404 8991 "-" "python-requests/2.32.5"
103.153.182.150 - - [11/Oct/2025:14:12:55 +0800] "GET /debug/default/view?panel=config HTTP/1.1" 404 8990 "-" "python-requests/2.32.5"
36.133.115.36 - - [11/Oct/2025:14:19:21 +0800] "POST /wp-cron.php?doing_wp_cron=1760163561.9301590919494628906250 HTTP/1.1" 200 31 "-" "WordPress/6.8.2; http://cqqizhou.com"
87.120.191.91 - - [11/Oct/2025:14:19:22 +0800] "GET / HTTP/1.1" 200 33467 "-" "Mozilla/5.0 (Windows NT 10.0; Win64; x64) AppleWebKit/537.36 (KHTML, like Gecko) Chrome/90.0.4430.85 Safari/537.36 Edg/90.0.818.46"
36.133.115.36 - - [11/Oct/2025:14:20:11 +0800] "POST /wp-cron.php?doing_wp_cron=1760163611.4816930294036865234375 HTTP/1.1" 200 31 "-" "WordPress/6.8.2; http://cqqizhou.com"
87.120.191.92 - - [11/Oct/2025:14:20:11 +0800] "GET / HTTP/1.1" 200 33467 "-" "Mozilla/5.0 (Windows NT 10.0; Win64; x64) AppleWebKit/537.36 (KHTML, like Gecko) Chrome/90.0.4430.85 Safari/537.36 Edg/90.0.818.46"
122.231.191.3 - - [11/Oct/2025:14:25:19 +0800] "GET / HTTP/1.1" 200 39371 "-" "Mozilla/5.0 (Windows NT 10.0; Win64; x64) AppleWebKit/537.36 (KHTML, like Gecko) Chrome/122.0.0.0 Safari/537.36 Edg/122.0.0.0"
36.133.115.36 - - [11/Oct/2025:14:28:07 +0800] "POST /wp-cron.php?doing_wp_cron=1760164087.8084359169006347656250 HTTP/1.1" 200 31 "-" "WordPress/6.8.2; http://cqqizhou.com"
43.153.12.58 - - [11/Oct/2025:14:28:07 +0800] "GET / HTTP/1.1" 301 5 "-" "Mozilla/5.0 (iPhone; CPU iPhone OS 13_2_3 like Mac OS X) AppleWebKit/605.1.15 (KHTML, like Gecko) Version/13.0.3 Mobile/15E148 Safari/604.1"
43.153.12.58 - - [11/Oct/2025:14:28:09 +0800] "GET / HTTP/1.1" 200 33467 "http://36.133.115.36" "Mozilla/5.0 (iPhone; CPU iPhone OS 13_2_3 like Mac OS X) AppleWebKit/605.1.15 (KHTML, like Gecko) Version/13.0.3 Mobile/15E148 Safari/604.1"
36.133.115.36 - - [11/Oct/2025:14:46:56 +0800] "POST /wp-cron.php?doing_wp_cron=1760165216.6580519676208496093750 HTTP/1.1" 200 31 "-" "WordPress/6.8.2; http://cqqizhou.com"
87.120.191.90 - - [11/Oct/2025:14:46:56 +0800] "GET / HTTP/1.1" 200 33467 "-" "Mozilla/5.0 (Windows NT 10.0; Win64; x64) AppleWebKit/537.36 (KHTML, like Gecko) Chrome/90.0.4430.85 Safari/537.36 Edg/90.0.818.46"
36.133.115.36 - - [11/Oct/2025:14:47:01 +0800] "POST /wp-cron.php HTTP/1.1" 200 31 "-" "WordPress/6.8.2; http://cqqizhou.com"
36.133.115.36 - - [11/Oct/2025:14:47:01 +0800] "GET / HTTP/1.1" 200 39371 "-" "WordPress/6.8.2; http://cqqizhou.com"
36.133.115.36 - - [11/Oct/2025:14:47:01 +0800] "GET / HTTP/1.1" 200 39371 "-" "WordPress/6.8.2; http://cqqizhou.com"
36.133.115.36 - - [11/Oct/2025:14:47:01 +0800] "GET / HTTP/1.1" 200 39371 "-" "WordPress/6.8.2; http://cqqizhou.com"
36.133.115.36 - - [11/Oct/2025:14:47:54 +0800] "POST /wp-cron.php?doing_wp_cron=1760165274.8508970737457275390625 HTTP/1.1" 200 31 "-" "WordPress/6.8.2; http://cqqizhou.com"
176.65.141.86 - - [11/Oct/2025:14:47:54 +0800] "GET /cgi-bin/luci/;stok=/locale HTTP/1.1" 301 5 "-" "-"
36.133.115.36 - - [11/Oct/2025:14:57:08 +0800] "POST /wp-cron.php?doing_wp_cron=1760165828.0680398941040039062500 HTTP/1.1" 200 31 "-" "WordPress/6.8.2; http://cqqizhou.com"
87.121.84.101 - - [11/Oct/2025:14:57:08 +0800] "GET / HTTP/1.0" 200 151897 "-" "Mozilla/5.0 (X11; Linux x86_64; rv:140.0) Gecko/20100101 Firefox/140.0"
163.177.34.57 - - [11/Oct/2025:14:57:24 +0800] "GET / HTTP/1.0" 301 0 "http://m.baidu.com/s?wd=foodnrr" "Mozilla/5.0 (Windows NT 6.1; WOW64; rv:43.0) Gecko/20100101 Firefox/43.0"
163.177.34.45 - - [11/Oct/2025:14:57:24 +0800] "GET / HTTP/1.0" 200 165852 "-" "Mozilla/5.0 (Windows NT 6.1; WOW64; rv:43.0) Gecko/20100101 Firefox/43.0"
36.133.115.36 - - [11/Oct/2025:15:01:44 +0800] "POST /wp-cron.php?doing_wp_cron=1760166104.9225459098815917968750 HTTP/1.1" 200 31 "-" "WordPress/6.8.2; http://cqqizhou.com"
87.120.191.91 - - [11/Oct/2025:15:01:45 +0800] "GET / HTTP/1.1" 200 33467 "-" "Mozilla/5.0 (Windows NT 10.0; Win64; x64) AppleWebKit/537.36 (KHTML, like Gecko) Chrome/90.0.4430.85 Safari/537.36 Edg/90.0.818.46"
36.133.115.36 - - [11/Oct/2025:15:03:19 +0800] "POST /wp-cron.php?doing_wp_cron=1760166198.9896390438079833984375 HTTP/1.1" 200 31 "-" "WordPress/6.8.2; http://cqqizhou.com"
20.118.202.126 - - [11/Oct/2025:15:03:19 +0800] "GET /developmentserver/metadatauploader HTTP/1.1" 404 8990 "-" "Mozilla/5.0 zgrab/0.x"
14.108.234.53 - - [11/Oct/2025:15:03:54 +0800] "GET / HTTP/1.1" 200 39371 "-" "Mozilla/5.0 (Windows NT 10.0; Win64; x64) AppleWebKit/537.36 (KHTML, like Gecko) Chrome/140.0.0.0 Safari/537.36 Edg/140.0.0.0"
14.108.234.53 - - [11/Oct/2025:15:03:55 +0800] "GET /wp-content/uploads/2025/07/1751425283-qizhou.kf_.qq_.com_.webp HTTP/1.1" 200 16864 "http://cqqizhou.com/" "Mozilla/5.0 (Windows NT 10.0; Win64; x64) AppleWebKit/537.36 (KHTML, like Gecko) Chrome/140.0.0.0 Safari/537.36 Edg/140.0.0.0"
14.108.234.53 - - [11/Oct/2025:15:03:56 +0800] "GET /wp-content/uploads/revslider/slider-1/1750929639-yuanjing_Slider_3840%C3%972160_20250626171955-scaled.webp HTTP/1.1" 200 203290 "http://cqqizhou.com/" "Mozilla/5.0 (Windows NT 10.0; Win64; x64) AppleWebKit/537.36 (KHTML, like Gecko) Chrome/140.0.0.0 Safari/537.36 Edg/140.0.0.0"
14.108.234.53 - - [11/Oct/2025:15:03:56 +0800] "GET /wp-content/uploads/2025/07/1753456723-%E5%8F%8C%E7%9B%B8%E9%92%A2roduct_Single600.webp HTTP/1.1" 200 22790 "http://cqqizhou.com/" "Mozilla/5.0 (Windows NT 10.0; Win64; x64) AppleWebKit/537.36 (KHTML, like Gecko) Chrome/140.0.0.0 Safari/537.36 Edg/140.0.0.0"
14.108.234.53 - - [11/Oct/2025:15:03:56 +0800] "GET /wp-content/uploads/2025/07/1753453096-%E5%8F%8C%E7%9B%B8%E9%92%A2product_Single600%C3%97284.webp HTTP/1.1" 200 14562 "http://cqqizhou.com/" "Mozilla/5.0 (Windows NT 10.0; Win64; x64) AppleWebKit/537.36 (KHTML, like Gecko) Chrome/140.0.0.0 Safari/537.36 Edg/140.0.0.0"
14.108.234.53 - - [11/Oct/2025:15:03:56 +0800] "GET /wp-content/uploads/2025/07/1753456770-%E7%83%AD%E9%95%80%E9%94%8C%E5%8D%B7product_Single600.webp HTTP/1.1" 200 27502 "http://cqqizhou.com/" "Mozilla/5.0 (Windows NT 10.0; Win64; x64) AppleWebKit/537.36 (KHTML, like Gecko) Chrome/140.0.0.0 Safari/537.36 Edg/140.0.0.0"
14.108.234.53 - - [11/Oct/2025:15:03:56 +0800] "GET /wp-content/uploads/2025/07/1753453127-%E4%BD%99%E5%8D%B7product_Single600%C3%97284.webp HTTP/1.1" 200 18744 "http://cqqizhou.com/" "Mozilla/5.0 (Windows NT 10.0; Win64; x64) AppleWebKit/537.36 (KHTML, like Gecko) Chrome/140.0.0.0 Safari/537.36 Edg/140.0.0.0"
14.108.234.53 - - [11/Oct/2025:15:03:56 +0800] "GET /wp-content/uploads/2025/07/1753587901-Slider_3840%C3%972160_20250727-scaled-50x100.webp HTTP/1.1" 200 1660 "http://cqqizhou.com/" "Mozilla/5.0 (Windows NT 10.0; Win64; x64) AppleWebKit/537.36 (KHTML, like Gecko) Chrome/140.0.0.0 Safari/537.36 Edg/140.0.0.0"
14.108.234.53 - - [11/Oct/2025:15:03:56 +0800] "GET /wp-content/uploads/revslider/slider-1/1750861156-logistics_Slider_3840%C3%972160_20250625191356-scaled-50x100.webp HTTP/1.1" 200 1416 "http://cqqizhou.com/" "Mozilla/5.0 (Windows NT 10.0; Win64; x64) AppleWebKit/537.36 (KHTML, like Gecko) Chrome/140.0.0.0 Safari/537.36 Edg/140.0.0.0"
36.133.115.36 - - [11/Oct/2025:15:03:56 +0800] "POST /wp-cron.php?doing_wp_cron=1760166236.8932099342346191406250 HTTP/1.1" 200 31 "-" "WordPress/6.8.2; http://cqqizhou.com"
14.108.234.53 - - [11/Oct/2025:15:03:56 +0800] "GET /wp-json/sliderrevolution/sliders/1?srengine=7&slideid=3 HTTP/1.1" 200 2292 "http://cqqizhou.com/" "Mozilla/5.0 (Windows NT 10.0; Win64; x64) AppleWebKit/537.36 (KHTML, like Gecko) Chrome/140.0.0.0 Safari/537.36 Edg/140.0.0.0"
14.108.234.53 - - [11/Oct/2025:15:03:56 +0800] "GET /wp-content/uploads/2025/07/1753587901-Slider_3840%C3%972160_20250727-scaled.webp HTTP/1.1" 200 141034 "http://cqqizhou.com/" "Mozilla/5.0 (Windows NT 10.0; Win64; x64) AppleWebKit/537.36 (KHTML, like Gecko) Chrome/140.0.0.0 Safari/537.36 Edg/140.0.0.0"
14.108.234.53 - - [11/Oct/2025:15:03:56 +0800] "GET /wp-json/sliderrevolution/sliders/1?srengine=7&slideid=2 HTTP/1.1" 200 2058 "http://cqqizhou.com/" "Mozilla/5.0 (Windows NT 10.0; Win64; x64) AppleWebKit/537.36 (KHTML, like Gecko) Chrome/140.0.0.0 Safari/537.36 Edg/140.0.0.0"
14.108.234.53 - - [11/Oct/2025:15:03:57 +0800] "GET /wp-content/uploads/revslider/slider-1/1750861156-logistics_Slider_3840%C3%972160_20250625191356-scaled.webp HTTP/1.1" 200 197360 "http://cqqizhou.com/" "Mozilla/5.0 (Windows NT 10.0; Win64; x64) AppleWebKit/537.36 (KHTML, like Gecko) Chrome/140.0.0.0 Safari/537.36 Edg/140.0.0.0"
14.108.234.53 - - [11/Oct/2025:15:04:04 +0800] "GET /logistics/ HTTP/1.1" 200 22415 "http://cqqizhou.com/" "Mozilla/5.0 (Windows NT 10.0; Win64; x64) AppleWebKit/537.36 (KHTML, like Gecko) Chrome/140.0.0.0 Safari/537.36 Edg/140.0.0.0"
14.108.234.53 - - [11/Oct/2025:15:04:04 +0800] "GET /wp-content/uploads/2025/07/1751864682-Logistics800x500_2.webp HTTP/1.1" 200 27420 "http://cqqizhou.com/logistics/" "Mozilla/5.0 (Windows NT 10.0; Win64; x64) AppleWebKit/537.36 (KHTML, like Gecko) Chrome/140.0.0.0 Safari/537.36 Edg/140.0.0.0"
14.108.234.53 - - [11/Oct/2025:15:04:04 +0800] "GET /wp-content/uploads/2025/07/1751864664-Logistics800x500_1.webp HTTP/1.1" 200 76914 "http://cqqizhou.com/logistics/" "Mozilla/5.0 (Windows NT 10.0; Win64; x64) AppleWebKit/537.36 (KHTML, like Gecko) Chrome/140.0.0.0 Safari/537.36 Edg/140.0.0.0"
14.108.234.53 - - [11/Oct/2025:15:04:04 +0800] "GET /wp-content/uploads/2025/07/1753407887-Logistics_Banner2000%C3%97400px-%E6%8B%B7%E8%B4%9D.webp HTTP/1.1" 200 18866 "http://cqqizhou.com/logistics/" "Mozilla/5.0 (Windows NT 10.0; Win64; x64) AppleWebKit/537.36 (KHTML, like Gecko) Chrome/140.0.0.0 Safari/537.36 Edg/140.0.0.0"
220.181.51.113 - - [11/Oct/2025:15:04:30 +0800] "GET /wp-content/uploads/2025/07/1753456723-%CB%AB%CF%E0%B8%D6roduct_Single600.webp HTTP/1.1" 404 31381 "http://www.cqqizhou.com/" "Mozilla/5.0 (Windows NT 10.0; WOW64) AppleWebKit/537.36 (KHTML, like Gecko) Chrome/48.0.2564.116 Safari/537.36"
14.108.234.53 - - [11/Oct/2025:15:04:35 +0800] "GET /news/ HTTP/1.1" 200 25257 "http://cqqizhou.com/logistics/" "Mozilla/5.0 (Windows NT 10.0; Win64; x64) AppleWebKit/537.36 (KHTML, like Gecko) Chrome/140.0.0.0 Safari/537.36 Edg/140.0.0.0"
14.108.234.53 - - [11/Oct/2025:15:04:35 +0800] "GET /wp-content/uploads/2025/09/1756868614-20250903104654_74_5.webp HTTP/1.1" 200 47858 "http://cqqizhou.com/news/" "Mozilla/5.0 (Windows NT 10.0; Win64; x64) AppleWebKit/537.36 (KHTML, like Gecko) Chrome/140.0.0.0 Safari/537.36 Edg/140.0.0.0"
14.108.234.53 - - [11/Oct/2025:15:04:35 +0800] "GET /wp-content/uploads/2025/08/1755826456-DSC01841.webp HTTP/1.1" 200 87046 "http://cqqizhou.com/news/" "Mozilla/5.0 (Windows NT 10.0; Win64; x64) AppleWebKit/537.36 (KHTML, like Gecko) Chrome/140.0.0.0 Safari/537.36 Edg/140.0.0.0"
14.108.234.53 - - [11/Oct/2025:15:04:35 +0800] "GET /wp-content/uploads/2025/08/1755826390-DSC01765.webp HTTP/1.1" 200 71514 "http://cqqizhou.com/news/" "Mozilla/5.0 (Windows NT 10.0; Win64; x64) AppleWebKit/537.36 (KHTML, like Gecko) Chrome/140.0.0.0 Safari/537.36 Edg/140.0.0.0"
14.108.234.53 - - [11/Oct/2025:15:04:35 +0800] "GET /wp-content/uploads/2025/07/1753454089-Article_images_W900px.webp HTTP/1.1" 200 27552 "http://cqqizhou.com/news/" "Mozilla/5.0 (Windows NT 10.0; Win64; x64) AppleWebKit/537.36 (KHTML, like Gecko) Chrome/140.0.0.0 Safari/537.36 Edg/140.0.0.0"
14.108.234.53 - - [11/Oct/2025:15:04:35 +0800] "GET /wp-content/uploads/2025/07/1753455746-DSC01472.webp HTTP/1.1" 200 31854 "http://cqqizhou.com/news/" "Mozilla/5.0 (Windows NT 10.0; Win64; x64) AppleWebKit/537.36 (KHTML, like Gecko) Chrome/140.0.0.0 Safari/537.36 Edg/140.0.0.0"
14.108.234.53 - - [11/Oct/2025:15:04:35 +0800] "GET /wp-content/uploads/2025/07/1753454299-Article_images_W900px.webp HTTP/1.1" 200 52418 "http://cqqizhou.com/news/" "Mozilla/5.0 (Windows NT 10.0; Win64; x64) AppleWebKit/537.36 (KHTML, like Gecko) Chrome/140.0.0.0 Safari/537.36 Edg/140.0.0.0"
14.108.234.53 - - [11/Oct/2025:15:04:35 +0800] "GET /wp-content/uploads/2025/07/1753453986-Article_images_W900px.webp HTTP/1.1" 200 57364 "http://cqqizhou.com/news/" "Mozilla/5.0 (Windows NT 10.0; Win64; x64) AppleWebKit/537.36 (KHTML, like Gecko) Chrome/140.0.0.0 Safari/537.36 Edg/140.0.0.0"
14.108.234.53 - - [11/Oct/2025:15:04:35 +0800] "GET /wp-content/uploads/2025/07/1753410289-News2000%C3%97400_202571.webp HTTP/1.1" 200 17830 "http://cqqizhou.com/news/" "Mozilla/5.0 (Windows NT 10.0; Win64; x64) AppleWebKit/537.36 (KHTML, like Gecko) Chrome/140.0.0.0 Safari/537.36 Edg/140.0.0.0"
36.133.115.36 - - [11/Oct/2025:15:06:37 +0800] "POST /wp-cron.php?doing_wp_cron=1760166397.7302439212799072265625 HTTP/1.1" 200 31 "-" "WordPress/6.8.2; http://cqqizhou.com"
14.108.234.53 - - [11/Oct/2025:15:06:37 +0800] "GET /wp-json/sliderrevolution/sliders/1?srengine=7&slideid=3 HTTP/1.1" 200 2292 "http://cqqizhou.com/" "Mozilla/5.0 (Windows NT 10.0; Win64; x64) AppleWebKit/537.36 (KHTML, like Gecko) Chrome/140.0.0.0 Safari/537.36 Edg/140.0.0.0"
14.108.234.53 - - [11/Oct/2025:15:06:37 +0800] "GET /wp-json/sliderrevolution/sliders/1?srengine=7&slideid=2 HTTP/1.1" 200 2058 "http://cqqizhou.com/" "Mozilla/5.0 (Windows NT 10.0; Win64; x64) AppleWebKit/537.36 (KHTML, like Gecko) Chrome/140.0.0.0 Safari/537.36 Edg/140.0.0.0"
36.133.115.36 - - [11/Oct/2025:15:06:59 +0800] "POST /wp-cron.php?doing_wp_cron=1760166419.2773640155792236328125 HTTP/1.1" 200 31 "-" "WordPress/6.8.2; http://cqqizhou.com"
87.120.191.92 - - [11/Oct/2025:15:06:59 +0800] "GET / HTTP/1.1" 200 33467 "-" "Mozilla/5.0 (Windows NT 10.0; Win64; x64) AppleWebKit/537.36 (KHTML, like Gecko) Chrome/90.0.4430.85 Safari/537.36 Edg/90.0.818.46"
116.179.32.221 - - [11/Oct/2025:15:24:03 +0800] "GET /portfolio-category/remaining-rolls/ HTTP/1.1" 200 20926 "-" "Mozilla/5.0 (compatible; Baiduspider/2.0; +http://www.baidu.com/search/spider.html)"
36.133.115.36 - - [11/Oct/2025:15:27:23 +0800] "POST /wp-cron.php?doing_wp_cron=1760167643.8383190631866455078125 HTTP/1.1" 200 31 "-" "WordPress/6.8.2; http://cqqizhou.com"
220.181.108.102 - - [11/Oct/2025:15:27:24 +0800] "GET /portfolio/hot-dip-galvanized-coil/ HTTP/1.1" 200 22267 "-" "Mozilla/5.0 (compatible; Baiduspider/2.0; +http://www.baidu.com/search/spider.html)"
36.133.115.36 - - [11/Oct/2025:15:29:56 +0800] "POST /wp-cron.php?doing_wp_cron=1760167796.1523699760437011718750 HTTP/1.1" 200 31 "-" "WordPress/6.8.2; http://cqqizhou.com"
87.120.191.90 - - [11/Oct/2025:15:29:56 +0800] "GET / HTTP/1.1" 200 33467 "-" "Mozilla/5.0 (Windows NT 10.0; Win64; x64) AppleWebKit/537.36 (KHTML, like Gecko) Chrome/90.0.4430.85 Safari/537.36 Edg/90.0.818.46"
117.132.188.205 - - [11/Oct/2025:15:34:53 +0800] "GET / HTTP/1.1" 200 39371 "-" "Mozilla/5.0 (Windows NT 10.0; Win64; x64) AppleWebKit/537.36 (KHTML, like Gecko) Chrome/107.0.0.0 Safari/537.36"
36.133.115.36 - - [11/Oct/2025:15:34:54 +0800] "POST /wp-cron.php?doing_wp_cron=1760168094.4612030982971191406250 HTTP/1.1" 200 31 "-" "WordPress/6.8.2; http://cqqizhou.com"
117.132.188.205 - - [11/Oct/2025:15:34:54 +0800] "GET /portfolio-category/dual-phase-steel/ HTTP/1.1" 200 20936 "-" "Mozilla/5.0 (Windows NT 10.0; Win64; x64) AppleWebKit/537.36 (KHTML, like Gecko) Chrome/107.0.0.0 Safari/537.36"
117.132.188.205 - - [11/Oct/2025:15:34:54 +0800] "GET /material.html HTTP/1.1" 200 6459 "-" "Mozilla/5.0 (Windows NT 10.0; Win64; x64) AppleWebKit/537.36 (KHTML, like Gecko) Chrome/107.0.0.0 Safari/537.36"
117.132.188.205 - - [11/Oct/2025:15:34:54 +0800] "GET /policy/ HTTP/1.1" 200 23663 "-" "Mozilla/5.0 (Windows NT 10.0; Win64; x64) AppleWebKit/537.36 (KHTML, like Gecko) Chrome/107.0.0.0 Safari/537.36"
117.132.188.205 - - [11/Oct/2025:15:34:55 +0800] "GET /2164/ HTTP/1.1" 200 23798 "-" "Mozilla/5.0 (Windows NT 10.0; Win64; x64) AppleWebKit/537.36 (KHTML, like Gecko) Chrome/107.0.0.0 Safari/537.36"
117.132.188.205 - - [11/Oct/2025:15:34:56 +0800] "GET /logistics HTTP/1.1" 301 5 "-" "Mozilla/5.0 (Windows NT 10.0; Win64; x64) AppleWebKit/537.36 (KHTML, like Gecko) Chrome/107.0.0.0 Safari/537.36"
117.132.188.205 - - [11/Oct/2025:15:34:56 +0800] "GET /logistics/ HTTP/1.1" 200 22415 "-" "Mozilla/5.0 (Windows NT 10.0; Win64; x64) AppleWebKit/537.36 (KHTML, like Gecko) Chrome/107.0.0.0 Safari/537.36"
117.132.188.205 - - [11/Oct/2025:15:34:57 +0800] "GET /2163/ HTTP/1.1" 200 24053 "-" "Mozilla/5.0 (Windows NT 10.0; Win64; x64) AppleWebKit/537.36 (KHTML, like Gecko) Chrome/107.0.0.0 Safari/537.36"
117.132.188.205 - - [11/Oct/2025:15:34:58 +0800] "GET /services HTTP/1.1" 301 5 "-" "Mozilla/5.0 (Windows NT 10.0; Win64; x64) AppleWebKit/537.36 (KHTML, like Gecko) Chrome/107.0.0.0 Safari/537.36"
117.132.188.205 - - [11/Oct/2025:15:34:59 +0800] "GET /services/ HTTP/1.1" 200 25508 "-" "Mozilla/5.0 (Windows NT 10.0; Win64; x64) AppleWebKit/537.36 (KHTML, like Gecko) Chrome/107.0.0.0 Safari/537.36"
117.132.188.205 - - [11/Oct/2025:15:34:59 +0800] "GET / HTTP/1.1" 200 39371 "-" "Mozilla/5.0 (Windows NT 10.0; Win64; x64) AppleWebKit/537.36 (KHTML, like Gecko) Chrome/107.0.0.0 Safari/537.36"
117.132.188.205 - - [11/Oct/2025:15:34:59 +0800] "GET /portfolio-category/remaining-rolls/ HTTP/1.1" 200 20926 "-" "Mozilla/5.0 (Windows NT 10.0; Win64; x64) AppleWebKit/537.36 (KHTML, like Gecko) Chrome/107.0.0.0 Safari/537.36"
117.132.188.205 - - [11/Oct/2025:15:35:00 +0800] "GET /2162/ HTTP/1.1" 200 25437 "-" "Mozilla/5.0 (Windows NT 10.0; Win64; x64) AppleWebKit/537.36 (KHTML, like Gecko) Chrome/107.0.0.0 Safari/537.36"
117.132.188.205 - - [11/Oct/2025:15:35:01 +0800] "GET /portfolio/remaining-rolls/ HTTP/1.1" 200 22124 "-" "Mozilla/5.0 (Windows NT 10.0; Win64; x64) AppleWebKit/537.36 (KHTML, like Gecko) Chrome/107.0.0.0 Safari/537.36"
117.132.188.205 - - [11/Oct/2025:15:35:01 +0800] "GET /portfolio-category/hot-dip-galvanized-coil/ HTTP/1.1" 200 20954 "-" "Mozilla/5.0 (Windows NT 10.0; Win64; x64) AppleWebKit/537.36 (KHTML, like Gecko) Chrome/107.0.0.0 Safari/537.36"
117.132.188.205 - - [11/Oct/2025:15:35:01 +0800] "GET /portfolio/hot-dip-galvanized-coil/ HTTP/1.1" 200 22290 "-" "Mozilla/5.0 (Windows NT 10.0; Win64; x64) AppleWebKit/537.36 (KHTML, like Gecko) Chrome/107.0.0.0 Safari/537.36"
117.132.188.205 - - [11/Oct/2025:15:35:02 +0800] "GET /2160/ HTTP/1.1" 200 29993 "-" "Mozilla/5.0 (Windows NT 10.0; Win64; x64) AppleWebKit/537.36 (KHTML, like Gecko) Chrome/107.0.0.0 Safari/537.36"
117.132.188.205 - - [11/Oct/2025:15:35:02 +0800] "GET /portfolio/duplex-stainless-steel/ HTTP/1.1" 200 22130 "-" "Mozilla/5.0 (Windows NT 10.0; Win64; x64) AppleWebKit/537.36 (KHTML, like Gecko) Chrome/107.0.0.0 Safari/537.36"
117.132.188.205 - - [11/Oct/2025:15:35:03 +0800] "GET /portfolio-category/cold-rolled-coil/ HTTP/1.1" 200 20954 "-" "Mozilla/5.0 (Windows NT 10.0; Win64; x64) AppleWebKit/537.36 (KHTML, like Gecko) Chrome/107.0.0.0 Safari/537.36"
117.132.188.205 - - [11/Oct/2025:15:35:04 +0800] "GET /industry/ HTTP/1.1" 200 21942 "-" "Mozilla/5.0 (Windows NT 10.0; Win64; x64) AppleWebKit/537.36 (KHTML, like Gecko) Chrome/107.0.0.0 Safari/537.36"
117.132.188.205 - - [11/Oct/2025:15:35:05 +0800] "GET /portfolio/%e5%86%b7%e8%bd%a7%e6%9d%bf/ HTTP/1.1" 200 22074 "-" "Mozilla/5.0 (Windows NT 10.0; Win64; x64) AppleWebKit/537.36 (KHTML, like Gecko) Chrome/107.0.0.0 Safari/537.36"
117.132.188.205 - - [11/Oct/2025:15:35:05 +0800] "GET / HTTP/1.1" 200 39371 "-" "Mozilla/5.0 (Windows NT 10.0; Win64; x64) AppleWebKit/537.36 (KHTML, like Gecko) Chrome/107.0.0.0 Safari/537.36"
117.132.188.205 - - [11/Oct/2025:15:35:06 +0800] "GET /2159/ HTTP/1.1" 200 28993 "-" "Mozilla/5.0 (Windows NT 10.0; Win64; x64) AppleWebKit/537.36 (KHTML, like Gecko) Chrome/107.0.0.0 Safari/537.36"
117.132.188.205 - - [11/Oct/2025:15:35:06 +0800] "GET / HTTP/1.1" 200 39371 "-" "Mozilla/5.0 (Windows NT 10.0; Win64; x64) AppleWebKit/537.36 (KHTML, like Gecko) Chrome/107.0.0.0 Safari/537.36"
117.132.188.205 - - [11/Oct/2025:15:35:06 +0800] "GET / HTTP/1.1" 200 39371 "-" "Mozilla/5.0 (Windows NT 10.0; Win64; x64) AppleWebKit/537.36 (KHTML, like Gecko) Chrome/107.0.0.0 Safari/537.36"
117.132.188.205 - - [11/Oct/2025:15:35:06 +0800] "GET / HTTP/1.1" 200 39371 "-" "Mozilla/5.0 (Windows NT 10.0; Win64; x64) AppleWebKit/537.36 (KHTML, like Gecko) Chrome/107.0.0.0 Safari/537.36"
117.132.188.205 - - [11/Oct/2025:15:35:07 +0800] "GET /contacts/ HTTP/1.1" 200 21499 "-" "Mozilla/5.0 (Windows NT 10.0; Win64; x64) AppleWebKit/537.36 (KHTML, like Gecko) Chrome/107.0.0.0 Safari/537.36"
117.132.188.205 - - [11/Oct/2025:15:35:07 +0800] "GET /news/ HTTP/1.1" 200 25257 "-" "Mozilla/5.0 (Windows NT 10.0; Win64; x64) AppleWebKit/537.36 (KHTML, like Gecko) Chrome/107.0.0.0 Safari/537.36"
117.132.188.205 - - [11/Oct/2025:15:35:07 +0800] "GET /logistics/ HTTP/1.1" 200 22415 "-" "Mozilla/5.0 (Windows NT 10.0; Win64; x64) AppleWebKit/537.36 (KHTML, like Gecko) Chrome/107.0.0.0 Safari/537.36"
117.132.188.205 - - [11/Oct/2025:15:35:07 +0800] "GET /services/ HTTP/1.1" 200 25527 "-" "Mozilla/5.0 (Windows NT 10.0; Win64; x64) AppleWebKit/537.36 (KHTML, like Gecko) Chrome/107.0.0.0 Safari/537.36"
117.132.188.205 - - [11/Oct/2025:15:35:07 +0800] "GET /about/ HTTP/1.1" 200 30090 "-" "Mozilla/5.0 (Windows NT 10.0; Win64; x64) AppleWebKit/537.36 (KHTML, like Gecko) Chrome/107.0.0.0 Safari/537.36"
117.132.188.205 - - [11/Oct/2025:15:35:07 +0800] "GET / HTTP/1.1" 200 39371 "-" "Mozilla/5.0 (Windows NT 10.0; Win64; x64) AppleWebKit/537.36 (KHTML, like Gecko) Chrome/107.0.0.0 Safari/537.36"
117.132.188.205 - - [11/Oct/2025:15:35:09 +0800] "GET /club/ HTTP/1.1" 200 13044 "-" "Mozilla/5.0 (Windows NT 10.0; Win64; x64) AppleWebKit/537.36 (KHTML, like Gecko) Chrome/107.0.0.0 Safari/537.36"
117.132.188.205 - - [11/Oct/2025:15:35:09 +0800] "GET /bug HTTP/1.1" 301 5 "-" "Mozilla/5.0 (Windows NT 10.0; Win64; x64) AppleWebKit/537.36 (KHTML, like Gecko) Chrome/107.0.0.0 Safari/537.36"
117.132.188.205 - - [11/Oct/2025:15:35:10 +0800] "GET /bug/ HTTP/1.1" 200 12792 "-" "Mozilla/5.0 (Windows NT 10.0; Win64; x64) AppleWebKit/537.36 (KHTML, like Gecko) Chrome/107.0.0.0 Safari/537.36"
117.132.188.205 - - [11/Oct/2025:15:35:10 +0800] "GET /wp-content/uploads/2025/07/1753454299-Article_images_W900px.webp HTTP/1.1" 200 52418 "-" "Mozilla/5.0 (Windows NT 10.0; Win64; x64) AppleWebKit/537.36 (KHTML, like Gecko) Chrome/107.0.0.0 Safari/537.36"
117.132.188.205 - - [11/Oct/2025:15:35:10 +0800] "GET /wp-content/uploads/2025/07/1753454089-Article_images_W900px.webp HTTP/1.1" 200 27552 "-" "Mozilla/5.0 (Windows NT 10.0; Win64; x64) AppleWebKit/537.36 (KHTML, like Gecko) Chrome/107.0.0.0 Safari/537.36"
117.132.188.205 - - [11/Oct/2025:15:35:10 +0800] "GET /wp-content/uploads/2025/07/1753453127-%E4%BD%99%E5%8D%B7product_Single600%C3%97284.webp HTTP/1.1" 200 18744 "-" "Mozilla/5.0 (Windows NT 10.0; Win64; x64) AppleWebKit/537.36 (KHTML, like Gecko) Chrome/107.0.0.0 Safari/537.36"
117.132.188.205 - - [11/Oct/2025:15:35:10 +0800] "GET /wp-content/uploads/2025/07/1753456770-%E7%83%AD%E9%95%80%E9%94%8C%E5%8D%B7product_Single600.webp HTTP/1.1" 200 27502 "-" "Mozilla/5.0 (Windows NT 10.0; Win64; x64) AppleWebKit/537.36 (KHTML, like Gecko) Chrome/107.0.0.0 Safari/537.36"
117.132.188.205 - - [11/Oct/2025:15:35:10 +0800] "GET /wp-content/uploads/2025/07/1753453096-%E5%8F%8C%E7%9B%B8%E9%92%A2product_Single600%C3%97284.webp HTTP/1.1" 200 14562 "-" "Mozilla/5.0 (Windows NT 10.0; Win64; x64) AppleWebKit/537.36 (KHTML, like Gecko) Chrome/107.0.0.0 Safari/537.36"
117.132.188.205 - - [11/Oct/2025:15:35:10 +0800] "GET /wp-content/uploads/2025/07/1753456723-%E5%8F%8C%E7%9B%B8%E9%92%A2roduct_Single600.webp HTTP/1.1" 200 22790 "-" "Mozilla/5.0 (Windows NT 10.0; Win64; x64) AppleWebKit/537.36 (KHTML, like Gecko) Chrome/107.0.0.0 Safari/537.36"
117.132.188.205 - - [11/Oct/2025:15:35:11 +0800] "GET /wp-content/uploads/2025/07/1751425283-qizhou.kf_.qq_.com_.webp HTTP/1.1" 200 16864 "-" "Mozilla/5.0 (Windows NT 10.0; Win64; x64) AppleWebKit/537.36 (KHTML, like Gecko) Chrome/107.0.0.0 Safari/537.36"
117.132.188.205 - - [11/Oct/2025:15:35:11 +0800] "GET /wp-content/uploads/2025/07/1753587901-Slider_3840%C3%972160_20250727-scaled.webp HTTP/1.1" 200 141034 "-" "Mozilla/5.0 (Windows NT 10.0; Win64; x64) AppleWebKit/537.36 (KHTML, like Gecko) Chrome/107.0.0.0 Safari/537.36"
117.132.188.205 - - [11/Oct/2025:15:35:11 +0800] "GET /wp-content/uploads/revslider/slider-1/1750861156-logistics_Slider_3840%C3%972160_20250625191356-scaled.webp HTTP/1.1" 200 197360 "-" "Mozilla/5.0 (Windows NT 10.0; Win64; x64) AppleWebKit/537.36 (KHTML, like Gecko) Chrome/107.0.0.0 Safari/537.36"
117.132.188.205 - - [11/Oct/2025:15:35:11 +0800] "GET /feed/ HTTP/1.1" 200 82044 "-" "Mozilla/5.0 (Windows NT 10.0; Win64; x64) AppleWebKit/537.36 (KHTML, like Gecko) Chrome/107.0.0.0 Safari/537.36"
117.132.188.205 - - [11/Oct/2025:15:35:12 +0800] "GET /comments/feed/ HTTP/1.1" 200 704 "-" "Mozilla/5.0 (Windows NT 10.0; Win64; x64) AppleWebKit/537.36 (KHTML, like Gecko) Chrome/107.0.0.0 Safari/537.36"
117.132.188.205 - - [11/Oct/2025:15:35:12 +0800] "GET /wp-content/uploads/revslider/slider-1/1750929639-yuanjing_Slider_3840%C3%972160_20250626171955-scaled.webp HTTP/1.1" 200 203290 "-" "Mozilla/5.0 (Windows NT 10.0; Win64; x64) AppleWebKit/537.36 (KHTML, like Gecko) Chrome/107.0.0.0 Safari/537.36"
117.132.188.205 - - [11/Oct/2025:15:35:15 +0800] "GET /wp-json/oembed/1.0/embed?url=http%3A%2F%2Fcqqizhou.com%2F HTTP/1.1" 200 1097 "-" "Mozilla/5.0 (Windows NT 10.0; Win64; x64) AppleWebKit/537.36 (KHTML, like Gecko) Chrome/107.0.0.0 Safari/537.36"
117.132.188.205 - - [11/Oct/2025:15:35:16 +0800] "GET /portfolio-category/dual-phase-steel/ HTTP/1.1" 200 20955 "-" "Mozilla/5.0 (Windows NT 10.0; Win64; x64) AppleWebKit/537.36 (KHTML, like Gecko) Chrome/107.0.0.0 Safari/537.36"
36.133.115.36 - - [11/Oct/2025:15:36:31 +0800] "POST /wp-cron.php?doing_wp_cron=1760168191.7314488887786865234375 HTTP/1.1" 200 31 "-" "WordPress/6.8.2; http://cqqizhou.com"
220.181.108.159 - - [11/Oct/2025:15:36:31 +0800] "GET /wp-json/oembed/1.0/embed?url=http%3A%2F%2Fcqqizhou.com%2Fservices%2F HTTP/1.1" 200 1112 "-" "Mozilla/5.0 (compatible; Baiduspider/2.0; +http://www.baidu.com/search/spider.html)"
36.133.115.36 - - [11/Oct/2025:15:44:12 +0800] "POST /wp-cron.php?doing_wp_cron=1760168652.6132409572601318359375 HTTP/1.1" 200 31 "-" "WordPress/6.8.2; http://cqqizhou.com"
121.52.252.229 - - [11/Oct/2025:15:44:12 +0800] "GET / HTTP/1.0" 301 0 "-" "Mozilla/5.0 (Windows NT 10.0; Win64; x64) AppleWebKit/537.36 (KHTML, like Gecko) Chrome/124.0.0.0 Safari/537.36"
121.52.252.229 - - [11/Oct/2025:15:44:13 +0800] "GET / HTTP/1.0" 200 165852 "-" "Mozilla/5.0 (Windows NT 10.0; Win64; x64) AppleWebKit/537.36 (KHTML, like Gecko) Chrome/124.0.0.0 Safari/537.36"
36.133.115.36 - - [11/Oct/2025:15:46:46 +0800] "POST /wp-cron.php?doing_wp_cron=1760168806.4744200706481933593750 HTTP/1.1" 200 31 "-" "WordPress/6.8.2; http://cqqizhou.com"
5.187.35.21 - - [11/Oct/2025:15:46:46 +0800] "GET / HTTP/1.1" 200 33467 "-" "Mozilla/5.0 (Windows NT 10.0; Win64; x64) AppleWebKit/537.36 (KHTML, like Gecko) Chrome/90.0.4430.85 Safari/537.36 Edg/90.0.818.46"
36.133.115.36 - - [11/Oct/2025:15:48:04 +0800] "POST /wp-cron.php?doing_wp_cron=1760168884.4216070175170898437500 HTTP/1.1" 200 31 "-" "WordPress/6.8.2; http://cqqizhou.com"
87.120.191.91 - - [11/Oct/2025:15:48:04 +0800] "GET / HTTP/1.1" 200 33467 "-" "Mozilla/5.0 (Windows NT 10.0; Win64; x64) AppleWebKit/537.36 (KHTML, like Gecko) Chrome/90.0.4430.85 Safari/537.36 Edg/90.0.818.46"
36.133.115.36 - - [11/Oct/2025:15:56:51 +0800] "POST /wp-cron.php?doing_wp_cron=1760169411.7207410335540771484375 HTTP/1.1" 200 31 "-" "WordPress/6.8.2; http://cqqizhou.com"
176.65.132.155 - - [11/Oct/2025:15:56:51 +0800] "GET / HTTP/1.1" 301 5 "-" "Mozilla/5.0 (Windows NT 10.0; Win64; x64) AppleWebKit/537.36 (KHTML, like Gecko) Chrome/90.0.4430.85 Safari/537.36 Edg/90.0.818.46"
65.111.3.53 - - [11/Oct/2025:16:10:54 +0800] "GET /contacts/ HTTP/1.1" 200 21517 "-" "Mozilla/5.0 (Windows NT 10.0; WOW64) AppleWebKit/537.36 (KHTML, like Gecko) Chrome/114.0.0.0 YaBrowser/22.7.0 Yowser/2.5 Safari/537.36"
36.133.115.36 - - [11/Oct/2025:16:13:23 +0800] "POST /wp-cron.php?doing_wp_cron=1760170403.3983819484710693359375 HTTP/1.1" 200 31 "-" "WordPress/6.8.2; http://cqqizhou.com"
87.120.191.90 - - [11/Oct/2025:16:13:23 +0800] "GET / HTTP/1.1" 200 33467 "-" "Mozilla/5.0 (Windows NT 10.0; Win64; x64) AppleWebKit/537.36 (KHTML, like Gecko) Chrome/90.0.4430.85 Safari/537.36 Edg/90.0.818.46"
36.133.115.36 - - [11/Oct/2025:16:15:34 +0800] "POST /wp-cron.php?doing_wp_cron=1760170534.7646129131317138671875 HTTP/1.1" 200 31 "-" "WordPress/6.8.2; http://cqqizhou.com"
213.209.143.66 - - [11/Oct/2025:16:15:35 +0800] "GET / HTTP/1.1" 200 33467 "-" "Mozilla/5.0 (Windows NT 10.0; Win64; x64) AppleWebKit/537.36 (KHTML, like Gecko) Chrome/90.0.4430.85 Safari/537.36 Edg/90.0.818.46"
36.133.115.36 - - [11/Oct/2025:16:16:49 +0800] "POST /wp-cron.php?doing_wp_cron=1760170609.1714599132537841796875 HTTP/1.1" 200 31 "-" "WordPress/6.8.2; http://cqqizhou.com"
176.65.132.155 - - [11/Oct/2025:16:16:49 +0800] "GET / HTTP/1.1" 301 5 "-" "Mozilla/5.0 (Windows NT 10.0; Win64; x64) AppleWebKit/537.36 (KHTML, like Gecko) Chrome/90.0.4430.85 Safari/537.36 Edg/90.0.818.46"
36.133.115.36 - - [11/Oct/2025:16:23:41 +0800] "POST /wp-cron.php?doing_wp_cron=1760171021.5332529544830322265625 HTTP/1.1" 200 31 "-" "WordPress/6.8.2; http://cqqizhou.com"
5.187.35.21 - - [11/Oct/2025:16:23:41 +0800] "GET / HTTP/1.1" 200 33467 "-" "Mozilla/5.0 (Windows NT 10.0; Win64; x64) AppleWebKit/537.36 (KHTML, like Gecko) Chrome/90.0.4430.85 Safari/537.36 Edg/90.0.818.46"
36.133.115.36 - - [11/Oct/2025:16:29:48 +0800] "POST /wp-cron.php?doing_wp_cron=1760171388.5010728836059570312500 HTTP/1.1" 200 31 "-" "WordPress/6.8.2; http://cqqizhou.com"
87.120.191.91 - - [11/Oct/2025:16:29:48 +0800] "GET / HTTP/1.1" 200 33467 "-" "Mozilla/5.0 (Windows NT 10.0; Win64; x64) AppleWebKit/537.36 (KHTML, like Gecko) Chrome/90.0.4430.85 Safari/537.36 Edg/90.0.818.46"
36.133.115.36 - - [11/Oct/2025:16:38:32 +0800] "POST /wp-cron.php?doing_wp_cron=1760171912.4749279022216796875000 HTTP/1.1" 200 31 "-" "WordPress/6.8.2; http://cqqizhou.com"
87.120.191.92 - - [11/Oct/2025:16:38:32 +0800] "GET / HTTP/1.1" 200 33467 "-" "Mozilla/5.0 (Windows NT 10.0; Win64; x64) AppleWebKit/537.36 (KHTML, like Gecko) Chrome/90.0.4430.85 Safari/537.36 Edg/90.0.818.46"
36.133.115.36 - - [11/Oct/2025:16:40:09 +0800] "POST /wp-cron.php?doing_wp_cron=1760172009.8798599243164062500000 HTTP/1.1" 200 31 "-" "WordPress/6.8.2; http://cqqizhou.com"
176.65.132.155 - - [11/Oct/2025:16:40:09 +0800] "GET / HTTP/1.1" 301 5 "-" "Mozilla/5.0 (Windows NT 10.0; Win64; x64) AppleWebKit/537.36 (KHTML, like Gecko) Chrome/90.0.4430.85 Safari/537.36 Edg/90.0.818.46"
36.133.115.36 - - [11/Oct/2025:16:52:44 +0800] "POST /wp-cron.php?doing_wp_cron=1760172764.1308689117431640625000 HTTP/1.1" 200 31 "-" "WordPress/6.8.2; http://cqqizhou.com"
42.236.12.207 - - [11/Oct/2025:16:52:44 +0800] "GET / HTTP/1.1" 200 33467 "http://cqqizhou.com/" "Mozilla/5.0 (Linux; Android 10; K) AppleWebKit/537.36 (KHTML, like Gecko) Chrome/131.0.0.0 Mobile Safari/537.36; 360Spider"
36.133.115.36 - - [11/Oct/2025:16:53:31 +0800] "POST /wp-cron.php?doing_wp_cron=1760172811.3320178985595703125000 HTTP/1.1" 200 31 "-" "WordPress/6.8.2; http://cqqizhou.com"
87.120.191.90 - - [11/Oct/2025:16:53:31 +0800] "GET / HTTP/1.1" 200 33467 "-" "Mozilla/5.0 (Windows NT 10.0; Win64; x64) AppleWebKit/537.36 (KHTML, like Gecko) Chrome/90.0.4430.85 Safari/537.36 Edg/90.0.818.46"
36.133.115.36 - - [11/Oct/2025:17:02:51 +0800] "POST /wp-cron.php?doing_wp_cron=1760173370.9732160568237304687500 HTTP/1.1" 200 31 "-" "WordPress/6.8.2; http://cqqizhou.com"
52.167.144.195 - - [11/Oct/2025:17:02:51 +0800] "GET /atom.xml HTTP/1.1" 404 8990 "-" "Mozilla/5.0 AppleWebKit/537.36 (KHTML, like Gecko; compatible; bingbot/2.0; +http://www.bing.com/bingbot.htm) Chrome/116.0.1938.76 Safari/537.36"
36.133.115.36 - - [11/Oct/2025:17:11:47 +0800] "POST /wp-cron.php?doing_wp_cron=1760173907.2014119625091552734375 HTTP/1.1" 200 31 "-" "WordPress/6.8.2; http://cqqizhou.com"
87.120.191.91 - - [11/Oct/2025:17:11:47 +0800] "GET / HTTP/1.1" 200 33468 "-" "Mozilla/5.0 (Windows NT 10.0; Win64; x64) AppleWebKit/537.36 (KHTML, like Gecko) Chrome/90.0.4430.85 Safari/537.36 Edg/90.0.818.46"
36.133.115.36 - - [11/Oct/2025:17:22:59 +0800] "POST /wp-cron.php?doing_wp_cron=1760174579.6020190715789794921875 HTTP/1.1" 200 31 "-" "WordPress/6.8.2; http://cqqizhou.com"
87.120.191.92 - - [11/Oct/2025:17:22:59 +0800] "GET / HTTP/1.1" 200 33467 "-" "Mozilla/5.0 (Windows NT 10.0; Win64; x64) AppleWebKit/537.36 (KHTML, like Gecko) Chrome/90.0.4430.85 Safari/537.36 Edg/90.0.818.46"
36.133.115.36 - - [11/Oct/2025:17:28:11 +0800] "POST /wp-cron.php?doing_wp_cron=1760174891.3669619560241699218750 HTTP/1.1" 200 31 "-" "WordPress/6.8.2; http://cqqizhou.com"
43.166.136.24 - - [11/Oct/2025:17:28:11 +0800] "GET / HTTP/1.1" 301 5 "-" "Mozilla/5.0 (iPhone; CPU iPhone OS 13_2_3 like Mac OS X) AppleWebKit/605.1.15 (KHTML, like Gecko) Version/13.0.3 Mobile/15E148 Safari/604.1"
43.166.136.24 - - [11/Oct/2025:17:28:13 +0800] "GET / HTTP/1.1" 200 33467 "http://www.cqqizhou.com" "Mozilla/5.0 (iPhone; CPU iPhone OS 13_2_3 like Mac OS X) AppleWebKit/605.1.15 (KHTML, like Gecko) Version/13.0.3 Mobile/15E148 Safari/604.1"
36.133.115.36 - - [11/Oct/2025:17:28:57 +0800] "POST /wp-cron.php?doing_wp_cron=1760174937.1429409980773925781250 HTTP/1.1" 200 31 "-" "WordPress/6.8.2; http://cqqizhou.com"
52.167.144.195 - - [11/Oct/2025:17:28:57 +0800] "GET /?s=2025 HTTP/1.1" 200 19424 "-" "Mozilla/5.0 AppleWebKit/537.36 (KHTML, like Gecko; compatible; bingbot/2.0; +http://www.bing.com/bingbot.htm) Chrome/116.0.1938.76 Safari/537.36"
36.133.115.36 - - [11/Oct/2025:17:38:57 +0800] "POST /wp-cron.php?doing_wp_cron=1760175537.6135110855102539062500 HTTP/1.1" 200 31 "-" "WordPress/6.8.2; http://cqqizhou.com"
195.178.110.15 - - [11/Oct/2025:17:38:57 +0800] "GET / HTTP/1.1" 301 5 "-" "l9tcpid/v1.1.0"
36.133.115.36 - - [11/Oct/2025:17:40:42 +0800] "POST /wp-cron.php?doing_wp_cron=1760175642.8610410690307617187500 HTTP/1.1" 200 31 "-" "WordPress/6.8.2; http://cqqizhou.com"
87.120.191.90 - - [11/Oct/2025:17:40:43 +0800] "GET / HTTP/1.1" 200 33466 "-" "Mozilla/5.0 (Windows NT 10.0; Win64; x64) AppleWebKit/537.36 (KHTML, like Gecko) Chrome/90.0.4430.85 Safari/537.36 Edg/90.0.818.46"
36.133.115.36 - - [11/Oct/2025:17:41:29 +0800] "POST /wp-cron.php?doing_wp_cron=1760175689.4129700660705566406250 HTTP/1.1" 200 31 "-" "WordPress/6.8.2; http://cqqizhou.com"
87.120.191.91 - - [11/Oct/2025:17:41:29 +0800] "GET / HTTP/1.1" 200 33466 "-" "Mozilla/5.0 (Windows NT 10.0; Win64; x64) AppleWebKit/537.36 (KHTML, like Gecko) Chrome/90.0.4430.85 Safari/537.36 Edg/90.0.818.46"
36.133.115.36 - - [11/Oct/2025:17:54:48 +0800] "POST /wp-cron.php?doing_wp_cron=1760176488.7284569740295410156250 HTTP/1.1" 200 31 "-" "WordPress/6.8.2; http://cqqizhou.com"
101.42.117.179 - - [11/Oct/2025:17:54:48 +0800] "GET / HTTP/1.1" 301 5 "-" "Mozilla/5.0 (iPhone; CPU iPhone OS 13_2_3 like Mac OS X) AppleWebKit/605.1.15 (KHTML, like Gecko) Version/13.0.3 Mobile/15E148 Safari/604.1"
101.42.117.179 - - [11/Oct/2025:17:54:53 +0800] "GET / HTTP/1.1" 200 33466 "http://www.cqqizhou.com" "Mozilla/5.0 (iPhone; CPU iPhone OS 13_2_3 like Mac OS X) AppleWebKit/605.1.15 (KHTML, like Gecko) Version/13.0.3 Mobile/15E148 Safari/604.1"
36.133.115.36 - - [11/Oct/2025:17:55:53 +0800] "POST /wp-cron.php?doing_wp_cron=1760176553.2376890182495117187500 HTTP/1.1" 200 31 "-" "WordPress/6.8.2; http://cqqizhou.com"
91.227.62.213 - - [11/Oct/2025:17:55:54 +0800] "GET / HTTP/1.1" 200 151919 "http://36.133.115.36:80/" "Mozilla/5.0 (X11; Linux x86_64) AppleWebKit/537.36 (KHTML, like Gecko) Chrome/126.0.0.0 Safari/537.36"
36.133.115.36 - - [11/Oct/2025:17:57:48 +0800] "POST /wp-cron.php?doing_wp_cron=1760176668.4463028907775878906250 HTTP/1.1" 200 31 "-" "WordPress/6.8.2; http://cqqizhou.com"
176.65.132.155 - - [11/Oct/2025:17:57:48 +0800] "GET / HTTP/1.1" 301 5 "-" "Mozilla/5.0 (Windows NT 10.0; Win64; x64) AppleWebKit/537.36 (KHTML, like Gecko) Chrome/90.0.4430.85 Safari/537.36 Edg/90.0.818.46"
36.133.115.36 - - [11/Oct/2025:18:02:20 +0800] "POST /wp-cron.php?doing_wp_cron=1760176940.9122960567474365234375 HTTP/1.1" 200 31 "-" "WordPress/6.8.2; http://cqqizhou.com"
20.163.15.119 - - [11/Oct/2025:18:02:20 +0800] "GET /portal/redlion HTTP/1.1" 404 8989 "-" "Mozilla/5.0 zgrab/0.x"
36.133.115.36 - - [11/Oct/2025:18:06:33 +0800] "POST /wp-cron.php?doing_wp_cron=1760177193.6861600875854492187500 HTTP/1.1" 200 31 "-" "WordPress/6.8.2; http://cqqizhou.com"
87.120.191.92 - - [11/Oct/2025:18:06:33 +0800] "GET / HTTP/1.1" 200 33467 "-" "Mozilla/5.0 (Windows NT 10.0; Win64; x64) AppleWebKit/537.36 (KHTML, like Gecko) Chrome/90.0.4430.85 Safari/537.36 Edg/90.0.818.46"
36.133.115.36 - - [11/Oct/2025:18:07:40 +0800] "POST /wp-cron.php?doing_wp_cron=1760177260.6222620010375976562500 HTTP/1.1" 200 31 "-" "WordPress/6.8.2; http://cqqizhou.com"
176.65.141.86 - - [11/Oct/2025:18:07:40 +0800] "GET /cgi-bin/luci/;stok=/locale HTTP/1.1" 301 5 "-" "-"
36.133.115.36 - - [11/Oct/2025:18:10:00 +0800] "POST /wp-cron.php?doing_wp_cron=1760177400.7589960098266601562500 HTTP/1.1" 200 31 "-" "WordPress/6.8.2; http://cqqizhou.com"
176.65.132.155 - - [11/Oct/2025:18:10:00 +0800] "GET / HTTP/1.1" 301 5 "-" "Mozilla/5.0 (Windows NT 10.0; Win64; x64) AppleWebKit/537.36 (KHTML, like Gecko) Chrome/90.0.4430.85 Safari/537.36 Edg/90.0.818.46"
36.133.115.36 - - [11/Oct/2025:18:16:01 +0800] "POST /wp-cron.php?doing_wp_cron=1760177761.8685131072998046875000 HTTP/1.1" 200 31 "-" "WordPress/6.8.2; http://cqqizhou.com"
170.106.107.87 - - [11/Oct/2025:18:16:02 +0800] "GET / HTTP/1.1" 200 33467 "-" "Mozilla/5.0 (iPhone; CPU iPhone OS 13_2_3 like Mac OS X) AppleWebKit/605.1.15 (KHTML, like Gecko) Version/13.0.3 Mobile/15E148 Safari/604.1"
42.236.17.79 - - [11/Oct/2025:18:45:20 +0800] "GET / HTTP/1.1" 200 39371 "-" "Mozilla/5.0 (Windows NT 10.0; Win64; x64) AppleWebKit/537.36 (KHTML, like Gecko) Chrome/119.0.0.0 Safari/537.36"
42.236.17.79 - - [11/Oct/2025:18:45:28 +0800] "POST /wp-admin/admin-ajax.php HTTP/1.1" 499 0 "http://cqqizhou.com/" "Mozilla/5.0 (Windows NT 10.0; Win64; x64) AppleWebKit/537.36 (KHTML, like Gecko) Chrome/119.0.0.0 Safari/537.36"
36.133.115.36 - - [11/Oct/2025:18:45:30 +0800] "POST /wp-cron.php?doing_wp_cron=1760179530.3270568847656250000000 HTTP/1.1" 200 31 "-" "WordPress/6.8.2; http://cqqizhou.com"
42.236.101.205 - - [11/Oct/2025:18:45:59 +0800] "GET / HTTP/1.1" 200 39371 "-" "Mozilla/5.0 (Windows NT 10.0; Win64; x64) AppleWebKit/537.36 (KHTML, like Gecko) Chrome/119.0.0.0 Safari/537.36"
42.236.101.205 - - [11/Oct/2025:18:46:04 +0800] "POST /wp-admin/admin-ajax.php HTTP/1.1" 499 0 "http://cqqizhou.com/" "Mozilla/5.0 (Windows NT 10.0; Win64; x64) AppleWebKit/537.36 (KHTML, like Gecko) Chrome/119.0.0.0 Safari/537.36"
36.133.115.36 - - [11/Oct/2025:18:46:05 +0800] "POST /wp-cron.php?doing_wp_cron=1760179565.1141989231109619140625 HTTP/1.1" 200 31 "-" "WordPress/6.8.2; http://cqqizhou.com"
36.133.115.36 - - [11/Oct/2025:18:53:43 +0800] "POST /wp-cron.php?doing_wp_cron=1760180023.3676750659942626953125 HTTP/1.1" 200 31 "-" "WordPress/6.8.2; http://cqqizhou.com"
87.120.191.92 - - [11/Oct/2025:18:53:43 +0800] "GET / HTTP/1.1" 200 33467 "-" "Mozilla/5.0 (Windows NT 10.0; Win64; x64) AppleWebKit/537.36 (KHTML, like Gecko) Chrome/90.0.4430.85 Safari/537.36 Edg/90.0.818.46"
36.133.115.36 - - [11/Oct/2025:18:53:52 +0800] "POST /wp-cron.php?doing_wp_cron=1760180032.2361509799957275390625 HTTP/1.1" 200 31 "-" "WordPress/6.8.2; http://cqqizhou.com"
176.65.132.155 - - [11/Oct/2025:18:53:52 +0800] "GET / HTTP/1.1" 301 5 "-" "Mozilla/5.0 (Windows NT 10.0; Win64; x64) AppleWebKit/537.36 (KHTML, like Gecko) Chrome/90.0.4430.85 Safari/537.36 Edg/90.0.818.46"
47.104.154.186 - - [11/Oct/2025:19:02:03 +0800] "HEAD / HTTP/1.1" 200 0 "-" "-"
43.240.15.157 - - [11/Oct/2025:19:03:55 +0800] "HEAD / HTTP/1.1" 200 0 "http://cqqizhou.com" "Mozilla/5.0 (compatible; MSIE 9.0; Windows NT 6.1; Trident/5.0); 360Spider"
36.133.115.36 - - [11/Oct/2025:19:03:55 +0800] "POST /wp-cron.php?doing_wp_cron=1760180635.8979520797729492187500 HTTP/1.1" 200 31 "-" "WordPress/6.8.2; http://cqqizhou.com"
43.240.15.157 - - [11/Oct/2025:19:03:55 +0800] "GET /Upfile_Photo.asp HTTP/1.1" 404 31381 "http://cqqizhou.com/Upfile_Photo.asp" "Mozilla/5.0 (compatible; MSIE 9.0; Windows NT 6.1; Trident/5.0); 360Spider"
43.240.15.157 - - [11/Oct/2025:19:03:56 +0800] "GET /system/Upfile_Photo.asp HTTP/1.1" 404 31381 "http://cqqizhou.com/system/Upfile_Photo.asp" "Mozilla/5.0 (compatible; MSIE 9.0; Windows NT 6.1; Trident/5.0); 360Spider"
43.240.15.157 - - [11/Oct/2025:19:03:57 +0800] "GET /manage/Upfile_Photo.asp HTTP/1.1" 404 31381 "http://cqqizhou.com/manage/Upfile_Photo.asp" "Mozilla/5.0 (compatible; MSIE 9.0; Windows NT 6.1; Trident/5.0); 360Spider"
43.240.15.157 - - [11/Oct/2025:19:03:58 +0800] "GET /admin/Upfile_Photo.asp HTTP/1.1" 404 31381 "http://cqqizhou.com/admin/Upfile_Photo.asp" "Mozilla/5.0 (compatible; MSIE 9.0; Windows NT 6.1; Trident/5.0); 360Spider"
43.240.15.157 - - [11/Oct/2025:19:03:58 +0800] "GET /include/Upfile_Photo.asp HTTP/1.1" 404 31381 "http://cqqizhou.com/include/Upfile_Photo.asp" "Mozilla/5.0 (compatible; MSIE 9.0; Windows NT 6.1; Trident/5.0); 360Spider"
123.254.107.95 - - [11/Oct/2025:19:04:06 +0800] "HEAD / HTTP/1.1" 200 0 "http://cqqizhou.com" "Mozilla/5.0 (compatible; MSIE 9.0; Windows NT 6.1; Trident/5.0); 360Spider"
123.254.107.95 - - [11/Oct/2025:19:04:07 +0800] "GET /FCKeditor/editor/filemanager/connectors/asp/upload.asp HTTP/1.1" 404 31381 "http://cqqizhou.com/FCKeditor/editor/filemanager/connectors/asp/upload.asp" "Mozilla/5.0 (compatible; MSIE 9.0; Windows NT 6.1; Trident/5.0); 360Spider"
123.254.107.95 - - [11/Oct/2025:19:04:07 +0800] "GET /editor/FCKeditor/editor/filemanager/connectors/asp/upload.asp HTTP/1.1" 404 31381 "http://cqqizhou.com/editor/FCKeditor/editor/filemanager/connectors/asp/upload.asp" "Mozilla/5.0 (compatible; MSIE 9.0; Windows NT 6.1; Trident/5.0); 360Spider"
123.254.107.95 - - [11/Oct/2025:19:04:08 +0800] "GET /admin/FCKeditor/editor/filemanager/connectors/asp/upload.asp HTTP/1.1" 404 31381 "http://cqqizhou.com/admin/FCKeditor/editor/filemanager/connectors/asp/upload.asp" "Mozilla/5.0 (compatible; MSIE 9.0; Windows NT 6.1; Trident/5.0); 360Spider"
36.133.115.36 - - [11/Oct/2025:19:10:54 +0800] "POST /wp-cron.php?doing_wp_cron=1760181054.9553871154785156250000 HTTP/1.1" 200 31 "-" "WordPress/6.8.2; http://cqqizhou.com"
5.187.35.21 - - [11/Oct/2025:19:10:55 +0800] "GET / HTTP/1.1" 200 33467 "-" "Mozilla/5.0 (Windows NT 10.0; Win64; x64) AppleWebKit/537.36 (KHTML, like Gecko) Chrome/90.0.4430.85 Safari/537.36 Edg/90.0.818.46"
36.133.115.36 - - [11/Oct/2025:19:15:07 +0800] "POST /wp-cron.php?doing_wp_cron=1760181307.3084800243377685546875 HTTP/1.1" 200 31 "-" "WordPress/6.8.2; http://cqqizhou.com"
148.153.56.62 - - [11/Oct/2025:19:15:07 +0800] "GET /EtBa HTTP/1.1" 301 5 "-" "Mozilla/5.0 (Macintosh; Intel Mac OS X 10.9; rv:32.0) Gecko/20100101 Firefox/32.0"
148.153.56.62 - - [11/Oct/2025:19:15:09 +0800] "GET /EtBa HTTP/1.1" 404 8990 "http://36.133.115.36:80/EtBa" "Mozilla/5.0 (Macintosh; Intel Mac OS X 10.9; rv:32.0) Gecko/20100101 Firefox/32.0"
148.153.56.62 - - [11/Oct/2025:19:15:14 +0800] "GET /kjEC HTTP/1.1" 301 5 "-" "Mozilla/5.0 (Macintosh; Intel Mac OS X 10.9; rv:32.0) Gecko/20100101 Firefox/32.0"
148.153.56.62 - - [11/Oct/2025:19:15:17 +0800] "GET /kjEC HTTP/1.1" 404 8990 "http://36.133.115.36:80/kjEC" "Mozilla/5.0 (Macintosh; Intel Mac OS X 10.9; rv:32.0) Gecko/20100101 Firefox/32.0"
148.153.56.62 - - [11/Oct/2025:19:15:18 +0800] "GET /aab8 HTTP/1.1" 301 5 "-" "Mozilla/5.0 (Macintosh; Intel Mac OS X 10.9; rv:32.0) Gecko/20100101 Firefox/32.0"
148.153.56.62 - - [11/Oct/2025:19:15:20 +0800] "GET /aab8 HTTP/1.1" 404 8989 "http://36.133.115.36:80/aab8" "Mozilla/5.0 (Macintosh; Intel Mac OS X 10.9; rv:32.0) Gecko/20100101 Firefox/32.0"
148.153.56.62 - - [11/Oct/2025:19:15:28 +0800] "GET /aab9 HTTP/1.1" 301 5 "-" "Mozilla/5.0 (Macintosh; Intel Mac OS X 10.9; rv:32.0) Gecko/20100101 Firefox/32.0"
148.153.56.62 - - [11/Oct/2025:19:15:30 +0800] "GET /aab9 HTTP/1.1" 404 8989 "http://36.133.115.36:80/aab9" "Mozilla/5.0 (Macintosh; Intel Mac OS X 10.9; rv:32.0) Gecko/20100101 Firefox/32.0"
36.133.115.36 - - [11/Oct/2025:19:17:07 +0800] "POST /wp-cron.php?doing_wp_cron=1760181427.9012589454650878906250 HTTP/1.1" 200 31 "-" "WordPress/6.8.2; http://cqqizhou.com"
216.180.246.171 - - [11/Oct/2025:19:17:07 +0800] "GET / HTTP/1.0" 301 0 "-" "'Mozilla/5.0 (compatible; GenomeCrawlerd/1.0; +https://www.nokia.com/genomecrawler)'"
216.180.246.171 - - [11/Oct/2025:19:17:36 +0800] "GET / HTTP/1.1" 301 5 "-" "'Mozilla/5.0 (compatible; GenomeCrawlerd/1.0; +https://www.nokia.com/genomecrawler)'"
36.133.115.36 - - [11/Oct/2025:19:18:04 +0800] "POST /wp-cron.php?doing_wp_cron=1760181483.9803121089935302734375 HTTP/1.1" 200 31 "-" "WordPress/6.8.2; http://cqqizhou.com"
216.180.246.171 - - [11/Oct/2025:19:18:04 +0800] "GET /manage/account/login HTTP/1.1" 404 8991 "-" "'Mozilla/5.0 (compatible; GenomeCrawlerd/1.0; +https://www.nokia.com/genomecrawler)'"
216.180.246.171 - - [11/Oct/2025:19:18:21 +0800] "GET /admin/index.html HTTP/1.1" 404 8990 "-" "'Mozilla/5.0 (compatible; GenomeCrawlerd/1.0; +https://www.nokia.com/genomecrawler)'"
216.180.246.171 - - [11/Oct/2025:19:18:36 +0800] "GET /index.html HTTP/1.1" 200 8721 "-" "'Mozilla/5.0 (compatible; GenomeCrawlerd/1.0; +https://www.nokia.com/genomecrawler)'"
199.244.88.222 - - [11/Oct/2025:19:19:54 +0800] "GET / HTTP/1.1" 200 39371 "-" "Mozilla/5.0 (X11; Linux x86_64) AppleWebKit/537.36 (KHTML, like Gecko) Chrome/105.0.0.0 Safari/537.36"
36.133.115.36 - - [11/Oct/2025:19:28:35 +0800] "POST /wp-cron.php?doing_wp_cron=1760182115.9104170799255371093750 HTTP/1.1" 200 31 "-" "WordPress/6.8.2; http://cqqizhou.com"
160.191.243.93 - - [11/Oct/2025:19:28:35 +0800] "POST /hello.world?%ADd+allow_url_include%3d1+%ADd+auto_prepend_file%3dphp://input HTTP/1.1" 404 31381 "-" "libredtail-http"
160.191.243.93 - - [11/Oct/2025:19:28:37 +0800] "POST /?%ADd+allow_url_include%3d1+%ADd+auto_prepend_file%3dphp://input HTTP/1.1" 200 151919 "-" "libredtail-http"
160.191.243.93 - - [11/Oct/2025:19:28:37 +0800] "GET /vendor/phpunit/phpunit/src/Util/PHP/eval-stdin.php HTTP/1.1" 404 27 "-" "libredtail-http"
160.191.243.93 - - [11/Oct/2025:19:28:37 +0800] "GET /vendor/phpunit/phpunit/Util/PHP/eval-stdin.php HTTP/1.1" 404 27 "-" "libredtail-http"
160.191.243.93 - - [11/Oct/2025:19:28:38 +0800] "GET /vendor/phpunit/src/Util/PHP/eval-stdin.php HTTP/1.1" 404 27 "-" "libredtail-http"
160.191.243.93 - - [11/Oct/2025:19:28:38 +0800] "GET /vendor/phpunit/Util/PHP/eval-stdin.php HTTP/1.1" 404 27 "-" "libredtail-http"
160.191.243.93 - - [11/Oct/2025:19:28:38 +0800] "GET /vendor/phpunit/phpunit/LICENSE/eval-stdin.php HTTP/1.1" 404 27 "-" "libredtail-http"
160.191.243.93 - - [11/Oct/2025:19:28:39 +0800] "GET /vendor/vendor/phpunit/phpunit/src/Util/PHP/eval-stdin.php HTTP/1.1" 404 27 "-" "libredtail-http"
160.191.243.93 - - [11/Oct/2025:19:28:39 +0800] "GET /phpunit/phpunit/src/Util/PHP/eval-stdin.php HTTP/1.1" 404 27 "-" "libredtail-http"
160.191.243.93 - - [11/Oct/2025:19:28:39 +0800] "GET /phpunit/phpunit/Util/PHP/eval-stdin.php HTTP/1.1" 404 27 "-" "libredtail-http"
160.191.243.93 - - [11/Oct/2025:19:28:40 +0800] "GET /phpunit/src/Util/PHP/eval-stdin.php HTTP/1.1" 404 27 "-" "libredtail-http"
160.191.243.93 - - [11/Oct/2025:19:28:40 +0800] "GET /phpunit/Util/PHP/eval-stdin.php HTTP/1.1" 404 27 "-" "libredtail-http"
160.191.243.93 - - [11/Oct/2025:19:28:40 +0800] "GET /lib/phpunit/phpunit/src/Util/PHP/eval-stdin.php HTTP/1.1" 404 27 "-" "libredtail-http"
160.191.243.93 - - [11/Oct/2025:19:28:41 +0800] "GET /lib/phpunit/phpunit/Util/PHP/eval-stdin.php HTTP/1.1" 404 27 "-" "libredtail-http"
160.191.243.93 - - [11/Oct/2025:19:28:41 +0800] "GET /lib/phpunit/src/Util/PHP/eval-stdin.php HTTP/1.1" 404 27 "-" "libredtail-http"
