185.177.72.144 - - [24/Aug/2025:13:03:24 +0800] "GET /config/env.go HTTP/1.1" 404 8991 "-" "Mozilla/5.0 (Windows NT 10.0; Win64; x64) AppleWebKit/537.36 (KHTML, like Gecko) Chrome/91.0.4472.124 Safari/537.36"
185.177.72.144 - - [24/Aug/2025:13:03:25 +0800] "GET /config/kubeconfig.yaml HTTP/1.1" 404 8988 "-" "Mozilla/5.0 (Windows NT 10.0; Win64; x64) AppleWebKit/537.36 (KHTML, like Gecko) Chrome/91.0.4472.124 Safari/537.36"
185.177.72.144 - - [24/Aug/2025:13:03:26 +0800] "GET /config/deployment.yaml HTTP/1.1" 404 8990 "-" "Mozilla/5.0 (Windows NT 10.0; Win64; x64) AppleWebKit/537.36 (KHTML, like Gecko) Chrome/91.0.4472.124 Safari/537.36"
185.177.72.144 - - [24/Aug/2025:13:03:27 +0800] "GET /config/service.yaml HTTP/1.1" 404 8990 "-" "Mozilla/5.0 (Windows NT 10.0; Win64; x64) AppleWebKit/537.36 (KHTML, like Gecko) Chrome/91.0.4472.124 Safari/537.36"
185.177.72.144 - - [24/Aug/2025:13:03:28 +0800] "GET /config/secret.yaml HTTP/1.1" 404 8990 "-" "Mozilla/5.0 (Windows NT 10.0; Win64; x64) AppleWebKit/537.36 (KHTML, like Gecko) Chrome/91.0.4472.124 Safari/537.36"
185.177.72.144 - - [24/Aug/2025:13:03:29 +0800] "GET /config/configmap.yaml HTTP/1.1" 404 8989 "-" "Mozilla/5.0 (Windows NT 10.0; Win64; x64) AppleWebKit/537.36 (KHTML, like Gecko) Chrome/91.0.4472.124 Safari/537.36"
185.177.72.144 - - [24/Aug/2025:13:03:30 +0800] "GET /config/pod.yaml HTTP/1.1" 404 8988 "-" "Mozilla/5.0 (Windows NT 10.0; Win64; x64) AppleWebKit/537.36 (KHTML, like Gecko) Chrome/91.0.4472.124 Safari/537.36"
185.177.72.144 - - [24/Aug/2025:13:03:32 +0800] "GET /config/namespace.yaml HTTP/1.1" 404 8990 "-" "Mozilla/5.0 (Windows NT 10.0; Win64; x64) AppleWebKit/537.36 (KHTML, like Gecko) Chrome/91.0.4472.124 Safari/537.36"
185.177.72.144 - - [24/Aug/2025:13:03:33 +0800] "GET /config/role.yaml HTTP/1.1" 404 8990 "-" "Mozilla/5.0 (Windows NT 10.0; Win64; x64) AppleWebKit/537.36 (KHTML, like Gecko) Chrome/91.0.4472.124 Safari/537.36"
185.177.72.144 - - [24/Aug/2025:13:03:33 +0800] "GET /config/rolebinding.yaml HTTP/1.1" 404 8990 "-" "Mozilla/5.0 (Windows NT 10.0; Win64; x64) AppleWebKit/537.36 (KHTML, like Gecko) Chrome/91.0.4472.124 Safari/537.36"
185.177.72.144 - - [24/Aug/2025:13:03:34 +0800] "GET /config/ingress.yaml HTTP/1.1" 404 8991 "-" "Mozilla/5.0 (Windows NT 10.0; Win64; x64) AppleWebKit/537.36 (KHTML, like Gecko) Chrome/91.0.4472.124 Safari/537.36"
219.156.98.179 - - [24/Aug/2025:13:08:24 +0800] "GET / HTTP/1.1" 200 165624 "-" "Mozilla/5.0 (Macintosh; Intel Mac OS X 10_15_7) AppleWebKit/537.36 (KHTML, like Gecko) Chrome/120.0.0.0 Safari/537.36 Edg/120.0.0.0"
36.133.115.36 - - [24/Aug/2025:13:09:18 +0800] "POST /wp-cron.php?doing_wp_cron=1756012158.5391559600830078125000 HTTP/1.1" 200 31 "-" "WordPress/6.8.2; http://cqqizhou.com"
111.19.50.217 - - [24/Aug/2025:13:09:18 +0800] "GET /robots.txt HTTP/1.1" 200 190 "-" "Mozilla/5.0 (Macintosh; Intel Mac OS X 10_7_0) AppleWebKit/535.11 (KHTML, like Gecko) Chrome/17.0.963.56 Safari/535.11"
39.154.15.112 - - [24/Aug/2025:13:09:20 +0800] "GET /sitemap.xml HTTP/1.1" 200 498 "-" "Mozilla/5.0 (Macintosh; Intel Mac OS X 10_7_0) AppleWebKit/535.11 (KHTML, like Gecko) Chrome/17.0.963.56 Safari/535.11"
111.37.65.80 - - [24/Aug/2025:13:09:22 +0800] "GET /config.json HTTP/1.1" 404 8989 "-" "Mozilla/5.0 (Macintosh; Intel Mac OS X 10_7_0) AppleWebKit/535.11 (KHTML, like Gecko) Chrome/17.0.963.56 Safari/535.11"
39.154.11.107 - - [24/Aug/2025:13:11:32 +0800] "GET /wp-content/plugins/elementor/readme.txt HTTP/1.1" 200 10671 "-" "python-requests/2.32.3"
121.9.46.69 - - [24/Aug/2025:13:11:56 +0800] "GET /wp-content/plugins/elementor-pro/readme.txt HTTP/1.1" 200 337 "-" "python-requests/2.32.3"
222.138.45.79 - - [24/Aug/2025:13:12:07 +0800] "GET /wp-content/plugins/smartideo/readme.txt HTTP/1.1" 200 5930 "-" "python-requests/2.32.3"
36.133.115.36 - - [24/Aug/2025:13:12:31 +0800] "POST /wp-cron.php?doing_wp_cron=1756012351.5792970657348632812500 HTTP/1.1" 200 31 "-" "WordPress/6.8.2; http://cqqizhou.com"
112.192.102.124 - - [24/Aug/2025:13:12:31 +0800] "GET /wp-content/plugins/wp-rocket/readme.txt HTTP/1.1" 404 8990 "-" "python-requests/2.32.3"
36.133.115.36 - - [24/Aug/2025:13:12:52 +0800] "POST /wp-cron.php?doing_wp_cron=1756012372.2694389820098876953125 HTTP/1.1" 200 31 "-" "WordPress/6.8.2; http://cqqizhou.com"
112.12.205.5 - - [24/Aug/2025:13:12:52 +0800] "GET /wp-content/plugins/revslider/readme.txt HTTP/1.1" 404 8990 "-" "python-requests/2.32.3"
36.133.115.36 - - [24/Aug/2025:13:14:51 +0800] "POST /wp-cron.php?doing_wp_cron=1756012491.6409039497375488281250 HTTP/1.1" 200 31 "-" "WordPress/6.8.2; http://cqqizhou.com"
149.50.103.48 - - [24/Aug/2025:13:14:51 +0800] "GET / HTTP/1.1" 200 33395 "-" "Mozilla/5.0 (Windows NT 10.0; Win64; x64) AppleWebKit/537.36 (KHTML, like Gecko) Chrome/90.0.4430.85 Safari/537.36 Edg/90.0.818.46"
36.133.115.36 - - [24/Aug/2025:13:18:01 +0800] "POST /wp-cron.php?doing_wp_cron=1756012681.5304300785064697265625 HTTP/1.1" 200 31 "-" "WordPress/6.8.2; http://cqqizhou.com"
43.157.158.178 - - [24/Aug/2025:13:18:01 +0800] "GET / HTTP/1.1" 301 5 "-" "Mozilla/5.0 (iPhone; CPU iPhone OS 13_2_3 like Mac OS X) AppleWebKit/605.1.15 (KHTML, like Gecko) Version/13.0.3 Mobile/15E148 Safari/604.1"
43.157.158.178 - - [24/Aug/2025:13:18:05 +0800] "GET / HTTP/1.1" 200 33396 "http://www.cqqizhou.com" "Mozilla/5.0 (iPhone; CPU iPhone OS 13_2_3 like Mac OS X) AppleWebKit/605.1.15 (KHTML, like Gecko) Version/13.0.3 Mobile/15E148 Safari/604.1"
36.133.115.36 - - [24/Aug/2025:13:28:36 +0800] "POST /wp-cron.php?doing_wp_cron=1756013316.1432709693908691406250 HTTP/1.1" 200 31 "-" "WordPress/6.8.2; http://cqqizhou.com"
3.130.96.91 - - [24/Aug/2025:13:28:36 +0800] "GET / HTTP/1.1" 301 5 "-" "Mozilla/5.0 (Macintosh; Intel Mac OS X 10_15_7) Chrome/126.0.0.0 Safari/537.36"
36.133.115.36 - - [24/Aug/2025:13:30:08 +0800] "POST /wp-cron.php?doing_wp_cron=1756013408.5415890216827392578125 HTTP/1.1" 200 31 "-" "WordPress/6.8.2; http://cqqizhou.com"
3.130.96.91 - - [24/Aug/2025:13:30:08 +0800] "GET / HTTP/1.1" 301 5 "-" "Mozilla/5.0 (Macintosh; Intel Mac OS X 10_15_7) Chrome/126.0.0.0 Safari/537.36"
36.133.115.36 - - [24/Aug/2025:13:41:47 +0800] "POST /wp-cron.php?doing_wp_cron=1756014107.8404059410095214843750 HTTP/1.1" 200 31 "-" "WordPress/6.8.2; http://cqqizhou.com"
91.224.92.14 - - [24/Aug/2025:13:41:48 +0800] "GET / HTTP/1.1" 200 33396 "-" "Mozilla/5.0 (Windows NT 10.0; Win64; x64) AppleWebKit/537.36 (KHTML, like Gecko) Chrome/90.0.4430.85 Safari/537.36 Edg/90.0.818.46"
111.52.23.188 - - [24/Aug/2025:14:02:50 +0800] "GET http://cqqizhou.com/ HTTP/1.1" 200 39302 "-" "Mozilla/5.0 (Windows NT 6.2; WOW64) AppleWebKit/537.36 (KHTML, like Gecko) Chrome/81.0.4044.138"
36.133.115.36 - - [24/Aug/2025:14:02:50 +0800] "POST /wp-cron.php?doing_wp_cron=1756015370.9076280593872070312500 HTTP/1.1" 200 31 "-" "WordPress/6.8.2; http://cqqizhou.com"
111.52.111.230 - - [24/Aug/2025:14:02:50 +0800] "GET http://www.cqqizhou.com/ HTTP/1.1" 301 5 "-" "Mozilla/5.0 (Windows NT 6.2) AppleWebKit/537.36 (KHTML, like Gecko) Chrome/71.0.3578.30"
111.52.111.230 - - [24/Aug/2025:14:02:51 +0800] "GET http://cqqizhou.com/ HTTP/1.1" 200 39302 "-" "Mozilla/5.0 (Windows NT 6.2) AppleWebKit/537.36 (KHTML, like Gecko) Chrome/71.0.3578.30"
36.133.115.36 - - [24/Aug/2025:14:11:24 +0800] "POST /wp-cron.php?doing_wp_cron=1756015884.9109110832214355468750 HTTP/1.1" 200 31 "-" "WordPress/6.8.2; http://cqqizhou.com"
196.251.84.253 - - [24/Aug/2025:14:11:25 +0800] "GET / HTTP/1.0" 200 151647 "-" "Mozilla/5.0 (X11; Linux x86_64; rv:140.0) Gecko/20100101 Firefox/140.0"
36.133.115.36 - - [24/Aug/2025:14:12:58 +0800] "POST /wp-cron.php?doing_wp_cron=1756015978.5106139183044433593750 HTTP/1.1" 200 31 "-" "WordPress/6.8.2; http://cqqizhou.com"
35.203.211.239 - - [24/Aug/2025:14:12:58 +0800] "GET /wp-login.php HTTP/1.1" 200 8672 "-" "Hello from Palo Alto Networks, find out more about our scans in https://docs-cortex.paloaltonetworks.com/r/1/Cortex-Xpanse/Scanning-activity"
149.50.103.48 - - [24/Aug/2025:14:13:44 +0800] "GET / HTTP/1.1" 200 33397 "-" "Mozilla/5.0 (Windows NT 10.0; Win64; x64) AppleWebKit/537.36 (KHTML, like Gecko) Chrome/90.0.4430.85 Safari/537.36 Edg/90.0.818.46"
36.133.115.36 - - [24/Aug/2025:14:32:33 +0800] "POST /wp-cron.php?doing_wp_cron=1756017153.8201909065246582031250 HTTP/1.1" 200 31 "-" "WordPress/6.8.2; http://cqqizhou.com"
91.224.92.17 - - [24/Aug/2025:14:32:54 +0800] "GET / HTTP/1.1" 200 109837 "-" "-"
36.133.115.36 - - [24/Aug/2025:14:36:57 +0800] "POST /wp-cron.php?doing_wp_cron=1756017417.6147150993347167968750 HTTP/1.1" 200 31 "-" "WordPress/6.8.2; http://cqqizhou.com"
107.175.141.10 - - [24/Aug/2025:14:36:57 +0800] "POST /boaform/admin/formLogin HTTP/1.1" 404 8990 "http://36.133.115.36:80/admin/login.asp" "Mozilla/5.0 (X11; Ubuntu; Linux x86_64; rv:71.0) Gecko/20100101 Firefox/71.0"
36.133.115.36 - - [24/Aug/2025:14:40:47 +0800] "POST /wp-cron.php?doing_wp_cron=1756017647.6899468898773193359375 HTTP/1.1" 200 31 "-" "WordPress/6.8.2; http://cqqizhou.com"
43.157.153.236 - - [24/Aug/2025:14:40:48 +0800] "GET / HTTP/1.1" 200 33396 "-" "Mozilla/5.0 (iPhone; CPU iPhone OS 13_2_3 like Mac OS X) AppleWebKit/605.1.15 (KHTML, like Gecko) Version/13.0.3 Mobile/15E148 Safari/604.1"
36.133.115.36 - - [24/Aug/2025:14:52:47 +0800] "POST /wp-cron.php?doing_wp_cron=1756018367.7788200378417968750000 HTTP/1.1" 200 31 "-" "WordPress/6.8.2; http://cqqizhou.com"
110.80.135.11 - - [24/Aug/2025:14:52:47 +0800] "GET / HTTP/1.1" 301 5 "-" "-"
110.80.135.11 - - [24/Aug/2025:14:52:49 +0800] "GET / HTTP/1.1" 200 165624 "-" "-"
36.133.115.36 - - [24/Aug/2025:15:00:08 +0800] "POST /wp-cron.php?doing_wp_cron=1756018808.8328599929809570312500 HTTP/1.1" 200 31 "-" "WordPress/6.8.2; http://cqqizhou.com"
8.219.209.185 - - [24/Aug/2025:15:00:09 +0800] "GET http://passport.baidu.com/ HTTP/1.1" 200 33396 "-" "-"
36.133.115.36 - - [24/Aug/2025:15:11:30 +0800] "POST /wp-cron.php?doing_wp_cron=1756019490.4117729663848876953125 HTTP/1.1" 200 31 "-" "WordPress/6.8.2; http://cqqizhou.com"
110.166.71.39 - - [24/Aug/2025:15:11:30 +0800] "GET / HTTP/1.1" 200 33396 "-" "Mozilla/5.0 (iPhone; CPU iPhone OS 13_2_3 like Mac OS X) AppleWebKit/605.1.15 (KHTML, like Gecko) Version/13.0.3 Mobile/15E148 Safari/604.1"
123.57.13.121 - - [24/Aug/2025:15:13:27 +0800] "GET / HTTP/1.1" 200 39302 "-" "Mozilla/5.0 (Windows NT 10.0; Win64; x64) AppleWebKit/537.36 (KHTML, like Gecko) Chrome/104.0.0.0 Safari/537.36"
52.167.144.160 - - [24/Aug/2025:15:51:20 +0800] "GET / HTTP/1.1" 200 39302 "-" "Mozilla/5.0 AppleWebKit/537.36 (KHTML, like Gecko; compatible; bingbot/2.0; +http://www.bing.com/bingbot.htm) Chrome/116.0.1938.76 Safari/537.36"
36.133.115.36 - - [24/Aug/2025:15:59:58 +0800] "POST /wp-cron.php?doing_wp_cron=1756022398.5060379505157470703125 HTTP/1.1" 200 31 "-" "WordPress/6.8.2; http://cqqizhou.com"
45.135.193.253 - - [24/Aug/2025:15:59:59 +0800] "GET / HTTP/1.1" 200 151669 "-" "-"
36.133.115.36 - - [24/Aug/2025:16:12:34 +0800] "POST /wp-cron.php?doing_wp_cron=1756023154.6517889499664306640625 HTTP/1.1" 200 31 "-" "WordPress/6.8.2; http://cqqizhou.com"
80.44.49.129 - - [24/Aug/2025:16:12:35 +0800] "GET / HTTP/1.1" 200 151669 "-" "Mozilla/5.0 (Windows NT 6.1; WOW64) AppleWebKit/537.36 (KHTML, like Gecko) Chrome/51.0.2704.103 Safari/537.36"
36.133.115.36 - - [24/Aug/2025:16:17:47 +0800] "POST /wp-cron.php?doing_wp_cron=1756023467.8508470058441162109375 HTTP/1.1" 200 31 "-" "WordPress/6.8.2; http://cqqizhou.com"
149.50.103.48 - - [24/Aug/2025:16:17:48 +0800] "GET / HTTP/1.1" 200 33395 "-" "Mozilla/5.0 (Windows NT 10.0; Win64; x64) AppleWebKit/537.36 (KHTML, like Gecko) Chrome/90.0.4430.85 Safari/537.36 Edg/90.0.818.46"
36.133.115.36 - - [24/Aug/2025:16:53:47 +0800] "POST /wp-cron.php?doing_wp_cron=1756025627.3714120388031005859375 HTTP/1.1" 200 31 "-" "WordPress/6.8.2; http://cqqizhou.com"
183.134.59.131 - - [24/Aug/2025:16:53:47 +0800] "GET / HTTP/1.1" 200 33396 "-" "Mozilla/5.0 (Linux; U; Android 4.4.2; zh-CN; SM-N9008S Build/KOT49H) AppleWebKit/537.36 (KHTML, like Gecko) Version/4.0 Chrome/40.0.2214.89 UCBrowser/11.5.8.945 Mobile Safari/537.36"
43.157.180.116 - - [24/Aug/2025:16:53:56 +0800] "GET / HTTP/1.1" 200 33396 "-" "Mozilla/5.0 (iPhone; CPU iPhone OS 13_2_3 like Mac OS X) AppleWebKit/605.1.15 (KHTML, like Gecko) Version/13.0.3 Mobile/15E148 Safari/604.1"
36.133.115.36 - - [24/Aug/2025:16:55:54 +0800] "POST /wp-cron.php?doing_wp_cron=1756025754.2741029262542724609375 HTTP/1.1" 200 31 "-" "WordPress/6.8.2; http://cqqizhou.com"
91.224.92.14 - - [24/Aug/2025:16:55:54 +0800] "GET / HTTP/1.1" 200 33396 "-" "Mozilla/5.0 (Windows NT 10.0; Win64; x64) AppleWebKit/537.36 (KHTML, like Gecko) Chrome/90.0.4430.85 Safari/537.36 Edg/90.0.818.46"
36.133.115.36 - - [24/Aug/2025:17:00:38 +0800] "POST /wp-cron.php?doing_wp_cron=1756026038.8961899280548095703125 HTTP/1.1" 200 31 "-" "WordPress/6.8.2; http://cqqizhou.com"
43.133.253.253 - - [24/Aug/2025:17:00:38 +0800] "GET / HTTP/1.1" 301 5 "-" "Mozilla/5.0 (iPhone; CPU iPhone OS 13_2_3 like Mac OS X) AppleWebKit/605.1.15 (KHTML, like Gecko) Version/13.0.3 Mobile/15E148 Safari/604.1"
43.133.253.253 - - [24/Aug/2025:17:00:41 +0800] "GET / HTTP/1.1" 200 33396 "http://36.133.115.36" "Mozilla/5.0 (iPhone; CPU iPhone OS 13_2_3 like Mac OS X) AppleWebKit/605.1.15 (KHTML, like Gecko) Version/13.0.3 Mobile/15E148 Safari/604.1"
42.236.17.51 - - [24/Aug/2025:17:01:30 +0800] "GET / HTTP/1.1" 200 39302 "http://cqqizhou.com/" "Mozilla/5.0 (Windows NT 6.1; WOW64) AppleWebKit/537.36 (KHTML, like Gecko) Chrome/50.0.2661.102 Safari/537.36; 360Spider"
36.133.115.36 - - [24/Aug/2025:17:03:23 +0800] "POST /wp-cron.php?doing_wp_cron=1756026203.5006659030914306640625 HTTP/1.1" 200 31 "-" "WordPress/6.8.2; http://cqqizhou.com"
183.134.59.131 - - [24/Aug/2025:17:03:23 +0800] "GET / HTTP/1.1" 200 33396 "-" "Dalvik/2.1.0 (Linux; U; Android 9.0; ZTE BA520 Build/MRA58K)"
183.134.59.131 - - [24/Aug/2025:17:13:44 +0800] "GET / HTTP/1.1" 200 39302 "-" "Mozilla/5.0 (Macintosh; Intel Mac OS X 10_11) AppleWebKit/601.1.27 (KHTML, like Gecko) Chrome/47.0.2526.106 Safari/601.1.27"
36.133.115.36 - - [24/Aug/2025:17:27:27 +0800] "POST /wp-cron.php?doing_wp_cron=1756027647.5739719867706298828125 HTTP/1.1" 200 31 "-" "WordPress/6.8.2; http://cqqizhou.com"
149.50.103.48 - - [24/Aug/2025:17:27:27 +0800] "GET / HTTP/1.1" 200 33396 "-" "Mozilla/5.0 (Windows NT 10.0; Win64; x64) AppleWebKit/537.36 (KHTML, like Gecko) Chrome/90.0.4430.85 Safari/537.36 Edg/90.0.818.46"
36.133.115.36 - - [24/Aug/2025:17:27:46 +0800] "POST /wp-cron.php?doing_wp_cron=1756027666.5883109569549560546875 HTTP/1.1" 200 31 "-" "WordPress/6.8.2; http://cqqizhou.com"
91.224.92.17 - - [24/Aug/2025:17:28:06 +0800] "GET / HTTP/1.1" 200 109837 "-" "-"
36.133.115.36 - - [24/Aug/2025:17:46:24 +0800] "POST /wp-cron.php?doing_wp_cron=1756028784.3783109188079833984375 HTTP/1.1" 200 31 "-" "WordPress/6.8.2; http://cqqizhou.com"
74.235.140.14 - - [24/Aug/2025:17:46:24 +0800] "GET / HTTP/1.1" 301 5 "-" "Mozilla/5.0 zgrab/0.x"
36.133.115.36 - - [24/Aug/2025:18:03:12 +0800] "POST /wp-cron.php?doing_wp_cron=1756029792.8620469570159912109375 HTTP/1.1" 200 31 "-" "WordPress/6.8.2; http://cqqizhou.com"
213.136.76.19 - - [24/Aug/2025:18:03:12 +0800] "GET /locales/locale.json?locale=../../config/prologue&namespace=alerts HTTP/1.1" 404 8990 "-" "python-requests/2.25.1"
36.133.115.36 - - [24/Aug/2025:18:23:18 +0800] "POST /wp-cron.php?doing_wp_cron=1756030998.2817471027374267578125 HTTP/1.1" 200 31 "-" "WordPress/6.8.2; http://cqqizhou.com"
36.41.75.167 - - [24/Aug/2025:18:23:18 +0800] "GET / HTTP/1.1" 301 5 "-" "Mozilla/5.0 (iPhone; CPU iPhone OS 13_2_3 like Mac OS X) AppleWebKit/605.1.15 (KHTML, like Gecko) Version/13.0.3 Mobile/15E148 Safari/604.1"
34.203.190.126 - - [24/Aug/2025:18:23:19 +0800] "GET / HTTP/1.1" 301 5 "-" "Mozilla/5.0 (Windows NT 10.0; Win64; x64) AppleWebKit/537.36 (KHTML, like Gecko) Chrome/136.0.0.0 Safari/537.36"
36.41.75.167 - - [24/Aug/2025:18:23:20 +0800] "GET / HTTP/1.1" 200 33395 "http://www.cqqizhou.com" "Mozilla/5.0 (iPhone; CPU iPhone OS 13_2_3 like Mac OS X) AppleWebKit/605.1.15 (KHTML, like Gecko) Version/13.0.3 Mobile/15E148 Safari/604.1"
36.133.115.36 - - [24/Aug/2025:19:02:41 +0800] "POST /wp-cron.php?doing_wp_cron=1756033361.6756119728088378906250 HTTP/1.1" 200 31 "-" "WordPress/6.8.2; http://cqqizhou.com"
185.93.89.7 - - [24/Aug/2025:19:02:41 +0800] "GET / HTTP/1.1" 301 5 "-" "Mozilla/5.0 (Windows NT 10.0; rv:102.0) Gecko/20100101 Firefox/102.0"
185.93.89.7 - - [24/Aug/2025:19:02:43 +0800] "GET / HTTP/1.1" 200 39302 "-" "Mozilla/5.0 (Windows NT 10.0; rv:102.0) Gecko/20100101 Firefox/102.0"
36.133.115.36 - - [24/Aug/2025:19:05:17 +0800] "POST /wp-cron.php?doing_wp_cron=1756033517.8668611049652099609375 HTTP/1.1" 200 31 "-" "WordPress/6.8.2; http://cqqizhou.com"
91.224.92.14 - - [24/Aug/2025:19:05:18 +0800] "GET / HTTP/1.1" 200 33396 "-" "Mozilla/5.0 (Windows NT 10.0; Win64; x64) AppleWebKit/537.36 (KHTML, like Gecko) Chrome/90.0.4430.85 Safari/537.36 Edg/90.0.818.46"
36.133.115.36 - - [24/Aug/2025:19:16:38 +0800] "POST /wp-cron.php?doing_wp_cron=1756034198.5889859199523925781250 HTTP/1.1" 200 31 "-" "WordPress/6.8.2; http://cqqizhou.com"
45.135.193.253 - - [24/Aug/2025:19:16:39 +0800] "GET / HTTP/1.1" 200 151669 "-" "-"
36.133.115.36 - - [24/Aug/2025:19:32:56 +0800] "POST /wp-cron.php?doing_wp_cron=1756035176.1448900699615478515625 HTTP/1.1" 200 31 "-" "WordPress/6.8.2; http://cqqizhou.com"
149.50.103.48 - - [24/Aug/2025:19:32:56 +0800] "GET / HTTP/1.1" 200 33396 "-" "Mozilla/5.0 (Windows NT 10.0; Win64; x64) AppleWebKit/537.36 (KHTML, like Gecko) Chrome/90.0.4430.85 Safari/537.36 Edg/90.0.818.46"
36.133.115.36 - - [24/Aug/2025:19:48:37 +0800] "POST /wp-cron.php?doing_wp_cron=1756036117.2514040470123291015625 HTTP/1.1" 200 31 "-" "WordPress/6.8.2; http://cqqizhou.com"
206.168.34.220 - - [24/Aug/2025:19:48:37 +0800] "GET / HTTP/1.1" 301 5 "-" "Mozilla/5.0 (compatible; CensysInspect/1.1; +https://about.censys.io/)"
206.168.34.220 - - [24/Aug/2025:19:48:49 +0800] "GET / HTTP/1.1" 200 39302 "-" "Mozilla/5.0 (compatible; CensysInspect/1.1; +https://about.censys.io/)"
36.133.115.36 - - [24/Aug/2025:19:49:30 +0800] "POST /wp-cron.php?doing_wp_cron=1756036170.7569339275360107421875 HTTP/1.1" 200 31 "-" "WordPress/6.8.2; http://cqqizhou.com"
206.168.34.220 - - [24/Aug/2025:19:49:30 +0800] "GET /wiki HTTP/1.1" 404 8989 "-" "Mozilla/5.0 (compatible; CensysInspect/1.1; +https://about.censys.io/)"
36.133.115.36 - - [24/Aug/2025:19:50:02 +0800] "POST /wp-cron.php?doing_wp_cron=1756036202.6939940452575683593750 HTTP/1.1" 200 31 "-" "WordPress/6.8.2; http://cqqizhou.com"
91.224.92.17 - - [24/Aug/2025:19:50:23 +0800] "GET / HTTP/1.1" 200 109837 "-" "-"
36.133.115.36 - - [24/Aug/2025:20:01:48 +0800] "POST /wp-cron.php?doing_wp_cron=1756036908.6291151046752929687500 HTTP/1.1" 200 31 "-" "WordPress/6.8.2; http://cqqizhou.com"
46.4.123.45 - - [24/Aug/2025:20:01:48 +0800] "POST /xmlrpc.php HTTP/1.1" 200 217 "-" "Mozilla/5.0 (X11; Ubuntu; Linux x86_64; rv:85.0) Gecko/20100101 Firefox/91.0"
36.133.115.36 - - [24/Aug/2025:20:07:38 +0800] "POST /wp-cron.php?doing_wp_cron=1756037258.3095951080322265625000 HTTP/1.1" 200 31 "-" "WordPress/6.8.2; http://cqqizhou.com"
43.135.140.225 - - [24/Aug/2025:20:07:38 +0800] "GET / HTTP/1.1" 301 5 "-" "Mozilla/5.0 (iPhone; CPU iPhone OS 13_2_3 like Mac OS X) AppleWebKit/605.1.15 (KHTML, like Gecko) Version/13.0.3 Mobile/15E148 Safari/604.1"
43.135.140.225 - - [24/Aug/2025:20:07:40 +0800] "GET / HTTP/1.1" 200 33395 "http://www.cqqizhou.com" "Mozilla/5.0 (iPhone; CPU iPhone OS 13_2_3 like Mac OS X) AppleWebKit/605.1.15 (KHTML, like Gecko) Version/13.0.3 Mobile/15E148 Safari/604.1"
36.133.115.36 - - [24/Aug/2025:20:14:38 +0800] "POST /wp-cron.php?doing_wp_cron=1756037678.8624050617218017578125 HTTP/1.1" 200 31 "-" "WordPress/6.8.2; http://cqqizhou.com"
120.138.19.65 - - [24/Aug/2025:20:14:39 +0800] "POST /xmlrpc.php HTTP/1.1" 200 217 "-" "Mozilla/5.0 (X11; Ubuntu; Linux x86_64; rv:85.0) Gecko/20100101 Firefox/91.0"
36.133.115.36 - - [24/Aug/2025:20:21:58 +0800] "POST /wp-cron.php?doing_wp_cron=1756038118.6013169288635253906250 HTTP/1.1" 200 31 "-" "WordPress/6.8.2; http://cqqizhou.com"
43.157.38.228 - - [24/Aug/2025:20:21:58 +0800] "GET / HTTP/1.1" 200 33395 "-" "Mozilla/5.0 (iPhone; CPU iPhone OS 13_2_3 like Mac OS X) AppleWebKit/605.1.15 (KHTML, like Gecko) Version/13.0.3 Mobile/15E148 Safari/604.1"
36.133.115.36 - - [24/Aug/2025:20:29:10 +0800] "POST /wp-cron.php?doing_wp_cron=1756038550.1816120147705078125000 HTTP/1.1" 200 31 "-" "WordPress/6.8.2; http://cqqizhou.com"
217.182.104.125 - - [24/Aug/2025:20:29:10 +0800] "POST /xmlrpc.php HTTP/1.1" 200 217 "-" "Mozilla/5.0 (X11; Ubuntu; Linux x86_64; rv:85.0) Gecko/20100101 Firefox/91.0"
36.133.115.36 - - [24/Aug/2025:20:40:25 +0800] "POST /wp-cron.php?doing_wp_cron=1756039225.1986320018768310546875 HTTP/1.1" 200 31 "-" "WordPress/6.8.2; http://cqqizhou.com"
149.50.103.48 - - [24/Aug/2025:20:40:25 +0800] "GET / HTTP/1.1" 200 33395 "-" "Mozilla/5.0 (Windows NT 10.0; Win64; x64) AppleWebKit/537.36 (KHTML, like Gecko) Chrome/90.0.4430.85 Safari/537.36 Edg/90.0.818.46"
36.133.115.36 - - [24/Aug/2025:20:44:29 +0800] "POST /wp-cron.php?doing_wp_cron=1756039469.6851310729980468750000 HTTP/1.1" 200 31 "-" "WordPress/6.8.2; http://cqqizhou.com"
135.125.183.119 - - [24/Aug/2025:20:44:29 +0800] "POST /xmlrpc.php HTTP/1.1" 200 217 "-" "Mozilla/5.0 (X11; Ubuntu; Linux x86_64; rv:85.0) Gecko/20100101 Firefox/91.0"
36.133.115.36 - - [24/Aug/2025:20:45:56 +0800] "POST /wp-cron.php?doing_wp_cron=1756039556.6967520713806152343750 HTTP/1.1" 200 31 "-" "WordPress/6.8.2; http://cqqizhou.com"
213.136.76.19 - - [24/Aug/2025:20:45:56 +0800] "GET /locales/locale.json?locale=../../config/prologue&namespace=alerts HTTP/1.1" 404 8990 "-" "python-requests/2.25.1"
36.133.115.36 - - [24/Aug/2025:21:00:32 +0800] "POST /wp-cron.php?doing_wp_cron=1756040431.9648408889770507812500 HTTP/1.1" 200 31 "-" "WordPress/6.8.2; http://cqqizhou.com"
51.210.194.206 - - [24/Aug/2025:21:00:32 +0800] "POST /xmlrpc.php HTTP/1.1" 200 217 "-" "Mozilla/5.0 (X11; Ubuntu; Linux x86_64; rv:85.0) Gecko/20100101 Firefox/91.0"
36.133.115.36 - - [24/Aug/2025:21:05:42 +0800] "POST /wp-cron.php?doing_wp_cron=1756040742.8342990875244140625000 HTTP/1.1" 200 31 "-" "WordPress/6.8.2; http://cqqizhou.com"
91.224.92.14 - - [24/Aug/2025:21:05:43 +0800] "GET / HTTP/1.1" 200 33395 "-" "Mozilla/5.0 (Windows NT 10.0; Win64; x64) AppleWebKit/537.36 (KHTML, like Gecko) Chrome/90.0.4430.85 Safari/537.36 Edg/90.0.818.46"
36.133.115.36 - - [24/Aug/2025:21:18:10 +0800] "POST /wp-cron.php?doing_wp_cron=1756041489.9767670631408691406250 HTTP/1.1" 200 31 "-" "WordPress/6.8.2; http://cqqizhou.com"
217.182.104.125 - - [24/Aug/2025:21:18:10 +0800] "POST /xmlrpc.php HTTP/1.1" 200 217 "-" "Mozilla/5.0 (X11; Ubuntu; Linux x86_64; rv:85.0) Gecko/20100101 Firefox/91.0"
36.133.115.36 - - [24/Aug/2025:21:28:06 +0800] "POST /wp-cron.php?doing_wp_cron=1756042086.3427879810333251953125 HTTP/1.1" 200 31 "-" "WordPress/6.8.2; http://cqqizhou.com"
195.96.129.76 - - [24/Aug/2025:21:28:06 +0800] "GET / HTTP/1.1" 200 33395 "-" "Mozilla/5.0 (Windows NT 10.0; Win64; x64) AppleWebKit/537.36 (KHTML, like Gecko) Chrome/90.0.4430.85 Safari/537.36 Edg/90.0.818.46"
36.133.115.36 - - [24/Aug/2025:21:29:39 +0800] "POST /wp-cron.php?doing_wp_cron=1756042179.6658709049224853515625 HTTP/1.1" 200 31 "-" "WordPress/6.8.2; http://cqqizhou.com"
146.190.24.211 - - [24/Aug/2025:21:29:39 +0800] "GET / HTTP/1.1" 301 5 "-" "Mozilla/5.0 (Windows NT 10.0; Win64; x64) AppleWebKit/537.36 (KHTML, like Gecko) Chrome/108.0.0.0 Safari/537.36"
146.190.24.211 - - [24/Aug/2025:21:29:41 +0800] "GET /form.html HTTP/1.1" 404 8989 "-" "curl/8.1.2"
146.190.24.211 - - [24/Aug/2025:21:29:42 +0800] "GET /upl.php HTTP/1.1" 404 47 "-" "Mozilla/5.0"
146.190.24.211 - - [24/Aug/2025:21:29:44 +0800] "GET /t4 HTTP/1.1" 404 8990 "-" "Mozilla/5.0"
106.227.49.113 - - [24/Aug/2025:21:29:45 +0800] "GET / HTTP/1.1" 200 33395 "-" "Mozilla/5.0 (iPhone; CPU iPhone OS 13_2_3 like Mac OS X) AppleWebKit/605.1.15 (KHTML, like Gecko) Version/13.0.3 Mobile/15E148 Safari/604.1"
146.190.24.211 - - [24/Aug/2025:21:29:45 +0800] "GET /geoip/ HTTP/1.1" 404 8989 "-" "Mozilla/5.0 (Windows NT 10.0; Win64; x64) AppleWebKit/537.36 (KHTML, like Gecko) Chrome/108.0.0.0 Safari/537.36"
146.190.24.211 - - [24/Aug/2025:21:29:46 +0800] "GET /1.php HTTP/1.1" 404 47 "-" "Mozilla/5.0 (Windows NT 10.0; Win64; x64) AppleWebKit/537.36 (KHTML, like Gecko) Chrome/108.0.0.0 Safari/537.36"
146.190.24.211 - - [24/Aug/2025:21:29:47 +0800] "GET /systembc/password.php HTTP/1.1" 404 47 "-" "Mozilla/5.0 (Windows NT 10.0; Win64; x64) AppleWebKit/537.36 (KHTML, like Gecko) Chrome/108.0.0.0 Safari/537.36"
146.190.24.211 - - [24/Aug/2025:21:29:47 +0800] "GET /password.php HTTP/1.1" 404 47 "-" "Mozilla/5.0 (Windows NT 10.0; Win64; x64) AppleWebKit/537.36 (KHTML, like Gecko) Chrome/108.0.0.0 Safari/537.36"
36.133.115.36 - - [24/Aug/2025:21:36:38 +0800] "POST /wp-cron.php?doing_wp_cron=1756042598.4043569564819335937500 HTTP/1.1" 200 31 "-" "WordPress/6.8.2; http://cqqizhou.com"
212.147.5.172 - - [24/Aug/2025:21:36:38 +0800] "POST /xmlrpc.php HTTP/1.1" 200 217 "-" "Mozilla/5.0 (X11; Ubuntu; Linux x86_64; rv:85.0) Gecko/20100101 Firefox/91.0"
36.133.115.36 - - [24/Aug/2025:21:44:21 +0800] "POST /wp-cron.php?doing_wp_cron=1756043061.7349939346313476562500 HTTP/1.1" 200 31 "-" "WordPress/6.8.2; http://cqqizhou.com"
91.224.92.17 - - [24/Aug/2025:21:44:41 +0800] "GET / HTTP/1.1" 200 109837 "-" "-"
36.133.115.36 - - [24/Aug/2025:21:56:19 +0800] "POST /wp-cron.php?doing_wp_cron=1756043779.0833549499511718750000 HTTP/1.1" 200 31 "-" "WordPress/6.8.2; http://cqqizhou.com"
162.240.19.150 - - [24/Aug/2025:21:56:19 +0800] "POST /xmlrpc.php HTTP/1.1" 200 217 "-" "Mozilla/5.0 (X11; Ubuntu; Linux x86_64; rv:85.0) Gecko/20100101 Firefox/91.0"
36.133.115.36 - - [24/Aug/2025:22:14:16 +0800] "POST /wp-cron.php?doing_wp_cron=1756044856.0965149402618408203125 HTTP/1.1" 200 31 "-" "WordPress/6.8.2; http://cqqizhou.com"
20.55.36.63 - - [24/Aug/2025:22:14:16 +0800] "GET /ReportServer HTTP/1.1" 404 8989 "-" "Mozilla/5.0 zgrab/0.x"
36.133.115.36 - - [24/Aug/2025:22:17:21 +0800] "POST /wp-cron.php?doing_wp_cron=1756045041.1571309566497802734375 HTTP/1.1" 200 31 "-" "WordPress/6.8.2; http://cqqizhou.com"
205.169.39.46 - - [24/Aug/2025:22:17:21 +0800] "GET / HTTP/1.1" 301 5 "-" "Mozilla/5.0 (Windows NT 10.0; Win64; x64) AppleWebKit/537.36 (KHTML, like Gecko) Chrome/117.0.5938.132 Safari/537.36"
205.169.39.46 - - [24/Aug/2025:22:17:21 +0800] "GET / HTTP/1.1" 200 39302 "-" "Mozilla/5.0 (Windows NT 10.0; Win64; x64) AppleWebKit/537.36 (KHTML, like Gecko) Chrome/117.0.5938.132 Safari/537.36"
205.169.39.46 - - [24/Aug/2025:22:17:23 +0800] "GET /wp-content/uploads/2025/07/1751425283-qizhou.kf_.qq_.com_.webp HTTP/1.1" 200 16864 "http://cqqizhou.com/" "Mozilla/5.0 (Windows NT 10.0; Win64; x64) AppleWebKit/537.36 (KHTML, like Gecko) Chrome/117.0.5938.132 Safari/537.36"
205.169.39.46 - - [24/Aug/2025:22:17:27 +0800] "GET /wp-content/uploads/2025/07/1750174127-Marketing1920x800_3.webp HTTP/1.1" 200 52790 "http://cqqizhou.com/wp-content/uploads/elementor/css/post-1666.css?ver=1755834647" "Mozilla/5.0 (Windows NT 10.0; Win64; x64) AppleWebKit/537.36 (KHTML, like Gecko) Chrome/117.0.5938.132 Safari/537.36"
205.169.39.46 - - [24/Aug/2025:22:17:30 +0800] "GET /wp-content/uploads/2025/07/1753456770-%E7%83%AD%E9%95%80%E9%94%8C%E5%8D%B7product_Single600.webp HTTP/1.1" 200 27502 "http://cqqizhou.com/" "Mozilla/5.0 (Windows NT 10.0; Win64; x64) AppleWebKit/537.36 (KHTML, like Gecko) Chrome/117.0.5938.132 Safari/537.36"
205.169.39.46 - - [24/Aug/2025:22:17:30 +0800] "GET /wp-content/uploads/2025/07/1753456723-%E5%8F%8C%E7%9B%B8%E9%92%A2roduct_Single600.webp HTTP/1.1" 200 22790 "http://cqqizhou.com/" "Mozilla/5.0 (Windows NT 10.0; Win64; x64) AppleWebKit/537.36 (KHTML, like Gecko) Chrome/117.0.5938.132 Safari/537.36"
205.169.39.46 - - [24/Aug/2025:22:17:30 +0800] "GET /wp-content/uploads/2025/07/1753453127-%E4%BD%99%E5%8D%B7product_Single600%C3%97284.webp HTTP/1.1" 200 18744 "http://cqqizhou.com/" "Mozilla/5.0 (Windows NT 10.0; Win64; x64) AppleWebKit/537.36 (KHTML, like Gecko) Chrome/117.0.5938.132 Safari/537.36"
205.169.39.46 - - [24/Aug/2025:22:17:30 +0800] "GET /wp-content/uploads/2025/07/1753453096-%E5%8F%8C%E7%9B%B8%E9%92%A2product_Single600%C3%97284.webp HTTP/1.1" 200 14562 "http://cqqizhou.com/" "Mozilla/5.0 (Windows NT 10.0; Win64; x64) AppleWebKit/537.36 (KHTML, like Gecko) Chrome/117.0.5938.132 Safari/537.36"
205.169.39.46 - - [24/Aug/2025:22:17:31 +0800] "GET /wp-content/uploads/revslider/slider-1/1750929639-yuanjing_Slider_3840%C3%972160_20250626171955-scaled.webp HTTP/1.1" 200 203290 "http://cqqizhou.com/" "Mozilla/5.0 (Windows NT 10.0; Win64; x64) AppleWebKit/537.36 (KHTML, like Gecko) Chrome/117.0.5938.132 Safari/537.36"
205.169.39.46 - - [24/Aug/2025:22:17:31 +0800] "POST /wp-admin/admin-ajax.php HTTP/1.1" 403 33 "http://cqqizhou.com/" "Mozilla/5.0 (Windows NT 10.0; Win64; x64) AppleWebKit/537.36 (KHTML, like Gecko) Chrome/117.0.5938.132 Safari/537.36"
205.169.39.46 - - [24/Aug/2025:22:17:31 +0800] "GET /wp-content/uploads/revslider/slider-1/1750861156-logistics_Slider_3840%C3%972160_20250625191356-scaled-50x100.webp HTTP/1.1" 200 1416 "http://cqqizhou.com/" "Mozilla/5.0 (Windows NT 10.0; Win64; x64) AppleWebKit/537.36 (KHTML, like Gecko) Chrome/117.0.5938.132 Safari/537.36"
205.169.39.46 - - [24/Aug/2025:22:17:31 +0800] "GET /wp-content/uploads/2025/07/1753587901-Slider_3840%C3%972160_20250727-scaled-50x100.webp HTTP/1.1" 200 1660 "http://cqqizhou.com/" "Mozilla/5.0 (Windows NT 10.0; Win64; x64) AppleWebKit/537.36 (KHTML, like Gecko) Chrome/117.0.5938.132 Safari/537.36"
205.169.39.46 - - [24/Aug/2025:22:17:32 +0800] "GET /wp-content/uploads/2025/07/1753587901-Slider_3840%C3%972160_20250727-scaled-50x100.webp HTTP/1.1" 200 1660 "http://cqqizhou.com/" "Mozilla/5.0 (Windows NT 10.0; Win64; x64) AppleWebKit/537.36 (KHTML, like Gecko) Chrome/117.0.5938.132 Safari/537.36"
205.169.39.46 - - [24/Aug/2025:22:17:32 +0800] "GET /wp-content/uploads/revslider/slider-1/1750861156-logistics_Slider_3840%C3%972160_20250625191356-scaled-50x100.webp HTTP/1.1" 200 1416 "http://cqqizhou.com/" "Mozilla/5.0 (Windows NT 10.0; Win64; x64) AppleWebKit/537.36 (KHTML, like Gecko) Chrome/117.0.5938.132 Safari/537.36"
205.169.39.46 - - [24/Aug/2025:22:17:32 +0800] "GET /wp-json/sliderrevolution/sliders/1?srengine=7&slideid=2 HTTP/1.1" 200 2058 "http://cqqizhou.com/" "Mozilla/5.0 (Windows NT 10.0; Win64; x64) AppleWebKit/537.36 (KHTML, like Gecko) Chrome/117.0.5938.132 Safari/537.36"
205.169.39.46 - - [24/Aug/2025:22:17:32 +0800] "GET /wp-json/sliderrevolution/sliders/1?srengine=7&slideid=3 HTTP/1.1" 200 2292 "http://cqqizhou.com/" "Mozilla/5.0 (Windows NT 10.0; Win64; x64) AppleWebKit/537.36 (KHTML, like Gecko) Chrome/117.0.5938.132 Safari/537.36"
205.169.39.46 - - [24/Aug/2025:22:17:33 +0800] "GET /wp-content/uploads/revslider/slider-1/1750861156-logistics_Slider_3840%C3%972160_20250625191356-scaled.webp HTTP/1.1" 200 197360 "http://cqqizhou.com/" "Mozilla/5.0 (Windows NT 10.0; Win64; x64) AppleWebKit/537.36 (KHTML, like Gecko) Chrome/117.0.5938.132 Safari/537.36"
205.169.39.46 - - [24/Aug/2025:22:17:35 +0800] "GET /wp-content/uploads/2025/07/1753587901-Slider_3840%C3%972160_20250727-scaled.webp HTTP/1.1" 200 141034 "http://cqqizhou.com/" "Mozilla/5.0 (Windows NT 10.0; Win64; x64) AppleWebKit/537.36 (KHTML, like Gecko) Chrome/117.0.5938.132 Safari/537.36"
205.169.39.46 - - [24/Aug/2025:22:17:41 +0800] "GET /wp-content/uploads/revslider/slider-1/1750929639-yuanjing_Slider_3840%C3%972160_20250626171955-scaled-50x100.webp HTTP/1.1" 200 1784 "http://cqqizhou.com/" "Mozilla/5.0 (X11; Linux x86_64) AppleWebKit/537.36 (KHTML, like Gecko) HeadlessChrome/127.0.6533.119 Safari/537.36"
205.169.39.46 - - [24/Aug/2025:22:17:41 +0800] "POST /wp-admin/admin-ajax.php HTTP/1.1" 403 33 "http://cqqizhou.com/" "Mozilla/5.0 (X11; Linux x86_64) AppleWebKit/537.36 (KHTML, like Gecko) HeadlessChrome/127.0.6533.119 Safari/537.36"
87.106.124.105 - - [24/Aug/2025:22:17:45 +0800] "POST /xmlrpc.php HTTP/1.1" 200 217 "-" "Mozilla/5.0 (X11; Ubuntu; Linux x86_64; rv:85.0) Gecko/20100101 Firefox/91.0"
185.177.72.37 - - [24/Aug/2025:22:18:51 +0800] "GET / HTTP/1.1" 200 39302 "-" "Mozilla/5.0 (Windows NT 10.0; Win64; x64) AppleWebKit/537.36 (KHTML, like Gecko) Chrome/91.0.4472.124 Safari/537.36"
36.133.115.36 - - [24/Aug/2025:22:18:56 +0800] "POST /wp-cron.php?doing_wp_cron=1756045136.0367679595947265625000 HTTP/1.1" 200 31 "-" "WordPress/6.8.2; http://cqqizhou.com"
185.177.72.37 - - [24/Aug/2025:22:18:56 +0800] "GET /.env HTTP/1.1" 404 8989 "-" "Mozilla/5.0 (Windows NT 10.0; Win64; x64) AppleWebKit/537.36 (KHTML, like Gecko) Chrome/91.0.4472.124 Safari/537.36"
185.177.72.37 - - [24/Aug/2025:22:18:59 +0800] "GET /.env.local HTTP/1.1" 404 8989 "-" "Mozilla/5.0 (Windows NT 10.0; Win64; x64) AppleWebKit/537.36 (KHTML, like Gecko) Chrome/91.0.4472.124 Safari/537.36"
185.177.72.37 - - [24/Aug/2025:22:19:00 +0800] "GET /.env.save HTTP/1.1" 404 8989 "-" "Mozilla/5.0 (Windows NT 10.0; Win64; x64) AppleWebKit/537.36 (KHTML, like Gecko) Chrome/91.0.4472.124 Safari/537.36"
185.177.72.37 - - [24/Aug/2025:22:19:01 +0800] "GET /api/.env HTTP/1.1" 404 8989 "-" "Mozilla/5.0 (Windows NT 10.0; Win64; x64) AppleWebKit/537.36 (KHTML, like Gecko) Chrome/91.0.4472.124 Safari/537.36"
185.177.72.37 - - [24/Aug/2025:22:19:04 +0800] "GET /backend/.env HTTP/1.1" 404 8990 "-" "Mozilla/5.0 (Windows NT 10.0; Win64; x64) AppleWebKit/537.36 (KHTML, like Gecko) Chrome/91.0.4472.124 Safari/537.36"
185.177.72.37 - - [24/Aug/2025:22:19:06 +0800] "GET /uploads/.env HTTP/1.1" 404 8989 "-" "Mozilla/5.0 (Windows NT 10.0; Win64; x64) AppleWebKit/537.36 (KHTML, like Gecko) Chrome/91.0.4472.124 Safari/537.36"
185.177.72.37 - - [24/Aug/2025:22:19:09 +0800] "GET /@fs/proc/self/environ?raw?? HTTP/1.1" 404 8989 "-" "Mozilla/5.0 (Windows NT 10.0; Win64; x64) AppleWebKit/537.36 (KHTML, like Gecko) Chrome/91.0.4472.124 Safari/537.36"
185.177.72.37 - - [24/Aug/2025:22:19:10 +0800] "GET /config/php.ini HTTP/1.1" 404 8989 "-" "Mozilla/5.0 (Windows NT 10.0; Win64; x64) AppleWebKit/537.36 (KHTML, like Gecko) Chrome/91.0.4472.124 Safari/537.36"
185.177.72.37 - - [24/Aug/2025:22:19:10 +0800] "GET /admin/config HTTP/1.1" 404 8989 "-" "Mozilla/5.0 (Windows NT 10.0; Win64; x64) AppleWebKit/537.36 (KHTML, like Gecko) Chrome/91.0.4472.124 Safari/537.36"
185.177.72.37 - - [24/Aug/2025:22:19:11 +0800] "GET /index.html HTTP/1.1" 200 8721 "-" "Mozilla/5.0 (Windows NT 10.0; Win64; x64) AppleWebKit/537.36 (KHTML, like Gecko) Chrome/91.0.4472.124 Safari/537.36"
185.177.72.37 - - [24/Aug/2025:22:19:11 +0800] "GET /phpinfo.php HTTP/1.1" 404 47 "-" "Mozilla/5.0 (Windows NT 10.0; Win64; x64) AppleWebKit/537.36 (KHTML, like Gecko) Chrome/91.0.4472.124 Safari/537.36"
185.177.72.37 - - [24/Aug/2025:22:19:11 +0800] "GET /test.php HTTP/1.1" 404 47 "-" "Mozilla/5.0 (Windows NT 10.0; Win64; x64) AppleWebKit/537.36 (KHTML, like Gecko) Chrome/91.0.4472.124 Safari/537.36"
185.177.72.37 - - [24/Aug/2025:22:19:13 +0800] "GET /config.properties HTTP/1.1" 404 8989 "-" "Mozilla/5.0 (Windows NT 10.0; Win64; x64) AppleWebKit/537.36 (KHTML, like Gecko) Chrome/91.0.4472.124 Safari/537.36"
185.177.72.37 - - [24/Aug/2025:22:19:16 +0800] "GET /config HTTP/1.1" 404 8989 "-" "Mozilla/5.0 (Windows NT 10.0; Win64; x64) AppleWebKit/537.36 (KHTML, like Gecko) Chrome/91.0.4472.124 Safari/537.36"
185.177.72.37 - - [24/Aug/2025:22:19:20 +0800] "GET /phpinfo HTTP/1.1" 404 8989 "-" "Mozilla/5.0 (Windows NT 10.0; Win64; x64) AppleWebKit/537.36 (KHTML, like Gecko) Chrome/91.0.4472.124 Safari/537.36"
185.177.72.37 - - [24/Aug/2025:22:19:21 +0800] "GET /test HTTP/1.1" 404 8989 "-" "Mozilla/5.0 (Windows NT 10.0; Win64; x64) AppleWebKit/537.36 (KHTML, like Gecko) Chrome/91.0.4472.124 Safari/537.36"
185.177.72.37 - - [24/Aug/2025:22:19:33 +0800] "GET /.aws/credentials HTTP/1.1" 404 8989 "-" "Mozilla/5.0 (Windows NT 10.0; Win64; x64) AppleWebKit/537.36 (KHTML, like Gecko) Chrome/91.0.4472.124 Safari/537.36"
185.177.72.37 - - [24/Aug/2025:22:19:34 +0800] "GET /app_dev.php/_profiler/phpinfo HTTP/1.1" 404 8990 "-" "Mozilla/5.0 (Windows NT 10.0; Win64; x64) AppleWebKit/537.36 (KHTML, like Gecko) Chrome/91.0.4472.124 Safari/537.36"
185.177.72.37 - - [24/Aug/2025:22:19:34 +0800] "GET /app/etc/env.php HTTP/1.1" 404 47 "-" "Mozilla/5.0 (Windows NT 10.0; Win64; x64) AppleWebKit/537.36 (KHTML, like Gecko) Chrome/91.0.4472.124 Safari/537.36"
36.133.115.36 - - [24/Aug/2025:22:19:55 +0800] "POST /wp-cron.php?doing_wp_cron=1756045195.2344710826873779296875 HTTP/1.1" 200 31 "-" "WordPress/6.8.2; http://cqqizhou.com"
185.177.72.37 - - [24/Aug/2025:22:19:55 +0800] "GET /index.php HTTP/1.1" 301 5 "-" "Mozilla/5.0 (Windows NT 10.0; Win64; x64) AppleWebKit/537.36 (KHTML, like Gecko) Chrome/91.0.4472.124 Safari/537.36"
185.177.72.37 - - [24/Aug/2025:22:19:55 +0800] "GET / HTTP/1.1" 200 39302 "-" "Mozilla/5.0 (Windows NT 10.0; Win64; x64) AppleWebKit/537.36 (KHTML, like Gecko) Chrome/91.0.4472.124 Safari/537.36"
185.177.72.37 - - [24/Aug/2025:22:19:56 +0800] "GET /secured/phpinfo.php HTTP/1.1" 404 47 "-" "Mozilla/5.0 (Windows NT 10.0; Win64; x64) AppleWebKit/537.36 (KHTML, like Gecko) Chrome/91.0.4472.124 Safari/537.36"
185.177.72.37 - - [24/Aug/2025:22:19:58 +0800] "GET /application.properties HTTP/1.1" 404 8989 "-" "Mozilla/5.0 (Windows NT 10.0; Win64; x64) AppleWebKit/537.36 (KHTML, like Gecko) Chrome/91.0.4472.124 Safari/537.36"
185.177.72.37 - - [24/Aug/2025:22:19:59 +0800] "GET /config.ini HTTP/1.1" 404 8989 "-" "Mozilla/5.0 (Windows NT 10.0; Win64; x64) AppleWebKit/537.36 (KHTML, like Gecko) Chrome/91.0.4472.124 Safari/537.36"
185.177.72.37 - - [24/Aug/2025:22:19:59 +0800] "GET /config/config.php HTTP/1.1" 404 47 "-" "Mozilla/5.0 (Windows NT 10.0; Win64; x64) AppleWebKit/537.36 (KHTML, like Gecko) Chrome/91.0.4472.124 Safari/537.36"
185.177.72.37 - - [24/Aug/2025:22:20:01 +0800] "GET /index.php/phpinfo HTTP/1.1" 301 5 "-" "Mozilla/5.0 (Windows NT 10.0; Win64; x64) AppleWebKit/537.36 (KHTML, like Gecko) Chrome/91.0.4472.124 Safari/537.36"
185.177.72.37 - - [24/Aug/2025:22:20:02 +0800] "GET /phpinfo HTTP/1.1" 404 8989 "-" "Mozilla/5.0 (Windows NT 10.0; Win64; x64) AppleWebKit/537.36 (KHTML, like Gecko) Chrome/91.0.4472.124 Safari/537.36"
185.177.72.37 - - [24/Aug/2025:22:20:03 +0800] "GET /.profile HTTP/1.1" 404 8989 "-" "Mozilla/5.0 (Windows NT 10.0; Win64; x64) AppleWebKit/537.36 (KHTML, like Gecko) Chrome/91.0.4472.124 Safari/537.36"
185.177.72.37 - - [24/Aug/2025:22:20:04 +0800] "GET /appsettings.json HTTP/1.1" 404 8990 "-" "Mozilla/5.0 (Windows NT 10.0; Win64; x64) AppleWebKit/537.36 (KHTML, like Gecko) Chrome/91.0.4472.124 Safari/537.36"
185.177.72.37 - - [24/Aug/2025:22:20:05 +0800] "GET /info.php HTTP/1.1" 200 49 "-" "Mozilla/5.0 (Windows NT 10.0; Win64; x64) AppleWebKit/537.36 (KHTML, like Gecko) Chrome/91.0.4472.124 Safari/537.36"
185.177.72.37 - - [24/Aug/2025:22:20:17 +0800] "GET /application-dev.properties HTTP/1.1" 404 8989 "-" "Mozilla/5.0 (Windows NT 10.0; Win64; x64) AppleWebKit/537.36 (KHTML, like Gecko) Chrome/91.0.4472.124 Safari/537.36"
185.177.72.37 - - [24/Aug/2025:22:20:18 +0800] "GET /config/default.json HTTP/1.1" 404 8989 "-" "Mozilla/5.0 (Windows NT 10.0; Win64; x64) AppleWebKit/537.36 (KHTML, like Gecko) Chrome/91.0.4472.124 Safari/537.36"
185.177.72.37 - - [24/Aug/2025:22:20:19 +0800] "GET /README.md HTTP/1.1" 404 8989 "-" "Mozilla/5.0 (Windows NT 10.0; Win64; x64) AppleWebKit/537.36 (KHTML, like Gecko) Chrome/91.0.4472.124 Safari/537.36"
185.177.72.37 - - [24/Aug/2025:22:20:20 +0800] "GET /info HTTP/1.1" 404 8989 "-" "Mozilla/5.0 (Windows NT 10.0; Win64; x64) AppleWebKit/537.36 (KHTML, like Gecko) Chrome/91.0.4472.124 Safari/537.36"
185.177.72.37 - - [24/Aug/2025:22:20:22 +0800] "GET /env.json HTTP/1.1" 404 8989 "-" "Mozilla/5.0 (Windows NT 10.0; Win64; x64) AppleWebKit/537.36 (KHTML, like Gecko) Chrome/91.0.4472.124 Safari/537.36"
185.177.72.37 - - [24/Aug/2025:22:20:23 +0800] "GET /config/config.ini HTTP/1.1" 404 8989 "-" "Mozilla/5.0 (Windows NT 10.0; Win64; x64) AppleWebKit/537.36 (KHTML, like Gecko) Chrome/91.0.4472.124 Safari/537.36"
185.177.72.37 - - [24/Aug/2025:22:20:24 +0800] "GET /config/environments/production.rb HTTP/1.1" 404 8989 "-" "Mozilla/5.0 (Windows NT 10.0; Win64; x64) AppleWebKit/537.36 (KHTML, like Gecko) Chrome/91.0.4472.124 Safari/537.36"
185.177.72.37 - - [24/Aug/2025:22:20:25 +0800] "GET /environment.ts HTTP/1.1" 404 8989 "-" "Mozilla/5.0 (Windows NT 10.0; Win64; x64) AppleWebKit/537.36 (KHTML, like Gecko) Chrome/91.0.4472.124 Safari/537.36"
185.177.72.37 - - [24/Aug/2025:22:20:26 +0800] "GET /resources/application.conf HTTP/1.1" 404 8989 "-" "Mozilla/5.0 (Windows NT 10.0; Win64; x64) AppleWebKit/537.36 (KHTML, like Gecko) Chrome/91.0.4472.124 Safari/537.36"
185.177.72.37 - - [24/Aug/2025:22:20:27 +0800] "GET /config/aws.json HTTP/1.1" 404 8989 "-" "Mozilla/5.0 (Windows NT 10.0; Win64; x64) AppleWebKit/537.36 (KHTML, like Gecko) Chrome/91.0.4472.124 Safari/537.36"
185.177.72.37 - - [24/Aug/2025:22:20:28 +0800] "GET /app.py HTTP/1.1" 404 8989 "-" "Mozilla/5.0 (Windows NT 10.0; Win64; x64) AppleWebKit/537.36 (KHTML, like Gecko) Chrome/91.0.4472.124 Safari/537.36"
185.177.72.37 - - [24/Aug/2025:22:20:29 +0800] "GET /application/config/constants.php/ HTTP/1.1" 404 8989 "-" "Mozilla/5.0 (Windows NT 10.0; Win64; x64) AppleWebKit/537.36 (KHTML, like Gecko) Chrome/91.0.4472.124 Safari/537.36"
185.177.72.37 - - [24/Aug/2025:22:20:30 +0800] "GET /debug/default HTTP/1.1" 404 8989 "-" "Mozilla/5.0 (Windows NT 10.0; Win64; x64) AppleWebKit/537.36 (KHTML, like Gecko) Chrome/91.0.4472.124 Safari/537.36"
185.177.72.37 - - [24/Aug/2025:22:20:32 +0800] "GET /config/application.yml HTTP/1.1" 404 8989 "-" "Mozilla/5.0 (Windows NT 10.0; Win64; x64) AppleWebKit/537.36 (KHTML, like Gecko) Chrome/91.0.4472.124 Safari/537.36"
185.177.72.37 - - [24/Aug/2025:22:20:33 +0800] "GET /config/services.yaml HTTP/1.1" 404 8989 "-" "Mozilla/5.0 (Windows NT 10.0; Win64; x64) AppleWebKit/537.36 (KHTML, like Gecko) Chrome/91.0.4472.124 Safari/537.36"
185.177.72.37 - - [24/Aug/2025:22:20:33 +0800] "GET /dev/phpinfo.php HTTP/1.1" 404 47 "-" "Mozilla/5.0 (Windows NT 10.0; Win64; x64) AppleWebKit/537.36 (KHTML, like Gecko) Chrome/91.0.4472.124 Safari/537.36"
185.177.72.37 - - [24/Aug/2025:22:20:34 +0800] "GET /api/config/tsconfig.json HTTP/1.1" 200 81 "-" "Mozilla/5.0 (Windows NT 10.0; Win64; x64) AppleWebKit/537.36 (KHTML, like Gecko) Chrome/91.0.4472.124 Safari/537.36"
185.177.72.37 - - [24/Aug/2025:22:20:35 +0800] "GET /static/.gitlab-ci.yml HTTP/1.1" 404 8990 "-" "Mozilla/5.0 (Windows NT 10.0; Win64; x64) AppleWebKit/537.36 (KHTML, like Gecko) Chrome/91.0.4472.124 Safari/537.36"
185.177.72.37 - - [24/Aug/2025:22:20:35 +0800] "GET /php_info.php HTTP/1.1" 404 47 "-" "Mozilla/5.0 (Windows NT 10.0; Win64; x64) AppleWebKit/537.36 (KHTML, like Gecko) Chrome/91.0.4472.124 Safari/537.36"
185.177.72.37 - - [24/Aug/2025:22:20:36 +0800] "GET /config/development.json HTTP/1.1" 404 8989 "-" "Mozilla/5.0 (Windows NT 10.0; Win64; x64) AppleWebKit/537.36 (KHTML, like Gecko) Chrome/91.0.4472.124 Safari/537.36"
185.177.72.37 - - [24/Aug/2025:22:20:42 +0800] "GET /test2.php HTTP/1.1" 404 47 "-" "Mozilla/5.0 (Windows NT 10.0; Win64; x64) AppleWebKit/537.36 (KHTML, like Gecko) Chrome/91.0.4472.124 Safari/537.36"
185.177.72.37 - - [24/Aug/2025:22:20:43 +0800] "GET /?phpinfo=1 HTTP/1.1" 200 33395 "-" "Mozilla/5.0 (Windows NT 10.0; Win64; x64) AppleWebKit/537.36 (KHTML, like Gecko) Chrome/91.0.4472.124 Safari/537.36"
185.177.72.37 - - [24/Aug/2025:22:20:49 +0800] "GET /test1.php HTTP/1.1" 404 47 "-" "Mozilla/5.0 (Windows NT 10.0; Win64; x64) AppleWebKit/537.36 (KHTML, like Gecko) Chrome/91.0.4472.124 Safari/537.36"
36.133.115.36 - - [24/Aug/2025:22:20:50 +0800] "POST /wp-cron.php?doing_wp_cron=1756045250.9074931144714355468750 HTTP/1.1" 200 31 "-" "WordPress/6.8.2; http://cqqizhou.com"
185.177.72.37 - - [24/Aug/2025:22:20:50 +0800] "GET /wp-config.php HTTP/1.1" 200 31 "-" "Mozilla/5.0 (Windows NT 10.0; Win64; x64) AppleWebKit/537.36 (KHTML, like Gecko) Chrome/91.0.4472.124 Safari/537.36"
185.177.72.37 - - [24/Aug/2025:22:20:52 +0800] "GET /config/config.json HTTP/1.1" 404 8989 "-" "Mozilla/5.0 (Windows NT 10.0; Win64; x64) AppleWebKit/537.36 (KHTML, like Gecko) Chrome/91.0.4472.124 Safari/537.36"
185.177.72.37 - - [24/Aug/2025:22:20:53 +0800] "GET /frontend_dev.php/$ HTTP/1.1" 404 8989 "-" "Mozilla/5.0 (Windows NT 10.0; Win64; x64) AppleWebKit/537.36 (KHTML, like Gecko) Chrome/91.0.4472.124 Safari/537.36"
185.177.72.37 - - [24/Aug/2025:22:20:54 +0800] "GET /staticfiles HTTP/1.1" 404 8990 "-" "Mozilla/5.0 (Windows NT 10.0; Win64; x64) AppleWebKit/537.36 (KHTML, like Gecko) Chrome/91.0.4472.124 Safari/537.36"
185.177.72.37 - - [24/Aug/2025:22:20:55 +0800] "GET /_profiler/phpinfo HTTP/1.1" 404 8989 "-" "Mozilla/5.0 (Windows NT 10.0; Win64; x64) AppleWebKit/537.36 (KHTML, like Gecko) Chrome/91.0.4472.124 Safari/537.36"
185.177.72.37 - - [24/Aug/2025:22:20:57 +0800] "GET /storage/logs/laravel.log HTTP/1.1" 404 8989 "-" "Mozilla/5.0 (Windows NT 10.0; Win64; x64) AppleWebKit/537.36 (KHTML, like Gecko) Chrome/91.0.4472.124 Safari/537.36"
43.130.74.193 - - [24/Aug/2025:22:20:57 +0800] "GET / HTTP/1.1" 301 5 "-" "Mozilla/5.0 (iPhone; CPU iPhone OS 13_2_3 like Mac OS X) AppleWebKit/605.1.15 (KHTML, like Gecko) Version/13.0.3 Mobile/15E148 Safari/604.1"
185.177.72.37 - - [24/Aug/2025:22:20:59 +0800] "GET /phpversion.php HTTP/1.1" 404 47 "-" "Mozilla/5.0 (Windows NT 10.0; Win64; x64) AppleWebKit/537.36 (KHTML, like Gecko) Chrome/91.0.4472.124 Safari/537.36"
185.177.72.37 - - [24/Aug/2025:22:21:00 +0800] "GET /Dockerfile HTTP/1.1" 404 8989 "-" "Mozilla/5.0 (Windows NT 10.0; Win64; x64) AppleWebKit/537.36 (KHTML, like Gecko) Chrome/91.0.4472.124 Safari/537.36"
43.130.74.193 - - [24/Aug/2025:22:21:01 +0800] "GET / HTTP/1.1" 200 33395 "http://36.133.115.36" "Mozilla/5.0 (iPhone; CPU iPhone OS 13_2_3 like Mac OS X) AppleWebKit/605.1.15 (KHTML, like Gecko) Version/13.0.3 Mobile/15E148 Safari/604.1"
185.177.72.37 - - [24/Aug/2025:22:21:01 +0800] "GET /settings.json HTTP/1.1" 404 8989 "-" "Mozilla/5.0 (Windows NT 10.0; Win64; x64) AppleWebKit/537.36 (KHTML, like Gecko) Chrome/91.0.4472.124 Safari/537.36"
185.177.72.37 - - [24/Aug/2025:22:21:03 +0800] "GET /src/main/resources/appsettings.yml HTTP/1.1" 404 8989 "-" "Mozilla/5.0 (Windows NT 10.0; Win64; x64) AppleWebKit/537.36 (KHTML, like Gecko) Chrome/91.0.4472.124 Safari/537.36"
185.177.72.37 - - [24/Aug/2025:22:21:15 +0800] "GET /configs/application.ini HTTP/1.1" 404 8989 "-" "Mozilla/5.0 (Windows NT 10.0; Win64; x64) AppleWebKit/537.36 (KHTML, like Gecko) Chrome/91.0.4472.124 Safari/537.36"
185.177.72.37 - - [24/Aug/2025:22:21:16 +0800] "GET /login/index.php HTTP/1.1" 404 47 "-" "Mozilla/5.0 (Windows NT 10.0; Win64; x64) AppleWebKit/537.36 (KHTML, like Gecko) Chrome/91.0.4472.124 Safari/537.36"
185.177.72.37 - - [24/Aug/2025:22:21:17 +0800] "GET /src/main/resources/application.properties HTTP/1.1" 404 8989 "-" "Mozilla/5.0 (Windows NT 10.0; Win64; x64) AppleWebKit/537.36 (KHTML, like Gecko) Chrome/91.0.4472.124 Safari/537.36"
185.177.72.37 - - [24/Aug/2025:22:21:17 +0800] "GET /install/index.php HTTP/1.1" 404 47 "-" "Mozilla/5.0 (Windows NT 10.0; Win64; x64) AppleWebKit/537.36 (KHTML, like Gecko) Chrome/91.0.4472.124 Safari/537.36"
185.177.72.37 - - [24/Aug/2025:22:21:17 +0800] "GET /config.php HTTP/1.1" 404 47 "-" "Mozilla/5.0 (Windows NT 10.0; Win64; x64) AppleWebKit/537.36 (KHTML, like Gecko) Chrome/91.0.4472.124 Safari/537.36"
185.177.72.37 - - [24/Aug/2025:22:21:18 +0800] "GET /products/.gitlab-ci.yml HTTP/1.1" 404 8989 "-" "Mozilla/5.0 (Windows NT 10.0; Win64; x64) AppleWebKit/537.36 (KHTML, like Gecko) Chrome/91.0.4472.124 Safari/537.36"
185.177.72.37 - - [24/Aug/2025:22:21:19 +0800] "GET /manifest.json HTTP/1.1" 404 8989 "-" "Mozilla/5.0 (Windows NT 10.0; Win64; x64) AppleWebKit/537.36 (KHTML, like Gecko) Chrome/91.0.4472.124 Safari/537.36"
185.177.72.37 - - [24/Aug/2025:22:21:20 +0800] "GET /php-info.php HTTP/1.1" 404 47 "-" "Mozilla/5.0 (Windows NT 10.0; Win64; x64) AppleWebKit/537.36 (KHTML, like Gecko) Chrome/91.0.4472.124 Safari/537.36"
185.177.72.37 - - [24/Aug/2025:22:21:22 +0800] "GET /config.json HTTP/1.1" 404 8989 "-" "Mozilla/5.0 (Windows NT 10.0; Win64; x64) AppleWebKit/537.36 (KHTML, like Gecko) Chrome/91.0.4472.124 Safari/537.36"
185.177.72.37 - - [24/Aug/2025:22:21:22 +0800] "GET /?q=info HTTP/1.1" 200 33857 "-" "Mozilla/5.0 (Windows NT 10.0; Win64; x64) AppleWebKit/537.36 (KHTML, like Gecko) Chrome/91.0.4472.124 Safari/537.36"
185.177.72.37 - - [24/Aug/2025:22:21:24 +0800] "GET /?xdebuginfo HTTP/1.1" 200 33395 "-" "Mozilla/5.0 (Windows NT 10.0; Win64; x64) AppleWebKit/537.36 (KHTML, like Gecko) Chrome/91.0.4472.124 Safari/537.36"
185.177.72.37 - - [24/Aug/2025:22:21:25 +0800] "GET /admin/test HTTP/1.1" 404 8989 "-" "Mozilla/5.0 (Windows NT 10.0; Win64; x64) AppleWebKit/537.36 (KHTML, like Gecko) Chrome/91.0.4472.124 Safari/537.36"
185.177.72.37 - - [24/Aug/2025:22:21:25 +0800] "GET /php.php HTTP/1.1" 404 47 "-" "Mozilla/5.0 (Windows NT 10.0; Win64; x64) AppleWebKit/537.36 (KHTML, like Gecko) Chrome/91.0.4472.124 Safari/537.36"
185.177.72.37 - - [24/Aug/2025:22:21:41 +0800] "GET /Node.js/JavaScript HTTP/1.1" 404 8989 "-" "Mozilla/5.0 (Windows NT 10.0; Win64; x64) AppleWebKit/537.36 (KHTML, like Gecko) Chrome/91.0.4472.124 Safari/537.36"
185.177.72.37 - - [24/Aug/2025:22:21:43 +0800] "GET /config/production.json HTTP/1.1" 404 8989 "-" "Mozilla/5.0 (Windows NT 10.0; Win64; x64) AppleWebKit/537.36 (KHTML, like Gecko) Chrome/91.0.4472.124 Safari/537.36"
