36.133.115.36 - - [24/Aug/2025:07:50:04 +0800] "POST /wp-cron.php?doing_wp_cron=1755993004.1489009857177734375000 HTTP/1.1" 200 31 "-" "WordPress/6.8.2; http://cqqizhou.com"
91.224.92.14 - - [24/Aug/2025:07:50:04 +0800] "GET / HTTP/1.1" 200 33394 "-" "Mozilla/5.0 (Windows NT 10.0; Win64; x64) AppleWebKit/537.36 (KHTML, like Gecko) Chrome/90.0.4430.85 Safari/537.36 Edg/90.0.818.46"
36.133.115.36 - - [24/Aug/2025:07:51:38 +0800] "POST /wp-cron.php?doing_wp_cron=1755993098.1055688858032226562500 HTTP/1.1" 200 31 "-" "WordPress/6.8.2; http://cqqizhou.com"
149.50.103.48 - - [24/Aug/2025:07:51:38 +0800] "GET / HTTP/1.1" 200 33394 "-" "Mozilla/5.0 (Windows NT 10.0; Win64; x64) AppleWebKit/537.36 (KHTML, like Gecko) Chrome/90.0.4430.85 Safari/537.36 Edg/90.0.818.46"
36.133.115.36 - - [24/Aug/2025:07:52:53 +0800] "POST /wp-cron.php?doing_wp_cron=1755993173.7711260318756103515625 HTTP/1.1" 200 31 "-" "WordPress/6.8.2; http://cqqizhou.com"
43.135.182.43 - - [24/Aug/2025:07:52:54 +0800] "GET / HTTP/1.1" 200 33394 "-" "Mozilla/5.0 (iPhone; CPU iPhone OS 13_2_3 like Mac OS X) AppleWebKit/605.1.15 (KHTML, like Gecko) Version/13.0.3 Mobile/15E148 Safari/604.1"
36.133.115.36 - - [24/Aug/2025:08:28:45 +0800] "POST /wp-cron.php?doing_wp_cron=1755995325.5132870674133300781250 HTTP/1.1" 200 31 "-" "WordPress/6.8.2; http://cqqizhou.com"
192.121.136.190 - - [24/Aug/2025:08:28:45 +0800] "GET /robots.txt HTTP/1.1" 200 190 "-" "Mozilla/5.0 (Linux; U; Android 13; sk-sk; Xiaomi 11T Pro Build/TKQ1.220829.002) AppleWebKit/537.36 (KHTML, like Gecko) Version/4.0 Chrome/112.0.5615.136 Mobile Safari/537.36 XiaoMi/MiuiBrowser/14.4.0-g"
192.36.198.147 - - [24/Aug/2025:08:28:48 +0800] "GET / HTTP/1.1" 200 33395 "-" "Mozilla/5.0 (Linux; U; Android 13; sk-sk; Xiaomi 11T Pro Build/TKQ1.220829.002) AppleWebKit/537.36 (KHTML, like Gecko) Version/4.0 Chrome/112.0.5615.136 Mobile Safari/537.36 XiaoMi/MiuiBrowser/14.4.0-g"
36.133.115.36 - - [24/Aug/2025:08:34:36 +0800] "POST /wp-cron.php?doing_wp_cron=1755995676.3992900848388671875000 HTTP/1.1" 200 31 "-" "WordPress/6.8.2; http://cqqizhou.com"
51.159.99.244 - - [24/Aug/2025:08:34:36 +0800] "HEAD / HTTP/1.1" 301 0 "-" "curl/7.81.0"
51.159.99.244 - - [24/Aug/2025:08:34:42 +0800] "GET / HTTP/1.1" 301 5 "-" "Mozilla/5.0 (X11; Linux x86_64) AppleWebKit/537.36 (KHTML, like Gecko) Chrome/132.0.0.0 Safari/537.3"
51.159.99.244 - - [24/Aug/2025:08:34:43 +0800] "GET / HTTP/1.1" 200 39302 "-" "Mozilla/5.0 (X11; Linux x86_64) AppleWebKit/537.36 (KHTML, like Gecko) Chrome/132.0.0.0 Safari/537.3"
51.159.99.244 - - [24/Aug/2025:08:34:48 +0800] "GET /wp-content/uploads/2025/07/1751425283-qizhou.kf_.qq_.com_.webp HTTP/1.1" 200 16864 "http://cqqizhou.com/" "Mozilla/5.0 (X11; Linux x86_64) AppleWebKit/537.36 (KHTML, like Gecko) Chrome/132.0.0.0 Safari/537.3"
51.159.99.244 - - [24/Aug/2025:08:34:51 +0800] "GET /wp-content/uploads/2025/07/1753456723-%E5%8F%8C%E7%9B%B8%E9%92%A2roduct_Single600.webp HTTP/1.1" 200 22790 "http://cqqizhou.com/" "Mozilla/5.0 (X11; Linux x86_64) AppleWebKit/537.36 (KHTML, like Gecko) Chrome/132.0.0.0 Safari/537.3"
51.159.99.244 - - [24/Aug/2025:08:34:51 +0800] "GET /wp-content/uploads/2025/07/1753453127-%E4%BD%99%E5%8D%B7product_Single600%C3%97284.webp HTTP/1.1" 200 18744 "http://cqqizhou.com/" "Mozilla/5.0 (X11; Linux x86_64) AppleWebKit/537.36 (KHTML, like Gecko) Chrome/132.0.0.0 Safari/537.3"
51.159.99.244 - - [24/Aug/2025:08:34:51 +0800] "GET /wp-content/uploads/2025/07/1753456770-%E7%83%AD%E9%95%80%E9%94%8C%E5%8D%B7product_Single600.webp HTTP/1.1" 200 27502 "http://cqqizhou.com/" "Mozilla/5.0 (X11; Linux x86_64) AppleWebKit/537.36 (KHTML, like Gecko) Chrome/132.0.0.0 Safari/537.3"
51.159.99.244 - - [24/Aug/2025:08:34:51 +0800] "GET /wp-content/uploads/2025/07/1753453096-%E5%8F%8C%E7%9B%B8%E9%92%A2product_Single600%C3%97284.webp HTTP/1.1" 200 14562 "http://cqqizhou.com/" "Mozilla/5.0 (X11; Linux x86_64) AppleWebKit/537.36 (KHTML, like Gecko) Chrome/132.0.0.0 Safari/537.3"
36.133.115.36 - - [24/Aug/2025:08:34:53 +0800] "POST /wp-cron.php?doing_wp_cron=1755995693.5987880229949951171875 HTTP/1.1" 200 31 "-" "WordPress/6.8.2; http://cqqizhou.com"
51.159.99.244 - - [24/Aug/2025:08:34:53 +0800] "POST /wp-admin/admin-ajax.php HTTP/1.1" 403 33 "http://cqqizhou.com/" "Mozilla/5.0 (X11; Linux x86_64) AppleWebKit/537.36 (KHTML, like Gecko) Chrome/132.0.0.0 Safari/537.3"
51.159.99.244 - - [24/Aug/2025:08:34:54 +0800] "GET /wp-content/uploads/revslider/slider-1/1750929639-yuanjing_Slider_3840%C3%972160_20250626171955-scaled.webp HTTP/1.1" 200 203290 "http://cqqizhou.com/" "Mozilla/5.0 (X11; Linux x86_64) AppleWebKit/537.36 (KHTML, like Gecko) Chrome/132.0.0.0 Safari/537.3"
51.159.99.244 - - [24/Aug/2025:08:34:55 +0800] "GET /wp-content/uploads/revslider/slider-1/1750861156-logistics_Slider_3840%C3%972160_20250625191356-scaled-50x100.webp HTTP/1.1" 200 1416 "http://cqqizhou.com/" "Mozilla/5.0 (X11; Linux x86_64) AppleWebKit/537.36 (KHTML, like Gecko) Chrome/132.0.0.0 Safari/537.3"
51.159.99.244 - - [24/Aug/2025:08:34:55 +0800] "GET /wp-content/uploads/2025/07/1753587901-Slider_3840%C3%972160_20250727-scaled-50x100.webp HTTP/1.1" 200 1660 "http://cqqizhou.com/" "Mozilla/5.0 (X11; Linux x86_64) AppleWebKit/537.36 (KHTML, like Gecko) Chrome/132.0.0.0 Safari/537.3"
51.159.99.244 - - [24/Aug/2025:08:34:56 +0800] "GET /wp-json/sliderrevolution/sliders/1?srengine=7&slideid=3 HTTP/1.1" 200 2292 "http://cqqizhou.com/" "Mozilla/5.0 (X11; Linux x86_64) AppleWebKit/537.36 (KHTML, like Gecko) Chrome/132.0.0.0 Safari/537.3"
51.159.99.244 - - [24/Aug/2025:08:34:56 +0800] "GET /wp-json/sliderrevolution/sliders/1?srengine=7&slideid=2 HTTP/1.1" 200 2058 "http://cqqizhou.com/" "Mozilla/5.0 (X11; Linux x86_64) AppleWebKit/537.36 (KHTML, like Gecko) Chrome/132.0.0.0 Safari/537.3"
51.159.99.244 - - [24/Aug/2025:08:34:58 +0800] "GET /wp-content/uploads/2025/07/1753587901-Slider_3840%C3%972160_20250727-scaled.webp HTTP/1.1" 200 141034 "http://cqqizhou.com/" "Mozilla/5.0 (X11; Linux x86_64) AppleWebKit/537.36 (KHTML, like Gecko) Chrome/132.0.0.0 Safari/537.3"
51.159.99.244 - - [24/Aug/2025:08:34:59 +0800] "GET /wp-content/uploads/revslider/slider-1/1750861156-logistics_Slider_3840%C3%972160_20250625191356-scaled.webp HTTP/1.1" 200 197360 "http://cqqizhou.com/" "Mozilla/5.0 (X11; Linux x86_64) AppleWebKit/537.36 (KHTML, like Gecko) Chrome/132.0.0.0 Safari/537.3"
51.159.99.244 - - [24/Aug/2025:08:35:04 +0800] "POST /wp-admin/admin-ajax.php HTTP/1.1" 403 33 "http://cqqizhou.com/" "Mozilla/5.0 (X11; Linux x86_64) AppleWebKit/537.36 (KHTML, like Gecko) Chrome/132.0.0.0 Safari/537.3"
51.159.99.244 - - [24/Aug/2025:08:35:11 +0800] "GET /ads.txt HTTP/1.1" 200 25003 "-" "Mozilla/5.0 (X11; Linux x86_64) AppleWebKit/537.36 (KHTML, like Gecko) Chrome/132.0.0.0 Safari/537.3"
51.159.99.244 - - [24/Aug/2025:08:35:12 +0800] "GET /wp-content/uploads/revslider/slider-1/1750929639-yuanjing_Slider_3840%C3%972160_20250626171955-scaled-50x100.webp HTTP/1.1" 200 1784 "http://cqqizhou.com/" "Mozilla/5.0 (X11; Linux x86_64) AppleWebKit/537.36 (KHTML, like Gecko) Chrome/132.0.0.0 Safari/537.3"
51.159.99.244 - - [24/Aug/2025:08:35:13 +0800] "GET /app-ads.txt HTTP/1.1" 200 25005 "-" "Mozilla/5.0 (X11; Linux x86_64) AppleWebKit/537.36 (KHTML, like Gecko) Chrome/132.0.0.0 Safari/537.3"
51.159.99.244 - - [24/Aug/2025:08:35:14 +0800] "GET /sellers.json HTTP/1.1" 404 8990 "-" "Mozilla/5.0 (X11; Linux x86_64) AppleWebKit/537.36 (KHTML, like Gecko) Chrome/132.0.0.0 Safari/537.3"
36.133.115.36 - - [24/Aug/2025:08:57:14 +0800] "POST /wp-cron.php?doing_wp_cron=1755997034.2035329341888427734375 HTTP/1.1" 200 31 "-" "WordPress/6.8.2; http://cqqizhou.com"
149.50.103.48 - - [24/Aug/2025:08:57:14 +0800] "GET / HTTP/1.1" 200 33395 "-" "Mozilla/5.0 (Windows NT 10.0; Win64; x64) AppleWebKit/537.36 (KHTML, like Gecko) Chrome/90.0.4430.85 Safari/537.36 Edg/90.0.818.46"
91.224.92.14 - - [24/Aug/2025:08:57:36 +0800] "GET / HTTP/1.1" 200 33395 "-" "Mozilla/5.0 (Windows NT 10.0; Win64; x64) AppleWebKit/537.36 (KHTML, like Gecko) Chrome/90.0.4430.85 Safari/537.36 Edg/90.0.818.46"
36.133.115.36 - - [24/Aug/2025:09:01:23 +0800] "POST /wp-cron.php?doing_wp_cron=1755997283.3182890415191650390625 HTTP/1.1" 200 31 "-" "WordPress/6.8.2; http://cqqizhou.com"
124.222.142.44 - - [24/Aug/2025:09:01:23 +0800] "GET / HTTP/1.1" 200 33395 "-" "Mozilla/5.0 (iPhone; CPU iPhone OS 13_2_3 like Mac OS X) AppleWebKit/605.1.15 (KHTML, like Gecko) Version/13.0.3 Mobile/15E148 Safari/604.1"
36.133.115.36 - - [24/Aug/2025:09:13:33 +0800] "POST /wp-cron.php?doing_wp_cron=1755998013.1631441116333007812500 HTTP/1.1" 200 31 "-" "WordPress/6.8.2; http://cqqizhou.com"
43.156.232.190 - - [24/Aug/2025:09:13:33 +0800] "GET / HTTP/1.1" 200 33396 "-" "Mozilla/5.0 (iPhone; CPU iPhone OS 13_2_3 like Mac OS X) AppleWebKit/605.1.15 (KHTML, like Gecko) Version/13.0.3 Mobile/15E148 Safari/604.1"
36.133.115.36 - - [24/Aug/2025:09:15:25 +0800] "POST /wp-cron.php?doing_wp_cron=1755998125.8398549556732177734375 HTTP/1.1" 200 31 "-" "WordPress/6.8.2; http://cqqizhou.com"
196.251.84.253 - - [24/Aug/2025:09:15:26 +0800] "GET / HTTP/1.0" 200 78014 "-" "Mozilla/5.0 (X11; Linux x86_64; rv:140.0) Gecko/20100101 Firefox/140.0"
36.133.115.36 - - [24/Aug/2025:09:16:01 +0800] "POST /wp-cron.php?doing_wp_cron=1755998161.1886270046234130859375 HTTP/1.1" 200 31 "-" "WordPress/6.8.2; http://cqqizhou.com"
91.224.92.17 - - [24/Aug/2025:09:16:18 +0800] "GET / HTTP/1.1" 200 109837 "-" "-"
42.236.17.50 - - [24/Aug/2025:09:38:46 +0800] "GET / HTTP/1.1" 200 39302 "http://cqqizhou.com" "Mozilla/5.0 (Windows NT 6.1; WOW64) AppleWebKit/537.36 (KHTML, like Gecko) Chrome/50.0.2661.102 Safari/537.36; 360Spider"
36.133.115.36 - - [24/Aug/2025:09:44:18 +0800] "POST /wp-cron.php?doing_wp_cron=1755999858.8109219074249267578125 HTTP/1.1" 200 31 "-" "WordPress/6.8.2; http://cqqizhou.com"
198.98.50.82 - - [24/Aug/2025:09:44:18 +0800] "GET /wp-login.php HTTP/1.1" 200 8672 "-" "Mozilla/5.0 (Macintosh; Intel Mac OS X 10.9; rv:30.0) Gecko/20100101 Firefox/30.0"
198.98.50.82 - - [24/Aug/2025:09:44:20 +0800] "POST /wp-login.php HTTP/1.1" 200 9128 "-" "Mozilla/5.0 (Macintosh; Intel Mac OS X 10.9; rv:30.0) Gecko/20100101 Firefox/30.0"
36.133.115.36 - - [24/Aug/2025:09:46:40 +0800] "POST /wp-cron.php?doing_wp_cron=1755999999.9828720092773437500000 HTTP/1.1" 200 31 "-" "WordPress/6.8.2; http://cqqizhou.com"
36.133.108.125 - - [24/Aug/2025:09:46:40 +0800] "HEAD /actuator/health HTTP/1.1" 404 0 "-" "Mozilla/5.0 (Macintosh; Intel Mac OS X 10.8; rv:21.0) Gecko/20100101 Firefox/21.0"
36.133.115.36 - - [24/Aug/2025:09:49:07 +0800] "POST /wp-cron.php?doing_wp_cron=1756000147.3899509906768798828125 HTTP/1.1" 200 31 "-" "WordPress/6.8.2; http://cqqizhou.com"
162.216.149.193 - - [24/Aug/2025:09:49:07 +0800] "GET / HTTP/1.1" 200 33396 "-" "Hello from Palo Alto Networks, find out more about our scans in https://docs-cortex.paloaltonetworks.com/r/1/Cortex-Xpanse/Scanning-activity"
36.133.115.36 - - [24/Aug/2025:09:59:50 +0800] "POST /wp-cron.php?doing_wp_cron=1756000790.8679080009460449218750 HTTP/1.1" 200 31 "-" "WordPress/6.8.2; http://cqqizhou.com"
149.50.103.48 - - [24/Aug/2025:09:59:51 +0800] "GET / HTTP/1.1" 200 33396 "-" "Mozilla/5.0 (Windows NT 10.0; Win64; x64) AppleWebKit/537.36 (KHTML, like Gecko) Chrome/90.0.4430.85 Safari/537.36 Edg/90.0.818.46"
36.133.115.36 - - [24/Aug/2025:10:04:49 +0800] "POST /wp-cron.php?doing_wp_cron=1756001089.2806949615478515625000 HTTP/1.1" 200 31 "-" "WordPress/6.8.2; http://cqqizhou.com"
91.224.92.14 - - [24/Aug/2025:10:04:49 +0800] "GET / HTTP/1.1" 200 33396 "-" "Mozilla/5.0 (Windows NT 10.0; Win64; x64) AppleWebKit/537.36 (KHTML, like Gecko) Chrome/90.0.4430.85 Safari/537.36 Edg/90.0.818.46"
36.133.115.36 - - [24/Aug/2025:10:27:02 +0800] "POST /wp-cron.php?doing_wp_cron=1756002422.4882950782775878906250 HTTP/1.1" 200 31 "-" "WordPress/6.8.2; http://cqqizhou.com"
119.249.100.22 - - [24/Aug/2025:10:27:02 +0800] "GET / HTTP/1.1" 301 5 "http://m.baidu.com/s?wd=trail5yu" "Mozilla/5.0 (iPhone; CPU iPhone OS 15_0 like Mac OS X) AppleWebKit/605.1.15 (KHTML, like Gecko) Version/18.4 Mobile/15E148 Safari/604.1"
119.249.100.25 - - [24/Aug/2025:10:27:03 +0800] "GET / HTTP/1.1" 200 33395 "http://m.baidu.com/s?wd=trail5yu" "Mozilla/5.0 (iPhone; CPU iPhone OS 15_0 like Mac OS X) AppleWebKit/605.1.15 (KHTML, like Gecko) Version/18.4 Mobile/15E148 Safari/604.1"
45.156.87.165 - - [24/Aug/2025:10:51:06 +0800] "POST /cgi-bin/ViewLog.asp HTTP/1.1" 499 0 "-" "Mozilla/5.0 (bang2012@protonmail.com)"
36.133.115.36 - - [24/Aug/2025:10:51:07 +0800] "POST /wp-cron.php?doing_wp_cron=1756003867.5871949195861816406250 HTTP/1.1" 200 31 "-" "WordPress/6.8.2; http://cqqizhou.com"
36.133.115.36 - - [24/Aug/2025:10:57:33 +0800] "POST /wp-cron.php?doing_wp_cron=1756004253.6436600685119628906250 HTTP/1.1" 200 31 "-" "WordPress/6.8.2; http://cqqizhou.com"
43.164.197.209 - - [24/Aug/2025:10:57:33 +0800] "GET / HTTP/1.1" 301 5 "-" "Mozilla/5.0 (iPhone; CPU iPhone OS 13_2_3 like Mac OS X) AppleWebKit/605.1.15 (KHTML, like Gecko) Version/13.0.3 Mobile/15E148 Safari/604.1"
43.164.197.209 - - [24/Aug/2025:10:57:36 +0800] "GET / HTTP/1.1" 200 33396 "http://36.133.115.36" "Mozilla/5.0 (iPhone; CPU iPhone OS 13_2_3 like Mac OS X) AppleWebKit/605.1.15 (KHTML, like Gecko) Version/13.0.3 Mobile/15E148 Safari/604.1"
36.133.115.36 - - [24/Aug/2025:11:03:18 +0800] "POST /wp-cron.php?doing_wp_cron=1756004598.5375499725341796875000 HTTP/1.1" 200 31 "-" "WordPress/6.8.2; http://cqqizhou.com"
149.50.103.48 - - [24/Aug/2025:11:03:18 +0800] "GET / HTTP/1.1" 200 33396 "-" "Mozilla/5.0 (Windows NT 10.0; Win64; x64) AppleWebKit/537.36 (KHTML, like Gecko) Chrome/90.0.4430.85 Safari/537.36 Edg/90.0.818.46"
183.207.48.156 - - [24/Aug/2025:11:06:54 +0800] "GET / HTTP/1.1" 200 39302 "-" "Mozilla/5.0 (Windows NT 10.0; Win64; x64) AppleWebKit/537.36 (KHTML, like Gecko) Chrome/107.0.0.0 Safari/537.36"
36.133.115.36 - - [24/Aug/2025:11:06:56 +0800] "POST /wp-cron.php?doing_wp_cron=1756004816.7626750469207763671875 HTTP/1.1" 200 31 "-" "WordPress/6.8.2; http://cqqizhou.com"
183.207.48.156 - - [24/Aug/2025:11:06:56 +0800] "GET /wp-json/oembed/1.0/embed?url=http%3A%2F%2Fcqqizhou.com%2F HTTP/1.1" 200 1097 "-" "Mozilla/5.0 (Windows NT 10.0; Win64; x64) AppleWebKit/537.36 (KHTML, like Gecko) Chrome/107.0.0.0 Safari/537.36"
183.207.48.156 - - [24/Aug/2025:11:06:58 +0800] "GET /comments/feed/ HTTP/1.1" 200 704 "-" "Mozilla/5.0 (Windows NT 10.0; Win64; x64) AppleWebKit/537.36 (KHTML, like Gecko) Chrome/107.0.0.0 Safari/537.36"
183.207.48.156 - - [24/Aug/2025:11:06:58 +0800] "GET /feed/ HTTP/1.1" 200 84160 "-" "Mozilla/5.0 (Windows NT 10.0; Win64; x64) AppleWebKit/537.36 (KHTML, like Gecko) Chrome/107.0.0.0 Safari/537.36"
183.207.48.156 - - [24/Aug/2025:11:07:00 +0800] "GET /2159/ HTTP/1.1" 200 28854 "-" "Mozilla/5.0 (Windows NT 10.0; Win64; x64) AppleWebKit/537.36 (KHTML, like Gecko) Chrome/107.0.0.0 Safari/537.36"
183.207.48.156 - - [24/Aug/2025:11:07:01 +0800] "GET /industry/ HTTP/1.1" 200 21814 "-" "Mozilla/5.0 (Windows NT 10.0; Win64; x64) AppleWebKit/537.36 (KHTML, like Gecko) Chrome/107.0.0.0 Safari/537.36"
183.207.48.156 - - [24/Aug/2025:11:07:02 +0800] "GET /2160/ HTTP/1.1" 200 29857 "-" "Mozilla/5.0 (Windows NT 10.0; Win64; x64) AppleWebKit/537.36 (KHTML, like Gecko) Chrome/107.0.0.0 Safari/537.36"
183.207.48.156 - - [24/Aug/2025:11:07:03 +0800] "GET /2162/ HTTP/1.1" 200 25302 "-" "Mozilla/5.0 (Windows NT 10.0; Win64; x64) AppleWebKit/537.36 (KHTML, like Gecko) Chrome/107.0.0.0 Safari/537.36"
183.207.48.156 - - [24/Aug/2025:11:07:04 +0800] "GET /2163/ HTTP/1.1" 200 23916 "-" "Mozilla/5.0 (Windows NT 10.0; Win64; x64) AppleWebKit/537.36 (KHTML, like Gecko) Chrome/107.0.0.0 Safari/537.36"
183.207.48.156 - - [24/Aug/2025:11:07:04 +0800] "GET /policy/ HTTP/1.1" 200 23496 "-" "Mozilla/5.0 (Windows NT 10.0; Win64; x64) AppleWebKit/537.36 (KHTML, like Gecko) Chrome/107.0.0.0 Safari/537.36"
183.207.48.156 - - [24/Aug/2025:11:07:05 +0800] "GET /2164/ HTTP/1.1" 200 23655 "-" "Mozilla/5.0 (Windows NT 10.0; Win64; x64) AppleWebKit/537.36 (KHTML, like Gecko) Chrome/107.0.0.0 Safari/537.36"
183.207.48.156 - - [24/Aug/2025:11:07:06 +0800] "GET /Material.html HTTP/1.1" 404 8990 "-" "Mozilla/5.0 (Windows NT 10.0; Win64; x64) AppleWebKit/537.36 (KHTML, like Gecko) Chrome/107.0.0.0 Safari/537.36"
183.207.48.156 - - [24/Aug/2025:11:07:07 +0800] "GET /portfolio-category/remaining-rolls/ HTTP/1.1" 200 20780 "-" "Mozilla/5.0 (Windows NT 10.0; Win64; x64) AppleWebKit/537.36 (KHTML, like Gecko) Chrome/107.0.0.0 Safari/537.36"
183.207.48.156 - - [24/Aug/2025:11:07:08 +0800] "GET /portfolio/remaining-rolls/ HTTP/1.1" 200 22075 "-" "Mozilla/5.0 (Windows NT 10.0; Win64; x64) AppleWebKit/537.36 (KHTML, like Gecko) Chrome/107.0.0.0 Safari/537.36"
183.207.48.156 - - [24/Aug/2025:11:07:09 +0800] "GET /portfolio-category/hot-dip-galvanized-coil/ HTTP/1.1" 200 20806 "-" "Mozilla/5.0 (Windows NT 10.0; Win64; x64) AppleWebKit/537.36 (KHTML, like Gecko) Chrome/107.0.0.0 Safari/537.36"
183.207.48.156 - - [24/Aug/2025:11:07:10 +0800] "GET /portfolio/hot-dip-galvanized-coil/ HTTP/1.1" 200 22214 "-" "Mozilla/5.0 (Windows NT 10.0; Win64; x64) AppleWebKit/537.36 (KHTML, like Gecko) Chrome/107.0.0.0 Safari/537.36"
183.207.48.156 - - [24/Aug/2025:11:07:11 +0800] "GET /portfolio-category/dual-phase-steel/ HTTP/1.1" 200 20810 "-" "Mozilla/5.0 (Windows NT 10.0; Win64; x64) AppleWebKit/537.36 (KHTML, like Gecko) Chrome/107.0.0.0 Safari/537.36"
183.207.48.156 - - [24/Aug/2025:11:07:11 +0800] "GET /portfolio/duplex-stainless-steel/ HTTP/1.1" 200 22063 "-" "Mozilla/5.0 (Windows NT 10.0; Win64; x64) AppleWebKit/537.36 (KHTML, like Gecko) Chrome/107.0.0.0 Safari/537.36"
183.207.48.156 - - [24/Aug/2025:11:07:12 +0800] "GET /portfolio-category/cold-rolled-coil/ HTTP/1.1" 200 20827 "-" "Mozilla/5.0 (Windows NT 10.0; Win64; x64) AppleWebKit/537.36 (KHTML, like Gecko) Chrome/107.0.0.0 Safari/537.36"
183.207.48.156 - - [24/Aug/2025:11:07:13 +0800] "GET /portfolio/%e5%86%b7%e8%bd%a7%e6%9d%bf/ HTTP/1.1" 200 22027 "-" "Mozilla/5.0 (Windows NT 10.0; Win64; x64) AppleWebKit/537.36 (KHTML, like Gecko) Chrome/107.0.0.0 Safari/537.36"
183.207.48.156 - - [24/Aug/2025:11:07:13 +0800] "GET /contacts/ HTTP/1.1" 200 21624 "-" "Mozilla/5.0 (Windows NT 10.0; Win64; x64) AppleWebKit/537.36 (KHTML, like Gecko) Chrome/107.0.0.0 Safari/537.36"
183.207.48.156 - - [24/Aug/2025:11:07:13 +0800] "GET /news/ HTTP/1.1" 200 25103 "-" "Mozilla/5.0 (Windows NT 10.0; Win64; x64) AppleWebKit/537.36 (KHTML, like Gecko) Chrome/107.0.0.0 Safari/537.36"
183.207.48.156 - - [24/Aug/2025:11:07:14 +0800] "GET /logistics/ HTTP/1.1" 200 22334 "-" "Mozilla/5.0 (Windows NT 10.0; Win64; x64) AppleWebKit/537.36 (KHTML, like Gecko) Chrome/107.0.0.0 Safari/537.36"
183.207.48.156 - - [24/Aug/2025:11:07:15 +0800] "GET /services/ HTTP/1.1" 200 25456 "-" "Mozilla/5.0 (Windows NT 10.0; Win64; x64) AppleWebKit/537.36 (KHTML, like Gecko) Chrome/107.0.0.0 Safari/537.36"
183.207.48.156 - - [24/Aug/2025:11:07:16 +0800] "GET /about/ HTTP/1.1" 200 30035 "-" "Mozilla/5.0 (Windows NT 10.0; Win64; x64) AppleWebKit/537.36 (KHTML, like Gecko) Chrome/107.0.0.0 Safari/537.36"
183.207.48.156 - - [24/Aug/2025:11:07:16 +0800] "GET / HTTP/1.1" 200 39302 "-" "Mozilla/5.0 (Windows NT 10.0; Win64; x64) AppleWebKit/537.36 (KHTML, like Gecko) Chrome/107.0.0.0 Safari/537.36"
183.207.48.156 - - [24/Aug/2025:11:07:16 +0800] "GET /wp-content/uploads/2025/07/1753454299-Article_images_W900px.webp HTTP/1.1" 200 52418 "-" "Mozilla/5.0 (Windows NT 10.0; Win64; x64) AppleWebKit/537.36 (KHTML, like Gecko) Chrome/107.0.0.0 Safari/537.36"
183.207.48.156 - - [24/Aug/2025:11:07:16 +0800] "GET /wp-content/uploads/2025/07/1753454089-Article_images_W900px.webp HTTP/1.1" 200 27552 "-" "Mozilla/5.0 (Windows NT 10.0; Win64; x64) AppleWebKit/537.36 (KHTML, like Gecko) Chrome/107.0.0.0 Safari/537.36"
183.207.48.156 - - [24/Aug/2025:11:07:16 +0800] "GET /wp-content/uploads/2025/07/1753453127-%E4%BD%99%E5%8D%B7product_Single600%C3%97284.webp HTTP/1.1" 200 18744 "-" "Mozilla/5.0 (Windows NT 10.0; Win64; x64) AppleWebKit/537.36 (KHTML, like Gecko) Chrome/107.0.0.0 Safari/537.36"
183.207.48.156 - - [24/Aug/2025:11:07:16 +0800] "GET /wp-content/uploads/2025/07/1753456770-%E7%83%AD%E9%95%80%E9%94%8C%E5%8D%B7product_Single600.webp HTTP/1.1" 200 27502 "-" "Mozilla/5.0 (Windows NT 10.0; Win64; x64) AppleWebKit/537.36 (KHTML, like Gecko) Chrome/107.0.0.0 Safari/537.36"
183.207.48.156 - - [24/Aug/2025:11:07:16 +0800] "GET /wp-content/uploads/2025/07/1753453096-%E5%8F%8C%E7%9B%B8%E9%92%A2product_Single600%C3%97284.webp HTTP/1.1" 200 14562 "-" "Mozilla/5.0 (Windows NT 10.0; Win64; x64) AppleWebKit/537.36 (KHTML, like Gecko) Chrome/107.0.0.0 Safari/537.36"
183.207.48.156 - - [24/Aug/2025:11:07:16 +0800] "GET /wp-content/uploads/2025/07/1753456723-%E5%8F%8C%E7%9B%B8%E9%92%A2roduct_Single600.webp HTTP/1.1" 200 22790 "-" "Mozilla/5.0 (Windows NT 10.0; Win64; x64) AppleWebKit/537.36 (KHTML, like Gecko) Chrome/107.0.0.0 Safari/537.36"
183.207.48.156 - - [24/Aug/2025:11:07:16 +0800] "GET /wp-content/uploads/2025/07/1751425283-qizhou.kf_.qq_.com_.webp HTTP/1.1" 200 16864 "-" "Mozilla/5.0 (Windows NT 10.0; Win64; x64) AppleWebKit/537.36 (KHTML, like Gecko) Chrome/107.0.0.0 Safari/537.36"
183.207.48.156 - - [24/Aug/2025:11:07:16 +0800] "GET /wp-content/uploads/2025/07/1753587901-Slider_3840%C3%972160_20250727-scaled.webp HTTP/1.1" 200 141034 "-" "Mozilla/5.0 (Windows NT 10.0; Win64; x64) AppleWebKit/537.36 (KHTML, like Gecko) Chrome/107.0.0.0 Safari/537.36"
183.207.48.156 - - [24/Aug/2025:11:07:16 +0800] "GET /wp-content/uploads/revslider/slider-1/1750861156-logistics_Slider_3840%C3%972160_20250625191356-scaled.webp HTTP/1.1" 200 197360 "-" "Mozilla/5.0 (Windows NT 10.0; Win64; x64) AppleWebKit/537.36 (KHTML, like Gecko) Chrome/107.0.0.0 Safari/537.36"
183.207.48.156 - - [24/Aug/2025:11:07:16 +0800] "GET /wp-content/uploads/revslider/slider-1/1750929639-yuanjing_Slider_3840%C3%972160_20250626171955-scaled.webp HTTP/1.1" 200 203290 "-" "Mozilla/5.0 (Windows NT 10.0; Win64; x64) AppleWebKit/537.36 (KHTML, like Gecko) Chrome/107.0.0.0 Safari/537.36"
36.133.115.36 - - [24/Aug/2025:11:08:41 +0800] "POST /wp-cron.php?doing_wp_cron=1756004921.4631500244140625000000 HTTP/1.1" 200 31 "-" "WordPress/6.8.2; http://cqqizhou.com"
91.224.92.17 - - [24/Aug/2025:11:09:00 +0800] "GET / HTTP/1.1" 200 109837 "-" "-"
36.133.115.36 - - [24/Aug/2025:11:11:54 +0800] "POST /wp-cron.php?doing_wp_cron=1756005114.3651371002197265625000 HTTP/1.1" 200 31 "-" "WordPress/6.8.2; http://cqqizhou.com"
120.24.227.139 - - [24/Aug/2025:11:11:54 +0800] "GET / HTTP/1.1" 301 5 "-" "Mozilla/5.0 (Windows NT 10.0; Win64; x64) AppleWebKit/537.36 (KHTML, like Gecko) Chrome/88.0.4240.193 Safari/537.36"
120.24.227.139 - - [24/Aug/2025:11:11:54 +0800] "GET / HTTP/1.1" 200 165624 "-" "Mozilla/5.0 (Windows NT 10.0; Win64; x64) AppleWebKit/537.36 (KHTML, like Gecko) Chrome/88.0.4240.193 Safari/537.36"
120.24.227.139 - - [24/Aug/2025:11:11:55 +0800] "GET //wp-includes/wlwmanifest.xml HTTP/1.1" 301 5 "-" "Mozilla/5.0 (Windows NT 10.0; Win64; x64) AppleWebKit/537.36 (KHTML, like Gecko) Chrome/88.0.4240.193 Safari/537.36"
120.24.227.139 - - [24/Aug/2025:11:11:56 +0800] "GET //xmlrpc.php?rsd HTTP/1.1" 200 700 "-" "Mozilla/5.0 (Windows NT 10.0; Win64; x64) AppleWebKit/537.36 (KHTML, like Gecko) Chrome/88.0.4240.193 Safari/537.36"
120.24.227.139 - - [24/Aug/2025:11:11:57 +0800] "GET //?author=1 HTTP/1.1" 301 5 "-" "Mozilla/5.0 (Windows NT 10.0; Win64; x64) AppleWebKit/537.36 (KHTML, like Gecko) Chrome/88.0.4240.193 Safari/537.36"
120.24.227.139 - - [24/Aug/2025:11:11:58 +0800] "GET //?author=2 HTTP/1.1" 301 5 "-" "Mozilla/5.0 (Windows NT 10.0; Win64; x64) AppleWebKit/537.36 (KHTML, like Gecko) Chrome/88.0.4240.193 Safari/537.36"
120.24.227.139 - - [24/Aug/2025:11:11:58 +0800] "GET //?author=3 HTTP/1.1" 301 5 "-" "Mozilla/5.0 (Windows NT 10.0; Win64; x64) AppleWebKit/537.36 (KHTML, like Gecko) Chrome/88.0.4240.193 Safari/537.36"
120.24.227.139 - - [24/Aug/2025:11:11:59 +0800] "GET //wp-json/wp/v2/users/ HTTP/1.1" 200 498 "-" "Mozilla/5.0 (Windows NT 10.0; Win64; x64) AppleWebKit/537.36 (KHTML, like Gecko) Chrome/88.0.4240.193 Safari/537.36"
120.24.227.139 - - [24/Aug/2025:11:12:01 +0800] "POST //xmlrpc.php HTTP/1.1" 200 415 "-" "Mozilla/5.0 (Windows NT 10.0; Win64; x64) AppleWebKit/537.36 (KHTML, like Gecko) Chrome/88.0.4240.193 Safari/537.36"
120.24.227.139 - - [24/Aug/2025:11:12:05 +0800] "POST //xmlrpc.php HTTP/1.1" 200 415 "-" "Mozilla/5.0 (Windows NT 10.0; Win64; x64) AppleWebKit/537.36 (KHTML, like Gecko) Chrome/88.0.4240.193 Safari/537.36"
36.133.115.36 - - [24/Aug/2025:11:15:12 +0800] "POST /wp-cron.php?doing_wp_cron=1756005312.3459119796752929687500 HTTP/1.1" 200 31 "-" "WordPress/6.8.2; http://cqqizhou.com"
91.224.92.14 - - [24/Aug/2025:11:15:12 +0800] "GET / HTTP/1.1" 200 33395 "-" "Mozilla/5.0 (Windows NT 10.0; Win64; x64) AppleWebKit/537.36 (KHTML, like Gecko) Chrome/90.0.4430.85 Safari/537.36 Edg/90.0.818.46"
183.207.45.109 - - [24/Aug/2025:11:49:38 +0800] "GET / HTTP/1.1" 200 39302 "-" "Mozilla/5.0 (Windows NT 10.0; Win64; x64) AppleWebKit/537.36 (KHTML, like Gecko) Chrome/107.0.0.0 Safari/537.36"
36.133.115.36 - - [24/Aug/2025:11:49:40 +0800] "POST /wp-cron.php?doing_wp_cron=1756007380.6132509708404541015625 HTTP/1.1" 200 31 "-" "WordPress/6.8.2; http://cqqizhou.com"
183.207.45.109 - - [24/Aug/2025:11:49:40 +0800] "GET /wp-json/oembed/1.0/embed?url=http%3A%2F%2Fcqqizhou.com%2F HTTP/1.1" 200 1095 "-" "Mozilla/5.0 (Windows NT 10.0; Win64; x64) AppleWebKit/537.36 (KHTML, like Gecko) Chrome/107.0.0.0 Safari/537.36"
183.207.45.109 - - [24/Aug/2025:11:49:42 +0800] "GET /comments/feed/ HTTP/1.1" 200 704 "-" "Mozilla/5.0 (Windows NT 10.0; Win64; x64) AppleWebKit/537.36 (KHTML, like Gecko) Chrome/107.0.0.0 Safari/537.36"
183.207.45.109 - - [24/Aug/2025:11:49:42 +0800] "GET /feed/ HTTP/1.1" 200 84160 "-" "Mozilla/5.0 (Windows NT 10.0; Win64; x64) AppleWebKit/537.36 (KHTML, like Gecko) Chrome/107.0.0.0 Safari/537.36"
183.207.45.109 - - [24/Aug/2025:11:49:43 +0800] "GET /bug HTTP/1.1" 301 5 "-" "Mozilla/5.0 (Windows NT 10.0; Win64; x64) AppleWebKit/537.36 (KHTML, like Gecko) Chrome/107.0.0.0 Safari/537.36"
183.207.45.109 - - [24/Aug/2025:11:49:44 +0800] "GET /bug/ HTTP/1.1" 200 13431 "-" "Mozilla/5.0 (Windows NT 10.0; Win64; x64) AppleWebKit/537.36 (KHTML, like Gecko) Chrome/107.0.0.0 Safari/537.36"
183.207.45.109 - - [24/Aug/2025:11:49:44 +0800] "GET /2159/ HTTP/1.1" 200 28874 "-" "Mozilla/5.0 (Windows NT 10.0; Win64; x64) AppleWebKit/537.36 (KHTML, like Gecko) Chrome/107.0.0.0 Safari/537.36"
183.207.45.109 - - [24/Aug/2025:11:49:44 +0800] "GET /industry/ HTTP/1.1" 200 21833 "-" "Mozilla/5.0 (Windows NT 10.0; Win64; x64) AppleWebKit/537.36 (KHTML, like Gecko) Chrome/107.0.0.0 Safari/537.36"
183.207.45.109 - - [24/Aug/2025:11:49:44 +0800] "GET /2160/ HTTP/1.1" 200 29875 "-" "Mozilla/5.0 (Windows NT 10.0; Win64; x64) AppleWebKit/537.36 (KHTML, like Gecko) Chrome/107.0.0.0 Safari/537.36"
183.207.45.109 - - [24/Aug/2025:11:49:44 +0800] "GET /2162/ HTTP/1.1" 200 25322 "-" "Mozilla/5.0 (Windows NT 10.0; Win64; x64) AppleWebKit/537.36 (KHTML, like Gecko) Chrome/107.0.0.0 Safari/537.36"
183.207.45.109 - - [24/Aug/2025:11:49:45 +0800] "GET /2163/ HTTP/1.1" 200 23935 "-" "Mozilla/5.0 (Windows NT 10.0; Win64; x64) AppleWebKit/537.36 (KHTML, like Gecko) Chrome/107.0.0.0 Safari/537.36"
183.207.45.109 - - [24/Aug/2025:11:49:45 +0800] "GET /policy/ HTTP/1.1" 200 23514 "-" "Mozilla/5.0 (Windows NT 10.0; Win64; x64) AppleWebKit/537.36 (KHTML, like Gecko) Chrome/107.0.0.0 Safari/537.36"
183.207.45.109 - - [24/Aug/2025:11:49:45 +0800] "GET /2164/ HTTP/1.1" 200 23674 "-" "Mozilla/5.0 (Windows NT 10.0; Win64; x64) AppleWebKit/537.36 (KHTML, like Gecko) Chrome/107.0.0.0 Safari/537.36"
183.207.45.109 - - [24/Aug/2025:11:49:45 +0800] "GET /Material.html HTTP/1.1" 404 8989 "-" "Mozilla/5.0 (Windows NT 10.0; Win64; x64) AppleWebKit/537.36 (KHTML, like Gecko) Chrome/107.0.0.0 Safari/537.36"
36.133.115.36 - - [24/Aug/2025:11:49:46 +0800] "POST /wp-cron.php?doing_wp_cron=1756007386.5047209262847900390625 HTTP/1.1" 200 31 "-" "WordPress/6.8.2; http://cqqizhou.com"
183.207.45.109 - - [24/Aug/2025:11:49:46 +0800] "GET /logistics HTTP/1.1" 301 5 "-" "Mozilla/5.0 (Windows NT 10.0; Win64; x64) AppleWebKit/537.36 (KHTML, like Gecko) Chrome/107.0.0.0 Safari/537.36"
183.207.45.109 - - [24/Aug/2025:11:49:46 +0800] "GET /logistics/ HTTP/1.1" 200 22357 "-" "Mozilla/5.0 (Windows NT 10.0; Win64; x64) AppleWebKit/537.36 (KHTML, like Gecko) Chrome/107.0.0.0 Safari/537.36"
183.207.45.109 - - [24/Aug/2025:11:49:47 +0800] "GET /services HTTP/1.1" 301 5 "-" "Mozilla/5.0 (Windows NT 10.0; Win64; x64) AppleWebKit/537.36 (KHTML, like Gecko) Chrome/107.0.0.0 Safari/537.36"
183.207.45.109 - - [24/Aug/2025:11:49:47 +0800] "GET /services/ HTTP/1.1" 200 25476 "-" "Mozilla/5.0 (Windows NT 10.0; Win64; x64) AppleWebKit/537.36 (KHTML, like Gecko) Chrome/107.0.0.0 Safari/537.36"
183.207.45.109 - - [24/Aug/2025:11:49:47 +0800] "GET / HTTP/1.1" 200 39302 "-" "Mozilla/5.0 (Windows NT 10.0; Win64; x64) AppleWebKit/537.36 (KHTML, like Gecko) Chrome/107.0.0.0 Safari/537.36"
183.207.45.109 - - [24/Aug/2025:11:49:47 +0800] "GET /portfolio-category/remaining-rolls/ HTTP/1.1" 200 20799 "-" "Mozilla/5.0 (Windows NT 10.0; Win64; x64) AppleWebKit/537.36 (KHTML, like Gecko) Chrome/107.0.0.0 Safari/537.36"
183.207.45.109 - - [24/Aug/2025:11:49:47 +0800] "GET /portfolio/remaining-rolls/ HTTP/1.1" 200 22094 "-" "Mozilla/5.0 (Windows NT 10.0; Win64; x64) AppleWebKit/537.36 (KHTML, like Gecko) Chrome/107.0.0.0 Safari/537.36"
183.207.45.109 - - [24/Aug/2025:11:49:47 +0800] "GET /portfolio-category/hot-dip-galvanized-coil/ HTTP/1.1" 200 20825 "-" "Mozilla/5.0 (Windows NT 10.0; Win64; x64) AppleWebKit/537.36 (KHTML, like Gecko) Chrome/107.0.0.0 Safari/537.36"
183.207.45.109 - - [24/Aug/2025:11:49:47 +0800] "GET /portfolio/hot-dip-galvanized-coil/ HTTP/1.1" 200 22233 "-" "Mozilla/5.0 (Windows NT 10.0; Win64; x64) AppleWebKit/537.36 (KHTML, like Gecko) Chrome/107.0.0.0 Safari/537.36"
183.207.45.109 - - [24/Aug/2025:11:49:47 +0800] "GET /portfolio-category/dual-phase-steel/ HTTP/1.1" 200 20828 "-" "Mozilla/5.0 (Windows NT 10.0; Win64; x64) AppleWebKit/537.36 (KHTML, like Gecko) Chrome/107.0.0.0 Safari/537.36"
183.207.45.109 - - [24/Aug/2025:11:49:47 +0800] "GET /portfolio/duplex-stainless-steel/ HTTP/1.1" 200 22083 "-" "Mozilla/5.0 (Windows NT 10.0; Win64; x64) AppleWebKit/537.36 (KHTML, like Gecko) Chrome/107.0.0.0 Safari/537.36"
183.207.45.109 - - [24/Aug/2025:11:49:47 +0800] "GET /portfolio-category/cold-rolled-coil/ HTTP/1.1" 200 20846 "-" "Mozilla/5.0 (Windows NT 10.0; Win64; x64) AppleWebKit/537.36 (KHTML, like Gecko) Chrome/107.0.0.0 Safari/537.36"
183.207.45.109 - - [24/Aug/2025:11:49:47 +0800] "GET /portfolio/%e5%86%b7%e8%bd%a7%e6%9d%bf/ HTTP/1.1" 200 22046 "-" "Mozilla/5.0 (Windows NT 10.0; Win64; x64) AppleWebKit/537.36 (KHTML, like Gecko) Chrome/107.0.0.0 Safari/537.36"
183.207.45.109 - - [24/Aug/2025:11:49:47 +0800] "GET / HTTP/1.1" 200 39302 "-" "Mozilla/5.0 (Windows NT 10.0; Win64; x64) AppleWebKit/537.36 (KHTML, like Gecko) Chrome/107.0.0.0 Safari/537.36"
183.207.45.109 - - [24/Aug/2025:11:49:48 +0800] "GET / HTTP/1.1" 200 39302 "-" "Mozilla/5.0 (Windows NT 10.0; Win64; x64) AppleWebKit/537.36 (KHTML, like Gecko) Chrome/107.0.0.0 Safari/537.36"
183.207.45.109 - - [24/Aug/2025:11:49:48 +0800] "GET / HTTP/1.1" 200 39302 "-" "Mozilla/5.0 (Windows NT 10.0; Win64; x64) AppleWebKit/537.36 (KHTML, like Gecko) Chrome/107.0.0.0 Safari/537.36"
183.207.45.109 - - [24/Aug/2025:11:49:48 +0800] "GET / HTTP/1.1" 200 39302 "-" "Mozilla/5.0 (Windows NT 10.0; Win64; x64) AppleWebKit/537.36 (KHTML, like Gecko) Chrome/107.0.0.0 Safari/537.36"
183.207.45.109 - - [24/Aug/2025:11:49:48 +0800] "GET /contacts/ HTTP/1.1" 200 21624 "-" "Mozilla/5.0 (Windows NT 10.0; Win64; x64) AppleWebKit/537.36 (KHTML, like Gecko) Chrome/107.0.0.0 Safari/537.36"
183.207.45.109 - - [24/Aug/2025:11:49:48 +0800] "GET /news/ HTTP/1.1" 200 25103 "-" "Mozilla/5.0 (Windows NT 10.0; Win64; x64) AppleWebKit/537.36 (KHTML, like Gecko) Chrome/107.0.0.0 Safari/537.36"
183.207.45.109 - - [24/Aug/2025:11:49:48 +0800] "GET /logistics/ HTTP/1.1" 200 22357 "-" "Mozilla/5.0 (Windows NT 10.0; Win64; x64) AppleWebKit/537.36 (KHTML, like Gecko) Chrome/107.0.0.0 Safari/537.36"
183.207.45.109 - - [24/Aug/2025:11:49:48 +0800] "GET /services/ HTTP/1.1" 200 25476 "-" "Mozilla/5.0 (Windows NT 10.0; Win64; x64) AppleWebKit/537.36 (KHTML, like Gecko) Chrome/107.0.0.0 Safari/537.36"
183.207.45.109 - - [24/Aug/2025:11:49:48 +0800] "GET /about/ HTTP/1.1" 200 30035 "-" "Mozilla/5.0 (Windows NT 10.0; Win64; x64) AppleWebKit/537.36 (KHTML, like Gecko) Chrome/107.0.0.0 Safari/537.36"
183.207.45.109 - - [24/Aug/2025:11:49:48 +0800] "GET / HTTP/1.1" 200 39302 "-" "Mozilla/5.0 (Windows NT 10.0; Win64; x64) AppleWebKit/537.36 (KHTML, like Gecko) Chrome/107.0.0.0 Safari/537.36"
183.207.45.109 - - [24/Aug/2025:11:49:48 +0800] "GET /wp-content/uploads/2025/07/1753454299-Article_images_W900px.webp HTTP/1.1" 200 52418 "-" "Mozilla/5.0 (Windows NT 10.0; Win64; x64) AppleWebKit/537.36 (KHTML, like Gecko) Chrome/107.0.0.0 Safari/537.36"
183.207.45.109 - - [24/Aug/2025:11:49:48 +0800] "GET /wp-content/uploads/2025/07/1753454089-Article_images_W900px.webp HTTP/1.1" 200 27552 "-" "Mozilla/5.0 (Windows NT 10.0; Win64; x64) AppleWebKit/537.36 (KHTML, like Gecko) Chrome/107.0.0.0 Safari/537.36"
183.207.45.109 - - [24/Aug/2025:11:49:48 +0800] "GET /wp-content/uploads/2025/07/1753453127-%E4%BD%99%E5%8D%B7product_Single600%C3%97284.webp HTTP/1.1" 200 18744 "-" "Mozilla/5.0 (Windows NT 10.0; Win64; x64) AppleWebKit/537.36 (KHTML, like Gecko) Chrome/107.0.0.0 Safari/537.36"
183.207.45.109 - - [24/Aug/2025:11:49:48 +0800] "GET /wp-content/uploads/2025/07/1753456770-%E7%83%AD%E9%95%80%E9%94%8C%E5%8D%B7product_Single600.webp HTTP/1.1" 200 27502 "-" "Mozilla/5.0 (Windows NT 10.0; Win64; x64) AppleWebKit/537.36 (KHTML, like Gecko) Chrome/107.0.0.0 Safari/537.36"
183.207.45.109 - - [24/Aug/2025:11:49:48 +0800] "GET /wp-content/uploads/2025/07/1753453096-%E5%8F%8C%E7%9B%B8%E9%92%A2product_Single600%C3%97284.webp HTTP/1.1" 200 14562 "-" "Mozilla/5.0 (Windows NT 10.0; Win64; x64) AppleWebKit/537.36 (KHTML, like Gecko) Chrome/107.0.0.0 Safari/537.36"
183.207.45.109 - - [24/Aug/2025:11:49:48 +0800] "GET /wp-content/uploads/2025/07/1753456723-%E5%8F%8C%E7%9B%B8%E9%92%A2roduct_Single600.webp HTTP/1.1" 200 22790 "-" "Mozilla/5.0 (Windows NT 10.0; Win64; x64) AppleWebKit/537.36 (KHTML, like Gecko) Chrome/107.0.0.0 Safari/537.36"
183.207.45.109 - - [24/Aug/2025:11:49:48 +0800] "GET /wp-content/uploads/2025/07/1751425283-qizhou.kf_.qq_.com_.webp HTTP/1.1" 200 16864 "-" "Mozilla/5.0 (Windows NT 10.0; Win64; x64) AppleWebKit/537.36 (KHTML, like Gecko) Chrome/107.0.0.0 Safari/537.36"
183.207.45.109 - - [24/Aug/2025:11:49:48 +0800] "GET /wp-content/uploads/2025/07/1753587901-Slider_3840%C3%972160_20250727-scaled.webp HTTP/1.1" 200 141034 "-" "Mozilla/5.0 (Windows NT 10.0; Win64; x64) AppleWebKit/537.36 (KHTML, like Gecko) Chrome/107.0.0.0 Safari/537.36"
183.207.45.109 - - [24/Aug/2025:11:49:49 +0800] "GET /wp-content/uploads/revslider/slider-1/1750861156-logistics_Slider_3840%C3%972160_20250625191356-scaled.webp HTTP/1.1" 200 197360 "-" "Mozilla/5.0 (Windows NT 10.0; Win64; x64) AppleWebKit/537.36 (KHTML, like Gecko) Chrome/107.0.0.0 Safari/537.36"
183.207.45.109 - - [24/Aug/2025:11:49:49 +0800] "GET /wp-content/uploads/revslider/slider-1/1750929639-yuanjing_Slider_3840%C3%972160_20250626171955-scaled.webp HTTP/1.1" 200 203290 "-" "Mozilla/5.0 (Windows NT 10.0; Win64; x64) AppleWebKit/537.36 (KHTML, like Gecko) Chrome/107.0.0.0 Safari/537.36"
183.207.45.109 - - [24/Aug/2025:11:49:49 +0800] "GET /bug HTTP/1.1" 301 5 "-" "Mozilla/5.0 (Windows NT 10.0; Win64; x64) AppleWebKit/537.36 (KHTML, like Gecko) Chrome/107.0.0.0 Safari/537.36"
183.207.45.109 - - [24/Aug/2025:11:49:49 +0800] "GET /bug/ HTTP/1.1" 200 13446 "-" "Mozilla/5.0 (Windows NT 10.0; Win64; x64) AppleWebKit/537.36 (KHTML, like Gecko) Chrome/107.0.0.0 Safari/537.36"
36.133.115.36 - - [24/Aug/2025:11:58:27 +0800] "POST /wp-cron.php?doing_wp_cron=1756007907.1241900920867919921875 HTTP/1.1" 200 31 "-" "WordPress/6.8.2; http://cqqizhou.com"
91.224.92.17 - - [24/Aug/2025:11:58:46 +0800] "GET / HTTP/1.1" 200 96805 "-" "-"
36.133.115.36 - - [24/Aug/2025:12:05:48 +0800] "POST /wp-cron.php?doing_wp_cron=1756008348.0389299392700195312500 HTTP/1.1" 200 31 "-" "WordPress/6.8.2; http://cqqizhou.com"
114.96.103.33 - - [24/Aug/2025:12:05:48 +0800] "GET / HTTP/1.1" 301 5 "-" "Mozilla/5.0 (iPhone; CPU iPhone OS 13_2_3 like Mac OS X) AppleWebKit/605.1.15 (KHTML, like Gecko) Version/13.0.3 Mobile/15E148 Safari/604.1"
114.96.103.33 - - [24/Aug/2025:12:05:52 +0800] "GET / HTTP/1.1" 200 33396 "http://www.cqqizhou.com" "Mozilla/5.0 (iPhone; CPU iPhone OS 13_2_3 like Mac OS X) AppleWebKit/605.1.15 (KHTML, like Gecko) Version/13.0.3 Mobile/15E148 Safari/604.1"
36.133.115.36 - - [24/Aug/2025:12:07:40 +0800] "POST /wp-cron.php?doing_wp_cron=1756008460.9522800445556640625000 HTTP/1.1" 200 31 "-" "WordPress/6.8.2; http://cqqizhou.com"
149.50.103.48 - - [24/Aug/2025:12:07:41 +0800] "GET / HTTP/1.1" 200 33396 "-" "Mozilla/5.0 (Windows NT 10.0; Win64; x64) AppleWebKit/537.36 (KHTML, like Gecko) Chrome/90.0.4430.85 Safari/537.36 Edg/90.0.818.46"
36.133.115.36 - - [24/Aug/2025:12:14:41 +0800] "POST /wp-cron.php?doing_wp_cron=1756008881.6023828983306884765625 HTTP/1.1" 200 31 "-" "WordPress/6.8.2; http://cqqizhou.com"
77.90.185.47 - - [24/Aug/2025:12:14:41 +0800] "GET /.env.prod HTTP/1.1" 404 8990 "-" "Mozilla/5.0 zgrab/0.x"
45.156.87.165 - - [24/Aug/2025:12:21:02 +0800] "POST /cgi-bin/system_mgr.cgi? HTTP/1.1" 499 0 "-" "Mozilla/5.0 (bang2012@protonmail.com)"
36.133.115.36 - - [24/Aug/2025:12:21:03 +0800] "POST /wp-cron.php?doing_wp_cron=1756009263.0627439022064208984375 HTTP/1.1" 200 31 "-" "WordPress/6.8.2; http://cqqizhou.com"
138.199.19.178 - - [24/Aug/2025:12:49:46 +0800] "GET /wp-content/uploads/ HTTP/1.1" 403 146 "-" "-"
138.199.19.178 - - [24/Aug/2025:12:49:47 +0800] "GET /wp-includes/ HTTP/1.1" 403 146 "-" "-"
138.199.19.178 - - [24/Aug/2025:12:49:48 +0800] "GET /wp-includes/css/ HTTP/1.1" 403 146 "-" "-"
138.199.19.178 - - [24/Aug/2025:12:49:48 +0800] "GET /wp-includes/ID3/ HTTP/1.1" 403 146 "-" "-"
138.199.19.178 - - [24/Aug/2025:12:49:48 +0800] "GET /wp-includes/IXR/ HTTP/1.1" 403 146 "-" "-"
138.199.19.178 - - [24/Aug/2025:12:49:49 +0800] "GET /wp-includes/Requests/ HTTP/1.1" 403 146 "-" "-"
138.199.19.178 - - [24/Aug/2025:12:49:49 +0800] "GET /wp-includes/SimplePie/ HTTP/1.1" 403 146 "-" "-"
138.199.19.178 - - [24/Aug/2025:12:49:50 +0800] "GET /wp-includes/Text/ HTTP/1.1" 403 146 "-" "-"
36.133.115.36 - - [24/Aug/2025:12:49:51 +0800] "POST /wp-cron.php?doing_wp_cron=1756010991.3188979625701904296875 HTTP/1.1" 200 31 "-" "WordPress/6.8.2; http://cqqizhou.com"
138.199.19.178 - - [24/Aug/2025:12:49:51 +0800] "GET /wp-content/mu-plugins-old/ HTTP/1.1" 404 31381 "-" "-"
138.199.19.178 - - [24/Aug/2025:12:49:52 +0800] "GET /wp-content/themes/classic/inc/ HTTP/1.1" 404 31381 "-" "-"
138.199.19.178 - - [24/Aug/2025:12:49:54 +0800] "GET /wp-content/plugins/ninja-forms/ HTTP/1.1" 404 31381 "-" "-"
138.199.19.178 - - [24/Aug/2025:12:49:56 +0800] "GET /wp-content/mu-plugins/ HTTP/1.1" 404 31381 "-" "-"
138.199.19.178 - - [24/Aug/2025:12:49:58 +0800] "GET /wp-includes/Text/Diff/Renderer/ HTTP/1.1" 403 146 "-" "-"
138.199.19.178 - - [24/Aug/2025:12:49:58 +0800] "GET /wp-includes/blocks/ HTTP/1.1" 200 12 "-" "-"
138.199.19.178 - - [24/Aug/2025:12:49:58 +0800] "GET /wp-includes/certificates/ HTTP/1.1" 403 146 "-" "-"
138.199.19.178 - - [24/Aug/2025:12:50:00 +0800] "GET /wp-includes/customize/ HTTP/1.1" 403 146 "-" "-"
138.199.19.178 - - [24/Aug/2025:12:50:00 +0800] "GET /wp-includes/fonts/ HTTP/1.1" 403 146 "-" "-"
138.199.19.178 - - [24/Aug/2025:12:50:00 +0800] "GET /wp-includes/images/ HTTP/1.1" 403 146 "-" "-"
138.199.19.178 - - [24/Aug/2025:12:50:01 +0800] "GET /.well-known/ HTTP/1.1" 404 31381 "-" "-"
138.199.19.178 - - [24/Aug/2025:12:50:04 +0800] "GET /ALFA_DATA/ HTTP/1.1" 404 31381 "-" "-"
138.199.19.178 - - [24/Aug/2025:12:50:06 +0800] "GET /.well-knownold/ HTTP/1.1" 404 31381 "-" "-"
138.199.19.178 - - [24/Aug/2025:12:50:08 +0800] "GET /.well-known/acme-challenge/ HTTP/1.1" 404 31381 "-" "-"
138.199.19.178 - - [24/Aug/2025:12:50:09 +0800] "GET /cgi-bin/ HTTP/1.1" 404 31381 "-" "-"
138.199.19.178 - - [24/Aug/2025:12:50:11 +0800] "GET /index/ HTTP/1.1" 404 31381 "-" "-"
138.199.19.178 - - [24/Aug/2025:12:50:12 +0800] "GET /id/ HTTP/1.1" 404 31381 "-" "-"
138.199.19.178 - - [24/Aug/2025:12:50:14 +0800] "GET /www/ HTTP/1.1" 404 31381 "-" "-"
138.199.19.178 - - [24/Aug/2025:12:50:17 +0800] "GET /web/ HTTP/1.1" 404 31381 "-" "-"
138.199.19.178 - - [24/Aug/2025:12:50:18 +0800] "GET /uploads/ HTTP/1.1" 404 31381 "-" "-"
138.199.19.178 - - [24/Aug/2025:12:50:20 +0800] "GET /upload/ HTTP/1.1" 404 31381 "-" "-"
138.199.19.178 - - [24/Aug/2025:12:50:22 +0800] "GET /admin/uploads/ HTTP/1.1" 404 31381 "-" "-"
138.199.19.178 - - [24/Aug/2025:12:50:25 +0800] "GET /Admin/uploads/ HTTP/1.1" 404 31381 "-" "-"
138.199.19.178 - - [24/Aug/2025:12:50:26 +0800] "GET /admin/ HTTP/1.1" 302 5 "-" "-"
138.199.19.178 - - [24/Aug/2025:12:50:27 +0800] "GET /wp-admin/ HTTP/1.1" 302 5 "-" "-"
138.199.19.178 - - [24/Aug/2025:12:50:29 +0800] "GET /wp-login.php?redirect_to=http%3A%2F%2Fcqqizhou.com%2Fwp-admin%2F&reauth=1 HTTP/1.1" 200 8672 "-" "-"
138.199.19.178 - - [24/Aug/2025:12:50:30 +0800] "GET /images/ HTTP/1.1" 404 31381 "-" "-"
138.199.19.178 - - [24/Aug/2025:12:50:37 +0800] "GET /assets/ HTTP/1.1" 404 31381 "-" "-"
138.199.19.178 - - [24/Aug/2025:12:50:39 +0800] "GET /vendor/phpunit/phpunit/src/Util/PHP/ HTTP/1.1" 404 31381 "-" "-"
138.199.19.178 - - [24/Aug/2025:12:50:41 +0800] "GET /upload/image/ HTTP/1.1" 404 31381 "-" "-"
138.199.19.178 - - [24/Aug/2025:12:50:42 +0800] "GET /assets/images/ HTTP/1.1" 404 31381 "-" "-"
138.199.19.178 - - [24/Aug/2025:12:50:45 +0800] "GET /Public/ HTTP/1.1" 404 31381 "-" "-"
36.133.115.36 - - [24/Aug/2025:12:50:46 +0800] "POST /wp-cron.php?doing_wp_cron=1756011046.3312220573425292968750 HTTP/1.1" 200 31 "-" "WordPress/6.8.2; http://cqqizhou.com"
138.199.19.178 - - [24/Aug/2025:12:50:46 +0800] "GET /vendor/ HTTP/1.1" 404 31381 "-" "-"
138.199.19.178 - - [24/Aug/2025:12:50:47 +0800] "GET /local/ HTTP/1.1" 404 31381 "-" "-"
138.199.19.178 - - [24/Aug/2025:12:50:49 +0800] "GET /modules/ HTTP/1.1" 404 31381 "-" "-"
138.199.19.178 - - [24/Aug/2025:12:50:51 +0800] "GET /Site/ HTTP/1.1" 404 31381 "-" "-"
138.199.19.178 - - [24/Aug/2025:12:50:52 +0800] "GET /system/ HTTP/1.1" 404 31381 "-" "-"
138.199.19.178 - - [24/Aug/2025:12:50:53 +0800] "GET /template/ HTTP/1.1" 404 31381 "-" "-"
138.199.19.178 - - [24/Aug/2025:12:50:54 +0800] "GET /shop/ HTTP/1.1" 200 72204 "-" "-"
138.199.19.178 - - [24/Aug/2025:12:50:57 +0800] "GET /files/ HTTP/1.1" 404 31381 "-" "-"
138.199.19.178 - - [24/Aug/2025:12:50:58 +0800] "GET /admin/editor/ HTTP/1.1" 404 31381 "-" "-"
138.199.19.178 - - [24/Aug/2025:12:50:59 +0800] "GET /include/ HTTP/1.1" 404 31381 "-" "-"
138.199.19.178 - - [24/Aug/2025:12:51:01 +0800] "GET /Assets/ HTTP/1.1" 404 31381 "-" "-"
138.199.19.178 - - [24/Aug/2025:12:51:03 +0800] "GET /images/stories/ HTTP/1.1" 404 31381 "-" "-"
138.199.19.178 - - [24/Aug/2025:12:51:04 +0800] "GET /plugins/ HTTP/1.1" 404 31381 "-" "-"
138.199.19.178 - - [24/Aug/2025:12:51:05 +0800] "GET /php/ HTTP/1.1" 404 31381 "-" "-"
138.199.19.178 - - [24/Aug/2025:12:51:07 +0800] "GET /wp-admin/css/ HTTP/1.1" 403 146 "-" "-"
138.199.19.178 - - [24/Aug/2025:12:51:08 +0800] "GET /wp-content/themes/twentytwenty/ HTTP/1.1" 404 31381 "-" "-"
138.199.19.178 - - [24/Aug/2025:12:51:10 +0800] "GET /wp-content/cache/ HTTP/1.1" 403 146 "-" "-"
138.199.19.178 - - [24/Aug/2025:12:51:10 +0800] "GET /wp-admin/maint/ HTTP/1.1" 403 146 "-" "-"
138.199.19.178 - - [24/Aug/2025:12:51:12 +0800] "GET /wp-content/plugins/akismet/ HTTP/1.1" 404 31381 "-" "-"
138.199.19.178 - - [24/Aug/2025:12:51:14 +0800] "GET /wp-includes/assets/ HTTP/1.1" 403 146 "-" "-"
138.199.19.178 - - [24/Aug/2025:12:51:15 +0800] "GET /wp-includes/block-patterns/ HTTP/1.1" 403 146 "-" "-"
138.199.19.178 - - [24/Aug/2025:12:51:15 +0800] "GET /wp-includes/block-supports/ HTTP/1.1" 403 146 "-" "-"
138.199.19.178 - - [24/Aug/2025:12:51:15 +0800] "GET /wp-includes/html-api/ HTTP/1.1" 403 146 "-" "-"
138.199.19.178 - - [24/Aug/2025:12:51:16 +0800] "GET /wp-includes/js/ HTTP/1.1" 403 146 "-" "-"
138.199.19.178 - - [24/Aug/2025:12:51:16 +0800] "GET /wp-includes/php-compat/ HTTP/1.1" 403 146 "-" "-"
138.199.19.178 - - [24/Aug/2025:12:51:17 +0800] "GET /wp-includes/PHPMailer/ HTTP/1.1" 403 146 "-" "-"
138.199.19.178 - - [24/Aug/2025:12:51:17 +0800] "GET /wp-includes/pomo/ HTTP/1.1" 403 146 "-" "-"
138.199.19.178 - - [24/Aug/2025:12:51:18 +0800] "GET /wp-includes/random_compat/ HTTP/1.1" 404 31381 "-" "-"
138.199.19.178 - - [24/Aug/2025:12:51:19 +0800] "GET /wp-includes/rest-api/ HTTP/1.1" 403 146 "-" "-"
138.199.19.178 - - [24/Aug/2025:12:51:20 +0800] "GET /wp-includes/sitemaps/ HTTP/1.1" 403 146 "-" "-"
138.199.19.178 - - [24/Aug/2025:12:51:21 +0800] "GET /wp-includes/sodium_compat/ HTTP/1.1" 403 146 "-" "-"
138.199.19.178 - - [24/Aug/2025:12:51:22 +0800] "GET /wp-includes/style-engine/ HTTP/1.1" 403 146 "-" "-"
138.199.19.178 - - [24/Aug/2025:12:51:22 +0800] "GET /wp-includes/theme-compat/ HTTP/1.1" 403 146 "-" "-"
138.199.19.178 - - [24/Aug/2025:12:51:23 +0800] "GET /wp-includes/widgets/ HTTP/1.1" 403 146 "-" "-"
138.199.19.178 - - [24/Aug/2025:12:51:24 +0800] "GET /wp-admin/css/colors/ectoplasm/ HTTP/1.1" 403 146 "-" "-"
138.199.19.178 - - [24/Aug/2025:12:51:25 +0800] "GET /wp-admin/css/colors/ HTTP/1.1" 403 146 "-" "-"
138.199.19.178 - - [24/Aug/2025:12:51:26 +0800] "GET /admin/images/slider/ HTTP/1.1" 404 31381 "-" "-"
138.199.19.178 - - [24/Aug/2025:12:51:27 +0800] "GET /admin/fckeditor/editor/filemanager/ HTTP/1.1" 404 31381 "-" "-"
138.199.19.178 - - [24/Aug/2025:12:51:28 +0800] "GET /sites/default/files/ HTTP/1.1" 404 31381 "-" "-"
138.199.19.178 - - [24/Aug/2025:12:51:29 +0800] "GET /admin/controller/extension/extension/ HTTP/1.1" 404 31381 "-" "-"
138.199.19.178 - - [24/Aug/2025:12:51:31 +0800] "GET /modules/mod_simplefileuploadv1.3/elements/ HTTP/1.1" 404 31381 "-" "-"
138.199.19.178 - - [24/Aug/2025:12:51:32 +0800] "GET /components/ HTTP/1.1" 404 31381 "-" "-"
138.199.19.178 - - [24/Aug/2025:12:51:34 +0800] "GET /admin/uploads/images/ HTTP/1.1" 404 31381 "-" "-"
138.199.19.178 - - [24/Aug/2025:12:51:35 +0800] "GET /wp-content/plugins/classic-editor/ HTTP/1.1" 404 31381 "-" "-"
138.199.19.178 - - [24/Aug/2025:12:51:36 +0800] "GET /wp-content/fonts/ HTTP/1.1" 403 146 "-" "-"
138.199.19.178 - - [24/Aug/2025:12:51:37 +0800] "GET /wp-content/plugins/contact-form-7/admin/js/ HTTP/1.1" 404 31381 "-" "-"
138.199.19.178 - - [24/Aug/2025:12:51:39 +0800] "GET /wp-content/plugins/contact-form-7/ HTTP/1.1" 403 146 "-" "-"
138.199.19.178 - - [24/Aug/2025:12:51:41 +0800] "GET /wordpress/ HTTP/1.1" 404 31381 "-" "-"
138.199.19.178 - - [24/Aug/2025:12:51:41 +0800] "GET /wp-admin/images/ HTTP/1.1" 403 146 "-" "-"
138.199.19.178 - - [24/Aug/2025:12:51:42 +0800] "GET /wp-content/plugins/wordpress-seo/js/dist/ HTTP/1.1" 404 31381 "-" "-"
138.199.19.178 - - [24/Aug/2025:12:51:43 +0800] "GET /wp-content/plugins/wordpress-seo/ HTTP/1.1" 404 31381 "-" "-"
138.199.19.178 - - [24/Aug/2025:12:51:45 +0800] "GET /js/ HTTP/1.1" 404 31381 "-" "-"
36.133.115.36 - - [24/Aug/2025:12:51:46 +0800] "POST /wp-cron.php?doing_wp_cron=1756011106.8856430053710937500000 HTTP/1.1" 200 31 "-" "WordPress/6.8.2; http://cqqizhou.com"
138.199.19.178 - - [24/Aug/2025:12:51:46 +0800] "GET /wp-content/plugins/woocommerce/assets/js/ HTTP/1.1" 404 31381 "-" "-"
138.199.19.178 - - [24/Aug/2025:12:51:49 +0800] "GET /wp-content/plugins/woocommerce/ HTTP/1.1" 404 31381 "-" "-"
138.199.19.178 - - [24/Aug/2025:12:51:50 +0800] "GET /wp-admin/meta/ HTTP/1.1" 404 31381 "-" "-"
138.199.19.178 - - [24/Aug/2025:12:51:52 +0800] "GET /wp-admin/network/ HTTP/1.1" 302 5 "-" "-"
138.199.19.178 - - [24/Aug/2025:12:51:53 +0800] "GET /wp-login.php?redirect_to=http%3A%2F%2Fcqqizhou.com%2Fwp-admin%2Fnetwork%2F&reauth=1 HTTP/1.1" 200 8680 "-" "-"
138.199.19.178 - - [24/Aug/2025:12:51:54 +0800] "GET /wp-admin/user/ HTTP/1.1" 302 5 "-" "-"
138.199.19.178 - - [24/Aug/2025:12:51:55 +0800] "GET /wp-login.php?redirect_to=http%3A%2F%2Fcqqizhou.com%2Fwp-admin%2Fuser%2F&reauth=1 HTTP/1.1" 200 8677 "-" "-"
138.199.19.178 - - [24/Aug/2025:12:51:55 +0800] "GET /wp-content/ HTTP/1.1" 200 5 "-" "-"
138.199.19.178 - - [24/Aug/2025:12:51:56 +0800] "GET /wp-content/plugins/ HTTP/1.1" 200 5 "-" "-"
138.199.19.178 - - [24/Aug/2025:12:51:56 +0800] "GET /wp-content/themes/ HTTP/1.1" 200 5 "-" "-"
138.199.19.178 - - [24/Aug/2025:12:51:57 +0800] "GET /wp-admin/includes/ HTTP/1.1" 403 146 "-" "-"
138.199.19.178 - - [24/Aug/2025:12:51:58 +0800] "GET /wp-admin/ HTTP/1.1" 302 5 "-" "-"
138.199.19.178 - - [24/Aug/2025:12:51:59 +0800] "GET /wp-login.php?redirect_to=http%3A%2F%2Fcqqizhou.com%2Fwp-admin%2F&reauth=1 HTTP/1.1" 200 8672 "-" "-"
138.199.19.178 - - [24/Aug/2025:12:51:59 +0800] "GET /wp-content/upgrade/ HTTP/1.1" 403 146 "-" "-"
36.133.115.36 - - [24/Aug/2025:12:59:33 +0800] "POST /wp-cron.php?doing_wp_cron=1756011573.2919220924377441406250 HTTP/1.1" 200 31 "-" "WordPress/6.8.2; http://cqqizhou.com"
185.177.72.144 - - [24/Aug/2025:12:59:33 +0800] "GET / HTTP/1.1" 301 5 "-" "Mozilla/5.0 (Windows NT 10.0; Win64; x64) AppleWebKit/537.36 (KHTML, like Gecko) Chrome/91.0.4472.124 Safari/537.36"
185.177.72.144 - - [24/Aug/2025:12:59:34 +0800] "GET / HTTP/1.1" 200 39302 "-" "Mozilla/5.0 (Windows NT 10.0; Win64; x64) AppleWebKit/537.36 (KHTML, like Gecko) Chrome/91.0.4472.124 Safari/537.36"
