94.26.106.90 - - [20/Apr/2026:14:58:34 +0800] "POST /wp-login.php HTTP/1.1" 200 3053 "http://cqqizhou.com/wp-login.php" "Mozilla/5.0 (X11; Linux x86_64) AppleWebKit/537.36 (KHTML, like Gecko) Chrome/118.0.0.0 Safari/537.36"
94.26.106.90 - - [20/Apr/2026:14:59:00 +0800] "POST /wp-login.php HTTP/1.1" 200 3055 "http://cqqizhou.com/wp-login.php" "Mozilla/5.0 (Macintosh; Intel Mac OS X 10_15_7; rv:119.0) Gecko/20100101 Firefox/119.0"
36.133.115.36 - - [20/Apr/2026:14:59:33 +0800] "POST /wp-cron.php?doing_wp_cron=1776668373.0373859405517578125000 HTTP/1.1" 200 31 "-" "WordPress/6.9; http://cqqizhou.com"
94.26.106.90 - - [20/Apr/2026:14:59:33 +0800] "POST /wp-login.php HTTP/1.1" 200 3055 "http://cqqizhou.com/wp-login.php" "Mozilla/5.0 (Windows NT 10.0; Win64; x64) AppleWebKit/537.36 (KHTML, like Gecko) Chrome/120.0.0.0 Safari/537.36"
36.133.115.36 - - [20/Apr/2026:15:00:34 +0800] "POST /wp-cron.php?doing_wp_cron=1776668434.9367060661315917968750 HTTP/1.1" 200 31 "-" "WordPress/6.9; http://cqqizhou.com"
94.26.106.90 - - [20/Apr/2026:15:00:34 +0800] "POST /wp-login.php HTTP/1.1" 200 3057 "http://cqqizhou.com/wp-login.php" "Mozilla/5.0 (Macintosh; Intel Mac OS X 13_6_1) AppleWebKit/605.1.15 (KHTML, like Gecko) Version/17.0 Safari/605.1.15"
36.133.115.36 - - [20/Apr/2026:15:01:24 +0800] "POST /wp-cron.php?doing_wp_cron=1776668484.2687630653381347656250 HTTP/1.1" 200 31 "-" "WordPress/6.9; http://cqqizhou.com"
94.26.106.90 - - [20/Apr/2026:15:01:24 +0800] "POST /wp-login.php HTTP/1.1" 200 3056 "http://cqqizhou.com/wp-login.php" "Mozilla/5.0 (Windows NT 10.0; Win64; x64) AppleWebKit/537.36 (KHTML, like Gecko) Chrome/121.0.0.0 Safari/537.36"
36.133.115.36 - - [20/Apr/2026:15:02:17 +0800] "POST /wp-cron.php?doing_wp_cron=1776668537.0719490051269531250000 HTTP/1.1" 200 31 "-" "WordPress/6.9; http://cqqizhou.com"
94.26.106.90 - - [20/Apr/2026:15:02:17 +0800] "POST /wp-login.php HTTP/1.1" 200 3056 "http://cqqizhou.com/wp-login.php" "Mozilla/5.0 (Windows NT 11.0; Win64; x64) AppleWebKit/537.36 (KHTML, like Gecko) Chrome/120.0.0.0 Safari/537.36"
94.26.106.90 - - [20/Apr/2026:15:02:45 +0800] "POST /wp-login.php HTTP/1.1" 200 3051 "http://cqqizhou.com/wp-login.php" "Mozilla/5.0 (Macintosh; Intel Mac OS X 10_15_7; rv:120.0) Gecko/20100101 Firefox/120.0"
36.133.115.36 - - [20/Apr/2026:15:03:28 +0800] "POST /wp-cron.php?doing_wp_cron=1776668608.6357779502868652343750 HTTP/1.1" 200 31 "-" "WordPress/6.9; http://cqqizhou.com"
94.26.106.90 - - [20/Apr/2026:15:03:28 +0800] "POST /wp-login.php HTTP/1.1" 200 3053 "http://cqqizhou.com/wp-login.php" "Mozilla/5.0 (X11; Ubuntu; Linux x86_64) AppleWebKit/537.36 (KHTML, like Gecko) Chrome/121.0.0.0 Safari/537.36"
94.26.106.90 - - [20/Apr/2026:15:03:43 +0800] "POST /wp-login.php HTTP/1.1" 200 3001 "http://cqqizhou.com/wp-login.php" "Mozilla/5.0 (Macintosh; Intel Mac OS X 10_15_7) AppleWebKit/605.1.15 (KHTML, like Gecko) Version/16.6 Safari/605.1.15"
36.133.115.36 - - [20/Apr/2026:15:04:08 +0800] "POST /wp-cron.php?doing_wp_cron=1776668648.6231429576873779296875 HTTP/1.1" 200 31 "-" "WordPress/6.9; http://cqqizhou.com"
94.26.106.90 - - [20/Apr/2026:15:04:08 +0800] "POST /wp-login.php HTTP/1.1" 200 3056 "http://cqqizhou.com/wp-login.php" "Mozilla/5.0 (Macintosh; Intel Mac OS X 13_6_1) AppleWebKit/605.1.15 (KHTML, like Gecko) Version/16.6 Safari/605.1.15"
94.26.106.90 - - [20/Apr/2026:15:04:43 +0800] "POST /wp-login.php HTTP/1.1" 200 3055 "http://cqqizhou.com/wp-login.php" "Mozilla/5.0 (Windows NT 11.0; Win64; x64) AppleWebKit/537.36 (KHTML, like Gecko) Chrome/121.0.0.0 Safari/537.36"
36.133.115.36 - - [20/Apr/2026:15:05:18 +0800] "POST /wp-cron.php?doing_wp_cron=1776668717.9514780044555664062500 HTTP/1.1" 200 31 "-" "WordPress/6.9; http://cqqizhou.com"
94.26.106.90 - - [20/Apr/2026:15:05:18 +0800] "POST /wp-login.php HTTP/1.1" 200 3051 "http://cqqizhou.com/wp-login.php" "Mozilla/5.0 (Windows NT 10.0; Win64; x64) AppleWebKit/537.36 (KHTML, like Gecko) Chrome/121.0.0.0 Safari/537.36"
94.26.106.90 - - [20/Apr/2026:15:05:58 +0800] "POST /wp-login.php HTTP/1.1" 200 3056 "http://cqqizhou.com/wp-login.php" "Mozilla/5.0 (X11; Ubuntu; Linux x86_64) AppleWebKit/537.36 (KHTML, like Gecko) Chrome/120.0.0.0 Safari/537.36"
36.133.115.36 - - [20/Apr/2026:15:06:37 +0800] "POST /wp-cron.php?doing_wp_cron=1776668797.9532489776611328125000 HTTP/1.1" 200 31 "-" "WordPress/6.9; http://cqqizhou.com"
94.26.106.90 - - [20/Apr/2026:15:06:37 +0800] "POST /wp-login.php HTTP/1.1" 200 3053 "http://cqqizhou.com/wp-login.php" "Mozilla/5.0 (Macintosh; Intel Mac OS X 13_6_1) AppleWebKit/605.1.15 (KHTML, like Gecko) Version/17.0 Safari/605.1.15"
154.209.4.206 - - [20/Apr/2026:15:07:21 +0800] "GET / HTTP/1.1" 200 158581 "-" "-"
36.133.115.36 - - [20/Apr/2026:15:07:35 +0800] "POST /wp-cron.php?doing_wp_cron=1776668855.7788410186767578125000 HTTP/1.1" 200 31 "-" "WordPress/6.9; http://cqqizhou.com"
94.26.106.90 - - [20/Apr/2026:15:07:35 +0800] "POST /wp-login.php HTTP/1.1" 200 3001 "http://cqqizhou.com/wp-login.php" "Mozilla/5.0 (Macintosh; Intel Mac OS X 13_6_1; rv:118.0) Gecko/20100101 Firefox/118.0"
36.133.115.36 - - [20/Apr/2026:15:08:32 +0800] "POST /wp-cron.php?doing_wp_cron=1776668912.4319429397583007812500 HTTP/1.1" 200 31 "-" "WordPress/6.9; http://cqqizhou.com"
94.26.106.90 - - [20/Apr/2026:15:08:32 +0800] "POST /wp-login.php HTTP/1.1" 200 3056 "http://cqqizhou.com/wp-login.php" "Mozilla/5.0 (Macintosh; Intel Mac OS X 10_15_7) AppleWebKit/605.1.15 (KHTML, like Gecko) Version/17.1 Safari/605.1.15"
36.133.115.36 - - [20/Apr/2026:15:09:31 +0800] "POST /wp-cron.php?doing_wp_cron=1776668971.6995439529418945312500 HTTP/1.1" 200 31 "-" "WordPress/6.9; http://cqqizhou.com"
94.26.106.90 - - [20/Apr/2026:15:09:31 +0800] "POST /wp-login.php HTTP/1.1" 200 3056 "http://cqqizhou.com/wp-login.php" "Mozilla/5.0 (X11; Linux x86_64) AppleWebKit/537.36 (KHTML, like Gecko) Chrome/119.0.0.0 Safari/537.36"
94.26.106.90 - - [20/Apr/2026:15:10:02 +0800] "POST /wp-login.php HTTP/1.1" 200 3001 "http://cqqizhou.com/wp-login.php" "Mozilla/5.0 (Macintosh; Intel Mac OS X 13_6_1) AppleWebKit/605.1.15 (KHTML, like Gecko) Version/17.0 Safari/605.1.15"
36.133.115.36 - - [20/Apr/2026:15:10:17 +0800] "POST /wp-cron.php?doing_wp_cron=1776669017.8870038986206054687500 HTTP/1.1" 200 31 "-" "WordPress/6.9; http://cqqizhou.com"
94.26.106.90 - - [20/Apr/2026:15:10:17 +0800] "POST /wp-login.php HTTP/1.1" 200 3053 "http://cqqizhou.com/wp-login.php" "Mozilla/5.0 (Macintosh; Intel Mac OS X 13_6_1) AppleWebKit/605.1.15 (KHTML, like Gecko) Version/16.6 Safari/605.1.15"
94.26.106.90 - - [20/Apr/2026:15:10:35 +0800] "POST /wp-login.php HTTP/1.1" 200 3056 "http://cqqizhou.com/wp-login.php" "Mozilla/5.0 (Windows NT 10.0; Win64; x64; rv:119.0) Gecko/20100101 Firefox/119.0"
94.26.106.90 - - [20/Apr/2026:15:11:00 +0800] "POST /wp-login.php HTTP/1.1" 200 3054 "http://cqqizhou.com/wp-login.php" "Mozilla/5.0 (Windows NT 10.0; Win64; x64) AppleWebKit/537.36 (KHTML, like Gecko) Chrome/118.0.0.0 Safari/537.36"
36.133.115.36 - - [20/Apr/2026:15:11:29 +0800] "POST /wp-cron.php?doing_wp_cron=1776669089.0074501037597656250000 HTTP/1.1" 200 31 "-" "WordPress/6.9; http://cqqizhou.com"
94.26.106.90 - - [20/Apr/2026:15:11:29 +0800] "POST /wp-login.php HTTP/1.1" 200 3058 "http://cqqizhou.com/wp-login.php" "Mozilla/5.0 (Macintosh; Intel Mac OS X 10_15_7) AppleWebKit/605.1.15 (KHTML, like Gecko) Version/17.1 Safari/605.1.15"
94.26.106.90 - - [20/Apr/2026:15:12:02 +0800] "POST /wp-login.php HTTP/1.1" 200 3056 "http://cqqizhou.com/wp-login.php" "Mozilla/5.0 (Macintosh; Intel Mac OS X 13_6_1) AppleWebKit/537.36 (KHTML, like Gecko) Chrome/120.0.0.0 Safari/537.36"
36.133.115.36 - - [20/Apr/2026:15:12:45 +0800] "POST /wp-cron.php?doing_wp_cron=1776669165.3780140876770019531250 HTTP/1.1" 200 31 "-" "WordPress/6.9; http://cqqizhou.com"
94.26.106.90 - - [20/Apr/2026:15:12:45 +0800] "POST /wp-login.php HTTP/1.1" 200 3054 "http://cqqizhou.com/wp-login.php" "Mozilla/5.0 (Macintosh; Intel Mac OS X 10_15_7; rv:120.0) Gecko/20100101 Firefox/120.0"
36.133.115.36 - - [20/Apr/2026:15:13:20 +0800] "POST /wp-cron.php?doing_wp_cron=1776669200.7911620140075683593750 HTTP/1.1" 200 31 "-" "WordPress/6.9; http://cqqizhou.com"
94.26.106.90 - - [20/Apr/2026:15:13:20 +0800] "POST /wp-login.php HTTP/1.1" 200 3054 "http://cqqizhou.com/wp-login.php" "Mozilla/5.0 (Windows NT 10.0; Win64; x64; rv:121.0) Gecko/20100101 Firefox/121.0"
59.125.102.226 - - [20/Apr/2026:15:13:51 +0800] "POST /xmlrpc.php HTTP/1.1" 200 217 "-" "Mozilla/5.0 (Windows NT 10.0) AppleWebKit/537.36 (KHTML, like Gecko) Chrome/142.0.0.0 Safari/537.36"
36.133.115.36 - - [20/Apr/2026:15:14:25 +0800] "POST /wp-cron.php?doing_wp_cron=1776669265.9305319786071777343750 HTTP/1.1" 200 31 "-" "WordPress/6.9; http://cqqizhou.com"
94.26.106.90 - - [20/Apr/2026:15:14:25 +0800] "POST /wp-login.php HTTP/1.1" 200 3055 "http://cqqizhou.com/wp-login.php" "Mozilla/5.0 (Macintosh; Intel Mac OS X 13_6_1) AppleWebKit/537.36 (KHTML, like Gecko) Chrome/118.0.0.0 Safari/537.36"
94.26.106.90 - - [20/Apr/2026:15:14:44 +0800] "POST /wp-login.php HTTP/1.1" 200 3054 "http://cqqizhou.com/wp-login.php" "Mozilla/5.0 (X11; Ubuntu; Linux x86_64) AppleWebKit/537.36 (KHTML, like Gecko) Chrome/119.0.0.0 Safari/537.36"
36.133.115.36 - - [20/Apr/2026:15:15:16 +0800] "POST /wp-cron.php?doing_wp_cron=1776669316.2969660758972167968750 HTTP/1.1" 200 31 "-" "WordPress/6.9; http://cqqizhou.com"
94.26.106.90 - - [20/Apr/2026:15:15:16 +0800] "POST /wp-login.php HTTP/1.1" 200 3055 "http://cqqizhou.com/wp-login.php" "Mozilla/5.0 (Windows NT 11.0; Win64; x64) AppleWebKit/537.36 (KHTML, like Gecko) Chrome/118.0.0.0 Safari/537.36"
94.26.106.90 - - [20/Apr/2026:15:15:54 +0800] "POST /wp-login.php HTTP/1.1" 200 3058 "http://cqqizhou.com/wp-login.php" "Mozilla/5.0 (Macintosh; Intel Mac OS X 13_6_1; rv:120.0) Gecko/20100101 Firefox/120.0"
36.133.115.36 - - [20/Apr/2026:15:16:38 +0800] "POST /wp-cron.php?doing_wp_cron=1776669398.5219759941101074218750 HTTP/1.1" 200 31 "-" "WordPress/6.9; http://cqqizhou.com"
94.26.106.90 - - [20/Apr/2026:15:16:38 +0800] "POST /wp-login.php HTTP/1.1" 200 3056 "http://cqqizhou.com/wp-login.php" "Mozilla/5.0 (Windows NT 10.0; Win64; x64) AppleWebKit/537.36 (KHTML, like Gecko) Chrome/119.0.0.0 Safari/537.36"
36.133.115.36 - - [20/Apr/2026:15:17:28 +0800] "POST /wp-cron.php?doing_wp_cron=1776669448.4033908843994140625000 HTTP/1.1" 200 31 "-" "WordPress/6.9; http://cqqizhou.com"
94.26.106.90 - - [20/Apr/2026:15:17:28 +0800] "POST /wp-login.php HTTP/1.1" 200 3059 "http://cqqizhou.com/wp-login.php" "Mozilla/5.0 (Macintosh; Intel Mac OS X 13_6_1) AppleWebKit/537.36 (KHTML, like Gecko) Chrome/119.0.0.0 Safari/537.36"
36.133.115.36 - - [20/Apr/2026:15:18:10 +0800] "POST /wp-cron.php?doing_wp_cron=1776669490.7635810375213623046875 HTTP/1.1" 200 31 "-" "WordPress/6.9; http://cqqizhou.com"
94.26.106.90 - - [20/Apr/2026:15:18:10 +0800] "POST /wp-login.php HTTP/1.1" 200 3056 "http://cqqizhou.com/wp-login.php" "Mozilla/5.0 (Macintosh; Intel Mac OS X 13_6_1) AppleWebKit/605.1.15 (KHTML, like Gecko) Version/17.1 Safari/605.1.15"
94.26.106.90 - - [20/Apr/2026:15:18:27 +0800] "POST /wp-login.php HTTP/1.1" 200 3056 "http://cqqizhou.com/wp-login.php" "Mozilla/5.0 (Macintosh; Intel Mac OS X 10_15_7) AppleWebKit/605.1.15 (KHTML, like Gecko) Version/17.1 Safari/605.1.15"
111.225.148.150 - - [20/Apr/2026:15:18:47 +0800] "GET /news/2514 HTTP/1.1" 200 19644 "-" "Mozilla/5.0 (Linux; Android 5.0) AppleWebKit/537.36 (KHTML, like Gecko) Mobile Safari/537.36 (compatible; Bytespider; https://zhanzhang.toutiao.com/)"
111.225.148.150 - - [20/Apr/2026:15:18:47 +0800] "GET /wp-content/uploads/2026/03/1772713922-Article_images_W900px-768x427.webp HTTP/1.1" 206 500 "http://cqqizhou.com/news/2514" "Mozilla/5.0 (Linux; Android 5.0) AppleWebKit/537.36 (KHTML, like Gecko) Mobile Safari/537.36 (compatible; Bytespider; https://zhanzhang.toutiao.com/)"
111.225.148.107 - - [20/Apr/2026:15:18:47 +0800] "GET /wp-content/uploads/2026/02/1769999335-17.5%E7%B1%B3%E5%B9%B3%E6%9D%BF%E8%B4%A7%E8%BD%A6-768x512.webp HTTP/1.1" 206 500 "http://cqqizhou.com/news/2514" "Mozilla/5.0 (Linux; Android 5.0) AppleWebKit/537.36 (KHTML, like Gecko) Mobile Safari/537.36 (compatible; Bytespider; https://zhanzhang.toutiao.com/)"
111.225.148.131 - - [20/Apr/2026:15:18:47 +0800] "GET /wp-content/uploads/2025/07/1751864664-Logistics800x500_1-768x480.webp HTTP/1.1" 206 500 "http://cqqizhou.com/news/2514" "Mozilla/5.0 (Linux; Android 5.0) AppleWebKit/537.36 (KHTML, like Gecko) Mobile Safari/537.36 (compatible; Bytespider; https://zhanzhang.toutiao.com/)"
111.225.148.21 - - [20/Apr/2026:15:18:47 +0800] "GET /wp-content/uploads/2026/04/1775865780-1Article_images_W900px-768x432.webp HTTP/1.1" 206 500 "http://cqqizhou.com/news/2514" "Mozilla/5.0 (Linux; Android 5.0) AppleWebKit/537.36 (KHTML, like Gecko) Mobile Safari/537.36 (compatible; Bytespider; https://zhanzhang.toutiao.com/)"
111.225.148.67 - - [20/Apr/2026:15:18:47 +0800] "GET /wp-content/uploads/2025/07/1751425283-qizhou.kf_.qq_.com_.webp HTTP/1.1" 206 500 "http://cqqizhou.com/news/2514" "Mozilla/5.0 (Linux; Android 5.0) AppleWebKit/537.36 (KHTML, like Gecko) Mobile Safari/537.36 (compatible; Bytespider; https://zhanzhang.toutiao.com/)"
111.225.148.131 - - [20/Apr/2026:15:18:48 +0800] "GET /wp-content/uploads/2025/07/1753410289-News2000%C3%97400_202571.webp HTTP/1.1" 206 500 "http://cqqizhou.com/news/2514" "Mozilla/5.0 (Linux; Android 5.0) AppleWebKit/537.36 (KHTML, like Gecko) Mobile Safari/537.36 (compatible; Bytespider; https://zhanzhang.toutiao.com/)"
94.26.106.90 - - [20/Apr/2026:15:19:04 +0800] "POST /wp-login.php HTTP/1.1" 200 3058 "http://cqqizhou.com/wp-login.php" "Mozilla/5.0 (Windows NT 10.0; Win64; x64) AppleWebKit/537.36 (KHTML, like Gecko) Chrome/120.0.0.0 Safari/537.36"
36.133.115.36 - - [20/Apr/2026:15:19:47 +0800] "POST /wp-cron.php?doing_wp_cron=1776669587.5626459121704101562500 HTTP/1.1" 200 31 "-" "WordPress/6.9; http://cqqizhou.com"
94.26.106.90 - - [20/Apr/2026:15:19:47 +0800] "POST /wp-login.php HTTP/1.1" 200 3055 "http://cqqizhou.com/wp-login.php" "Mozilla/5.0 (X11; Ubuntu; Linux x86_64) AppleWebKit/537.36 (KHTML, like Gecko) Chrome/119.0.0.0 Safari/537.36"
94.26.106.90 - - [20/Apr/2026:15:19:58 +0800] "POST /wp-login.php HTTP/1.1" 200 3052 "http://cqqizhou.com/wp-login.php" "Mozilla/5.0 (Macintosh; Intel Mac OS X 10_15_7) AppleWebKit/605.1.15 (KHTML, like Gecko) Version/16.6 Safari/605.1.15"
36.133.115.36 - - [20/Apr/2026:15:20:35 +0800] "POST /wp-cron.php?doing_wp_cron=1776669635.2808749675750732421875 HTTP/1.1" 200 31 "-" "WordPress/6.9; http://cqqizhou.com"
94.26.106.90 - - [20/Apr/2026:15:20:35 +0800] "POST /wp-login.php HTTP/1.1" 200 3001 "http://cqqizhou.com/wp-login.php" "Mozilla/5.0 (Windows NT 11.0; Win64; x64; rv:121.0) Gecko/20100101 Firefox/121.0"
104.223.6.190 - - [20/Apr/2026:15:20:51 +0800] "GET /RCdUXG HTTP/1.1" 404 31365 "-" "Mozilla/5.0 (Windows NT 10.0; Win64; x64) AppleWebKit/537.36"
36.133.115.36 - - [20/Apr/2026:15:21:19 +0800] "POST /wp-cron.php?doing_wp_cron=1776669679.7554628849029541015625 HTTP/1.1" 200 31 "-" "WordPress/6.9; http://cqqizhou.com"
94.26.106.90 - - [20/Apr/2026:15:21:19 +0800] "POST /wp-login.php HTTP/1.1" 200 3055 "http://cqqizhou.com/wp-login.php" "Mozilla/5.0 (X11; Linux x86_64) AppleWebKit/537.36 (KHTML, like Gecko) Chrome/118.0.0.0 Safari/537.36"
170.106.180.153 - - [20/Apr/2026:15:21:44 +0800] "GET / HTTP/1.1" 200 34723 "-" "Mozilla/5.0 (iPhone; CPU iPhone OS 13_2_3 like Mac OS X) AppleWebKit/605.1.15 (KHTML, like Gecko) Version/13.0.3 Mobile/15E148 Safari/604.1"
94.26.106.90 - - [20/Apr/2026:15:21:46 +0800] "POST /wp-login.php HTTP/1.1" 200 3053 "http://cqqizhou.com/wp-login.php" "Mozilla/5.0 (X11; Linux x86_64) AppleWebKit/537.36 (KHTML, like Gecko) Chrome/121.0.0.0 Safari/537.36"
36.133.115.36 - - [20/Apr/2026:15:22:10 +0800] "POST /wp-cron.php?doing_wp_cron=1776669730.4751870632171630859375 HTTP/1.1" 200 31 "-" "WordPress/6.9; http://cqqizhou.com"
94.26.106.90 - - [20/Apr/2026:15:22:10 +0800] "POST /wp-login.php HTTP/1.1" 200 3057 "http://cqqizhou.com/wp-login.php" "Mozilla/5.0 (X11; Ubuntu; Linux x86_64) AppleWebKit/537.36 (KHTML, like Gecko) Chrome/118.0.0.0 Safari/537.36"
94.26.106.90 - - [20/Apr/2026:15:22:23 +0800] "POST /wp-login.php HTTP/1.1" 200 3001 "http://cqqizhou.com/wp-login.php" "Mozilla/5.0 (Macintosh; Intel Mac OS X 10_15_7) AppleWebKit/537.36 (KHTML, like Gecko) Chrome/119.0.0.0 Safari/537.36"
94.26.106.90 - - [20/Apr/2026:15:22:48 +0800] "POST /wp-login.php HTTP/1.1" 200 3002 "http://cqqizhou.com/wp-login.php" "Mozilla/5.0 (Macintosh; Intel Mac OS X 10_15_7; rv:120.0) Gecko/20100101 Firefox/120.0"
42.176.148.213 - - [20/Apr/2026:15:23:01 +0800] "GET /news/2155 HTTP/1.1" 200 28979 "-" "Mozilla/5.0 (Macintosh; Intel Mac OS X 10_15_7) AppleWebKit/537.36 (KHTML, like Gecko) Chrome/133.0.0.0 Safari/537.36"
94.26.106.90 - - [20/Apr/2026:15:23:03 +0800] "POST /wp-login.php HTTP/1.1" 200 3057 "http://cqqizhou.com/wp-login.php" "Mozilla/5.0 (Windows NT 11.0; Win64; x64) AppleWebKit/537.36 (KHTML, like Gecko) Chrome/118.0.0.0 Safari/537.36"
36.133.115.36 - - [20/Apr/2026:15:23:21 +0800] "POST /wp-cron.php?doing_wp_cron=1776669801.6649689674377441406250 HTTP/1.1" 200 31 "-" "WordPress/6.9; http://cqqizhou.com"
94.26.106.90 - - [20/Apr/2026:15:23:21 +0800] "POST /wp-login.php HTTP/1.1" 200 3058 "http://cqqizhou.com/wp-login.php" "Mozilla/5.0 (Windows NT 11.0; Win64; x64) AppleWebKit/537.36 (KHTML, like Gecko) Chrome/121.0.0.0 Safari/537.36"
94.26.106.90 - - [20/Apr/2026:15:23:38 +0800] "POST /wp-login.php HTTP/1.1" 200 3055 "http://cqqizhou.com/wp-login.php" "Mozilla/5.0 (X11; Ubuntu; Linux x86_64) AppleWebKit/537.36 (KHTML, like Gecko) Chrome/120.0.0.0 Safari/537.36"
36.133.115.36 - - [20/Apr/2026:15:24:24 +0800] "POST /wp-cron.php?doing_wp_cron=1776669864.7597661018371582031250 HTTP/1.1" 200 31 "-" "WordPress/6.9; http://cqqizhou.com"
94.26.106.90 - - [20/Apr/2026:15:24:24 +0800] "POST /wp-login.php HTTP/1.1" 200 3055 "http://cqqizhou.com/wp-login.php" "Mozilla/5.0 (Windows NT 10.0; Win64; x64) AppleWebKit/537.36 (KHTML, like Gecko) Chrome/120.0.0.0 Safari/537.36"
94.26.106.90 - - [20/Apr/2026:15:24:57 +0800] "POST /wp-login.php HTTP/1.1" 200 3056 "http://cqqizhou.com/wp-login.php" "Mozilla/5.0 (Macintosh; Intel Mac OS X 13_6_1; rv:118.0) Gecko/20100101 Firefox/118.0"
36.133.115.36 - - [20/Apr/2026:15:25:40 +0800] "POST /wp-cron.php?doing_wp_cron=1776669940.0012660026550292968750 HTTP/1.1" 200 31 "-" "WordPress/6.9; http://cqqizhou.com"
94.26.106.90 - - [20/Apr/2026:15:25:40 +0800] "POST /wp-login.php HTTP/1.1" 200 3055 "http://cqqizhou.com/wp-login.php" "Mozilla/5.0 (Windows NT 10.0; Win64; x64) AppleWebKit/537.36 (KHTML, like Gecko) Chrome/118.0.0.0 Safari/537.36"
36.133.115.36 - - [20/Apr/2026:15:26:30 +0800] "POST /wp-cron.php?doing_wp_cron=1776669990.9059820175170898437500 HTTP/1.1" 200 31 "-" "WordPress/6.9; http://cqqizhou.com"
94.26.106.90 - - [20/Apr/2026:15:26:30 +0800] "POST /wp-login.php HTTP/1.1" 200 2967 "http://cqqizhou.com/wp-login.php" "Mozilla/5.0 (Macintosh; Intel Mac OS X 13_6_1) AppleWebKit/537.36 (KHTML, like Gecko) Chrome/119.0.0.0 Safari/537.36"
36.133.115.36 - - [20/Apr/2026:15:27:14 +0800] "POST /wp-cron.php?doing_wp_cron=1776670034.5728399753570556640625 HTTP/1.1" 200 31 "-" "WordPress/6.9; http://cqqizhou.com"
94.26.106.90 - - [20/Apr/2026:15:27:14 +0800] "POST /wp-login.php HTTP/1.1" 200 3054 "http://cqqizhou.com/wp-login.php" "Mozilla/5.0 (Windows NT 10.0; Win64; x64; rv:120.0) Gecko/20100101 Firefox/120.0"
94.26.106.90 - - [20/Apr/2026:15:27:42 +0800] "POST /wp-login.php HTTP/1.1" 200 3056 "http://cqqizhou.com/wp-login.php" "Mozilla/5.0 (Windows NT 11.0; Win64; x64) AppleWebKit/537.36 (KHTML, like Gecko) Chrome/119.0.0.0 Safari/537.36"
36.133.115.36 - - [20/Apr/2026:15:28:26 +0800] "POST /wp-cron.php?doing_wp_cron=1776670106.4777829647064208984375 HTTP/1.1" 200 31 "-" "WordPress/6.9; http://cqqizhou.com"
94.26.106.90 - - [20/Apr/2026:15:28:26 +0800] "POST /wp-login.php HTTP/1.1" 200 3053 "http://cqqizhou.com/wp-login.php" "Mozilla/5.0 (Macintosh; Intel Mac OS X 13_6_1) AppleWebKit/537.36 (KHTML, like Gecko) Chrome/119.0.0.0 Safari/537.36"
36.133.115.36 - - [20/Apr/2026:15:29:15 +0800] "POST /wp-cron.php?doing_wp_cron=1776670154.9690060615539550781250 HTTP/1.1" 200 31 "-" "WordPress/6.9; http://cqqizhou.com"
94.26.106.90 - - [20/Apr/2026:15:29:15 +0800] "POST /wp-login.php HTTP/1.1" 200 3056 "http://cqqizhou.com/wp-login.php" "Mozilla/5.0 (X11; Ubuntu; Linux x86_64) AppleWebKit/537.36 (KHTML, like Gecko) Chrome/118.0.0.0 Safari/537.36"
94.26.106.90 - - [20/Apr/2026:15:29:52 +0800] "POST /wp-login.php HTTP/1.1" 200 3052 "http://cqqizhou.com/wp-login.php" "Mozilla/5.0 (X11; Ubuntu; Linux x86_64) AppleWebKit/537.36 (KHTML, like Gecko) Chrome/119.0.0.0 Safari/537.36"
36.133.115.36 - - [20/Apr/2026:15:30:21 +0800] "POST /wp-cron.php?doing_wp_cron=1776670221.7964649200439453125000 HTTP/1.1" 200 31 "-" "WordPress/6.9; http://cqqizhou.com"
94.26.106.90 - - [20/Apr/2026:15:30:21 +0800] "POST /wp-login.php HTTP/1.1" 200 3055 "http://cqqizhou.com/wp-login.php" "Mozilla/5.0 (Macintosh; Intel Mac OS X 13_6_1) AppleWebKit/537.36 (KHTML, like Gecko) Chrome/118.0.0.0 Safari/537.36"
94.26.106.90 - - [20/Apr/2026:15:30:31 +0800] "POST /wp-login.php HTTP/1.1" 200 3053 "http://cqqizhou.com/wp-login.php" "Mozilla/5.0 (Windows NT 10.0; Win64; x64) AppleWebKit/537.36 (KHTML, like Gecko) Chrome/118.0.0.0 Safari/537.36"
94.26.106.90 - - [20/Apr/2026:15:30:58 +0800] "POST /wp-login.php HTTP/1.1" 200 3056 "http://cqqizhou.com/wp-login.php" "Mozilla/5.0 (Macintosh; Intel Mac OS X 10_15_7; rv:121.0) Gecko/20100101 Firefox/121.0"
36.133.115.36 - - [20/Apr/2026:15:31:40 +0800] "POST /wp-cron.php?doing_wp_cron=1776670300.5412518978118896484375 HTTP/1.1" 200 31 "-" "WordPress/6.9; http://cqqizhou.com"
94.26.106.90 - - [20/Apr/2026:15:31:40 +0800] "POST /wp-login.php HTTP/1.1" 200 3059 "http://cqqizhou.com/wp-login.php" "Mozilla/5.0 (Windows NT 10.0; Win64; x64; rv:120.0) Gecko/20100101 Firefox/120.0"
36.133.115.36 - - [20/Apr/2026:15:32:09 +0800] "POST /wp-cron.php?doing_wp_cron=1776670329.6323220729827880859375 HTTP/1.1" 200 31 "-" "WordPress/6.9; http://cqqizhou.com"
94.26.106.90 - - [20/Apr/2026:15:32:09 +0800] "POST /wp-login.php HTTP/1.1" 200 2967 "http://cqqizhou.com/wp-login.php" "Mozilla/5.0 (X11; Ubuntu; Linux x86_64) AppleWebKit/537.36 (KHTML, like Gecko) Chrome/120.0.0.0 Safari/537.36"
94.26.106.90 - - [20/Apr/2026:15:32:47 +0800] "POST /wp-login.php HTTP/1.1" 200 3058 "http://cqqizhou.com/wp-login.php" "Mozilla/5.0 (Macintosh; Intel Mac OS X 10_15_7) AppleWebKit/605.1.15 (KHTML, like Gecko) Version/16.6 Safari/605.1.15"
36.133.115.36 - - [20/Apr/2026:15:33:25 +0800] "POST /wp-cron.php?doing_wp_cron=1776670405.9150180816650390625000 HTTP/1.1" 200 31 "-" "WordPress/6.9; http://cqqizhou.com"
94.26.106.90 - - [20/Apr/2026:15:33:25 +0800] "POST /wp-login.php HTTP/1.1" 200 3058 "http://cqqizhou.com/wp-login.php" "Mozilla/5.0 (Macintosh; Intel Mac OS X 10_15_7) AppleWebKit/605.1.15 (KHTML, like Gecko) Version/17.0 Safari/605.1.15"
94.26.106.90 - - [20/Apr/2026:15:34:05 +0800] "POST /wp-login.php HTTP/1.1" 200 3058 "http://cqqizhou.com/wp-login.php" "Mozilla/5.0 (X11; Linux x86_64) AppleWebKit/537.36 (KHTML, like Gecko) Chrome/120.0.0.0 Safari/537.36"
36.133.115.36 - - [20/Apr/2026:15:34:48 +0800] "POST /wp-cron.php?doing_wp_cron=1776670488.5404739379882812500000 HTTP/1.1" 200 31 "-" "WordPress/6.9; http://cqqizhou.com"
94.26.106.90 - - [20/Apr/2026:15:34:48 +0800] "POST /wp-login.php HTTP/1.1" 200 3001 "http://cqqizhou.com/wp-login.php" "Mozilla/5.0 (Windows NT 11.0; Win64; x64; rv:120.0) Gecko/20100101 Firefox/120.0"
94.26.106.90 - - [20/Apr/2026:15:35:05 +0800] "POST /wp-login.php HTTP/1.1" 200 3057 "http://cqqizhou.com/wp-login.php" "Mozilla/5.0 (Windows NT 10.0; Win64; x64; rv:119.0) Gecko/20100101 Firefox/119.0"
36.133.115.36 - - [20/Apr/2026:15:35:41 +0800] "POST /wp-cron.php?doing_wp_cron=1776670541.4660279750823974609375 HTTP/1.1" 200 31 "-" "WordPress/6.9; http://cqqizhou.com"
94.26.106.90 - - [20/Apr/2026:15:35:41 +0800] "POST /wp-login.php HTTP/1.1" 200 2967 "http://cqqizhou.com/wp-login.php" "Mozilla/5.0 (Macintosh; Intel Mac OS X 10_15_7; rv:120.0) Gecko/20100101 Firefox/120.0"
36.133.115.36 - - [20/Apr/2026:15:36:19 +0800] "POST /wp-cron.php?doing_wp_cron=1776670579.7403690814971923828125 HTTP/1.1" 200 31 "-" "WordPress/6.9; http://cqqizhou.com"
94.26.106.90 - - [20/Apr/2026:15:36:19 +0800] "POST /wp-login.php HTTP/1.1" 200 3001 "http://cqqizhou.com/wp-login.php" "Mozilla/5.0 (Macintosh; Intel Mac OS X 10_15_7) AppleWebKit/537.36 (KHTML, like Gecko) Chrome/118.0.0.0 Safari/537.36"
94.26.106.90 - - [20/Apr/2026:15:36:38 +0800] "POST /wp-login.php HTTP/1.1" 200 2967 "http://cqqizhou.com/wp-login.php" "Mozilla/5.0 (X11; Ubuntu; Linux x86_64) AppleWebKit/537.36 (KHTML, like Gecko) Chrome/118.0.0.0 Safari/537.36"
94.26.106.90 - - [20/Apr/2026:15:37:05 +0800] "POST /wp-login.php HTTP/1.1" 200 3052 "http://cqqizhou.com/wp-login.php" "Mozilla/5.0 (Macintosh; Intel Mac OS X 13_6_1) AppleWebKit/537.36 (KHTML, like Gecko) Chrome/120.0.0.0 Safari/537.36"
36.133.115.36 - - [20/Apr/2026:15:37:40 +0800] "POST /wp-cron.php?doing_wp_cron=1776670660.3602030277252197265625 HTTP/1.1" 200 31 "-" "WordPress/6.9; http://cqqizhou.com"
94.26.106.90 - - [20/Apr/2026:15:37:40 +0800] "POST /wp-login.php HTTP/1.1" 200 3054 "http://cqqizhou.com/wp-login.php" "Mozilla/5.0 (Macintosh; Intel Mac OS X 13_6_1; rv:119.0) Gecko/20100101 Firefox/119.0"
94.26.106.90 - - [20/Apr/2026:15:38:01 +0800] "POST /wp-login.php HTTP/1.1" 200 3052 "http://cqqizhou.com/wp-login.php" "Mozilla/5.0 (Windows NT 11.0; Win64; x64) AppleWebKit/537.36 (KHTML, like Gecko) Chrome/121.0.0.0 Safari/537.36"
36.133.115.36 - - [20/Apr/2026:15:38:21 +0800] "POST /wp-cron.php?doing_wp_cron=1776670701.0973429679870605468750 HTTP/1.1" 200 31 "-" "WordPress/6.9; http://cqqizhou.com"
94.26.106.90 - - [20/Apr/2026:15:38:21 +0800] "POST /wp-login.php HTTP/1.1" 200 3057 "http://cqqizhou.com/wp-login.php" "Mozilla/5.0 (Windows NT 11.0; Win64; x64; rv:118.0) Gecko/20100101 Firefox/118.0"
94.26.106.90 - - [20/Apr/2026:15:38:40 +0800] "POST /wp-login.php HTTP/1.1" 200 3055 "http://cqqizhou.com/wp-login.php" "Mozilla/5.0 (Macintosh; Intel Mac OS X 13_6_1) AppleWebKit/605.1.15 (KHTML, like Gecko) Version/16.6 Safari/605.1.15"
94.26.106.90 - - [20/Apr/2026:15:38:55 +0800] "POST /wp-login.php HTTP/1.1" 200 2967 "http://cqqizhou.com/wp-login.php" "Mozilla/5.0 (Windows NT 11.0; Win64; x64) AppleWebKit/537.36 (KHTML, like Gecko) Chrome/119.0.0.0 Safari/537.36"
36.133.115.36 - - [20/Apr/2026:15:39:26 +0800] "POST /wp-cron.php?doing_wp_cron=1776670766.0292689800262451171875 HTTP/1.1" 200 31 "-" "WordPress/6.9; http://cqqizhou.com"
94.26.106.90 - - [20/Apr/2026:15:39:26 +0800] "POST /wp-login.php HTTP/1.1" 200 3001 "http://cqqizhou.com/wp-login.php" "Mozilla/5.0 (Windows NT 10.0; Win64; x64) AppleWebKit/537.36 (KHTML, like Gecko) Chrome/119.0.0.0 Safari/537.36"
94.26.106.90 - - [20/Apr/2026:15:40:01 +0800] "POST /wp-login.php HTTP/1.1" 200 3001 "http://cqqizhou.com/wp-login.php" "Mozilla/5.0 (Macintosh; Intel Mac OS X 10_15_7) AppleWebKit/537.36 (KHTML, like Gecko) Chrome/118.0.0.0 Safari/537.36"
36.133.115.36 - - [20/Apr/2026:15:40:42 +0800] "POST /wp-cron.php?doing_wp_cron=1776670842.5196759700775146484375 HTTP/1.1" 200 31 "-" "WordPress/6.9; http://cqqizhou.com"
94.26.106.90 - - [20/Apr/2026:15:40:42 +0800] "POST /wp-login.php HTTP/1.1" 200 3057 "http://cqqizhou.com/wp-login.php" "Mozilla/5.0 (Macintosh; Intel Mac OS X 13_6_1) AppleWebKit/605.1.15 (KHTML, like Gecko) Version/17.0 Safari/605.1.15"
94.26.106.90 - - [20/Apr/2026:15:40:56 +0800] "POST /wp-login.php HTTP/1.1" 200 3061 "http://cqqizhou.com/wp-login.php" "Mozilla/5.0 (X11; Ubuntu; Linux x86_64) AppleWebKit/537.36 (KHTML, like Gecko) Chrome/118.0.0.0 Safari/537.36"
94.26.106.90 - - [20/Apr/2026:15:41:05 +0800] "POST /wp-login.php HTTP/1.1" 200 3058 "http://cqqizhou.com/wp-login.php" "Mozilla/5.0 (Windows NT 11.0; Win64; x64) AppleWebKit/537.36 (KHTML, like Gecko) Chrome/119.0.0.0 Safari/537.36"
36.133.115.36 - - [20/Apr/2026:15:41:34 +0800] "POST /wp-cron.php?doing_wp_cron=1776670894.0827970504760742187500 HTTP/1.1" 200 31 "-" "WordPress/6.9; http://cqqizhou.com"
94.26.106.90 - - [20/Apr/2026:15:41:34 +0800] "POST /wp-login.php HTTP/1.1" 200 3052 "http://cqqizhou.com/wp-login.php" "Mozilla/5.0 (Macintosh; Intel Mac OS X 10_15_7) AppleWebKit/537.36 (KHTML, like Gecko) Chrome/118.0.0.0 Safari/537.36"
94.26.106.90 - - [20/Apr/2026:15:41:54 +0800] "POST /wp-login.php HTTP/1.1" 200 3001 "http://cqqizhou.com/wp-login.php" "Mozilla/5.0 (Macintosh; Intel Mac OS X 13_6_1; rv:120.0) Gecko/20100101 Firefox/120.0"
36.133.115.36 - - [20/Apr/2026:15:42:19 +0800] "POST /wp-cron.php?doing_wp_cron=1776670939.6508231163024902343750 HTTP/1.1" 200 31 "-" "WordPress/6.9; http://cqqizhou.com"
94.26.106.90 - - [20/Apr/2026:15:42:19 +0800] "POST /wp-login.php HTTP/1.1" 200 3054 "http://cqqizhou.com/wp-login.php" "Mozilla/5.0 (Macintosh; Intel Mac OS X 10_15_7) AppleWebKit/605.1.15 (KHTML, like Gecko) Version/16.6 Safari/605.1.15"
14.29.109.46 - - [20/Apr/2026:15:42:37 +0800] "GET /portfolio/remaining-rolls/ HTTP/1.1" 301 5 "-" "Mozilla/5.0 (Windows NT 10.0; Win64; x64) AppleWebKit/537.36 (KHTML, like Gecko) Chrome/124.0.0.0 Safari/537.36"
14.29.109.150 - - [20/Apr/2026:15:42:37 +0800] "GET /news/portfolio/remaining-rolls HTTP/1.1" 200 22260 "-" "Mozilla/5.0 (Windows NT 10.0; Win64; x64) AppleWebKit/537.36 (KHTML, like Gecko) Chrome/124.0.0.0 Safari/537.36"
94.26.106.90 - - [20/Apr/2026:15:42:42 +0800] "POST /wp-login.php HTTP/1.1" 200 3055 "http://cqqizhou.com/wp-login.php" "Mozilla/5.0 (Macintosh; Intel Mac OS X 10_15_7) AppleWebKit/605.1.15 (KHTML, like Gecko) Version/17.2 Safari/605.1.15"
94.26.106.90 - - [20/Apr/2026:15:43:02 +0800] "POST /wp-login.php HTTP/1.1" 200 3055 "http://cqqizhou.com/wp-login.php" "Mozilla/5.0 (Windows NT 11.0; Win64; x64) AppleWebKit/537.36 (KHTML, like Gecko) Chrome/120.0.0.0 Safari/537.36"
117.181.254.122 - - [20/Apr/2026:15:43:05 +0800] "GET http://cqqizhou.com/2435 HTTP/1.1" 404 8949 "http://cqqizhou.com/" "Mozilla/5.0 (Windows NT 10.0; Win64; x64) AppleWebKit/537.36 (KHTML, like Gecko) Chrome/108.0.0.0 Safari/537.36"
81.68.196.179 - - [20/Apr/2026:15:43:07 +0800] "GET /2435 HTTP/1.1" 404 8949 "http://cqqizhou.com/" "Mozilla/5.0 (Windows NT 10.0; Win64; x64) AppleWebKit/537.36 (KHTML, like Gecko) Chrome/108.0.0.0 Safari/537.36"
36.133.115.36 - - [20/Apr/2026:15:43:33 +0800] "POST /wp-cron.php?doing_wp_cron=1776671013.6754260063171386718750 HTTP/1.1" 200 31 "-" "WordPress/6.9; http://cqqizhou.com"
94.26.106.90 - - [20/Apr/2026:15:43:33 +0800] "POST /wp-login.php HTTP/1.1" 200 3001 "http://cqqizhou.com/wp-login.php" "Mozilla/5.0 (Macintosh; Intel Mac OS X 10_15_7; rv:118.0) Gecko/20100101 Firefox/118.0"
36.133.115.36 - - [20/Apr/2026:15:44:12 +0800] "POST /wp-cron.php?doing_wp_cron=1776671052.9070088863372802734375 HTTP/1.1" 200 31 "-" "WordPress/6.9; http://cqqizhou.com"
94.26.106.90 - - [20/Apr/2026:15:44:12 +0800] "POST /wp-login.php HTTP/1.1" 200 3053 "http://cqqizhou.com/wp-login.php" "Mozilla/5.0 (Macintosh; Intel Mac OS X 13_6_1; rv:119.0) Gecko/20100101 Firefox/119.0"
94.26.106.90 - - [20/Apr/2026:15:45:03 +0800] "POST /wp-login.php HTTP/1.1" 200 3058 "http://cqqizhou.com/wp-login.php" "Mozilla/5.0 (X11; Linux x86_64) AppleWebKit/537.36 (KHTML, like Gecko) Chrome/118.0.0.0 Safari/537.36"
121.5.33.51 - - [20/Apr/2026:15:45:15 +0800] "GET /wp-content/uploads/2026/01/1768276119-qizhoujiagong_Slider_3840%C3%972160_20260113-scaled.webp HTTP/1.1" 200 131696 "http://cqqizhou.com/" "Mozilla/5.0 (Windows NT 10.0; Win64; x64) AppleWebKit/537.36 (KHTML, like Gecko) Chrome/111.0.0.0 Safari/537.36"
36.133.115.36 - - [20/Apr/2026:15:45:43 +0800] "POST /wp-cron.php?doing_wp_cron=1776671143.8329870700836181640625 HTTP/1.1" 200 31 "-" "WordPress/6.9; http://cqqizhou.com"
94.26.106.90 - - [20/Apr/2026:15:45:43 +0800] "POST /wp-login.php HTTP/1.1" 200 3056 "http://cqqizhou.com/wp-login.php" "Mozilla/5.0 (Windows NT 11.0; Win64; x64; rv:118.0) Gecko/20100101 Firefox/118.0"
36.133.115.36 - - [20/Apr/2026:15:46:41 +0800] "POST /wp-cron.php?doing_wp_cron=1776671201.3300399780273437500000 HTTP/1.1" 200 31 "-" "WordPress/6.9; http://cqqizhou.com"
94.26.106.90 - - [20/Apr/2026:15:46:41 +0800] "POST /wp-login.php HTTP/1.1" 200 3053 "http://cqqizhou.com/wp-login.php" "Mozilla/5.0 (Macintosh; Intel Mac OS X 10_15_7) AppleWebKit/537.36 (KHTML, like Gecko) Chrome/120.0.0.0 Safari/537.36"
36.133.115.36 - - [20/Apr/2026:15:47:31 +0800] "POST /wp-cron.php?doing_wp_cron=1776671251.1943280696868896484375 HTTP/1.1" 200 31 "-" "WordPress/6.9; http://cqqizhou.com"
94.26.106.90 - - [20/Apr/2026:15:47:31 +0800] "POST /wp-login.php HTTP/1.1" 200 3064 "http://cqqizhou.com/wp-login.php" "Mozilla/5.0 (Macintosh; Intel Mac OS X 10_15_7) AppleWebKit/605.1.15 (KHTML, like Gecko) Version/17.1 Safari/605.1.15"
36.133.115.36 - - [20/Apr/2026:15:48:08 +0800] "POST /wp-cron.php?doing_wp_cron=1776671288.1891989707946777343750 HTTP/1.1" 200 31 "-" "WordPress/6.9; http://cqqizhou.com"
94.26.106.90 - - [20/Apr/2026:15:48:08 +0800] "POST /wp-login.php HTTP/1.1" 200 3054 "http://cqqizhou.com/wp-login.php" "Mozilla/5.0 (Macintosh; Intel Mac OS X 10_15_7) AppleWebKit/605.1.15 (KHTML, like Gecko) Version/17.0 Safari/605.1.15"
94.26.106.90 - - [20/Apr/2026:15:48:47 +0800] "POST /wp-login.php HTTP/1.1" 200 3056 "http://cqqizhou.com/wp-login.php" "Mozilla/5.0 (Macintosh; Intel Mac OS X 13_6_1; rv:120.0) Gecko/20100101 Firefox/120.0"
36.133.115.36 - - [20/Apr/2026:15:49:21 +0800] "POST /wp-cron.php?doing_wp_cron=1776671361.3559129238128662109375 HTTP/1.1" 200 31 "-" "WordPress/6.9; http://cqqizhou.com"
94.26.106.90 - - [20/Apr/2026:15:49:21 +0800] "POST /wp-login.php HTTP/1.1" 200 2967 "http://cqqizhou.com/wp-login.php" "Mozilla/5.0 (Macintosh; Intel Mac OS X 13_6_1) AppleWebKit/537.36 (KHTML, like Gecko) Chrome/119.0.0.0 Safari/537.36"
94.26.106.90 - - [20/Apr/2026:15:49:57 +0800] "POST /wp-login.php HTTP/1.1" 200 3054 "http://cqqizhou.com/wp-login.php" "Mozilla/5.0 (Macintosh; Intel Mac OS X 13_6_1) AppleWebKit/605.1.15 (KHTML, like Gecko) Version/17.0 Safari/605.1.15"
36.133.115.36 - - [20/Apr/2026:15:50:22 +0800] "POST /wp-cron.php?doing_wp_cron=1776671422.6821238994598388671875 HTTP/1.1" 200 31 "-" "WordPress/6.9; http://cqqizhou.com"
94.26.106.90 - - [20/Apr/2026:15:50:22 +0800] "POST /wp-login.php HTTP/1.1" 200 3054 "http://cqqizhou.com/wp-login.php" "Mozilla/5.0 (Macintosh; Intel Mac OS X 13_6_1) AppleWebKit/537.36 (KHTML, like Gecko) Chrome/118.0.0.0 Safari/537.36"
94.26.106.90 - - [20/Apr/2026:15:50:32 +0800] "POST /wp-login.php HTTP/1.1" 200 3052 "http://cqqizhou.com/wp-login.php" "Mozilla/5.0 (Macintosh; Intel Mac OS X 13_6_1) AppleWebKit/605.1.15 (KHTML, like Gecko) Version/16.6 Safari/605.1.15"
94.26.106.90 - - [20/Apr/2026:15:50:55 +0800] "POST /wp-login.php HTTP/1.1" 200 3057 "http://cqqizhou.com/wp-login.php" "Mozilla/5.0 (Macintosh; Intel Mac OS X 13_6_1) AppleWebKit/605.1.15 (KHTML, like Gecko) Version/17.1 Safari/605.1.15"
36.133.115.36 - - [20/Apr/2026:15:51:30 +0800] "POST /wp-cron.php?doing_wp_cron=1776671490.5710918903350830078125 HTTP/1.1" 200 31 "-" "WordPress/6.9; http://cqqizhou.com"
94.26.106.90 - - [20/Apr/2026:15:51:30 +0800] "POST /wp-login.php HTTP/1.1" 200 3055 "http://cqqizhou.com/wp-login.php" "Mozilla/5.0 (Windows NT 10.0; Win64; x64; rv:119.0) Gecko/20100101 Firefox/119.0"
94.26.106.90 - - [20/Apr/2026:15:51:53 +0800] "POST /wp-login.php HTTP/1.1" 200 3063 "http://cqqizhou.com/wp-login.php" "Mozilla/5.0 (X11; Linux x86_64) AppleWebKit/537.36 (KHTML, like Gecko) Chrome/118.0.0.0 Safari/537.36"
36.133.115.36 - - [20/Apr/2026:15:52:39 +0800] "POST /wp-cron.php?doing_wp_cron=1776671559.2714149951934814453125 HTTP/1.1" 200 31 "-" "WordPress/6.9; http://cqqizhou.com"
94.26.106.90 - - [20/Apr/2026:15:52:39 +0800] "POST /wp-login.php HTTP/1.1" 200 3056 "http://cqqizhou.com/wp-login.php" "Mozilla/5.0 (Windows NT 11.0; Win64; x64) AppleWebKit/537.36 (KHTML, like Gecko) Chrome/118.0.0.0 Safari/537.36"
36.133.115.36 - - [20/Apr/2026:15:53:14 +0800] "POST /wp-cron.php?doing_wp_cron=1776671594.6438450813293457031250 HTTP/1.1" 200 31 "-" "WordPress/6.9; http://cqqizhou.com"
94.26.106.90 - - [20/Apr/2026:15:53:14 +0800] "POST /wp-login.php HTTP/1.1" 200 3058 "http://cqqizhou.com/wp-login.php" "Mozilla/5.0 (Windows NT 10.0; Win64; x64) AppleWebKit/537.36 (KHTML, like Gecko) Chrome/120.0.0.0 Safari/537.36"
94.26.106.90 - - [20/Apr/2026:15:53:36 +0800] "POST /wp-login.php HTTP/1.1" 200 3058 "http://cqqizhou.com/wp-login.php" "Mozilla/5.0 (X11; Linux x86_64) AppleWebKit/537.36 (KHTML, like Gecko) Chrome/118.0.0.0 Safari/537.36"
36.133.115.36 - - [20/Apr/2026:15:54:25 +0800] "POST /wp-cron.php?doing_wp_cron=1776671665.6682000160217285156250 HTTP/1.1" 200 31 "-" "WordPress/6.9; http://cqqizhou.com"
94.26.106.90 - - [20/Apr/2026:15:54:25 +0800] "POST /wp-login.php HTTP/1.1" 200 3054 "http://cqqizhou.com/wp-login.php" "Mozilla/5.0 (Macintosh; Intel Mac OS X 10_15_7) AppleWebKit/605.1.15 (KHTML, like Gecko) Version/16.6 Safari/605.1.15"
94.26.106.90 - - [20/Apr/2026:15:55:04 +0800] "POST /wp-login.php HTTP/1.1" 200 3053 "http://cqqizhou.com/wp-login.php" "Mozilla/5.0 (Macintosh; Intel Mac OS X 10_15_7; rv:120.0) Gecko/20100101 Firefox/120.0"
36.133.115.36 - - [20/Apr/2026:15:55:45 +0800] "POST /wp-cron.php?doing_wp_cron=1776671745.5856020450592041015625 HTTP/1.1" 200 31 "-" "WordPress/6.9; http://cqqizhou.com"
94.26.106.90 - - [20/Apr/2026:15:55:45 +0800] "POST /wp-login.php HTTP/1.1" 200 3055 "http://cqqizhou.com/wp-login.php" "Mozilla/5.0 (Macintosh; Intel Mac OS X 13_6_1; rv:119.0) Gecko/20100101 Firefox/119.0"
36.133.115.36 - - [20/Apr/2026:15:56:24 +0800] "POST /wp-cron.php?doing_wp_cron=1776671784.3635299205780029296875 HTTP/1.1" 200 31 "-" "WordPress/6.9; http://cqqizhou.com"
94.26.106.90 - - [20/Apr/2026:15:56:24 +0800] "POST /wp-login.php HTTP/1.1" 200 3001 "http://cqqizhou.com/wp-login.php" "Mozilla/5.0 (Macintosh; Intel Mac OS X 13_6_1) AppleWebKit/537.36 (KHTML, like Gecko) Chrome/120.0.0.0 Safari/537.36"
115.63.106.76 - - [20/Apr/2026:15:56:37 +0800] "GET http://cqqizhou.com/Ly9jcXFpemhvdS5jb20vd3AtY29udGVudC91cGxvYWRzLzIwMjYvMDEvMTc2ODI3NjExOS1xaXpob3VqaWFnb25nX1NsaWRlcl8zODQww5cyMTYwXzIwMjYwMTEzLXNjYWxlZC53ZWJw HTTP/1.1" 404 8949 "http://cqqizhou.com/" "Mozilla/5.0 (Windows NT 10.0; Win64; x64) AppleWebKit/537.36 (KHTML, like Gecko) Chrome/104.0.5112.81 Safari/537.36"
39.130.38.220 - - [20/Apr/2026:15:56:38 +0800] "GET http://cqqizhou.com/wp-content/uploads/2026/01/1768280270-anquan_Slider_3840%C3%972160_20260114-scaled.webp HTTP/1.1" 200 198126 "http://cqqizhou.com/" "Mozilla/5.0 (Windows NT 10.0; Win64; x64) AppleWebKit/537.36 (KHTML, like Gecko) Chrome/117.0.0.0 Safari/537.36"
43.142.186.188 - - [20/Apr/2026:15:56:38 +0800] "GET /Ly9jcXFpemhvdS5jb20vd3AtY29udGVudC91cGxvYWRzLzIwMjYvMDEvMTc2ODI3NjExOS1xaXpob3VqaWFnb25nX1NsaWRlcl8zODQww5cyMTYwXzIwMjYwMTEzLXNjYWxlZC53ZWJw HTTP/1.1" 404 8949 "http://cqqizhou.com/" "Mozilla/5.0 (Windows NT 10.0; Win64; x64) AppleWebKit/537.36 (KHTML, like Gecko) Chrome/104.0.5112.81 Safari/537.36"
139.155.101.101 - - [20/Apr/2026:15:56:52 +0800] "GET /wp-content/uploads/2026/01/1768280270-anquan_Slider_3840%C3%972160_20260114-scaled.webp HTTP/1.1" 200 198126 "http://cqqizhou.com/" "Mozilla/5.0 (Windows NT 10.0; Win64; x64) AppleWebKit/537.36 (KHTML, like Gecko) Chrome/117.0.0.0 Safari/537.36"
94.26.106.90 - - [20/Apr/2026:15:56:54 +0800] "POST /wp-login.php HTTP/1.1" 200 3055 "http://cqqizhou.com/wp-login.php" "Mozilla/5.0 (Macintosh; Intel Mac OS X 13_6_1; rv:120.0) Gecko/20100101 Firefox/120.0"
49.66.162.210 - - [20/Apr/2026:15:57:16 +0800] "GET /news/2155 HTTP/1.1" 200 28979 "-" "Mozilla/5.0 (Windows NT 10.0; Win64; x64) AppleWebKit/537.36 (KHTML, like Gecko) Chrome/107.0.0.0 Safari/537.36"
36.133.115.36 - - [20/Apr/2026:15:57:50 +0800] "POST /wp-cron.php?doing_wp_cron=1776671870.2467720508575439453125 HTTP/1.1" 200 31 "-" "WordPress/6.9; http://cqqizhou.com"
94.26.106.90 - - [20/Apr/2026:15:57:50 +0800] "POST /wp-login.php HTTP/1.1" 200 3056 "http://cqqizhou.com/wp-login.php" "Mozilla/5.0 (Macintosh; Intel Mac OS X 13_6_1; rv:119.0) Gecko/20100101 Firefox/119.0"
36.133.115.36 - - [20/Apr/2026:15:58:21 +0800] "POST /wp-cron.php?doing_wp_cron=1776671901.3001871109008789062500 HTTP/1.1" 200 31 "-" "WordPress/6.9; http://cqqizhou.com"
94.26.106.90 - - [20/Apr/2026:15:58:21 +0800] "POST /wp-login.php HTTP/1.1" 200 3001 "http://cqqizhou.com/wp-login.php" "Mozilla/5.0 (Macintosh; Intel Mac OS X 13_6_1) AppleWebKit/605.1.15 (KHTML, like Gecko) Version/17.1 Safari/605.1.15"
94.26.106.90 - - [20/Apr/2026:15:58:54 +0800] "POST /wp-login.php HTTP/1.1" 200 3001 "http://cqqizhou.com/wp-login.php" "Mozilla/5.0 (Windows NT 10.0; Win64; x64) AppleWebKit/537.36 (KHTML, like Gecko) Chrome/120.0.0.0 Safari/537.36"
36.133.115.36 - - [20/Apr/2026:15:59:30 +0800] "POST /wp-cron.php?doing_wp_cron=1776671970.2969861030578613281250 HTTP/1.1" 200 31 "-" "WordPress/6.9; http://cqqizhou.com"
94.26.106.90 - - [20/Apr/2026:15:59:30 +0800] "POST /wp-login.php HTTP/1.1" 200 3057 "http://cqqizhou.com/wp-login.php" "Mozilla/5.0 (Windows NT 10.0; Win64; x64) AppleWebKit/537.36 (KHTML, like Gecko) Chrome/118.0.0.0 Safari/537.36"
121.237.36.31 - - [20/Apr/2026:15:59:58 +0800] "GET / HTTP/1.1" 200 35159 "-" "Mozilla/5.0 (Macintosh; Intel Mac OS X 10_11) AppleWebKit/601.1.27 (KHTML, like Gecko) Chrome/47.0.2526.106 Safari/601.1.27"
94.26.106.90 - - [20/Apr/2026:16:00:03 +0800] "POST /wp-login.php HTTP/1.1" 200 3053 "http://cqqizhou.com/wp-login.php" "Mozilla/5.0 (Macintosh; Intel Mac OS X 13_6_1; rv:120.0) Gecko/20100101 Firefox/120.0"
121.237.36.31 - - [20/Apr/2026:16:00:03 +0800] "GET / HTTP/1.1" 200 34724 "-" "Mozilla/5.0 (Linux; Android 6.0.1; Redmi 3S Build/MMB29M; wv) AppleWebKit/537.36 (KHTML, like Gecko) Version/4.0 Chrome/57.0.2987.132 MQQBrowser/6.2 TBS/043808 Mobile Safari/537.36 MicroMessenger/6.6.2.1240(0x26060235) NetType/WIFI Language/zh_CN"
36.133.115.36 - - [20/Apr/2026:16:00:32 +0800] "POST /wp-cron.php?doing_wp_cron=1776672032.3145670890808105468750 HTTP/1.1" 200 31 "-" "WordPress/6.9; http://cqqizhou.com"
94.26.106.90 - - [20/Apr/2026:16:00:32 +0800] "POST /wp-login.php HTTP/1.1" 200 3055 "http://cqqizhou.com/wp-login.php" "Mozilla/5.0 (Windows NT 10.0; Win64; x64) AppleWebKit/537.36 (KHTML, like Gecko) Chrome/121.0.0.0 Safari/537.36"
94.26.106.90 - - [20/Apr/2026:16:00:45 +0800] "POST /wp-login.php HTTP/1.1" 200 3056 "http://cqqizhou.com/wp-login.php" "Mozilla/5.0 (Windows NT 10.0; Win64; x64) AppleWebKit/537.36 (KHTML, like Gecko) Chrome/121.0.0.0 Safari/537.36"
36.133.115.36 - - [20/Apr/2026:16:01:22 +0800] "POST /wp-cron.php?doing_wp_cron=1776672082.8701291084289550781250 HTTP/1.1" 200 31 "-" "WordPress/6.9; http://cqqizhou.com"
198.12.115.18 - - [20/Apr/2026:16:01:22 +0800] "GET / HTTP/1.1" 301 5 "-" "Mozilla/5.0 (Windows NT 10.0; Win64; x64) AppleWebKit/537.36"
94.26.106.90 - - [20/Apr/2026:16:01:38 +0800] "POST /wp-login.php HTTP/1.1" 200 3054 "http://cqqizhou.com/wp-login.php" "Mozilla/5.0 (X11; Linux x86_64) AppleWebKit/537.36 (KHTML, like Gecko) Chrome/120.0.0.0 Safari/537.36"
36.133.115.36 - - [20/Apr/2026:16:02:38 +0800] "POST /wp-cron.php?doing_wp_cron=1776672158.0497748851776123046875 HTTP/1.1" 200 31 "-" "WordPress/6.9; http://cqqizhou.com"
94.26.106.90 - - [20/Apr/2026:16:02:38 +0800] "POST /wp-login.php HTTP/1.1" 200 3002 "http://cqqizhou.com/wp-login.php" "Mozilla/5.0 (Macintosh; Intel Mac OS X 10_15_7) AppleWebKit/605.1.15 (KHTML, like Gecko) Version/17.1 Safari/605.1.15"
14.108.233.28 - - [20/Apr/2026:16:03:08 +0800] "GET /news/2505 HTTP/1.1" 200 20682 "-" "Mozilla/5.0 (Windows NT 10.0; Win64; x64) AppleWebKit/537.36 (KHTML, like Gecko) Chrome/132.0.0.0 Safari/537.36 NetType/WIFI MicroMessenger/7.0.20.1781(0x6700143B) WindowsWechat(0x63090a13) UnifiedPCWindowsWechat(0xf254181d) XWEB/19201 Flue"
14.108.233.28 - - [20/Apr/2026:16:03:08 +0800] "GET /wp-content/uploads/2025/07/1753410289-News2000%C3%97400_202571.webp HTTP/1.1" 200 17830 "http://cqqizhou.com/news/2505" "Mozilla/5.0 (Windows NT 10.0; Win64; x64) AppleWebKit/537.36 (KHTML, like Gecko) Chrome/132.0.0.0 Safari/537.36 NetType/WIFI MicroMessenger/7.0.20.1781(0x6700143B) WindowsWechat(0x63090a13) UnifiedPCWindowsWechat(0xf254181d) XWEB/19201 Flue"
14.108.233.28 - - [20/Apr/2026:16:03:08 +0800] "GET /wp-content/uploads/2026/02/1772086672-%E5%BC%80%E5%B7%A5%E5%A4%A7%E5%90%89%E5%B0%81%E9%9D%A2%E5%A4%B4%E5%9B%BEArticle_images_W900%C3%97500px.webp HTTP/1.1" 200 99110 "http://cqqizhou.com/news/2505" "Mozilla/5.0 (Windows NT 10.0; Win64; x64) AppleWebKit/537.36 (KHTML, like Gecko) Chrome/132.0.0.0 Safari/537.36 NetType/WIFI MicroMessenger/7.0.20.1781(0x6700143B) WindowsWechat(0x63090a13) UnifiedPCWindowsWechat(0xf254181d) XWEB/19201 Flue"
14.108.233.28 - - [20/Apr/2026:16:03:08 +0800] "GET /wp-content/uploads/2026/02/1772086671-20262263Article_images_W900px.webp HTTP/1.1" 200 63422 "http://cqqizhou.com/news/2505" "Mozilla/5.0 (Windows NT 10.0; Win64; x64) AppleWebKit/537.36 (KHTML, like Gecko) Chrome/132.0.0.0 Safari/537.36 NetType/WIFI MicroMessenger/7.0.20.1781(0x6700143B) WindowsWechat(0x63090a13) UnifiedPCWindowsWechat(0xf254181d) XWEB/19201 Flue"
14.108.233.28 - - [20/Apr/2026:16:03:08 +0800] "GET /wp-content/uploads/2026/02/1772086673-20262261Article_images_W900px.webp HTTP/1.1" 200 53642 "http://cqqizhou.com/news/2505" "Mozilla/5.0 (Windows NT 10.0; Win64; x64) AppleWebKit/537.36 (KHTML, like Gecko) Chrome/132.0.0.0 Safari/537.36 NetType/WIFI MicroMessenger/7.0.20.1781(0x6700143B) WindowsWechat(0x63090a13) UnifiedPCWindowsWechat(0xf254181d) XWEB/19201 Flue"
14.108.233.28 - - [20/Apr/2026:16:03:08 +0800] "GET /wp-content/uploads/2026/04/1775865780-1Article_images_W900px.webp HTTP/1.1" 200 41840 "http://cqqizhou.com/news/2505" "Mozilla/5.0 (Windows NT 10.0; Win64; x64) AppleWebKit/537.36 (KHTML, like Gecko) Chrome/132.0.0.0 Safari/537.36 NetType/WIFI MicroMessenger/7.0.20.1781(0x6700143B) WindowsWechat(0x63090a13) UnifiedPCWindowsWechat(0xf254181d) XWEB/19201 Flue"
14.108.233.28 - - [20/Apr/2026:16:03:08 +0800] "GET /wp-content/uploads/2025/07/1751864664-Logistics800x500_1.webp HTTP/1.1" 200 76914 "http://cqqizhou.com/news/2505" "Mozilla/5.0 (Windows NT 10.0; Win64; x64) AppleWebKit/537.36 (KHTML, like Gecko) Chrome/132.0.0.0 Safari/537.36 NetType/WIFI MicroMessenger/7.0.20.1781(0x6700143B) WindowsWechat(0x63090a13) UnifiedPCWindowsWechat(0xf254181d) XWEB/19201 Flue"
14.108.233.28 - - [20/Apr/2026:16:03:08 +0800] "GET /wp-content/uploads/2025/07/1751425283-qizhou.kf_.qq_.com_.webp HTTP/1.1" 200 16864 "http://cqqizhou.com/news/2505" "Mozilla/5.0 (Windows NT 10.0; Win64; x64) AppleWebKit/537.36 (KHTML, like Gecko) Chrome/132.0.0.0 Safari/537.36 NetType/WIFI MicroMessenger/7.0.20.1781(0x6700143B) WindowsWechat(0x63090a13) UnifiedPCWindowsWechat(0xf254181d) XWEB/19201 Flue"
14.108.233.28 - - [20/Apr/2026:16:03:09 +0800] "GET /wp-content/uploads/2026/02/1772086673-20262262Article_images_W900px.webp HTTP/1.1" 200 56740 "http://cqqizhou.com/news/2505" "Mozilla/5.0 (Windows NT 10.0; Win64; x64) AppleWebKit/537.36 (KHTML, like Gecko) Chrome/132.0.0.0 Safari/537.36 NetType/WIFI MicroMessenger/7.0.20.1781(0x6700143B) WindowsWechat(0x63090a13) UnifiedPCWindowsWechat(0xf254181d) XWEB/19201 Flue"
14.108.233.28 - - [20/Apr/2026:16:03:36 +0800] "GET /news/2552 HTTP/1.1" 200 25322 "http://cqqizhou.com/news/2505" "Mozilla/5.0 (Windows NT 10.0; Win64; x64) AppleWebKit/537.36 (KHTML, like Gecko) Chrome/132.0.0.0 Safari/537.36 NetType/WIFI MicroMessenger/7.0.20.1781(0x6700143B) WindowsWechat(0x63090a13) UnifiedPCWindowsWechat(0xf254181d) XWEB/19201 Flue"
14.108.233.28 - - [20/Apr/2026:16:03:36 +0800] "GET /wp-content/uploads/2026/04/1775865981-2Article_images_W900px.webp HTTP/1.1" 200 64044 "http://cqqizhou.com/news/2552" "Mozilla/5.0 (Windows NT 10.0; Win64; x64) AppleWebKit/537.36 (KHTML, like Gecko) Chrome/132.0.0.0 Safari/537.36 NetType/WIFI MicroMessenger/7.0.20.1781(0x6700143B) WindowsWechat(0x63090a13) UnifiedPCWindowsWechat(0xf254181d) XWEB/19201 Flue"
14.108.233.28 - - [20/Apr/2026:16:03:36 +0800] "GET /wp-content/uploads/2026/03/1773722869-1Article_images_W900px.webp HTTP/1.1" 200 28566 "http://cqqizhou.com/news/2552" "Mozilla/5.0 (Windows NT 10.0; Win64; x64) AppleWebKit/537.36 (KHTML, like Gecko) Chrome/132.0.0.0 Safari/537.36 NetType/WIFI MicroMessenger/7.0.20.1781(0x6700143B) WindowsWechat(0x63090a13) UnifiedPCWindowsWechat(0xf254181d) XWEB/19201 Flue"
14.108.233.28 - - [20/Apr/2026:16:03:36 +0800] "GET /wp-content/uploads/2026/04/1775865995-3Article_images_W900px.webp HTTP/1.1" 200 92936 "http://cqqizhou.com/news/2552" "Mozilla/5.0 (Windows NT 10.0; Win64; x64) AppleWebKit/537.36 (KHTML, like Gecko) Chrome/132.0.0.0 Safari/537.36 NetType/WIFI MicroMessenger/7.0.20.1781(0x6700143B) WindowsWechat(0x63090a13) UnifiedPCWindowsWechat(0xf254181d) XWEB/19201 Flue"
36.133.115.36 - - [20/Apr/2026:16:03:37 +0800] "POST /wp-cron.php?doing_wp_cron=1776672217.7411611080169677734375 HTTP/1.1" 200 31 "-" "WordPress/6.9; http://cqqizhou.com"
14.108.233.28 - - [20/Apr/2026:16:03:37 +0800] "POST /wp-admin/admin-ajax.php HTTP/1.1" 403 33 "http://cqqizhou.com/news/2552" "Mozilla/5.0 (Windows NT 10.0; Win64; x64) AppleWebKit/537.36 (KHTML, like Gecko) Chrome/132.0.0.0 Safari/537.36 NetType/WIFI MicroMessenger/7.0.20.1781(0x6700143B) WindowsWechat(0x63090a13) UnifiedPCWindowsWechat(0xf254181d) XWEB/19201 Flue"
14.108.233.28 - - [20/Apr/2026:16:03:47 +0800] "POST /wp-admin/admin-ajax.php HTTP/1.1" 403 33 "http://cqqizhou.com/news/2552" "Mozilla/5.0 (Windows NT 10.0; Win64; x64) AppleWebKit/537.36 (KHTML, like Gecko) Chrome/132.0.0.0 Safari/537.36 NetType/WIFI MicroMessenger/7.0.20.1781(0x6700143B) WindowsWechat(0x63090a13) UnifiedPCWindowsWechat(0xf254181d) XWEB/19201 Flue"
