94.26.106.90 - - [20/Apr/2026:16:23:27 +0800] "POST /wp-login.php HTTP/1.1" 200 3053 "http://cqqizhou.com/wp-login.php" "Mozilla/5.0 (Macintosh; Intel Mac OS X 13_6_1) AppleWebKit/605.1.15 (KHTML, like Gecko) Version/17.1 Safari/605.1.15"
36.133.115.36 - - [20/Apr/2026:16:24:20 +0800] "POST /wp-cron.php?doing_wp_cron=1776673460.6835880279541015625000 HTTP/1.1" 200 31 "-" "WordPress/6.9; http://cqqizhou.com"
94.26.106.90 - - [20/Apr/2026:16:24:20 +0800] "POST /wp-login.php HTTP/1.1" 200 3062 "http://cqqizhou.com/wp-login.php" "Mozilla/5.0 (Windows NT 11.0; Win64; x64) AppleWebKit/537.36 (KHTML, like Gecko) Chrome/121.0.0.0 Safari/537.36"
94.26.106.90 - - [20/Apr/2026:16:25:05 +0800] "POST /wp-login.php HTTP/1.1" 200 3056 "http://cqqizhou.com/wp-login.php" "Mozilla/5.0 (X11; Linux x86_64) AppleWebKit/537.36 (KHTML, like Gecko) Chrome/118.0.0.0 Safari/537.36"
36.133.115.36 - - [20/Apr/2026:16:25:42 +0800] "POST /wp-cron.php?doing_wp_cron=1776673542.7716341018676757812500 HTTP/1.1" 200 31 "-" "WordPress/6.9; http://cqqizhou.com"
94.26.106.90 - - [20/Apr/2026:16:25:42 +0800] "POST /wp-login.php HTTP/1.1" 200 3001 "http://cqqizhou.com/wp-login.php" "Mozilla/5.0 (Macintosh; Intel Mac OS X 13_6_1) AppleWebKit/537.36 (KHTML, like Gecko) Chrome/121.0.0.0 Safari/537.36"
36.133.115.36 - - [20/Apr/2026:16:26:26 +0800] "POST /wp-cron.php?doing_wp_cron=1776673586.8761630058288574218750 HTTP/1.1" 200 31 "-" "WordPress/6.9; http://cqqizhou.com"
94.26.106.90 - - [20/Apr/2026:16:26:26 +0800] "POST /wp-login.php HTTP/1.1" 200 3056 "http://cqqizhou.com/wp-login.php" "Mozilla/5.0 (X11; Ubuntu; Linux x86_64) AppleWebKit/537.36 (KHTML, like Gecko) Chrome/118.0.0.0 Safari/537.36"
94.26.106.90 - - [20/Apr/2026:16:26:51 +0800] "POST /wp-login.php HTTP/1.1" 200 3057 "http://cqqizhou.com/wp-login.php" "Mozilla/5.0 (Macintosh; Intel Mac OS X 13_6_1) AppleWebKit/537.36 (KHTML, like Gecko) Chrome/118.0.0.0 Safari/537.36"
36.133.115.36 - - [20/Apr/2026:16:27:26 +0800] "POST /wp-cron.php?doing_wp_cron=1776673646.2197461128234863281250 HTTP/1.1" 200 31 "-" "WordPress/6.9; http://cqqizhou.com"
94.26.106.90 - - [20/Apr/2026:16:27:26 +0800] "POST /wp-login.php HTTP/1.1" 200 3054 "http://cqqizhou.com/wp-login.php" "Mozilla/5.0 (Macintosh; Intel Mac OS X 13_6_1) AppleWebKit/605.1.15 (KHTML, like Gecko) Version/17.1 Safari/605.1.15"
94.26.106.90 - - [20/Apr/2026:16:27:43 +0800] "POST /wp-login.php HTTP/1.1" 200 3054 "http://cqqizhou.com/wp-login.php" "Mozilla/5.0 (Macintosh; Intel Mac OS X 10_15_7) AppleWebKit/605.1.15 (KHTML, like Gecko) Version/17.2 Safari/605.1.15"
36.133.115.36 - - [20/Apr/2026:16:28:21 +0800] "POST /wp-cron.php?doing_wp_cron=1776673701.1128890514373779296875 HTTP/1.1" 200 31 "-" "WordPress/6.9; http://cqqizhou.com"
94.26.106.90 - - [20/Apr/2026:16:28:21 +0800] "POST /wp-login.php HTTP/1.1" 200 3001 "http://cqqizhou.com/wp-login.php" "Mozilla/5.0 (X11; Linux x86_64) AppleWebKit/537.36 (KHTML, like Gecko) Chrome/121.0.0.0 Safari/537.36"
94.26.106.90 - - [20/Apr/2026:16:28:59 +0800] "POST /wp-login.php HTTP/1.1" 200 2967 "http://cqqizhou.com/wp-login.php" "Mozilla/5.0 (Macintosh; Intel Mac OS X 13_6_1; rv:118.0) Gecko/20100101 Firefox/118.0"
36.133.115.36 - - [20/Apr/2026:16:29:55 +0800] "POST /wp-cron.php?doing_wp_cron=1776673795.4095849990844726562500 HTTP/1.1" 200 31 "-" "WordPress/6.9; http://cqqizhou.com"
94.26.106.90 - - [20/Apr/2026:16:29:55 +0800] "POST /wp-login.php HTTP/1.1" 200 3055 "http://cqqizhou.com/wp-login.php" "Mozilla/5.0 (Windows NT 11.0; Win64; x64; rv:121.0) Gecko/20100101 Firefox/121.0"
36.133.115.36 - - [20/Apr/2026:16:30:30 +0800] "POST /wp-cron.php?doing_wp_cron=1776673830.2169959545135498046875 HTTP/1.1" 200 31 "-" "WordPress/6.9; http://cqqizhou.com"
94.26.106.90 - - [20/Apr/2026:16:30:30 +0800] "POST /wp-login.php HTTP/1.1" 200 2967 "http://cqqizhou.com/wp-login.php" "Mozilla/5.0 (Windows NT 10.0; Win64; x64) AppleWebKit/537.36 (KHTML, like Gecko) Chrome/120.0.0.0 Safari/537.36"
36.133.115.36 - - [20/Apr/2026:16:31:12 +0800] "POST /wp-cron.php?doing_wp_cron=1776673872.2569859027862548828125 HTTP/1.1" 200 31 "-" "WordPress/6.9; http://cqqizhou.com"
94.26.106.90 - - [20/Apr/2026:16:31:12 +0800] "POST /wp-login.php HTTP/1.1" 200 2967 "http://cqqizhou.com/wp-login.php" "Mozilla/5.0 (X11; Ubuntu; Linux x86_64) AppleWebKit/537.36 (KHTML, like Gecko) Chrome/120.0.0.0 Safari/537.36"
94.26.106.90 - - [20/Apr/2026:16:31:40 +0800] "POST /wp-login.php HTTP/1.1" 200 3053 "http://cqqizhou.com/wp-login.php" "Mozilla/5.0 (Macintosh; Intel Mac OS X 10_15_7) AppleWebKit/537.36 (KHTML, like Gecko) Chrome/121.0.0.0 Safari/537.36"
94.26.106.90 - - [20/Apr/2026:16:31:49 +0800] "POST /wp-login.php HTTP/1.1" 200 3052 "http://cqqizhou.com/wp-login.php" "Mozilla/5.0 (Windows NT 10.0; Win64; x64) AppleWebKit/537.36 (KHTML, like Gecko) Chrome/121.0.0.0 Safari/537.36"
94.26.106.90 - - [20/Apr/2026:16:32:01 +0800] "POST /wp-login.php HTTP/1.1" 200 3056 "http://cqqizhou.com/wp-login.php" "Mozilla/5.0 (X11; Linux x86_64) AppleWebKit/537.36 (KHTML, like Gecko) Chrome/119.0.0.0 Safari/537.36"
36.133.115.36 - - [20/Apr/2026:16:32:29 +0800] "POST /wp-cron.php?doing_wp_cron=1776673949.5732240676879882812500 HTTP/1.1" 200 31 "-" "WordPress/6.9; http://cqqizhou.com"
198.12.115.18 - - [20/Apr/2026:16:32:29 +0800] "GET / HTTP/1.1" 301 5 "-" "Mozilla/5.0 (Windows NT 10.0; Win64; x64) AppleWebKit/537.36"
94.26.106.90 - - [20/Apr/2026:16:32:37 +0800] "POST /wp-login.php HTTP/1.1" 200 3057 "http://cqqizhou.com/wp-login.php" "Mozilla/5.0 (Windows NT 10.0; Win64; x64) AppleWebKit/537.36 (KHTML, like Gecko) Chrome/118.0.0.0 Safari/537.36"
94.26.106.90 - - [20/Apr/2026:16:32:54 +0800] "POST /wp-login.php HTTP/1.1" 200 3053 "http://cqqizhou.com/wp-login.php" "Mozilla/5.0 (Macintosh; Intel Mac OS X 10_15_7) AppleWebKit/605.1.15 (KHTML, like Gecko) Version/17.1 Safari/605.1.15"
36.133.115.36 - - [20/Apr/2026:16:33:22 +0800] "POST /wp-cron.php?doing_wp_cron=1776674002.3140621185302734375000 HTTP/1.1" 200 31 "-" "WordPress/6.9; http://cqqizhou.com"
94.26.106.90 - - [20/Apr/2026:16:33:22 +0800] "POST /wp-login.php HTTP/1.1" 200 3056 "http://cqqizhou.com/wp-login.php" "Mozilla/5.0 (Macintosh; Intel Mac OS X 10_15_7; rv:120.0) Gecko/20100101 Firefox/120.0"
94.26.106.90 - - [20/Apr/2026:16:33:58 +0800] "POST /wp-login.php HTTP/1.1" 200 3055 "http://cqqizhou.com/wp-login.php" "Mozilla/5.0 (Macintosh; Intel Mac OS X 10_15_7) AppleWebKit/605.1.15 (KHTML, like Gecko) Version/17.0 Safari/605.1.15"
36.133.115.36 - - [20/Apr/2026:16:34:28 +0800] "POST /wp-cron.php?doing_wp_cron=1776674068.5532789230346679687500 HTTP/1.1" 200 31 "-" "WordPress/6.9; http://cqqizhou.com"
94.26.106.90 - - [20/Apr/2026:16:34:28 +0800] "POST /wp-login.php HTTP/1.1" 200 3055 "http://cqqizhou.com/wp-login.php" "Mozilla/5.0 (X11; Ubuntu; Linux x86_64) AppleWebKit/537.36 (KHTML, like Gecko) Chrome/120.0.0.0 Safari/537.36"
94.26.106.90 - - [20/Apr/2026:16:35:07 +0800] "POST /wp-login.php HTTP/1.1" 200 3001 "http://cqqizhou.com/wp-login.php" "Mozilla/5.0 (Windows NT 10.0; Win64; x64) AppleWebKit/537.36 (KHTML, like Gecko) Chrome/120.0.0.0 Safari/537.36"
36.133.115.36 - - [20/Apr/2026:16:35:44 +0800] "POST /wp-cron.php?doing_wp_cron=1776674144.7904429435729980468750 HTTP/1.1" 200 31 "-" "WordPress/6.9; http://cqqizhou.com"
94.26.106.90 - - [20/Apr/2026:16:35:44 +0800] "POST /wp-login.php HTTP/1.1" 200 3054 "http://cqqizhou.com/wp-login.php" "Mozilla/5.0 (Macintosh; Intel Mac OS X 10_15_7) AppleWebKit/537.36 (KHTML, like Gecko) Chrome/121.0.0.0 Safari/537.36"
123.182.51.97 - - [20/Apr/2026:16:35:50 +0800] "GET /robots.txt HTTP/1.1" 200 190 "-" "YisouSpider"
36.133.115.36 - - [20/Apr/2026:16:36:20 +0800] "POST /wp-cron.php?doing_wp_cron=1776674180.2569079399108886718750 HTTP/1.1" 200 31 "-" "WordPress/6.9; http://cqqizhou.com"
94.26.106.90 - - [20/Apr/2026:16:36:20 +0800] "POST /wp-login.php HTTP/1.1" 200 3001 "http://cqqizhou.com/wp-login.php" "Mozilla/5.0 (X11; Linux x86_64) AppleWebKit/537.36 (KHTML, like Gecko) Chrome/120.0.0.0 Safari/537.36"
94.26.106.90 - - [20/Apr/2026:16:36:53 +0800] "POST /wp-login.php HTTP/1.1" 200 2967 "http://cqqizhou.com/wp-login.php" "Mozilla/5.0 (Windows NT 10.0; Win64; x64; rv:119.0) Gecko/20100101 Firefox/119.0"
36.133.115.36 - - [20/Apr/2026:16:37:31 +0800] "POST /wp-cron.php?doing_wp_cron=1776674251.8828380107879638671875 HTTP/1.1" 200 31 "-" "WordPress/6.9; http://cqqizhou.com"
94.26.106.90 - - [20/Apr/2026:16:37:31 +0800] "POST /wp-login.php HTTP/1.1" 200 3055 "http://cqqizhou.com/wp-login.php" "Mozilla/5.0 (Macintosh; Intel Mac OS X 10_15_7) AppleWebKit/605.1.15 (KHTML, like Gecko) Version/17.1 Safari/605.1.15"
36.133.115.36 - - [20/Apr/2026:16:38:15 +0800] "POST /wp-cron.php?doing_wp_cron=1776674295.5002129077911376953125 HTTP/1.1" 200 31 "-" "WordPress/6.9; http://cqqizhou.com"
94.26.106.90 - - [20/Apr/2026:16:38:15 +0800] "POST /wp-login.php HTTP/1.1" 200 3056 "http://cqqizhou.com/wp-login.php" "Mozilla/5.0 (Windows NT 11.0; Win64; x64; rv:121.0) Gecko/20100101 Firefox/121.0"
36.133.115.36 - - [20/Apr/2026:16:38:28 +0800] "POST /wp-cron.php?doing_wp_cron=1776674308.2656579017639160156250 HTTP/1.1" 200 31 "-" "WordPress/6.9; http://cqqizhou.com"
94.26.106.90 - - [20/Apr/2026:16:38:28 +0800] "POST /wp-login.php HTTP/1.1" 200 3053 "http://cqqizhou.com/wp-login.php" "Mozilla/5.0 (X11; Ubuntu; Linux x86_64) AppleWebKit/537.36 (KHTML, like Gecko) Chrome/119.0.0.0 Safari/537.36"
94.26.106.90 - - [20/Apr/2026:16:38:49 +0800] "POST /wp-login.php HTTP/1.1" 200 3054 "http://cqqizhou.com/wp-login.php" "Mozilla/5.0 (Macintosh; Intel Mac OS X 13_6_1) AppleWebKit/605.1.15 (KHTML, like Gecko) Version/16.6 Safari/605.1.15"
36.133.115.36 - - [20/Apr/2026:16:39:24 +0800] "POST /wp-cron.php?doing_wp_cron=1776674364.2599580287933349609375 HTTP/1.1" 200 31 "-" "WordPress/6.9; http://cqqizhou.com"
94.26.106.90 - - [20/Apr/2026:16:39:24 +0800] "POST /wp-login.php HTTP/1.1" 200 3055 "http://cqqizhou.com/wp-login.php" "Mozilla/5.0 (Macintosh; Intel Mac OS X 10_15_7) AppleWebKit/537.36 (KHTML, like Gecko) Chrome/119.0.0.0 Safari/537.36"
94.26.106.90 - - [20/Apr/2026:16:39:41 +0800] "POST /wp-login.php HTTP/1.1" 200 3001 "http://cqqizhou.com/wp-login.php" "Mozilla/5.0 (X11; Ubuntu; Linux x86_64) AppleWebKit/537.36 (KHTML, like Gecko) Chrome/121.0.0.0 Safari/537.36"
94.26.106.90 - - [20/Apr/2026:16:39:56 +0800] "POST /wp-login.php HTTP/1.1" 200 3001 "http://cqqizhou.com/wp-login.php" "Mozilla/5.0 (Windows NT 10.0; Win64; x64) AppleWebKit/537.36 (KHTML, like Gecko) Chrome/121.0.0.0 Safari/537.36"
36.133.115.36 - - [20/Apr/2026:16:40:26 +0800] "POST /wp-cron.php?doing_wp_cron=1776674426.1285490989685058593750 HTTP/1.1" 200 31 "-" "WordPress/6.9; http://cqqizhou.com"
94.26.106.90 - - [20/Apr/2026:16:40:26 +0800] "POST /wp-login.php HTTP/1.1" 200 3001 "http://cqqizhou.com/wp-login.php" "Mozilla/5.0 (Windows NT 10.0; Win64; x64; rv:121.0) Gecko/20100101 Firefox/121.0"
94.26.106.90 - - [20/Apr/2026:16:40:55 +0800] "POST /wp-login.php HTTP/1.1" 200 3055 "http://cqqizhou.com/wp-login.php" "Mozilla/5.0 (X11; Linux x86_64) AppleWebKit/537.36 (KHTML, like Gecko) Chrome/121.0.0.0 Safari/537.36"
36.133.115.36 - - [20/Apr/2026:16:41:20 +0800] "POST /wp-cron.php?doing_wp_cron=1776674480.4113619327545166015625 HTTP/1.1" 200 31 "-" "WordPress/6.9; http://cqqizhou.com"
94.26.106.90 - - [20/Apr/2026:16:41:20 +0800] "POST /wp-login.php HTTP/1.1" 200 3055 "http://cqqizhou.com/wp-login.php" "Mozilla/5.0 (X11; Ubuntu; Linux x86_64) AppleWebKit/537.36 (KHTML, like Gecko) Chrome/120.0.0.0 Safari/537.36"
116.76.38.164 - - [20/Apr/2026:16:41:24 +0800] "GET /wp-content/uploads/2025/07/1753454299-Article_images_W900px.webp HTTP/1.1" 200 52418 "-" "Python/3.11 aiohttp/3.13.5"
94.26.106.90 - - [20/Apr/2026:16:41:32 +0800] "POST /wp-login.php HTTP/1.1" 200 3057 "http://cqqizhou.com/wp-login.php" "Mozilla/5.0 (Macintosh; Intel Mac OS X 10_15_7) AppleWebKit/605.1.15 (KHTML, like Gecko) Version/16.6 Safari/605.1.15"
94.26.106.90 - - [20/Apr/2026:16:41:47 +0800] "POST /wp-login.php HTTP/1.1" 200 3051 "http://cqqizhou.com/wp-login.php" "Mozilla/5.0 (Macintosh; Intel Mac OS X 10_15_7) AppleWebKit/605.1.15 (KHTML, like Gecko) Version/17.0 Safari/605.1.15"
94.26.106.90 - - [20/Apr/2026:16:42:05 +0800] "POST /wp-login.php HTTP/1.1" 200 3054 "http://cqqizhou.com/wp-login.php" "Mozilla/5.0 (X11; Ubuntu; Linux x86_64) AppleWebKit/537.36 (KHTML, like Gecko) Chrome/120.0.0.0 Safari/537.36"
36.133.115.36 - - [20/Apr/2026:16:42:32 +0800] "POST /wp-cron.php?doing_wp_cron=1776674552.5826539993286132812500 HTTP/1.1" 200 31 "-" "WordPress/6.9; http://cqqizhou.com"
94.26.106.90 - - [20/Apr/2026:16:42:32 +0800] "POST /wp-login.php HTTP/1.1" 200 3055 "http://cqqizhou.com/wp-login.php" "Mozilla/5.0 (Macintosh; Intel Mac OS X 10_15_7) AppleWebKit/605.1.15 (KHTML, like Gecko) Version/17.1 Safari/605.1.15"
94.26.106.90 - - [20/Apr/2026:16:42:46 +0800] "POST /wp-login.php HTTP/1.1" 200 3001 "http://cqqizhou.com/wp-login.php" "Mozilla/5.0 (Macintosh; Intel Mac OS X 13_6_1) AppleWebKit/605.1.15 (KHTML, like Gecko) Version/17.2 Safari/605.1.15"
36.133.115.36 - - [20/Apr/2026:16:43:27 +0800] "POST /wp-cron.php?doing_wp_cron=1776674607.1743690967559814453125 HTTP/1.1" 200 31 "-" "WordPress/6.9; http://cqqizhou.com"
94.26.106.90 - - [20/Apr/2026:16:43:27 +0800] "POST /wp-login.php HTTP/1.1" 200 3051 "http://cqqizhou.com/wp-login.php" "Mozilla/5.0 (Windows NT 10.0; Win64; x64; rv:119.0) Gecko/20100101 Firefox/119.0"
94.26.106.90 - - [20/Apr/2026:16:44:00 +0800] "POST /wp-login.php HTTP/1.1" 200 3055 "http://cqqizhou.com/wp-login.php" "Mozilla/5.0 (Macintosh; Intel Mac OS X 13_6_1; rv:118.0) Gecko/20100101 Firefox/118.0"
36.133.115.36 - - [20/Apr/2026:16:44:24 +0800] "POST /wp-cron.php?doing_wp_cron=1776674664.2872500419616699218750 HTTP/1.1" 200 31 "-" "WordPress/6.9; http://cqqizhou.com"
94.26.106.90 - - [20/Apr/2026:16:44:24 +0800] "POST /wp-login.php HTTP/1.1" 200 3057 "http://cqqizhou.com/wp-login.php" "Mozilla/5.0 (Macintosh; Intel Mac OS X 10_15_7) AppleWebKit/537.36 (KHTML, like Gecko) Chrome/121.0.0.0 Safari/537.36"
94.26.106.90 - - [20/Apr/2026:16:44:50 +0800] "POST /wp-login.php HTTP/1.1" 200 3055 "http://cqqizhou.com/wp-login.php" "Mozilla/5.0 (Windows NT 11.0; Win64; x64; rv:118.0) Gecko/20100101 Firefox/118.0"
36.133.115.36 - - [20/Apr/2026:16:45:26 +0800] "POST /wp-cron.php?doing_wp_cron=1776674726.5519919395446777343750 HTTP/1.1" 200 31 "-" "WordPress/6.9; http://cqqizhou.com"
94.26.106.90 - - [20/Apr/2026:16:45:26 +0800] "POST /wp-login.php HTTP/1.1" 200 3061 "http://cqqizhou.com/wp-login.php" "Mozilla/5.0 (Windows NT 11.0; Win64; x64; rv:118.0) Gecko/20100101 Firefox/118.0"
36.133.115.36 - - [20/Apr/2026:16:46:34 +0800] "POST /wp-cron.php?doing_wp_cron=1776674794.2484989166259765625000 HTTP/1.1" 200 31 "-" "WordPress/6.9; http://cqqizhou.com"
94.26.106.90 - - [20/Apr/2026:16:46:34 +0800] "POST /wp-login.php HTTP/1.1" 200 3059 "http://cqqizhou.com/wp-login.php" "Mozilla/5.0 (Windows NT 10.0; Win64; x64) AppleWebKit/537.36 (KHTML, like Gecko) Chrome/119.0.0.0 Safari/537.36"
115.45.42.36 - - [20/Apr/2026:16:47:03 +0800] "GET /wp-content/uploads/2025/07/1753454299-Article_images_W900px.webp HTTP/1.1" 200 52418 "-" "Python/3.11 aiohttp/3.13.5"
36.133.115.36 - - [20/Apr/2026:16:47:19 +0800] "POST /wp-cron.php?doing_wp_cron=1776674839.5726230144500732421875 HTTP/1.1" 200 31 "-" "WordPress/6.9; http://cqqizhou.com"
14.162.196.161 - - [20/Apr/2026:16:47:19 +0800] "GET http://cqqizhou.com/2159 HTTP/1.1" 301 5 "-" "Mozilla/5.0 (Windows NT 10.0; Win64; x64) AppleWebKit/537.36 (KHTML, like Gecko) Chrome/107.0.0.0 Safari/537.36"
123.31.136.139 - - [20/Apr/2026:16:47:21 +0800] "GET http://cqqizhou.com/news/2159 HTTP/1.1" 200 28710 "-" "Mozilla/5.0 (Windows NT 10.0; Win64; x64) AppleWebKit/537.36 (KHTML, like Gecko) Chrome/107.0.0.0 Safari/537.36"
94.26.106.90 - - [20/Apr/2026:16:47:25 +0800] "POST /wp-login.php HTTP/1.1" 200 3001 "http://cqqizhou.com/wp-login.php" "Mozilla/5.0 (X11; Linux x86_64) AppleWebKit/537.36 (KHTML, like Gecko) Chrome/120.0.0.0 Safari/537.36"
170.106.11.6 - - [20/Apr/2026:16:47:29 +0800] "GET / HTTP/1.1" 301 5 "-" "Mozilla/5.0 (iPhone; CPU iPhone OS 13_2_3 like Mac OS X) AppleWebKit/605.1.15 (KHTML, like Gecko) Version/13.0.3 Mobile/15E148 Safari/604.1"
170.106.11.6 - - [20/Apr/2026:16:47:33 +0800] "GET / HTTP/1.1" 200 34724 "http://36.133.115.36" "Mozilla/5.0 (iPhone; CPU iPhone OS 13_2_3 like Mac OS X) AppleWebKit/605.1.15 (KHTML, like Gecko) Version/13.0.3 Mobile/15E148 Safari/604.1"
94.26.106.90 - - [20/Apr/2026:16:47:43 +0800] "POST /wp-login.php HTTP/1.1" 200 2967 "http://cqqizhou.com/wp-login.php" "Mozilla/5.0 (Windows NT 10.0; Win64; x64; rv:119.0) Gecko/20100101 Firefox/119.0"
36.133.115.36 - - [20/Apr/2026:16:48:14 +0800] "POST /wp-cron.php?doing_wp_cron=1776674894.1899769306182861328125 HTTP/1.1" 200 31 "-" "WordPress/6.9; http://cqqizhou.com"
94.26.106.90 - - [20/Apr/2026:16:48:14 +0800] "POST /wp-login.php HTTP/1.1" 200 3051 "http://cqqizhou.com/wp-login.php" "Mozilla/5.0 (Windows NT 11.0; Win64; x64; rv:121.0) Gecko/20100101 Firefox/121.0"
116.76.37.16 - - [20/Apr/2026:16:48:17 +0800] "GET /wp-content/uploads/2025/07/1753454299-Article_images_W900px.webp HTTP/1.1" 200 52418 "-" "Python/3.11 aiohttp/3.13.5"
94.26.106.90 - - [20/Apr/2026:16:48:50 +0800] "POST /wp-login.php HTTP/1.1" 200 3055 "http://cqqizhou.com/wp-login.php" "Mozilla/5.0 (X11; Ubuntu; Linux x86_64) AppleWebKit/537.36 (KHTML, like Gecko) Chrome/119.0.0.0 Safari/537.36"
36.133.115.36 - - [20/Apr/2026:16:49:47 +0800] "POST /wp-cron.php?doing_wp_cron=1776674987.7167251110076904296875 HTTP/1.1" 200 31 "-" "WordPress/6.9; http://cqqizhou.com"
94.26.106.90 - - [20/Apr/2026:16:49:47 +0800] "POST /wp-login.php HTTP/1.1" 200 3056 "http://cqqizhou.com/wp-login.php" "Mozilla/5.0 (Macintosh; Intel Mac OS X 10_15_7) AppleWebKit/537.36 (KHTML, like Gecko) Chrome/118.0.0.0 Safari/537.36"
36.133.115.36 - - [20/Apr/2026:16:50:23 +0800] "POST /wp-cron.php?doing_wp_cron=1776675023.7189450263977050781250 HTTP/1.1" 200 31 "-" "WordPress/6.9; http://cqqizhou.com"
94.26.106.90 - - [20/Apr/2026:16:50:23 +0800] "POST /wp-login.php HTTP/1.1" 200 3001 "http://cqqizhou.com/wp-login.php" "Mozilla/5.0 (Macintosh; Intel Mac OS X 10_15_7; rv:121.0) Gecko/20100101 Firefox/121.0"
94.26.106.90 - - [20/Apr/2026:16:50:44 +0800] "POST /wp-login.php HTTP/1.1" 200 3001 "http://cqqizhou.com/wp-login.php" "Mozilla/5.0 (Windows NT 10.0; Win64; x64) AppleWebKit/537.36 (KHTML, like Gecko) Chrome/120.0.0.0 Safari/537.36"
36.133.115.36 - - [20/Apr/2026:16:51:21 +0800] "POST /wp-cron.php?doing_wp_cron=1776675081.2679250240325927734375 HTTP/1.1" 200 31 "-" "WordPress/6.9; http://cqqizhou.com"
94.26.106.90 - - [20/Apr/2026:16:51:21 +0800] "POST /wp-login.php HTTP/1.1" 200 3055 "http://cqqizhou.com/wp-login.php" "Mozilla/5.0 (Macintosh; Intel Mac OS X 10_15_7) AppleWebKit/605.1.15 (KHTML, like Gecko) Version/17.0 Safari/605.1.15"
94.26.106.90 - - [20/Apr/2026:16:52:01 +0800] "POST /wp-login.php HTTP/1.1" 200 3056 "http://cqqizhou.com/wp-login.php" "Mozilla/5.0 (Macintosh; Intel Mac OS X 10_15_7) AppleWebKit/605.1.15 (KHTML, like Gecko) Version/17.0 Safari/605.1.15"
36.133.115.36 - - [20/Apr/2026:16:52:38 +0800] "POST /wp-cron.php?doing_wp_cron=1776675158.1378529071807861328125 HTTP/1.1" 200 31 "-" "WordPress/6.9; http://cqqizhou.com"
94.26.106.90 - - [20/Apr/2026:16:52:38 +0800] "POST /wp-login.php HTTP/1.1" 200 3052 "http://cqqizhou.com/wp-login.php" "Mozilla/5.0 (Macintosh; Intel Mac OS X 10_15_7) AppleWebKit/537.36 (KHTML, like Gecko) Chrome/119.0.0.0 Safari/537.36"
36.133.115.36 - - [20/Apr/2026:16:53:40 +0800] "POST /wp-cron.php?doing_wp_cron=1776675220.6617479324340820312500 HTTP/1.1" 200 31 "-" "WordPress/6.9; http://cqqizhou.com"
94.26.106.90 - - [20/Apr/2026:16:53:40 +0800] "POST /wp-login.php HTTP/1.1" 200 3054 "http://cqqizhou.com/wp-login.php" "Mozilla/5.0 (Windows NT 11.0; Win64; x64) AppleWebKit/537.36 (KHTML, like Gecko) Chrome/118.0.0.0 Safari/537.36"
36.133.115.36 - - [20/Apr/2026:16:54:29 +0800] "POST /wp-cron.php?doing_wp_cron=1776675269.2649340629577636718750 HTTP/1.1" 200 31 "-" "WordPress/6.9; http://cqqizhou.com"
94.26.106.90 - - [20/Apr/2026:16:54:29 +0800] "POST /wp-login.php HTTP/1.1" 200 3054 "http://cqqizhou.com/wp-login.php" "Mozilla/5.0 (Macintosh; Intel Mac OS X 10_15_7) AppleWebKit/537.36 (KHTML, like Gecko) Chrome/121.0.0.0 Safari/537.36"
36.133.115.36 - - [20/Apr/2026:16:55:17 +0800] "POST /wp-cron.php?doing_wp_cron=1776675317.0987739562988281250000 HTTP/1.1" 200 31 "-" "WordPress/6.9; http://cqqizhou.com"
94.26.106.90 - - [20/Apr/2026:16:55:17 +0800] "POST /wp-login.php HTTP/1.1" 200 3001 "http://cqqizhou.com/wp-login.php" "Mozilla/5.0 (Windows NT 10.0; Win64; x64; rv:118.0) Gecko/20100101 Firefox/118.0"
94.26.106.90 - - [20/Apr/2026:16:55:31 +0800] "POST /wp-login.php HTTP/1.1" 200 3001 "http://cqqizhou.com/wp-login.php" "Mozilla/5.0 (Macintosh; Intel Mac OS X 13_6_1; rv:120.0) Gecko/20100101 Firefox/120.0"
94.26.106.90 - - [20/Apr/2026:16:55:58 +0800] "POST /wp-login.php HTTP/1.1" 200 3051 "http://cqqizhou.com/wp-login.php" "Mozilla/5.0 (Macintosh; Intel Mac OS X 13_6_1) AppleWebKit/605.1.15 (KHTML, like Gecko) Version/17.2 Safari/605.1.15"
36.133.115.36 - - [20/Apr/2026:16:56:25 +0800] "POST /wp-cron.php?doing_wp_cron=1776675385.8592689037322998046875 HTTP/1.1" 200 31 "-" "WordPress/6.9; http://cqqizhou.com"
94.26.106.90 - - [20/Apr/2026:16:56:25 +0800] "POST /wp-login.php HTTP/1.1" 200 3051 "http://cqqizhou.com/wp-login.php" "Mozilla/5.0 (Windows NT 11.0; Win64; x64; rv:119.0) Gecko/20100101 Firefox/119.0"
115.45.43.81 - - [20/Apr/2026:17:00:33 +0800] "GET /wp-content/uploads/2025/07/1753454299-Article_images_W900px.webp HTTP/1.1" 200 52418 "-" "Python/3.11 aiohttp/3.13.5"
36.133.115.36 - - [20/Apr/2026:17:10:14 +0800] "POST /wp-cron.php?doing_wp_cron=1776676214.8266699314117431640625 HTTP/1.1" 200 31 "-" "WordPress/6.9; http://cqqizhou.com"
102.204.88.130 - - [20/Apr/2026:17:10:14 +0800] "GET http://cqqizhou.com/portfolio/duplex-stainless-steel HTTP/1.1" 301 5 "-" "Mozilla/5.0 (Macintosh; Intel Mac OS X 10_15_7) AppleWebKit/537.36 (KHTML, like Gecko) Chrome/119.0.0.0 Safari/537.36"
200.8.34.52 - - [20/Apr/2026:17:10:16 +0800] "GET http://cqqizhou.com/news/portfolio/duplex-stainless-steel HTTP/1.1" 200 22249 "-" "Mozilla/5.0 (Macintosh; Intel Mac OS X 10_15_7) AppleWebKit/537.36 (KHTML, like Gecko) Chrome/119.0.0.0 Safari/537.36"
198.12.115.18 - - [20/Apr/2026:17:10:38 +0800] "GET / HTTP/1.1" 301 5 "-" "Mozilla/5.0 (Windows NT 10.0; Win64; x64) AppleWebKit/537.36"
14.108.233.28 - - [20/Apr/2026:17:22:05 +0800] "GET /news/2534 HTTP/1.1" 200 24186 "http://cqqizhou.com/news/2464" "Mozilla/5.0 (Windows NT 10.0; Win64; x64) AppleWebKit/537.36 (KHTML, like Gecko) Chrome/132.0.0.0 Safari/537.36 NetType/WIFI MicroMessenger/7.0.20.1781(0x6700143B) WindowsWechat(0x63090a13) UnifiedPCWindowsWechat(0xf254181d) XWEB/19201 Flue"
180.153.236.153 - - [20/Apr/2026:17:24:29 +0800] "GET / HTTP/1.1" 200 35159 "http://cqqizhou.com" "User-Agent:Mozilla/5.0 (Windows NT 10.0; Win64; x64) AppleWebKit/537.36 (KHTML, like Gecko) Chrome/140.0.0.0 Safari/537.36 Edg/140.0.0.0; 360Spider"
36.133.115.36 - - [20/Apr/2026:17:27:16 +0800] "POST /wp-cron.php?doing_wp_cron=1776677236.6418819427490234375000 HTTP/1.1" 200 31 "-" "WordPress/6.9; http://cqqizhou.com"
142.93.115.177 - - [20/Apr/2026:17:27:16 +0800] "POST /xmlrpc.php HTTP/1.1" 200 217 "-" "Mozilla/5.0 (Windows NT 10.0; Win64; x64) AppleWebKit/537.43 (KHTML, like Gecko) Chrome/140.0.0.0 Safari/537.36 OPR/124.0.0.0"
36.133.115.36 - - [20/Apr/2026:17:29:30 +0800] "POST /wp-cron.php?doing_wp_cron=1776677370.9016630649566650390625 HTTP/1.1" 200 31 "-" "WordPress/6.9; http://cqqizhou.com"
178.62.28.91 - - [20/Apr/2026:17:29:30 +0800] "POST /xmlrpc.php HTTP/1.1" 200 217 "-" "Mozilla/5.0 (Windows NT 10.0; WOW64) AppleWebKit/537.36 (KHTML, like Gecko) Chrome/140.0.0.0 Safari/537.36 Edg/140.0.0.0"
190.172.4.196 - - [20/Apr/2026:17:41:54 +0800] "GET http://cqqizhou.com/services HTTP/1.1" 200 31707 "-" "Mozilla/5.0 (Macintosh; Intel Mac OS X 10_15_7) AppleWebKit/537.36 (KHTML, like Gecko) Chrome/120.0.0.0 Safari/537.36"
36.133.115.36 - - [20/Apr/2026:17:47:20 +0800] "POST /wp-cron.php?doing_wp_cron=1776678440.3007080554962158203125 HTTP/1.1" 200 31 "-" "WordPress/6.9; http://cqqizhou.com"
104.223.6.190 - - [20/Apr/2026:17:47:20 +0800] "GET /aKfZqRpLtUvw HTTP/1.1" 404 31365 "-" "Mozilla/5.0 (Windows NT 10.0; Win64; x64) AppleWebKit/537.36"
36.133.115.36 - - [20/Apr/2026:17:48:22 +0800] "POST /wp-cron.php?doing_wp_cron=1776678502.4494760036468505859375 HTTP/1.1" 200 31 "-" "WordPress/6.9; http://cqqizhou.com"
196.27.114.137 - - [20/Apr/2026:17:48:22 +0800] "POST /xmlrpc.php HTTP/1.1" 200 217 "-" "Mozilla/5.0 (Windows NT 10.0; Win64; x64) AppleWebKit/537.43 (KHTML, like Gecko) Chrome/137.0.0.0 Safari/537.36 OPR/121.0.0.0"
36.133.115.36 - - [20/Apr/2026:17:51:46 +0800] "POST /wp-cron.php?doing_wp_cron=1776678706.7597041130065917968750 HTTP/1.1" 200 31 "-" "WordPress/6.9; http://cqqizhou.com"
198.12.115.18 - - [20/Apr/2026:17:51:46 +0800] "GET /mXE6DkFH HTTP/1.1" 404 31365 "-" "Mozilla/5.0 (Windows NT 10.0; Win64; x64) AppleWebKit/537.36"
36.133.115.36 - - [20/Apr/2026:18:01:44 +0800] "POST /wp-cron.php?doing_wp_cron=1776679304.9334089756011962890625 HTTP/1.1" 200 31 "-" "WordPress/6.9; http://cqqizhou.com"
40.77.167.203 - - [20/Apr/2026:18:01:44 +0800] "GET /robots.txt HTTP/1.1" 200 190 "-" "Mozilla/5.0 AppleWebKit/537.36 (KHTML, like Gecko; compatible; bingbot/2.0; +http://www.bing.com/bingbot.htm) Chrome/116.0.1938.76 Safari/537.36"
207.46.13.155 - - [20/Apr/2026:18:01:50 +0800] "GET / HTTP/1.1" 301 5 "-" "Mozilla/5.0 AppleWebKit/537.36 (KHTML, like Gecko; compatible; bingbot/2.0; +http://www.bing.com/bingbot.htm) Chrome/116.0.1938.76 Safari/537.36"
36.133.115.36 - - [20/Apr/2026:18:05:52 +0800] "POST /wp-cron.php?doing_wp_cron=1776679552.1227960586547851562500 HTTP/1.1" 200 31 "-" "WordPress/6.9; http://cqqizhou.com"
223.101.251.79 - - [20/Apr/2026:18:05:52 +0800] "GET /contacts/ HTTP/1.1" 301 5 "-" "Mozilla/5.0 (Windows NT 10.0; Win64; x64) AppleWebKit/537.36 (KHTML, like Gecko) Chrome/136.0.0.0 Safari/537.36"
223.101.251.79 - - [20/Apr/2026:18:05:52 +0800] "GET http://cqqizhou.com/contacts HTTP/1.1" 200 21617 "-" "Mozilla/5.0 (Windows NT 10.0; Win64; x64) AppleWebKit/537.36 (KHTML, like Gecko) Chrome/136.0.0.0 Safari/537.36"
36.133.115.36 - - [20/Apr/2026:18:06:20 +0800] "POST /wp-cron.php?doing_wp_cron=1776679580.4547410011291503906250 HTTP/1.1" 200 31 "-" "WordPress/6.9; http://cqqizhou.com"
223.73.169.107 - - [20/Apr/2026:18:06:20 +0800] "GET /contacts/ HTTP/1.1" 301 5 "-" "Mozilla/5.0 (Windows NT 10.0; Win64; x64) AppleWebKit/537.36 (KHTML, like Gecko) Chrome/136.0.0.0 Safari/537.36"
171.34.210.99 - - [20/Apr/2026:18:06:22 +0800] "GET /contacts/ HTTP/1.1" 301 5 "http://cqqizhou.com/contacts/" "Mozilla/5.0 (Windows NT 10.0; Win64; x64) AppleWebKit/537.36 (KHTML, like Gecko) Chrome/136.0.0.0 Safari/537.36"
171.34.210.99 - - [20/Apr/2026:18:06:22 +0800] "GET http://cqqizhou.com/contacts HTTP/1.1" 200 21617 "http://cqqizhou.com/contacts/" "Mozilla/5.0 (Windows NT 10.0; Win64; x64) AppleWebKit/537.36 (KHTML, like Gecko) Chrome/136.0.0.0 Safari/537.36"
36.133.115.36 - - [20/Apr/2026:18:13:36 +0800] "POST /wp-cron.php?doing_wp_cron=1776680016.6933529376983642578125 HTTP/1.1" 200 31 "-" "WordPress/6.9; http://cqqizhou.com"
149.202.183.73 - - [20/Apr/2026:18:13:36 +0800] "POST /xmlrpc.php HTTP/1.1" 200 217 "-" "Mozilla/5.0 (Windows NT 10.0; Win64; x64) AppleWebKit/537.36 (KHTML, like Gecko) Chrome/139.0.0.0 Safari/537.36 Edg/139.0.0.0"
36.133.115.36 - - [20/Apr/2026:18:15:21 +0800] "POST /wp-cron.php?doing_wp_cron=1776680121.8187129497528076171875 HTTP/1.1" 200 31 "-" "WordPress/6.9; http://cqqizhou.com"
104.223.6.190 - - [20/Apr/2026:18:15:21 +0800] "GET / HTTP/1.1" 301 5 "-" "Mozilla/5.0 (Windows NT 10.0; Win64; x64) AppleWebKit/537.36"
36.133.115.36 - - [20/Apr/2026:18:22:30 +0800] "POST /wp-cron.php?doing_wp_cron=1776680550.6026649475097656250000 HTTP/1.1" 200 31 "-" "WordPress/6.9; http://cqqizhou.com"
198.12.115.18 - - [20/Apr/2026:18:22:30 +0800] "GET / HTTP/1.1" 301 5 "-" "Mozilla/5.0 (Windows NT 10.0; Win64; x64) AppleWebKit/537.36"
36.133.115.36 - - [20/Apr/2026:18:33:12 +0800] "POST /wp-cron.php?doing_wp_cron=1776681192.8883368968963623046875 HTTP/1.1" 200 31 "-" "WordPress/6.9; http://cqqizhou.com"
147.182.250.143 - - [20/Apr/2026:18:33:12 +0800] "POST /xmlrpc.php HTTP/1.1" 200 217 "-" "Mozilla/5.0 (Windows NT 10.0) AppleWebKit/537.36 (KHTML, like Gecko) Chrome/141.0.0.0 Safari/537.36 Edg/141.0.0.0"
123.20.75.225 - - [20/Apr/2026:18:34:01 +0800] "GET http://cqqizhou.com/2418 HTTP/1.1" 301 5 "-" "Mozilla/5.0 (Windows NT 10.0; Win64; x64) AppleWebKit/537.36 (KHTML, like Gecko) Chrome/107.0.0.0 Safari/537.36"
177.115.34.171 - - [20/Apr/2026:18:34:04 +0800] "GET http://cqqizhou.com/news/2418 HTTP/1.1" 200 27290 "-" "Mozilla/5.0 (Windows NT 10.0; Win64; x64) AppleWebKit/537.36 (KHTML, like Gecko) Chrome/107.0.0.0 Safari/537.36"
113.184.221.15 - - [20/Apr/2026:18:46:43 +0800] "GET http://cqqizhou.com/ HTTP/1.1" 200 35159 "-" "Mozilla/5.0 (Windows NT 10.0; Win64; x64) AppleWebKit/537.36 (KHTML, like Gecko) Chrome/101.0.4951.67 Safari/537.36"
123.12.253.106 - - [20/Apr/2026:19:28:42 +0800] "GET /wp-content/uploads/2026/02/1772086672-%E5%BC%80%E5%B7%A5%E5%A4%A7%E5%90%89%E5%B0%81%E9%9D%A2%E5%A4%B4%E5%9B%BEArticle_images_W900%C3%97500px.webp HTTP/1.1" 200 99110 "http://cqqizhou.com/" "Mozilla/5.0 (Windows NT 10.0; Win64; x64) AppleWebKit/537.36 (KHTML, like Gecko) Chrome/112.0.0.0 Safari/537.36"
36.133.115.36 - - [20/Apr/2026:19:30:09 +0800] "POST /wp-cron.php?doing_wp_cron=1776684609.8124909400939941406250 HTTP/1.1" 200 31 "-" "WordPress/6.9; http://cqqizhou.com"
182.44.12.37 - - [20/Apr/2026:19:30:09 +0800] "GET / HTTP/1.1" 301 5 "-" "Mozilla/5.0 (iPhone; CPU iPhone OS 13_2_3 like Mac OS X) AppleWebKit/605.1.15 (KHTML, like Gecko) Version/13.0.3 Mobile/15E148 Safari/604.1"
182.44.12.37 - - [20/Apr/2026:19:30:15 +0800] "GET / HTTP/1.1" 200 34724 "http://www.cqqizhou.com" "Mozilla/5.0 (iPhone; CPU iPhone OS 13_2_3 like Mac OS X) AppleWebKit/605.1.15 (KHTML, like Gecko) Version/13.0.3 Mobile/15E148 Safari/604.1"
36.133.115.36 - - [20/Apr/2026:19:32:13 +0800] "POST /wp-cron.php?doing_wp_cron=1776684733.3896770477294921875000 HTTP/1.1" 200 31 "-" "WordPress/6.9; http://cqqizhou.com"
14.244.166.41 - - [20/Apr/2026:19:32:13 +0800] "GET http://cqqizhou.com/2164 HTTP/1.1" 301 5 "-" "Mozilla/5.0 (Windows NT 10.0; Win64; x64) AppleWebKit/537.36 (KHTML, like Gecko) Chrome/116.0.0.0 Safari/537.36"
123.28.195.210 - - [20/Apr/2026:19:32:15 +0800] "GET http://cqqizhou.com/news/2164 HTTP/1.1" 200 23660 "-" "Mozilla/5.0 (Windows NT 10.0; Win64; x64) AppleWebKit/537.36 (KHTML, like Gecko) Chrome/116.0.0.0 Safari/537.36"
36.133.115.36 - - [20/Apr/2026:19:38:03 +0800] "POST /wp-cron.php?doing_wp_cron=1776685083.2126779556274414062500 HTTP/1.1" 200 31 "-" "WordPress/6.9; http://cqqizhou.com"
120.241.209.186 - - [20/Apr/2026:19:38:03 +0800] "GET /news/2518 HTTP/1.1" 200 24105 "-" "Mozilla/5.0 (Windows NT 10.0; Win64; x64) AppleWebKit/537.36 (KHTML, like Gecko) Chrome/104.0.5112.81 Safari/537.36"
36.133.115.36 - - [20/Apr/2026:19:42:34 +0800] "POST /wp-cron.php?doing_wp_cron=1776685353.9555079936981201171875 HTTP/1.1" 200 31 "-" "WordPress/6.9; http://cqqizhou.com"
183.56.147.162 - - [20/Apr/2026:19:42:34 +0800] "GET /news/portfolio-category/pickled-coil HTTP/1.1" 200 21054 "-" "Mozilla/5.0 (Windows NT 10.0; Win64; x64) AppleWebKit/537.36 (KHTML, like Gecko) Chrome/107.0.0.0 Safari/537.36"
36.133.115.36 - - [20/Apr/2026:19:43:45 +0800] "POST /wp-cron.php?doing_wp_cron=1776685425.9388101100921630859375 HTTP/1.1" 200 31 "-" "WordPress/6.9; http://cqqizhou.com"
43.153.26.165 - - [20/Apr/2026:19:43:45 +0800] "GET / HTTP/1.1" 200 34723 "-" "Mozilla/5.0 (iPhone; CPU iPhone OS 13_2_3 like Mac OS X) AppleWebKit/605.1.15 (KHTML, like Gecko) Version/13.0.3 Mobile/15E148 Safari/604.1"
157.148.43.184 - - [20/Apr/2026:19:45:15 +0800] "GET /news/page/2 HTTP/1.1" 200 26034 "-" "Mozilla/5.0 (Windows NT 10.0; Win64; x64) AppleWebKit/537.36 (KHTML, like Gecko) Chrome/116.0.0.0 Safari/537.36"
36.133.115.36 - - [20/Apr/2026:20:03:31 +0800] "POST /wp-cron.php?doing_wp_cron=1776686611.6044108867645263671875 HTTP/1.1" 200 31 "-" "WordPress/6.9; http://cqqizhou.com"
111.225.148.137 - - [20/Apr/2026:20:03:31 +0800] "GET /robots.txt HTTP/1.1" 200 190 "-" "Mozilla/5.0 (Linux; Android 5.0) AppleWebKit/537.36 (KHTML, like Gecko) Mobile Safari/537.36 (compatible; Bytespider; https://zhanzhang.toutiao.com/)"
36.133.115.36 - - [20/Apr/2026:20:10:23 +0800] "POST /wp-cron.php?doing_wp_cron=1776687023.4730830192565917968750 HTTP/1.1" 200 31 "-" "WordPress/6.9; http://cqqizhou.com"
121.41.171.45 - - [20/Apr/2026:20:10:23 +0800] "GET / HTTP/1.0" 301 0 "-" "-"
121.41.171.45 - - [20/Apr/2026:20:10:34 +0800] "GET / HTTP/1.0" 301 0 "-" "-"
121.41.171.45 - - [20/Apr/2026:20:10:34 +0800] "POST /sdk HTTP/1.1" 404 31365 "-" "Mozilla/5.0 (compatible; Nmap Scripting Engine; https://nmap.org/book/nse.html)"
121.41.171.45 - - [20/Apr/2026:20:10:34 +0800] "GET /nmaplowercheck1776687027 HTTP/1.1" 404 31365 "-" "Mozilla/5.0 (compatible; Nmap Scripting Engine; https://nmap.org/book/nse.html)"
121.41.171.45 - - [20/Apr/2026:20:10:35 +0800] "GET /evox/about HTTP/1.1" 404 31365 "-" "Mozilla/5.0 (compatible; Nmap Scripting Engine; https://nmap.org/book/nse.html)"
121.41.171.45 - - [20/Apr/2026:20:10:35 +0800] "GET /HNAP1 HTTP/1.1" 404 31365 "-" "Mozilla/5.0 (compatible; Nmap Scripting Engine; https://nmap.org/book/nse.html)"
121.41.171.45 - - [20/Apr/2026:20:10:54 +0800] "GET / HTTP/1.0" 301 0 "-" "-"
121.41.171.45 - - [20/Apr/2026:20:10:55 +0800] "GET / HTTP/1.1" 301 5 "-" "-"
36.133.115.36 - - [20/Apr/2026:20:18:34 +0800] "POST /wp-cron.php?doing_wp_cron=1776687514.8365390300750732421875 HTTP/1.1" 200 31 "-" "WordPress/6.9; http://cqqizhou.com"
14.172.117.249 - - [20/Apr/2026:20:18:34 +0800] "GET http://cqqizhou.com/2160 HTTP/1.1" 301 5 "-" "Mozilla/5.0 (Windows NT 10.0; Win64; x64) AppleWebKit/537.36 (KHTML, like Gecko) Chrome/104.0.0.0 Safari/537.36"
103.166.59.8 - - [20/Apr/2026:20:18:36 +0800] "GET http://cqqizhou.com/news/2160 HTTP/1.1" 200 25709 "-" "Mozilla/5.0 (Windows NT 10.0; Win64; x64) AppleWebKit/537.36 (KHTML, like Gecko) Chrome/104.0.0.0 Safari/537.36"
36.133.115.36 - - [20/Apr/2026:20:40:17 +0800] "POST /wp-cron.php?doing_wp_cron=1776688817.8694350719451904296875 HTTP/1.1" 200 31 "-" "WordPress/6.9; http://cqqizhou.com"
83.166.155.159 - - [20/Apr/2026:20:40:17 +0800] "POST /xmlrpc.php HTTP/1.1" 200 217 "-" "Mozilla/5.0 (Windows NT 10.0; WOW64) AppleWebKit/537.43 (KHTML, like Gecko) Chrome/140.0.0.0 Safari/537.36 OPR/124.0.0.0"
36.133.115.36 - - [20/Apr/2026:20:56:03 +0800] "POST /wp-cron.php?doing_wp_cron=1776689763.2351889610290527343750 HTTP/1.1" 200 31 "-" "WordPress/6.9; http://cqqizhou.com"
119.84.246.117 - - [20/Apr/2026:20:56:03 +0800] "GET / HTTP/1.1" 301 5 "-" "-"
119.84.246.117 - - [20/Apr/2026:20:56:03 +0800] "GET / HTTP/1.1" 200 158581 "-" "-"
119.84.246.117 - - [20/Apr/2026:20:56:05 +0800] "GET / HTTP/1.1" 301 5 "-" "Mozilla/5.0 (Windows NT 6.1; WOW64; rv:13.0) Gecko/20100101 Firefox/13.0.1"
119.84.246.117 - - [20/Apr/2026:20:56:05 +0800] "GET / HTTP/1.1" 200 35159 "-" "Mozilla/5.0 (Windows NT 6.1; WOW64; rv:13.0) Gecko/20100101 Firefox/13.0.1"
119.84.246.117 - - [20/Apr/2026:20:56:05 +0800] "GET /wp-content/uploads/2025/07/1753453096-%E5%8F%8C%E7%9B%B8%E9%92%A2product_Single600%C3%97284.webp HTTP/1.1" 200 14562 "http://cqqizhou.com/" "Mozilla/5.0 (Windows NT 6.1; WOW64; rv:13.0) Gecko/20100101 Firefox/13.0.1"
119.84.246.117 - - [20/Apr/2026:20:56:05 +0800] "GET /wp-content/uploads/2025/07/1751425283-qizhou.kf_.qq_.com_.webp HTTP/1.1" 200 16864 "http://cqqizhou.com/" "Mozilla/5.0 (Windows NT 6.1; WOW64; rv:13.0) Gecko/20100101 Firefox/13.0.1"
119.84.246.117 - - [20/Apr/2026:20:56:05 +0800] "GET /wp-content/uploads/2025/07/1753456723-%E5%8F%8C%E7%9B%B8%E9%92%A2roduct_Single600.webp HTTP/1.1" 200 22790 "http://cqqizhou.com/" "Mozilla/5.0 (Windows NT 6.1; WOW64; rv:13.0) Gecko/20100101 Firefox/13.0.1"
119.84.246.117 - - [20/Apr/2026:20:56:05 +0800] "GET /wp-content/uploads/2025/07/1753456770-%E7%83%AD%E9%95%80%E9%94%8C%E5%8D%B7product_Single600.webp HTTP/1.1" 200 27502 "http://cqqizhou.com/" "Mozilla/5.0 (Windows NT 6.1; WOW64; rv:13.0) Gecko/20100101 Firefox/13.0.1"
119.84.246.117 - - [20/Apr/2026:20:56:05 +0800] "GET /wp-content/uploads/2025/07/1753453127-%E4%BD%99%E5%8D%B7product_Single600%C3%97284.webp HTTP/1.1" 200 18744 "http://cqqizhou.com/" "Mozilla/5.0 (Windows NT 6.1; WOW64; rv:13.0) Gecko/20100101 Firefox/13.0.1"
119.84.246.117 - - [20/Apr/2026:20:56:05 +0800] "GET /wp-content/uploads/2026/04/1775865780-1Article_images_W900px.webp HTTP/1.1" 200 41840 "http://cqqizhou.com/" "Mozilla/5.0 (Windows NT 6.1; WOW64; rv:13.0) Gecko/20100101 Firefox/13.0.1"
119.84.246.117 - - [20/Apr/2026:20:56:05 +0800] "GET /wp-content/uploads/2026/04/1775698332-Article_images_W900px.webp HTTP/1.1" 200 49852 "http://cqqizhou.com/" "Mozilla/5.0 (Windows NT 6.1; WOW64; rv:13.0) Gecko/20100101 Firefox/13.0.1"
119.84.246.117 - - [20/Apr/2026:20:56:05 +0800] "GET /wp-content/uploads/2026/04/1775195054-1Article_images_W900px.webp HTTP/1.1" 200 25562 "http://cqqizhou.com/" "Mozilla/5.0 (Windows NT 6.1; WOW64; rv:13.0) Gecko/20100101 Firefox/13.0.1"
119.84.246.117 - - [20/Apr/2026:20:56:05 +0800] "GET /wp-content/uploads/2026/02/1769999241-4.2%E7%B1%B3%E9%AB%98%E6%A0%8F%E8%B4%A7%E8%BD%A6.webp HTTP/1.1" 200 54794 "http://cqqizhou.com/" "Mozilla/5.0 (Windows NT 6.1; WOW64; rv:13.0) Gecko/20100101 Firefox/13.0.1"
119.84.246.117 - - [20/Apr/2026:20:56:05 +0800] "GET /wp-content/uploads/2025/07/1751864664-Logistics800x500_1.webp HTTP/1.1" 200 76914 "http://cqqizhou.com/" "Mozilla/5.0 (Windows NT 6.1; WOW64; rv:13.0) Gecko/20100101 Firefox/13.0.1"
36.133.115.36 - - [20/Apr/2026:21:11:16 +0800] "POST /wp-cron.php?doing_wp_cron=1776690676.7086501121520996093750 HTTP/1.1" 200 31 "-" "WordPress/6.9; http://cqqizhou.com"
35.201.138.245 - - [20/Apr/2026:21:11:16 +0800] "POST /xmlrpc.php HTTP/1.1" 200 217 "-" "Mozilla/5.0 (Windows NT 10.0; rv:140.0) Gecko/20100101 Firefox/140.0"
113.78.40.177 - - [20/Apr/2026:21:31:15 +0800] "GET /news/2535 HTTP/1.1" 200 19772 "-" "Mozilla/5.0 (Windows NT 10.0; Win64; x64) AppleWebKit/537.36 (KHTML, like Gecko) Chrome/142.0.0.0 Safari/537.36"
36.133.115.36 - - [20/Apr/2026:21:31:26 +0800] "POST /wp-cron.php?doing_wp_cron=1776691886.1942999362945556640625 HTTP/1.1" 200 31 "-" "WordPress/6.9; http://cqqizhou.com"
119.28.140.106 - - [20/Apr/2026:21:31:26 +0800] "GET / HTTP/1.1" 301 5 "-" "Mozilla/5.0 (iPhone; CPU iPhone OS 13_2_3 like Mac OS X) AppleWebKit/605.1.15 (KHTML, like Gecko) Version/13.0.3 Mobile/15E148 Safari/604.1"
119.28.140.106 - - [20/Apr/2026:21:31:36 +0800] "GET / HTTP/1.1" 200 34724 "http://36.133.115.36" "Mozilla/5.0 (iPhone; CPU iPhone OS 13_2_3 like Mac OS X) AppleWebKit/605.1.15 (KHTML, like Gecko) Version/13.0.3 Mobile/15E148 Safari/604.1"
51.159.214.31 - - [20/Apr/2026:21:31:37 +0800] "POST /xmlrpc.php HTTP/1.1" 200 217 "-" "Mozilla/5.0 (Windows NT 10.0; Win64; x64) AppleWebKit/537.43 (KHTML, like Gecko) Chrome/134.0.0.0 Safari/537.36 OPR/119.0.0.0"
74.176.227.118 - - [20/Apr/2026:21:34:51 +0800] "GET /news/2527 HTTP/1.1" 200 24951 "-" "Mozilla/5.0 (Windows NT 10.0; Win64; x64) AppleWebKit/537.36 (KHTML, like Gecko) Chrome/131.0.0.0 Safari/537.36 Edg/131.0.0.0"
120.241.209.250 - - [20/Apr/2026:21:37:24 +0800] "GET /contacts HTTP/1.1" 200 21617 "-" "Mozilla/5.0 (Windows NT 10.0; Win64; x64) AppleWebKit/537.36 (KHTML, like Gecko) Chrome/131.0.0.0 Safari/537.36"
36.133.115.36 - - [20/Apr/2026:21:37:37 +0800] "POST /wp-cron.php?doing_wp_cron=1776692257.7350521087646484375000 HTTP/1.1" 200 31 "-" "WordPress/6.9; http://cqqizhou.com"
14.29.109.225 - - [20/Apr/2026:21:37:37 +0800] "GET /wp-json/contact-form-7/v1/contact-forms/158/refill HTTP/1.1" 200 33 "http://cqqizhou.com/contacts" "Mozilla/5.0 (Windows NT 10.0; Win64; x64) AppleWebKit/537.36 (KHTML, like Gecko) Chrome/104.0.5112.81 Safari/537.36"
36.133.115.36 - - [20/Apr/2026:21:56:56 +0800] "POST /wp-cron.php?doing_wp_cron=1776693416.6084771156311035156250 HTTP/1.1" 200 31 "-" "WordPress/6.9; http://cqqizhou.com"
222.133.150.138 - - [20/Apr/2026:21:56:56 +0800] "GET /logistics/ HTTP/1.1" 301 5 "-" "Mozilla/5.0 (Macintosh; Intel Mac OS X 10_15_7) AppleWebKit/537.36 (KHTML, like Gecko) Chrome/140.0.0.0 Safari/537.36"
202.101.213.74 - - [20/Apr/2026:21:56:57 +0800] "GET /logistics HTTP/1.1" 200 31200 "http://cqqizhou.com/logistics/" "Mozilla/5.0 (Macintosh; Intel Mac OS X 10_15_7) AppleWebKit/537.36 (KHTML, like Gecko) Chrome/140.0.0.0 Safari/537.36"
36.133.115.36 - - [20/Apr/2026:21:57:38 +0800] "POST /wp-cron.php?doing_wp_cron=1776693458.8926529884338378906250 HTTP/1.1" 200 31 "-" "WordPress/6.9; http://cqqizhou.com"
157.66.27.54 - - [20/Apr/2026:21:57:38 +0800] "POST /xmlrpc.php HTTP/1.1" 200 217 "-" "Mozilla/5.0 (Windows NT 10.0; WOW64) AppleWebKit/537.43 (KHTML, like Gecko) Chrome/137.0.0.0 Safari/537.36 OPR/121.0.0.0"
36.133.115.36 - - [20/Apr/2026:22:24:24 +0800] "POST /wp-cron.php?doing_wp_cron=1776695064.1581089496612548828125 HTTP/1.1" 200 31 "-" "WordPress/6.9; http://cqqizhou.com"
71.6.232.30 - - [20/Apr/2026:22:24:24 +0800] "GET / HTTP/1.1" 301 5 "-" "Mozilla/5.0 (Windows NT 10.0; Win64; x64) AppleWebKit/537.36 (KHTML, like Gecko) Chrome/134.0.0.0 Safari/537.36"
36.133.115.36 - - [20/Apr/2026:22:47:21 +0800] "POST /wp-cron.php?doing_wp_cron=1776696441.3579618930816650390625 HTTP/1.1" 200 31 "-" "WordPress/6.9; http://cqqizhou.com"
147.135.215.173 - - [20/Apr/2026:22:47:21 +0800] "GET /robots.txt HTTP/1.1" 200 390 "-" "Mozilla/5.0 (compatible; MJ12bot/v1.4.8; http://mj12bot.com/)"
147.135.215.173 - - [20/Apr/2026:22:47:24 +0800] "GET /portfolio-tag/%E9%9E%8D%E9%92%A2%E8%92%82%E6%A3%AE/ HTTP/1.1" 404 8950 "-" "Mozilla/5.0 (compatible; MJ12bot/v1.4.8; http://mj12bot.com/)"
36.133.115.36 - - [20/Apr/2026:23:05:06 +0800] "POST /wp-cron.php?doing_wp_cron=1776697506.0487079620361328125000 HTTP/1.1" 200 31 "-" "WordPress/6.9; http://cqqizhou.com"
111.225.149.34 - - [20/Apr/2026:23:05:06 +0800] "GET /robots.txt HTTP/1.1" 200 190 "-" "Mozilla/5.0 (Linux; Android 5.0) AppleWebKit/537.36 (KHTML, like Gecko) Mobile Safari/537.36 (compatible; Bytespider; https://zhanzhang.toutiao.com/)"
36.133.115.36 - - [20/Apr/2026:23:12:10 +0800] "POST /wp-cron.php?doing_wp_cron=1776697930.9061000347137451171875 HTTP/1.1" 200 31 "-" "WordPress/6.9; http://cqqizhou.com"
170.64.154.53 - - [20/Apr/2026:23:12:10 +0800] "GET / HTTP/1.1" 301 5 "-" "Mozilla/5.0 zgrab/0.x"
36.133.115.36 - - [20/Apr/2026:23:14:24 +0800] "POST /wp-cron.php?doing_wp_cron=1776698064.7932789325714111328125 HTTP/1.1" 200 31 "-" "WordPress/6.9; http://cqqizhou.com"
120.241.209.203 - - [20/Apr/2026:23:14:24 +0800] "GET /2388/ HTTP/1.1" 301 5 "-" "Mozilla/5.0 (Windows NT 10.0; Win64; x64) AppleWebKit/537.36 (KHTML, like Gecko) Chrome/117.0.0.0 Safari/537.36"
120.241.209.146 - - [20/Apr/2026:23:14:25 +0800] "GET /news/2388 HTTP/1.1" 200 24505 "-" "Mozilla/5.0 (Windows NT 10.0; Win64; x64) AppleWebKit/537.36 (KHTML, like Gecko) Chrome/117.0.0.0 Safari/537.36"
36.133.115.36 - - [20/Apr/2026:23:23:00 +0800] "POST /wp-cron.php?doing_wp_cron=1776698580.0459349155426025390625 HTTP/1.1" 200 31 "-" "WordPress/6.9; http://cqqizhou.com"
48.192.92.52 - - [20/Apr/2026:23:23:00 +0800] "GET /media/4 HTTP/1.1" 200 26172 "-" "Mozilla/5.0 (Windows NT 10.0; Win64; x64) AppleWebKit/537.36 (KHTML, like Gecko) Chrome/131.0.0.0 Safari/537.36 Edg/131.0.0.0"
36.133.115.36 - - [20/Apr/2026:23:44:21 +0800] "POST /wp-cron.php?doing_wp_cron=1776699861.7921578884124755859375 HTTP/1.1" 200 31 "-" "WordPress/6.9; http://cqqizhou.com"
223.88.6.202 - - [20/Apr/2026:23:44:21 +0800] "GET / HTTP/1.1" 301 5 "-" "Mozilla/5.0 (Windows NT 10.0; Win64; x64) AppleWebKit/537.36 (KHTML, like Gecko) Chrome/136.0.0.0 Safari/537.36"
223.88.6.202 - - [20/Apr/2026:23:44:21 +0800] "GET http://cqqizhou.com/ HTTP/1.1" 200 35159 "-" "Mozilla/5.0 (Windows NT 10.0; Win64; x64) AppleWebKit/537.36 (KHTML, like Gecko) Chrome/136.0.0.0 Safari/537.36"
223.88.6.202 - - [20/Apr/2026:23:44:48 +0800] "GET / HTTP/1.1" 301 5 "http://www.cqqizhou.com" "Mozilla/5.0 (Windows NT 10.0; Win64; x64) AppleWebKit/537.36 (KHTML, like Gecko) Chrome/136.0.0.0 Safari/537.36"
223.88.6.202 - - [20/Apr/2026:23:44:48 +0800] "GET http://cqqizhou.com/ HTTP/1.1" 200 35159 "http://www.cqqizhou.com" "Mozilla/5.0 (Windows NT 10.0; Win64; x64) AppleWebKit/537.36 (KHTML, like Gecko) Chrome/136.0.0.0 Safari/537.36"
111.132.9.65 - - [20/Apr/2026:23:44:50 +0800] "GET / HTTP/1.1" 200 35159 "-" "Mozilla/5.0 (Windows NT 10.0; Win64; x64) AppleWebKit/537.36 (KHTML, like Gecko) Chrome/136.0.0.0 Safari/537.36"
223.88.6.202 - - [20/Apr/2026:23:44:59 +0800] "GET /contacts HTTP/1.1" 200 21617 "http://www.cqqizhou.com" "Mozilla/5.0 (Windows NT 10.0; Win64; x64) AppleWebKit/537.36 (KHTML, like Gecko) Chrome/136.0.0.0 Safari/537.36"
223.88.6.202 - - [20/Apr/2026:23:45:00 +0800] "GET /contacts/ HTTP/1.1" 301 5 "http://www.cqqizhou.com" "Mozilla/5.0 (Windows NT 10.0; Win64; x64) AppleWebKit/537.36 (KHTML, like Gecko) Chrome/136.0.0.0 Safari/537.36"
223.88.6.202 - - [20/Apr/2026:23:45:00 +0800] "GET http://cqqizhou.com/contacts HTTP/1.1" 200 21617 "http://www.cqqizhou.com" "Mozilla/5.0 (Windows NT 10.0; Win64; x64) AppleWebKit/537.36 (KHTML, like Gecko) Chrome/136.0.0.0 Safari/537.36"
111.132.9.65 - - [20/Apr/2026:23:45:19 +0800] "GET / HTTP/1.1" 200 35159 "http://cqqizhou.com" "Mozilla/5.0 (Windows NT 10.0; Win64; x64) AppleWebKit/537.36 (KHTML, like Gecko) Chrome/136.0.0.0 Safari/537.36"
58.246.101.78 - - [20/Apr/2026:23:45:50 +0800] "GET /contacts HTTP/1.1" 200 21617 "http://cqqizhou.com/contacts" "Mozilla/5.0 (Windows NT 10.0; Win64; x64) AppleWebKit/537.36 (KHTML, like Gecko) Chrome/136.0.0.0 Safari/537.36"
111.132.9.65 - - [20/Apr/2026:23:45:53 +0800] "GET /contacts HTTP/1.1" 200 21617 "http://cqqizhou.com" "Mozilla/5.0 (Windows NT 10.0; Win64; x64) AppleWebKit/537.36 (KHTML, like Gecko) Chrome/136.0.0.0 Safari/537.36"
36.133.115.36 - - [20/Apr/2026:23:45:57 +0800] "POST /wp-cron.php?doing_wp_cron=1776699957.1235659122467041015625 HTTP/1.1" 200 31 "-" "WordPress/6.9; http://cqqizhou.com"
111.132.9.65 - - [20/Apr/2026:23:45:57 +0800] "GET /contacts/ HTTP/1.1" 301 5 "http://cqqizhou.com" "Mozilla/5.0 (Windows NT 10.0; Win64; x64) AppleWebKit/537.36 (KHTML, like Gecko) Chrome/136.0.0.0 Safari/537.36"
111.132.9.65 - - [20/Apr/2026:23:45:57 +0800] "GET http://cqqizhou.com/contacts HTTP/1.1" 200 21617 "http://cqqizhou.com" "Mozilla/5.0 (Windows NT 10.0; Win64; x64) AppleWebKit/537.36 (KHTML, like Gecko) Chrome/136.0.0.0 Safari/537.36"
36.133.115.36 - - [20/Apr/2026:23:46:42 +0800] "POST /wp-cron.php?doing_wp_cron=1776700002.7899339199066162109375 HTTP/1.1" 200 31 "-" "WordPress/6.9; http://cqqizhou.com"
111.27.9.63 - - [20/Apr/2026:23:46:42 +0800] "GET /contacts/ HTTP/1.1" 301 5 "http://cqqizhou.com/contacts/" "Mozilla/5.0 (Windows NT 10.0; Win64; x64) AppleWebKit/537.36 (KHTML, like Gecko) Chrome/136.0.0.0 Safari/537.36"
111.27.9.63 - - [20/Apr/2026:23:46:43 +0800] "GET http://cqqizhou.com/contacts HTTP/1.1" 200 21617 "http://cqqizhou.com/contacts/" "Mozilla/5.0 (Windows NT 10.0; Win64; x64) AppleWebKit/537.36 (KHTML, like Gecko) Chrome/136.0.0.0 Safari/537.36"
111.132.9.65 - - [20/Apr/2026:23:46:48 +0800] "GET /contacts HTTP/1.1" 200 21617 "http://cqqizhou.com/contacts" "Mozilla/5.0 (Windows NT 10.0; Win64; x64) AppleWebKit/537.36 (KHTML, like Gecko) Chrome/136.0.0.0 Safari/537.36"
111.132.9.65 - - [20/Apr/2026:23:46:48 +0800] "GET /contacts/ HTTP/1.1" 301 5 "http://cqqizhou.com/contacts/" "Mozilla/5.0 (Windows NT 10.0; Win64; x64) AppleWebKit/537.36 (KHTML, like Gecko) Chrome/136.0.0.0 Safari/537.36"
111.132.9.65 - - [20/Apr/2026:23:46:50 +0800] "GET http://cqqizhou.com/contacts HTTP/1.1" 200 21617 "http://cqqizhou.com/contacts/" "Mozilla/5.0 (Windows NT 10.0; Win64; x64) AppleWebKit/537.36 (KHTML, like Gecko) Chrome/136.0.0.0 Safari/537.36"
61.131.245.111 - - [20/Apr/2026:23:47:15 +0800] "GET /contacts HTTP/1.1" 200 21617 "http://cqqizhou.com/contacts/" "Mozilla/5.0 (Windows NT 10.0; Win64; x64) AppleWebKit/537.36 (KHTML, like Gecko) Chrome/136.0.0.0 Safari/537.36"
124.118.182.9 - - [20/Apr/2026:23:47:34 +0800] "GET /contacts HTTP/1.1" 200 21617 "http://cqqizhou.com/contacts/" "Mozilla/5.0 (Windows NT 10.0; Win64; x64) AppleWebKit/537.36 (KHTML, like Gecko) Chrome/136.0.0.0 Safari/537.36"
124.118.182.9 - - [20/Apr/2026:23:47:39 +0800] "GET /contacts HTTP/1.1" 200 21617 "http://cqqizhou.com/contacts" "Mozilla/5.0 (Windows NT 10.0; Win64; x64) AppleWebKit/537.36 (KHTML, like Gecko) Chrome/136.0.0.0 Safari/537.36"
61.131.245.111 - - [20/Apr/2026:23:47:49 +0800] "GET /contacts HTTP/1.1" 200 21617 "http://cqqizhou.com/contacts" "Mozilla/5.0 (Windows NT 10.0; Win64; x64) AppleWebKit/537.36 (KHTML, like Gecko) Chrome/136.0.0.0 Safari/537.36"