192.36.109.129 - - [20/Apr/2026:12:04:28 +0800] "GET /robots.txt HTTP/1.1" 200 190 "-" "Mozilla/5.0 (Linux; U; Android 13; sk-sk; Xiaomi 11T Pro Build/TKQ1.220829.002) AppleWebKit/537.36 (KHTML, like Gecko) Version/4.0 Chrome/112.0.5615.136 Mobile Safari/537.36 XiaoMi/MiuiBrowser/14.4.0-g"
192.36.109.120 - - [20/Apr/2026:12:04:31 +0800] "GET / HTTP/1.1" 200 34724 "-" "Mozilla/5.0 (Linux; U; Android 13; sk-sk; Xiaomi 11T Pro Build/TKQ1.220829.002) AppleWebKit/537.36 (KHTML, like Gecko) Version/4.0 Chrome/112.0.5615.136 Mobile Safari/537.36 XiaoMi/MiuiBrowser/14.4.0-g"
36.133.115.36 - - [20/Apr/2026:12:05:37 +0800] "POST /wp-cron.php?doing_wp_cron=1776657937.0504970550537109375000 HTTP/1.1" 200 31 "-" "WordPress/6.9; http://cqqizhou.com"
114.119.154.13 - - [20/Apr/2026:12:05:37 +0800] "GET /wp-sitemap.xml HTTP/1.1" 501 253 "-" "Mozilla/5.0 (Linux; Android 7.0;) AppleWebKit/537.36 (KHTML, like Gecko) Mobile Safari/537.36 (compatible; PetalBot;+https://webmaster.petalsearch.com/site/petalbot)"
36.133.115.36 - - [20/Apr/2026:12:10:58 +0800] "POST /wp-cron.php?doing_wp_cron=1776658258.2455179691314697265625 HTTP/1.1" 200 31 "-" "WordPress/6.9; http://cqqizhou.com"
114.119.151.63 - - [20/Apr/2026:12:10:58 +0800] "GET /wp-sitemap.xml HTTP/1.1" 501 253 "-" "Mozilla/5.0 (Linux; Android 7.0;) AppleWebKit/537.36 (KHTML, like Gecko) Mobile Safari/537.36 (compatible; PetalBot;+https://webmaster.petalsearch.com/site/petalbot)"
36.133.115.36 - - [20/Apr/2026:12:12:59 +0800] "POST /wp-cron.php?doing_wp_cron=1776658379.1225130558013916015625 HTTP/1.1" 200 31 "-" "WordPress/6.9; http://cqqizhou.com"
161.35.14.71 - - [20/Apr/2026:12:12:59 +0800] "POST /xmlrpc.php HTTP/1.1" 200 217 "-" "Mozilla/5.0 (Windows NT 10.0; Win64; x64) AppleWebKit/537.36 (KHTML, like Gecko) Chrome/138.0.0.0 Safari/537.36"
36.133.115.36 - - [20/Apr/2026:12:20:58 +0800] "POST /wp-cron.php?doing_wp_cron=1776658858.2437109947204589843750 HTTP/1.1" 200 31 "-" "WordPress/6.9; http://cqqizhou.com"
162.216.150.167 - - [20/Apr/2026:12:20:58 +0800] "GET / HTTP/1.1" 200 34724 "-" "Hello from Palo Alto Networks, find out more about our scans in https://docs-cortex.paloaltonetworks.com/r/1/Cortex-Xpanse/Scanning-activity"
157.148.43.148 - - [20/Apr/2026:12:22:24 +0800] "GET / HTTP/1.1" 200 35159 "-" "Mozilla/5.0 (Windows NT 10.0; Win64; x64) AppleWebKit/537.36 (KHTML, like Gecko) Chrome/133.0.0.0 Safari/537.36"
157.148.35.224 - - [20/Apr/2026:12:22:28 +0800] "GET / HTTP/1.1" 200 35159 "-" "Mozilla/5.0 (Windows NT 10.0; Win64; x64) AppleWebKit/537.36 (KHTML, like Gecko) Chrome/103.0.0.0 Safari/537.36"
40.77.167.16 - - [20/Apr/2026:12:51:16 +0800] "GET /news/2543 HTTP/1.1" 200 25471 "-" "Mozilla/5.0 AppleWebKit/537.36 (KHTML, like Gecko; compatible; bingbot/2.0; +http://www.bing.com/bingbot.htm) Chrome/116.0.1938.76 Safari/537.36"
36.133.115.36 - - [20/Apr/2026:13:05:34 +0800] "POST /wp-cron.php?doing_wp_cron=1776661534.6390318870544433593750 HTTP/1.1" 200 31 "-" "WordPress/6.9; http://cqqizhou.com"
195.140.214.26 - - [20/Apr/2026:13:05:34 +0800] "GET / HTTP/1.1" 200 1936 "-" "Mozilla/5.0 (compatible; Infrawatch/1.0; +https://infrawat.ch/)"
36.133.115.36 - - [20/Apr/2026:13:09:00 +0800] "POST /wp-cron.php?doing_wp_cron=1776661740.2480139732360839843750 HTTP/1.1" 200 31 "-" "WordPress/6.9; http://cqqizhou.com"
182.44.12.37 - - [20/Apr/2026:13:09:00 +0800] "GET / HTTP/1.1" 200 34723 "-" "Mozilla/5.0 (iPhone; CPU iPhone OS 13_2_3 like Mac OS X) AppleWebKit/605.1.15 (KHTML, like Gecko) Version/13.0.3 Mobile/15E148 Safari/604.1"
49.72.30.55 - - [20/Apr/2026:13:12:07 +0800] "GET / HTTP/1.1" 200 35159 "-" "Mozilla/5.0 (Phone; OpenHarmony 6.0) AppleWebKit/537.36 (KHTML, like Gecko) Chrome/132.0.0.0 Safari/537.36 ArkWeb/6.0.0.130 Mobile bd_dvt/0 bdapp/1.0 (baiduboxapp; baiduboxapp) baiduboxapp/15.54.1.10 (Baidu; P5 6.0.0.130) NABar/1.0"
49.72.30.55 - - [20/Apr/2026:13:12:08 +0800] "GET /wp-content/uploads/2025/07/1751425283-qizhou.kf_.qq_.com_.webp HTTP/1.1" 200 16864 "http://cqqizhou.com/" "Mozilla/5.0 (Phone; OpenHarmony 6.0) AppleWebKit/537.36 (KHTML, like Gecko) Chrome/132.0.0.0 Safari/537.36 ArkWeb/6.0.0.130 Mobile"
49.72.30.55 - - [20/Apr/2026:13:12:08 +0800] "GET /wp-content/uploads/2025/07/1753456723-%E5%8F%8C%E7%9B%B8%E9%92%A2roduct_Single600.webp HTTP/1.1" 200 22790 "http://cqqizhou.com/" "Mozilla/5.0 (Phone; OpenHarmony 6.0) AppleWebKit/537.36 (KHTML, like Gecko) Chrome/132.0.0.0 Safari/537.36 ArkWeb/6.0.0.130 Mobile"
49.72.30.55 - - [20/Apr/2026:13:12:08 +0800] "GET /wp-content/uploads/2025/07/1753453096-%E5%8F%8C%E7%9B%B8%E9%92%A2product_Single600%C3%97284.webp HTTP/1.1" 200 14562 "http://cqqizhou.com/" "Mozilla/5.0 (Phone; OpenHarmony 6.0) AppleWebKit/537.36 (KHTML, like Gecko) Chrome/132.0.0.0 Safari/537.36 ArkWeb/6.0.0.130 Mobile"
49.72.30.55 - - [20/Apr/2026:13:12:08 +0800] "GET /wp-content/uploads/2025/07/1753456770-%E7%83%AD%E9%95%80%E9%94%8C%E5%8D%B7product_Single600.webp HTTP/1.1" 200 27502 "http://cqqizhou.com/" "Mozilla/5.0 (Phone; OpenHarmony 6.0) AppleWebKit/537.36 (KHTML, like Gecko) Chrome/132.0.0.0 Safari/537.36 ArkWeb/6.0.0.130 Mobile"
49.72.30.55 - - [20/Apr/2026:13:12:08 +0800] "GET /wp-content/uploads/2025/07/1753453127-%E4%BD%99%E5%8D%B7product_Single600%C3%97284.webp HTTP/1.1" 200 18744 "http://cqqizhou.com/" "Mozilla/5.0 (Phone; OpenHarmony 6.0) AppleWebKit/537.36 (KHTML, like Gecko) Chrome/132.0.0.0 Safari/537.36 ArkWeb/6.0.0.130 Mobile"
49.72.30.55 - - [20/Apr/2026:13:12:08 +0800] "GET /wp-content/uploads/2026/04/1775698332-Article_images_W900px.webp HTTP/1.1" 200 49852 "http://cqqizhou.com/" "Mozilla/5.0 (Phone; OpenHarmony 6.0) AppleWebKit/537.36 (KHTML, like Gecko) Chrome/132.0.0.0 Safari/537.36 ArkWeb/6.0.0.130 Mobile"
49.72.30.55 - - [20/Apr/2026:13:12:08 +0800] "GET /wp-content/uploads/2026/04/1775865780-1Article_images_W900px.webp HTTP/1.1" 200 41840 "http://cqqizhou.com/" "Mozilla/5.0 (Phone; OpenHarmony 6.0) AppleWebKit/537.36 (KHTML, like Gecko) Chrome/132.0.0.0 Safari/537.36 ArkWeb/6.0.0.130 Mobile"
49.72.30.55 - - [20/Apr/2026:13:12:08 +0800] "GET /wp-content/uploads/2026/02/1769999241-4.2%E7%B1%B3%E9%AB%98%E6%A0%8F%E8%B4%A7%E8%BD%A6.webp HTTP/1.1" 200 54794 "http://cqqizhou.com/" "Mozilla/5.0 (Phone; OpenHarmony 6.0) AppleWebKit/537.36 (KHTML, like Gecko) Chrome/132.0.0.0 Safari/537.36 ArkWeb/6.0.0.130 Mobile"
49.72.30.55 - - [20/Apr/2026:13:12:08 +0800] "GET /wp-content/uploads/2026/04/1775195054-1Article_images_W900px.webp HTTP/1.1" 200 25562 "http://cqqizhou.com/" "Mozilla/5.0 (Phone; OpenHarmony 6.0) AppleWebKit/537.36 (KHTML, like Gecko) Chrome/132.0.0.0 Safari/537.36 ArkWeb/6.0.0.130 Mobile"
49.72.30.55 - - [20/Apr/2026:13:12:08 +0800] "GET /wp-content/uploads/2025/07/1751864664-Logistics800x500_1.webp HTTP/1.1" 200 76914 "http://cqqizhou.com/" "Mozilla/5.0 (Phone; OpenHarmony 6.0) AppleWebKit/537.36 (KHTML, like Gecko) Chrome/132.0.0.0 Safari/537.36 ArkWeb/6.0.0.130 Mobile"
36.133.115.36 - - [20/Apr/2026:13:12:44 +0800] "POST /wp-cron.php?doing_wp_cron=1776661964.0923309326171875000000 HTTP/1.1" 200 31 "-" "WordPress/6.9; http://cqqizhou.com"
104.37.191.206 - - [20/Apr/2026:13:12:44 +0800] "POST /xmlrpc.php HTTP/1.1" 200 217 "-" "Mozilla/5.0 (Windows NT 10.0) AppleWebKit/537.36 (KHTML, like Gecko) Chrome/139.0.0.0 Safari/537.36"
36.133.115.36 - - [20/Apr/2026:13:13:24 +0800] "POST /wp-cron.php?doing_wp_cron=1776662004.6686251163482666015625 HTTP/1.1" 200 31 "-" "WordPress/6.9; http://cqqizhou.com"
49.72.30.55 - - [20/Apr/2026:13:13:24 +0800] "GET / HTTP/1.1" 301 5 "-" "Mozilla/5.0 (Phone; OpenHarmony 6.0) AppleWebKit/537.36 (KHTML, like Gecko) Chrome/132.0.0.0 Safari/537.36 ArkWeb/6.0.0.130 Mobile bd_dvt/0 bdapp/1.0 (baiduboxapp; baiduboxapp) baiduboxapp/15.54.1.10 (Baidu; P5 6.0.0.130) NABar/1.0"
36.133.115.36 - - [20/Apr/2026:13:14:55 +0800] "POST /wp-cron.php?doing_wp_cron=1776662095.1493608951568603515625 HTTP/1.1" 200 31 "-" "WordPress/6.9; http://cqqizhou.com"
185.246.164.237 - - [20/Apr/2026:13:14:55 +0800] "POST /xmlrpc.php HTTP/1.1" 200 217 "-" "Mozilla/5.0 (Windows NT 10.0; WOW64) AppleWebKit/537.36 (KHTML, like Gecko) Chrome/140.0.0.0 Safari/537.36 Edg/140.0.0.0"
36.133.115.36 - - [20/Apr/2026:13:18:26 +0800] "POST /wp-cron.php?doing_wp_cron=1776662306.6892399787902832031250 HTTP/1.1" 200 31 "-" "WordPress/6.9; http://cqqizhou.com"
66.249.74.9 - - [20/Apr/2026:13:18:26 +0800] "GET /news/2388 HTTP/1.1" 200 20468 "-" "Mozilla/5.0 (Linux; Android 6.0.1; Nexus 5X Build/MMB29P) AppleWebKit/537.36 (KHTML, like Gecko) Chrome/146.0.7680.177 Mobile Safari/537.36 (compatible; Googlebot/2.1; +http://www.google.com/bot.html)"
36.133.115.36 - - [20/Apr/2026:13:19:21 +0800] "POST /wp-cron.php?doing_wp_cron=1776662361.6048600673675537109375 HTTP/1.1" 200 31 "-" "WordPress/6.9; http://cqqizhou.com"
121.237.36.31 - - [20/Apr/2026:13:19:21 +0800] "GET / HTTP/1.1" 200 34722 "-" "Dalvik/2.1.0 (Linux; U; Android 9.0; ZTE BA520 Build/MRA58K)"
36.133.115.36 - - [20/Apr/2026:13:28:49 +0800] "POST /wp-cron.php?doing_wp_cron=1776662929.6711299419403076171875 HTTP/1.1" 200 31 "-" "WordPress/6.9; http://cqqizhou.com"
182.117.190.237 - - [20/Apr/2026:13:28:49 +0800] "GET /contacts/ HTTP/1.1" 301 5 "-" "Mozilla/5.0 (Windows NT 10.0; Win64; x64) AppleWebKit/537.36 (KHTML, like Gecko) Chrome/136.0.0.0 Safari/537.36"
182.117.190.237 - - [20/Apr/2026:13:28:50 +0800] "GET http://cqqizhou.com/contacts HTTP/1.1" 200 21617 "-" "Mozilla/5.0 (Windows NT 10.0; Win64; x64) AppleWebKit/537.36 (KHTML, like Gecko) Chrome/136.0.0.0 Safari/537.36"
36.133.115.36 - - [20/Apr/2026:13:33:20 +0800] "POST /wp-cron.php?doing_wp_cron=1776663200.4058411121368408203125 HTTP/1.1" 200 31 "-" "WordPress/6.9; http://cqqizhou.com"
27.124.17.174 - - [20/Apr/2026:13:33:20 +0800] "GET /Manage/AdminLogin.aspx HTTP/1.1" 404 8947 "-" "Mozilla/5.0 (Windows NT 10.0; Win64; x64) AppleWebKit/537.36 (KHTML, like Gecko) Chrome/129.0.0.0 Safari/537.36"
36.133.115.36 - - [20/Apr/2026:13:40:01 +0800] "POST /wp-cron.php?doing_wp_cron=1776663601.7428920269012451171875 HTTP/1.1" 200 31 "-" "WordPress/6.9; http://cqqizhou.com"
182.32.248.254 - - [20/Apr/2026:13:40:01 +0800] "GET / HTTP/1.1" 301 5 "-" "Go-http-client/1.1"
182.32.248.254 - - [20/Apr/2026:13:40:01 +0800] "GET / HTTP/1.1" 200 35159 "http://xa5.shaanxi.cn.antiddos.cspt.fullcone.cn" "Go-http-client/1.1"
36.133.115.36 - - [20/Apr/2026:13:40:57 +0800] "POST /wp-cron.php?doing_wp_cron=1776663657.1704719066619873046875 HTTP/1.1" 200 31 "-" "WordPress/6.9; http://cqqizhou.com"
47.128.30.65 - - [20/Apr/2026:13:40:57 +0800] "GET /robots.txt HTTP/1.1" 200 190 "-" "Mozilla/5.0 (Linux; Android 5.0) AppleWebKit/537.36 (KHTML, like Gecko) Mobile Safari/537.36 (compatible; Bytespider; spider-feedback@bytedance.com)"
121.237.36.31 - - [20/Apr/2026:13:50:49 +0800] "GET / HTTP/1.1" 200 35159 "-" "Mozilla/5.0 (Macintosh; Intel Mac OS X 10_11) AppleWebKit/601.1.27 (KHTML, like Gecko) Chrome/47.0.2526.106 Safari/601.1.27"
36.133.115.36 - - [20/Apr/2026:13:50:49 +0800] "POST /wp-cron.php?doing_wp_cron=1776664249.8214828968048095703125 HTTP/1.1" 200 31 "-" "WordPress/6.9; http://cqqizhou.com"
121.237.36.31 - - [20/Apr/2026:13:50:49 +0800] "GET / HTTP/1.1" 301 5 "-" "Mozilla/5.0 (Macintosh; Intel Mac OS X 10_11) AppleWebKit/601.1.27 (KHTML, like Gecko) Chrome/47.0.2526.106 Safari/601.1.27"
121.237.36.31 - - [20/Apr/2026:13:50:50 +0800] "GET / HTTP/1.1" 200 35159 "-" "Mozilla/5.0 (Macintosh; Intel Mac OS X 10_11) AppleWebKit/601.1.27 (KHTML, like Gecko) Chrome/47.0.2526.106 Safari/601.1.27"
36.133.115.36 - - [20/Apr/2026:13:53:43 +0800] "POST /wp-cron.php?doing_wp_cron=1776664423.3913900852203369140625 HTTP/1.1" 200 31 "-" "WordPress/6.9; http://cqqizhou.com"
94.26.106.90 - - [20/Apr/2026:13:53:43 +0800] "GET /wp-login.php HTTP/1.1" 200 2853 "-" "Mozilla/5.0 (Windows NT 11.0; Win64; x64; rv:120.0) Gecko/20100101 Firefox/120.0"
94.26.106.90 - - [20/Apr/2026:13:54:02 +0800] "POST /wp-login.php HTTP/1.1" 200 3057 "http://cqqizhou.com/wp-login.php" "Mozilla/5.0 (X11; Linux x86_64) AppleWebKit/537.36 (KHTML, like Gecko) Chrome/119.0.0.0 Safari/537.36"
36.133.115.36 - - [20/Apr/2026:13:54:10 +0800] "POST /wp-cron.php?doing_wp_cron=1776664450.7394471168518066406250 HTTP/1.1" 200 31 "-" "WordPress/6.9; http://cqqizhou.com"
94.26.106.90 - - [20/Apr/2026:13:54:10 +0800] "POST /wp-login.php HTTP/1.1" 200 3055 "http://cqqizhou.com/wp-login.php" "Mozilla/5.0 (X11; Linux x86_64) AppleWebKit/537.36 (KHTML, like Gecko) Chrome/118.0.0.0 Safari/537.36"
94.26.106.90 - - [20/Apr/2026:13:54:40 +0800] "POST /wp-login.php HTTP/1.1" 200 3063 "http://cqqizhou.com/wp-login.php" "Mozilla/5.0 (Windows NT 11.0; Win64; x64) AppleWebKit/537.36 (KHTML, like Gecko) Chrome/119.0.0.0 Safari/537.36"
36.133.115.36 - - [20/Apr/2026:13:55:12 +0800] "POST /wp-cron.php?doing_wp_cron=1776664512.8195559978485107421875 HTTP/1.1" 200 31 "-" "WordPress/6.9; http://cqqizhou.com"
94.26.106.90 - - [20/Apr/2026:13:55:12 +0800] "POST /wp-login.php HTTP/1.1" 200 3001 "http://cqqizhou.com/wp-login.php" "Mozilla/5.0 (Macintosh; Intel Mac OS X 13_6_1) AppleWebKit/605.1.15 (KHTML, like Gecko) Version/17.2 Safari/605.1.15"
94.26.106.90 - - [20/Apr/2026:13:55:55 +0800] "POST /wp-login.php HTTP/1.1" 200 3055 "http://cqqizhou.com/wp-login.php" "Mozilla/5.0 (X11; Linux x86_64) AppleWebKit/537.36 (KHTML, like Gecko) Chrome/119.0.0.0 Safari/537.36"
36.133.115.36 - - [20/Apr/2026:13:56:16 +0800] "POST /wp-cron.php?doing_wp_cron=1776664576.7237188816070556640625 HTTP/1.1" 200 31 "-" "WordPress/6.9; http://cqqizhou.com"
94.26.106.90 - - [20/Apr/2026:13:56:16 +0800] "POST /wp-login.php HTTP/1.1" 200 3054 "http://cqqizhou.com/wp-login.php" "Mozilla/5.0 (Macintosh; Intel Mac OS X 10_15_7) AppleWebKit/605.1.15 (KHTML, like Gecko) Version/16.6 Safari/605.1.15"
94.26.106.90 - - [20/Apr/2026:13:56:59 +0800] "POST /wp-login.php HTTP/1.1" 200 3056 "http://cqqizhou.com/wp-login.php" "Mozilla/5.0 (X11; Ubuntu; Linux x86_64) AppleWebKit/537.36 (KHTML, like Gecko) Chrome/118.0.0.0 Safari/537.36"
36.133.115.36 - - [20/Apr/2026:13:57:31 +0800] "POST /wp-cron.php?doing_wp_cron=1776664651.1098310947418212890625 HTTP/1.1" 200 31 "-" "WordPress/6.9; http://cqqizhou.com"
94.26.106.90 - - [20/Apr/2026:13:57:31 +0800] "POST /wp-login.php HTTP/1.1" 200 3059 "http://cqqizhou.com/wp-login.php" "Mozilla/5.0 (Macintosh; Intel Mac OS X 10_15_7; rv:121.0) Gecko/20100101 Firefox/121.0"
94.26.106.90 - - [20/Apr/2026:13:57:54 +0800] "POST /wp-login.php HTTP/1.1" 200 3057 "http://cqqizhou.com/wp-login.php" "Mozilla/5.0 (Windows NT 10.0; Win64; x64; rv:121.0) Gecko/20100101 Firefox/121.0"
36.133.115.36 - - [20/Apr/2026:13:58:26 +0800] "POST /wp-cron.php?doing_wp_cron=1776664706.5324230194091796875000 HTTP/1.1" 200 31 "-" "WordPress/6.9; http://cqqizhou.com"
94.26.106.90 - - [20/Apr/2026:13:58:26 +0800] "POST /wp-login.php HTTP/1.1" 200 3052 "http://cqqizhou.com/wp-login.php" "Mozilla/5.0 (Windows NT 10.0; Win64; x64; rv:119.0) Gecko/20100101 Firefox/119.0"
36.133.115.36 - - [20/Apr/2026:13:59:10 +0800] "POST /wp-cron.php?doing_wp_cron=1776664750.3578310012817382812500 HTTP/1.1" 200 31 "-" "WordPress/6.9; http://cqqizhou.com"
94.26.106.90 - - [20/Apr/2026:13:59:10 +0800] "POST /wp-login.php HTTP/1.1" 200 3056 "http://cqqizhou.com/wp-login.php" "Mozilla/5.0 (Macintosh; Intel Mac OS X 13_6_1) AppleWebKit/605.1.15 (KHTML, like Gecko) Version/17.1 Safari/605.1.15"
94.26.106.90 - - [20/Apr/2026:13:59:44 +0800] "POST /wp-login.php HTTP/1.1" 200 3058 "http://cqqizhou.com/wp-login.php" "Mozilla/5.0 (X11; Linux x86_64) AppleWebKit/537.36 (KHTML, like Gecko) Chrome/118.0.0.0 Safari/537.36"
36.133.115.36 - - [20/Apr/2026:14:00:20 +0800] "POST /wp-cron.php?doing_wp_cron=1776664820.2066590785980224609375 HTTP/1.1" 200 31 "-" "WordPress/6.9; http://cqqizhou.com"
94.26.106.90 - - [20/Apr/2026:14:00:20 +0800] "POST /wp-login.php HTTP/1.1" 200 3052 "http://cqqizhou.com/wp-login.php" "Mozilla/5.0 (Windows NT 11.0; Win64; x64) AppleWebKit/537.36 (KHTML, like Gecko) Chrome/121.0.0.0 Safari/537.36"
94.26.106.90 - - [20/Apr/2026:14:00:23 +0800] "POST /wp-login.php HTTP/1.1" 200 3057 "http://cqqizhou.com/wp-login.php" "Mozilla/5.0 (Windows NT 10.0; Win64; x64; rv:118.0) Gecko/20100101 Firefox/118.0"
94.26.106.90 - - [20/Apr/2026:14:00:55 +0800] "POST /wp-login.php HTTP/1.1" 200 3051 "http://cqqizhou.com/wp-login.php" "Mozilla/5.0 (X11; Linux x86_64) AppleWebKit/537.36 (KHTML, like Gecko) Chrome/120.0.0.0 Safari/537.36"
36.133.115.36 - - [20/Apr/2026:14:01:10 +0800] "POST /wp-cron.php?doing_wp_cron=1776664870.1840660572052001953125 HTTP/1.1" 200 31 "-" "WordPress/6.9; http://cqqizhou.com"
111.225.148.26 - - [20/Apr/2026:14:01:10 +0800] "GET /robots.txt HTTP/1.1" 200 190 "-" "Mozilla/5.0 (Linux; Android 5.0) AppleWebKit/537.36 (KHTML, like Gecko) Mobile Safari/537.36 (compatible; Bytespider; https://zhanzhang.toutiao.com/)"
94.26.106.90 - - [20/Apr/2026:14:01:38 +0800] "POST /wp-login.php HTTP/1.1" 200 3053 "http://cqqizhou.com/wp-login.php" "Mozilla/5.0 (Macintosh; Intel Mac OS X 10_15_7; rv:121.0) Gecko/20100101 Firefox/121.0"
36.133.115.36 - - [20/Apr/2026:14:02:17 +0800] "POST /wp-cron.php?doing_wp_cron=1776664937.6939640045166015625000 HTTP/1.1" 200 31 "-" "WordPress/6.9; http://cqqizhou.com"
94.26.106.90 - - [20/Apr/2026:14:02:17 +0800] "POST /wp-login.php HTTP/1.1" 200 3053 "http://cqqizhou.com/wp-login.php" "Mozilla/5.0 (Macintosh; Intel Mac OS X 10_15_7) AppleWebKit/537.36 (KHTML, like Gecko) Chrome/118.0.0.0 Safari/537.36"
94.26.106.90 - - [20/Apr/2026:14:02:42 +0800] "POST /wp-login.php HTTP/1.1" 200 3063 "http://cqqizhou.com/wp-login.php" "Mozilla/5.0 (X11; Ubuntu; Linux x86_64) AppleWebKit/537.36 (KHTML, like Gecko) Chrome/120.0.0.0 Safari/537.36"
94.26.106.90 - - [20/Apr/2026:14:03:07 +0800] "POST /wp-login.php HTTP/1.1" 200 3058 "http://cqqizhou.com/wp-login.php" "Mozilla/5.0 (Macintosh; Intel Mac OS X 13_6_1) AppleWebKit/605.1.15 (KHTML, like Gecko) Version/17.2 Safari/605.1.15"
36.133.115.36 - - [20/Apr/2026:14:03:24 +0800] "POST /wp-cron.php?doing_wp_cron=1776665004.5808091163635253906250 HTTP/1.1" 200 31 "-" "WordPress/6.9; http://cqqizhou.com"
94.26.106.90 - - [20/Apr/2026:14:03:24 +0800] "POST /wp-login.php HTTP/1.1" 200 3001 "http://cqqizhou.com/wp-login.php" "Mozilla/5.0 (Windows NT 10.0; Win64; x64; rv:121.0) Gecko/20100101 Firefox/121.0"
94.26.106.90 - - [20/Apr/2026:14:03:27 +0800] "POST /wp-login.php HTTP/1.1" 200 3057 "http://cqqizhou.com/wp-login.php" "Mozilla/5.0 (Windows NT 11.0; Win64; x64) AppleWebKit/537.36 (KHTML, like Gecko) Chrome/120.0.0.0 Safari/537.36"
94.26.106.90 - - [20/Apr/2026:14:03:47 +0800] "POST /wp-login.php HTTP/1.1" 200 3055 "http://cqqizhou.com/wp-login.php" "Mozilla/5.0 (X11; Ubuntu; Linux x86_64) AppleWebKit/537.36 (KHTML, like Gecko) Chrome/121.0.0.0 Safari/537.36"
36.133.115.36 - - [20/Apr/2026:14:04:22 +0800] "POST /wp-cron.php?doing_wp_cron=1776665062.5030241012573242187500 HTTP/1.1" 200 31 "-" "WordPress/6.9; http://cqqizhou.com"
94.26.106.90 - - [20/Apr/2026:14:04:22 +0800] "POST /wp-login.php HTTP/1.1" 200 3060 "http://cqqizhou.com/wp-login.php" "Mozilla/5.0 (Macintosh; Intel Mac OS X 13_6_1) AppleWebKit/537.36 (KHTML, like Gecko) Chrome/118.0.0.0 Safari/537.36"
94.26.106.90 - - [20/Apr/2026:14:04:53 +0800] "POST /wp-login.php HTTP/1.1" 200 2967 "http://cqqizhou.com/wp-login.php" "Mozilla/5.0 (Windows NT 11.0; Win64; x64; rv:118.0) Gecko/20100101 Firefox/118.0"
36.133.115.36 - - [20/Apr/2026:14:05:34 +0800] "POST /wp-cron.php?doing_wp_cron=1776665134.4536728858947753906250 HTTP/1.1" 200 31 "-" "WordPress/6.9; http://cqqizhou.com"
94.26.106.90 - - [20/Apr/2026:14:05:34 +0800] "POST /wp-login.php HTTP/1.1" 200 3052 "http://cqqizhou.com/wp-login.php" "Mozilla/5.0 (Windows NT 10.0; Win64; x64) AppleWebKit/537.36 (KHTML, like Gecko) Chrome/119.0.0.0 Safari/537.36"
36.133.115.36 - - [20/Apr/2026:14:06:09 +0800] "POST /wp-cron.php?doing_wp_cron=1776665169.2782800197601318359375 HTTP/1.1" 200 31 "-" "WordPress/6.9; http://cqqizhou.com"
94.26.106.90 - - [20/Apr/2026:14:06:09 +0800] "POST /wp-login.php HTTP/1.1" 200 3053 "http://cqqizhou.com/wp-login.php" "Mozilla/5.0 (Windows NT 11.0; Win64; x64; rv:119.0) Gecko/20100101 Firefox/119.0"
94.26.106.90 - - [20/Apr/2026:14:06:27 +0800] "POST /wp-login.php HTTP/1.1" 200 3057 "http://cqqizhou.com/wp-login.php" "Mozilla/5.0 (Macintosh; Intel Mac OS X 10_15_7) AppleWebKit/605.1.15 (KHTML, like Gecko) Version/17.2 Safari/605.1.15"
94.26.106.90 - - [20/Apr/2026:14:06:30 +0800] "POST /wp-login.php HTTP/1.1" 200 3001 "http://cqqizhou.com/wp-login.php" "Mozilla/5.0 (Macintosh; Intel Mac OS X 10_15_7) AppleWebKit/605.1.15 (KHTML, like Gecko) Version/17.2 Safari/605.1.15"
94.26.106.90 - - [20/Apr/2026:14:06:47 +0800] "POST /wp-login.php HTTP/1.1" 200 3052 "http://cqqizhou.com/wp-login.php" "Mozilla/5.0 (Windows NT 11.0; Win64; x64) AppleWebKit/537.36 (KHTML, like Gecko) Chrome/118.0.0.0 Safari/537.36"
36.133.115.36 - - [20/Apr/2026:14:07:25 +0800] "POST /wp-cron.php?doing_wp_cron=1776665245.9184620380401611328125 HTTP/1.1" 200 31 "-" "WordPress/6.9; http://cqqizhou.com"
94.26.106.90 - - [20/Apr/2026:14:07:25 +0800] "POST /wp-login.php HTTP/1.1" 200 3053 "http://cqqizhou.com/wp-login.php" "Mozilla/5.0 (Windows NT 10.0; Win64; x64) AppleWebKit/537.36 (KHTML, like Gecko) Chrome/118.0.0.0 Safari/537.36"
94.26.106.90 - - [20/Apr/2026:14:08:04 +0800] "POST /wp-login.php HTTP/1.1" 200 2967 "http://cqqizhou.com/wp-login.php" "Mozilla/5.0 (Macintosh; Intel Mac OS X 10_15_7) AppleWebKit/537.36 (KHTML, like Gecko) Chrome/120.0.0.0 Safari/537.36"
36.133.115.36 - - [20/Apr/2026:14:08:45 +0800] "POST /wp-cron.php?doing_wp_cron=1776665325.7692449092864990234375 HTTP/1.1" 200 31 "-" "WordPress/6.9; http://cqqizhou.com"
94.26.106.90 - - [20/Apr/2026:14:08:45 +0800] "POST /wp-login.php HTTP/1.1" 200 2967 "http://cqqizhou.com/wp-login.php" "Mozilla/5.0 (Macintosh; Intel Mac OS X 10_15_7) AppleWebKit/537.36 (KHTML, like Gecko) Chrome/118.0.0.0 Safari/537.36"
36.133.115.36 - - [20/Apr/2026:14:09:30 +0800] "POST /wp-cron.php?doing_wp_cron=1776665370.7290999889373779296875 HTTP/1.1" 200 31 "-" "WordPress/6.9; http://cqqizhou.com"
94.26.106.90 - - [20/Apr/2026:14:09:30 +0800] "POST /wp-login.php HTTP/1.1" 200 3057 "http://cqqizhou.com/wp-login.php" "Mozilla/5.0 (Windows NT 11.0; Win64; x64) AppleWebKit/537.36 (KHTML, like Gecko) Chrome/121.0.0.0 Safari/537.36"
94.26.106.90 - - [20/Apr/2026:14:09:42 +0800] "POST /wp-login.php HTTP/1.1" 200 3053 "http://cqqizhou.com/wp-login.php" "Mozilla/5.0 (Macintosh; Intel Mac OS X 10_15_7) AppleWebKit/605.1.15 (KHTML, like Gecko) Version/17.2 Safari/605.1.15"
94.26.106.90 - - [20/Apr/2026:14:09:49 +0800] "POST /wp-login.php HTTP/1.1" 200 3054 "http://cqqizhou.com/wp-login.php" "Mozilla/5.0 (Windows NT 10.0; Win64; x64) AppleWebKit/537.36 (KHTML, like Gecko) Chrome/118.0.0.0 Safari/537.36"
36.133.115.36 - - [20/Apr/2026:14:10:09 +0800] "POST /wp-cron.php?doing_wp_cron=1776665409.1905789375305175781250 HTTP/1.1" 200 31 "-" "WordPress/6.9; http://cqqizhou.com"
94.26.106.90 - - [20/Apr/2026:14:10:09 +0800] "POST /wp-login.php HTTP/1.1" 200 3054 "http://cqqizhou.com/wp-login.php" "Mozilla/5.0 (Windows NT 11.0; Win64; x64) AppleWebKit/537.36 (KHTML, like Gecko) Chrome/120.0.0.0 Safari/537.36"
94.26.106.90 - - [20/Apr/2026:14:10:33 +0800] "POST /wp-login.php HTTP/1.1" 200 3058 "http://cqqizhou.com/wp-login.php" "Mozilla/5.0 (Macintosh; Intel Mac OS X 10_15_7) AppleWebKit/605.1.15 (KHTML, like Gecko) Version/16.6 Safari/605.1.15"
36.133.115.36 - - [20/Apr/2026:14:11:24 +0800] "POST /wp-cron.php?doing_wp_cron=1776665484.8930900096893310546875 HTTP/1.1" 200 31 "-" "WordPress/6.9; http://cqqizhou.com"
94.26.106.90 - - [20/Apr/2026:14:11:24 +0800] "POST /wp-login.php HTTP/1.1" 200 3055 "http://cqqizhou.com/wp-login.php" "Mozilla/5.0 (Windows NT 11.0; Win64; x64; rv:121.0) Gecko/20100101 Firefox/121.0"
94.26.106.90 - - [20/Apr/2026:14:11:48 +0800] "POST /wp-login.php HTTP/1.1" 200 3059 "http://cqqizhou.com/wp-login.php" "Mozilla/5.0 (Windows NT 10.0; Win64; x64) AppleWebKit/537.36 (KHTML, like Gecko) Chrome/120.0.0.0 Safari/537.36"
36.133.115.36 - - [20/Apr/2026:14:12:26 +0800] "POST /wp-cron.php?doing_wp_cron=1776665546.9149849414825439453125 HTTP/1.1" 200 31 "-" "WordPress/6.9; http://cqqizhou.com"
94.26.106.90 - - [20/Apr/2026:14:12:26 +0800] "POST /wp-login.php HTTP/1.1" 200 3063 "http://cqqizhou.com/wp-login.php" "Mozilla/5.0 (Windows NT 11.0; Win64; x64) AppleWebKit/537.36 (KHTML, like Gecko) Chrome/118.0.0.0 Safari/537.36"
94.26.106.90 - - [20/Apr/2026:14:13:00 +0800] "POST /wp-login.php HTTP/1.1" 200 3052 "http://cqqizhou.com/wp-login.php" "Mozilla/5.0 (X11; Ubuntu; Linux x86_64) AppleWebKit/537.36 (KHTML, like Gecko) Chrome/121.0.0.0 Safari/537.36"
36.133.115.36 - - [20/Apr/2026:14:13:35 +0800] "POST /wp-cron.php?doing_wp_cron=1776665615.5793290138244628906250 HTTP/1.1" 200 31 "-" "WordPress/6.9; http://cqqizhou.com"
94.26.106.90 - - [20/Apr/2026:14:13:35 +0800] "POST /wp-login.php HTTP/1.1" 200 3055 "http://cqqizhou.com/wp-login.php" "Mozilla/5.0 (Windows NT 11.0; Win64; x64) AppleWebKit/537.36 (KHTML, like Gecko) Chrome/121.0.0.0 Safari/537.36"
94.26.106.90 - - [20/Apr/2026:14:14:07 +0800] "POST /wp-login.php HTTP/1.1" 200 3057 "http://cqqizhou.com/wp-login.php" "Mozilla/5.0 (Macintosh; Intel Mac OS X 13_6_1) AppleWebKit/537.36 (KHTML, like Gecko) Chrome/121.0.0.0 Safari/537.36"
36.133.115.36 - - [20/Apr/2026:14:14:11 +0800] "POST /wp-cron.php?doing_wp_cron=1776665651.7824969291687011718750 HTTP/1.1" 200 31 "-" "WordPress/6.9; http://cqqizhou.com"
94.26.106.90 - - [20/Apr/2026:14:14:11 +0800] "POST /wp-login.php HTTP/1.1" 200 3060 "http://cqqizhou.com/wp-login.php" "Mozilla/5.0 (Macintosh; Intel Mac OS X 13_6_1) AppleWebKit/605.1.15 (KHTML, like Gecko) Version/17.2 Safari/605.1.15"
94.26.106.90 - - [20/Apr/2026:14:14:49 +0800] "POST /wp-login.php HTTP/1.1" 200 3062 "http://cqqizhou.com/wp-login.php" "Mozilla/5.0 (Macintosh; Intel Mac OS X 10_15_7) AppleWebKit/605.1.15 (KHTML, like Gecko) Version/17.0 Safari/605.1.15"
36.133.115.36 - - [20/Apr/2026:14:15:30 +0800] "POST /wp-cron.php?doing_wp_cron=1776665730.5207030773162841796875 HTTP/1.1" 200 31 "-" "WordPress/6.9; http://cqqizhou.com"
94.26.106.90 - - [20/Apr/2026:14:15:30 +0800] "POST /wp-login.php HTTP/1.1" 200 3053 "http://cqqizhou.com/wp-login.php" "Mozilla/5.0 (Windows NT 11.0; Win64; x64; rv:119.0) Gecko/20100101 Firefox/119.0"
94.26.106.90 - - [20/Apr/2026:14:15:47 +0800] "POST /wp-login.php HTTP/1.1" 200 3056 "http://cqqizhou.com/wp-login.php" "Mozilla/5.0 (Windows NT 11.0; Win64; x64; rv:119.0) Gecko/20100101 Firefox/119.0"
36.133.115.36 - - [20/Apr/2026:14:16:22 +0800] "POST /wp-cron.php?doing_wp_cron=1776665782.2199170589447021484375 HTTP/1.1" 200 31 "-" "WordPress/6.9; http://cqqizhou.com"
94.26.106.90 - - [20/Apr/2026:14:16:22 +0800] "POST /wp-login.php HTTP/1.1" 200 3057 "http://cqqizhou.com/wp-login.php" "Mozilla/5.0 (Windows NT 11.0; Win64; x64; rv:121.0) Gecko/20100101 Firefox/121.0"
94.26.106.90 - - [20/Apr/2026:14:16:52 +0800] "POST /wp-login.php HTTP/1.1" 200 3054 "http://cqqizhou.com/wp-login.php" "Mozilla/5.0 (Windows NT 11.0; Win64; x64) AppleWebKit/537.36 (KHTML, like Gecko) Chrome/118.0.0.0 Safari/537.36"
36.133.115.36 - - [20/Apr/2026:14:17:09 +0800] "POST /wp-cron.php?doing_wp_cron=1776665829.1294870376586914062500 HTTP/1.1" 200 31 "-" "WordPress/6.9; http://cqqizhou.com"
94.26.106.90 - - [20/Apr/2026:14:17:09 +0800] "POST /wp-login.php HTTP/1.1" 200 3053 "http://cqqizhou.com/wp-login.php" "Mozilla/5.0 (Macintosh; Intel Mac OS X 13_6_1) AppleWebKit/537.36 (KHTML, like Gecko) Chrome/121.0.0.0 Safari/537.36"
94.26.106.90 - - [20/Apr/2026:14:17:34 +0800] "POST /wp-login.php HTTP/1.1" 200 3052 "http://cqqizhou.com/wp-login.php" "Mozilla/5.0 (X11; Ubuntu; Linux x86_64) AppleWebKit/537.36 (KHTML, like Gecko) Chrome/118.0.0.0 Safari/537.36"
36.133.115.36 - - [20/Apr/2026:14:18:19 +0800] "POST /wp-cron.php?doing_wp_cron=1776665899.3886029720306396484375 HTTP/1.1" 200 31 "-" "WordPress/6.9; http://cqqizhou.com"
94.26.106.90 - - [20/Apr/2026:14:18:19 +0800] "POST /wp-login.php HTTP/1.1" 200 3055 "http://cqqizhou.com/wp-login.php" "Mozilla/5.0 (Windows NT 10.0; Win64; x64; rv:120.0) Gecko/20100101 Firefox/120.0"
94.26.106.90 - - [20/Apr/2026:14:18:57 +0800] "POST /wp-login.php HTTP/1.1" 200 3056 "http://cqqizhou.com/wp-login.php" "Mozilla/5.0 (Windows NT 11.0; Win64; x64) AppleWebKit/537.36 (KHTML, like Gecko) Chrome/120.0.0.0 Safari/537.36"
36.133.115.36 - - [20/Apr/2026:14:19:56 +0800] "POST /wp-cron.php?doing_wp_cron=1776665996.7356500625610351562500 HTTP/1.1" 200 31 "-" "WordPress/6.9; http://cqqizhou.com"
94.26.106.90 - - [20/Apr/2026:14:19:56 +0800] "POST /wp-login.php HTTP/1.1" 200 3001 "http://cqqizhou.com/wp-login.php" "Mozilla/5.0 (Macintosh; Intel Mac OS X 10_15_7; rv:120.0) Gecko/20100101 Firefox/120.0"
36.133.115.36 - - [20/Apr/2026:14:20:25 +0800] "POST /wp-cron.php?doing_wp_cron=1776666024.9945418834686279296875 HTTP/1.1" 200 31 "-" "WordPress/6.9; http://cqqizhou.com"
94.26.106.90 - - [20/Apr/2026:14:20:25 +0800] "POST /wp-login.php HTTP/1.1" 200 3053 "http://cqqizhou.com/wp-login.php" "Mozilla/5.0 (Macintosh; Intel Mac OS X 13_6_1) AppleWebKit/605.1.15 (KHTML, like Gecko) Version/16.6 Safari/605.1.15"
36.133.115.36 - - [20/Apr/2026:14:21:09 +0800] "POST /wp-cron.php?doing_wp_cron=1776666068.9639360904693603515625 HTTP/1.1" 200 31 "-" "WordPress/6.9; http://cqqizhou.com"
94.26.106.90 - - [20/Apr/2026:14:21:09 +0800] "POST /wp-login.php HTTP/1.1" 200 2967 "http://cqqizhou.com/wp-login.php" "Mozilla/5.0 (Macintosh; Intel Mac OS X 13_6_1) AppleWebKit/605.1.15 (KHTML, like Gecko) Version/16.6 Safari/605.1.15"
94.26.106.90 - - [20/Apr/2026:14:22:01 +0800] "POST /wp-login.php HTTP/1.1" 200 3061 "http://cqqizhou.com/wp-login.php" "Mozilla/5.0 (Macintosh; Intel Mac OS X 13_6_1) AppleWebKit/605.1.15 (KHTML, like Gecko) Version/17.0 Safari/605.1.15"
36.133.115.36 - - [20/Apr/2026:14:22:46 +0800] "POST /wp-cron.php?doing_wp_cron=1776666166.3475289344787597656250 HTTP/1.1" 200 31 "-" "WordPress/6.9; http://cqqizhou.com"
94.26.106.90 - - [20/Apr/2026:14:22:46 +0800] "POST /wp-login.php HTTP/1.1" 200 3001 "http://cqqizhou.com/wp-login.php" "Mozilla/5.0 (Macintosh; Intel Mac OS X 10_15_7) AppleWebKit/537.36 (KHTML, like Gecko) Chrome/119.0.0.0 Safari/537.36"
36.133.115.36 - - [20/Apr/2026:14:23:17 +0800] "POST /wp-cron.php?doing_wp_cron=1776666197.7564589977264404296875 HTTP/1.1" 200 31 "-" "WordPress/6.9; http://cqqizhou.com"
94.26.106.90 - - [20/Apr/2026:14:23:17 +0800] "POST /wp-login.php HTTP/1.1" 200 3053 "http://cqqizhou.com/wp-login.php" "Mozilla/5.0 (Macintosh; Intel Mac OS X 10_15_7) AppleWebKit/537.36 (KHTML, like Gecko) Chrome/120.0.0.0 Safari/537.36"
36.133.115.36 - - [20/Apr/2026:14:24:11 +0800] "POST /wp-cron.php?doing_wp_cron=1776666251.0358710289001464843750 HTTP/1.1" 200 31 "-" "WordPress/6.9; http://cqqizhou.com"
94.26.106.90 - - [20/Apr/2026:14:24:11 +0800] "POST /wp-login.php HTTP/1.1" 200 3054 "http://cqqizhou.com/wp-login.php" "Mozilla/5.0 (X11; Ubuntu; Linux x86_64) AppleWebKit/537.36 (KHTML, like Gecko) Chrome/118.0.0.0 Safari/537.36"
94.26.106.90 - - [20/Apr/2026:14:24:42 +0800] "POST /wp-login.php HTTP/1.1" 200 3054 "http://cqqizhou.com/wp-login.php" "Mozilla/5.0 (Macintosh; Intel Mac OS X 10_15_7) AppleWebKit/605.1.15 (KHTML, like Gecko) Version/16.6 Safari/605.1.15"
94.26.106.90 - - [20/Apr/2026:14:25:04 +0800] "POST /wp-login.php HTTP/1.1" 200 3060 "http://cqqizhou.com/wp-login.php" "Mozilla/5.0 (Windows NT 10.0; Win64; x64) AppleWebKit/537.36 (KHTML, like Gecko) Chrome/119.0.0.0 Safari/537.36"
36.133.115.36 - - [20/Apr/2026:14:25:32 +0800] "POST /wp-cron.php?doing_wp_cron=1776666332.2240118980407714843750 HTTP/1.1" 200 31 "-" "WordPress/6.9; http://cqqizhou.com"
94.26.106.90 - - [20/Apr/2026:14:25:32 +0800] "POST /wp-login.php HTTP/1.1" 200 3054 "http://cqqizhou.com/wp-login.php" "Mozilla/5.0 (Macintosh; Intel Mac OS X 13_6_1) AppleWebKit/537.36 (KHTML, like Gecko) Chrome/119.0.0.0 Safari/537.36"
36.133.115.36 - - [20/Apr/2026:14:26:15 +0800] "POST /wp-cron.php?doing_wp_cron=1776666375.0679180622100830078125 HTTP/1.1" 200 31 "-" "WordPress/6.9; http://cqqizhou.com"
94.26.106.90 - - [20/Apr/2026:14:26:15 +0800] "POST /wp-login.php HTTP/1.1" 200 3058 "http://cqqizhou.com/wp-login.php" "Mozilla/5.0 (X11; Ubuntu; Linux x86_64) AppleWebKit/537.36 (KHTML, like Gecko) Chrome/120.0.0.0 Safari/537.36"
94.26.106.90 - - [20/Apr/2026:14:26:43 +0800] "POST /wp-login.php HTTP/1.1" 200 2967 "http://cqqizhou.com/wp-login.php" "Mozilla/5.0 (Windows NT 10.0; Win64; x64) AppleWebKit/537.36 (KHTML, like Gecko) Chrome/120.0.0.0 Safari/537.36"
36.133.115.36 - - [20/Apr/2026:14:27:30 +0800] "POST /wp-cron.php?doing_wp_cron=1776666450.3893361091613769531250 HTTP/1.1" 200 31 "-" "WordPress/6.9; http://cqqizhou.com"
94.26.106.90 - - [20/Apr/2026:14:27:30 +0800] "POST /wp-login.php HTTP/1.1" 200 3058 "http://cqqizhou.com/wp-login.php" "Mozilla/5.0 (Windows NT 11.0; Win64; x64) AppleWebKit/537.36 (KHTML, like Gecko) Chrome/119.0.0.0 Safari/537.36"
36.133.115.36 - - [20/Apr/2026:14:28:14 +0800] "POST /wp-cron.php?doing_wp_cron=1776666494.2261519432067871093750 HTTP/1.1" 200 31 "-" "WordPress/6.9; http://cqqizhou.com"
94.26.106.90 - - [20/Apr/2026:14:28:14 +0800] "POST /wp-login.php HTTP/1.1" 200 3056 "http://cqqizhou.com/wp-login.php" "Mozilla/5.0 (Windows NT 11.0; Win64; x64) AppleWebKit/537.36 (KHTML, like Gecko) Chrome/120.0.0.0 Safari/537.36"
36.133.115.36 - - [20/Apr/2026:14:29:16 +0800] "POST /wp-cron.php?doing_wp_cron=1776666556.2935059070587158203125 HTTP/1.1" 200 31 "-" "WordPress/6.9; http://cqqizhou.com"
94.26.106.90 - - [20/Apr/2026:14:29:16 +0800] "POST /wp-login.php HTTP/1.1" 200 3059 "http://cqqizhou.com/wp-login.php" "Mozilla/5.0 (Windows NT 10.0; Win64; x64; rv:121.0) Gecko/20100101 Firefox/121.0"
94.26.106.90 - - [20/Apr/2026:14:29:42 +0800] "POST /wp-login.php HTTP/1.1" 200 3058 "http://cqqizhou.com/wp-login.php" "Mozilla/5.0 (Windows NT 11.0; Win64; x64) AppleWebKit/537.36 (KHTML, like Gecko) Chrome/119.0.0.0 Safari/537.36"
36.133.115.36 - - [20/Apr/2026:14:30:18 +0800] "POST /wp-cron.php?doing_wp_cron=1776666618.8180019855499267578125 HTTP/1.1" 200 31 "-" "WordPress/6.9; http://cqqizhou.com"
94.26.106.90 - - [20/Apr/2026:14:30:18 +0800] "POST /wp-login.php HTTP/1.1" 200 3058 "http://cqqizhou.com/wp-login.php" "Mozilla/5.0 (Macintosh; Intel Mac OS X 13_6_1) AppleWebKit/605.1.15 (KHTML, like Gecko) Version/16.6 Safari/605.1.15"
94.26.106.90 - - [20/Apr/2026:14:30:49 +0800] "POST /wp-login.php HTTP/1.1" 200 3054 "http://cqqizhou.com/wp-login.php" "Mozilla/5.0 (Macintosh; Intel Mac OS X 13_6_1) AppleWebKit/537.36 (KHTML, like Gecko) Chrome/121.0.0.0 Safari/537.36"
36.133.115.36 - - [20/Apr/2026:14:31:24 +0800] "POST /wp-cron.php?doing_wp_cron=1776666684.6051070690155029296875 HTTP/1.1" 200 31 "-" "WordPress/6.9; http://cqqizhou.com"
94.26.106.90 - - [20/Apr/2026:14:31:24 +0800] "POST /wp-login.php HTTP/1.1" 200 3053 "http://cqqizhou.com/wp-login.php" "Mozilla/5.0 (Macintosh; Intel Mac OS X 13_6_1) AppleWebKit/605.1.15 (KHTML, like Gecko) Version/16.6 Safari/605.1.15"
94.26.106.90 - - [20/Apr/2026:14:31:38 +0800] "POST /wp-login.php HTTP/1.1" 200 3056 "http://cqqizhou.com/wp-login.php" "Mozilla/5.0 (X11; Ubuntu; Linux x86_64) AppleWebKit/537.36 (KHTML, like Gecko) Chrome/119.0.0.0 Safari/537.36"
36.133.115.36 - - [20/Apr/2026:14:32:13 +0800] "POST /wp-cron.php?doing_wp_cron=1776666733.0853939056396484375000 HTTP/1.1" 200 31 "-" "WordPress/6.9; http://cqqizhou.com"
94.26.106.90 - - [20/Apr/2026:14:32:13 +0800] "POST /wp-login.php HTTP/1.1" 200 3055 "http://cqqizhou.com/wp-login.php" "Mozilla/5.0 (Macintosh; Intel Mac OS X 13_6_1) AppleWebKit/605.1.15 (KHTML, like Gecko) Version/17.0 Safari/605.1.15"
94.26.106.90 - - [20/Apr/2026:14:32:40 +0800] "POST /wp-login.php HTTP/1.1" 200 3057 "http://cqqizhou.com/wp-login.php" "Mozilla/5.0 (Macintosh; Intel Mac OS X 13_6_1; rv:121.0) Gecko/20100101 Firefox/121.0"
36.133.115.36 - - [20/Apr/2026:14:33:27 +0800] "POST /wp-cron.php?doing_wp_cron=1776666807.4794778823852539062500 HTTP/1.1" 200 31 "-" "WordPress/6.9; http://cqqizhou.com"
94.26.106.90 - - [20/Apr/2026:14:33:27 +0800] "POST /wp-login.php HTTP/1.1" 200 3054 "http://cqqizhou.com/wp-login.php" "Mozilla/5.0 (Windows NT 11.0; Win64; x64; rv:118.0) Gecko/20100101 Firefox/118.0"
94.26.106.90 - - [20/Apr/2026:14:34:06 +0800] "POST /wp-login.php HTTP/1.1" 200 3054 "http://cqqizhou.com/wp-login.php" "Mozilla/5.0 (Macintosh; Intel Mac OS X 10_15_7; rv:120.0) Gecko/20100101 Firefox/120.0"
36.133.115.36 - - [20/Apr/2026:14:34:42 +0800] "POST /wp-cron.php?doing_wp_cron=1776666882.8752229213714599609375 HTTP/1.1" 200 31 "-" "WordPress/6.9; http://cqqizhou.com"
94.26.106.90 - - [20/Apr/2026:14:34:42 +0800] "POST /wp-login.php HTTP/1.1" 200 3062 "http://cqqizhou.com/wp-login.php" "Mozilla/5.0 (Windows NT 11.0; Win64; x64) AppleWebKit/537.36 (KHTML, like Gecko) Chrome/119.0.0.0 Safari/537.36"
136.144.35.58 - - [20/Apr/2026:14:34:48 +0800] "GET /contacts/ HTTP/1.1" 301 5 "-" "Mozilla/5.0 (Macintosh; Intel Mac OS X 12_5) AppleWebKit/605.1.15 (KHTML, like Gecko) Version/15.4 Safari/605.1.15"
136.144.35.41 - - [20/Apr/2026:14:34:49 +0800] "GET /contacts HTTP/1.1" 200 21617 "http://cqqizhou.com/contacts/" "Mozilla/5.0 (Macintosh; Intel Mac OS X 12_5) AppleWebKit/605.1.15 (KHTML, like Gecko) Version/15.4 Safari/605.1.15"
136.144.35.43 - - [20/Apr/2026:14:34:54 +0800] "POST /wp-json/contact-form-7/v1/contact-forms/158/feedback HTTP/1.1" 200 218 "http://cqqizhou.com/contacts" "Mozilla/5.0 (Macintosh; Intel Mac OS X 12_5) AppleWebKit/605.1.15 (KHTML, like Gecko) Version/15.4 Safari/605.1.15"
36.133.115.36 - - [20/Apr/2026:14:35:24 +0800] "POST /wp-cron.php?doing_wp_cron=1776666924.4276700019836425781250 HTTP/1.1" 200 31 "-" "WordPress/6.9; http://cqqizhou.com"
94.26.106.90 - - [20/Apr/2026:14:35:24 +0800] "POST /wp-login.php HTTP/1.1" 200 3059 "http://cqqizhou.com/wp-login.php" "Mozilla/5.0 (Windows NT 11.0; Win64; x64) AppleWebKit/537.36 (KHTML, like Gecko) Chrome/121.0.0.0 Safari/537.36"
94.26.106.90 - - [20/Apr/2026:14:35:43 +0800] "POST /wp-login.php HTTP/1.1" 200 3052 "http://cqqizhou.com/wp-login.php" "Mozilla/5.0 (Windows NT 11.0; Win64; x64; rv:119.0) Gecko/20100101 Firefox/119.0"
36.133.115.36 - - [20/Apr/2026:14:36:15 +0800] "POST /wp-cron.php?doing_wp_cron=1776666975.7405281066894531250000 HTTP/1.1" 200 31 "-" "WordPress/6.9; http://cqqizhou.com"
94.26.106.90 - - [20/Apr/2026:14:36:15 +0800] "POST /wp-login.php HTTP/1.1" 200 3055 "http://cqqizhou.com/wp-login.php" "Mozilla/5.0 (Macintosh; Intel Mac OS X 13_6_1) AppleWebKit/605.1.15 (KHTML, like Gecko) Version/17.2 Safari/605.1.15"
94.26.106.90 - - [20/Apr/2026:14:36:44 +0800] "POST /wp-login.php HTTP/1.1" 200 3057 "http://cqqizhou.com/wp-login.php" "Mozilla/5.0 (Macintosh; Intel Mac OS X 10_15_7) AppleWebKit/605.1.15 (KHTML, like Gecko) Version/17.2 Safari/605.1.15"
36.133.115.36 - - [20/Apr/2026:14:37:58 +0800] "POST /wp-cron.php?doing_wp_cron=1776667078.3046629428863525390625 HTTP/1.1" 200 31 "-" "WordPress/6.9; http://cqqizhou.com"
94.26.106.90 - - [20/Apr/2026:14:37:58 +0800] "POST /wp-login.php HTTP/1.1" 200 3061 "http://cqqizhou.com/wp-login.php" "Mozilla/5.0 (X11; Ubuntu; Linux x86_64) AppleWebKit/537.36 (KHTML, like Gecko) Chrome/121.0.0.0 Safari/537.36"
36.133.115.36 - - [20/Apr/2026:14:38:35 +0800] "POST /wp-cron.php?doing_wp_cron=1776667115.3032739162445068359375 HTTP/1.1" 200 31 "-" "WordPress/6.9; http://cqqizhou.com"
94.26.106.90 - - [20/Apr/2026:14:38:35 +0800] "POST /wp-login.php HTTP/1.1" 200 3055 "http://cqqizhou.com/wp-login.php" "Mozilla/5.0 (Macintosh; Intel Mac OS X 13_6_1) AppleWebKit/537.36 (KHTML, like Gecko) Chrome/118.0.0.0 Safari/537.36"
36.133.115.36 - - [20/Apr/2026:14:39:15 +0800] "POST /wp-cron.php?doing_wp_cron=1776667155.5544939041137695312500 HTTP/1.1" 200 31 "-" "WordPress/6.9; http://cqqizhou.com"
94.26.106.90 - - [20/Apr/2026:14:39:15 +0800] "POST /wp-login.php HTTP/1.1" 200 3054 "http://cqqizhou.com/wp-login.php" "Mozilla/5.0 (Macintosh; Intel Mac OS X 13_6_1) AppleWebKit/537.36 (KHTML, like Gecko) Chrome/121.0.0.0 Safari/537.36"
94.26.106.90 - - [20/Apr/2026:14:39:42 +0800] "POST /wp-login.php HTTP/1.1" 200 3058 "http://cqqizhou.com/wp-login.php" "Mozilla/5.0 (Windows NT 10.0; Win64; x64; rv:118.0) Gecko/20100101 Firefox/118.0"
36.133.115.36 - - [20/Apr/2026:14:40:14 +0800] "POST /wp-cron.php?doing_wp_cron=1776667214.7080340385437011718750 HTTP/1.1" 200 31 "-" "WordPress/6.9; http://cqqizhou.com"
94.26.106.90 - - [20/Apr/2026:14:40:14 +0800] "POST /wp-login.php HTTP/1.1" 200 3054 "http://cqqizhou.com/wp-login.php" "Mozilla/5.0 (Windows NT 11.0; Win64; x64) AppleWebKit/537.36 (KHTML, like Gecko) Chrome/118.0.0.0 Safari/537.36"
94.26.106.90 - - [20/Apr/2026:14:41:00 +0800] "POST /wp-login.php HTTP/1.1" 200 3058 "http://cqqizhou.com/wp-login.php" "Mozilla/5.0 (X11; Linux x86_64) AppleWebKit/537.36 (KHTML, like Gecko) Chrome/121.0.0.0 Safari/537.36"
36.133.115.36 - - [20/Apr/2026:14:41:46 +0800] "POST /wp-cron.php?doing_wp_cron=1776667306.3433780670166015625000 HTTP/1.1" 200 31 "-" "WordPress/6.9; http://cqqizhou.com"
94.26.106.90 - - [20/Apr/2026:14:41:46 +0800] "POST /wp-login.php HTTP/1.1" 200 3057 "http://cqqizhou.com/wp-login.php" "Mozilla/5.0 (Macintosh; Intel Mac OS X 13_6_1) AppleWebKit/605.1.15 (KHTML, like Gecko) Version/16.6 Safari/605.1.15"
36.133.115.36 - - [20/Apr/2026:14:42:31 +0800] "POST /wp-cron.php?doing_wp_cron=1776667351.2498009204864501953125 HTTP/1.1" 200 31 "-" "WordPress/6.9; http://cqqizhou.com"
94.26.106.90 - - [20/Apr/2026:14:42:31 +0800] "POST /wp-login.php HTTP/1.1" 200 3055 "http://cqqizhou.com/wp-login.php" "Mozilla/5.0 (Windows NT 10.0; Win64; x64; rv:120.0) Gecko/20100101 Firefox/120.0"
94.26.106.90 - - [20/Apr/2026:14:42:56 +0800] "POST /wp-login.php HTTP/1.1" 200 3055 "http://cqqizhou.com/wp-login.php" "Mozilla/5.0 (Windows NT 11.0; Win64; x64) AppleWebKit/537.36 (KHTML, like Gecko) Chrome/120.0.0.0 Safari/537.36"
36.133.115.36 - - [20/Apr/2026:14:43:43 +0800] "POST /wp-cron.php?doing_wp_cron=1776667423.8329370021820068359375 HTTP/1.1" 200 31 "-" "WordPress/6.9; http://cqqizhou.com"
94.26.106.90 - - [20/Apr/2026:14:43:43 +0800] "POST /wp-login.php HTTP/1.1" 200 3054 "http://cqqizhou.com/wp-login.php" "Mozilla/5.0 (Windows NT 10.0; Win64; x64) AppleWebKit/537.36 (KHTML, like Gecko) Chrome/120.0.0.0 Safari/537.36"
36.133.115.36 - - [20/Apr/2026:14:44:34 +0800] "POST /wp-cron.php?doing_wp_cron=1776667474.7721259593963623046875 HTTP/1.1" 200 31 "-" "WordPress/6.9; http://cqqizhou.com"
94.26.106.90 - - [20/Apr/2026:14:44:34 +0800] "POST /wp-login.php HTTP/1.1" 200 3057 "http://cqqizhou.com/wp-login.php" "Mozilla/5.0 (Macintosh; Intel Mac OS X 13_6_1) AppleWebKit/537.36 (KHTML, like Gecko) Chrome/119.0.0.0 Safari/537.36"
36.133.115.36 - - [20/Apr/2026:14:45:16 +0800] "POST /wp-cron.php?doing_wp_cron=1776667516.5176088809967041015625 HTTP/1.1" 200 31 "-" "WordPress/6.9; http://cqqizhou.com"
94.26.106.90 - - [20/Apr/2026:14:45:16 +0800] "POST /wp-login.php HTTP/1.1" 200 3052 "http://cqqizhou.com/wp-login.php" "Mozilla/5.0 (Windows NT 11.0; Win64; x64) AppleWebKit/537.36 (KHTML, like Gecko) Chrome/121.0.0.0 Safari/537.36"
43.157.156.190 - - [20/Apr/2026:14:45:25 +0800] "GET / HTTP/1.1" 200 34723 "-" "Mozilla/5.0 (iPhone; CPU iPhone OS 13_2_3 like Mac OS X) AppleWebKit/605.1.15 (KHTML, like Gecko) Version/13.0.3 Mobile/15E148 Safari/604.1"
94.26.106.90 - - [20/Apr/2026:14:45:49 +0800] "POST /wp-login.php HTTP/1.1" 200 3055 "http://cqqizhou.com/wp-login.php" "Mozilla/5.0 (Windows NT 10.0; Win64; x64) AppleWebKit/537.36 (KHTML, like Gecko) Chrome/119.0.0.0 Safari/537.36"
36.133.115.36 - - [20/Apr/2026:14:46:46 +0800] "POST /wp-cron.php?doing_wp_cron=1776667606.7109520435333251953125 HTTP/1.1" 200 31 "-" "WordPress/6.9; http://cqqizhou.com"
94.26.106.90 - - [20/Apr/2026:14:46:46 +0800] "POST /wp-login.php HTTP/1.1" 200 3064 "http://cqqizhou.com/wp-login.php" "Mozilla/5.0 (Macintosh; Intel Mac OS X 10_15_7) AppleWebKit/605.1.15 (KHTML, like Gecko) Version/16.6 Safari/605.1.15"
36.133.115.36 - - [20/Apr/2026:14:47:24 +0800] "POST /wp-cron.php?doing_wp_cron=1776667644.0692160129547119140625 HTTP/1.1" 200 31 "-" "WordPress/6.9; http://cqqizhou.com"
94.26.106.90 - - [20/Apr/2026:14:47:24 +0800] "POST /wp-login.php HTTP/1.1" 200 3058 "http://cqqizhou.com/wp-login.php" "Mozilla/5.0 (Macintosh; Intel Mac OS X 10_15_7; rv:120.0) Gecko/20100101 Firefox/120.0"
36.133.115.36 - - [20/Apr/2026:14:48:15 +0800] "POST /wp-cron.php?doing_wp_cron=1776667695.3381540775299072265625 HTTP/1.1" 200 31 "-" "WordPress/6.9; http://cqqizhou.com"
94.26.106.90 - - [20/Apr/2026:14:48:15 +0800] "POST /wp-login.php HTTP/1.1" 200 3051 "http://cqqizhou.com/wp-login.php" "Mozilla/5.0 (Windows NT 10.0; Win64; x64; rv:119.0) Gecko/20100101 Firefox/119.0"
36.133.115.36 - - [20/Apr/2026:14:49:15 +0800] "POST /wp-cron.php?doing_wp_cron=1776667755.8257780075073242187500 HTTP/1.1" 200 31 "-" "WordPress/6.9; http://cqqizhou.com"
94.26.106.90 - - [20/Apr/2026:14:49:15 +0800] "POST /wp-login.php HTTP/1.1" 200 3057 "http://cqqizhou.com/wp-login.php" "Mozilla/5.0 (Macintosh; Intel Mac OS X 13_6_1) AppleWebKit/537.36 (KHTML, like Gecko) Chrome/118.0.0.0 Safari/537.36"
36.133.115.36 - - [20/Apr/2026:14:50:15 +0800] "POST /wp-cron.php?doing_wp_cron=1776667814.9931809902191162109375 HTTP/1.1" 200 31 "-" "WordPress/6.9; http://cqqizhou.com"
94.26.106.90 - - [20/Apr/2026:14:50:15 +0800] "POST /wp-login.php HTTP/1.1" 200 3053 "http://cqqizhou.com/wp-login.php" "Mozilla/5.0 (Windows NT 11.0; Win64; x64) AppleWebKit/537.36 (KHTML, like Gecko) Chrome/121.0.0.0 Safari/537.36"
159.65.130.72 - - [20/Apr/2026:14:50:16 +0800] "POST /xmlrpc.php HTTP/1.1" 200 217 "-" "Mozilla/5.0 (Windows NT 10.0; WOW64) AppleWebKit/537.43 (KHTML, like Gecko) Chrome/140.0.0.0 Safari/537.36 OPR/124.0.0.0"
36.133.115.36 - - [20/Apr/2026:14:51:13 +0800] "POST /wp-cron.php?doing_wp_cron=1776667873.0138449668884277343750 HTTP/1.1" 200 31 "-" "WordPress/6.9; http://cqqizhou.com"
94.26.106.90 - - [20/Apr/2026:14:51:13 +0800] "POST /wp-login.php HTTP/1.1" 200 3058 "http://cqqizhou.com/wp-login.php" "Mozilla/5.0 (Macintosh; Intel Mac OS X 10_15_7) AppleWebKit/605.1.15 (KHTML, like Gecko) Version/17.1 Safari/605.1.15"
94.26.106.90 - - [20/Apr/2026:14:51:46 +0800] "POST /wp-login.php HTTP/1.1" 200 3057 "http://cqqizhou.com/wp-login.php" "Mozilla/5.0 (Windows NT 11.0; Win64; x64; rv:118.0) Gecko/20100101 Firefox/118.0"
45.56.121.237 - - [20/Apr/2026:14:52:03 +0800] "POST /xmlrpc.php HTTP/1.1" 200 217 "-" "Mozilla/5.0 (Windows NT 10.0; WOW64) AppleWebKit/537.36 (KHTML, like Gecko) Chrome/141.0.0.0 Safari/537.36"
36.133.115.36 - - [20/Apr/2026:14:52:35 +0800] "POST /wp-cron.php?doing_wp_cron=1776667955.8048260211944580078125 HTTP/1.1" 200 31 "-" "WordPress/6.9; http://cqqizhou.com"
94.26.106.90 - - [20/Apr/2026:14:52:35 +0800] "POST /wp-login.php HTTP/1.1" 200 3054 "http://cqqizhou.com/wp-login.php" "Mozilla/5.0 (Macintosh; Intel Mac OS X 10_15_7; rv:118.0) Gecko/20100101 Firefox/118.0"
36.133.115.36 - - [20/Apr/2026:14:53:08 +0800] "POST /wp-cron.php?doing_wp_cron=1776667988.2135829925537109375000 HTTP/1.1" 200 31 "-" "WordPress/6.9; http://cqqizhou.com"
94.26.106.90 - - [20/Apr/2026:14:53:08 +0800] "POST /wp-login.php HTTP/1.1" 200 3055 "http://cqqizhou.com/wp-login.php" "Mozilla/5.0 (Macintosh; Intel Mac OS X 13_6_1) AppleWebKit/605.1.15 (KHTML, like Gecko) Version/17.0 Safari/605.1.15"
94.26.106.90 - - [20/Apr/2026:14:53:43 +0800] "POST /wp-login.php HTTP/1.1" 200 3056 "http://cqqizhou.com/wp-login.php" "Mozilla/5.0 (Macintosh; Intel Mac OS X 10_15_7) AppleWebKit/605.1.15 (KHTML, like Gecko) Version/17.2 Safari/605.1.15"
36.133.115.36 - - [20/Apr/2026:14:54:28 +0800] "POST /wp-cron.php?doing_wp_cron=1776668068.0183351039886474609375 HTTP/1.1" 200 31 "-" "WordPress/6.9; http://cqqizhou.com"
94.26.106.90 - - [20/Apr/2026:14:54:28 +0800] "POST /wp-login.php HTTP/1.1" 200 3056 "http://cqqizhou.com/wp-login.php" "Mozilla/5.0 (Windows NT 11.0; Win64; x64) AppleWebKit/537.36 (KHTML, like Gecko) Chrome/120.0.0.0 Safari/537.36"
94.26.106.90 - - [20/Apr/2026:14:55:02 +0800] "POST /wp-login.php HTTP/1.1" 200 3054 "http://cqqizhou.com/wp-login.php" "Mozilla/5.0 (Windows NT 10.0; Win64; x64; rv:119.0) Gecko/20100101 Firefox/119.0"
36.133.115.36 - - [20/Apr/2026:14:56:01 +0800] "POST /wp-cron.php?doing_wp_cron=1776668161.5254819393157958984375 HTTP/1.1" 200 31 "-" "WordPress/6.9; http://cqqizhou.com"
94.26.106.90 - - [20/Apr/2026:14:56:01 +0800] "POST /wp-login.php HTTP/1.1" 200 3057 "http://cqqizhou.com/wp-login.php" "Mozilla/5.0 (Macintosh; Intel Mac OS X 13_6_1) AppleWebKit/537.36 (KHTML, like Gecko) Chrome/118.0.0.0 Safari/537.36"
36.133.115.36 - - [20/Apr/2026:14:56:38 +0800] "POST /wp-cron.php?doing_wp_cron=1776668198.1040570735931396484375 HTTP/1.1" 200 31 "-" "WordPress/6.9; http://cqqizhou.com"
94.26.106.90 - - [20/Apr/2026:14:56:38 +0800] "POST /wp-login.php HTTP/1.1" 200 3058 "http://cqqizhou.com/wp-login.php" "Mozilla/5.0 (Macintosh; Intel Mac OS X 10_15_7) AppleWebKit/605.1.15 (KHTML, like Gecko) Version/16.6 Safari/605.1.15"
94.26.106.90 - - [20/Apr/2026:14:57:06 +0800] "POST /wp-login.php HTTP/1.1" 200 3062 "http://cqqizhou.com/wp-login.php" "Mozilla/5.0 (Windows NT 10.0; Win64; x64) AppleWebKit/537.36 (KHTML, like Gecko) Chrome/121.0.0.0 Safari/537.36"
36.133.115.36 - - [20/Apr/2026:14:57:56 +0800] "POST /wp-cron.php?doing_wp_cron=1776668276.9448859691619873046875 HTTP/1.1" 200 31 "-" "WordPress/6.9; http://cqqizhou.com"
94.26.106.90 - - [20/Apr/2026:14:57:56 +0800] "POST /wp-login.php HTTP/1.1" 200 3001 "http://cqqizhou.com/wp-login.php" "Mozilla/5.0 (Macintosh; Intel Mac OS X 13_6_1) AppleWebKit/605.1.15 (KHTML, like Gecko) Version/17.0 Safari/605.1.15"
36.133.115.36 - - [20/Apr/2026:14:58:34 +0800] "POST /wp-cron.php?doing_wp_cron=1776668314.5734250545501708984375 HTTP/1.1" 200 31 "-" "WordPress/6.9; http://cqqizhou.com"
