94.26.106.90 - - [20/Apr/2026:16:03:59 +0800] "POST /wp-login.php HTTP/1.1" 200 3056 "http://cqqizhou.com/wp-login.php" "Mozilla/5.0 (Macintosh; Intel Mac OS X 13_6_1) AppleWebKit/605.1.15 (KHTML, like Gecko) Version/17.1 Safari/605.1.15"
14.108.233.28 - - [20/Apr/2026:16:04:03 +0800] "GET /news/2527 HTTP/1.1" 200 24951 "http://cqqizhou.com/news/2552" "Mozilla/5.0 (Windows NT 10.0; Win64; x64) AppleWebKit/537.36 (KHTML, like Gecko) Chrome/132.0.0.0 Safari/537.36 NetType/WIFI MicroMessenger/7.0.20.1781(0x6700143B) WindowsWechat(0x63090a13) UnifiedPCWindowsWechat(0xf254181d) XWEB/19201 Flue"
14.108.233.28 - - [20/Apr/2026:16:04:03 +0800] "GET /wp-content/uploads/2026/03/1773722870-2Article_images_W900px.webp HTTP/1.1" 200 56124 "http://cqqizhou.com/news/2527" "Mozilla/5.0 (Windows NT 10.0; Win64; x64) AppleWebKit/537.36 (KHTML, like Gecko) Chrome/132.0.0.0 Safari/537.36 NetType/WIFI MicroMessenger/7.0.20.1781(0x6700143B) WindowsWechat(0x63090a13) UnifiedPCWindowsWechat(0xf254181d) XWEB/19201 Flue"
14.108.233.28 - - [20/Apr/2026:16:04:03 +0800] "GET /wp-content/uploads/2026/03/1773722871-3Article_images_W900px.webp HTTP/1.1" 200 51678 "http://cqqizhou.com/news/2527" "Mozilla/5.0 (Windows NT 10.0; Win64; x64) AppleWebKit/537.36 (KHTML, like Gecko) Chrome/132.0.0.0 Safari/537.36 NetType/WIFI MicroMessenger/7.0.20.1781(0x6700143B) WindowsWechat(0x63090a13) UnifiedPCWindowsWechat(0xf254181d) XWEB/19201 Flue"
14.108.233.28 - - [20/Apr/2026:16:04:04 +0800] "GET /wp-content/uploads/2025/07/1773723158-Article_images_W900px.webp HTTP/1.1" 404 8950 "http://cqqizhou.com/news/2527" "Mozilla/5.0 (Windows NT 10.0; Win64; x64) AppleWebKit/537.36 (KHTML, like Gecko) Chrome/132.0.0.0 Safari/537.36 NetType/WIFI MicroMessenger/7.0.20.1781(0x6700143B) WindowsWechat(0x63090a13) UnifiedPCWindowsWechat(0xf254181d) XWEB/19201 Flue"
36.133.115.36 - - [20/Apr/2026:16:05:26 +0800] "POST /wp-cron.php?doing_wp_cron=1776672326.1732978820800781250000 HTTP/1.1" 200 31 "-" "WordPress/6.9; http://cqqizhou.com"
94.26.106.90 - - [20/Apr/2026:16:05:26 +0800] "POST /wp-login.php HTTP/1.1" 200 3057 "http://cqqizhou.com/wp-login.php" "Mozilla/5.0 (X11; Linux x86_64) AppleWebKit/537.36 (KHTML, like Gecko) Chrome/120.0.0.0 Safari/537.36"
114.117.233.87 - - [20/Apr/2026:16:05:36 +0800] "GET /2350 HTTP/1.1" 404 8949 "http://cqqizhou.com/" "Mozilla/5.0 (Windows NT 10.0; Win64; x64) AppleWebKit/537.36 (KHTML, like Gecko) Chrome/112.0.0.0 Safari/537.36"
36.133.115.36 - - [20/Apr/2026:16:06:33 +0800] "POST /wp-cron.php?doing_wp_cron=1776672393.3162341117858886718750 HTTP/1.1" 200 31 "-" "WordPress/6.9; http://cqqizhou.com"
94.26.106.90 - - [20/Apr/2026:16:06:33 +0800] "POST /wp-login.php HTTP/1.1" 200 2967 "http://cqqizhou.com/wp-login.php" "Mozilla/5.0 (X11; Linux x86_64) AppleWebKit/537.36 (KHTML, like Gecko) Chrome/119.0.0.0 Safari/537.36"
36.133.115.36 - - [20/Apr/2026:16:07:26 +0800] "POST /wp-cron.php?doing_wp_cron=1776672446.0651750564575195312500 HTTP/1.1" 200 31 "-" "WordPress/6.9; http://cqqizhou.com"
94.26.106.90 - - [20/Apr/2026:16:07:26 +0800] "POST /wp-login.php HTTP/1.1" 200 2967 "http://cqqizhou.com/wp-login.php" "Mozilla/5.0 (Macintosh; Intel Mac OS X 13_6_1) AppleWebKit/605.1.15 (KHTML, like Gecko) Version/16.6 Safari/605.1.15"
94.26.106.90 - - [20/Apr/2026:16:07:48 +0800] "POST /wp-login.php HTTP/1.1" 200 3051 "http://cqqizhou.com/wp-login.php" "Mozilla/5.0 (X11; Linux x86_64) AppleWebKit/537.36 (KHTML, like Gecko) Chrome/119.0.0.0 Safari/537.36"
36.133.115.36 - - [20/Apr/2026:16:08:43 +0800] "POST /wp-cron.php?doing_wp_cron=1776672523.1279840469360351562500 HTTP/1.1" 200 31 "-" "WordPress/6.9; http://cqqizhou.com"
94.26.106.90 - - [20/Apr/2026:16:08:43 +0800] "POST /wp-login.php HTTP/1.1" 200 3053 "http://cqqizhou.com/wp-login.php" "Mozilla/5.0 (Windows NT 10.0; Win64; x64) AppleWebKit/537.36 (KHTML, like Gecko) Chrome/118.0.0.0 Safari/537.36"
36.133.115.36 - - [20/Apr/2026:16:09:20 +0800] "POST /wp-cron.php?doing_wp_cron=1776672560.0717089176177978515625 HTTP/1.1" 200 31 "-" "WordPress/6.9; http://cqqizhou.com"
94.26.106.90 - - [20/Apr/2026:16:09:20 +0800] "POST /wp-login.php HTTP/1.1" 200 3059 "http://cqqizhou.com/wp-login.php" "Mozilla/5.0 (Macintosh; Intel Mac OS X 13_6_1; rv:120.0) Gecko/20100101 Firefox/120.0"
94.26.106.90 - - [20/Apr/2026:16:09:30 +0800] "POST /wp-login.php HTTP/1.1" 200 3054 "http://cqqizhou.com/wp-login.php" "Mozilla/5.0 (X11; Ubuntu; Linux x86_64) AppleWebKit/537.36 (KHTML, like Gecko) Chrome/120.0.0.0 Safari/537.36"
94.26.106.90 - - [20/Apr/2026:16:09:59 +0800] "POST /wp-login.php HTTP/1.1" 200 3060 "http://cqqizhou.com/wp-login.php" "Mozilla/5.0 (Macintosh; Intel Mac OS X 10_15_7) AppleWebKit/537.36 (KHTML, like Gecko) Chrome/120.0.0.0 Safari/537.36"
36.133.115.36 - - [20/Apr/2026:16:10:43 +0800] "POST /wp-cron.php?doing_wp_cron=1776672643.0545039176940917968750 HTTP/1.1" 200 31 "-" "WordPress/6.9; http://cqqizhou.com"
94.26.106.90 - - [20/Apr/2026:16:10:43 +0800] "POST /wp-login.php HTTP/1.1" 200 3062 "http://cqqizhou.com/wp-login.php" "Mozilla/5.0 (X11; Linux x86_64) AppleWebKit/537.36 (KHTML, like Gecko) Chrome/120.0.0.0 Safari/537.36"
36.133.115.36 - - [20/Apr/2026:16:11:23 +0800] "POST /wp-cron.php?doing_wp_cron=1776672683.0857388973236083984375 HTTP/1.1" 200 31 "-" "WordPress/6.9; http://cqqizhou.com"
94.26.106.90 - - [20/Apr/2026:16:11:23 +0800] "POST /wp-login.php HTTP/1.1" 200 3058 "http://cqqizhou.com/wp-login.php" "Mozilla/5.0 (Macintosh; Intel Mac OS X 10_15_7; rv:118.0) Gecko/20100101 Firefox/118.0"
94.26.106.90 - - [20/Apr/2026:16:11:51 +0800] "POST /wp-login.php HTTP/1.1" 200 3062 "http://cqqizhou.com/wp-login.php" "Mozilla/5.0 (Windows NT 10.0; Win64; x64) AppleWebKit/537.36 (KHTML, like Gecko) Chrome/119.0.0.0 Safari/537.36"
36.133.115.36 - - [20/Apr/2026:16:12:36 +0800] "POST /wp-cron.php?doing_wp_cron=1776672756.7265028953552246093750 HTTP/1.1" 200 31 "-" "WordPress/6.9; http://cqqizhou.com"
94.26.106.90 - - [20/Apr/2026:16:12:36 +0800] "POST /wp-login.php HTTP/1.1" 200 3054 "http://cqqizhou.com/wp-login.php" "Mozilla/5.0 (Macintosh; Intel Mac OS X 10_15_7) AppleWebKit/537.36 (KHTML, like Gecko) Chrome/118.0.0.0 Safari/537.36"
36.133.115.36 - - [20/Apr/2026:16:13:08 +0800] "POST /wp-cron.php?doing_wp_cron=1776672788.7902600765228271484375 HTTP/1.1" 200 31 "-" "WordPress/6.9; http://cqqizhou.com"
94.26.106.90 - - [20/Apr/2026:16:13:08 +0800] "POST /wp-login.php HTTP/1.1" 200 3058 "http://cqqizhou.com/wp-login.php" "Mozilla/5.0 (Macintosh; Intel Mac OS X 13_6_1; rv:119.0) Gecko/20100101 Firefox/119.0"
94.26.106.90 - - [20/Apr/2026:16:13:41 +0800] "POST /wp-login.php HTTP/1.1" 200 3055 "http://cqqizhou.com/wp-login.php" "Mozilla/5.0 (Macintosh; Intel Mac OS X 13_6_1) AppleWebKit/605.1.15 (KHTML, like Gecko) Version/17.0 Safari/605.1.15"
94.26.106.90 - - [20/Apr/2026:16:14:05 +0800] "POST /wp-login.php HTTP/1.1" 200 3001 "http://cqqizhou.com/wp-login.php" "Mozilla/5.0 (Macintosh; Intel Mac OS X 13_6_1) AppleWebKit/537.36 (KHTML, like Gecko) Chrome/119.0.0.0 Safari/537.36"
36.133.115.36 - - [20/Apr/2026:16:14:43 +0800] "POST /wp-cron.php?doing_wp_cron=1776672883.0181849002838134765625 HTTP/1.1" 200 31 "-" "WordPress/6.9; http://cqqizhou.com"
94.26.106.90 - - [20/Apr/2026:16:14:43 +0800] "POST /wp-login.php HTTP/1.1" 200 3054 "http://cqqizhou.com/wp-login.php" "Mozilla/5.0 (Windows NT 10.0; Win64; x64; rv:118.0) Gecko/20100101 Firefox/118.0"
36.133.115.36 - - [20/Apr/2026:16:15:22 +0800] "POST /wp-cron.php?doing_wp_cron=1776672922.3995718955993652343750 HTTP/1.1" 200 31 "-" "WordPress/6.9; http://cqqizhou.com"
94.26.106.90 - - [20/Apr/2026:16:15:22 +0800] "POST /wp-login.php HTTP/1.1" 200 3001 "http://cqqizhou.com/wp-login.php" "Mozilla/5.0 (Windows NT 11.0; Win64; x64) AppleWebKit/537.36 (KHTML, like Gecko) Chrome/121.0.0.0 Safari/537.36"
119.84.246.117 - - [20/Apr/2026:16:15:34 +0800] "GET / HTTP/1.1" 301 5 "-" "Mozilla/5.0 (Windows NT 6.1; WOW64) AppleWebKit/535.19 (KHTML, like Gecko) Chrome/18.0.1025.168 Safari/535.19 QIHU 360EE"
119.84.246.117 - - [20/Apr/2026:16:15:34 +0800] "GET / HTTP/1.1" 200 158581 "-" "Mozilla/5.0 (Windows NT 6.1; WOW64) AppleWebKit/535.19 (KHTML, like Gecko) Chrome/18.0.1025.168 Safari/535.19 QIHU 360EE"
119.84.246.117 - - [20/Apr/2026:16:15:35 +0800] "GET / HTTP/1.1" 301 5 "-" "Mozilla/5.0 (Windows NT 6.1; WOW64) AppleWebKit/535.19 (KHTML, like Gecko) Chrome/18.0.1025.168 Safari/535.19 QIHU 360EE"
119.84.246.117 - - [20/Apr/2026:16:15:35 +0800] "GET / HTTP/1.1" 200 158581 "-" "Mozilla/5.0 (Windows NT 6.1; WOW64) AppleWebKit/535.19 (KHTML, like Gecko) Chrome/18.0.1025.168 Safari/535.19 QIHU 360EE"
119.84.246.117 - - [20/Apr/2026:16:15:36 +0800] "GET / HTTP/1.1" 301 5 "-" "Mozilla/5.0 (Windows NT 6.1; WOW64; rv:14.0) Gecko/20100101 Firefox/14.0.1"
119.84.246.117 - - [20/Apr/2026:16:15:36 +0800] "GET / HTTP/1.1" 200 158581 "-" "Mozilla/5.0 (Windows NT 6.1; WOW64; rv:14.0) Gecko/20100101 Firefox/14.0.1"
94.26.106.90 - - [20/Apr/2026:16:15:53 +0800] "POST /wp-login.php HTTP/1.1" 200 3058 "http://cqqizhou.com/wp-login.php" "Mozilla/5.0 (Windows NT 11.0; Win64; x64; rv:119.0) Gecko/20100101 Firefox/119.0"
183.226.19.41 - - [20/Apr/2026:16:16:03 +0800] "GET http://cqqizhou.com/medialibrary HTTP/1.1" 404 8949 "http://cqqizhou.com/" "Mozilla/5.0 (Windows NT 10.0; Win64; x64) AppleWebKit/537.36 (KHTML, like Gecko) Chrome/107.0.0.0 Safari/537.36"
43.136.89.209 - - [20/Apr/2026:16:16:06 +0800] "GET /medialibrary HTTP/1.1" 404 8949 "http://cqqizhou.com/" "Mozilla/5.0 (Windows NT 10.0; Win64; x64) AppleWebKit/537.36 (KHTML, like Gecko) Chrome/107.0.0.0 Safari/537.36"
36.133.115.36 - - [20/Apr/2026:16:16:22 +0800] "POST /wp-cron.php?doing_wp_cron=1776672982.3813030719757080078125 HTTP/1.1" 200 31 "-" "WordPress/6.9; http://cqqizhou.com"
94.26.106.90 - - [20/Apr/2026:16:16:22 +0800] "POST /wp-login.php HTTP/1.1" 200 3056 "http://cqqizhou.com/wp-login.php" "Mozilla/5.0 (X11; Ubuntu; Linux x86_64) AppleWebKit/537.36 (KHTML, like Gecko) Chrome/120.0.0.0 Safari/537.36"
94.26.106.90 - - [20/Apr/2026:16:16:54 +0800] "POST /wp-login.php HTTP/1.1" 200 3052 "http://cqqizhou.com/wp-login.php" "Mozilla/5.0 (Macintosh; Intel Mac OS X 10_15_7) AppleWebKit/605.1.15 (KHTML, like Gecko) Version/17.1 Safari/605.1.15"
36.142.106.151 - - [20/Apr/2026:16:17:00 +0800] "GET http://cqqizhou.com/Ly9jcXFpemhvdS5jb20vd3AtY29udGVudC91cGxvYWRzL3JldnNsaWRlci9zbGlkZXItMS8xNzUwODYxMTU2LWxvZ2lzdGljc19TbGlkZXJfMzg0MMOXMjE2MF8yMDI1MDYyNTE5MTM1Ni1zY2FsZWQud2VicA== HTTP/1.1" 404 8947 "http://cqqizhou.com/" "Mozilla/5.0 (Windows NT 10.0; Win64; x64) AppleWebKit/537.36 (KHTML, like Gecko) Chrome/133.0.0.0 Safari/537.36"
162.14.204.212 - - [20/Apr/2026:16:17:02 +0800] "GET /Ly9jcXFpemhvdS5jb20vd3AtY29udGVudC91cGxvYWRzL3JldnNsaWRlci9zbGlkZXItMS8xNzUwODYxMTU2LWxvZ2lzdGljc19TbGlkZXJfMzg0MMOXMjE2MF8yMDI1MDYyNTE5MTM1Ni1zY2FsZWQud2VicA== HTTP/1.1" 404 8949 "http://cqqizhou.com/" "Mozilla/5.0 (Windows NT 10.0; Win64; x64) AppleWebKit/537.36 (KHTML, like Gecko) Chrome/133.0.0.0 Safari/537.36"
14.108.233.28 - - [20/Apr/2026:16:17:31 +0800] "GET / HTTP/1.1" 200 35159 "http://cqqizhou.com/news/2552" "Mozilla/5.0 (Windows NT 10.0; Win64; x64) AppleWebKit/537.36 (KHTML, like Gecko) Chrome/132.0.0.0 Safari/537.36 NetType/WIFI MicroMessenger/7.0.20.1781(0x6700143B) WindowsWechat(0x63090a13) UnifiedPCWindowsWechat(0xf254181d) XWEB/19201 Flue"
14.108.233.28 - - [20/Apr/2026:16:17:32 +0800] "GET /wp-content/uploads/2025/12/1765268955-qizhou_Slider1_3840%C3%972160_20251210-scaled.webp HTTP/1.1" 200 152162 "http://cqqizhou.com/" "Mozilla/5.0 (Windows NT 10.0; Win64; x64) AppleWebKit/537.36 (KHTML, like Gecko) Chrome/132.0.0.0 Safari/537.36 NetType/WIFI MicroMessenger/7.0.20.1781(0x6700143B) WindowsWechat(0x63090a13) UnifiedPCWindowsWechat(0xf254181d) XWEB/19201 Flue"
14.108.233.28 - - [20/Apr/2026:16:17:32 +0800] "GET /wp-content/uploads/2025/07/1753456723-%E5%8F%8C%E7%9B%B8%E9%92%A2roduct_Single600.webp HTTP/1.1" 200 22790 "http://cqqizhou.com/" "Mozilla/5.0 (Windows NT 10.0; Win64; x64) AppleWebKit/537.36 (KHTML, like Gecko) Chrome/132.0.0.0 Safari/537.36 NetType/WIFI MicroMessenger/7.0.20.1781(0x6700143B) WindowsWechat(0x63090a13) UnifiedPCWindowsWechat(0xf254181d) XWEB/19201 Flue"
14.108.233.28 - - [20/Apr/2026:16:17:32 +0800] "GET /wp-content/uploads/2025/07/1753453096-%E5%8F%8C%E7%9B%B8%E9%92%A2product_Single600%C3%97284.webp HTTP/1.1" 200 14562 "http://cqqizhou.com/" "Mozilla/5.0 (Windows NT 10.0; Win64; x64) AppleWebKit/537.36 (KHTML, like Gecko) Chrome/132.0.0.0 Safari/537.36 NetType/WIFI MicroMessenger/7.0.20.1781(0x6700143B) WindowsWechat(0x63090a13) UnifiedPCWindowsWechat(0xf254181d) XWEB/19201 Flue"
14.108.233.28 - - [20/Apr/2026:16:17:32 +0800] "GET /wp-content/uploads/2025/07/1753456770-%E7%83%AD%E9%95%80%E9%94%8C%E5%8D%B7product_Single600.webp HTTP/1.1" 200 27502 "http://cqqizhou.com/" "Mozilla/5.0 (Windows NT 10.0; Win64; x64) AppleWebKit/537.36 (KHTML, like Gecko) Chrome/132.0.0.0 Safari/537.36 NetType/WIFI MicroMessenger/7.0.20.1781(0x6700143B) WindowsWechat(0x63090a13) UnifiedPCWindowsWechat(0xf254181d) XWEB/19201 Flue"
14.108.233.28 - - [20/Apr/2026:16:17:32 +0800] "GET /wp-content/uploads/2025/07/1753453127-%E4%BD%99%E5%8D%B7product_Single600%C3%97284.webp HTTP/1.1" 200 18744 "http://cqqizhou.com/" "Mozilla/5.0 (Windows NT 10.0; Win64; x64) AppleWebKit/537.36 (KHTML, like Gecko) Chrome/132.0.0.0 Safari/537.36 NetType/WIFI MicroMessenger/7.0.20.1781(0x6700143B) WindowsWechat(0x63090a13) UnifiedPCWindowsWechat(0xf254181d) XWEB/19201 Flue"
14.108.233.28 - - [20/Apr/2026:16:17:32 +0800] "GET /wp-content/uploads/revslider/slider-1/1750861156-logistics_Slider_3840%C3%972160_20250625191356-scaled-50x100.webp HTTP/1.1" 200 1416 "http://cqqizhou.com/" "Mozilla/5.0 (Windows NT 10.0; Win64; x64) AppleWebKit/537.36 (KHTML, like Gecko) Chrome/132.0.0.0 Safari/537.36 NetType/WIFI MicroMessenger/7.0.20.1781(0x6700143B) WindowsWechat(0x63090a13) UnifiedPCWindowsWechat(0xf254181d) XWEB/19201 Flue"
14.108.233.28 - - [20/Apr/2026:16:17:32 +0800] "GET /wp-content/uploads/2026/01/1768276119-qizhoujiagong_Slider_3840%C3%972160_20260113-scaled-50x100.webp HTTP/1.1" 200 976 "http://cqqizhou.com/" "Mozilla/5.0 (Windows NT 10.0; Win64; x64) AppleWebKit/537.36 (KHTML, like Gecko) Chrome/132.0.0.0 Safari/537.36 NetType/WIFI MicroMessenger/7.0.20.1781(0x6700143B) WindowsWechat(0x63090a13) UnifiedPCWindowsWechat(0xf254181d) XWEB/19201 Flue"
36.133.115.36 - - [20/Apr/2026:16:17:33 +0800] "POST /wp-cron.php?doing_wp_cron=1776673053.3226060867309570312500 HTTP/1.1" 200 31 "-" "WordPress/6.9; http://cqqizhou.com"
14.108.233.28 - - [20/Apr/2026:16:17:33 +0800] "GET /wp-json/sliderrevolution/sliders/1?srengine=7&slideid=2 HTTP/1.1" 200 2000 "http://cqqizhou.com/" "Mozilla/5.0 (Windows NT 10.0; Win64; x64) AppleWebKit/537.36 (KHTML, like Gecko) Chrome/132.0.0.0 Safari/537.36 NetType/WIFI MicroMessenger/7.0.20.1781(0x6700143B) WindowsWechat(0x63090a13) UnifiedPCWindowsWechat(0xf254181d) XWEB/19201 Flue"
14.108.233.28 - - [20/Apr/2026:16:17:33 +0800] "GET /wp-json/sliderrevolution/sliders/1?srengine=7&slideid=4 HTTP/1.1" 200 2580 "http://cqqizhou.com/" "Mozilla/5.0 (Windows NT 10.0; Win64; x64) AppleWebKit/537.36 (KHTML, like Gecko) Chrome/132.0.0.0 Safari/537.36 NetType/WIFI MicroMessenger/7.0.20.1781(0x6700143B) WindowsWechat(0x63090a13) UnifiedPCWindowsWechat(0xf254181d) XWEB/19201 Flue"
14.108.233.28 - - [20/Apr/2026:16:17:33 +0800] "GET /wp-content/uploads/2026/01/1768276119-qizhoujiagong_Slider_3840%C3%972160_20260113-scaled.webp HTTP/1.1" 200 131696 "http://cqqizhou.com/" "Mozilla/5.0 (Windows NT 10.0; Win64; x64) AppleWebKit/537.36 (KHTML, like Gecko) Chrome/132.0.0.0 Safari/537.36 NetType/WIFI MicroMessenger/7.0.20.1781(0x6700143B) WindowsWechat(0x63090a13) UnifiedPCWindowsWechat(0xf254181d) XWEB/19201 Flue"
14.108.233.28 - - [20/Apr/2026:16:17:33 +0800] "GET /wp-content/uploads/revslider/slider-1/1750861156-logistics_Slider_3840%C3%972160_20250625191356-scaled.webp HTTP/1.1" 200 197360 "http://cqqizhou.com/" "Mozilla/5.0 (Windows NT 10.0; Win64; x64) AppleWebKit/537.36 (KHTML, like Gecko) Chrome/132.0.0.0 Safari/537.36 NetType/WIFI MicroMessenger/7.0.20.1781(0x6700143B) WindowsWechat(0x63090a13) UnifiedPCWindowsWechat(0xf254181d) XWEB/19201 Flue"
94.26.106.90 - - [20/Apr/2026:16:17:38 +0800] "POST /wp-login.php HTTP/1.1" 200 3061 "http://cqqizhou.com/wp-login.php" "Mozilla/5.0 (X11; Ubuntu; Linux x86_64) AppleWebKit/537.36 (KHTML, like Gecko) Chrome/120.0.0.0 Safari/537.36"
14.108.233.28 - - [20/Apr/2026:16:17:39 +0800] "GET /about HTTP/1.1" 200 24536 "http://cqqizhou.com/" "Mozilla/5.0 (Windows NT 10.0; Win64; x64) AppleWebKit/537.36 (KHTML, like Gecko) Chrome/132.0.0.0 Safari/537.36 NetType/WIFI MicroMessenger/7.0.20.1781(0x6700143B) WindowsWechat(0x63090a13) UnifiedPCWindowsWechat(0xf254181d) XWEB/19201 Flue"
14.108.233.28 - - [20/Apr/2026:16:17:39 +0800] "GET /wp-content/uploads/2025/07/1750649803-qizhou800x500_2.webp HTTP/1.1" 200 63616 "http://cqqizhou.com/about" "Mozilla/5.0 (Windows NT 10.0; Win64; x64) AppleWebKit/537.36 (KHTML, like Gecko) Chrome/132.0.0.0 Safari/537.36 NetType/WIFI MicroMessenger/7.0.20.1781(0x6700143B) WindowsWechat(0x63090a13) UnifiedPCWindowsWechat(0xf254181d) XWEB/19201 Flue"
14.108.233.28 - - [20/Apr/2026:16:17:39 +0800] "GET /wp-content/uploads/2025/07/1750945417-honor300%C3%97206_1.webp HTTP/1.1" 200 57666 "http://cqqizhou.com/about" "Mozilla/5.0 (Windows NT 10.0; Win64; x64) AppleWebKit/537.36 (KHTML, like Gecko) Chrome/132.0.0.0 Safari/537.36 NetType/WIFI MicroMessenger/7.0.20.1781(0x6700143B) WindowsWechat(0x63090a13) UnifiedPCWindowsWechat(0xf254181d) XWEB/19201 Flue"
14.108.233.28 - - [20/Apr/2026:16:17:39 +0800] "GET /wp-content/uploads/2025/07/1750945444-honor300%C3%97206_2.webp HTTP/1.1" 200 71296 "http://cqqizhou.com/about" "Mozilla/5.0 (Windows NT 10.0; Win64; x64) AppleWebKit/537.36 (KHTML, like Gecko) Chrome/132.0.0.0 Safari/537.36 NetType/WIFI MicroMessenger/7.0.20.1781(0x6700143B) WindowsWechat(0x63090a13) UnifiedPCWindowsWechat(0xf254181d) XWEB/19201 Flue"
14.108.233.28 - - [20/Apr/2026:16:17:39 +0800] "GET /wp-content/uploads/2025/07/1750671801-partner2_200x50.webp HTTP/1.1" 200 3946 "http://cqqizhou.com/about" "Mozilla/5.0 (Windows NT 10.0; Win64; x64) AppleWebKit/537.36 (KHTML, like Gecko) Chrome/132.0.0.0 Safari/537.36 NetType/WIFI MicroMessenger/7.0.20.1781(0x6700143B) WindowsWechat(0x63090a13) UnifiedPCWindowsWechat(0xf254181d) XWEB/19201 Flue"
14.108.233.28 - - [20/Apr/2026:16:17:39 +0800] "GET /wp-content/uploads/2025/07/1750671800-partner1_200x50.webp HTTP/1.1" 200 2244 "http://cqqizhou.com/about" "Mozilla/5.0 (Windows NT 10.0; Win64; x64) AppleWebKit/537.36 (KHTML, like Gecko) Chrome/132.0.0.0 Safari/537.36 NetType/WIFI MicroMessenger/7.0.20.1781(0x6700143B) WindowsWechat(0x63090a13) UnifiedPCWindowsWechat(0xf254181d) XWEB/19201 Flue"
14.108.233.28 - - [20/Apr/2026:16:17:39 +0800] "GET /wp-content/uploads/2025/07/1750671803-partner3_200x50.webp HTTP/1.1" 200 4414 "http://cqqizhou.com/about" "Mozilla/5.0 (Windows NT 10.0; Win64; x64) AppleWebKit/537.36 (KHTML, like Gecko) Chrome/132.0.0.0 Safari/537.36 NetType/WIFI MicroMessenger/7.0.20.1781(0x6700143B) WindowsWechat(0x63090a13) UnifiedPCWindowsWechat(0xf254181d) XWEB/19201 Flue"
14.108.233.28 - - [20/Apr/2026:16:17:39 +0800] "GET /wp-content/uploads/2025/07/1750671805-partner4_200x50.webp HTTP/1.1" 200 2390 "http://cqqizhou.com/about" "Mozilla/5.0 (Windows NT 10.0; Win64; x64) AppleWebKit/537.36 (KHTML, like Gecko) Chrome/132.0.0.0 Safari/537.36 NetType/WIFI MicroMessenger/7.0.20.1781(0x6700143B) WindowsWechat(0x63090a13) UnifiedPCWindowsWechat(0xf254181d) XWEB/19201 Flue"
14.108.233.28 - - [20/Apr/2026:16:17:39 +0800] "GET /wp-content/uploads/2025/07/1750671806-partner5_200x50.webp HTTP/1.1" 200 2840 "http://cqqizhou.com/about" "Mozilla/5.0 (Windows NT 10.0; Win64; x64) AppleWebKit/537.36 (KHTML, like Gecko) Chrome/132.0.0.0 Safari/537.36 NetType/WIFI MicroMessenger/7.0.20.1781(0x6700143B) WindowsWechat(0x63090a13) UnifiedPCWindowsWechat(0xf254181d) XWEB/19201 Flue"
14.108.233.28 - - [20/Apr/2026:16:17:39 +0800] "GET /wp-content/uploads/2025/07/1750671808-partner6_200x50.webp HTTP/1.1" 200 3004 "http://cqqizhou.com/about" "Mozilla/5.0 (Windows NT 10.0; Win64; x64) AppleWebKit/537.36 (KHTML, like Gecko) Chrome/132.0.0.0 Safari/537.36 NetType/WIFI MicroMessenger/7.0.20.1781(0x6700143B) WindowsWechat(0x63090a13) UnifiedPCWindowsWechat(0xf254181d) XWEB/19201 Flue"
14.108.233.28 - - [20/Apr/2026:16:17:39 +0800] "GET /wp-content/uploads/2025/06/1750755307-qizhoucangku2000x400_2025624.webp HTTP/1.1" 200 45470 "http://cqqizhou.com/about" "Mozilla/5.0 (Windows NT 10.0; Win64; x64) AppleWebKit/537.36 (KHTML, like Gecko) Chrome/132.0.0.0 Safari/537.36 NetType/WIFI MicroMessenger/7.0.20.1781(0x6700143B) WindowsWechat(0x63090a13) UnifiedPCWindowsWechat(0xf254181d) XWEB/19201 Flue"
14.108.233.28 - - [20/Apr/2026:16:17:39 +0800] "GET /wp-content/uploads/elementor/thumbs/1751373145-About_Qizhoudalou_W800px-r91b70ok8huvvdr4ynxnf302e8ie3iydlh6ag9ew82.webp HTTP/1.1" 200 37938 "http://cqqizhou.com/about" "Mozilla/5.0 (Windows NT 10.0; Win64; x64) AppleWebKit/537.36 (KHTML, like Gecko) Chrome/132.0.0.0 Safari/537.36 NetType/WIFI MicroMessenger/7.0.20.1781(0x6700143B) WindowsWechat(0x63090a13) UnifiedPCWindowsWechat(0xf254181d) XWEB/19201 Flue"
14.108.233.28 - - [20/Apr/2026:16:17:39 +0800] "GET /wp-content/uploads/elementor/thumbs/1751209300-Hello-Qizhou3-r91b71mdtei8mab1rr8x739cnvi1mafuaga3vbed3o.webp HTTP/1.1" 200 39120 "http://cqqizhou.com/about" "Mozilla/5.0 (Windows NT 10.0; Win64; x64) AppleWebKit/537.36 (KHTML, like Gecko) Chrome/132.0.0.0 Safari/537.36 NetType/WIFI MicroMessenger/7.0.20.1781(0x6700143B) WindowsWechat(0x63090a13) UnifiedPCWindowsWechat(0xf254181d) XWEB/19201 Flue"
14.108.233.28 - - [20/Apr/2026:16:17:39 +0800] "GET /wp-content/uploads/2025/07/1750945514-honor300%C3%97206_3.webp HTTP/1.1" 200 74124 "http://cqqizhou.com/about" "Mozilla/5.0 (Windows NT 10.0; Win64; x64) AppleWebKit/537.36 (KHTML, like Gecko) Chrome/132.0.0.0 Safari/537.36 NetType/WIFI MicroMessenger/7.0.20.1781(0x6700143B) WindowsWechat(0x63090a13) UnifiedPCWindowsWechat(0xf254181d) XWEB/19201 Flue"
14.108.233.28 - - [20/Apr/2026:16:17:39 +0800] "GET /wp-content/uploads/2025/07/1750649186-qizhou1920x1080_3.webp HTTP/1.1" 200 134070 "http://cqqizhou.com/about" "Mozilla/5.0 (Windows NT 10.0; Win64; x64) AppleWebKit/537.36 (KHTML, like Gecko) Chrome/132.0.0.0 Safari/537.36 NetType/WIFI MicroMessenger/7.0.20.1781(0x6700143B) WindowsWechat(0x63090a13) UnifiedPCWindowsWechat(0xf254181d) XWEB/19201 Flue"
14.108.233.28 - - [20/Apr/2026:16:17:39 +0800] "GET /wp-content/uploads/2025/07/1750649193-qizhou1920x1080_5.webp HTTP/1.1" 200 110214 "http://cqqizhou.com/about" "Mozilla/5.0 (Windows NT 10.0; Win64; x64) AppleWebKit/537.36 (KHTML, like Gecko) Chrome/132.0.0.0 Safari/537.36 NetType/WIFI MicroMessenger/7.0.20.1781(0x6700143B) WindowsWechat(0x63090a13) UnifiedPCWindowsWechat(0xf254181d) XWEB/19201 Flue"
14.108.233.28 - - [20/Apr/2026:16:17:39 +0800] "GET /wp-content/uploads/2025/07/1750649197-qizhou1920x1080_6.webp HTTP/1.1" 200 150354 "http://cqqizhou.com/about" "Mozilla/5.0 (Windows NT 10.0; Win64; x64) AppleWebKit/537.36 (KHTML, like Gecko) Chrome/132.0.0.0 Safari/537.36 NetType/WIFI MicroMessenger/7.0.20.1781(0x6700143B) WindowsWechat(0x63090a13) UnifiedPCWindowsWechat(0xf254181d) XWEB/19201 Flue"
14.108.233.28 - - [20/Apr/2026:16:17:39 +0800] "GET /wp-content/uploads/2025/07/1750649179-qizhou1920x1080_1.webp HTTP/1.1" 200 172154 "http://cqqizhou.com/about" "Mozilla/5.0 (Windows NT 10.0; Win64; x64) AppleWebKit/537.36 (KHTML, like Gecko) Chrome/132.0.0.0 Safari/537.36 NetType/WIFI MicroMessenger/7.0.20.1781(0x6700143B) WindowsWechat(0x63090a13) UnifiedPCWindowsWechat(0xf254181d) XWEB/19201 Flue"
14.108.233.28 - - [20/Apr/2026:16:17:39 +0800] "GET /wp-content/uploads/2025/07/1750649189-qizhou1920x1080_4.webp HTTP/1.1" 200 174962 "http://cqqizhou.com/about" "Mozilla/5.0 (Windows NT 10.0; Win64; x64) AppleWebKit/537.36 (KHTML, like Gecko) Chrome/132.0.0.0 Safari/537.36 NetType/WIFI MicroMessenger/7.0.20.1781(0x6700143B) WindowsWechat(0x63090a13) UnifiedPCWindowsWechat(0xf254181d) XWEB/19201 Flue"
14.108.233.28 - - [20/Apr/2026:16:17:39 +0800] "GET /wp-content/uploads/2025/07/1750649203-qizhou1920x1080_8.webp HTTP/1.1" 200 256782 "http://cqqizhou.com/about" "Mozilla/5.0 (Windows NT 10.0; Win64; x64) AppleWebKit/537.36 (KHTML, like Gecko) Chrome/132.0.0.0 Safari/537.36 NetType/WIFI MicroMessenger/7.0.20.1781(0x6700143B) WindowsWechat(0x63090a13) UnifiedPCWindowsWechat(0xf254181d) XWEB/19201 Flue"
14.108.233.28 - - [20/Apr/2026:16:17:39 +0800] "GET /wp-content/uploads/2025/07/1750649183-qizhou1920x1080_2.webp HTTP/1.1" 200 267936 "http://cqqizhou.com/about" "Mozilla/5.0 (Windows NT 10.0; Win64; x64) AppleWebKit/537.36 (KHTML, like Gecko) Chrome/132.0.0.0 Safari/537.36 NetType/WIFI MicroMessenger/7.0.20.1781(0x6700143B) WindowsWechat(0x63090a13) UnifiedPCWindowsWechat(0xf254181d) XWEB/19201 Flue"
14.108.233.28 - - [20/Apr/2026:16:17:39 +0800] "GET /wp-content/uploads/2025/07/1750649207-qizhou1920x1080_9.webp HTTP/1.1" 200 146108 "http://cqqizhou.com/about" "Mozilla/5.0 (Windows NT 10.0; Win64; x64) AppleWebKit/537.36 (KHTML, like Gecko) Chrome/132.0.0.0 Safari/537.36 NetType/WIFI MicroMessenger/7.0.20.1781(0x6700143B) WindowsWechat(0x63090a13) UnifiedPCWindowsWechat(0xf254181d) XWEB/19201 Flue"
14.108.233.28 - - [20/Apr/2026:16:17:39 +0800] "GET /wp-content/uploads/2025/07/1750649200-qizhou1920x1080_7.webp HTTP/1.1" 200 238866 "http://cqqizhou.com/about" "Mozilla/5.0 (Windows NT 10.0; Win64; x64) AppleWebKit/537.36 (KHTML, like Gecko) Chrome/132.0.0.0 Safari/537.36 NetType/WIFI MicroMessenger/7.0.20.1781(0x6700143B) WindowsWechat(0x63090a13) UnifiedPCWindowsWechat(0xf254181d) XWEB/19201 Flue"
14.108.233.28 - - [20/Apr/2026:16:17:39 +0800] "GET /wp-content/uploads/2025/07/1750649212-qizhou1920x1080_10.webp HTTP/1.1" 200 143362 "http://cqqizhou.com/about" "Mozilla/5.0 (Windows NT 10.0; Win64; x64) AppleWebKit/537.36 (KHTML, like Gecko) Chrome/132.0.0.0 Safari/537.36 NetType/WIFI MicroMessenger/7.0.20.1781(0x6700143B) WindowsWechat(0x63090a13) UnifiedPCWindowsWechat(0xf254181d) XWEB/19201 Flue"
14.108.233.28 - - [20/Apr/2026:16:17:39 +0800] "GET /wp-content/uploads/2025/07/1750649215-qizhou1920x1080_11.webp HTTP/1.1" 200 171642 "http://cqqizhou.com/about" "Mozilla/5.0 (Windows NT 10.0; Win64; x64) AppleWebKit/537.36 (KHTML, like Gecko) Chrome/132.0.0.0 Safari/537.36 NetType/WIFI MicroMessenger/7.0.20.1781(0x6700143B) WindowsWechat(0x63090a13) UnifiedPCWindowsWechat(0xf254181d) XWEB/19201 Flue"
14.108.233.28 - - [20/Apr/2026:16:17:40 +0800] "GET /wp-content/uploads/2025/07/1750945616-honor300%C3%97206_4.webp HTTP/1.1" 200 33814 "http://cqqizhou.com/about" "Mozilla/5.0 (Windows NT 10.0; Win64; x64) AppleWebKit/537.36 (KHTML, like Gecko) Chrome/132.0.0.0 Safari/537.36 NetType/WIFI MicroMessenger/7.0.20.1781(0x6700143B) WindowsWechat(0x63090a13) UnifiedPCWindowsWechat(0xf254181d) XWEB/19201 Flue"
14.108.233.28 - - [20/Apr/2026:16:17:40 +0800] "GET /wp-content/uploads/2025/07/1750945637-honor300%C3%97206_5.webp HTTP/1.1" 200 77368 "http://cqqizhou.com/about" "Mozilla/5.0 (Windows NT 10.0; Win64; x64) AppleWebKit/537.36 (KHTML, like Gecko) Chrome/132.0.0.0 Safari/537.36 NetType/WIFI MicroMessenger/7.0.20.1781(0x6700143B) WindowsWechat(0x63090a13) UnifiedPCWindowsWechat(0xf254181d) XWEB/19201 Flue"
14.108.233.28 - - [20/Apr/2026:16:17:40 +0800] "GET /wp-content/uploads/2025/07/1750945650-honor300%C3%97206_6.webp HTTP/1.1" 200 66306 "http://cqqizhou.com/about" "Mozilla/5.0 (Windows NT 10.0; Win64; x64) AppleWebKit/537.36 (KHTML, like Gecko) Chrome/132.0.0.0 Safari/537.36 NetType/WIFI MicroMessenger/7.0.20.1781(0x6700143B) WindowsWechat(0x63090a13) UnifiedPCWindowsWechat(0xf254181d) XWEB/19201 Flue"
14.108.233.28 - - [20/Apr/2026:16:17:41 +0800] "GET /wp-content/uploads/2025/07/1750656103-Visionr2000x800_20250623131702.webp HTTP/1.1" 200 57650 "http://cqqizhou.com/wp-content/uploads/elementor/css/post-1849.css?ver=1773749912" "Mozilla/5.0 (Windows NT 10.0; Win64; x64) AppleWebKit/537.36 (KHTML, like Gecko) Chrome/132.0.0.0 Safari/537.36 NetType/WIFI MicroMessenger/7.0.20.1781(0x6700143B) WindowsWechat(0x63090a13) UnifiedPCWindowsWechat(0xf254181d) XWEB/19201 Flue"
14.108.233.28 - - [20/Apr/2026:16:17:48 +0800] "GET /media HTTP/1.1" 200 31773 "http://cqqizhou.com/about" "Mozilla/5.0 (Windows NT 10.0; Win64; x64) AppleWebKit/537.36 (KHTML, like Gecko) Chrome/132.0.0.0 Safari/537.36 NetType/WIFI MicroMessenger/7.0.20.1781(0x6700143B) WindowsWechat(0x63090a13) UnifiedPCWindowsWechat(0xf254181d) XWEB/19201 Flue"
14.108.233.28 - - [20/Apr/2026:16:17:48 +0800] "GET /wp-content/uploads/2026/04/1775698332-Article_images_W900px-300x169.webp HTTP/1.1" 200 12710 "http://cqqizhou.com/media" "Mozilla/5.0 (Windows NT 10.0; Win64; x64) AppleWebKit/537.36 (KHTML, like Gecko) Chrome/132.0.0.0 Safari/537.36 NetType/WIFI MicroMessenger/7.0.20.1781(0x6700143B) WindowsWechat(0x63090a13) UnifiedPCWindowsWechat(0xf254181d) XWEB/19201 Flue"
14.108.233.28 - - [20/Apr/2026:16:17:48 +0800] "GET /wp-content/uploads/2026/04/1775865780-1Article_images_W900px-300x169.webp HTTP/1.1" 200 10634 "http://cqqizhou.com/media" "Mozilla/5.0 (Windows NT 10.0; Win64; x64) AppleWebKit/537.36 (KHTML, like Gecko) Chrome/132.0.0.0 Safari/537.36 NetType/WIFI MicroMessenger/7.0.20.1781(0x6700143B) WindowsWechat(0x63090a13) UnifiedPCWindowsWechat(0xf254181d) XWEB/19201 Flue"
14.108.233.28 - - [20/Apr/2026:16:17:48 +0800] "GET /wp-content/uploads/2026/02/1769999241-4.2%E7%B1%B3%E9%AB%98%E6%A0%8F%E8%B4%A7%E8%BD%A6-300x169.webp HTTP/1.1" 200 12930 "http://cqqizhou.com/media" "Mozilla/5.0 (Windows NT 10.0; Win64; x64) AppleWebKit/537.36 (KHTML, like Gecko) Chrome/132.0.0.0 Safari/537.36 NetType/WIFI MicroMessenger/7.0.20.1781(0x6700143B) WindowsWechat(0x63090a13) UnifiedPCWindowsWechat(0xf254181d) XWEB/19201 Flue"
14.108.233.28 - - [20/Apr/2026:16:17:48 +0800] "GET /wp-content/uploads/media/qizhou_Brochure.webp HTTP/1.1" 200 26142 "http://cqqizhou.com/media" "Mozilla/5.0 (Windows NT 10.0; Win64; x64) AppleWebKit/537.36 (KHTML, like Gecko) Chrome/132.0.0.0 Safari/537.36 NetType/WIFI MicroMessenger/7.0.20.1781(0x6700143B) WindowsWechat(0x63090a13) UnifiedPCWindowsWechat(0xf254181d) XWEB/19201 Flue"
14.108.233.28 - - [20/Apr/2026:16:17:49 +0800] "POST /wp-admin/admin-ajax.php HTTP/1.1" 403 33 "http://cqqizhou.com/media" "Mozilla/5.0 (Windows NT 10.0; Win64; x64) AppleWebKit/537.36 (KHTML, like Gecko) Chrome/132.0.0.0 Safari/537.36 NetType/WIFI MicroMessenger/7.0.20.1781(0x6700143B) WindowsWechat(0x63090a13) UnifiedPCWindowsWechat(0xf254181d) XWEB/19201 Flue"
14.108.233.28 - - [20/Apr/2026:16:17:56 +0800] "GET /media/2 HTTP/1.1" 200 26018 "http://cqqizhou.com/media" "Mozilla/5.0 (Windows NT 10.0; Win64; x64) AppleWebKit/537.36 (KHTML, like Gecko) Chrome/132.0.0.0 Safari/537.36 NetType/WIFI MicroMessenger/7.0.20.1781(0x6700143B) WindowsWechat(0x63090a13) UnifiedPCWindowsWechat(0xf254181d) XWEB/19201 Flue"
14.108.233.28 - - [20/Apr/2026:16:17:56 +0800] "GET /wp-content/uploads/2026/04/1775195054-1Article_images_W900px-300x169.webp HTTP/1.1" 200 8472 "http://cqqizhou.com/media/2" "Mozilla/5.0 (Windows NT 10.0; Win64; x64) AppleWebKit/537.36 (KHTML, like Gecko) Chrome/132.0.0.0 Safari/537.36 NetType/WIFI MicroMessenger/7.0.20.1781(0x6700143B) WindowsWechat(0x63090a13) UnifiedPCWindowsWechat(0xf254181d) XWEB/19201 Flue"
14.108.233.28 - - [20/Apr/2026:16:17:56 +0800] "GET /wp-content/uploads/2025/07/1751864664-Logistics800x500_1-300x188.webp HTTP/1.1" 200 18996 "http://cqqizhou.com/media/2" "Mozilla/5.0 (Windows NT 10.0; Win64; x64) AppleWebKit/537.36 (KHTML, like Gecko) Chrome/132.0.0.0 Safari/537.36 NetType/WIFI MicroMessenger/7.0.20.1781(0x6700143B) WindowsWechat(0x63090a13) UnifiedPCWindowsWechat(0xf254181d) XWEB/19201 Flue"
14.108.233.28 - - [20/Apr/2026:16:17:56 +0800] "GET /wp-content/uploads/2026/03/1773722869-1Article_images_W900px-300x169.webp HTTP/1.1" 200 8634 "http://cqqizhou.com/media/2" "Mozilla/5.0 (Windows NT 10.0; Win64; x64) AppleWebKit/537.36 (KHTML, like Gecko) Chrome/132.0.0.0 Safari/537.36 NetType/WIFI MicroMessenger/7.0.20.1781(0x6700143B) WindowsWechat(0x63090a13) UnifiedPCWindowsWechat(0xf254181d) XWEB/19201 Flue"
94.26.106.90 - - [20/Apr/2026:16:18:00 +0800] "POST /wp-login.php HTTP/1.1" 200 3001 "http://cqqizhou.com/wp-login.php" "Mozilla/5.0 (Macintosh; Intel Mac OS X 10_15_7) AppleWebKit/605.1.15 (KHTML, like Gecko) Version/17.0 Safari/605.1.15"
14.108.233.28 - - [20/Apr/2026:16:18:00 +0800] "GET /media/3 HTTP/1.1" 200 26159 "http://cqqizhou.com/media/2" "Mozilla/5.0 (Windows NT 10.0; Win64; x64) AppleWebKit/537.36 (KHTML, like Gecko) Chrome/132.0.0.0 Safari/537.36 NetType/WIFI MicroMessenger/7.0.20.1781(0x6700143B) WindowsWechat(0x63090a13) UnifiedPCWindowsWechat(0xf254181d) XWEB/19201 Flue"
14.108.233.28 - - [20/Apr/2026:16:18:00 +0800] "GET /wp-content/uploads/2026/03/1772713922-Article_images_W900px-300x167.webp HTTP/1.1" 200 10326 "http://cqqizhou.com/media/3" "Mozilla/5.0 (Windows NT 10.0; Win64; x64) AppleWebKit/537.36 (KHTML, like Gecko) Chrome/132.0.0.0 Safari/537.36 NetType/WIFI MicroMessenger/7.0.20.1781(0x6700143B) WindowsWechat(0x63090a13) UnifiedPCWindowsWechat(0xf254181d) XWEB/19201 Flue"
14.108.233.28 - - [20/Apr/2026:16:18:00 +0800] "GET /wp-content/uploads/2026/03/1772790791-%E5%B0%81%E9%9D%A2%E5%A4%B4%E5%9B%BEArticle_images_W900%C3%97500px2026-300x167.webp HTTP/1.1" 200 14144 "http://cqqizhou.com/media/3" "Mozilla/5.0 (Windows NT 10.0; Win64; x64) AppleWebKit/537.36 (KHTML, like Gecko) Chrome/132.0.0.0 Safari/537.36 NetType/WIFI MicroMessenger/7.0.20.1781(0x6700143B) WindowsWechat(0x63090a13) UnifiedPCWindowsWechat(0xf254181d) XWEB/19201 Flue"
14.108.233.28 - - [20/Apr/2026:16:18:00 +0800] "GET /wp-content/uploads/2026/02/1772086672-%E5%BC%80%E5%B7%A5%E5%A4%A7%E5%90%89%E5%B0%81%E9%9D%A2%E5%A4%B4%E5%9B%BEArticle_images_W900%C3%97500px-300x167.webp HTTP/1.1" 200 21246 "http://cqqizhou.com/media/3" "Mozilla/5.0 (Windows NT 10.0; Win64; x64) AppleWebKit/537.36 (KHTML, like Gecko) Chrome/132.0.0.0 Safari/537.36 NetType/WIFI MicroMessenger/7.0.20.1781(0x6700143B) WindowsWechat(0x63090a13) UnifiedPCWindowsWechat(0xf254181d) XWEB/19201 Flue"
14.108.233.28 - - [20/Apr/2026:16:18:06 +0800] "GET /media/4 HTTP/1.1" 200 26171 "http://cqqizhou.com/media/3" "Mozilla/5.0 (Windows NT 10.0; Win64; x64) AppleWebKit/537.36 (KHTML, like Gecko) Chrome/132.0.0.0 Safari/537.36 NetType/WIFI MicroMessenger/7.0.20.1781(0x6700143B) WindowsWechat(0x63090a13) UnifiedPCWindowsWechat(0xf254181d) XWEB/19201 Flue"
14.108.233.28 - - [20/Apr/2026:16:18:06 +0800] "GET /wp-content/uploads/2025/07/1753454299-Article_images_W900px-300x169.webp HTTP/1.1" 200 15072 "http://cqqizhou.com/media/4" "Mozilla/5.0 (Windows NT 10.0; Win64; x64) AppleWebKit/537.36 (KHTML, like Gecko) Chrome/132.0.0.0 Safari/537.36 NetType/WIFI MicroMessenger/7.0.20.1781(0x6700143B) WindowsWechat(0x63090a13) UnifiedPCWindowsWechat(0xf254181d) XWEB/19201 Flue"
14.108.233.28 - - [20/Apr/2026:16:18:06 +0800] "GET /wp-content/uploads/2026/02/1770341652-2026251Article_images_W900%C3%97500px-300x167.webp HTTP/1.1" 200 11374 "http://cqqizhou.com/media/4" "Mozilla/5.0 (Windows NT 10.0; Win64; x64) AppleWebKit/537.36 (KHTML, like Gecko) Chrome/132.0.0.0 Safari/537.36 NetType/WIFI MicroMessenger/7.0.20.1781(0x6700143B) WindowsWechat(0x63090a13) UnifiedPCWindowsWechat(0xf254181d) XWEB/19201 Flue"
14.108.233.28 - - [20/Apr/2026:16:18:06 +0800] "GET /wp-content/uploads/2026/02/1770617354-Article_images_W900px-300x187.webp HTTP/1.1" 200 5306 "http://cqqizhou.com/media/4" "Mozilla/5.0 (Windows NT 10.0; Win64; x64) AppleWebKit/537.36 (KHTML, like Gecko) Chrome/132.0.0.0 Safari/537.36 NetType/WIFI MicroMessenger/7.0.20.1781(0x6700143B) WindowsWechat(0x63090a13) UnifiedPCWindowsWechat(0xf254181d) XWEB/19201 Flue"
36.133.115.36 - - [20/Apr/2026:16:18:21 +0800] "POST /wp-cron.php?doing_wp_cron=1776673101.5030040740966796875000 HTTP/1.1" 200 31 "-" "WordPress/6.9; http://cqqizhou.com"
14.108.233.28 - - [20/Apr/2026:16:18:21 +0800] "GET /news/2502 HTTP/1.1" 200 24613 "http://cqqizhou.com/media/4" "Mozilla/5.0 (Windows NT 10.0; Win64; x64) AppleWebKit/537.36 (KHTML, like Gecko) Chrome/132.0.0.0 Safari/537.36 NetType/WIFI MicroMessenger/7.0.20.1781(0x6700143B) WindowsWechat(0x63090a13) UnifiedPCWindowsWechat(0xf254181d) XWEB/19201 Flue"
14.108.233.28 - - [20/Apr/2026:16:18:21 +0800] "GET /wp-content/uploads/2025/07/1753454299-Article_images_W900px.webp HTTP/1.1" 200 52418 "http://cqqizhou.com/news/2502" "Mozilla/5.0 (Windows NT 10.0; Win64; x64) AppleWebKit/537.36 (KHTML, like Gecko) Chrome/132.0.0.0 Safari/537.36 NetType/WIFI MicroMessenger/7.0.20.1781(0x6700143B) WindowsWechat(0x63090a13) UnifiedPCWindowsWechat(0xf254181d) XWEB/19201 Flue"
94.26.106.90 - - [20/Apr/2026:16:18:25 +0800] "POST /wp-login.php HTTP/1.1" 200 3001 "http://cqqizhou.com/wp-login.php" "Mozilla/5.0 (X11; Linux x86_64) AppleWebKit/537.36 (KHTML, like Gecko) Chrome/121.0.0.0 Safari/537.36"
14.108.233.28 - - [20/Apr/2026:16:18:37 +0800] "GET /news HTTP/1.1" 200 20091 "http://cqqizhou.com/news/2502" "Mozilla/5.0 (Windows NT 10.0; Win64; x64) AppleWebKit/537.36 (KHTML, like Gecko) Chrome/132.0.0.0 Safari/537.36 NetType/WIFI MicroMessenger/7.0.20.1781(0x6700143B) WindowsWechat(0x63090a13) UnifiedPCWindowsWechat(0xf254181d) XWEB/19201 Flue"
14.108.233.28 - - [20/Apr/2026:16:18:37 +0800] "GET /wp-content/uploads/2026/04/1775698332-Article_images_W900px.webp HTTP/1.1" 200 49852 "http://cqqizhou.com/news" "Mozilla/5.0 (Windows NT 10.0; Win64; x64) AppleWebKit/537.36 (KHTML, like Gecko) Chrome/132.0.0.0 Safari/537.36 NetType/WIFI MicroMessenger/7.0.20.1781(0x6700143B) WindowsWechat(0x63090a13) UnifiedPCWindowsWechat(0xf254181d) XWEB/19201 Flue"
14.108.233.28 - - [20/Apr/2026:16:18:37 +0800] "GET /wp-content/uploads/2026/02/1769999241-4.2%E7%B1%B3%E9%AB%98%E6%A0%8F%E8%B4%A7%E8%BD%A6.webp HTTP/1.1" 200 54794 "http://cqqizhou.com/news" "Mozilla/5.0 (Windows NT 10.0; Win64; x64) AppleWebKit/537.36 (KHTML, like Gecko) Chrome/132.0.0.0 Safari/537.36 NetType/WIFI MicroMessenger/7.0.20.1781(0x6700143B) WindowsWechat(0x63090a13) UnifiedPCWindowsWechat(0xf254181d) XWEB/19201 Flue"
14.108.233.28 - - [20/Apr/2026:16:18:37 +0800] "GET /wp-content/uploads/2026/04/1775195054-1Article_images_W900px.webp HTTP/1.1" 200 25562 "http://cqqizhou.com/news" "Mozilla/5.0 (Windows NT 10.0; Win64; x64) AppleWebKit/537.36 (KHTML, like Gecko) Chrome/132.0.0.0 Safari/537.36 NetType/WIFI MicroMessenger/7.0.20.1781(0x6700143B) WindowsWechat(0x63090a13) UnifiedPCWindowsWechat(0xf254181d) XWEB/19201 Flue"
14.108.233.28 - - [20/Apr/2026:16:18:37 +0800] "GET /wp-content/uploads/2026/03/1772790791-%E5%B0%81%E9%9D%A2%E5%A4%B4%E5%9B%BEArticle_images_W900%C3%97500px2026.webp HTTP/1.1" 200 52968 "http://cqqizhou.com/news" "Mozilla/5.0 (Windows NT 10.0; Win64; x64) AppleWebKit/537.36 (KHTML, like Gecko) Chrome/132.0.0.0 Safari/537.36 NetType/WIFI MicroMessenger/7.0.20.1781(0x6700143B) WindowsWechat(0x63090a13) UnifiedPCWindowsWechat(0xf254181d) XWEB/19201 Flue"
14.108.233.28 - - [20/Apr/2026:16:18:37 +0800] "GET /wp-content/uploads/2026/03/1772713922-Article_images_W900px.webp HTTP/1.1" 200 41304 "http://cqqizhou.com/news" "Mozilla/5.0 (Windows NT 10.0; Win64; x64) AppleWebKit/537.36 (KHTML, like Gecko) Chrome/132.0.0.0 Safari/537.36 NetType/WIFI MicroMessenger/7.0.20.1781(0x6700143B) WindowsWechat(0x63090a13) UnifiedPCWindowsWechat(0xf254181d) XWEB/19201 Flue"
14.108.233.28 - - [20/Apr/2026:16:18:54 +0800] "GET /news/page/2 HTTP/1.1" 200 26015 "http://cqqizhou.com/news" "Mozilla/5.0 (Windows NT 10.0; Win64; x64) AppleWebKit/537.36 (KHTML, like Gecko) Chrome/132.0.0.0 Safari/537.36 NetType/WIFI MicroMessenger/7.0.20.1781(0x6700143B) WindowsWechat(0x63090a13) UnifiedPCWindowsWechat(0xf254181d) XWEB/19201 Flue"
14.108.233.28 - - [20/Apr/2026:16:18:54 +0800] "GET /wp-content/uploads/2026/02/1770617354-Article_images_W900px.webp HTTP/1.1" 200 13634 "http://cqqizhou.com/news/page/2" "Mozilla/5.0 (Windows NT 10.0; Win64; x64) AppleWebKit/537.36 (KHTML, like Gecko) Chrome/132.0.0.0 Safari/537.36 NetType/WIFI MicroMessenger/7.0.20.1781(0x6700143B) WindowsWechat(0x63090a13) UnifiedPCWindowsWechat(0xf254181d) XWEB/19201 Flue"
14.108.233.28 - - [20/Apr/2026:16:18:54 +0800] "GET /wp-content/uploads/2026/02/1770341652-2026251Article_images_W900%C3%97500px.webp HTTP/1.1" 200 43300 "http://cqqizhou.com/news/page/2" "Mozilla/5.0 (Windows NT 10.0; Win64; x64) AppleWebKit/537.36 (KHTML, like Gecko) Chrome/132.0.0.0 Safari/537.36 NetType/WIFI MicroMessenger/7.0.20.1781(0x6700143B) WindowsWechat(0x63090a13) UnifiedPCWindowsWechat(0xf254181d) XWEB/19201 Flue"
14.108.233.28 - - [20/Apr/2026:16:18:54 +0800] "GET /wp-content/uploads/2026/02/1770617948-Article_images_W900%C3%97500px.webp HTTP/1.1" 200 38890 "http://cqqizhou.com/news/page/2" "Mozilla/5.0 (Windows NT 10.0; Win64; x64) AppleWebKit/537.36 (KHTML, like Gecko) Chrome/132.0.0.0 Safari/537.36 NetType/WIFI MicroMessenger/7.0.20.1781(0x6700143B) WindowsWechat(0x63090a13) UnifiedPCWindowsWechat(0xf254181d) XWEB/19201 Flue"
14.108.233.28 - - [20/Apr/2026:16:18:54 +0800] "GET /wp-content/uploads/2026/01/1770349139-202624Article_images_W900%C3%97500px20260-.webp HTTP/1.1" 200 58006 "http://cqqizhou.com/news/page/2" "Mozilla/5.0 (Windows NT 10.0; Win64; x64) AppleWebKit/537.36 (KHTML, like Gecko) Chrome/132.0.0.0 Safari/537.36 NetType/WIFI MicroMessenger/7.0.20.1781(0x6700143B) WindowsWechat(0x63090a13) UnifiedPCWindowsWechat(0xf254181d) XWEB/19201 Flue"
14.108.233.28 - - [20/Apr/2026:16:18:54 +0800] "GET /wp-content/uploads/2026/01/1769511379-Article_images_W900%C3%97500px202601271.webp HTTP/1.1" 200 67912 "http://cqqizhou.com/news/page/2" "Mozilla/5.0 (Windows NT 10.0; Win64; x64) AppleWebKit/537.36 (KHTML, like Gecko) Chrome/132.0.0.0 Safari/537.36 NetType/WIFI MicroMessenger/7.0.20.1781(0x6700143B) WindowsWechat(0x63090a13) UnifiedPCWindowsWechat(0xf254181d) XWEB/19201 Flue"
14.108.233.28 - - [20/Apr/2026:16:18:54 +0800] "GET /wp-content/uploads/2026/01/1768527483-Article_images_W900%C3%97500px202601161.webp HTTP/1.1" 200 33780 "http://cqqizhou.com/news/page/2" "Mozilla/5.0 (Windows NT 10.0; Win64; x64) AppleWebKit/537.36 (KHTML, like Gecko) Chrome/132.0.0.0 Safari/537.36 NetType/WIFI MicroMessenger/7.0.20.1781(0x6700143B) WindowsWechat(0x63090a13) UnifiedPCWindowsWechat(0xf254181d) XWEB/19201 Flue"
14.108.233.28 - - [20/Apr/2026:16:18:54 +0800] "GET /wp-content/uploads/2026/01/1767691466-Article_images_W900%C3%97500px202601061.webp HTTP/1.1" 200 56014 "http://cqqizhou.com/news/page/2" "Mozilla/5.0 (Windows NT 10.0; Win64; x64) AppleWebKit/537.36 (KHTML, like Gecko) Chrome/132.0.0.0 Safari/537.36 NetType/WIFI MicroMessenger/7.0.20.1781(0x6700143B) WindowsWechat(0x63090a13) UnifiedPCWindowsWechat(0xf254181d) XWEB/19201 Flue"
14.108.233.28 - - [20/Apr/2026:16:18:54 +0800] "GET /wp-content/uploads/revslider/slider-1/1750861156-logistics_Slider_3840%C3%972160_20250625191356-scaled-2048x1152.webp HTTP/1.1" 200 121796 "http://cqqizhou.com/news/page/2" "Mozilla/5.0 (Windows NT 10.0; Win64; x64) AppleWebKit/537.36 (KHTML, like Gecko) Chrome/132.0.0.0 Safari/537.36 NetType/WIFI MicroMessenger/7.0.20.1781(0x6700143B) WindowsWechat(0x63090a13) UnifiedPCWindowsWechat(0xf254181d) XWEB/19201 Flue"
14.108.233.28 - - [20/Apr/2026:16:18:54 +0800] "GET /wp-content/uploads/2025/12/1766647832-Article_images_W900%C3%97500px20251225.webp HTTP/1.1" 200 44582 "http://cqqizhou.com/news/page/2" "Mozilla/5.0 (Windows NT 10.0; Win64; x64) AppleWebKit/537.36 (KHTML, like Gecko) Chrome/132.0.0.0 Safari/537.36 NetType/WIFI MicroMessenger/7.0.20.1781(0x6700143B) WindowsWechat(0x63090a13) UnifiedPCWindowsWechat(0xf254181d) XWEB/19201 Flue"
14.108.233.28 - - [20/Apr/2026:16:18:54 +0800] "GET /wp-content/uploads/2025/12/1766064629-Article_images_20251218212623.webp HTTP/1.1" 200 20366 "http://cqqizhou.com/news/page/2" "Mozilla/5.0 (Windows NT 10.0; Win64; x64) AppleWebKit/537.36 (KHTML, like Gecko) Chrome/132.0.0.0 Safari/537.36 NetType/WIFI MicroMessenger/7.0.20.1781(0x6700143B) WindowsWechat(0x63090a13) UnifiedPCWindowsWechat(0xf254181d) XWEB/19201 Flue"
14.108.233.28 - - [20/Apr/2026:16:18:54 +0800] "GET /work-safety HTTP/1.1" 200 24426 "http://cqqizhou.com/news/page/2" "Mozilla/5.0 (Windows NT 10.0; Win64; x64) AppleWebKit/537.36 (KHTML, like Gecko) Chrome/132.0.0.0 Safari/537.36 NetType/WIFI MicroMessenger/7.0.20.1781(0x6700143B) WindowsWechat(0x63090a13) UnifiedPCWindowsWechat(0xf254181d) XWEB/19201 Flue"
14.108.233.28 - - [20/Apr/2026:16:18:54 +0800] "POST /wp-admin/admin-ajax.php HTTP/1.1" 499 0 "http://cqqizhou.com/news/page/2" "Mozilla/5.0 (Windows NT 10.0; Win64; x64) AppleWebKit/537.36 (KHTML, like Gecko) Chrome/132.0.0.0 Safari/537.36 NetType/WIFI MicroMessenger/7.0.20.1781(0x6700143B) WindowsWechat(0x63090a13) UnifiedPCWindowsWechat(0xf254181d) XWEB/19201 Flue"
14.108.233.28 - - [20/Apr/2026:16:18:55 +0800] "GET /wp-content/uploads/2025/12/1766388806-Article_images_202507243.webp HTTP/1.1" 200 38224 "http://cqqizhou.com/work-safety" "Mozilla/5.0 (Windows NT 10.0; Win64; x64) AppleWebKit/537.36 (KHTML, like Gecko) Chrome/132.0.0.0 Safari/537.36 NetType/WIFI MicroMessenger/7.0.20.1781(0x6700143B) WindowsWechat(0x63090a13) UnifiedPCWindowsWechat(0xf254181d) XWEB/19201 Flue"
94.26.106.90 - - [20/Apr/2026:16:19:06 +0800] "POST /wp-login.php HTTP/1.1" 200 2967 "http://cqqizhou.com/wp-login.php" "Mozilla/5.0 (Macintosh; Intel Mac OS X 10_15_7) AppleWebKit/537.36 (KHTML, like Gecko) Chrome/120.0.0.0 Safari/537.36"
14.108.233.28 - - [20/Apr/2026:16:19:27 +0800] "GET /news/2496 HTTP/1.1" 200 27969 "http://cqqizhou.com/news/page/2" "Mozilla/5.0 (Windows NT 10.0; Win64; x64) AppleWebKit/537.36 (KHTML, like Gecko) Chrome/132.0.0.0 Safari/537.36 NetType/WIFI MicroMessenger/7.0.20.1781(0x6700143B) WindowsWechat(0x63090a13) UnifiedPCWindowsWechat(0xf254181d) XWEB/19201 Flue"
36.133.115.36 - - [20/Apr/2026:16:19:28 +0800] "POST /wp-cron.php?doing_wp_cron=1776673168.8015060424804687500000 HTTP/1.1" 200 31 "-" "WordPress/6.9; http://cqqizhou.com"
14.108.233.28 - - [20/Apr/2026:16:19:28 +0800] "POST /wp-admin/admin-ajax.php HTTP/1.1" 403 33 "http://cqqizhou.com/news/2496" "Mozilla/5.0 (Windows NT 10.0; Win64; x64) AppleWebKit/537.36 (KHTML, like Gecko) Chrome/132.0.0.0 Safari/537.36 NetType/WIFI MicroMessenger/7.0.20.1781(0x6700143B) WindowsWechat(0x63090a13) UnifiedPCWindowsWechat(0xf254181d) XWEB/19201 Flue"
94.26.106.90 - - [20/Apr/2026:16:19:30 +0800] "POST /wp-login.php HTTP/1.1" 200 3052 "http://cqqizhou.com/wp-login.php" "Mozilla/5.0 (Windows NT 10.0; Win64; x64; rv:119.0) Gecko/20100101 Firefox/119.0"
14.108.233.28 - - [20/Apr/2026:16:19:45 +0800] "GET /news/2464 HTTP/1.1" 200 23552 "http://cqqizhou.com/news/page/2" "Mozilla/5.0 (Windows NT 10.0; Win64; x64) AppleWebKit/537.36 (KHTML, like Gecko) Chrome/132.0.0.0 Safari/537.36 NetType/WIFI MicroMessenger/7.0.20.1781(0x6700143B) WindowsWechat(0x63090a13) UnifiedPCWindowsWechat(0xf254181d) XWEB/19201 Flue"
14.108.233.28 - - [20/Apr/2026:16:19:45 +0800] "GET /wp-content/uploads/2026/01/1769513871-Article_images_W900%C3%97500px202601273.webp HTTP/1.1" 200 61532 "http://cqqizhou.com/news/2464" "Mozilla/5.0 (Windows NT 10.0; Win64; x64) AppleWebKit/537.36 (KHTML, like Gecko) Chrome/132.0.0.0 Safari/537.36 NetType/WIFI MicroMessenger/7.0.20.1781(0x6700143B) WindowsWechat(0x63090a13) UnifiedPCWindowsWechat(0xf254181d) XWEB/19201 Flue"
14.108.233.28 - - [20/Apr/2026:16:19:46 +0800] "POST /wp-admin/admin-ajax.php HTTP/1.1" 403 33 "http://cqqizhou.com/news/2464" "Mozilla/5.0 (Windows NT 10.0; Win64; x64) AppleWebKit/537.36 (KHTML, like Gecko) Chrome/132.0.0.0 Safari/537.36 NetType/WIFI MicroMessenger/7.0.20.1781(0x6700143B) WindowsWechat(0x63090a13) UnifiedPCWindowsWechat(0xf254181d) XWEB/19201 Flue"
14.108.233.28 - - [20/Apr/2026:16:19:57 +0800] "POST /wp-admin/admin-ajax.php HTTP/1.1" 403 33 "http://cqqizhou.com/news/2464" "Mozilla/5.0 (Windows NT 10.0; Win64; x64) AppleWebKit/537.36 (KHTML, like Gecko) Chrome/132.0.0.0 Safari/537.36 NetType/WIFI MicroMessenger/7.0.20.1781(0x6700143B) WindowsWechat(0x63090a13) UnifiedPCWindowsWechat(0xf254181d) XWEB/19201 Flue"
94.26.106.90 - - [20/Apr/2026:16:20:03 +0800] "POST /wp-login.php HTTP/1.1" 200 3062 "http://cqqizhou.com/wp-login.php" "Mozilla/5.0 (Macintosh; Intel Mac OS X 10_15_7) AppleWebKit/537.36 (KHTML, like Gecko) Chrome/119.0.0.0 Safari/537.36"
36.133.115.36 - - [20/Apr/2026:16:20:47 +0800] "POST /wp-cron.php?doing_wp_cron=1776673247.5757820606231689453125 HTTP/1.1" 200 31 "-" "WordPress/6.9; http://cqqizhou.com"
94.26.106.90 - - [20/Apr/2026:16:20:47 +0800] "POST /wp-login.php HTTP/1.1" 200 3053 "http://cqqizhou.com/wp-login.php" "Mozilla/5.0 (X11; Linux x86_64) AppleWebKit/537.36 (KHTML, like Gecko) Chrome/120.0.0.0 Safari/537.36"
36.133.115.36 - - [20/Apr/2026:16:21:39 +0800] "POST /wp-cron.php?doing_wp_cron=1776673299.2241148948669433593750 HTTP/1.1" 200 31 "-" "WordPress/6.9; http://cqqizhou.com"
94.26.106.90 - - [20/Apr/2026:16:21:39 +0800] "POST /wp-login.php HTTP/1.1" 200 3057 "http://cqqizhou.com/wp-login.php" "Mozilla/5.0 (Macintosh; Intel Mac OS X 10_15_7) AppleWebKit/537.36 (KHTML, like Gecko) Chrome/120.0.0.0 Safari/537.36"
36.133.115.36 - - [20/Apr/2026:16:22:39 +0800] "POST /wp-cron.php?doing_wp_cron=1776673358.9653830528259277343750 HTTP/1.1" 200 31 "-" "WordPress/6.9; http://cqqizhou.com"
94.26.106.90 - - [20/Apr/2026:16:22:39 +0800] "POST /wp-login.php HTTP/1.1" 200 2967 "http://cqqizhou.com/wp-login.php" "Mozilla/5.0 (Macintosh; Intel Mac OS X 13_6_1) AppleWebKit/537.36 (KHTML, like Gecko) Chrome/119.0.0.0 Safari/537.36"
36.133.115.36 - - [20/Apr/2026:16:23:27 +0800] "POST /wp-cron.php?doing_wp_cron=1776673407.7079749107360839843750 HTTP/1.1" 200 31 "-" "WordPress/6.9; http://cqqizhou.com"
