155.94.163.219 - - [14/Apr/2026:01:31:41 +0800] "POST /wp-login.php HTTP/1.1" 200 2987 "http://cqqizhou.com/wp-login.php" "Mozilla/5.0 (Windows NT 11.0; Win64; x64) AppleWebKit/537.36 (KHTML, like Gecko) Chrome/121.0.0.0 Safari/537.36"
36.133.115.36 - - [14/Apr/2026:01:34:45 +0800] "POST /wp-cron.php?doing_wp_cron=1776101685.2656140327453613281250 HTTP/1.1" 200 31 "-" "WordPress/6.9; http://cqqizhou.com"
115.159.33.43 - - [14/Apr/2026:01:34:45 +0800] "GET / HTTP/1.1" 301 5 "-" "Mozilla/5.0 (Windows NT 10.0; Win64; x64) AppleWebKit/537.36 (KHTML, like Gecko) Chrome/79.0.3945.117 Safari/537.36"
195.140.214.25 - - [14/Apr/2026:01:38:16 +0800] "GET / HTTP/1.1" 499 0 "-" "Mozilla/5.0 (compatible; Infrawatch/1.0; +https://infrawat.ch/)"
36.133.115.36 - - [14/Apr/2026:01:38:17 +0800] "POST /wp-cron.php?doing_wp_cron=1776101897.4489519596099853515625 HTTP/1.1" 200 31 "-" "WordPress/6.9; http://cqqizhou.com"
36.133.115.36 - - [14/Apr/2026:01:43:06 +0800] "POST /wp-cron.php?doing_wp_cron=1776102186.8483130931854248046875 HTTP/1.1" 200 31 "-" "WordPress/6.9; http://cqqizhou.com"
157.148.43.89 - - [14/Apr/2026:01:43:06 +0800] "GET /news/2527 HTTP/1.1" 200 21195 "-" "Mozilla/5.0 (Windows NT 10.0; Win64; x64) AppleWebKit/537.36 (KHTML, like Gecko) Chrome/131.0.0.0 Safari/537.36"
36.133.115.36 - - [14/Apr/2026:01:46:19 +0800] "POST /wp-cron.php?doing_wp_cron=1776102379.5199370384216308593750 HTTP/1.1" 200 31 "-" "WordPress/6.9; http://cqqizhou.com"
34.162.229.3 - - [14/Apr/2026:01:46:19 +0800] "HEAD /backup/ HTTP/1.1" 404 0 "-" "Mozilla/5.0 (Linux; Android 13; Infinix X688B) AppleWebKit/537.36 (KHTML, like Gecko) Chrome/124.0.6367.48 Mobile Safari/537.36"
34.162.229.3 - - [14/Apr/2026:01:46:20 +0800] "HEAD /new/ HTTP/1.1" 301 0 "-" "Mozilla/5.0 (Macintosh; Intel Mac OS X 15_0) AppleWebKit/537.36 (KHTML, like Gecko) Chrome/125.0.6422.141 Safari/537.36"
34.162.229.3 - - [14/Apr/2026:01:46:20 +0800] "HEAD /news HTTP/1.1" 200 0 "http://cqqizhou.com/new/" "Mozilla/5.0 (Macintosh; Intel Mac OS X 15_0) AppleWebKit/537.36 (KHTML, like Gecko) Chrome/125.0.6422.141 Safari/537.36"
34.162.229.3 - - [14/Apr/2026:01:46:21 +0800] "HEAD / HTTP/1.1" 200 0 "-" "Mozilla/5.0 (iPhone; CPU iPhone OS 16_7 like Mac OS X) AppleWebKit/605.1.15 (KHTML, like Gecko) Version/16.7 Mobile/15E148 Safari/604.1"
34.162.229.3 - - [14/Apr/2026:01:46:22 +0800] "HEAD /wp/ HTTP/1.1" 404 0 "-" "Mozilla/5.0 (Linux; Android 14; Xiaomi 14 Pro) AppleWebKit/537.36 (KHTML, like Gecko) Chrome/126.0.6478.33 Mobile Safari/537.36"
34.162.229.3 - - [14/Apr/2026:01:46:23 +0800] "HEAD /blog/ HTTP/1.1" 404 0 "-" "Mozilla/5.0 (Linux; Android 13; Nokia G42 5G) AppleWebKit/537.36 (KHTML, like Gecko) Chrome/126.0.6478.41 Mobile Safari/537.36"
34.162.229.3 - - [14/Apr/2026:01:46:24 +0800] "HEAD /old/ HTTP/1.1" 404 0 "-" "Mozilla/5.0 (Linux; Android 12; TECNO CK6n) AppleWebKit/537.36 (KHTML, like Gecko) Chrome/125.0.6422.50 Mobile Safari/537.36"
34.162.229.3 - - [14/Apr/2026:01:46:25 +0800] "HEAD /wordpress/ HTTP/1.1" 404 0 "-" "Mozilla/5.0 (Linux; Android 10; vivo 1904) AppleWebKit/537.36 (KHTML, like Gecko) Chrome/117.0.5938.60 Mobile Safari/537.36"
36.133.115.36 - - [14/Apr/2026:01:49:30 +0800] "POST /wp-cron.php?doing_wp_cron=1776102570.5838239192962646484375 HTTP/1.1" 200 31 "-" "WordPress/6.9; http://cqqizhou.com"
14.21.138.251 - - [14/Apr/2026:01:49:30 +0800] "GET /Ly9jcXFpemhvdS5jb20vd3AtY29udGVudC91cGxvYWRzLzIwMjYvMDEvMTc2ODI3NjExOS1xaXpob3VqaWFnb25nX1NsaWRlcl8zODQww5cyMTYwXzIwMjYwMTEzLXNjYWxlZC53ZWJw HTTP/1.1" 404 8947 "-" "Mozilla/5.0 (Windows NT 6.1; Win64; x64) AppleWebKit/537.36 (KHTML, like Gecko) Chrome/78.0.3904.105"
36.133.115.36 - - [14/Apr/2026:02:11:19 +0800] "POST /wp-cron.php?doing_wp_cron=1776103879.3551280498504638671875 HTTP/1.1" 200 31 "-" "WordPress/6.9; http://cqqizhou.com"
220.181.108.103 - - [14/Apr/2026:02:11:19 +0800] "GET /2418/ HTTP/1.1" 301 5 "-" "Mozilla/5.0 (compatible; Baiduspider/2.0; +http://www.baidu.com/search/spider.html)"
220.181.108.84 - - [14/Apr/2026:02:11:19 +0800] "GET /news/2418 HTTP/1.1" 200 27268 "-" "Mozilla/5.0 (compatible; Baiduspider/2.0; +http://www.baidu.com/search/spider.html)"
116.179.32.151 - - [14/Apr/2026:02:11:44 +0800] "GET /2418/ HTTP/1.1" 301 5 "-" "Mozilla/5.0 (compatible; Baiduspider/2.0; +http://www.baidu.com/search/spider.html)"
116.179.32.112 - - [14/Apr/2026:02:11:44 +0800] "GET /news/2418 HTTP/1.1" 200 27268 "-" "Mozilla/5.0 (compatible; Baiduspider/2.0; +http://www.baidu.com/search/spider.html)"
116.179.33.71 - - [14/Apr/2026:02:41:39 +0800] "GET /news/2552 HTTP/1.1" 200 25299 "http://m.baidu.com/s?wd=swungkne" "pc"
116.179.33.143 - - [14/Apr/2026:02:43:06 +0800] "GET /news/2547 HTTP/1.1" 200 20901 "http://m.baidu.com/s?wd=communityrzj" "pc"
36.133.115.36 - - [14/Apr/2026:02:53:12 +0800] "POST /wp-cron.php?doing_wp_cron=1776106392.0169069766998291015625 HTTP/1.1" 200 31 "-" "WordPress/6.9; http://cqqizhou.com"
39.98.78.174 - - [14/Apr/2026:02:53:12 +0800] "GET / HTTP/1.1" 301 5 "-" "Mozilla/5.0 (compatible; MSIE 9.0; Windows NT 6.1; Trident/5.0;"
39.98.78.174 - - [14/Apr/2026:02:53:12 +0800] "GET / HTTP/1.1" 200 35158 "-" "Mozilla/5.0 (compatible; MSIE 9.0; Windows NT 6.1; Trident/5.0;"
36.133.115.36 - - [14/Apr/2026:03:25:54 +0800] "POST /wp-cron.php?doing_wp_cron=1776108354.8626499176025390625000 HTTP/1.1" 200 31 "-" "WordPress/6.9; http://cqqizhou.com"
182.32.250.254 - - [14/Apr/2026:03:25:54 +0800] "GET / HTTP/1.1" 301 5 "-" "Go-http-client/1.1"
182.46.226.92 - - [14/Apr/2026:03:25:55 +0800] "GET / HTTP/1.1" 200 35158 "http://xa5.shaanxi.cn.antiddos.cspt.fullcone.cn" "Go-http-client/1.1"
110.249.202.115 - - [14/Apr/2026:03:34:22 +0800] "GET /wp-content/uploads/2025/07/1753453127-%E4%BD%99%E5%8D%B7product_Single600%C3%97284.webp HTTP/1.1" 200 18744 "http://cqqizhou.com/" "Mozilla/5.0 (Linux; Android 5.0) AppleWebKit/537.36 (KHTML, like Gecko) Mobile Safari/537.36 (compatible; Bytespider; https://zhanzhang.toutiao.com/)"
36.133.115.36 - - [14/Apr/2026:04:08:17 +0800] "POST /wp-cron.php?doing_wp_cron=1776110897.3012599945068359375000 HTTP/1.1" 200 31 "-" "WordPress/6.9; http://cqqizhou.com"
43.138.68.113 - - [14/Apr/2026:04:08:17 +0800] "GET / HTTP/1.1" 200 34726 "-" "Mozilla/5.0 (iPhone; CPU iPhone OS 13_2_3 like Mac OS X) AppleWebKit/605.1.15 (KHTML, like Gecko) Version/13.0.3 Mobile/15E148 Safari/604.1"
36.133.115.36 - - [14/Apr/2026:04:32:58 +0800] "POST /wp-cron.php?doing_wp_cron=1776112378.6139709949493408203125 HTTP/1.1" 200 31 "-" "WordPress/6.9; http://cqqizhou.com"
66.249.74.9 - - [14/Apr/2026:04:32:58 +0800] "GET /robots.txt HTTP/1.1" 200 190 "-" "Mozilla/5.0 (compatible; Googlebot/2.1; +http://www.google.com/bot.html)"
36.133.115.36 - - [14/Apr/2026:04:56:06 +0800] "POST /wp-cron.php?doing_wp_cron=1776113766.3692619800567626953125 HTTP/1.1" 200 31 "-" "WordPress/6.9; http://cqqizhou.com"
142.248.80.163 - - [14/Apr/2026:04:56:06 +0800] "GET / HTTP/1.0" 301 0 "-" "Shodan-Pull/1.0"
157.148.43.4 - - [14/Apr/2026:05:28:43 +0800] "GET /news/2354 HTTP/1.1" 200 24372 "-" "Mozilla/5.0 (Windows NT 10.0; Win64; x64) AppleWebKit/537.36 (KHTML, like Gecko) Chrome/116.0.0.0 Safari/537.36"
36.133.108.121 - - [14/Apr/2026:05:32:51 +0800] "HEAD /phpunit/Util/PHP/eval-stdin.php HTTP/1.1" 404 0 "-" "Opera/9.80 (Windows NT 5.1; U; cs) Presto/2.7.62 Version/11.01"
124.223.43.201 - - [14/Apr/2026:05:44:10 +0800] "GET /wp-content/uploads/2025/07/1750945616-honor300%C3%97206_4.webp HTTP/1.1" 200 33814 "http://cqqizhou.com/" "Mozilla/5.0 (Windows NT 10.0; Win64; x64) AppleWebKit/537.36 (KHTML, like Gecko) Chrome/103.0.0.0 Safari/537.36"
36.133.115.36 - - [14/Apr/2026:05:45:00 +0800] "POST /wp-cron.php?doing_wp_cron=1776116700.0444118976593017578125 HTTP/1.1" 200 31 "-" "WordPress/6.9; http://cqqizhou.com"
43.130.12.43 - - [14/Apr/2026:05:45:00 +0800] "GET / HTTP/1.1" 301 5 "-" "Mozilla/5.0 (iPhone; CPU iPhone OS 13_2_3 like Mac OS X) AppleWebKit/605.1.15 (KHTML, like Gecko) Version/13.0.3 Mobile/15E148 Safari/604.1"
43.130.12.43 - - [14/Apr/2026:05:45:02 +0800] "GET / HTTP/1.1" 200 34726 "http://36.133.115.36" "Mozilla/5.0 (iPhone; CPU iPhone OS 13_2_3 like Mac OS X) AppleWebKit/605.1.15 (KHTML, like Gecko) Version/13.0.3 Mobile/15E148 Safari/604.1"
36.133.115.36 - - [14/Apr/2026:05:46:26 +0800] "POST /wp-cron.php?doing_wp_cron=1776116786.0362689495086669921875 HTTP/1.1" 200 31 "-" "WordPress/6.9; http://cqqizhou.com"
87.121.84.8 - - [14/Apr/2026:05:46:26 +0800] "GET / HTTP/1.1" 200 156922 "-" "-"
36.133.115.36 - - [14/Apr/2026:05:50:13 +0800] "POST /wp-cron.php?doing_wp_cron=1776117013.0820860862731933593750 HTTP/1.1" 200 31 "-" "WordPress/6.9; http://cqqizhou.com"
41.248.161.146 - - [14/Apr/2026:05:50:13 +0800] "GET /.env HTTP/1.1" 404 8948 "-" "Mozilla/5.0 (Macintosh; Intel Mac OS X 10.15; rv:77.0) Gecko/20100101 Firefox/77.0"
36.133.115.36 - - [14/Apr/2026:05:58:10 +0800] "POST /wp-cron.php?doing_wp_cron=1776117490.7422571182250976562500 HTTP/1.1" 200 31 "-" "WordPress/6.9; http://cqqizhou.com"
144.91.79.40 - - [14/Apr/2026:05:58:10 +0800] "GET / HTTP/1.1" 301 5 "-" "Go-http-client/1.1"
144.91.79.40 - - [14/Apr/2026:05:58:11 +0800] "GET / HTTP/1.1" 200 35158 "http://36.133.115.36" "Go-http-client/1.1"
43.130.3.120 - - [14/Apr/2026:05:58:31 +0800] "GET /wp-content/uploads/2026/01/1768276119-qizhoujiagong_Slider_3840 HTTP/1.1" 404 8948 "-" "Mozilla/5.0 (iPhone; CPU iPhone OS 13_2_3 like Mac OS X) AppleWebKit/605.1.15 (KHTML, like Gecko) Version/13.0.3 Mobile/15E148 Safari/604.1"
36.133.115.36 - - [14/Apr/2026:06:11:10 +0800] "POST /wp-cron.php?doing_wp_cron=1776118270.0439550876617431640625 HTTP/1.1" 200 31 "-" "WordPress/6.9; http://cqqizhou.com"
110.249.202.147 - - [14/Apr/2026:06:11:10 +0800] "GET /robots.txt HTTP/1.1" 200 190 "-" "Mozilla/5.0 (Linux; Android 5.0) AppleWebKit/537.36 (KHTML, like Gecko) Mobile Safari/537.36 (compatible; Bytespider; https://zhanzhang.toutiao.com/)"
36.133.115.36 - - [14/Apr/2026:06:13:58 +0800] "POST /wp-cron.php?doing_wp_cron=1776118438.0672490596771240234375 HTTP/1.1" 200 31 "-" "WordPress/6.9; http://cqqizhou.com"
119.84.246.117 - - [14/Apr/2026:06:13:58 +0800] "GET / HTTP/1.1" 301 5 "-" "Mozilla/5.0 (Windows; U; Windows NT 5.2) AppleWebKit/525.13 (KHTML, like Gecko) Version/3.1 Safari/525.13"
119.84.246.117 - - [14/Apr/2026:06:13:59 +0800] "GET / HTTP/1.1" 200 158581 "-" "Mozilla/5.0 (Windows; U; Windows NT 5.2) AppleWebKit/525.13 (KHTML, like Gecko) Version/3.1 Safari/525.13"
119.84.246.117 - - [14/Apr/2026:06:14:00 +0800] "GET / HTTP/1.1" 301 5 "-" "Mozilla/5.0 (Windows; U; Windows NT 6.1; zh_CN) AppleWebKit/534.7 (KHTML, like Gecko) Chrome/18.0 BIDUBrowser/2.6 Safari/534.7"
119.84.246.117 - - [14/Apr/2026:06:14:00 +0800] "GET / HTTP/1.1" 200 158581 "-" "Mozilla/5.0 (Windows; U; Windows NT 6.1; zh_CN) AppleWebKit/534.7 (KHTML, like Gecko) Chrome/18.0 BIDUBrowser/2.6 Safari/534.7"
119.84.246.117 - - [14/Apr/2026:06:14:00 +0800] "GET / HTTP/1.1" 301 5 "-" "Mozilla/5.0 (Windows NT 6.1; WOW64) AppleWebKit/535.11 (KHTML, like Gecko) Chrome/17.0.963.84 Safari/535.11 SE 2.X MetaSr 1.0"
119.84.246.117 - - [14/Apr/2026:06:14:00 +0800] "GET / HTTP/1.1" 200 158581 "-" "Mozilla/5.0 (Windows NT 6.1; WOW64) AppleWebKit/535.11 (KHTML, like Gecko) Chrome/17.0.963.84 Safari/535.11 SE 2.X MetaSr 1.0"
36.133.115.36 - - [14/Apr/2026:06:16:03 +0800] "POST /wp-cron.php?doing_wp_cron=1776118563.3267080783843994140625 HTTP/1.1" 200 31 "-" "WordPress/6.9; http://cqqizhou.com"
36.133.108.119 - - [14/Apr/2026:06:16:03 +0800] "GET / HTTP/1.1" 200 34726 "-" "Scrapy/2.8.0 (+https://scrapy.org)"
51.75.236.140 - - [14/Apr/2026:06:19:42 +0800] "GET /news/2440 HTTP/1.1" 200 25533 "-" "Mozilla/5.0 (compatible; AhrefsBot/7.0; +http://ahrefs.com/robot/)"
36.133.115.36 - - [14/Apr/2026:06:27:45 +0800] "POST /wp-cron.php?doing_wp_cron=1776119265.4804940223693847656250 HTTP/1.1" 200 31 "-" "WordPress/6.9; http://cqqizhou.com"
58.242.134.130 - - [14/Apr/2026:06:27:45 +0800] "GET /contacts/ HTTP/1.1" 301 5 "http://cqqizhou.com/contacts/" "Mozilla/5.0 (Windows NT 10.0; Win64; x64) AppleWebKit/537.36 (KHTML, like Gecko) Chrome/136.0.0.0 Safari/537.36"
58.242.134.130 - - [14/Apr/2026:06:27:50 +0800] "GET http://cqqizhou.com/contacts HTTP/1.1" 200 21618 "http://cqqizhou.com/contacts/" "Mozilla/5.0 (Windows NT 10.0; Win64; x64) AppleWebKit/537.36 (KHTML, like Gecko) Chrome/136.0.0.0 Safari/537.36"
113.101.40.56 - - [14/Apr/2026:06:27:56 +0800] "GET /contacts/ HTTP/1.1" 301 5 "-" "Mozilla/5.0 (Windows NT 10.0; Win64; x64) AppleWebKit/537.36 (KHTML, like Gecko) Chrome/136.0.0.0 Safari/537.36"
45.225.171.8 - - [14/Apr/2026:06:30:13 +0800] "GET /wp-content/uploads/2025/07/1753456723-%E5%8F%8C%E7%9B%B8%E9%92%A2roduct_Single600.webp HTTP/1.1" 200 22790 "-" "Mozilla/5.0 (Windows NT 10.0; Win64; x64) AppleWebKit/537.36 (KHTML, like Gecko) Chrome/143.0.0.0 Safari/537.36 Edg/143.0.0.0"
20.220.62.139 - - [14/Apr/2026:06:41:52 +0800] "GET /wp-content/plugins/hellopress/wp_filemanager.php HTTP/1.1" 404 27 "-" "-"
20.220.62.139 - - [14/Apr/2026:06:41:52 +0800] "GET /rip.php HTTP/1.1" 404 27 "-" "-"
36.133.115.36 - - [14/Apr/2026:06:41:53 +0800] "POST /wp-cron.php?doing_wp_cron=1776120113.3493859767913818359375 HTTP/1.1" 200 31 "-" "WordPress/6.9; http://cqqizhou.com"
20.220.62.139 - - [14/Apr/2026:06:41:53 +0800] "GET /index.php HTTP/1.1" 301 5 "-" "-"
20.220.62.139 - - [14/Apr/2026:06:41:54 +0800] "GET / HTTP/1.1" 200 158581 "-" "-"
20.220.62.139 - - [14/Apr/2026:06:41:54 +0800] "GET /ll.php HTTP/1.1" 404 27 "-" "-"
20.220.62.139 - - [14/Apr/2026:06:41:55 +0800] "GET /hh.php HTTP/1.1" 404 27 "-" "-"
20.220.62.139 - - [14/Apr/2026:06:41:55 +0800] "GET /rt.php HTTP/1.1" 404 27 "-" "-"
20.220.62.139 - - [14/Apr/2026:06:41:56 +0800] "GET /wp-login.php HTTP/1.1" 200 9053 "-" "-"
20.220.62.139 - - [14/Apr/2026:06:41:56 +0800] "GET /ex.php HTTP/1.1" 404 27 "-" "-"
20.220.62.139 - - [14/Apr/2026:06:41:57 +0800] "GET /radio.php HTTP/1.1" 404 27 "-" "-"
20.220.62.139 - - [14/Apr/2026:06:41:57 +0800] "GET /inputs.php HTTP/1.1" 404 27 "-" "-"
20.220.62.139 - - [14/Apr/2026:06:42:02 +0800] "GET /about.php HTTP/1.1" 404 27 "-" "-"
20.220.62.139 - - [14/Apr/2026:06:42:02 +0800] "GET /pages.php HTTP/1.1" 404 27 "-" "-"
20.220.62.139 - - [14/Apr/2026:06:42:02 +0800] "GET /mah.php HTTP/1.1" 404 27 "-" "-"
20.220.62.139 - - [14/Apr/2026:06:42:03 +0800] "GET /lock360.php HTTP/1.1" 404 27 "-" "-"
20.220.62.139 - - [14/Apr/2026:06:42:03 +0800] "GET /wp-includes/functions.php HTTP/1.1" 200 12 "-" "-"
20.220.62.139 - - [14/Apr/2026:06:42:04 +0800] "GET /wp-load.php HTTP/1.1" 200 5 "-" "-"
20.220.62.139 - - [14/Apr/2026:06:42:05 +0800] "GET /wp-config.php HTTP/1.1" 200 5 "-" "-"
20.220.62.139 - - [14/Apr/2026:06:42:06 +0800] "GET /wp-settings.php HTTP/1.1" 500 5 "-" "-"
20.220.62.139 - - [14/Apr/2026:06:42:06 +0800] "GET /error.php HTTP/1.1" 404 27 "-" "-"
114.119.137.2 - - [14/Apr/2026:06:42:07 +0800] "GET /robots.txt HTTP/1.1" 200 190 "-" "Mozilla/5.0 (compatible;PetalBot;+https://webmaster.petalsearch.com/site/petalbot)"
20.220.62.139 - - [14/Apr/2026:06:42:07 +0800] "GET /wp-admin/post.php HTTP/1.1" 302 5 "-" "-"
36.133.115.36 - - [14/Apr/2026:06:42:08 +0800] "POST /wp-cron.php?doing_wp_cron=1776120128.6400709152221679687500 HTTP/1.1" 200 31 "-" "WordPress/6.9; http://cqqizhou.com"
20.220.62.139 - - [14/Apr/2026:06:42:08 +0800] "GET /wp-login.php?redirect_to=http%3A%2F%2Fcqqizhou.com%2Fwp-admin%2Fpost.php&reauth=1 HTTP/1.1" 200 9061 "-" "-"
20.220.62.139 - - [14/Apr/2026:06:42:09 +0800] "GET /wp-links-opml.php HTTP/1.1" 200 208 "-" "-"
20.220.62.139 - - [14/Apr/2026:06:42:09 +0800] "GET /kk.php HTTP/1.1" 404 27 "-" "-"
20.220.62.139 - - [14/Apr/2026:06:42:10 +0800] "GET /wp-admin.php HTTP/1.1" 404 27 "-" "-"
20.220.62.139 - - [14/Apr/2026:06:42:10 +0800] "GET /66.php?p= HTTP/1.1" 404 27 "-" "-"
20.220.62.139 - - [14/Apr/2026:06:42:10 +0800] "GET /test1.php HTTP/1.1" 404 27 "-" "-"
20.220.62.139 - - [14/Apr/2026:06:42:11 +0800] "GET /wp-content/index.php HTTP/1.1" 200 5 "-" "-"
20.220.62.139 - - [14/Apr/2026:06:42:12 +0800] "GET /wp-signup.php? HTTP/1.1" 302 5 "-" "-"
20.220.62.139 - - [14/Apr/2026:06:42:12 +0800] "GET /wp-login.php?action=register HTTP/1.1" 302 5 "-" "-"
20.220.62.139 - - [14/Apr/2026:06:42:13 +0800] "GET /wp-login.php?registration=disabled HTTP/1.1" 200 9234 "-" "-"
20.220.62.139 - - [14/Apr/2026:06:42:14 +0800] "GET /ty.php?act=upload HTTP/1.1" 404 27 "-" "-"
20.220.62.139 - - [14/Apr/2026:06:42:14 +0800] "GET /%E2%80%89goods.php HTTP/1.1" 404 27 "-" "-"
20.220.62.139 - - [14/Apr/2026:06:42:14 +0800] "GET /aa.php HTTP/1.1" 404 27 "-" "-"
20.220.62.139 - - [14/Apr/2026:06:42:14 +0800] "GET /index/chosen.php HTTP/1.1" 404 27 "-" "-"
20.220.62.139 - - [14/Apr/2026:06:42:15 +0800] "GET /about/chosen.php HTTP/1.1" 404 27 "-" "-"
20.220.62.139 - - [14/Apr/2026:06:42:15 +0800] "GET /as/chosen.php HTTP/1.1" 404 27 "-" "-"
20.220.62.139 - - [14/Apr/2026:06:42:16 +0800] "GET /file/chosen.php HTTP/1.1" 404 27 "-" "-"
20.220.62.139 - - [14/Apr/2026:06:42:16 +0800] "GET /chosen/chosen.php HTTP/1.1" 404 27 "-" "-"
20.220.62.139 - - [14/Apr/2026:06:42:16 +0800] "GET /css/chosen.php HTTP/1.1" 404 27 "-" "-"
20.220.62.139 - - [14/Apr/2026:06:42:16 +0800] "GET /alfa.php HTTP/1.1" 404 27 "-" "-"
20.220.62.139 - - [14/Apr/2026:06:42:17 +0800] "GET /admin.php HTTP/1.1" 404 27 "-" "-"
20.220.62.139 - - [14/Apr/2026:06:42:17 +0800] "GET /66.php HTTP/1.1" 404 27 "-" "-"
20.220.62.139 - - [14/Apr/2026:06:42:17 +0800] "GET /css.php HTTP/1.1" 404 27 "-" "-"
20.220.62.139 - - [14/Apr/2026:06:42:17 +0800] "GET /init.php HTTP/1.1" 404 27 "-" "-"
20.220.62.139 - - [14/Apr/2026:06:42:18 +0800] "GET /byp.php HTTP/1.1" 404 27 "-" "-"
20.220.62.139 - - [14/Apr/2026:06:42:19 +0800] "GET /wp-admin/chosen.php HTTP/1.1" 404 27 "-" "-"
20.220.62.139 - - [14/Apr/2026:06:42:20 +0800] "GET /wp-mail.php/wp-includes/admin.php HTTP/1.1" 403 2517 "-" "-"
20.220.62.139 - - [14/Apr/2026:06:42:20 +0800] "GET /bootstrap.php HTTP/1.1" 404 27 "-" "-"
20.220.62.139 - - [14/Apr/2026:06:42:21 +0800] "GET /config-backup.php HTTP/1.1" 404 27 "-" "-"
20.220.62.139 - - [14/Apr/2026:06:42:21 +0800] "GET /info.php HTTP/1.1" 200 29 "-" "-"
20.220.62.139 - - [14/Apr/2026:06:42:21 +0800] "GET /config.php HTTP/1.1" 404 27 "-" "-"
20.220.62.139 - - [14/Apr/2026:06:42:22 +0800] "GET /index/function.php HTTP/1.1" 404 27 "-" "-"
20.220.62.139 - - [14/Apr/2026:06:42:22 +0800] "GET /wp-content/plugins/index.php HTTP/1.1" 200 5 "-" "-"
20.220.62.139 - - [14/Apr/2026:06:42:22 +0800] "GET /default.php HTTP/1.1" 404 27 "-" "-"
20.220.62.139 - - [14/Apr/2026:06:42:23 +0800] "GET /wp-admin/network/admin.php HTTP/1.1" 302 5 "-" "-"
20.220.62.139 - - [14/Apr/2026:06:42:24 +0800] "GET /wp-login.php?redirect_to=http%3A%2F%2Fcqqizhou.com%2Fwp-admin%2Fnetwork%2Fadmin.php&reauth=1 HTTP/1.1" 200 9070 "-" "-"
20.220.62.139 - - [14/Apr/2026:06:42:25 +0800] "GET /wp-admin/install.php HTTP/1.1" 200 1259 "-" "-"
20.220.62.139 - - [14/Apr/2026:06:42:25 +0800] "GET /privacy.php HTTP/1.1" 404 27 "-" "-"
20.220.62.139 - - [14/Apr/2026:06:42:25 +0800] "GET /wp-conffg.php HTTP/1.1" 404 27 "-" "-"
20.220.62.139 - - [14/Apr/2026:06:42:25 +0800] "GET /bb.php HTTP/1.1" 404 27 "-" "-"
20.220.62.139 - - [14/Apr/2026:06:42:26 +0800] "GET /lf.php HTTP/1.1" 404 27 "-" "-"
20.220.62.139 - - [14/Apr/2026:06:42:26 +0800] "GET /WSO.php HTTP/1.1" 404 27 "-" "-"
20.220.62.139 - - [14/Apr/2026:06:42:26 +0800] "GET /wp-admin/maint/atomlib.php HTTP/1.1" 404 27 "-" "-"
20.220.62.139 - - [14/Apr/2026:06:42:30 +0800] "GET /xxx.php HTTP/1.1" 404 27 "-" "-"
20.220.62.139 - - [14/Apr/2026:06:42:30 +0800] "GET /hello.php HTTP/1.1" 404 27 "-" "-"
20.220.62.139 - - [14/Apr/2026:06:42:30 +0800] "GET /ok.php HTTP/1.1" 404 27 "-" "-"
20.220.62.139 - - [14/Apr/2026:06:42:31 +0800] "GET /if.php HTTP/1.1" 404 27 "-" "-"
20.220.62.139 - - [14/Apr/2026:06:42:31 +0800] "GET /mrjn.php HTTP/1.1" 404 27 "-" "-"
20.220.62.139 - - [14/Apr/2026:06:42:31 +0800] "GET /kn.php HTTP/1.1" 404 27 "-" "-"
20.220.62.139 - - [14/Apr/2026:06:42:32 +0800] "GET /3301.php HTTP/1.1" 404 27 "-" "-"
20.220.62.139 - - [14/Apr/2026:06:42:32 +0800] "GET /leaf.php HTTP/1.1" 404 27 "-" "-"
20.220.62.139 - - [14/Apr/2026:06:42:32 +0800] "GET /alex.php HTTP/1.1" 404 27 "-" "-"
20.220.62.139 - - [14/Apr/2026:06:42:33 +0800] "GET /mailer.php HTTP/1.1" 404 27 "-" "-"
20.220.62.139 - - [14/Apr/2026:06:42:33 +0800] "GET /anone.php HTTP/1.1" 404 27 "-" "-"
20.220.62.139 - - [14/Apr/2026:06:42:33 +0800] "GET /wp-configer.php HTTP/1.1" 404 27 "-" "-"
20.220.62.139 - - [14/Apr/2026:06:42:34 +0800] "GET /wp-ad.php HTTP/1.1" 404 27 "-" "-"
20.220.62.139 - - [14/Apr/2026:06:42:34 +0800] "GET /send.php HTTP/1.1" 404 27 "-" "-"
20.220.62.139 - - [14/Apr/2026:06:42:34 +0800] "GET /3.php HTTP/1.1" 404 27 "-" "-"
20.220.62.139 - - [14/Apr/2026:06:42:35 +0800] "GET /.wp-cache.php HTTP/1.1" 404 27 "-" "-"
20.220.62.139 - - [14/Apr/2026:06:42:35 +0800] "GET /sendmail.php HTTP/1.1" 404 27 "-" "-"
20.220.62.139 - - [14/Apr/2026:06:42:35 +0800] "GET /rahma.php HTTP/1.1" 404 27 "-" "-"
20.220.62.139 - - [14/Apr/2026:06:42:35 +0800] "GET /nasgor.php HTTP/1.1" 404 27 "-" "-"
20.220.62.139 - - [14/Apr/2026:06:42:36 +0800] "GET /wp-confirm.php HTTP/1.1" 404 27 "-" "-"
20.220.62.139 - - [14/Apr/2026:06:42:37 +0800] "GET /alfa123.php HTTP/1.1" 404 27 "-" "-"
20.220.62.139 - - [14/Apr/2026:06:42:37 +0800] "GET /upload.php HTTP/1.1" 404 27 "-" "-"
20.220.62.139 - - [14/Apr/2026:06:42:37 +0800] "GET /bypass.php HTTP/1.1" 404 27 "-" "-"
20.220.62.139 - - [14/Apr/2026:06:42:37 +0800] "GET /wp-one.php HTTP/1.1" 404 27 "-" "-"
20.220.62.139 - - [14/Apr/2026:06:42:38 +0800] "GET /alexus.php HTTP/1.1" 404 27 "-" "-"
20.220.62.139 - - [14/Apr/2026:06:42:38 +0800] "GET /wso1337.php HTTP/1.1" 404 27 "-" "-"
20.220.62.139 - - [14/Apr/2026:06:42:38 +0800] "GET /blog.php HTTP/1.1" 404 27 "-" "-"
20.220.62.139 - - [14/Apr/2026:06:42:38 +0800] "GET /it.php HTTP/1.1" 404 27 "-" "-"
20.220.62.139 - - [14/Apr/2026:06:42:39 +0800] "GET /kiss.php HTTP/1.1" 404 27 "-" "-"
20.220.62.139 - - [14/Apr/2026:06:42:40 +0800] "GET /0.php HTTP/1.1" 404 27 "-" "-"
20.220.62.139 - - [14/Apr/2026:06:42:41 +0800] "GET /owl.php HTTP/1.1" 404 27 "-" "-"
20.220.62.139 - - [14/Apr/2026:06:42:41 +0800] "GET /vuln.php HTTP/1.1" 404 27 "-" "-"
20.220.62.139 - - [14/Apr/2026:06:42:41 +0800] "GET /ohayo.php HTTP/1.1" 404 27 "-" "-"
20.220.62.139 - - [14/Apr/2026:06:42:41 +0800] "GET /cms.php HTTP/1.1" 404 27 "-" "-"
20.220.62.139 - - [14/Apr/2026:06:42:42 +0800] "GET /wp-uploads.php HTTP/1.1" 404 27 "-" "-"
20.220.62.139 - - [14/Apr/2026:06:42:43 +0800] "GET /Gel.php HTTP/1.1" 404 27 "-" "-"
20.220.62.139 - - [14/Apr/2026:06:42:46 +0800] "GET /41.php HTTP/1.1" 404 27 "-" "-"
20.220.62.139 - - [14/Apr/2026:06:42:46 +0800] "GET /4price.php HTTP/1.1" 404 27 "-" "-"
20.220.62.139 - - [14/Apr/2026:06:42:47 +0800] "GET /MARIJUANA.php HTTP/1.1" 404 27 "-" "-"
20.220.62.139 - - [14/Apr/2026:06:42:47 +0800] "GET /.fk.php HTTP/1.1" 404 27 "-" "-"
20.220.62.139 - - [14/Apr/2026:06:42:48 +0800] "GET /XxX.php HTTP/1.1" 404 27 "-" "-"
20.220.62.139 - - [14/Apr/2026:06:42:48 +0800] "GET /alexuse.php HTTP/1.1" 404 27 "-" "-"
20.220.62.139 - - [14/Apr/2026:06:42:48 +0800] "GET /Sendemail.php HTTP/1.1" 404 27 "-" "-"
20.220.62.139 - - [14/Apr/2026:06:42:49 +0800] "GET /content.php HTTP/1.1" 404 27 "-" "-"
20.220.62.139 - - [14/Apr/2026:06:42:50 +0800] "GET /olu.php HTTP/1.1" 404 27 "-" "-"
20.220.62.139 - - [14/Apr/2026:06:42:50 +0800] "GET /sad/about.php HTTP/1.1" 404 27 "-" "-"
20.220.62.139 - - [14/Apr/2026:06:42:50 +0800] "GET /wp-content/uploads/about.php HTTP/1.1" 404 27 "-" "-"
20.220.62.139 - - [14/Apr/2026:06:42:50 +0800] "GET /goat.php HTTP/1.1" 404 27 "-" "-"
20.220.62.139 - - [14/Apr/2026:06:42:51 +0800] "GET /alexusmailer%202.0.php HTTP/1.1" 404 27 "-" "-"
20.220.62.139 - - [14/Apr/2026:06:42:51 +0800] "GET /rss.php HTTP/1.1" 404 27 "-" "-"
20.220.62.139 - - [14/Apr/2026:06:42:51 +0800] "GET /wp-file.php HTTP/1.1" 404 27 "-" "-"
20.220.62.139 - - [14/Apr/2026:06:42:52 +0800] "GET /wso2.php HTTP/1.1" 404 27 "-" "-"
20.220.62.139 - - [14/Apr/2026:06:42:52 +0800] "GET /wso1.php HTTP/1.1" 404 27 "-" "-"
20.220.62.139 - - [14/Apr/2026:06:42:52 +0800] "GET /olux.php HTTP/1.1" 404 27 "-" "-"
20.220.62.139 - - [14/Apr/2026:06:42:52 +0800] "GET /wp-info.php HTTP/1.1" 404 27 "-" "-"
20.220.62.139 - - [14/Apr/2026:06:42:53 +0800] "GET /xl.php HTTP/1.1" 404 27 "-" "-"
20.220.62.139 - - [14/Apr/2026:06:42:53 +0800] "GET /wp-confiig.php HTTP/1.1" 404 27 "-" "-"
20.220.62.139 - - [14/Apr/2026:06:42:53 +0800] "GET /file-manager.php HTTP/1.1" 404 27 "-" "-"
20.220.62.139 - - [14/Apr/2026:06:42:54 +0800] "GET /uploader.php HTTP/1.1" 404 27 "-" "-"
20.220.62.139 - - [14/Apr/2026:06:42:55 +0800] "GET /leafmailer.php HTTP/1.1" 404 27 "-" "-"
20.220.62.139 - - [14/Apr/2026:06:42:56 +0800] "GET /ALFA_DATA/alfacgiapi/perl.alfa HTTP/1.1" 404 31365 "-" "-"
20.220.62.139 - - [14/Apr/2026:06:42:56 +0800] "GET /date.php HTTP/1.1" 404 27 "-" "-"
20.220.62.139 - - [14/Apr/2026:06:42:57 +0800] "GET /pomo.php HTTP/1.1" 404 27 "-" "-"
20.220.62.139 - - [14/Apr/2026:06:42:57 +0800] "GET /wp-includes/SimplePie/pomo.php HTTP/1.1" 404 27 "-" "-"
20.220.62.139 - - [14/Apr/2026:06:42:57 +0800] "GET /8.php HTTP/1.1" 404 27 "-" "-"
20.220.62.139 - - [14/Apr/2026:06:42:58 +0800] "GET /wp-content/themes/msb/page.php HTTP/1.1" 404 27 "-" "-"
20.220.62.139 - - [14/Apr/2026:06:42:58 +0800] "GET /t/rfi.php HTTP/1.1" 404 27 "-" "-"
20.220.62.139 - - [14/Apr/2026:06:42:59 +0800] "GET /kk.php HTTP/1.1" 404 27 "-" "-"
20.220.62.139 - - [14/Apr/2026:06:42:59 +0800] "GET /wp-admin.php HTTP/1.1" 404 27 "-" "-"
20.220.62.139 - - [14/Apr/2026:06:42:59 +0800] "GET /66.php?p= HTTP/1.1" 404 27 "-" "-"
20.220.62.139 - - [14/Apr/2026:06:43:00 +0800] "GET /test1.php HTTP/1.1" 404 27 "-" "-"
20.220.62.139 - - [14/Apr/2026:06:43:00 +0800] "GET /wp-content/index.php HTTP/1.1" 200 5 "-" "-"
20.220.62.139 - - [14/Apr/2026:06:43:01 +0800] "GET /wp-signup.php? HTTP/1.1" 302 5 "-" "-"
20.220.62.139 - - [14/Apr/2026:06:43:02 +0800] "GET /wp-login.php?action=register HTTP/1.1" 302 5 "-" "-"
20.220.62.139 - - [14/Apr/2026:06:43:03 +0800] "GET /wp-login.php?registration=disabled HTTP/1.1" 200 9234 "-" "-"
20.220.62.139 - - [14/Apr/2026:06:43:03 +0800] "GET /ty.php?act=upload HTTP/1.1" 404 27 "-" "-"
20.220.62.139 - - [14/Apr/2026:06:43:04 +0800] "GET /inputs.php HTTP/1.1" 404 27 "-" "-"
20.220.62.139 - - [14/Apr/2026:06:43:04 +0800] "GET /%E2%80%89goods.php HTTP/1.1" 404 27 "-" "-"
20.220.62.139 - - [14/Apr/2026:06:43:05 +0800] "GET /aa.php HTTP/1.1" 404 27 "-" "-"
20.220.62.139 - - [14/Apr/2026:06:43:06 +0800] "GET /wp-signup.php? HTTP/1.1" 302 5 "-" "-"
20.220.62.139 - - [14/Apr/2026:06:43:07 +0800] "GET /wp-login.php?action=register HTTP/1.1" 302 5 "-" "-"
36.133.115.36 - - [14/Apr/2026:06:43:08 +0800] "POST /wp-cron.php?doing_wp_cron=1776120188.5990509986877441406250 HTTP/1.1" 200 31 "-" "WordPress/6.9; http://cqqizhou.com"
20.220.62.139 - - [14/Apr/2026:06:43:08 +0800] "GET /wp-login.php?registration=disabled HTTP/1.1" 200 9234 "-" "-"
20.220.62.139 - - [14/Apr/2026:06:43:10 +0800] "GET /wp-login.php HTTP/1.1" 200 9053 "-" "-"
36.133.115.36 - - [14/Apr/2026:06:52:59 +0800] "POST /wp-cron.php?doing_wp_cron=1776120779.0997509956359863281250 HTTP/1.1" 200 31 "-" "WordPress/6.9; http://cqqizhou.com"
111.41.119.204 - - [14/Apr/2026:06:52:59 +0800] "GET /contacts/ HTTP/1.1" 301 5 "http://cqqizhou.com/contacts/" "Mozilla/5.0 (Windows NT 10.0; Win64; x64) AppleWebKit/537.36 (KHTML, like Gecko) Chrome/136.0.0.0 Safari/537.36"
111.41.119.204 - - [14/Apr/2026:06:52:59 +0800] "GET http://cqqizhou.com/contacts HTTP/1.1" 200 21618 "http://cqqizhou.com/contacts/" "Mozilla/5.0 (Windows NT 10.0; Win64; x64) AppleWebKit/537.36 (KHTML, like Gecko) Chrome/136.0.0.0 Safari/537.36"
36.133.115.36 - - [14/Apr/2026:06:53:22 +0800] "POST /wp-cron.php?doing_wp_cron=1776120802.1889328956604003906250 HTTP/1.1" 200 31 "-" "WordPress/6.9; http://cqqizhou.com"
183.229.195.99 - - [14/Apr/2026:06:53:22 +0800] "GET /contacts/ HTTP/1.1" 301 5 "-" "Mozilla/5.0 (Windows NT 10.0; Win64; x64) AppleWebKit/537.36 (KHTML, like Gecko) Chrome/136.0.0.0 Safari/537.36"
36.133.115.36 - - [14/Apr/2026:07:13:53 +0800] "POST /wp-cron.php?doing_wp_cron=1776122033.8214809894561767578125 HTTP/1.1" 200 31 "-" "WordPress/6.9; http://cqqizhou.com"
87.121.84.8 - - [14/Apr/2026:07:13:54 +0800] "GET / HTTP/1.1" 200 156922 "-" "-"
36.133.115.36 - - [14/Apr/2026:07:41:09 +0800] "POST /wp-cron.php?doing_wp_cron=1776123669.8052289485931396484375 HTTP/1.1" 200 31 "-" "WordPress/6.9; http://cqqizhou.com"
111.225.149.203 - - [14/Apr/2026:07:41:09 +0800] "GET / HTTP/1.1" 200 34725 "-" "Mozilla/5.0 (Linux; Android 5.0) AppleWebKit/537.36 (KHTML, like Gecko) Mobile Safari/537.36 (compatible; Bytespider; https://zhanzhang.toutiao.com/)"
111.225.149.182 - - [14/Apr/2026:07:41:10 +0800] "GET /wp-content/uploads/2025/07/1751425283-qizhou.kf_.qq_.com_.webp HTTP/1.1" 206 500 "http://cqqizhou.com/" "Mozilla/5.0 (Linux; Android 5.0) AppleWebKit/537.36 (KHTML, like Gecko) Mobile Safari/537.36 (compatible; Bytespider; https://zhanzhang.toutiao.com/)"
180.153.236.169 - - [14/Apr/2026:07:45:19 +0800] "GET / HTTP/1.1" 200 35158 "http://cqqizhou.com" "User-Agent:Mozilla/5.0 (Windows NT 10.0; Win64; x64) AppleWebKit/537.36 (KHTML, like Gecko) Chrome/140.0.0.0 Safari/537.36 Edg/140.0.0.0; 360Spider"
36.133.115.36 - - [14/Apr/2026:07:47:37 +0800] "POST /wp-cron.php?doing_wp_cron=1776124057.8728649616241455078125 HTTP/1.1" 200 31 "-" "WordPress/6.9; http://cqqizhou.com"
47.128.30.87 - - [14/Apr/2026:07:47:37 +0800] "GET /robots.txt HTTP/1.1" 200 190 "-" "Mozilla/5.0 (Linux; Android 5.0) AppleWebKit/537.36 (KHTML, like Gecko) Mobile Safari/537.36 (compatible; Bytespider; spider-feedback@bytedance.com)"
36.133.115.36 - - [14/Apr/2026:08:00:20 +0800] "POST /wp-cron.php?doing_wp_cron=1776124820.5846869945526123046875 HTTP/1.1" 200 31 "-" "WordPress/6.9; http://cqqizhou.com"
47.128.31.118 - - [14/Apr/2026:08:00:20 +0800] "GET /robots.txt HTTP/1.1" 200 190 "-" "Mozilla/5.0 (Linux; Android 5.0) AppleWebKit/537.36 (KHTML, like Gecko) Mobile Safari/537.36 (compatible; Bytespider; spider-feedback@bytedance.com)"
36.133.115.36 - - [14/Apr/2026:08:12:17 +0800] "POST /wp-cron.php?doing_wp_cron=1776125537.3177111148834228515625 HTTP/1.1" 200 31 "-" "WordPress/6.9; http://cqqizhou.com"
5.61.209.107 - - [14/Apr/2026:08:12:17 +0800] "GET /SDK/webLanguage HTTP/1.1" 301 5 "-" "Mozilla/5.0 (Windows NT 10.0; Win64; x64) AppleWebKit/537.36 (KHTML, like Gecko) Chrome/90.0.4430.85 Safari/537.36 Edg/90.0.818.46"
36.133.108.125 - - [14/Apr/2026:08:33:39 +0800] "HEAD /lib/phpunit/phpunit/src/Util/PHP/eval-stdin.php HTTP/1.1" 404 0 "-" "Mozilla/4.0 (compatible; MSIE 8.0; Windows NT 6.1; WOW64; Trident/4.0; SLCC2; Media Center PC 6.0; InfoPath.2; MS-RTC LM 8"
110.249.202.154 - - [14/Apr/2026:08:44:38 +0800] "GET /wp-content/uploads/2025/07/1753456770-%E7%83%AD%E9%95%80%E9%94%8C%E5%8D%B7product_Single600.webp HTTP/1.1" 200 27502 "http://cqqizhou.com/" "Mozilla/5.0 (Linux; Android 5.0) AppleWebKit/537.36 (KHTML, like Gecko) Mobile Safari/537.36 (compatible; Bytespider; https://zhanzhang.toutiao.com/)"
36.133.115.36 - - [14/Apr/2026:09:00:52 +0800] "POST /wp-cron.php?doing_wp_cron=1776128452.5618619918823242187500 HTTP/1.1" 200 31 "-" "WordPress/6.9; http://cqqizhou.com"
220.181.108.159 - - [14/Apr/2026:09:00:52 +0800] "GET /wp-content/uploads/2025/07/1753453096-%CB%AB%CF%E0%B8%D6product_Single600%A1%C1284.webp HTTP/1.1" 404 31365 "-" "Mozilla/5.0 (compatible; Baiduspider/2.0; +http://www.baidu.com/search/spider.html)"
220.181.108.90 - - [14/Apr/2026:09:00:54 +0800] "GET /wp-content/uploads/2025/07/1753453127-%D3%E0%BE%EDproduct_Single600%A1%C1284.webp HTTP/1.1" 404 31365 "-" "Mozilla/5.0 (compatible; Baiduspider/2.0; +http://www.baidu.com/search/spider.html)"
220.181.108.177 - - [14/Apr/2026:09:00:55 +0800] "GET /wp-content/uploads/2025/07/1753456723-%CB%AB%CF%E0%B8%D6roduct_Single600.webp HTTP/1.1" 404 31365 "-" "Mozilla/5.0 (compatible; Baiduspider/2.0; +http://www.baidu.com/search/spider.html)"
220.181.108.174 - - [14/Apr/2026:09:00:57 +0800] "GET /wp-content/uploads/2025/07/1753456770-%C8%C8%B6%C6%D0%BF%BE%EDproduct_Single600.webp HTTP/1.1" 404 31365 "-" "Mozilla/5.0 (compatible; Baiduspider/2.0; +http://www.baidu.com/search/spider.html)"
36.133.115.36 - - [14/Apr/2026:09:15:18 +0800] "POST /wp-cron.php?doing_wp_cron=1776129318.0538220405578613281250 HTTP/1.1" 200 31 "-" "WordPress/6.9; http://cqqizhou.com"
87.121.84.27 - - [14/Apr/2026:09:15:18 +0800] "GET / HTTP/1.1" 200 156922 "-" "-"
110.249.201.188 - - [14/Apr/2026:09:40:30 +0800] "GET /wp-content/uploads/2025/07/1753453096-%E5%8F%8C%E7%9B%B8%E9%92%A2product_Single600%C3%97284.webp HTTP/1.1" 200 14562 "http://cqqizhou.com/" "Mozilla/5.0 (Linux; Android 5.0) AppleWebKit/537.36 (KHTML, like Gecko) Mobile Safari/537.36 (compatible; Bytespider; https://zhanzhang.toutiao.com/)"
36.133.115.36 - - [14/Apr/2026:09:58:33 +0800] "POST /wp-cron.php?doing_wp_cron=1776131913.8386631011962890625000 HTTP/1.1" 200 31 "-" "WordPress/6.9; http://cqqizhou.com"
66.249.74.9 - - [14/Apr/2026:09:58:33 +0800] "GET /news/2361 HTTP/1.1" 200 20958 "-" "Mozilla/5.0 (Linux; Android 6.0.1; Nexus 5X Build/MMB29P) AppleWebKit/537.36 (KHTML, like Gecko) Chrome/146.0.7680.177 Mobile Safari/537.36 (compatible; Googlebot/2.1; +http://www.google.com/bot.html)"
36.133.115.36 - - [14/Apr/2026:10:28:10 +0800] "POST /wp-cron.php?doing_wp_cron=1776133690.7224049568176269531250 HTTP/1.1" 200 31 "-" "WordPress/6.9; http://cqqizhou.com"
87.121.84.27 - - [14/Apr/2026:10:28:11 +0800] "GET / HTTP/1.1" 200 156922 "-" "-"
36.133.115.36 - - [14/Apr/2026:10:43:22 +0800] "POST /wp-cron.php?doing_wp_cron=1776134602.3571150302886962890625 HTTP/1.1" 200 31 "-" "WordPress/6.9; http://cqqizhou.com"
5.61.209.107 - - [14/Apr/2026:10:43:22 +0800] "GET /SDK/webLanguage HTTP/1.1" 301 5 "-" "Mozilla/5.0 (Windows NT 10.0; Win64; x64) AppleWebKit/537.36 (KHTML, like Gecko) Chrome/90.0.4430.85 Safari/537.36 Edg/90.0.818.46"
36.133.115.36 - - [14/Apr/2026:10:49:11 +0800] "POST /wp-cron.php?doing_wp_cron=1776134951.8124299049377441406250 HTTP/1.1" 200 31 "-" "WordPress/6.9; http://cqqizhou.com"
198.244.242.98 - - [14/Apr/2026:10:49:11 +0800] "GET /robots.txt HTTP/1.1" 200 190 "-" "Mozilla/5.0 (compatible; AhrefsBot/7.0; +http://ahrefs.com/robot/)"
36.133.115.36 - - [14/Apr/2026:10:50:09 +0800] "POST /wp-cron.php?doing_wp_cron=1776135009.6420180797576904296875 HTTP/1.1" 200 31 "-" "WordPress/6.9; http://cqqizhou.com"
119.84.246.117 - - [14/Apr/2026:10:50:09 +0800] "GET / HTTP/1.1" 301 5 "-" "-"
119.84.246.117 - - [14/Apr/2026:10:50:09 +0800] "GET / HTTP/1.1" 200 158581 "-" "-"
119.84.246.117 - - [14/Apr/2026:10:50:12 +0800] "GET / HTTP/1.1" 301 5 "-" "Mozilla/5.0 (Windows NT 6.1) AppleWebKit/535.12 (KHTML, like Gecko) Maxthon/3.4.2.3000 Chrome/18.0.966.0 Safari/535.12"
119.84.246.117 - - [14/Apr/2026:10:50:12 +0800] "GET / HTTP/1.1" 200 35158 "-" "Mozilla/5.0 (Windows NT 6.1) AppleWebKit/535.12 (KHTML, like Gecko) Maxthon/3.4.2.3000 Chrome/18.0.966.0 Safari/535.12"
119.84.246.117 - - [14/Apr/2026:10:50:12 +0800] "GET /wp-content/uploads/2025/07/1753453096-%E5%8F%8C%E7%9B%B8%E9%92%A2product_Single600%C3%97284.webp HTTP/1.1" 200 14562 "http://cqqizhou.com/" "Mozilla/5.0 (Windows NT 6.1) AppleWebKit/535.12 (KHTML, like Gecko) Maxthon/3.4.2.3000 Chrome/18.0.966.0 Safari/535.12"
119.84.246.117 - - [14/Apr/2026:10:50:12 +0800] "GET /wp-content/uploads/2025/07/1751425283-qizhou.kf_.qq_.com_.webp HTTP/1.1" 200 16864 "http://cqqizhou.com/" "Mozilla/5.0 (Windows NT 6.1) AppleWebKit/535.12 (KHTML, like Gecko) Maxthon/3.4.2.3000 Chrome/18.0.966.0 Safari/535.12"
119.84.246.117 - - [14/Apr/2026:10:50:12 +0800] "GET /wp-content/uploads/2025/07/1753456723-%E5%8F%8C%E7%9B%B8%E9%92%A2roduct_Single600.webp HTTP/1.1" 200 22790 "http://cqqizhou.com/" "Mozilla/5.0 (Windows NT 6.1) AppleWebKit/535.12 (KHTML, like Gecko) Maxthon/3.4.2.3000 Chrome/18.0.966.0 Safari/535.12"
119.84.246.117 - - [14/Apr/2026:10:50:12 +0800] "GET /wp-content/uploads/2026/04/1775195054-1Article_images_W900px.webp HTTP/1.1" 200 25562 "http://cqqizhou.com/" "Mozilla/5.0 (Windows NT 6.1) AppleWebKit/535.12 (KHTML, like Gecko) Maxthon/3.4.2.3000 Chrome/18.0.966.0 Safari/535.12"
119.84.246.117 - - [14/Apr/2026:10:50:12 +0800] "GET /wp-content/uploads/2026/02/1769999241-4.2%E7%B1%B3%E9%AB%98%E6%A0%8F%E8%B4%A7%E8%BD%A6.webp HTTP/1.1" 200 54794 "http://cqqizhou.com/" "Mozilla/5.0 (Windows NT 6.1) AppleWebKit/535.12 (KHTML, like Gecko) Maxthon/3.4.2.3000 Chrome/18.0.966.0 Safari/535.12"
119.84.246.117 - - [14/Apr/2026:10:50:12 +0800] "GET /wp-content/uploads/2026/04/1775698332-Article_images_W900px.webp HTTP/1.1" 200 49852 "http://cqqizhou.com/" "Mozilla/5.0 (Windows NT 6.1) AppleWebKit/535.12 (KHTML, like Gecko) Maxthon/3.4.2.3000 Chrome/18.0.966.0 Safari/535.12"
119.84.246.117 - - [14/Apr/2026:10:50:12 +0800] "GET /wp-content/uploads/2025/07/1753453127-%E4%BD%99%E5%8D%B7product_Single600%C3%97284.webp HTTP/1.1" 200 18744 "http://cqqizhou.com/" "Mozilla/5.0 (Windows NT 6.1) AppleWebKit/535.12 (KHTML, like Gecko) Maxthon/3.4.2.3000 Chrome/18.0.966.0 Safari/535.12"
119.84.246.117 - - [14/Apr/2026:10:50:12 +0800] "GET /wp-content/uploads/2025/07/1753456770-%E7%83%AD%E9%95%80%E9%94%8C%E5%8D%B7product_Single600.webp HTTP/1.1" 200 27502 "http://cqqizhou.com/" "Mozilla/5.0 (Windows NT 6.1) AppleWebKit/535.12 (KHTML, like Gecko) Maxthon/3.4.2.3000 Chrome/18.0.966.0 Safari/535.12"
119.84.246.117 - - [14/Apr/2026:10:50:12 +0800] "GET /wp-content/uploads/2026/04/1775865780-1Article_images_W900px.webp HTTP/1.1" 200 41840 "http://cqqizhou.com/" "Mozilla/5.0 (Windows NT 6.1) AppleWebKit/535.12 (KHTML, like Gecko) Maxthon/3.4.2.3000 Chrome/18.0.966.0 Safari/535.12"
119.84.246.117 - - [14/Apr/2026:10:50:12 +0800] "GET /wp-content/uploads/2025/07/1751864664-Logistics800x500_1.webp HTTP/1.1" 200 76914 "http://cqqizhou.com/" "Mozilla/5.0 (Windows NT 6.1) AppleWebKit/535.12 (KHTML, like Gecko) Maxthon/3.4.2.3000 Chrome/18.0.966.0 Safari/535.12"
36.133.115.36 - - [14/Apr/2026:11:15:47 +0800] "POST /wp-cron.php?doing_wp_cron=1776136547.0775659084320068359375 HTTP/1.1" 200 31 "-" "WordPress/6.9; http://cqqizhou.com"
124.156.157.91 - - [14/Apr/2026:11:15:47 +0800] "GET / HTTP/1.1" 200 34724 "-" "Mozilla/5.0 (iPhone; CPU iPhone OS 13_2_3 like Mac OS X) AppleWebKit/605.1.15 (KHTML, like Gecko) Version/13.0.3 Mobile/15E148 Safari/604.1"
36.133.115.36 - - [14/Apr/2026:11:34:58 +0800] "POST /wp-cron.php?doing_wp_cron=1776137698.7548840045928955078125 HTTP/1.1" 200 31 "-" "WordPress/6.9; http://cqqizhou.com"
14.215.163.132 - - [14/Apr/2026:11:34:58 +0800] "GET / HTTP/1.1" 301 5 "-" "Mozilla/5.0 (iPhone; CPU iPhone OS 13_2_3 like Mac OS X) AppleWebKit/605.1.15 (KHTML, like Gecko) Version/13.0.3 Mobile/15E148 Safari/604.1"
14.215.163.132 - - [14/Apr/2026:11:35:06 +0800] "GET / HTTP/1.1" 200 34723 "http://www.cqqizhou.com" "Mozilla/5.0 (iPhone; CPU iPhone OS 13_2_3 like Mac OS X) AppleWebKit/605.1.15 (KHTML, like Gecko) Version/13.0.3 Mobile/15E148 Safari/604.1"
93.16.43.254 - - [14/Apr/2026:11:45:11 +0800] "GET /wp-content/uploads/revslider/slider-1/1750861156-logistics_Slider_3840%C3%972160_20250625191356-scaled.webp HTTP/1.1" 200 197360 "-" "Mozilla/5.0 (Windows NT 10.0; Win64; x64) AppleWebKit/537.36 (KHTML, like Gecko) Chrome/143.0.0.0 Safari/537.36 Edg/143.0.0.0"
36.133.115.36 - - [14/Apr/2026:11:51:50 +0800] "POST /wp-cron.php?doing_wp_cron=1776138710.5366230010986328125000 HTTP/1.1" 200 31 "-" "WordPress/6.9; http://cqqizhou.com"
66.249.74.8 - - [14/Apr/2026:11:51:50 +0800] "GET /robots.txt HTTP/1.1" 200 190 "-" "Mozilla/5.0 (compatible; Googlebot/2.1; +http://www.google.com/bot.html)"
36.133.115.36 - - [14/Apr/2026:11:57:39 +0800] "POST /wp-cron.php?doing_wp_cron=1776139059.1836249828338623046875 HTTP/1.1" 200 31 "-" "WordPress/6.9; http://cqqizhou.com"
114.119.149.169 - - [14/Apr/2026:11:57:39 +0800] "GET /wp-sitemap.xml HTTP/1.1" 501 253 "-" "Mozilla/5.0 (Linux; Android 7.0;) AppleWebKit/537.36 (KHTML, like Gecko) Mobile Safari/537.36 (compatible; PetalBot;+https://webmaster.petalsearch.com/site/petalbot)"
36.133.115.36 - - [14/Apr/2026:12:03:59 +0800] "POST /wp-cron.php?doing_wp_cron=1776139439.5202960968017578125000 HTTP/1.1" 200 31 "-" "WordPress/6.9; http://cqqizhou.com"
114.119.158.142 - - [14/Apr/2026:12:03:59 +0800] "GET /wp-sitemap.xml HTTP/1.1" 501 253 "-" "Mozilla/5.0 (Linux; Android 7.0;) AppleWebKit/537.36 (KHTML, like Gecko) Mobile Safari/537.36 (compatible; PetalBot;+https://webmaster.petalsearch.com/site/petalbot)"
60.24.124.54 - - [14/Apr/2026:12:19:01 +0800] "GET / HTTP/1.1" 200 35158 "-" "Mozilla/5.0 (Windows NT 6.1) AppleWebKit/537.36 (KHTML, like Gecko) Chrome/88.0.4324.27"
36.133.115.36 - - [14/Apr/2026:12:19:19 +0800] "POST /wp-cron.php?doing_wp_cron=1776140359.6943891048431396484375 HTTP/1.1" 200 31 "-" "WordPress/6.9; http://cqqizhou.com"
27.207.242.155 - - [14/Apr/2026:12:19:19 +0800] "GET / HTTP/1.1" 301 5 "-" "Mozilla/5.0 (Windows NT 6.1) AppleWebKit/537.36 (KHTML, like Gecko) Chrome/77.0.3865.10"
27.207.242.155 - - [14/Apr/2026:12:19:19 +0800] "GET http://cqqizhou.com/ HTTP/1.1" 200 35158 "-" "Mozilla/5.0 (Windows NT 6.1) AppleWebKit/537.36 (KHTML, like Gecko) Chrome/77.0.3865.10"
36.133.115.36 - - [14/Apr/2026:12:48:24 +0800] "POST /wp-cron.php?doing_wp_cron=1776142104.5417580604553222656250 HTTP/1.1" 200 31 "-" "WordPress/6.9; http://cqqizhou.com"
119.136.129.99 - - [14/Apr/2026:12:48:24 +0800] "GET /contacts/ HTTP/1.1" 301 5 "-" "Mozilla/5.0 (Windows NT 10.0; Win64; x64) AppleWebKit/537.36 (KHTML, like Gecko) Chrome/136.0.0.0 Safari/537.36"
119.136.129.99 - - [14/Apr/2026:12:48:24 +0800] "GET http://cqqizhou.com/contacts HTTP/1.1" 200 21618 "-" "Mozilla/5.0 (Windows NT 10.0; Win64; x64) AppleWebKit/537.36 (KHTML, like Gecko) Chrome/136.0.0.0 Safari/537.36"
120.221.100.250 - - [14/Apr/2026:12:48:56 +0800] "GET /contacts/ HTTP/1.1" 301 5 "http://cqqizhou.com/contacts/" "Mozilla/5.0 (Windows NT 10.0; Win64; x64) AppleWebKit/537.36 (KHTML, like Gecko) Chrome/136.0.0.0 Safari/537.36"
120.221.100.250 - - [14/Apr/2026:12:48:56 +0800] "GET http://cqqizhou.com/contacts HTTP/1.1" 200 21618 "http://cqqizhou.com/contacts/" "Mozilla/5.0 (Windows NT 10.0; Win64; x64) AppleWebKit/537.36 (KHTML, like Gecko) Chrome/136.0.0.0 Safari/537.36"
222.79.83.5 - - [14/Apr/2026:12:49:38 +0800] "GET /news/tag/%e5%8d%9a%e8%81%94%e8%be%be HTTP/1.1" 200 18521 "-" "Mozilla/5.0 (Windows NT 10.0; Win64; x64) AppleWebKit/537.36 (KHTML, like Gecko) Chrome/142.0.0.0 Safari/537.36"
36.133.115.36 - - [14/Apr/2026:13:07:28 +0800] "POST /wp-cron.php?doing_wp_cron=1776143248.6783630847930908203125 HTTP/1.1" 200 31 "-" "WordPress/6.9; http://cqqizhou.com"
159.65.220.237 - - [14/Apr/2026:13:07:28 +0800] "GET / HTTP/1.1" 301 5 "-" "Mozilla/5.0 zgrab/0.x"
120.244.212.6 - - [14/Apr/2026:13:24:08 +0800] "GET http://cqqizhou.com/wp-content/uploads/2026/02/1769999241-4.2%E7%B1%B3%E9%AB%98%E6%A0%8F%E8%B4%A7%E8%BD%A6.webp HTTP/1.1" 200 54794 "http://cqqizhou.com/" "Mozilla/5.0 (Windows NT 10.0; Win64; x64) AppleWebKit/537.36 (KHTML, like Gecko) Chrome/110.0.0.0 Safari/537.36"
82.157.0.160 - - [14/Apr/2026:13:24:09 +0800] "GET /wp-content/uploads/2026/02/1769999241-4.2%E7%B1%B3%E9%AB%98%E6%A0%8F%E8%B4%A7%E8%BD%A6.webp HTTP/1.1" 200 54794 "http://cqqizhou.com/" "Mozilla/5.0 (Windows NT 10.0; Win64; x64) AppleWebKit/537.36 (KHTML, like Gecko) Chrome/110.0.0.0 Safari/537.36"
49.232.227.16 - - [14/Apr/2026:13:24:10 +0800] "GET /wp-content/uploads/2026/01/1770349139-202624Article_images_W900%C3%97500px20260-.webp HTTP/1.1" 200 58006 "http://cqqizhou.com/" "Mozilla/5.0 (Windows NT 10.0; Win64; x64) AppleWebKit/537.36 (KHTML, like Gecko) Chrome/110.0.0.0 Safari/537.36"
36.133.115.36 - - [14/Apr/2026:13:37:46 +0800] "POST /wp-cron.php?doing_wp_cron=1776145066.8079810142517089843750 HTTP/1.1" 200 31 "-" "WordPress/6.9; http://cqqizhou.com"
66.249.74.9 - - [14/Apr/2026:13:37:46 +0800] "GET /robots.txt HTTP/1.1" 200 190 "-" "Mozilla/5.0 (compatible; Googlebot/2.1; +http://www.google.com/bot.html)"
36.133.108.119 - - [14/Apr/2026:13:53:12 +0800] "HEAD /lib/phpunit/phpunit/Util/PHP/eval-stdin.php HTTP/1.1" 404 0 "-" "Mozilla/5.0 (Macintosh; U; Intel Mac OS X 10_5_8; zh-cn) AppleWebKit/533.18.1 (KHTML, like Gecko) Version/5.0.2 Safari/533.18.5"
36.133.115.36 - - [14/Apr/2026:14:13:02 +0800] "POST /wp-cron.php?doing_wp_cron=1776147182.4262449741363525390625 HTTP/1.1" 200 31 "-" "WordPress/6.9; http://cqqizhou.com"
172.212.200.96 - - [14/Apr/2026:14:13:02 +0800] "GET / HTTP/1.1" 301 5 "-" "Mozilla/5.0 zgrab/0.x"
36.133.115.36 - - [14/Apr/2026:14:13:50 +0800] "POST /wp-cron.php?doing_wp_cron=1776147230.5124471187591552734375 HTTP/1.1" 200 31 "-" "WordPress/6.9; http://cqqizhou.com"
205.169.39.14 - - [14/Apr/2026:14:13:50 +0800] "GET / HTTP/1.1" 301 5 "-" "Mozilla/5.0 (Windows NT 10.0; Win64; x64) AppleWebKit/537.36 (KHTML, like Gecko) Chrome/117.0.5938.132 Safari/537.36"
205.169.39.14 - - [14/Apr/2026:14:13:51 +0800] "GET / HTTP/1.1" 200 35158 "-" "Mozilla/5.0 (Windows NT 10.0; Win64; x64) AppleWebKit/537.36 (KHTML, like Gecko) Chrome/117.0.5938.132 Safari/537.36"
205.169.39.14 - - [14/Apr/2026:14:13:53 +0800] "GET /wp-content/uploads/2025/07/1751425283-qizhou.kf_.qq_.com_.webp HTTP/1.1" 200 16864 "http://cqqizhou.com/" "Mozilla/5.0 (Windows NT 10.0; Win64; x64) AppleWebKit/537.36 (KHTML, like Gecko) Chrome/117.0.5938.132 Safari/537.36"
205.169.39.14 - - [14/Apr/2026:14:13:55 +0800] "GET /wp-content/uploads/2025/07/1750174127-Marketing1920x800_3.webp HTTP/1.1" 200 52790 "http://cqqizhou.com/wp-content/uploads/elementor/css/post-1666.css?ver=1773725585" "Mozilla/5.0 (Windows NT 10.0; Win64; x64) AppleWebKit/537.36 (KHTML, like Gecko) Chrome/117.0.5938.132 Safari/537.36"
205.169.39.14 - - [14/Apr/2026:14:13:56 +0800] "GET /wp-content/uploads/2025/07/1753453127-%E4%BD%99%E5%8D%B7product_Single600%C3%97284.webp HTTP/1.1" 200 18744 "http://cqqizhou.com/" "Mozilla/5.0 (Windows NT 10.0; Win64; x64) AppleWebKit/537.36 (KHTML, like Gecko) Chrome/117.0.5938.132 Safari/537.36"
205.169.39.14 - - [14/Apr/2026:14:13:56 +0800] "GET /wp-content/uploads/2025/07/1753453096-%E5%8F%8C%E7%9B%B8%E9%92%A2product_Single600%C3%97284.webp HTTP/1.1" 200 14562 "http://cqqizhou.com/" "Mozilla/5.0 (Windows NT 10.0; Win64; x64) AppleWebKit/537.36 (KHTML, like Gecko) Chrome/117.0.5938.132 Safari/537.36"
205.169.39.14 - - [14/Apr/2026:14:13:56 +0800] "GET /wp-content/uploads/2025/07/1753456770-%E7%83%AD%E9%95%80%E9%94%8C%E5%8D%B7product_Single600.webp HTTP/1.1" 200 27502 "http://cqqizhou.com/" "Mozilla/5.0 (Windows NT 10.0; Win64; x64) AppleWebKit/537.36 (KHTML, like Gecko) Chrome/117.0.5938.132 Safari/537.36"
205.169.39.14 - - [14/Apr/2026:14:13:56 +0800] "GET /wp-content/uploads/2026/04/1775865780-1Article_images_W900px.webp HTTP/1.1" 200 41840 "http://cqqizhou.com/" "Mozilla/5.0 (Windows NT 10.0; Win64; x64) AppleWebKit/537.36 (KHTML, like Gecko) Chrome/117.0.5938.132 Safari/537.36"
205.169.39.14 - - [14/Apr/2026:14:13:56 +0800] "GET /wp-content/uploads/2026/04/1775698332-Article_images_W900px.webp HTTP/1.1" 200 49852 "http://cqqizhou.com/" "Mozilla/5.0 (Windows NT 10.0; Win64; x64) AppleWebKit/537.36 (KHTML, like Gecko) Chrome/117.0.5938.132 Safari/537.36"
205.169.39.14 - - [14/Apr/2026:14:13:56 +0800] "GET /wp-content/uploads/2026/02/1769999241-4.2%E7%B1%B3%E9%AB%98%E6%A0%8F%E8%B4%A7%E8%BD%A6.webp HTTP/1.1" 200 54794 "http://cqqizhou.com/" "Mozilla/5.0 (Windows NT 10.0; Win64; x64) AppleWebKit/537.36 (KHTML, like Gecko) Chrome/117.0.5938.132 Safari/537.36"
205.169.39.14 - - [14/Apr/2026:14:13:56 +0800] "GET /wp-content/uploads/2025/07/1753456723-%E5%8F%8C%E7%9B%B8%E9%92%A2roduct_Single600.webp HTTP/1.1" 200 22790 "http://cqqizhou.com/" "Mozilla/5.0 (Windows NT 10.0; Win64; x64) AppleWebKit/537.36 (KHTML, like Gecko) Chrome/117.0.5938.132 Safari/537.36"
205.169.39.14 - - [14/Apr/2026:14:13:56 +0800] "GET /wp-content/uploads/2026/04/1775195054-1Article_images_W900px.webp HTTP/1.1" 200 25562 "http://cqqizhou.com/" "Mozilla/5.0 (Windows NT 10.0; Win64; x64) AppleWebKit/537.36 (KHTML, like Gecko) Chrome/117.0.5938.132 Safari/537.36"
205.169.39.14 - - [14/Apr/2026:14:13:56 +0800] "GET /wp-content/uploads/2025/07/1751864664-Logistics800x500_1.webp HTTP/1.1" 200 76914 "http://cqqizhou.com/" "Mozilla/5.0 (Windows NT 10.0; Win64; x64) AppleWebKit/537.36 (KHTML, like Gecko) Chrome/117.0.5938.132 Safari/537.36"
205.169.39.14 - - [14/Apr/2026:14:13:57 +0800] "GET /wp-content/uploads/2025/12/1765268955-qizhou_Slider1_3840%C3%972160_20251210-scaled.webp HTTP/1.1" 200 152162 "http://cqqizhou.com/" "Mozilla/5.0 (Windows NT 10.0; Win64; x64) AppleWebKit/537.36 (KHTML, like Gecko) Chrome/117.0.5938.132 Safari/537.36"
205.169.39.14 - - [14/Apr/2026:14:13:58 +0800] "GET /wp-content/uploads/revslider/slider-1/1750861156-logistics_Slider_3840%C3%972160_20250625191356-scaled-50x100.webp HTTP/1.1" 200 1416 "http://cqqizhou.com/" "Mozilla/5.0 (Windows NT 10.0; Win64; x64) AppleWebKit/537.36 (KHTML, like Gecko) Chrome/117.0.5938.132 Safari/537.36"
205.169.39.14 - - [14/Apr/2026:14:13:58 +0800] "GET /wp-content/uploads/2026/01/1768276119-qizhoujiagong_Slider_3840%C3%972160_20260113-scaled-50x100.webp HTTP/1.1" 200 976 "http://cqqizhou.com/" "Mozilla/5.0 (Windows NT 10.0; Win64; x64) AppleWebKit/537.36 (KHTML, like Gecko) Chrome/117.0.5938.132 Safari/537.36"
205.169.39.14 - - [14/Apr/2026:14:13:58 +0800] "GET /wp-content/uploads/2026/01/1768276119-qizhoujiagong_Slider_3840%C3%972160_20260113-scaled-50x100.webp HTTP/1.1" 200 976 "http://cqqizhou.com/" "Mozilla/5.0 (Windows NT 10.0; Win64; x64) AppleWebKit/537.36 (KHTML, like Gecko) Chrome/117.0.5938.132 Safari/537.36"
