205.169.39.14 - - [14/Apr/2026:14:13:58 +0800] "GET /wp-content/uploads/revslider/slider-1/1750861156-logistics_Slider_3840%C3%972160_20250625191356-scaled-50x100.webp HTTP/1.1" 200 1416 "http://cqqizhou.com/" "Mozilla/5.0 (Windows NT 10.0; Win64; x64) AppleWebKit/537.36 (KHTML, like Gecko) Chrome/117.0.5938.132 Safari/537.36"
205.169.39.14 - - [14/Apr/2026:14:13:59 +0800] "GET /wp-json/sliderrevolution/sliders/1?srengine=7&slideid=4 HTTP/1.1" 200 2580 "http://cqqizhou.com/" "Mozilla/5.0 (Windows NT 10.0; Win64; x64) AppleWebKit/537.36 (KHTML, like Gecko) Chrome/117.0.5938.132 Safari/537.36"
205.169.39.14 - - [14/Apr/2026:14:13:59 +0800] "GET /wp-json/sliderrevolution/sliders/1?srengine=7&slideid=2 HTTP/1.1" 200 2000 "http://cqqizhou.com/" "Mozilla/5.0 (Windows NT 10.0; Win64; x64) AppleWebKit/537.36 (KHTML, like Gecko) Chrome/117.0.5938.132 Safari/537.36"
205.169.39.14 - - [14/Apr/2026:14:13:59 +0800] "GET /wp-content/uploads/2026/01/1768276119-qizhoujiagong_Slider_3840%C3%972160_20260113-scaled.webp HTTP/1.1" 200 131696 "http://cqqizhou.com/" "Mozilla/5.0 (Windows NT 10.0; Win64; x64) AppleWebKit/537.36 (KHTML, like Gecko) Chrome/117.0.5938.132 Safari/537.36"
205.169.39.14 - - [14/Apr/2026:14:13:59 +0800] "GET /wp-content/uploads/revslider/slider-1/1750861156-logistics_Slider_3840%C3%972160_20250625191356-scaled.webp HTTP/1.1" 200 197360 "http://cqqizhou.com/" "Mozilla/5.0 (Windows NT 10.0; Win64; x64) AppleWebKit/537.36 (KHTML, like Gecko) Chrome/117.0.5938.132 Safari/537.36"
36.133.115.36 - - [14/Apr/2026:14:33:58 +0800] "POST /wp-cron.php?doing_wp_cron=1776148438.7924098968505859375000 HTTP/1.1" 200 31 "-" "WordPress/6.9; http://cqqizhou.com"
121.43.118.248 - - [14/Apr/2026:14:33:58 +0800] "GET / HTTP/1.0" 301 0 "-" "-"
121.43.118.248 - - [14/Apr/2026:14:34:09 +0800] "GET / HTTP/1.0" 301 0 "-" "-"
36.133.115.36 - - [14/Apr/2026:14:34:09 +0800] "POST /wp-cron.php?doing_wp_cron=1776148449.6945009231567382812500 HTTP/1.1" 200 31 "-" "WordPress/6.9; http://cqqizhou.com"
121.43.118.248 - - [14/Apr/2026:14:34:09 +0800] "GET /nmaplowercheck1776148442 HTTP/1.1" 404 31365 "-" "Mozilla/5.0 (compatible; Nmap Scripting Engine; https://nmap.org/book/nse.html)"
121.43.118.248 - - [14/Apr/2026:14:34:09 +0800] "POST /sdk HTTP/1.1" 404 31365 "-" "Mozilla/5.0 (compatible; Nmap Scripting Engine; https://nmap.org/book/nse.html)"
121.43.118.248 - - [14/Apr/2026:14:34:10 +0800] "GET /HNAP1 HTTP/1.1" 404 31365 "-" "Mozilla/5.0 (compatible; Nmap Scripting Engine; https://nmap.org/book/nse.html)"
121.43.118.248 - - [14/Apr/2026:14:34:10 +0800] "GET /evox/about HTTP/1.1" 404 31365 "-" "Mozilla/5.0 (compatible; Nmap Scripting Engine; https://nmap.org/book/nse.html)"
121.43.118.248 - - [14/Apr/2026:14:34:29 +0800] "GET / HTTP/1.0" 301 0 "-" "-"
121.43.118.248 - - [14/Apr/2026:14:34:30 +0800] "GET / HTTP/1.1" 301 5 "-" "-"
36.133.115.36 - - [14/Apr/2026:14:46:48 +0800] "POST /wp-cron.php?doing_wp_cron=1776149208.7660810947418212890625 HTTP/1.1" 200 31 "-" "WordPress/6.9; http://cqqizhou.com"
52.167.144.140 - - [14/Apr/2026:14:46:48 +0800] "GET /news/2464 HTTP/1.1" 200 23518 "-" "Mozilla/5.0 AppleWebKit/537.36 (KHTML, like Gecko; compatible; bingbot/2.0; +http://www.bing.com/bingbot.htm) Chrome/116.0.1938.76 Safari/537.36"
124.162.22.166 - - [14/Apr/2026:15:06:02 +0800] "GET / HTTP/1.1" 200 35158 "-" "Mozilla/5.0 (Windows NT 10.0; Win64; x64) AppleWebKit/537.36 (KHTML, like Gecko) Chrome/146.0.0.0 Safari/537.36"
124.162.22.166 - - [14/Apr/2026:15:06:02 +0800] "GET /wp-content/uploads/2025/07/1751425283-qizhou.kf_.qq_.com_.webp HTTP/1.1" 200 16864 "http://cqqizhou.com/" "Mozilla/5.0 (Windows NT 10.0; Win64; x64) AppleWebKit/537.36 (KHTML, like Gecko) Chrome/146.0.0.0 Safari/537.36"
124.162.22.166 - - [14/Apr/2026:15:06:03 +0800] "GET /wp-content/uploads/2025/12/1765268955-qizhou_Slider1_3840%C3%972160_20251210-scaled.webp HTTP/1.1" 200 152162 "http://cqqizhou.com/" "Mozilla/5.0 (Windows NT 10.0; Win64; x64) AppleWebKit/537.36 (KHTML, like Gecko) Chrome/146.0.0.0 Safari/537.36"
124.162.22.166 - - [14/Apr/2026:15:06:03 +0800] "GET /wp-content/uploads/2025/07/1753456723-%E5%8F%8C%E7%9B%B8%E9%92%A2roduct_Single600.webp HTTP/1.1" 200 22790 "http://cqqizhou.com/" "Mozilla/5.0 (Windows NT 10.0; Win64; x64) AppleWebKit/537.36 (KHTML, like Gecko) Chrome/146.0.0.0 Safari/537.36"
124.162.22.166 - - [14/Apr/2026:15:06:03 +0800] "GET /wp-content/uploads/2025/07/1753456770-%E7%83%AD%E9%95%80%E9%94%8C%E5%8D%B7product_Single600.webp HTTP/1.1" 200 27502 "http://cqqizhou.com/" "Mozilla/5.0 (Windows NT 10.0; Win64; x64) AppleWebKit/537.36 (KHTML, like Gecko) Chrome/146.0.0.0 Safari/537.36"
124.162.22.166 - - [14/Apr/2026:15:06:03 +0800] "GET /wp-content/uploads/2025/07/1753453127-%E4%BD%99%E5%8D%B7product_Single600%C3%97284.webp HTTP/1.1" 200 18744 "http://cqqizhou.com/" "Mozilla/5.0 (Windows NT 10.0; Win64; x64) AppleWebKit/537.36 (KHTML, like Gecko) Chrome/146.0.0.0 Safari/537.36"
124.162.22.166 - - [14/Apr/2026:15:06:03 +0800] "GET /wp-content/uploads/2025/07/1753453096-%E5%8F%8C%E7%9B%B8%E9%92%A2product_Single600%C3%97284.webp HTTP/1.1" 200 14562 "http://cqqizhou.com/" "Mozilla/5.0 (Windows NT 10.0; Win64; x64) AppleWebKit/537.36 (KHTML, like Gecko) Chrome/146.0.0.0 Safari/537.36"
124.162.22.166 - - [14/Apr/2026:15:06:03 +0800] "GET /wp-content/uploads/revslider/slider-1/1750861156-logistics_Slider_3840%C3%972160_20250625191356-scaled-50x100.webp HTTP/1.1" 200 1416 "http://cqqizhou.com/" "Mozilla/5.0 (Windows NT 10.0; Win64; x64) AppleWebKit/537.36 (KHTML, like Gecko) Chrome/146.0.0.0 Safari/537.36"
124.162.22.166 - - [14/Apr/2026:15:06:03 +0800] "GET /wp-content/uploads/2026/01/1768276119-qizhoujiagong_Slider_3840%C3%972160_20260113-scaled-50x100.webp HTTP/1.1" 200 976 "http://cqqizhou.com/" "Mozilla/5.0 (Windows NT 10.0; Win64; x64) AppleWebKit/537.36 (KHTML, like Gecko) Chrome/146.0.0.0 Safari/537.36"
36.133.115.36 - - [14/Apr/2026:15:06:04 +0800] "POST /wp-cron.php?doing_wp_cron=1776150364.4211459159851074218750 HTTP/1.1" 200 31 "-" "WordPress/6.9; http://cqqizhou.com"
124.162.22.166 - - [14/Apr/2026:15:06:04 +0800] "GET /wp-json/sliderrevolution/sliders/1?srengine=7&slideid=2 HTTP/1.1" 200 2000 "http://cqqizhou.com/" "Mozilla/5.0 (Windows NT 10.0; Win64; x64) AppleWebKit/537.36 (KHTML, like Gecko) Chrome/146.0.0.0 Safari/537.36"
124.162.22.166 - - [14/Apr/2026:15:06:04 +0800] "GET /wp-content/uploads/revslider/slider-1/1750861156-logistics_Slider_3840%C3%972160_20250625191356-scaled.webp HTTP/1.1" 200 197360 "http://cqqizhou.com/" "Mozilla/5.0 (Windows NT 10.0; Win64; x64) AppleWebKit/537.36 (KHTML, like Gecko) Chrome/146.0.0.0 Safari/537.36"
124.162.22.166 - - [14/Apr/2026:15:06:04 +0800] "GET /wp-json/sliderrevolution/sliders/1?srengine=7&slideid=4 HTTP/1.1" 200 2580 "http://cqqizhou.com/" "Mozilla/5.0 (Windows NT 10.0; Win64; x64) AppleWebKit/537.36 (KHTML, like Gecko) Chrome/146.0.0.0 Safari/537.36"
124.162.22.166 - - [14/Apr/2026:15:06:04 +0800] "GET /wp-content/uploads/2026/01/1768276119-qizhoujiagong_Slider_3840%C3%972160_20260113-scaled.webp HTTP/1.1" 200 131696 "http://cqqizhou.com/" "Mozilla/5.0 (Windows NT 10.0; Win64; x64) AppleWebKit/537.36 (KHTML, like Gecko) Chrome/146.0.0.0 Safari/537.36"
124.162.22.166 - - [14/Apr/2026:15:06:05 +0800] "GET /wp-content/uploads/2025/07/1750174127-Marketing1920x800_3.webp HTTP/1.1" 200 52790 "http://cqqizhou.com/wp-content/uploads/elementor/css/post-1666.css?ver=1773725585" "Mozilla/5.0 (Windows NT 10.0; Win64; x64) AppleWebKit/537.36 (KHTML, like Gecko) Chrome/146.0.0.0 Safari/537.36"
124.162.22.166 - - [14/Apr/2026:15:06:06 +0800] "GET /wp-content/uploads/2026/04/1775698332-Article_images_W900px.webp HTTP/1.1" 200 49852 "http://cqqizhou.com/" "Mozilla/5.0 (Windows NT 10.0; Win64; x64) AppleWebKit/537.36 (KHTML, like Gecko) Chrome/146.0.0.0 Safari/537.36"
124.162.22.166 - - [14/Apr/2026:15:06:06 +0800] "GET /wp-content/uploads/2026/04/1775865780-1Article_images_W900px.webp HTTP/1.1" 200 41840 "http://cqqizhou.com/" "Mozilla/5.0 (Windows NT 10.0; Win64; x64) AppleWebKit/537.36 (KHTML, like Gecko) Chrome/146.0.0.0 Safari/537.36"
124.162.22.166 - - [14/Apr/2026:15:06:06 +0800] "GET /wp-content/uploads/2026/04/1775195054-1Article_images_W900px.webp HTTP/1.1" 200 25562 "http://cqqizhou.com/" "Mozilla/5.0 (Windows NT 10.0; Win64; x64) AppleWebKit/537.36 (KHTML, like Gecko) Chrome/146.0.0.0 Safari/537.36"
124.162.22.166 - - [14/Apr/2026:15:06:06 +0800] "GET /wp-content/uploads/2026/02/1769999241-4.2%E7%B1%B3%E9%AB%98%E6%A0%8F%E8%B4%A7%E8%BD%A6.webp HTTP/1.1" 200 54794 "http://cqqizhou.com/" "Mozilla/5.0 (Windows NT 10.0; Win64; x64) AppleWebKit/537.36 (KHTML, like Gecko) Chrome/146.0.0.0 Safari/537.36"
124.162.22.166 - - [14/Apr/2026:15:06:06 +0800] "GET /wp-content/uploads/2025/07/1751829454-Smart-warehousing800x500.webp HTTP/1.1" 200 79504 "http://cqqizhou.com/wp-content/uploads/elementor/css/post-1666.css?ver=1773725585" "Mozilla/5.0 (Windows NT 10.0; Win64; x64) AppleWebKit/537.36 (KHTML, like Gecko) Chrome/146.0.0.0 Safari/537.36"
124.162.22.166 - - [14/Apr/2026:15:06:06 +0800] "GET /wp-content/uploads/2025/07/1751864664-Logistics800x500_1.webp HTTP/1.1" 200 76914 "http://cqqizhou.com/" "Mozilla/5.0 (Windows NT 10.0; Win64; x64) AppleWebKit/537.36 (KHTML, like Gecko) Chrome/146.0.0.0 Safari/537.36"
36.133.115.36 - - [14/Apr/2026:15:29:42 +0800] "POST /wp-cron.php?doing_wp_cron=1776151782.1812429428100585937500 HTTP/1.1" 200 31 "-" "WordPress/6.9; http://cqqizhou.com"
66.249.74.8 - - [14/Apr/2026:15:29:42 +0800] "GET /robots.txt HTTP/1.1" 200 190 "-" "Mozilla/5.0 (compatible; Googlebot/2.1; +http://www.google.com/bot.html)"
36.133.115.36 - - [14/Apr/2026:15:38:43 +0800] "POST /wp-cron.php?doing_wp_cron=1776152323.6243638992309570312500 HTTP/1.1" 200 31 "-" "WordPress/6.9; http://cqqizhou.com"
110.249.202.204 - - [14/Apr/2026:15:38:43 +0800] "GET /robots.txt HTTP/1.1" 200 190 "-" "Mozilla/5.0 (Linux; Android 5.0) AppleWebKit/537.36 (KHTML, like Gecko) Mobile Safari/537.36 (compatible; Bytespider; https://zhanzhang.toutiao.com/)"
36.133.115.36 - - [14/Apr/2026:15:40:44 +0800] "POST /wp-cron.php?doing_wp_cron=1776152444.3877511024475097656250 HTTP/1.1" 200 31 "-" "WordPress/6.9; http://cqqizhou.com"
121.40.45.43 - - [14/Apr/2026:15:40:44 +0800] "GET / HTTP/1.0" 301 0 "-" "-"
121.40.45.43 - - [14/Apr/2026:15:40:55 +0800] "GET / HTTP/1.0" 301 0 "-" "-"
121.40.45.43 - - [14/Apr/2026:15:40:55 +0800] "GET /nmaplowercheck1776152448 HTTP/1.1" 404 31365 "-" "Mozilla/5.0 (compatible; Nmap Scripting Engine; https://nmap.org/book/nse.html)"
121.40.45.43 - - [14/Apr/2026:15:40:55 +0800] "POST /sdk HTTP/1.1" 404 31365 "-" "Mozilla/5.0 (compatible; Nmap Scripting Engine; https://nmap.org/book/nse.html)"
121.40.45.43 - - [14/Apr/2026:15:40:56 +0800] "GET /HNAP1 HTTP/1.1" 404 31365 "-" "Mozilla/5.0 (compatible; Nmap Scripting Engine; https://nmap.org/book/nse.html)"
121.40.45.43 - - [14/Apr/2026:15:40:56 +0800] "GET /evox/about HTTP/1.1" 404 31365 "-" "Mozilla/5.0 (compatible; Nmap Scripting Engine; https://nmap.org/book/nse.html)"
36.133.115.36 - - [14/Apr/2026:15:41:15 +0800] "POST /wp-cron.php?doing_wp_cron=1776152475.4147980213165283203125 HTTP/1.1" 200 31 "-" "WordPress/6.9; http://cqqizhou.com"
121.40.45.43 - - [14/Apr/2026:15:41:15 +0800] "GET / HTTP/1.0" 301 0 "-" "-"
121.40.45.43 - - [14/Apr/2026:15:41:16 +0800] "GET / HTTP/1.1" 301 5 "-" "-"
36.133.115.36 - - [14/Apr/2026:15:42:23 +0800] "POST /wp-cron.php?doing_wp_cron=1776152543.2088470458984375000000 HTTP/1.1" 200 31 "-" "WordPress/6.9; http://cqqizhou.com"
5.39.1.238 - - [14/Apr/2026:15:42:23 +0800] "GET /company-news/ HTTP/1.1" 301 5 "-" "Mozilla/5.0 (compatible; AhrefsBot/7.0; +http://ahrefs.com/robot/)"
36.133.115.36 - - [14/Apr/2026:16:03:08 +0800] "POST /wp-cron.php?doing_wp_cron=1776153788.3680651187896728515625 HTTP/1.1" 200 31 "-" "WordPress/6.9; http://cqqizhou.com"
43.135.134.127 - - [14/Apr/2026:16:03:08 +0800] "GET / HTTP/1.1" 200 34724 "-" "Mozilla/5.0 (iPhone; CPU iPhone OS 13_2_3 like Mac OS X) AppleWebKit/605.1.15 (KHTML, like Gecko) Version/13.0.3 Mobile/15E148 Safari/604.1"
110.249.201.7 - - [14/Apr/2026:16:03:25 +0800] "GET /wp-content/uploads/2026/01/1768276119-qizhoujiagong_Slider_3840%C3%972160_20260113-scaled.webp HTTP/1.1" 200 131696 "http://cqqizhou.com/" "Mozilla/5.0 (Linux; Android 5.0) AppleWebKit/537.36 (KHTML, like Gecko) Mobile Safari/537.36 (compatible; Bytespider; https://zhanzhang.toutiao.com/)"
36.133.115.36 - - [14/Apr/2026:16:10:01 +0800] "POST /wp-cron.php?doing_wp_cron=1776154201.4985620975494384765625 HTTP/1.1" 200 31 "-" "WordPress/6.9; http://cqqizhou.com"
35.199.24.193 - - [14/Apr/2026:16:10:01 +0800] "GET / HTTP/1.1" 200 34724 "-" "Linux Gnu (cow)"
36.133.115.36 - - [14/Apr/2026:16:23:11 +0800] "POST /wp-cron.php?doing_wp_cron=1776154991.7725920677185058593750 HTTP/1.1" 200 31 "-" "WordPress/6.9; http://cqqizhou.com"
45.79.181.223 - - [14/Apr/2026:16:23:11 +0800] "GET / HTTP/1.1" 301 5 "-" "Mozilla/5.0 (Macintosh; Intel Mac OS X 13_1) AppleWebKit/537.36 (KHTML, like Gecko) Chrome/108.0.0.0 Safari/537.36"
45.79.181.223 - - [14/Apr/2026:16:23:12 +0800] "GET / HTTP/1.1" 200 35158 "http://36.133.115.36/" "Mozilla/5.0 (Macintosh; Intel Mac OS X 13_1) AppleWebKit/537.36 (KHTML, like Gecko) Chrome/108.0.0.0 Safari/537.36"
36.133.115.36 - - [14/Apr/2026:16:33:08 +0800] "POST /wp-cron.php?doing_wp_cron=1776155588.8003499507904052734375 HTTP/1.1" 200 31 "-" "WordPress/6.9; http://cqqizhou.com"
196.217.22.158 - - [14/Apr/2026:16:33:08 +0800] "GET /.env HTTP/1.1" 404 8950 "-" "Mozilla/5.0 (Macintosh; Intel Mac OS X 10.15; rv:77.0) Gecko/20100101 Firefox/77.0"
36.133.115.36 - - [14/Apr/2026:16:56:18 +0800] "POST /wp-cron.php?doing_wp_cron=1776156978.8752830028533935546875 HTTP/1.1" 200 31 "-" "WordPress/6.9; http://cqqizhou.com"
121.43.55.31 - - [14/Apr/2026:16:56:18 +0800] "GET / HTTP/1.1" 301 5 "-" "Mozilla/5.0 (Windows NT 10.0; Win64; x64) AppleWebKit/537.36 (KHTML, like Gecko) Chrome/59.0.3071.115 Safari/537.36"
36.133.115.36 - - [14/Apr/2026:17:00:10 +0800] "POST /wp-cron.php?doing_wp_cron=1776157210.0988628864288330078125 HTTP/1.1" 200 31 "-" "WordPress/6.9; http://cqqizhou.com"
49.51.204.74 - - [14/Apr/2026:17:00:10 +0800] "GET / HTTP/1.1" 301 5 "-" "Mozilla/5.0 (iPhone; CPU iPhone OS 13_2_3 like Mac OS X) AppleWebKit/605.1.15 (KHTML, like Gecko) Version/13.0.3 Mobile/15E148 Safari/604.1"
49.51.204.74 - - [14/Apr/2026:17:00:12 +0800] "GET / HTTP/1.1" 200 34723 "http://www.cqqizhou.com" "Mozilla/5.0 (iPhone; CPU iPhone OS 13_2_3 like Mac OS X) AppleWebKit/605.1.15 (KHTML, like Gecko) Version/13.0.3 Mobile/15E148 Safari/604.1"
36.133.115.36 - - [14/Apr/2026:17:29:50 +0800] "POST /wp-cron.php?doing_wp_cron=1776158989.9956300258636474609375 HTTP/1.1" 200 31 "-" "WordPress/6.9; http://cqqizhou.com"
85.11.183.6 - - [14/Apr/2026:17:29:50 +0800] "GET / HTTP/1.1" 200 34723 "-" "Mozilla/5.0 (Windows NT 10.0; Win64; x64) AppleWebKit/537.36 (KHTML, like Gecko) Chrome/140.0.0.0 Safari/537.36"
222.95.233.135 - - [14/Apr/2026:17:49:28 +0800] "GET http://cqqizhou.com/wp-content/uploads/2026/01/1767691466-Article_images_W900%C3%97500px202601061-300x167.webp HTTP/1.1" 200 13164 "http://cqqizhou.com/" "Mozilla/5.0 (Windows NT 10.0; Win64; x64) AppleWebKit/537.36 (KHTML, like Gecko) Chrome/104.0.5112.81 Safari/537.36"
36.133.115.36 - - [14/Apr/2026:17:54:39 +0800] "POST /wp-cron.php?doing_wp_cron=1776160479.0380039215087890625000 HTTP/1.1" 200 31 "-" "WordPress/6.9; http://cqqizhou.com"
203.2.64.59 - - [14/Apr/2026:17:54:39 +0800] "GET / HTTP/1.1" 200 34723 "-" "Mozilla/5.0 (iPhone; CPU iPhone OS 13_2_3 like Mac OS X) AppleWebKit/605.1.15 (KHTML, like Gecko) Version/13.0.3 Mobile/15E148 Safari/604.1"
36.133.115.36 - - [14/Apr/2026:18:09:00 +0800] "POST /wp-cron.php?doing_wp_cron=1776161340.2585821151733398437500 HTTP/1.1" 200 31 "-" "WordPress/6.9; http://cqqizhou.com"
170.106.160.90 - - [14/Apr/2026:18:09:00 +0800] "GET / HTTP/1.1" 301 5 "-" "Mozilla/5.0 (iPhone; CPU iPhone OS 13_2_3 like Mac OS X) AppleWebKit/605.1.15 (KHTML, like Gecko) Version/13.0.3 Mobile/15E148 Safari/604.1"
170.106.160.90 - - [14/Apr/2026:18:09:03 +0800] "GET / HTTP/1.1" 200 34724 "http://36.133.115.36" "Mozilla/5.0 (iPhone; CPU iPhone OS 13_2_3 like Mac OS X) AppleWebKit/605.1.15 (KHTML, like Gecko) Version/13.0.3 Mobile/15E148 Safari/604.1"
36.133.115.36 - - [14/Apr/2026:18:12:48 +0800] "POST /wp-cron.php?doing_wp_cron=1776161568.0474820137023925781250 HTTP/1.1" 200 31 "-" "WordPress/6.9; http://cqqizhou.com"
52.80.117.62 - - [14/Apr/2026:18:12:48 +0800] "GET /2418/ HTTP/1.1" 301 5 "-" "Mozilla/5.0 (Macintosh; Intel Mac OS X 10_15_7) AppleWebKit/537.36 (KHTML, like Gecko) Chrome/117.0.0.0 Safari/537.36"
54.222.255.2 - - [14/Apr/2026:18:12:48 +0800] "GET /news/2418 HTTP/1.1" 200 27268 "-" "Mozilla/5.0 (Macintosh; Intel Mac OS X 10_15_7) AppleWebKit/537.36 (KHTML, like Gecko) Chrome/117.0.0.0 Safari/537.36"
52.81.136.1 - - [14/Apr/2026:18:12:48 +0800] "GET /wp-content/uploads/2026/04/1775195054-1Article_images_W900px-768x432.webp HTTP/1.1" 200 26908 "http://cqqizhou.com/news/2418" "Mozilla/5.0 (Macintosh; Intel Mac OS X 10_15_7) AppleWebKit/537.36 (KHTML, like Gecko) Chrome/117.0.0.0 Safari/537.36"
54.222.255.2 - - [14/Apr/2026:18:12:48 +0800] "GET /wp-content/uploads/2026/04/1775698332-Article_images_W900px-768x432.webp HTTP/1.1" 200 50430 "http://cqqizhou.com/news/2418" "Mozilla/5.0 (Macintosh; Intel Mac OS X 10_15_7) AppleWebKit/537.36 (KHTML, like Gecko) Chrome/117.0.0.0 Safari/537.36"
52.81.136.1 - - [14/Apr/2026:18:12:48 +0800] "GET /wp-content/uploads/2025/07/1751425283-qizhou.kf_.qq_.com_.webp HTTP/1.1" 200 16864 "http://cqqizhou.com/news/2418" "Mozilla/5.0 (Macintosh; Intel Mac OS X 10_15_7) AppleWebKit/537.36 (KHTML, like Gecko) Chrome/117.0.0.0 Safari/537.36"
71.132.20.76 - - [14/Apr/2026:18:12:48 +0800] "GET /wp-content/uploads/revslider/slider-1/1750861156-logistics_Slider_3840%C3%972160_20250625191356-scaled-768x432.webp HTTP/1.1" 200 31912 "http://cqqizhou.com/news/2418" "Mozilla/5.0 (Macintosh; Intel Mac OS X 10_15_7) AppleWebKit/537.36 (KHTML, like Gecko) Chrome/117.0.0.0 Safari/537.36"
54.222.255.2 - - [14/Apr/2026:18:12:49 +0800] "GET /wp-content/uploads/2025/07/1753410289-News2000%C3%97400_202571.webp HTTP/1.1" 200 17830 "http://cqqizhou.com/news/2418" "Mozilla/5.0 (Macintosh; Intel Mac OS X 10_15_7) AppleWebKit/537.36 (KHTML, like Gecko) Chrome/117.0.0.0 Safari/537.36"
36.133.115.36 - - [14/Apr/2026:18:31:12 +0800] "POST /wp-cron.php?doing_wp_cron=1776162672.4821619987487792968750 HTTP/1.1" 200 31 "-" "WordPress/6.9; http://cqqizhou.com"
198.12.115.18 - - [14/Apr/2026:18:31:12 +0800] "GET / HTTP/1.1" 301 5 "-" "Mozilla/5.0 (Windows NT 10.0; Win64; x64) AppleWebKit/537.36"
36.133.115.36 - - [14/Apr/2026:18:39:17 +0800] "POST /wp-cron.php?doing_wp_cron=1776163157.4740710258483886718750 HTTP/1.1" 200 31 "-" "WordPress/6.9; http://cqqizhou.com"
111.225.149.70 - - [14/Apr/2026:18:39:17 +0800] "GET /robots.txt HTTP/1.1" 200 190 "-" "Mozilla/5.0 (Linux; Android 5.0) AppleWebKit/537.36 (KHTML, like Gecko) Mobile Safari/537.36 (compatible; Bytespider; https://zhanzhang.toutiao.com/)"
36.133.115.36 - - [14/Apr/2026:18:48:27 +0800] "POST /wp-cron.php?doing_wp_cron=1776163707.6126461029052734375000 HTTP/1.1" 200 31 "-" "WordPress/6.9; http://cqqizhou.com"
218.92.204.214 - - [14/Apr/2026:18:48:27 +0800] "GET /contacts/ HTTP/1.1" 301 5 "-" "Mozilla/5.0 (Windows NT 10.0; Win64; x64) AppleWebKit/537.36 (KHTML, like Gecko) Chrome/136.0.0.0 Safari/537.36"
218.92.204.214 - - [14/Apr/2026:18:48:27 +0800] "GET http://cqqizhou.com/contacts HTTP/1.1" 200 21618 "-" "Mozilla/5.0 (Windows NT 10.0; Win64; x64) AppleWebKit/537.36 (KHTML, like Gecko) Chrome/136.0.0.0 Safari/537.36"
36.133.115.36 - - [14/Apr/2026:19:13:32 +0800] "POST /wp-cron.php?doing_wp_cron=1776165212.4125320911407470703125 HTTP/1.1" 200 31 "-" "WordPress/6.9; http://cqqizhou.com"
180.119.151.78 - - [14/Apr/2026:19:13:32 +0800] "GET /contacts/ HTTP/1.1" 301 5 "http://cqqizhou.com/contacts/" "Mozilla/5.0 (Windows NT 10.0; Win64; x64) AppleWebKit/537.36 (KHTML, like Gecko) Chrome/136.0.0.0 Safari/537.36"
180.119.151.78 - - [14/Apr/2026:19:13:32 +0800] "GET http://cqqizhou.com/contacts HTTP/1.1" 200 21618 "http://cqqizhou.com/contacts/" "Mozilla/5.0 (Windows NT 10.0; Win64; x64) AppleWebKit/537.36 (KHTML, like Gecko) Chrome/136.0.0.0 Safari/537.36"
117.89.112.160 - - [14/Apr/2026:19:13:44 +0800] "GET /contacts/ HTTP/1.1" 301 5 "-" "Mozilla/5.0 (Windows NT 10.0; Win64; x64) AppleWebKit/537.36 (KHTML, like Gecko) Chrome/136.0.0.0 Safari/537.36"
110.249.201.106 - - [14/Apr/2026:19:35:12 +0800] "GET /wp-content/uploads/2026/01/1768280270-anquan_Slider_3840%C3%972160_20260114-scaled.webp HTTP/1.1" 200 198126 "http://cqqizhou.com/" "Mozilla/5.0 (Linux; Android 5.0) AppleWebKit/537.36 (KHTML, like Gecko) Mobile Safari/537.36 (compatible; Bytespider; https://zhanzhang.toutiao.com/)"
121.40.47.210 - - [14/Apr/2026:19:51:37 +0800] "GET / HTTP/1.1" 200 35158 "-" "Mozilla/5.0 (Windows NT 10.0; Win64; x64) AppleWebKit/537.36 (KHTML, like Gecko) Chrome/59.0.3071.115 Safari/537.36"
36.133.115.36 - - [14/Apr/2026:19:53:07 +0800] "POST /wp-cron.php?doing_wp_cron=1776167586.9609649181365966796875 HTTP/1.1" 200 31 "-" "WordPress/6.9; http://cqqizhou.com"
121.199.162.33 - - [14/Apr/2026:19:53:07 +0800] "GET / HTTP/1.1" 301 5 "-" "Mozilla/5.0 (Windows NT 10.0; Win64; x64) AppleWebKit/537.36 (KHTML, like Gecko) Chrome/59.0.3071.115 Safari/537.36"
36.133.115.36 - - [14/Apr/2026:20:02:17 +0800] "POST /wp-cron.php?doing_wp_cron=1776168137.6357719898223876953125 HTTP/1.1" 200 31 "-" "WordPress/6.9; http://cqqizhou.com"
170.106.35.187 - - [14/Apr/2026:20:02:17 +0800] "GET / HTTP/1.1" 200 34726 "-" "Mozilla/5.0 (iPhone; CPU iPhone OS 13_2_3 like Mac OS X) AppleWebKit/605.1.15 (KHTML, like Gecko) Version/13.0.3 Mobile/15E148 Safari/604.1"
36.133.108.121 - - [14/Apr/2026:20:08:40 +0800] "HEAD /lib/phpunit/src/Util/PHP/eval-stdin.php HTTP/1.1" 404 0 "-" "Mozilla/5.0 (iPad; U; CPU OS 3_2 like Mac OS X; en-us) AppleWebKit/531.21.10 (KHTML, like Gecko) Version/4.0.4 Mobile/7B334b Safari/531.21.10"
36.133.115.36 - - [14/Apr/2026:20:11:31 +0800] "POST /wp-cron.php?doing_wp_cron=1776168691.4454100131988525390625 HTTP/1.1" 200 31 "-" "WordPress/6.9; http://cqqizhou.com"
146.70.149.55 - - [14/Apr/2026:20:11:31 +0800] "GET /wp-content/plugins/post-hit-counter/readme.txt HTTP/1.1" 404 8949 "-" "Mozilla/5.0 (Macintosh; Intel Mac OS X 10_10_5) AppleWebKit/603.3.8 (KHTML, like Gecko) Version/10.1.2 Safari/603.3.8"
146.70.149.55 - - [14/Apr/2026:20:11:31 +0800] "GET /wp-content/plugins/absolute-privacy/readme.txt HTTP/1.1" 404 8949 "-" "Mozilla/5.0 (Windows NT 10.0; Win64; x64) AppleWebKit/537.36 (KHTML, like Gecko) Chrome/51.0.2704.79 Safari/537.36 Edge/14.14393"
146.70.149.55 - - [14/Apr/2026:20:11:31 +0800] "GET /wp-content/plugins/wp-security-pro/readme.txt HTTP/1.1" 404 8949 "-" "Mozilla/5.0 (X11; Linux x86_64) AppleWebKit/537.36 (KHTML, like Gecko) Chrome/130.0.0.0 Safari/537.36"
146.70.149.55 - - [14/Apr/2026:20:11:31 +0800] "GET /wp-content/plugins/wp-asambleas/readme.txt HTTP/1.1" 404 8949 "-" "Mozilla/5.0 (Kubuntu; Linux i686) AppleWebKit/537.36 (KHTML, like Gecko) Chrome/134.0.0.0 Safari/537.36"
146.70.149.55 - - [14/Apr/2026:20:11:31 +0800] "GET /wp-content/plugins/capturly-optimize-your-website/readme.txt HTTP/1.1" 404 8949 "-" "Mozilla/5.0 (Macintosh; Intel Mac OS X 10_15_6) AppleWebKit/605.1.15 (KHTML, like Gecko) Version/14.0.1 Safari/605.1.15"
146.70.149.55 - - [14/Apr/2026:20:11:32 +0800] "GET /wp-content/plugins/wp-repost/readme.txt HTTP/1.1" 404 8949 "-" "Mozilla/5.0 (Macintosh; Intel Mac OS X 12_5) AppleWebKit/605.1.15 (KHTML, like Gecko) Version/15.4 Safari/605.1.15"
146.70.149.55 - - [14/Apr/2026:20:11:32 +0800] "GET /wp-content/plugins/personalize-woocommerce-cart-page/readme.txt HTTP/1.1" 404 8949 "-" "Mozilla/5.0 (Debian; Linux x86_64) AppleWebKit/537.36 (KHTML, like Gecko) Chrome/133.0.0.0 Safari/537.36"
146.70.149.55 - - [14/Apr/2026:20:11:32 +0800] "GET /wp-content/plugins/automatewoo/readme.txt HTTP/1.1" 404 8949 "-" "Mozilla/5.0 (Macintosh, Intel Mac OS X 10_15_7) AppleWebKit/605.1.15 (KHTML, like Gecko) Version/17.6 Safari/605.1.15"
146.70.149.55 - - [14/Apr/2026:20:11:32 +0800] "GET /wp-content/plugins/price-bands-for-woocommerce/readme.txt HTTP/1.1" 404 8949 "-" "Mozilla/5.0 (Fedora; Linux x86_64) AppleWebKit/537.36 (KHTML, like Gecko) Chrome/137.0.0.0 Safari/537.36"
146.70.149.55 - - [14/Apr/2026:20:11:32 +0800] "GET /wp-content/plugins/rich-counter/readme.txt HTTP/1.1" 404 8949 "-" "Mozilla/5.0 (X11; Linux i686; rv:1.9.6.20) Gecko/ Firefox/10.0"
146.70.149.55 - - [14/Apr/2026:20:11:32 +0800] "GET /wp-content/plugins/hide-shipping-method-for-woocommerce/readme.txt HTTP/1.1" 404 8949 "-" "Mozilla/5.0 (Fedora; Linux x86_64) AppleWebKit/537.36 (KHTML, like Gecko) Chrome/128.0.0.0 Safari/537.36"
146.70.149.55 - - [14/Apr/2026:20:11:32 +0800] "GET /wp-content/plugins/stock-locations-for-woocommerce/readme.txt HTTP/1.1" 404 8949 "-" "Mozilla/5.0 (Windows NT 6.2; rv:140.0.) Gecko/20100101 Firefox/140.0."
146.70.149.55 - - [14/Apr/2026:20:11:33 +0800] "GET /wp-content/plugins/displayproduct/readme.txt HTTP/1.1" 404 8949 "-" "Mozilla/5.0 (Macintosh; Intel Mac OS X 10_11_5) AppleWebKit/601.6.17 (KHTML, like Gecko) Version/9.1.1 Safari/601.6.17"
146.70.149.55 - - [14/Apr/2026:20:11:33 +0800] "GET /wp-content/plugins/ajax-woosearch/readme.txt HTTP/1.1" 404 8949 "-" "Mozilla/5.0 (Macintosh; Intel Mac OS X 10.15; rv:130.0) Gecko/20100101 Firefox/130.0"
146.70.149.55 - - [14/Apr/2026:20:11:33 +0800] "GET /wp-content/plugins/nestbyte-core/readme.txt HTTP/1.1" 404 8949 "-" "Mozilla/5.0 (Windows NT 10.0; Win64; x64; rv:123.0) Gecko/20100101 Firefox/123"
146.70.149.55 - - [14/Apr/2026:20:11:33 +0800] "GET /wp-content/plugins/wc-ajax-product-filter/readme.txt HTTP/1.1" 404 8949 "-" "Mozilla/5.0 (Windows NT 6.1; WOW64) AppleWebKit/537.36 (KHTML, like Gecko)Safari/537.36"
146.70.149.55 - - [14/Apr/2026:20:11:33 +0800] "GET /wp-content/plugins/mts-url-shortener/readme.txt HTTP/1.1" 404 8949 "-" "Mozilla/5.0 (CentOS; Linux i686) AppleWebKit/537.36 (KHTML, like Gecko) Chrome/139.0.0.0 Safari/537.36"
146.70.149.55 - - [14/Apr/2026:20:11:33 +0800] "GET /wp-content/plugins/one-click-plugin-updater/readme.txt HTTP/1.1" 404 8949 "-" "Mozilla/5.0 (Windows NT 10.0; Win64; x64; rv:101.0) Gecko/20100101 Firefox/101.0"
36.133.115.36 - - [14/Apr/2026:20:11:33 +0800] "POST /wp-cron.php?doing_wp_cron=1776168693.2206070423126220703125 HTTP/1.1" 200 31 "-" "WordPress/6.9; http://cqqizhou.com"
146.70.149.55 - - [14/Apr/2026:20:11:33 +0800] "GET /wp-content/plugins/the-buffer-button/readme.txt HTTP/1.1" 404 8949 "-" "Mozilla/5.0 (Windows NT 10.0; Win64; x64; rv:98.0) Gecko/20100101 Firefox/98.0"
146.70.149.55 - - [14/Apr/2026:20:11:33 +0800] "GET /wp-content/plugins/skt-paypal-for-woocommerce/readme.txt HTTP/1.1" 404 8949 "-" "Mozilla/5.0 (Debian; Linux i686) AppleWebKit/537.36 (KHTML, like Gecko) Chrome/138.0.0.0 Safari/537.36"
36.133.115.36 - - [14/Apr/2026:20:16:03 +0800] "POST /wp-cron.php?doing_wp_cron=1776168963.7281310558319091796875 HTTP/1.1" 200 31 "-" "WordPress/6.9; http://cqqizhou.com"
43.153.113.127 - - [14/Apr/2026:20:16:03 +0800] "GET / HTTP/1.1" 200 34725 "-" "Mozilla/5.0 (iPhone; CPU iPhone OS 13_2_3 like Mac OS X) AppleWebKit/605.1.15 (KHTML, like Gecko) Version/13.0.3 Mobile/15E148 Safari/604.1"
36.133.115.36 - - [14/Apr/2026:20:17:20 +0800] "POST /wp-cron.php?doing_wp_cron=1776169040.7286870479583740234375 HTTP/1.1" 200 31 "-" "WordPress/6.9; http://cqqizhou.com"
93.158.90.74 - - [14/Apr/2026:20:17:20 +0800] "GET / HTTP/1.1" 200 34725 "-" "Mozilla/5.0 (Linux; Android 12; SAMSUNG SM-A415F) AppleWebKit/537.36 (KHTML, like Gecko) SamsungBrowser/23.0 Chrome/115.0.0.0 Mobile Safari/537.3"
185.191.171.16 - - [14/Apr/2026:20:17:20 +0800] "GET /club HTTP/1.1" 200 13084 "-" "Mozilla/5.0 (compatible; SemrushBot/7~bl; +http://www.semrush.com/bot.html)"
93.158.90.71 - - [14/Apr/2026:20:17:22 +0800] "GET /news/portfolio-category/hot-dip-galvanized-coil HTTP/1.1" 200 17722 "-" "Mozilla/5.0 (Linux; Android 12; SAMSUNG SM-A415F) AppleWebKit/537.36 (KHTML, like Gecko) SamsungBrowser/23.0 Chrome/115.0.0.0 Mobile Safari/537.3"
93.158.90.73 - - [14/Apr/2026:20:17:24 +0800] "GET /news/portfolio/%e5%86%b7%e8%bd%a7%e6%9d%bf HTTP/1.1" 200 18828 "-" "Mozilla/5.0 (Linux; Android 12; SAMSUNG SM-A415F) AppleWebKit/537.36 (KHTML, like Gecko) SamsungBrowser/23.0 Chrome/115.0.0.0 Mobile Safari/537.3"
93.158.90.66 - - [14/Apr/2026:20:17:26 +0800] "GET /news/portfolio-category/cold-rolled-coil HTTP/1.1" 200 17728 "-" "Mozilla/5.0 (Linux; Android 12; SAMSUNG SM-A415F) AppleWebKit/537.36 (KHTML, like Gecko) SamsungBrowser/23.0 Chrome/115.0.0.0 Mobile Safari/537.3"
36.133.115.36 - - [14/Apr/2026:20:20:09 +0800] "POST /wp-cron.php?doing_wp_cron=1776169209.2200050354003906250000 HTTP/1.1" 200 31 "-" "WordPress/6.9; http://cqqizhou.com"
198.12.115.18 - - [14/Apr/2026:20:20:09 +0800] "GET / HTTP/1.1" 301 5 "-" "Mozilla/5.0 (Windows NT 10.0; Win64; x64) AppleWebKit/537.36"
36.133.115.36 - - [14/Apr/2026:20:25:29 +0800] "POST /wp-cron.php?doing_wp_cron=1776169529.7882781028747558593750 HTTP/1.1" 200 31 "-" "WordPress/6.9; http://cqqizhou.com"
157.245.103.79 - - [14/Apr/2026:20:25:29 +0800] "GET / HTTP/1.1" 301 5 "-" "Go-http-client/1.1"
36.133.115.36 - - [14/Apr/2026:20:51:04 +0800] "POST /wp-cron.php?doing_wp_cron=1776171064.0251100063323974609375 HTTP/1.1" 200 31 "-" "WordPress/6.9; http://cqqizhou.com"
4.186.56.66 - - [14/Apr/2026:20:51:04 +0800] "GET / HTTP/1.1" 301 5 "-" "Go-http-client/1.1"
36.133.115.36 - - [14/Apr/2026:20:59:12 +0800] "POST /wp-cron.php?doing_wp_cron=1776171552.2483789920806884765625 HTTP/1.1" 200 31 "-" "WordPress/6.9; http://cqqizhou.com"
204.76.203.206 - - [14/Apr/2026:20:59:12 +0800] "GET / HTTP/1.1" 200 34725 "-" "Mozilla/5.0 (Windows NT 10.0; Win64; x64) AppleWebKit/537.36 (KHTML, like Gecko) Chrome/90.0.4430.85 Safari/537.36 Edg/90.0.818.46"
36.133.115.36 - - [14/Apr/2026:21:07:35 +0800] "POST /wp-cron.php?doing_wp_cron=1776172055.1347200870513916015625 HTTP/1.1" 200 31 "-" "WordPress/6.9; http://cqqizhou.com"
193.233.89.249 - - [14/Apr/2026:21:07:35 +0800] "GET / HTTP/1.1" 301 5 "-" "Mozilla/5.0 (Windows NT 10.0; Win64; x64) AppleWebKit/537.36"
36.133.115.36 - - [14/Apr/2026:21:27:29 +0800] "POST /wp-cron.php?doing_wp_cron=1776173249.7226300239562988281250 HTTP/1.1" 200 31 "-" "WordPress/6.9; http://cqqizhou.com"
5.61.209.107 - - [14/Apr/2026:21:27:29 +0800] "GET /SDK/webLanguage HTTP/1.1" 301 5 "-" "Mozilla/5.0 (Windows NT 10.0; Win64; x64) AppleWebKit/537.36 (KHTML, like Gecko) Chrome/90.0.4430.85 Safari/537.36 Edg/90.0.818.46"
36.133.115.36 - - [14/Apr/2026:22:23:51 +0800] "POST /wp-cron.php?doing_wp_cron=1776176631.5969700813293457031250 HTTP/1.1" 200 31 "-" "WordPress/6.9; http://cqqizhou.com"
40.77.167.57 - - [14/Apr/2026:22:23:51 +0800] "GET /2159/ HTTP/1.1" 301 5 "-" "Mozilla/5.0 AppleWebKit/537.36 (KHTML, like Gecko; compatible; bingbot/2.0; +http://www.bing.com/bingbot.htm) Chrome/116.0.1938.76 Safari/537.36"
36.133.115.36 - - [14/Apr/2026:23:12:09 +0800] "POST /wp-cron.php?doing_wp_cron=1776179529.5091431140899658203125 HTTP/1.1" 200 31 "-" "WordPress/6.9; http://cqqizhou.com"
49.51.33.159 - - [14/Apr/2026:23:12:09 +0800] "GET / HTTP/1.1" 301 5 "-" "Mozilla/5.0 (iPhone; CPU iPhone OS 13_2_3 like Mac OS X) AppleWebKit/605.1.15 (KHTML, like Gecko) Version/13.0.3 Mobile/15E148 Safari/604.1"
49.51.33.159 - - [14/Apr/2026:23:12:14 +0800] "GET / HTTP/1.1" 200 34725 "http://www.cqqizhou.com" "Mozilla/5.0 (iPhone; CPU iPhone OS 13_2_3 like Mac OS X) AppleWebKit/605.1.15 (KHTML, like Gecko) Version/13.0.3 Mobile/15E148 Safari/604.1"
36.133.115.36 - - [14/Apr/2026:23:17:17 +0800] "POST /wp-cron.php?doing_wp_cron=1776179837.1185390949249267578125 HTTP/1.1" 200 31 "-" "WordPress/6.9; http://cqqizhou.com"
120.241.209.176 - - [14/Apr/2026:23:17:17 +0800] "GET /2231/ HTTP/1.1" 301 5 "-" "Mozilla/5.0 (Windows NT 10.0; Win64; x64) AppleWebKit/537.36 (KHTML, like Gecko) Chrome/105.0.0.0 Safari/537.3"
120.241.209.152 - - [14/Apr/2026:23:17:17 +0800] "GET /news/2231 HTTP/1.1" 200 23591 "-" "Mozilla/5.0 (Windows NT 10.0; Win64; x64) AppleWebKit/537.36 (KHTML, like Gecko) Chrome/105.0.0.0 Safari/537.3"
20.151.227.112 - - [14/Apr/2026:23:19:33 +0800] "GET /wp-content/plugins/hellopress/wp_filemanager.php HTTP/1.1" 404 27 "-" "-"
20.151.227.112 - - [14/Apr/2026:23:19:34 +0800] "GET /edit-tags.php HTTP/1.1" 404 27 "-" "-"
20.151.227.112 - - [14/Apr/2026:23:19:34 +0800] "GET /mamzi.php HTTP/1.1" 404 27 "-" "-"
20.151.227.112 - - [14/Apr/2026:23:19:34 +0800] "GET /lef.php HTTP/1.1" 404 27 "-" "-"
20.151.227.112 - - [14/Apr/2026:23:19:35 +0800] "GET /new2.php HTTP/1.1" 404 27 "-" "-"
20.151.227.112 - - [14/Apr/2026:23:19:35 +0800] "GET /fallbackapi.php HTTP/1.1" 404 27 "-" "-"
20.151.227.112 - - [14/Apr/2026:23:19:35 +0800] "GET /wp-0fsdhv.php HTTP/1.1" 404 27 "-" "-"
20.151.227.112 - - [14/Apr/2026:23:19:35 +0800] "GET /rnenu.php HTTP/1.1" 404 27 "-" "-"
20.151.227.112 - - [14/Apr/2026:23:19:36 +0800] "GET /congeree.php HTTP/1.1" 404 27 "-" "-"
20.151.227.112 - - [14/Apr/2026:23:19:36 +0800] "GET /seo.php HTTP/1.1" 404 27 "-" "-"
20.151.227.112 - - [14/Apr/2026:23:19:36 +0800] "GET /jatuh.php HTTP/1.1" 404 27 "-" "-"
20.151.227.112 - - [14/Apr/2026:23:19:37 +0800] "GET /green.php HTTP/1.1" 404 27 "-" "-"
20.151.227.112 - - [14/Apr/2026:23:19:38 +0800] "GET /multirole.php HTTP/1.1" 404 27 "-" "-"
20.151.227.112 - - [14/Apr/2026:23:19:38 +0800] "GET /RIP.php HTTP/1.1" 404 27 "-" "-"
20.151.227.112 - - [14/Apr/2026:23:19:38 +0800] "GET /wp-act.php HTTP/1.1" 404 27 "-" "-"
20.151.227.112 - - [14/Apr/2026:23:19:38 +0800] "GET /cobaini.php HTTP/1.1" 404 27 "-" "-"
20.151.227.112 - - [14/Apr/2026:23:19:39 +0800] "GET /mmp.php HTTP/1.1" 404 27 "-" "-"
20.151.227.112 - - [14/Apr/2026:23:19:39 +0800] "GET /sf.php HTTP/1.1" 404 27 "-" "-"
20.151.227.112 - - [14/Apr/2026:23:19:39 +0800] "GET /xozx.php HTTP/1.1" 404 27 "-" "-"
20.151.227.112 - - [14/Apr/2026:23:19:40 +0800] "GET /clque.php HTTP/1.1" 404 27 "-" "-"
20.151.227.112 - - [14/Apr/2026:23:19:40 +0800] "GET /albrt.php HTTP/1.1" 404 27 "-" "-"
20.151.227.112 - - [14/Apr/2026:23:19:40 +0800] "GET /ahaoi.php HTTP/1.1" 404 27 "-" "-"
20.151.227.112 - - [14/Apr/2026:23:19:40 +0800] "GET /bogles.php HTTP/1.1" 404 27 "-" "-"
20.151.227.112 - - [14/Apr/2026:23:19:41 +0800] "GET /xxx.php HTTP/1.1" 404 27 "-" "-"
20.151.227.112 - - [14/Apr/2026:23:19:41 +0800] "GET /s.php HTTP/1.1" 404 27 "-" "-"
20.151.227.112 - - [14/Apr/2026:23:19:41 +0800] "GET /unloathness.php HTTP/1.1" 404 27 "-" "-"
20.151.227.112 - - [14/Apr/2026:23:19:42 +0800] "GET /doo.php HTTP/1.1" 404 27 "-" "-"
20.151.227.112 - - [14/Apr/2026:23:19:42 +0800] "GET /x123.php HTTP/1.1" 404 27 "-" "-"
20.151.227.112 - - [14/Apr/2026:23:19:42 +0800] "GET /h2.php HTTP/1.1" 404 27 "-" "-"
20.151.227.112 - - [14/Apr/2026:23:19:43 +0800] "GET /greateb.php HTTP/1.1" 404 27 "-" "-"
20.151.227.112 - - [14/Apr/2026:23:19:43 +0800] "GET /wp-class.php HTTP/1.1" 404 27 "-" "-"
20.151.227.112 - - [14/Apr/2026:23:19:43 +0800] "GET /mjq.php/kma.php HTTP/1.1" 404 27 "-" "-"
20.151.227.112 - - [14/Apr/2026:23:19:44 +0800] "GET /bjeni.php HTTP/1.1" 404 27 "-" "-"
20.151.227.112 - - [14/Apr/2026:23:19:44 +0800] "GET /export.php HTTP/1.1" 404 27 "-" "-"
20.151.227.112 - - [14/Apr/2026:23:19:44 +0800] "GET /tymi.php HTTP/1.1" 404 27 "-" "-"
20.151.227.112 - - [14/Apr/2026:23:19:45 +0800] "GET /rrr.php HTTP/1.1" 404 27 "-" "-"
20.151.227.112 - - [14/Apr/2026:23:19:45 +0800] "GET /jp.php HTTP/1.1" 404 27 "-" "-"
20.151.227.112 - - [14/Apr/2026:23:19:46 +0800] "GET /gdn.php HTTP/1.1" 404 27 "-" "-"
20.151.227.112 - - [14/Apr/2026:23:19:46 +0800] "GET /wp-wlx.php HTTP/1.1" 404 27 "-" "-"
20.151.227.112 - - [14/Apr/2026:23:19:46 +0800] "GET /zvz89.php HTTP/1.1" 404 27 "-" "-"
20.151.227.112 - - [14/Apr/2026:23:19:46 +0800] "GET /i6z19N.php HTTP/1.1" 404 27 "-" "-"
20.151.227.112 - - [14/Apr/2026:23:19:47 +0800] "GET /xl9.php HTTP/1.1" 404 27 "-" "-"
20.151.227.112 - - [14/Apr/2026:23:19:47 +0800] "GET /asd67.php HTTP/1.1" 404 27 "-" "-"
20.151.227.112 - - [14/Apr/2026:23:19:47 +0800] "GET /ccu.php HTTP/1.1" 404 27 "-" "-"
20.151.227.112 - - [14/Apr/2026:23:19:47 +0800] "GET /class-wp-image.php HTTP/1.1" 404 27 "-" "-"
20.151.227.112 - - [14/Apr/2026:23:19:48 +0800] "GET /wp-4sd6kt.php HTTP/1.1" 404 27 "-" "-"
20.151.227.112 - - [14/Apr/2026:23:19:48 +0800] "GET /wp-Blogs.php HTTP/1.1" 404 27 "-" "-"
20.151.227.112 - - [14/Apr/2026:23:19:48 +0800] "GET /disagrsxr.php HTTP/1.1" 404 27 "-" "-"
20.151.227.112 - - [14/Apr/2026:23:19:49 +0800] "GET /torsa1.php HTTP/1.1" 404 27 "-" "-"
20.151.227.112 - - [14/Apr/2026:23:19:49 +0800] "GET /x7W.php HTTP/1.1" 404 27 "-" "-"
20.151.227.112 - - [14/Apr/2026:23:19:49 +0800] "GET /w.php HTTP/1.1" 404 27 "-" "-"
20.151.227.112 - - [14/Apr/2026:23:19:50 +0800] "GET /Jcrop.php HTTP/1.1" 404 27 "-" "-"
20.151.227.112 - - [14/Apr/2026:23:19:50 +0800] "GET /ws88.php HTTP/1.1" 404 27 "-" "-"
20.151.227.112 - - [14/Apr/2026:23:19:51 +0800] "GET /themes4.php HTTP/1.1" 404 27 "-" "-"
20.151.227.112 - - [14/Apr/2026:23:19:51 +0800] "GET /wsc.php HTTP/1.1" 404 27 "-" "-"
20.151.227.112 - - [14/Apr/2026:23:19:51 +0800] "GET /error_log.php HTTP/1.1" 404 27 "-" "-"
20.151.227.112 - - [14/Apr/2026:23:19:52 +0800] "GET /zeal.php HTTP/1.1" 404 27 "-" "-"
20.151.227.112 - - [14/Apr/2026:23:19:52 +0800] "GET /bless5.php HTTP/1.1" 404 27 "-" "-"
20.151.227.112 - - [14/Apr/2026:23:19:53 +0800] "GET /lolz.php HTTP/1.1" 404 27 "-" "-"
20.151.227.112 - - [14/Apr/2026:23:19:53 +0800] "GET /d.php HTTP/1.1" 404 27 "-" "-"
20.151.227.112 - - [14/Apr/2026:23:19:53 +0800] "GET /database.php HTTP/1.1" 404 27 "-" "-"
20.151.227.112 - - [14/Apr/2026:23:19:54 +0800] "GET /zxcs.php HTTP/1.1" 404 27 "-" "-"
20.151.227.112 - - [14/Apr/2026:23:19:54 +0800] "GET /rea889y.php HTTP/1.1" 404 27 "-" "-"
20.151.227.112 - - [14/Apr/2026:23:19:54 +0800] "GET /100.php HTTP/1.1" 404 27 "-" "-"
20.151.227.112 - - [14/Apr/2026:23:19:55 +0800] "GET /prosell2.php HTTP/1.1" 404 27 "-" "-"
20.151.227.112 - - [14/Apr/2026:23:19:55 +0800] "GET /22name.php HTTP/1.1" 404 27 "-" "-"
20.151.227.112 - - [14/Apr/2026:23:19:55 +0800] "GET /fs9.php HTTP/1.1" 404 27 "-" "-"
20.151.227.112 - - [14/Apr/2026:23:19:56 +0800] "GET /wp1.php HTTP/1.1" 404 27 "-" "-"
20.151.227.112 - - [14/Apr/2026:23:19:56 +0800] "GET /f2.php HTTP/1.1" 404 27 "-" "-"
20.151.227.112 - - [14/Apr/2026:23:19:56 +0800] "GET /ftde.php HTTP/1.1" 404 27 "-" "-"
20.151.227.112 - - [14/Apr/2026:23:19:57 +0800] "GET /shadow-bot.php HTTP/1.1" 404 27 "-" "-"
20.151.227.112 - - [14/Apr/2026:23:19:57 +0800] "GET /ianmg.php HTTP/1.1" 404 27 "-" "-"
20.151.227.112 - - [14/Apr/2026:23:19:57 +0800] "GET /333.php HTTP/1.1" 404 27 "-" "-"
20.151.227.112 - - [14/Apr/2026:23:19:58 +0800] "GET /ssh3ll.php HTTP/1.1" 404 27 "-" "-"
20.151.227.112 - - [14/Apr/2026:23:19:58 +0800] "GET /itil.php HTTP/1.1" 404 27 "-" "-"
20.151.227.112 - - [14/Apr/2026:23:19:58 +0800] "GET /snus.php HTTP/1.1" 404 27 "-" "-"
20.151.227.112 - - [14/Apr/2026:23:19:59 +0800] "GET /shlo.php HTTP/1.1" 404 27 "-" "-"
20.151.227.112 - - [14/Apr/2026:23:19:59 +0800] "GET /mas80.php HTTP/1.1" 404 27 "-" "-"
20.151.227.112 - - [14/Apr/2026:23:19:59 +0800] "GET /torsa.php HTTP/1.1" 404 27 "-" "-"
20.151.227.112 - - [14/Apr/2026:23:20:00 +0800] "GET /cilus.php HTTP/1.1" 404 27 "-" "-"
20.151.227.112 - - [14/Apr/2026:23:20:00 +0800] "GET /wp-upload.php HTTP/1.1" 404 27 "-" "-"
20.151.227.112 - - [14/Apr/2026:23:20:01 +0800] "GET /fcnlp.php HTTP/1.1" 404 27 "-" "-"
20.151.227.112 - - [14/Apr/2026:23:20:01 +0800] "GET /xxc.php HTTP/1.1" 404 27 "-" "-"
20.151.227.112 - - [14/Apr/2026:23:20:01 +0800] "GET /wp-su.php HTTP/1.1" 404 27 "-" "-"
20.151.227.112 - - [14/Apr/2026:23:20:01 +0800] "GET /ZSLeDE.php HTTP/1.1" 404 27 "-" "-"
20.151.227.112 - - [14/Apr/2026:23:20:02 +0800] "GET /sadcut1.php HTTP/1.1" 404 27 "-" "-"
20.151.227.112 - - [14/Apr/2026:23:20:02 +0800] "GET /bngv.php HTTP/1.1" 404 27 "-" "-"
20.151.227.112 - - [14/Apr/2026:23:20:02 +0800] "GET /admin-filters.php HTTP/1.1" 404 27 "-" "-"
20.151.227.112 - - [14/Apr/2026:23:20:03 +0800] "GET /xy.php HTTP/1.1" 404 27 "-" "-"
20.151.227.112 - - [14/Apr/2026:23:20:03 +0800] "GET /gm.php HTTP/1.1" 404 27 "-" "-"
20.151.227.112 - - [14/Apr/2026:23:20:03 +0800] "GET /kiwkiw.php HTTP/1.1" 404 27 "-" "-"
20.151.227.112 - - [14/Apr/2026:23:20:04 +0800] "GET /bhm.php HTTP/1.1" 404 27 "-" "-"
20.151.227.112 - - [14/Apr/2026:23:20:04 +0800] "GET /ahutr.php HTTP/1.1" 404 27 "-" "-"
20.151.227.112 - - [14/Apr/2026:23:20:04 +0800] "GET /lupo.php HTTP/1.1" 404 27 "-" "-"
20.151.227.112 - - [14/Apr/2026:23:20:05 +0800] "GET /bdktk.php HTTP/1.1" 404 27 "-" "-"
20.151.227.112 - - [14/Apr/2026:23:20:05 +0800] "GET /amwxl.php HTTP/1.1" 404 27 "-" "-"
20.151.227.112 - - [14/Apr/2026:23:20:05 +0800] "GET /wp-blog.php HTTP/1.1" 404 27 "-" "-"
20.151.227.112 - - [14/Apr/2026:23:20:06 +0800] "GET /a7.php HTTP/1.1" 404 27 "-" "-"
20.151.227.112 - - [14/Apr/2026:23:20:06 +0800] "GET /rujgeote.php HTTP/1.1" 404 27 "-" "-"
20.151.227.112 - - [14/Apr/2026:23:20:06 +0800] "GET /css/shlo.php HTTP/1.1" 404 27 "-" "-"
20.151.227.112 - - [14/Apr/2026:23:20:09 +0800] "GET /kj.php HTTP/1.1" 404 27 "-" "-"
20.151.227.112 - - [14/Apr/2026:23:20:09 +0800] "GET /only.php HTTP/1.1" 404 27 "-" "-"
20.151.227.112 - - [14/Apr/2026:23:20:09 +0800] "GET /un.php HTTP/1.1" 404 27 "-" "-"
20.151.227.112 - - [14/Apr/2026:23:20:10 +0800] "GET /wp-bugs.php HTTP/1.1" 404 27 "-" "-"
20.151.227.112 - - [14/Apr/2026:23:20:10 +0800] "GET /de.php HTTP/1.1" 404 27 "-" "-"
20.151.227.112 - - [14/Apr/2026:23:20:10 +0800] "GET /fs6.php HTTP/1.1" 404 27 "-" "-"
20.151.227.112 - - [14/Apr/2026:23:20:11 +0800] "GET /ng.php HTTP/1.1" 404 27 "-" "-"
20.151.227.112 - - [14/Apr/2026:23:20:11 +0800] "GET /btx25.php HTTP/1.1" 404 27 "-" "-"
20.151.227.112 - - [14/Apr/2026:23:20:12 +0800] "GET /dass.php HTTP/1.1" 404 27 "-" "-"
20.151.227.112 - - [14/Apr/2026:23:20:12 +0800] "GET /co.php HTTP/1.1" 404 27 "-" "-"
20.151.227.112 - - [14/Apr/2026:23:20:12 +0800] "GET /obfuscate.php HTTP/1.1" 404 27 "-" "-"
20.151.227.112 - - [14/Apr/2026:23:20:12 +0800] "GET /ww.php HTTP/1.1" 404 27 "-" "-"
20.151.227.112 - - [14/Apr/2026:23:20:13 +0800] "GET /wp-tymanage.php HTTP/1.1" 404 27 "-" "-"
20.151.227.112 - - [14/Apr/2026:23:20:13 +0800] "GET /size.php HTTP/1.1" 404 27 "-" "-"
20.151.227.112 - - [14/Apr/2026:23:20:13 +0800] "GET /rithin.php HTTP/1.1" 404 27 "-" "-"
20.151.227.112 - - [14/Apr/2026:23:20:14 +0800] "GET /55.php HTTP/1.1" 404 27 "-" "-"
20.151.227.112 - - [14/Apr/2026:23:20:14 +0800] "GET /wp-block.php HTTP/1.1" 404 27 "-" "-"
20.151.227.112 - - [14/Apr/2026:23:20:14 +0800] "GET /tiny2.php HTTP/1.1" 404 27 "-" "-"
20.151.227.112 - - [14/Apr/2026:23:20:15 +0800] "GET /bardbdze.php HTTP/1.1" 404 27 "-" "-"
20.151.227.112 - - [14/Apr/2026:23:20:15 +0800] "GET /zz.php HTTP/1.1" 404 27 "-" "-"
20.151.227.112 - - [14/Apr/2026:23:20:15 +0800] "GET /amxloxxr.php HTTP/1.1" 404 27 "-" "-"
20.151.227.112 - - [14/Apr/2026:23:20:16 +0800] "GET /.yuf.php HTTP/1.1" 404 27 "-" "-"
20.151.227.112 - - [14/Apr/2026:23:20:16 +0800] "GET /wert.php HTTP/1.1" 404 27 "-" "-"
20.151.227.112 - - [14/Apr/2026:23:20:16 +0800] "GET /wp-good.php HTTP/1.1" 404 27 "-" "-"
20.151.227.112 - - [14/Apr/2026:23:20:17 +0800] "GET /new4.php HTTP/1.1" 404 27 "-" "-"
20.151.227.112 - - [14/Apr/2026:23:20:17 +0800] "GET /wpb.php HTTP/1.1" 404 27 "-" "-"
20.151.227.112 - - [14/Apr/2026:23:20:18 +0800] "GET /wp-ver.php HTTP/1.1" 404 27 "-" "-"
20.151.227.112 - - [14/Apr/2026:23:20:18 +0800] "GET /bootstrap.php HTTP/1.1" 404 27 "-" "-"
20.151.227.112 - - [14/Apr/2026:23:20:18 +0800] "GET /.well-known/index.php HTTP/1.1" 404 27 "-" "-"
20.151.227.112 - - [14/Apr/2026:23:20:18 +0800] "GET /class-bda.php HTTP/1.1" 404 27 "-" "-"
20.151.227.112 - - [14/Apr/2026:23:20:19 +0800] "GET /haz.php HTTP/1.1" 404 27 "-" "-"
20.151.227.112 - - [14/Apr/2026:23:20:19 +0800] "GET /f222.php HTTP/1.1" 404 27 "-" "-"
20.151.227.112 - - [14/Apr/2026:23:20:20 +0800] "GET /less.php HTTP/1.1" 404 27 "-" "-"
20.151.227.112 - - [14/Apr/2026:23:20:20 +0800] "GET /sfcl.php HTTP/1.1" 404 27 "-" "-"
20.151.227.112 - - [14/Apr/2026:23:20:21 +0800] "GET /css/database.php HTTP/1.1" 404 27 "-" "-"
20.151.227.112 - - [14/Apr/2026:23:20:21 +0800] "GET /ca-022.php HTTP/1.1" 404 27 "-" "-"
20.151.227.112 - - [14/Apr/2026:23:20:22 +0800] "GET /act.php HTTP/1.1" 404 27 "-" "-"
20.151.227.112 - - [14/Apr/2026:23:20:22 +0800] "GET /enacting.php HTTP/1.1" 404 27 "-" "-"
20.151.227.112 - - [14/Apr/2026:23:20:22 +0800] "GET /ta0ol.php HTTP/1.1" 404 27 "-" "-"
20.151.227.112 - - [14/Apr/2026:23:20:23 +0800] "GET /cilng.php HTTP/1.1" 404 27 "-" "-"
20.151.227.112 - - [14/Apr/2026:23:20:23 +0800] "GET /bkxzo.php HTTP/1.1" 404 27 "-" "-"
20.151.227.112 - - [14/Apr/2026:23:20:24 +0800] "GET /acp.php HTTP/1.1" 404 27 "-" "-"
20.151.227.112 - - [14/Apr/2026:23:20:24 +0800] "GET /nti.php HTTP/1.1" 404 27 "-" "-"
20.151.227.112 - - [14/Apr/2026:23:20:25 +0800] "GET /rh.php HTTP/1.1" 404 27 "-" "-"
20.151.227.112 - - [14/Apr/2026:23:20:25 +0800] "GET /Eva.php HTTP/1.1" 404 27 "-" "-"
20.151.227.112 - - [14/Apr/2026:23:20:25 +0800] "GET /nco.php HTTP/1.1" 404 27 "-" "-"
20.151.227.112 - - [14/Apr/2026:23:20:26 +0800] "GET /xwx1.php HTTP/1.1" 404 27 "-" "-"
20.151.227.112 - - [14/Apr/2026:23:20:26 +0800] "GET /55l453.php HTTP/1.1" 404 27 "-" "-"
20.151.227.112 - - [14/Apr/2026:23:20:26 +0800] "GET /wp-stat.php HTTP/1.1" 404 27 "-" "-"
20.151.227.112 - - [14/Apr/2026:23:20:27 +0800] "GET /as.php HTTP/1.1" 404 27 "-" "-"
20.151.227.112 - - [14/Apr/2026:23:20:27 +0800] "GET /zo.php/itil.php HTTP/1.1" 404 27 "-" "-"
20.151.227.112 - - [14/Apr/2026:23:20:27 +0800] "GET /zwq.php HTTP/1.1" 404 27 "-" "-"
20.151.227.112 - - [14/Apr/2026:23:20:28 +0800] "GET /wxpass.php HTTP/1.1" 404 27 "-" "-"
20.151.227.112 - - [14/Apr/2026:23:20:28 +0800] "GET /wp-demomav.php HTTP/1.1" 404 27 "-" "-"
20.151.227.112 - - [14/Apr/2026:23:20:29 +0800] "GET /wpls.php HTTP/1.1" 404 27 "-" "-"
20.151.227.112 - - [14/Apr/2026:23:20:29 +0800] "GET /wp-gr.php HTTP/1.1" 404 27 "-" "-"
20.151.227.112 - - [14/Apr/2026:23:20:29 +0800] "GET /file-gertdxz.php HTTP/1.1" 404 27 "-" "-"
20.151.227.112 - - [14/Apr/2026:23:20:30 +0800] "GET /2026w.php HTTP/1.1" 404 27 "-" "-"
20.151.227.112 - - [14/Apr/2026:23:20:30 +0800] "GET /ckk.php HTTP/1.1" 404 27 "-" "-"
20.151.227.112 - - [14/Apr/2026:23:20:30 +0800] "GET /img.php HTTP/1.1" 404 27 "-" "-"
20.151.227.112 - - [14/Apr/2026:23:20:30 +0800] "GET /zt2.php HTTP/1.1" 404 27 "-" "-"
20.151.227.112 - - [14/Apr/2026:23:20:31 +0800] "GET /class-cc.php HTTP/1.1" 404 27 "-" "-"
20.151.227.112 - - [14/Apr/2026:23:20:31 +0800] "GET /wp-lvminl.php HTTP/1.1" 404 27 "-" "-"
20.151.227.112 - - [14/Apr/2026:23:20:31 +0800] "GET /bx.php HTTP/1.1" 404 27 "-" "-"
20.151.227.112 - - [14/Apr/2026:23:20:32 +0800] "GET /classwithtostring.php HTTP/1.1" 404 27 "-" "-"
20.151.227.112 - - [14/Apr/2026:23:20:32 +0800] "GET /dx.php HTTP/1.1" 404 27 "-" "-"
20.151.227.112 - - [14/Apr/2026:23:20:32 +0800] "GET /24name.php HTTP/1.1" 404 27 "-" "-"
20.151.227.112 - - [14/Apr/2026:23:20:33 +0800] "GET /re.php HTTP/1.1" 404 27 "-" "-"
20.151.227.112 - - [14/Apr/2026:23:20:33 +0800] "GET /xx.php HTTP/1.1" 404 27 "-" "-"
20.151.227.112 - - [14/Apr/2026:23:20:33 +0800] "GET /6.php HTTP/1.1" 404 27 "-" "-"
20.151.227.112 - - [14/Apr/2026:23:20:34 +0800] "GET /blox.php HTTP/1.1" 404 27 "-" "-"
20.151.227.112 - - [14/Apr/2026:23:20:34 +0800] "GET /cibai.php HTTP/1.1" 404 27 "-" "-"
20.151.227.112 - - [14/Apr/2026:23:20:34 +0800] "GET /wso-x569.php HTTP/1.1" 404 27 "-" "-"
20.151.227.112 - - [14/Apr/2026:23:20:35 +0800] "GET /wp-ccv.php HTTP/1.1" 404 27 "-" "-"
20.151.227.112 - - [14/Apr/2026:23:20:35 +0800] "GET /classc.php HTTP/1.1" 404 27 "-" "-"
20.151.227.112 - - [14/Apr/2026:23:20:36 +0800] "GET /HLA-dd.php HTTP/1.1" 404 27 "-" "-"
20.151.227.112 - - [14/Apr/2026:23:20:36 +0800] "GET /kaza.php HTTP/1.1" 404 27 "-" "-"
20.151.227.112 - - [14/Apr/2026:23:20:36 +0800] "GET /444.php HTTP/1.1" 404 27 "-" "-"
36.133.115.36 - - [14/Apr/2026:23:22:36 +0800] "POST /wp-cron.php?doing_wp_cron=1776180156.8898839950561523437500 HTTP/1.1" 200 31 "-" "WordPress/6.9; http://cqqizhou.com"
64.227.183.20 - - [14/Apr/2026:23:22:36 +0800] "GET / HTTP/1.1" 301 5 "-" "Mozilla/5.0 (X11; Linux x86_64; rv:142.0) Gecko/20100101 Firefox/142.0"
36.133.115.36 - - [14/Apr/2026:23:28:49 +0800] "POST /wp-cron.php?doing_wp_cron=1776180529.7380979061126708984375 HTTP/1.1" 200 31 "-" "WordPress/6.9; http://cqqizhou.com"
193.142.146.230 - - [14/Apr/2026:23:28:49 +0800] "POST /goform/formJsonAjaxReq HTTP/1.1" 404 31365 "http://36.133.115.36:80/login.asp" "Mozilla/5.0"
36.133.115.36 - - [14/Apr/2026:23:31:12 +0800] "POST /wp-cron.php?doing_wp_cron=1776180672.9513299465179443359375 HTTP/1.1" 200 31 "-" "WordPress/6.9; http://cqqizhou.com"
204.76.203.206 - - [14/Apr/2026:23:31:12 +0800] "GET / HTTP/1.1" 200 34725 "-" "Mozilla/5.0 (Windows NT 10.0; Win64; x64) AppleWebKit/537.36 (KHTML, like Gecko) Chrome/90.0.4430.85 Safari/537.36 Edg/90.0.818.46"
36.133.115.36 - - [14/Apr/2026:23:32:43 +0800] "POST /wp-cron.php?doing_wp_cron=1776180763.4108629226684570312500 HTTP/1.1" 200 31 "-" "WordPress/6.9; http://cqqizhou.com"
120.77.183.184 - - [14/Apr/2026:23:32:43 +0800] "GET /user/register HTTP/1.1" 404 8949 "-" "Mozilla/5.0 (Windows NT 10.0; Win64; x64)"
36.133.108.121 - - [14/Apr/2026:23:33:04 +0800] "HEAD /lib/phpunit/Util/PHP/eval-stdin.php HTTP/1.1" 404 0 "-" "Mozilla/5.0 (Macintosh; U; Intel Mac OS X 10_6_7; en-us) AppleWebKit/534.16+ (KHTML, like Gecko) Version/5.0.3 Safari/533.19.4"
36.133.115.36 - - [14/Apr/2026:23:37:13 +0800] "POST /wp-cron.php?doing_wp_cron=1776181033.7541720867156982421875 HTTP/1.1" 200 31 "-" "WordPress/6.9; http://cqqizhou.com"
