167.172.89.254 - - [06/Apr/2026:14:18:40 +0800] "POST /wp-login.php HTTP/1.1" 200 3007 "http://www.cqqizhou.com/wp-login.php" "Mozilla/5.0 (Windows NT 10.0; Win64; x64) AppleWebKit/537.36 (KHTML, like Gecko) Chrome/118.0.0.0 Safari/537.36"
167.172.89.254 - - [06/Apr/2026:14:18:43 +0800] "POST /wp-login.php HTTP/1.1" 200 3062 "http://www.cqqizhou.com/wp-login.php" "Mozilla/5.0 (Macintosh; Intel Mac OS X 13_6_1; rv:118.0) Gecko/20100101 Firefox/118.0"
167.172.89.254 - - [06/Apr/2026:14:18:46 +0800] "POST /wp-login.php HTTP/1.1" 200 3062 "http://www.cqqizhou.com/wp-login.php" "Mozilla/5.0 (Macintosh; Intel Mac OS X 10_15_7) AppleWebKit/605.1.15 (KHTML, like Gecko) Version/16.6 Safari/605.1.15"
167.172.89.254 - - [06/Apr/2026:14:18:50 +0800] "POST /wp-login.php HTTP/1.1" 200 3007 "http://www.cqqizhou.com/wp-login.php" "Mozilla/5.0 (X11; Linux x86_64) AppleWebKit/537.36 (KHTML, like Gecko) Chrome/119.0.0.0 Safari/537.36"
167.172.89.254 - - [06/Apr/2026:14:18:53 +0800] "POST /wp-login.php HTTP/1.1" 200 3062 "http://www.cqqizhou.com/wp-login.php" "Mozilla/5.0 (Macintosh; Intel Mac OS X 13_6_1) AppleWebKit/537.36 (KHTML, like Gecko) Chrome/118.0.0.0 Safari/537.36"
36.133.115.36 - - [06/Apr/2026:14:19:09 +0800] "POST /wp-cron.php?doing_wp_cron=1775456349.5398569107055664062500 HTTP/1.1" 200 31 "-" "WordPress/6.9; http://cqqizhou.com"
167.172.89.254 - - [06/Apr/2026:14:19:09 +0800] "POST /wp-login.php HTTP/1.1" 200 3007 "http://www.cqqizhou.com/wp-login.php" "Mozilla/5.0 (X11; Ubuntu; Linux x86_64) AppleWebKit/537.36 (KHTML, like Gecko) Chrome/118.0.0.0 Safari/537.36"
167.172.89.254 - - [06/Apr/2026:14:19:13 +0800] "POST /wp-login.php HTTP/1.1" 200 3062 "http://www.cqqizhou.com/wp-login.php" "Mozilla/5.0 (Macintosh; Intel Mac OS X 10_15_7; rv:120.0) Gecko/20100101 Firefox/120.0"
167.172.89.254 - - [06/Apr/2026:14:19:15 +0800] "POST /wp-login.php HTTP/1.1" 200 3007 "http://www.cqqizhou.com/wp-login.php" "Mozilla/5.0 (Windows NT 11.0; Win64; x64; rv:120.0) Gecko/20100101 Firefox/120.0"
167.172.89.254 - - [06/Apr/2026:14:19:17 +0800] "POST /wp-login.php HTTP/1.1" 200 3062 "http://www.cqqizhou.com/wp-login.php" "Mozilla/5.0 (Windows NT 10.0; Win64; x64) AppleWebKit/537.36 (KHTML, like Gecko) Chrome/118.0.0.0 Safari/537.36"
167.172.89.254 - - [06/Apr/2026:14:19:19 +0800] "POST /wp-login.php HTTP/1.1" 200 3007 "http://www.cqqizhou.com/wp-login.php" "Mozilla/5.0 (Macintosh; Intel Mac OS X 10_15_7) AppleWebKit/537.36 (KHTML, like Gecko) Chrome/118.0.0.0 Safari/537.36"
167.172.89.254 - - [06/Apr/2026:14:19:22 +0800] "POST /wp-login.php HTTP/1.1" 200 3007 "http://www.cqqizhou.com/wp-login.php" "Mozilla/5.0 (Macintosh; Intel Mac OS X 13_6_1) AppleWebKit/537.36 (KHTML, like Gecko) Chrome/119.0.0.0 Safari/537.36"
167.172.89.254 - - [06/Apr/2026:14:19:24 +0800] "POST /wp-login.php HTTP/1.1" 200 3062 "http://www.cqqizhou.com/wp-login.php" "Mozilla/5.0 (Macintosh; Intel Mac OS X 13_6_1; rv:120.0) Gecko/20100101 Firefox/120.0"
167.172.89.254 - - [06/Apr/2026:14:19:26 +0800] "POST /wp-login.php HTTP/1.1" 200 3007 "http://www.cqqizhou.com/wp-login.php" "Mozilla/5.0 (Windows NT 10.0; Win64; x64) AppleWebKit/537.36 (KHTML, like Gecko) Chrome/120.0.0.0 Safari/537.36"
167.172.89.254 - - [06/Apr/2026:14:19:28 +0800] "POST /wp-login.php HTTP/1.1" 200 3062 "http://www.cqqizhou.com/wp-login.php" "Mozilla/5.0 (Windows NT 10.0; Win64; x64) AppleWebKit/537.36 (KHTML, like Gecko) Chrome/118.0.0.0 Safari/537.36"
167.172.89.254 - - [06/Apr/2026:14:19:30 +0800] "POST /wp-login.php HTTP/1.1" 200 3007 "http://www.cqqizhou.com/wp-login.php" "Mozilla/5.0 (X11; Ubuntu; Linux x86_64) AppleWebKit/537.36 (KHTML, like Gecko) Chrome/121.0.0.0 Safari/537.36"
167.172.89.254 - - [06/Apr/2026:14:19:48 +0800] "POST /wp-login.php HTTP/1.1" 200 3062 "http://www.cqqizhou.com/wp-login.php" "Mozilla/5.0 (Macintosh; Intel Mac OS X 13_6_1) AppleWebKit/537.36 (KHTML, like Gecko) Chrome/118.0.0.0 Safari/537.36"
167.172.89.254 - - [06/Apr/2026:14:19:52 +0800] "POST /wp-login.php HTTP/1.1" 200 3007 "http://www.cqqizhou.com/wp-login.php" "Mozilla/5.0 (Macintosh; Intel Mac OS X 13_6_1) AppleWebKit/605.1.15 (KHTML, like Gecko) Version/17.1 Safari/605.1.15"
167.172.89.254 - - [06/Apr/2026:14:19:54 +0800] "POST /wp-login.php HTTP/1.1" 200 3062 "http://www.cqqizhou.com/wp-login.php" "Mozilla/5.0 (Macintosh; Intel Mac OS X 13_6_1; rv:121.0) Gecko/20100101 Firefox/121.0"
167.172.89.254 - - [06/Apr/2026:14:19:57 +0800] "POST /wp-login.php HTTP/1.1" 200 3007 "http://www.cqqizhou.com/wp-login.php" "Mozilla/5.0 (Windows NT 11.0; Win64; x64) AppleWebKit/537.36 (KHTML, like Gecko) Chrome/120.0.0.0 Safari/537.36"
167.172.89.254 - - [06/Apr/2026:14:20:00 +0800] "POST /wp-login.php HTTP/1.1" 200 3062 "http://www.cqqizhou.com/wp-login.php" "Mozilla/5.0 (Macintosh; Intel Mac OS X 13_6_1) AppleWebKit/537.36 (KHTML, like Gecko) Chrome/118.0.0.0 Safari/537.36"
198.244.168.216 - - [06/Apr/2026:14:20:01 +0800] "GET /media/3 HTTP/1.1" 200 26154 "-" "Mozilla/5.0 (compatible; AhrefsBot/7.0; +http://ahrefs.com/robot/)"
167.172.89.254 - - [06/Apr/2026:14:20:03 +0800] "POST /wp-login.php HTTP/1.1" 200 3007 "http://www.cqqizhou.com/wp-login.php" "Mozilla/5.0 (X11; Linux x86_64) AppleWebKit/537.36 (KHTML, like Gecko) Chrome/120.0.0.0 Safari/537.36"
167.172.89.254 - - [06/Apr/2026:14:20:05 +0800] "POST /wp-login.php HTTP/1.1" 200 3062 "http://www.cqqizhou.com/wp-login.php" "Mozilla/5.0 (Windows NT 11.0; Win64; x64; rv:118.0) Gecko/20100101 Firefox/118.0"
36.133.115.36 - - [06/Apr/2026:14:20:08 +0800] "POST /wp-cron.php?doing_wp_cron=1775456408.7755980491638183593750 HTTP/1.1" 200 31 "-" "WordPress/6.9; http://cqqizhou.com"
167.172.89.254 - - [06/Apr/2026:14:20:08 +0800] "POST /wp-login.php HTTP/1.1" 200 3007 "http://www.cqqizhou.com/wp-login.php" "Mozilla/5.0 (Windows NT 10.0; Win64; x64) AppleWebKit/537.36 (KHTML, like Gecko) Chrome/120.0.0.0 Safari/537.36"
167.172.89.254 - - [06/Apr/2026:14:20:13 +0800] "POST /wp-login.php HTTP/1.1" 200 3062 "http://www.cqqizhou.com/wp-login.php" "Mozilla/5.0 (X11; Linux x86_64) AppleWebKit/537.36 (KHTML, like Gecko) Chrome/120.0.0.0 Safari/537.36"
167.172.89.254 - - [06/Apr/2026:14:20:16 +0800] "POST /wp-login.php HTTP/1.1" 200 3007 "http://www.cqqizhou.com/wp-login.php" "Mozilla/5.0 (Macintosh; Intel Mac OS X 10_15_7) AppleWebKit/537.36 (KHTML, like Gecko) Chrome/118.0.0.0 Safari/537.36"
198.244.168.106 - - [06/Apr/2026:14:20:18 +0800] "GET /wp-content/uploads/2025/11/1762861549-%E5%85%A8%E6%99%AF%E5%90%AF%E8%88%9F%E5%9D%A4%E7%85%8C%E5%BA%93.webp HTTP/1.1" 200 18812 "-" "Mozilla/5.0 (compatible; AhrefsBot/7.0; +http://ahrefs.com/robot/)"
198.244.168.0 - - [06/Apr/2026:14:20:21 +0800] "GET /media/3 HTTP/1.1" 200 26154 "-" "Mozilla/5.0 (compatible; AhrefsBot/7.0; +http://ahrefs.com/robot/)"
198.244.183.28 - - [06/Apr/2026:14:20:26 +0800] "GET /wp-content/uploads/media/qizhou_Brochure.webp HTTP/1.1" 200 26142 "-" "Mozilla/5.0 (compatible; AhrefsBot/7.0; +http://ahrefs.com/robot/)"
167.172.89.254 - - [06/Apr/2026:14:20:42 +0800] "POST /wp-login.php HTTP/1.1" 200 3062 "http://www.cqqizhou.com/wp-login.php" "Mozilla/5.0 (Macintosh; Intel Mac OS X 13_6_1) AppleWebKit/605.1.15 (KHTML, like Gecko) Version/17.0 Safari/605.1.15"
167.172.89.254 - - [06/Apr/2026:14:20:45 +0800] "POST /wp-login.php HTTP/1.1" 200 3062 "http://www.cqqizhou.com/wp-login.php" "Mozilla/5.0 (Windows NT 11.0; Win64; x64) AppleWebKit/537.36 (KHTML, like Gecko) Chrome/120.0.0.0 Safari/537.36"
167.172.89.254 - - [06/Apr/2026:14:20:47 +0800] "POST /wp-login.php HTTP/1.1" 200 3007 "http://www.cqqizhou.com/wp-login.php" "Mozilla/5.0 (Windows NT 10.0; Win64; x64) AppleWebKit/537.36 (KHTML, like Gecko) Chrome/121.0.0.0 Safari/537.36"
167.172.89.254 - - [06/Apr/2026:14:20:49 +0800] "POST /wp-login.php HTTP/1.1" 200 3062 "http://www.cqqizhou.com/wp-login.php" "Mozilla/5.0 (X11; Linux x86_64) AppleWebKit/537.36 (KHTML, like Gecko) Chrome/120.0.0.0 Safari/537.36"
167.172.89.254 - - [06/Apr/2026:14:20:51 +0800] "POST /wp-login.php HTTP/1.1" 200 3063 "http://www.cqqizhou.com/wp-login.php" "Mozilla/5.0 (Macintosh; Intel Mac OS X 13_6_1) AppleWebKit/537.36 (KHTML, like Gecko) Chrome/119.0.0.0 Safari/537.36"
167.172.89.254 - - [06/Apr/2026:14:20:53 +0800] "POST /wp-login.php HTTP/1.1" 200 3059 "http://www.cqqizhou.com/wp-login.php" "Mozilla/5.0 (Macintosh; Intel Mac OS X 10_15_7; rv:118.0) Gecko/20100101 Firefox/118.0"
167.172.89.254 - - [06/Apr/2026:14:20:55 +0800] "POST /wp-login.php HTTP/1.1" 200 2973 "http://www.cqqizhou.com/wp-login.php" "Mozilla/5.0 (Macintosh; Intel Mac OS X 10_15_7) AppleWebKit/537.36 (KHTML, like Gecko) Chrome/118.0.0.0 Safari/537.36"
167.172.89.254 - - [06/Apr/2026:14:20:58 +0800] "POST /wp-login.php HTTP/1.1" 200 3061 "http://www.cqqizhou.com/wp-login.php" "Mozilla/5.0 (Windows NT 11.0; Win64; x64; rv:118.0) Gecko/20100101 Firefox/118.0"
167.172.89.254 - - [06/Apr/2026:14:21:00 +0800] "POST /wp-login.php HTTP/1.1" 200 3064 "http://www.cqqizhou.com/wp-login.php" "Mozilla/5.0 (Windows NT 11.0; Win64; x64) AppleWebKit/537.36 (KHTML, like Gecko) Chrome/121.0.0.0 Safari/537.36"
167.172.89.254 - - [06/Apr/2026:14:21:03 +0800] "POST /wp-login.php HTTP/1.1" 200 3061 "http://www.cqqizhou.com/wp-login.php" "Mozilla/5.0 (Macintosh; Intel Mac OS X 10_15_7) AppleWebKit/605.1.15 (KHTML, like Gecko) Version/17.0 Safari/605.1.15"
36.133.115.36 - - [06/Apr/2026:14:21:34 +0800] "POST /wp-cron.php?doing_wp_cron=1775456494.0128500461578369140625 HTTP/1.1" 200 31 "-" "WordPress/6.9; http://cqqizhou.com"
167.172.89.254 - - [06/Apr/2026:14:21:34 +0800] "POST /wp-login.php HTTP/1.1" 200 3061 "http://www.cqqizhou.com/wp-login.php" "Mozilla/5.0 (Macintosh; Intel Mac OS X 10_15_7) AppleWebKit/605.1.15 (KHTML, like Gecko) Version/17.0 Safari/605.1.15"
167.172.89.254 - - [06/Apr/2026:14:21:35 +0800] "POST /wp-login.php HTTP/1.1" 200 3062 "http://www.cqqizhou.com/wp-login.php" "Mozilla/5.0 (Windows NT 11.0; Win64; x64) AppleWebKit/537.36 (KHTML, like Gecko) Chrome/121.0.0.0 Safari/537.36"
167.172.89.254 - - [06/Apr/2026:14:21:38 +0800] "POST /wp-login.php HTTP/1.1" 200 3066 "http://www.cqqizhou.com/wp-login.php" "Mozilla/5.0 (Windows NT 10.0; Win64; x64) AppleWebKit/537.36 (KHTML, like Gecko) Chrome/119.0.0.0 Safari/537.36"
167.172.89.254 - - [06/Apr/2026:14:21:40 +0800] "POST /wp-login.php HTTP/1.1" 200 3063 "http://www.cqqizhou.com/wp-login.php" "Mozilla/5.0 (Macintosh; Intel Mac OS X 10_15_7) AppleWebKit/537.36 (KHTML, like Gecko) Chrome/118.0.0.0 Safari/537.36"
167.172.89.254 - - [06/Apr/2026:14:21:41 +0800] "POST /wp-login.php HTTP/1.1" 200 2973 "http://www.cqqizhou.com/wp-login.php" "Mozilla/5.0 (Macintosh; Intel Mac OS X 13_6_1) AppleWebKit/537.36 (KHTML, like Gecko) Chrome/120.0.0.0 Safari/537.36"
167.172.89.254 - - [06/Apr/2026:14:21:43 +0800] "POST /wp-login.php HTTP/1.1" 200 3061 "http://www.cqqizhou.com/wp-login.php" "Mozilla/5.0 (Macintosh; Intel Mac OS X 10_15_7) AppleWebKit/605.1.15 (KHTML, like Gecko) Version/17.1 Safari/605.1.15"
167.172.89.254 - - [06/Apr/2026:14:21:45 +0800] "POST /wp-login.php HTTP/1.1" 200 3062 "http://www.cqqizhou.com/wp-login.php" "Mozilla/5.0 (Windows NT 10.0; Win64; x64; rv:121.0) Gecko/20100101 Firefox/121.0"
167.172.89.254 - - [06/Apr/2026:14:21:47 +0800] "POST /wp-login.php HTTP/1.1" 200 3007 "http://www.cqqizhou.com/wp-login.php" "Mozilla/5.0 (Macintosh; Intel Mac OS X 10_15_7) AppleWebKit/605.1.15 (KHTML, like Gecko) Version/17.2 Safari/605.1.15"
167.172.89.254 - - [06/Apr/2026:14:21:50 +0800] "POST /wp-login.php HTTP/1.1" 200 3061 "http://www.cqqizhou.com/wp-login.php" "Mozilla/5.0 (Macintosh; Intel Mac OS X 13_6_1; rv:119.0) Gecko/20100101 Firefox/119.0"
167.172.89.254 - - [06/Apr/2026:14:21:52 +0800] "POST /wp-login.php HTTP/1.1" 200 3007 "http://www.cqqizhou.com/wp-login.php" "Mozilla/5.0 (Windows NT 11.0; Win64; x64) AppleWebKit/537.36 (KHTML, like Gecko) Chrome/119.0.0.0 Safari/537.36"
36.133.115.36 - - [06/Apr/2026:14:22:17 +0800] "POST /wp-cron.php?doing_wp_cron=1775456537.1678779125213623046875 HTTP/1.1" 200 31 "-" "WordPress/6.9; http://cqqizhou.com"
167.172.89.254 - - [06/Apr/2026:14:22:17 +0800] "POST /wp-login.php HTTP/1.1" 200 3061 "http://www.cqqizhou.com/wp-login.php" "Mozilla/5.0 (Macintosh; Intel Mac OS X 13_6_1) AppleWebKit/537.36 (KHTML, like Gecko) Chrome/121.0.0.0 Safari/537.36"
167.172.89.254 - - [06/Apr/2026:14:22:20 +0800] "POST /wp-login.php HTTP/1.1" 200 3007 "http://www.cqqizhou.com/wp-login.php" "Mozilla/5.0 (Macintosh; Intel Mac OS X 10_15_7; rv:119.0) Gecko/20100101 Firefox/119.0"
167.172.89.254 - - [06/Apr/2026:14:22:22 +0800] "POST /wp-login.php HTTP/1.1" 200 3060 "http://www.cqqizhou.com/wp-login.php" "Mozilla/5.0 (Macintosh; Intel Mac OS X 10_15_7) AppleWebKit/605.1.15 (KHTML, like Gecko) Version/16.6 Safari/605.1.15"
167.172.89.254 - - [06/Apr/2026:14:22:24 +0800] "POST /wp-login.php HTTP/1.1" 200 3063 "http://www.cqqizhou.com/wp-login.php" "Mozilla/5.0 (Macintosh; Intel Mac OS X 13_6_1) AppleWebKit/537.36 (KHTML, like Gecko) Chrome/120.0.0.0 Safari/537.36"
167.172.89.254 - - [06/Apr/2026:14:22:27 +0800] "POST /wp-login.php HTTP/1.1" 200 3060 "http://www.cqqizhou.com/wp-login.php" "Mozilla/5.0 (X11; Ubuntu; Linux x86_64) AppleWebKit/537.36 (KHTML, like Gecko) Chrome/120.0.0.0 Safari/537.36"
167.172.89.254 - - [06/Apr/2026:14:22:29 +0800] "POST /wp-login.php HTTP/1.1" 200 3064 "http://www.cqqizhou.com/wp-login.php" "Mozilla/5.0 (Windows NT 11.0; Win64; x64; rv:121.0) Gecko/20100101 Firefox/121.0"
167.172.89.254 - - [06/Apr/2026:14:22:32 +0800] "POST /wp-login.php HTTP/1.1" 200 3065 "http://www.cqqizhou.com/wp-login.php" "Mozilla/5.0 (Macintosh; Intel Mac OS X 10_15_7) AppleWebKit/605.1.15 (KHTML, like Gecko) Version/16.6 Safari/605.1.15"
167.172.89.254 - - [06/Apr/2026:14:22:35 +0800] "POST /wp-login.php HTTP/1.1" 200 2973 "http://www.cqqizhou.com/wp-login.php" "Mozilla/5.0 (Macintosh; Intel Mac OS X 13_6_1) AppleWebKit/605.1.15 (KHTML, like Gecko) Version/17.1 Safari/605.1.15"
167.172.89.254 - - [06/Apr/2026:14:22:37 +0800] "POST /wp-login.php HTTP/1.1" 200 3062 "http://www.cqqizhou.com/wp-login.php" "Mozilla/5.0 (Macintosh; Intel Mac OS X 13_6_1) AppleWebKit/537.36 (KHTML, like Gecko) Chrome/120.0.0.0 Safari/537.36"
167.172.89.254 - - [06/Apr/2026:14:22:41 +0800] "POST /wp-login.php HTTP/1.1" 200 3067 "http://www.cqqizhou.com/wp-login.php" "Mozilla/5.0 (X11; Linux x86_64) AppleWebKit/537.36 (KHTML, like Gecko) Chrome/119.0.0.0 Safari/537.36"
36.133.115.36 - - [06/Apr/2026:14:23:22 +0800] "POST /wp-cron.php?doing_wp_cron=1775456602.1544148921966552734375 HTTP/1.1" 200 31 "-" "WordPress/6.9; http://cqqizhou.com"
167.172.89.254 - - [06/Apr/2026:14:23:22 +0800] "POST /wp-login.php HTTP/1.1" 200 3060 "http://www.cqqizhou.com/wp-login.php" "Mozilla/5.0 (Windows NT 10.0; Win64; x64; rv:120.0) Gecko/20100101 Firefox/120.0"
167.172.89.254 - - [06/Apr/2026:14:23:24 +0800] "POST /wp-login.php HTTP/1.1" 200 2973 "http://www.cqqizhou.com/wp-login.php" "Mozilla/5.0 (Macintosh; Intel Mac OS X 10_15_7) AppleWebKit/537.36 (KHTML, like Gecko) Chrome/119.0.0.0 Safari/537.36"
167.172.89.254 - - [06/Apr/2026:14:23:26 +0800] "POST /wp-login.php HTTP/1.1" 200 3060 "http://www.cqqizhou.com/wp-login.php" "Mozilla/5.0 (Windows NT 10.0; Win64; x64) AppleWebKit/537.36 (KHTML, like Gecko) Chrome/118.0.0.0 Safari/537.36"
167.172.89.254 - - [06/Apr/2026:14:23:30 +0800] "POST /wp-login.php HTTP/1.1" 200 2973 "http://www.cqqizhou.com/wp-login.php" "Mozilla/5.0 (Macintosh; Intel Mac OS X 13_6_1; rv:121.0) Gecko/20100101 Firefox/121.0"
167.172.89.254 - - [06/Apr/2026:14:23:32 +0800] "POST /wp-login.php HTTP/1.1" 200 3057 "http://www.cqqizhou.com/wp-login.php" "Mozilla/5.0 (Windows NT 10.0; Win64; x64) AppleWebKit/537.36 (KHTML, like Gecko) Chrome/119.0.0.0 Safari/537.36"
167.172.89.254 - - [06/Apr/2026:14:23:35 +0800] "POST /wp-login.php HTTP/1.1" 200 3058 "http://www.cqqizhou.com/wp-login.php" "Mozilla/5.0 (X11; Linux x86_64) AppleWebKit/537.36 (KHTML, like Gecko) Chrome/118.0.0.0 Safari/537.36"
167.172.89.254 - - [06/Apr/2026:14:23:37 +0800] "POST /wp-login.php HTTP/1.1" 200 3064 "http://www.cqqizhou.com/wp-login.php" "Mozilla/5.0 (X11; Linux x86_64) AppleWebKit/537.36 (KHTML, like Gecko) Chrome/120.0.0.0 Safari/537.36"
167.172.89.254 - - [06/Apr/2026:14:23:40 +0800] "POST /wp-login.php HTTP/1.1" 200 3064 "http://www.cqqizhou.com/wp-login.php" "Mozilla/5.0 (Macintosh; Intel Mac OS X 13_6_1) AppleWebKit/537.36 (KHTML, like Gecko) Chrome/119.0.0.0 Safari/537.36"
167.172.89.254 - - [06/Apr/2026:14:23:43 +0800] "POST /wp-login.php HTTP/1.1" 200 3062 "http://www.cqqizhou.com/wp-login.php" "Mozilla/5.0 (Macintosh; Intel Mac OS X 10_15_7) AppleWebKit/605.1.15 (KHTML, like Gecko) Version/17.1 Safari/605.1.15"
167.172.89.254 - - [06/Apr/2026:14:23:45 +0800] "POST /wp-login.php HTTP/1.1" 200 3068 "http://www.cqqizhou.com/wp-login.php" "Mozilla/5.0 (Windows NT 10.0; Win64; x64; rv:121.0) Gecko/20100101 Firefox/121.0"
167.172.89.254 - - [06/Apr/2026:14:23:58 +0800] "POST /wp-login.php HTTP/1.1" 200 3059 "http://www.cqqizhou.com/wp-login.php" "Mozilla/5.0 (Macintosh; Intel Mac OS X 13_6_1) AppleWebKit/537.36 (KHTML, like Gecko) Chrome/118.0.0.0 Safari/537.36"
167.172.89.254 - - [06/Apr/2026:14:24:00 +0800] "POST /wp-login.php HTTP/1.1" 200 3062 "http://www.cqqizhou.com/wp-login.php" "Mozilla/5.0 (Windows NT 10.0; Win64; x64) AppleWebKit/537.36 (KHTML, like Gecko) Chrome/118.0.0.0 Safari/537.36"
167.172.89.254 - - [06/Apr/2026:14:24:02 +0800] "POST /wp-login.php HTTP/1.1" 200 3007 "http://www.cqqizhou.com/wp-login.php" "Mozilla/5.0 (Windows NT 10.0; Win64; x64; rv:119.0) Gecko/20100101 Firefox/119.0"
167.172.89.254 - - [06/Apr/2026:14:24:04 +0800] "POST /wp-login.php HTTP/1.1" 200 3066 "http://www.cqqizhou.com/wp-login.php" "Mozilla/5.0 (Windows NT 11.0; Win64; x64) AppleWebKit/537.36 (KHTML, like Gecko) Chrome/120.0.0.0 Safari/537.36"
167.172.89.254 - - [06/Apr/2026:14:24:06 +0800] "POST /wp-login.php HTTP/1.1" 200 3007 "http://www.cqqizhou.com/wp-login.php" "Mozilla/5.0 (X11; Ubuntu; Linux x86_64) AppleWebKit/537.36 (KHTML, like Gecko) Chrome/120.0.0.0 Safari/537.36"
36.133.115.36 - - [06/Apr/2026:14:24:08 +0800] "POST /wp-cron.php?doing_wp_cron=1775456648.8575038909912109375000 HTTP/1.1" 200 31 "-" "WordPress/6.9; http://cqqizhou.com"
167.172.89.254 - - [06/Apr/2026:14:24:08 +0800] "POST /wp-login.php HTTP/1.1" 200 3007 "http://www.cqqizhou.com/wp-login.php" "Mozilla/5.0 (Macintosh; Intel Mac OS X 10_15_7; rv:121.0) Gecko/20100101 Firefox/121.0"
167.172.89.254 - - [06/Apr/2026:14:24:11 +0800] "POST /wp-login.php HTTP/1.1" 200 3007 "http://www.cqqizhou.com/wp-login.php" "Mozilla/5.0 (Macintosh; Intel Mac OS X 10_15_7) AppleWebKit/605.1.15 (KHTML, like Gecko) Version/16.6 Safari/605.1.15"
167.172.89.254 - - [06/Apr/2026:14:24:14 +0800] "POST /wp-login.php HTTP/1.1" 200 3007 "http://www.cqqizhou.com/wp-login.php" "Mozilla/5.0 (Windows NT 11.0; Win64; x64; rv:119.0) Gecko/20100101 Firefox/119.0"
167.172.89.254 - - [06/Apr/2026:14:24:16 +0800] "POST /wp-login.php HTTP/1.1" 200 3059 "http://www.cqqizhou.com/wp-login.php" "Mozilla/5.0 (Macintosh; Intel Mac OS X 13_6_1; rv:118.0) Gecko/20100101 Firefox/118.0"
167.172.89.254 - - [06/Apr/2026:14:24:18 +0800] "POST /wp-login.php HTTP/1.1" 200 3058 "http://www.cqqizhou.com/wp-login.php" "Mozilla/5.0 (Windows NT 11.0; Win64; x64; rv:120.0) Gecko/20100101 Firefox/120.0"
167.172.89.254 - - [06/Apr/2026:14:24:51 +0800] "POST /wp-login.php HTTP/1.1" 200 2973 "http://www.cqqizhou.com/wp-login.php" "Mozilla/5.0 (Macintosh; Intel Mac OS X 13_6_1; rv:119.0) Gecko/20100101 Firefox/119.0"
167.172.89.254 - - [06/Apr/2026:14:24:54 +0800] "POST /wp-login.php HTTP/1.1" 200 2973 "http://www.cqqizhou.com/wp-login.php" "Mozilla/5.0 (Macintosh; Intel Mac OS X 10_15_7; rv:120.0) Gecko/20100101 Firefox/120.0"
167.172.89.254 - - [06/Apr/2026:14:24:55 +0800] "POST /wp-login.php HTTP/1.1" 200 2973 "http://www.cqqizhou.com/wp-login.php" "Mozilla/5.0 (Macintosh; Intel Mac OS X 10_15_7; rv:120.0) Gecko/20100101 Firefox/120.0"
167.172.89.254 - - [06/Apr/2026:14:24:58 +0800] "POST /wp-login.php HTTP/1.1" 200 3063 "http://www.cqqizhou.com/wp-login.php" "Mozilla/5.0 (Windows NT 11.0; Win64; x64; rv:121.0) Gecko/20100101 Firefox/121.0"
167.172.89.254 - - [06/Apr/2026:14:25:01 +0800] "POST /wp-login.php HTTP/1.1" 200 3065 "http://www.cqqizhou.com/wp-login.php" "Mozilla/5.0 (Macintosh; Intel Mac OS X 13_6_1; rv:120.0) Gecko/20100101 Firefox/120.0"
167.172.89.254 - - [06/Apr/2026:14:25:03 +0800] "POST /wp-login.php HTTP/1.1" 200 2973 "http://www.cqqizhou.com/wp-login.php" "Mozilla/5.0 (Macintosh; Intel Mac OS X 13_6_1) AppleWebKit/605.1.15 (KHTML, like Gecko) Version/17.1 Safari/605.1.15"
167.172.89.254 - - [06/Apr/2026:14:25:05 +0800] "POST /wp-login.php HTTP/1.1" 200 3061 "http://www.cqqizhou.com/wp-login.php" "Mozilla/5.0 (Macintosh; Intel Mac OS X 10_15_7) AppleWebKit/537.36 (KHTML, like Gecko) Chrome/121.0.0.0 Safari/537.36"
36.133.115.36 - - [06/Apr/2026:14:25:09 +0800] "POST /wp-cron.php?doing_wp_cron=1775456709.1199231147766113281250 HTTP/1.1" 200 31 "-" "WordPress/6.9; http://cqqizhou.com"
167.172.89.254 - - [06/Apr/2026:14:25:09 +0800] "POST /wp-login.php HTTP/1.1" 200 3061 "http://www.cqqizhou.com/wp-login.php" "Mozilla/5.0 (Macintosh; Intel Mac OS X 10_15_7; rv:120.0) Gecko/20100101 Firefox/120.0"
167.172.89.254 - - [06/Apr/2026:14:25:13 +0800] "POST /wp-login.php HTTP/1.1" 200 3062 "http://www.cqqizhou.com/wp-login.php" "Mozilla/5.0 (Macintosh; Intel Mac OS X 13_6_1) AppleWebKit/605.1.15 (KHTML, like Gecko) Version/17.0 Safari/605.1.15"
167.172.89.254 - - [06/Apr/2026:14:25:16 +0800] "POST /wp-login.php HTTP/1.1" 200 2973 "http://www.cqqizhou.com/wp-login.php" "Mozilla/5.0 (Macintosh; Intel Mac OS X 10_15_7) AppleWebKit/537.36 (KHTML, like Gecko) Chrome/118.0.0.0 Safari/537.36"
167.172.89.254 - - [06/Apr/2026:14:25:35 +0800] "POST /wp-login.php HTTP/1.1" 200 2973 "http://www.cqqizhou.com/wp-login.php" "Mozilla/5.0 (Macintosh; Intel Mac OS X 13_6_1) AppleWebKit/537.36 (KHTML, like Gecko) Chrome/119.0.0.0 Safari/537.36"
167.172.89.254 - - [06/Apr/2026:14:25:37 +0800] "POST /wp-login.php HTTP/1.1" 200 3060 "http://www.cqqizhou.com/wp-login.php" "Mozilla/5.0 (X11; Ubuntu; Linux x86_64) AppleWebKit/537.36 (KHTML, like Gecko) Chrome/121.0.0.0 Safari/537.36"
167.172.89.254 - - [06/Apr/2026:14:25:38 +0800] "POST /wp-login.php HTTP/1.1" 200 3064 "http://www.cqqizhou.com/wp-login.php" "Mozilla/5.0 (Windows NT 11.0; Win64; x64; rv:121.0) Gecko/20100101 Firefox/121.0"
167.172.89.254 - - [06/Apr/2026:14:25:41 +0800] "POST /wp-login.php HTTP/1.1" 200 3081 "http://www.cqqizhou.com/wp-login.php" "Mozilla/5.0 (X11; Linux x86_64) AppleWebKit/537.36 (KHTML, like Gecko) Chrome/120.0.0.0 Safari/537.36"
167.172.89.254 - - [06/Apr/2026:14:25:44 +0800] "POST /wp-login.php HTTP/1.1" 200 3063 "http://www.cqqizhou.com/wp-login.php" "Mozilla/5.0 (Macintosh; Intel Mac OS X 10_15_7) AppleWebKit/537.36 (KHTML, like Gecko) Chrome/119.0.0.0 Safari/537.36"
167.172.89.254 - - [06/Apr/2026:14:25:46 +0800] "POST /wp-login.php HTTP/1.1" 200 3060 "http://www.cqqizhou.com/wp-login.php" "Mozilla/5.0 (Macintosh; Intel Mac OS X 13_6_1) AppleWebKit/605.1.15 (KHTML, like Gecko) Version/17.0 Safari/605.1.15"
167.172.89.254 - - [06/Apr/2026:14:25:48 +0800] "POST /wp-login.php HTTP/1.1" 200 3058 "http://www.cqqizhou.com/wp-login.php" "Mozilla/5.0 (Macintosh; Intel Mac OS X 10_15_7) AppleWebKit/537.36 (KHTML, like Gecko) Chrome/119.0.0.0 Safari/537.36"
167.172.89.254 - - [06/Apr/2026:14:25:51 +0800] "POST /wp-login.php HTTP/1.1" 200 3060 "http://www.cqqizhou.com/wp-login.php" "Mozilla/5.0 (Windows NT 11.0; Win64; x64) AppleWebKit/537.36 (KHTML, like Gecko) Chrome/118.0.0.0 Safari/537.36"
167.172.89.254 - - [06/Apr/2026:14:25:54 +0800] "POST /wp-login.php HTTP/1.1" 200 3065 "http://www.cqqizhou.com/wp-login.php" "Mozilla/5.0 (Windows NT 11.0; Win64; x64) AppleWebKit/537.36 (KHTML, like Gecko) Chrome/120.0.0.0 Safari/537.36"
167.172.89.254 - - [06/Apr/2026:14:25:57 +0800] "POST /wp-login.php HTTP/1.1" 200 2973 "http://www.cqqizhou.com/wp-login.php" "Mozilla/5.0 (X11; Linux x86_64) AppleWebKit/537.36 (KHTML, like Gecko) Chrome/119.0.0.0 Safari/537.36"
36.133.115.36 - - [06/Apr/2026:14:26:15 +0800] "POST /wp-cron.php?doing_wp_cron=1775456775.6810350418090820312500 HTTP/1.1" 200 31 "-" "WordPress/6.9; http://cqqizhou.com"
167.172.89.254 - - [06/Apr/2026:14:26:15 +0800] "POST /wp-login.php HTTP/1.1" 200 3007 "http://www.cqqizhou.com/wp-login.php" "Mozilla/5.0 (Windows NT 10.0; Win64; x64; rv:120.0) Gecko/20100101 Firefox/120.0"
167.172.89.254 - - [06/Apr/2026:14:26:18 +0800] "POST /wp-login.php HTTP/1.1" 200 3065 "http://www.cqqizhou.com/wp-login.php" "Mozilla/5.0 (Macintosh; Intel Mac OS X 13_6_1; rv:118.0) Gecko/20100101 Firefox/118.0"
167.172.89.254 - - [06/Apr/2026:14:26:21 +0800] "POST /wp-login.php HTTP/1.1" 200 3058 "http://www.cqqizhou.com/wp-login.php" "Mozilla/5.0 (Windows NT 11.0; Win64; x64) AppleWebKit/537.36 (KHTML, like Gecko) Chrome/118.0.0.0 Safari/537.36"
167.172.89.254 - - [06/Apr/2026:14:26:24 +0800] "POST /wp-login.php HTTP/1.1" 200 3062 "http://www.cqqizhou.com/wp-login.php" "Mozilla/5.0 (X11; Linux x86_64) AppleWebKit/537.36 (KHTML, like Gecko) Chrome/119.0.0.0 Safari/537.36"
167.172.89.254 - - [06/Apr/2026:14:26:26 +0800] "POST /wp-login.php HTTP/1.1" 200 3059 "http://www.cqqizhou.com/wp-login.php" "Mozilla/5.0 (X11; Ubuntu; Linux x86_64) AppleWebKit/537.36 (KHTML, like Gecko) Chrome/118.0.0.0 Safari/537.36"
167.172.89.254 - - [06/Apr/2026:14:26:29 +0800] "POST /wp-login.php HTTP/1.1" 200 3061 "http://www.cqqizhou.com/wp-login.php" "Mozilla/5.0 (Windows NT 11.0; Win64; x64; rv:118.0) Gecko/20100101 Firefox/118.0"
167.172.89.254 - - [06/Apr/2026:14:26:31 +0800] "POST /wp-login.php HTTP/1.1" 200 3061 "http://www.cqqizhou.com/wp-login.php" "Mozilla/5.0 (Windows NT 11.0; Win64; x64) AppleWebKit/537.36 (KHTML, like Gecko) Chrome/120.0.0.0 Safari/537.36"
167.172.89.254 - - [06/Apr/2026:14:26:34 +0800] "POST /wp-login.php HTTP/1.1" 200 3060 "http://www.cqqizhou.com/wp-login.php" "Mozilla/5.0 (Macintosh; Intel Mac OS X 10_15_7; rv:121.0) Gecko/20100101 Firefox/121.0"
167.172.89.254 - - [06/Apr/2026:14:26:36 +0800] "POST /wp-login.php HTTP/1.1" 200 3058 "http://www.cqqizhou.com/wp-login.php" "Mozilla/5.0 (Macintosh; Intel Mac OS X 13_6_1; rv:119.0) Gecko/20100101 Firefox/119.0"
167.172.89.254 - - [06/Apr/2026:14:26:39 +0800] "POST /wp-login.php HTTP/1.1" 200 3062 "http://www.cqqizhou.com/wp-login.php" "Mozilla/5.0 (Macintosh; Intel Mac OS X 10_15_7) AppleWebKit/537.36 (KHTML, like Gecko) Chrome/121.0.0.0 Safari/537.36"
167.172.89.254 - - [06/Apr/2026:14:26:51 +0800] "POST /wp-login.php HTTP/1.1" 200 3062 "http://www.cqqizhou.com/wp-login.php" "Mozilla/5.0 (Macintosh; Intel Mac OS X 10_15_7; rv:118.0) Gecko/20100101 Firefox/118.0"
167.172.89.254 - - [06/Apr/2026:14:26:53 +0800] "POST /wp-login.php HTTP/1.1" 200 3057 "http://www.cqqizhou.com/wp-login.php" "Mozilla/5.0 (Macintosh; Intel Mac OS X 10_15_7; rv:120.0) Gecko/20100101 Firefox/120.0"
167.172.89.254 - - [06/Apr/2026:14:26:55 +0800] "POST /wp-login.php HTTP/1.1" 200 3007 "http://www.cqqizhou.com/wp-login.php" "Mozilla/5.0 (Windows NT 10.0; Win64; x64; rv:118.0) Gecko/20100101 Firefox/118.0"
167.172.89.254 - - [06/Apr/2026:14:26:57 +0800] "POST /wp-login.php HTTP/1.1" 200 3058 "http://www.cqqizhou.com/wp-login.php" "Mozilla/5.0 (Macintosh; Intel Mac OS X 13_6_1) AppleWebKit/605.1.15 (KHTML, like Gecko) Version/17.1 Safari/605.1.15"
167.172.89.254 - - [06/Apr/2026:14:26:59 +0800] "POST /wp-login.php HTTP/1.1" 200 3058 "http://www.cqqizhou.com/wp-login.php" "Mozilla/5.0 (Macintosh; Intel Mac OS X 13_6_1; rv:119.0) Gecko/20100101 Firefox/119.0"
167.172.89.254 - - [06/Apr/2026:14:27:03 +0800] "POST /wp-login.php HTTP/1.1" 200 3007 "http://www.cqqizhou.com/wp-login.php" "Mozilla/5.0 (X11; Ubuntu; Linux x86_64) AppleWebKit/537.36 (KHTML, like Gecko) Chrome/121.0.0.0 Safari/537.36"
167.172.89.254 - - [06/Apr/2026:14:27:05 +0800] "POST /wp-login.php HTTP/1.1" 200 3059 "http://www.cqqizhou.com/wp-login.php" "Mozilla/5.0 (Macintosh; Intel Mac OS X 13_6_1) AppleWebKit/537.36 (KHTML, like Gecko) Chrome/119.0.0.0 Safari/537.36"
36.133.115.36 - - [06/Apr/2026:14:27:08 +0800] "POST /wp-cron.php?doing_wp_cron=1775456828.3241679668426513671875 HTTP/1.1" 200 31 "-" "WordPress/6.9; http://cqqizhou.com"
167.172.89.254 - - [06/Apr/2026:14:27:08 +0800] "POST /wp-login.php HTTP/1.1" 200 3057 "http://www.cqqizhou.com/wp-login.php" "Mozilla/5.0 (X11; Ubuntu; Linux x86_64) AppleWebKit/537.36 (KHTML, like Gecko) Chrome/119.0.0.0 Safari/537.36"
167.172.89.254 - - [06/Apr/2026:14:27:11 +0800] "POST /wp-login.php HTTP/1.1" 200 3058 "http://www.cqqizhou.com/wp-login.php" "Mozilla/5.0 (Macintosh; Intel Mac OS X 10_15_7) AppleWebKit/537.36 (KHTML, like Gecko) Chrome/121.0.0.0 Safari/537.36"
167.172.89.254 - - [06/Apr/2026:14:27:14 +0800] "POST /wp-login.php HTTP/1.1" 200 2973 "http://www.cqqizhou.com/wp-login.php" "Mozilla/5.0 (Macintosh; Intel Mac OS X 13_6_1) AppleWebKit/537.36 (KHTML, like Gecko) Chrome/120.0.0.0 Safari/537.36"
167.172.89.254 - - [06/Apr/2026:14:27:33 +0800] "POST /wp-login.php HTTP/1.1" 200 3061 "http://www.cqqizhou.com/wp-login.php" "Mozilla/5.0 (Windows NT 11.0; Win64; x64) AppleWebKit/537.36 (KHTML, like Gecko) Chrome/119.0.0.0 Safari/537.36"
167.172.89.254 - - [06/Apr/2026:14:27:36 +0800] "POST /wp-login.php HTTP/1.1" 200 3062 "http://www.cqqizhou.com/wp-login.php" "Mozilla/5.0 (Macintosh; Intel Mac OS X 10_15_7) AppleWebKit/537.36 (KHTML, like Gecko) Chrome/118.0.0.0 Safari/537.36"
167.172.89.254 - - [06/Apr/2026:14:27:39 +0800] "POST /wp-login.php HTTP/1.1" 200 3059 "http://www.cqqizhou.com/wp-login.php" "Mozilla/5.0 (Windows NT 10.0; Win64; x64; rv:120.0) Gecko/20100101 Firefox/120.0"
167.172.89.254 - - [06/Apr/2026:14:27:42 +0800] "POST /wp-login.php HTTP/1.1" 200 3065 "http://www.cqqizhou.com/wp-login.php" "Mozilla/5.0 (X11; Ubuntu; Linux x86_64) AppleWebKit/537.36 (KHTML, like Gecko) Chrome/121.0.0.0 Safari/537.36"
167.172.89.254 - - [06/Apr/2026:14:27:45 +0800] "POST /wp-login.php HTTP/1.1" 200 3062 "http://www.cqqizhou.com/wp-login.php" "Mozilla/5.0 (Windows NT 10.0; Win64; x64; rv:118.0) Gecko/20100101 Firefox/118.0"
167.172.89.254 - - [06/Apr/2026:14:27:48 +0800] "POST /wp-login.php HTTP/1.1" 200 3058 "http://www.cqqizhou.com/wp-login.php" "Mozilla/5.0 (Macintosh; Intel Mac OS X 13_6_1) AppleWebKit/537.36 (KHTML, like Gecko) Chrome/121.0.0.0 Safari/537.36"
167.172.89.254 - - [06/Apr/2026:14:27:50 +0800] "POST /wp-login.php HTTP/1.1" 200 3059 "http://www.cqqizhou.com/wp-login.php" "Mozilla/5.0 (Windows NT 11.0; Win64; x64) AppleWebKit/537.36 (KHTML, like Gecko) Chrome/121.0.0.0 Safari/537.36"
167.172.89.254 - - [06/Apr/2026:14:27:51 +0800] "POST /wp-login.php HTTP/1.1" 200 3058 "http://www.cqqizhou.com/wp-login.php" "Mozilla/5.0 (Macintosh; Intel Mac OS X 13_6_1) AppleWebKit/605.1.15 (KHTML, like Gecko) Version/16.6 Safari/605.1.15"
167.172.89.254 - - [06/Apr/2026:14:27:54 +0800] "POST /wp-login.php HTTP/1.1" 200 3061 "http://www.cqqizhou.com/wp-login.php" "Mozilla/5.0 (X11; Ubuntu; Linux x86_64) AppleWebKit/537.36 (KHTML, like Gecko) Chrome/120.0.0.0 Safari/537.36"
167.172.89.254 - - [06/Apr/2026:14:27:57 +0800] "POST /wp-login.php HTTP/1.1" 200 3066 "http://www.cqqizhou.com/wp-login.php" "Mozilla/5.0 (Macintosh; Intel Mac OS X 13_6_1) AppleWebKit/605.1.15 (KHTML, like Gecko) Version/16.6 Safari/605.1.15"
36.133.115.36 - - [06/Apr/2026:14:28:31 +0800] "POST /wp-cron.php?doing_wp_cron=1775456911.2372779846191406250000 HTTP/1.1" 200 31 "-" "WordPress/6.9; http://cqqizhou.com"
167.172.89.254 - - [06/Apr/2026:14:28:31 +0800] "POST /wp-login.php HTTP/1.1" 200 3066 "http://www.cqqizhou.com/wp-login.php" "Mozilla/5.0 (Windows NT 10.0; Win64; x64) AppleWebKit/537.36 (KHTML, like Gecko) Chrome/121.0.0.0 Safari/537.36"
167.172.89.254 - - [06/Apr/2026:14:28:33 +0800] "POST /wp-login.php HTTP/1.1" 200 3066 "http://www.cqqizhou.com/wp-login.php" "Mozilla/5.0 (Windows NT 10.0; Win64; x64) AppleWebKit/537.36 (KHTML, like Gecko) Chrome/121.0.0.0 Safari/537.36"
167.172.89.254 - - [06/Apr/2026:14:28:35 +0800] "POST /wp-login.php HTTP/1.1" 200 3007 "http://www.cqqizhou.com/wp-login.php" "Mozilla/5.0 (Macintosh; Intel Mac OS X 10_15_7) AppleWebKit/605.1.15 (KHTML, like Gecko) Version/16.6 Safari/605.1.15"
167.172.89.254 - - [06/Apr/2026:14:28:37 +0800] "POST /wp-login.php HTTP/1.1" 200 2973 "http://www.cqqizhou.com/wp-login.php" "Mozilla/5.0 (Windows NT 11.0; Win64; x64; rv:119.0) Gecko/20100101 Firefox/119.0"
167.172.89.254 - - [06/Apr/2026:14:28:40 +0800] "POST /wp-login.php HTTP/1.1" 200 3065 "http://www.cqqizhou.com/wp-login.php" "Mozilla/5.0 (Macintosh; Intel Mac OS X 10_15_7) AppleWebKit/537.36 (KHTML, like Gecko) Chrome/120.0.0.0 Safari/537.36"
167.172.89.254 - - [06/Apr/2026:14:28:43 +0800] "POST /wp-login.php HTTP/1.1" 200 3007 "http://www.cqqizhou.com/wp-login.php" "Mozilla/5.0 (Macintosh; Intel Mac OS X 10_15_7) AppleWebKit/537.36 (KHTML, like Gecko) Chrome/121.0.0.0 Safari/537.36"
167.172.89.254 - - [06/Apr/2026:14:28:45 +0800] "POST /wp-login.php HTTP/1.1" 200 3007 "http://www.cqqizhou.com/wp-login.php" "Mozilla/5.0 (Macintosh; Intel Mac OS X 13_6_1; rv:118.0) Gecko/20100101 Firefox/118.0"
167.172.89.254 - - [06/Apr/2026:14:28:48 +0800] "POST /wp-login.php HTTP/1.1" 200 3007 "http://www.cqqizhou.com/wp-login.php" "Mozilla/5.0 (Macintosh; Intel Mac OS X 13_6_1) AppleWebKit/537.36 (KHTML, like Gecko) Chrome/118.0.0.0 Safari/537.36"
167.172.89.254 - - [06/Apr/2026:14:28:51 +0800] "POST /wp-login.php HTTP/1.1" 200 3061 "http://www.cqqizhou.com/wp-login.php" "Mozilla/5.0 (Macintosh; Intel Mac OS X 10_15_7) AppleWebKit/537.36 (KHTML, like Gecko) Chrome/120.0.0.0 Safari/537.36"
167.172.89.254 - - [06/Apr/2026:14:28:53 +0800] "POST /wp-login.php HTTP/1.1" 200 3060 "http://www.cqqizhou.com/wp-login.php" "Mozilla/5.0 (Macintosh; Intel Mac OS X 13_6_1; rv:120.0) Gecko/20100101 Firefox/120.0"
167.172.89.254 - - [06/Apr/2026:14:29:06 +0800] "POST /wp-login.php HTTP/1.1" 200 3062 "http://www.cqqizhou.com/wp-login.php" "Mozilla/5.0 (Windows NT 11.0; Win64; x64) AppleWebKit/537.36 (KHTML, like Gecko) Chrome/118.0.0.0 Safari/537.36"
36.133.115.36 - - [06/Apr/2026:14:29:09 +0800] "POST /wp-cron.php?doing_wp_cron=1775456949.3917360305786132812500 HTTP/1.1" 200 31 "-" "WordPress/6.9; http://cqqizhou.com"
167.172.89.254 - - [06/Apr/2026:14:29:09 +0800] "POST /wp-login.php HTTP/1.1" 200 3066 "http://www.cqqizhou.com/wp-login.php" "Mozilla/5.0 (Macintosh; Intel Mac OS X 10_15_7; rv:121.0) Gecko/20100101 Firefox/121.0"
167.172.89.254 - - [06/Apr/2026:14:29:11 +0800] "POST /wp-login.php HTTP/1.1" 200 3064 "http://www.cqqizhou.com/wp-login.php" "Mozilla/5.0 (X11; Ubuntu; Linux x86_64) AppleWebKit/537.36 (KHTML, like Gecko) Chrome/118.0.0.0 Safari/537.36"
167.172.89.254 - - [06/Apr/2026:14:29:13 +0800] "POST /wp-login.php HTTP/1.1" 200 3062 "http://www.cqqizhou.com/wp-login.php" "Mozilla/5.0 (Windows NT 11.0; Win64; x64; rv:121.0) Gecko/20100101 Firefox/121.0"
167.172.89.254 - - [06/Apr/2026:14:29:17 +0800] "POST /wp-login.php HTTP/1.1" 200 3061 "http://www.cqqizhou.com/wp-login.php" "Mozilla/5.0 (Macintosh; Intel Mac OS X 10_15_7) AppleWebKit/537.36 (KHTML, like Gecko) Chrome/118.0.0.0 Safari/537.36"
167.172.89.254 - - [06/Apr/2026:14:29:19 +0800] "POST /wp-login.php HTTP/1.1" 200 3007 "http://www.cqqizhou.com/wp-login.php" "Mozilla/5.0 (Macintosh; Intel Mac OS X 10_15_7) AppleWebKit/605.1.15 (KHTML, like Gecko) Version/17.0 Safari/605.1.15"
167.172.89.254 - - [06/Apr/2026:14:29:23 +0800] "POST /wp-login.php HTTP/1.1" 200 3066 "http://www.cqqizhou.com/wp-login.php" "Mozilla/5.0 (Windows NT 11.0; Win64; x64; rv:121.0) Gecko/20100101 Firefox/121.0"
167.172.89.254 - - [06/Apr/2026:14:29:25 +0800] "POST /wp-login.php HTTP/1.1" 200 3066 "http://www.cqqizhou.com/wp-login.php" "Mozilla/5.0 (Macintosh; Intel Mac OS X 13_6_1) AppleWebKit/605.1.15 (KHTML, like Gecko) Version/16.6 Safari/605.1.15"
167.172.89.254 - - [06/Apr/2026:14:29:27 +0800] "POST /wp-login.php HTTP/1.1" 200 3066 "http://www.cqqizhou.com/wp-login.php" "Mozilla/5.0 (Windows NT 10.0; Win64; x64) AppleWebKit/537.36 (KHTML, like Gecko) Chrome/119.0.0.0 Safari/537.36"
167.172.89.254 - - [06/Apr/2026:14:29:30 +0800] "POST /wp-login.php HTTP/1.1" 200 3007 "http://www.cqqizhou.com/wp-login.php" "Mozilla/5.0 (X11; Linux x86_64) AppleWebKit/537.36 (KHTML, like Gecko) Chrome/121.0.0.0 Safari/537.36"
167.172.89.254 - - [06/Apr/2026:14:29:36 +0800] "POST /wp-login.php HTTP/1.1" 200 3063 "http://www.cqqizhou.com/wp-login.php" "Mozilla/5.0 (X11; Ubuntu; Linux x86_64) AppleWebKit/537.36 (KHTML, like Gecko) Chrome/120.0.0.0 Safari/537.36"
167.172.89.254 - - [06/Apr/2026:14:29:39 +0800] "POST /wp-login.php HTTP/1.1" 200 3062 "http://www.cqqizhou.com/wp-login.php" "Mozilla/5.0 (Windows NT 10.0; Win64; x64) AppleWebKit/537.36 (KHTML, like Gecko) Chrome/118.0.0.0 Safari/537.36"
167.172.89.254 - - [06/Apr/2026:14:29:41 +0800] "POST /wp-login.php HTTP/1.1" 200 3063 "http://www.cqqizhou.com/wp-login.php" "Mozilla/5.0 (Windows NT 11.0; Win64; x64) AppleWebKit/537.36 (KHTML, like Gecko) Chrome/120.0.0.0 Safari/537.36"
167.172.89.254 - - [06/Apr/2026:14:29:43 +0800] "POST /wp-login.php HTTP/1.1" 200 3066 "http://www.cqqizhou.com/wp-login.php" "Mozilla/5.0 (X11; Ubuntu; Linux x86_64) AppleWebKit/537.36 (KHTML, like Gecko) Chrome/118.0.0.0 Safari/537.36"
167.172.89.254 - - [06/Apr/2026:14:29:46 +0800] "POST /wp-login.php HTTP/1.1" 200 3061 "http://www.cqqizhou.com/wp-login.php" "Mozilla/5.0 (Macintosh; Intel Mac OS X 10_15_7; rv:120.0) Gecko/20100101 Firefox/120.0"
167.172.89.254 - - [06/Apr/2026:14:29:48 +0800] "POST /wp-login.php HTTP/1.1" 200 3067 "http://www.cqqizhou.com/wp-login.php" "Mozilla/5.0 (X11; Linux x86_64) AppleWebKit/537.36 (KHTML, like Gecko) Chrome/120.0.0.0 Safari/537.36"
36.133.115.36 - - [06/Apr/2026:14:52:59 +0800] "POST /wp-cron.php?doing_wp_cron=1775458379.7322480678558349609375 HTTP/1.1" 200 31 "-" "WordPress/6.9; http://cqqizhou.com"
49.51.252.146 - - [06/Apr/2026:14:52:59 +0800] "GET / HTTP/1.1" 301 5 "-" "Mozilla/5.0 (iPhone; CPU iPhone OS 13_2_3 like Mac OS X) AppleWebKit/605.1.15 (KHTML, like Gecko) Version/13.0.3 Mobile/15E148 Safari/604.1"
49.51.252.146 - - [06/Apr/2026:14:53:02 +0800] "GET / HTTP/1.1" 200 34823 "http://www.cqqizhou.com" "Mozilla/5.0 (iPhone; CPU iPhone OS 13_2_3 like Mac OS X) AppleWebKit/605.1.15 (KHTML, like Gecko) Version/13.0.3 Mobile/15E148 Safari/604.1"
36.133.115.36 - - [06/Apr/2026:14:56:32 +0800] "POST /wp-cron.php?doing_wp_cron=1775458592.9408400058746337890625 HTTP/1.1" 200 31 "-" "WordPress/6.9; http://cqqizhou.com"
111.55.35.83 - - [06/Apr/2026:14:56:32 +0800] "GET / HTTP/1.1" 200 34824 "https://m.baidu.com/" "Mozilla/5.0 (Linux; Android 10; HJC-AN90 Build/HONORHJC-AN90; wv) AppleWebKit/537.36 (KHTML, like Gecko) Version/4.0 Chrome/97.0.4692.98 Mobile Safari/537.36 T7/15.53 SP-engine/3.57.0 bd_dvt/0 baiduboxapp/15.53.0.10 (Baidu; P1 10) NABar/1.0"
111.55.35.83 - - [06/Apr/2026:14:56:53 +0800] "GET /about/ HTTP/1.1" 301 5 "https://m.baidu.com/" "Mozilla/5.0 (Linux; Android 10; HJC-AN90 Build/HONORHJC-AN90; wv) AppleWebKit/537.36 (KHTML, like Gecko) Version/4.0 Chrome/97.0.4692.98 Mobile Safari/537.36 T7/15.53 SP-engine/3.57.0 bd_dvt/0 baiduboxapp/15.53.0.10 (Baidu; P1 10) NABar/1.0"
111.55.35.83 - - [06/Apr/2026:14:56:55 +0800] "GET /about HTTP/1.1" 200 24158 "https://m.baidu.com/" "Mozilla/5.0 (Linux; Android 10; HJC-AN90 Build/HONORHJC-AN90; wv) AppleWebKit/537.36 (KHTML, like Gecko) Version/4.0 Chrome/97.0.4692.98 Mobile Safari/537.36 T7/15.53 SP-engine/3.57.0 bd_dvt/0 baiduboxapp/15.53.0.10 (Baidu; P1 10) NABar/1.0"
36.133.115.36 - - [06/Apr/2026:14:57:42 +0800] "POST /wp-cron.php?doing_wp_cron=1775458662.0216081142425537109375 HTTP/1.1" 200 31 "-" "WordPress/6.9; http://cqqizhou.com"
114.119.130.253 - - [06/Apr/2026:14:57:42 +0800] "GET /wp-sitemap.xml HTTP/1.1" 501 253 "-" "Mozilla/5.0 (Linux; Android 7.0;) AppleWebKit/537.36 (KHTML, like Gecko) Mobile Safari/537.36 (compatible; PetalBot;+https://webmaster.petalsearch.com/site/petalbot)"
36.133.115.36 - - [06/Apr/2026:15:04:13 +0800] "POST /wp-cron.php?doing_wp_cron=1775459053.7067339420318603515625 HTTP/1.1" 200 31 "-" "WordPress/6.9; http://cqqizhou.com"
34.62.38.172 - - [06/Apr/2026:15:04:13 +0800] "GET / HTTP/1.1" 200 34824 "-" "Mozilla/5.0 (Windows NT 10.0; Win64; x64) AppleWebKit/537.36 (KHTML, like Gecko) Chrome/127.0.0.0 Safari/537.36"
34.62.38.172 - - [06/Apr/2026:15:05:04 +0800] "GET / HTTP/1.0" 301 0 "-" "-"
34.62.38.172 - - [06/Apr/2026:15:05:06 +0800] "GET / HTTP/1.1" 301 5 "-" "-"
36.133.115.36 - - [06/Apr/2026:15:17:51 +0800] "POST /wp-cron.php?doing_wp_cron=1775459871.3869249820709228515625 HTTP/1.1" 200 31 "-" "WordPress/6.9; http://cqqizhou.com"
117.181.158.188 - - [06/Apr/2026:15:17:51 +0800] "GET /contacts/ HTTP/1.1" 301 5 "-" "Mozilla/5.0 (Windows NT 10.0; Win64; x64) AppleWebKit/537.36 (KHTML, like Gecko) Chrome/136.0.0.0 Safari/537.36"
117.181.158.188 - - [06/Apr/2026:15:17:51 +0800] "GET http://cqqizhou.com/contacts HTTP/1.1" 200 21638 "-" "Mozilla/5.0 (Windows NT 10.0; Win64; x64) AppleWebKit/537.36 (KHTML, like Gecko) Chrome/136.0.0.0 Safari/537.36"
198.244.168.162 - - [06/Apr/2026:15:20:31 +0800] "GET /news/2160 HTTP/1.1" 200 25750 "-" "Mozilla/5.0 (compatible; AhrefsBot/7.0; +http://ahrefs.com/robot/)"
36.133.115.36 - - [06/Apr/2026:15:21:21 +0800] "POST /wp-cron.php?doing_wp_cron=1775460081.3438129425048828125000 HTTP/1.1" 200 31 "-" "WordPress/6.9; http://cqqizhou.com"
154.219.123.51 - - [06/Apr/2026:15:21:22 +0800] "POST / HTTP/1.1" 200 34823 "-" "Mozilla/5.0 (Windows NT 10.0; Win64; x64) AppleWebKit/537.36"
36.133.115.36 - - [06/Apr/2026:15:41:16 +0800] "POST /wp-cron.php?doing_wp_cron=1775461276.5287458896636962890625 HTTP/1.1" 200 31 "-" "WordPress/6.9; http://cqqizhou.com"
122.51.236.174 - - [06/Apr/2026:15:41:16 +0800] "GET / HTTP/1.1" 200 34824 "-" "Mozilla/5.0 (iPhone; CPU iPhone OS 13_2_3 like Mac OS X) AppleWebKit/605.1.15 (KHTML, like Gecko) Version/13.0.3 Mobile/15E148 Safari/604.1"
47.114.89.255 - - [06/Apr/2026:15:43:00 +0800] "GET /sysadm/administrator/source/edit_file.php?file=../../../about.php HTTP/1.1" 404 47 "-" "Mozilla/5.0 (Windows NT 10.0; Win64; x64)"
36.133.115.36 - - [06/Apr/2026:15:44:24 +0800] "POST /wp-cron.php?doing_wp_cron=1775461464.7120509147644042968750 HTTP/1.1" 200 31 "-" "WordPress/6.9; http://cqqizhou.com"
119.133.22.63 - - [06/Apr/2026:15:44:24 +0800] "GET /contacts/ HTTP/1.1" 301 5 "http://cqqizhou.com/contacts/" "Mozilla/5.0 (Windows NT 10.0; Win64; x64) AppleWebKit/537.36 (KHTML, like Gecko) Chrome/136.0.0.0 Safari/537.36"
119.133.22.63 - - [06/Apr/2026:15:44:24 +0800] "GET http://cqqizhou.com/contacts HTTP/1.1" 200 21638 "http://cqqizhou.com/contacts/" "Mozilla/5.0 (Windows NT 10.0; Win64; x64) AppleWebKit/537.36 (KHTML, like Gecko) Chrome/136.0.0.0 Safari/537.36"
36.133.115.36 - - [06/Apr/2026:15:46:10 +0800] "POST /wp-cron.php?doing_wp_cron=1775461570.2099969387054443359375 HTTP/1.1" 200 31 "-" "WordPress/6.9; http://cqqizhou.com"
154.219.123.51 - - [06/Apr/2026:15:46:10 +0800] "POST /admin/index.aspx HTTP/1.1" 404 8948 "-" "Mozilla/5.0 (Windows NT 10.0; Win64; x64) AppleWebKit/537.36"
36.133.115.36 - - [06/Apr/2026:16:03:22 +0800] "POST /wp-cron.php?doing_wp_cron=1775462602.8233399391174316406250 HTTP/1.1" 200 31 "-" "WordPress/6.9; http://cqqizhou.com"
154.219.123.51 - - [06/Apr/2026:16:03:23 +0800] "POST /admin/index.aspx HTTP/1.1" 404 8949 "-" "Mozilla/5.0 (Windows NT 10.0; Win64; x64) AppleWebKit/537.36"
36.133.115.36 - - [06/Apr/2026:16:16:24 +0800] "POST /wp-cron.php?doing_wp_cron=1775463384.4015660285949707031250 HTTP/1.1" 200 31 "-" "WordPress/6.9; http://cqqizhou.com"
112.96.71.45 - - [06/Apr/2026:16:16:24 +0800] "GET /about/ HTTP/1.1" 301 5 "https://m.baidu.com/" "Mozilla/5.0 (Linux; Android 12; V2166A Build/SP1A.210812.003_NONFC; wv) AppleWebKit/537.36 (KHTML, like Gecko) Version/4.0 Chrome/97.0.4692.98 Mobile Safari/537.36 T7/13.23 SP-engine/2.53.0 matrixstyle/0 lite baiduboxapp/5.46.1.10 (Baidu; P1 12) NABar/1.0"
112.96.71.45 - - [06/Apr/2026:16:16:25 +0800] "GET /about HTTP/1.1" 200 24158 "https://m.baidu.com/" "Mozilla/5.0 (Linux; Android 12; V2166A Build/SP1A.210812.003_NONFC; wv) AppleWebKit/537.36 (KHTML, like Gecko) Version/4.0 Chrome/97.0.4692.98 Mobile Safari/537.36 T7/13.23 SP-engine/2.53.0 matrixstyle/0 lite baiduboxapp/5.46.1.10 (Baidu; P1 12) NABar/1.0"
112.96.71.45 - - [06/Apr/2026:16:16:26 +0800] "GET /wp-content/uploads/2025/06/1750755307-qizhoucangku2000x400_2025624.webp HTTP/1.1" 200 45470 "http://cqqizhou.com/about" "Mozilla/5.0 (Linux; Android 12; V2166A Build/SP1A.210812.003_NONFC; wv) AppleWebKit/537.36 (KHTML, like Gecko) Version/4.0 Chrome/97.0.4692.98 Mobile Safari/537.36 T7/13.23 SP-engine/2.53.0 matrixstyle/0 lite baiduboxapp/5.46.1.10 (Baidu; P1 12) NABar/1.0"
112.96.71.45 - - [06/Apr/2026:16:16:26 +0800] "GET /wp-content/uploads/elementor/thumbs/1751373145-About_Qizhoudalou_W800px-r91b70ok8huvvdr4ynxnf302e8ie3iydlh6ag9ew82.webp HTTP/1.1" 200 37938 "http://cqqizhou.com/about" "Mozilla/5.0 (Linux; Android 12; V2166A Build/SP1A.210812.003_NONFC; wv) AppleWebKit/537.36 (KHTML, like Gecko) Version/4.0 Chrome/97.0.4692.98 Mobile Safari/537.36 T7/13.23 SP-engine/2.53.0 matrixstyle/0 lite baiduboxapp/5.46.1.10 (Baidu; P1 12) NABar/1.0"
112.96.71.45 - - [06/Apr/2026:16:16:26 +0800] "GET /wp-content/uploads/elementor/thumbs/1751209300-Hello-Qizhou3-r91b71mdtei8mab1rr8x739cnvi1mafuaga3vbed3o.webp HTTP/1.1" 200 39120 "http://cqqizhou.com/about" "Mozilla/5.0 (Linux; Android 12; V2166A Build/SP1A.210812.003_NONFC; wv) AppleWebKit/537.36 (KHTML, like Gecko) Version/4.0 Chrome/97.0.4692.98 Mobile Safari/537.36 T7/13.23 SP-engine/2.53.0 matrixstyle/0 lite baiduboxapp/5.46.1.10 (Baidu; P1 12) NABar/1.0"
112.96.71.45 - - [06/Apr/2026:16:16:26 +0800] "GET /wp-content/uploads/2025/07/1750649803-qizhou800x500_2.webp HTTP/1.1" 200 63616 "http://cqqizhou.com/about" "Mozilla/5.0 (Linux; Android 12; V2166A Build/SP1A.210812.003_NONFC; wv) AppleWebKit/537.36 (KHTML, like Gecko) Version/4.0 Chrome/97.0.4692.98 Mobile Safari/537.36 T7/13.23 SP-engine/2.53.0 matrixstyle/0 lite baiduboxapp/5.46.1.10 (Baidu; P1 12) NABar/1.0"
112.96.71.45 - - [06/Apr/2026:16:16:26 +0800] "GET /wp-content/uploads/2025/07/1750945417-honor300%C3%97206_1.webp HTTP/1.1" 200 57666 "http://cqqizhou.com/about" "Mozilla/5.0 (Linux; Android 12; V2166A Build/SP1A.210812.003_NONFC; wv) AppleWebKit/537.36 (KHTML, like Gecko) Version/4.0 Chrome/97.0.4692.98 Mobile Safari/537.36 T7/13.23 SP-engine/2.53.0 matrixstyle/0 lite baiduboxapp/5.46.1.10 (Baidu; P1 12) NABar/1.0"
112.96.71.45 - - [06/Apr/2026:16:16:26 +0800] "GET /wp-content/uploads/2025/07/1750945444-honor300%C3%97206_2.webp HTTP/1.1" 200 71296 "http://cqqizhou.com/about" "Mozilla/5.0 (Linux; Android 12; V2166A Build/SP1A.210812.003_NONFC; wv) AppleWebKit/537.36 (KHTML, like Gecko) Version/4.0 Chrome/97.0.4692.98 Mobile Safari/537.36 T7/13.23 SP-engine/2.53.0 matrixstyle/0 lite baiduboxapp/5.46.1.10 (Baidu; P1 12) NABar/1.0"
112.96.71.45 - - [06/Apr/2026:16:16:26 +0800] "GET /wp-content/uploads/2025/07/1750671800-partner1_200x50.webp HTTP/1.1" 200 2244 "http://cqqizhou.com/about" "Mozilla/5.0 (Linux; Android 12; V2166A Build/SP1A.210812.003_NONFC; wv) AppleWebKit/537.36 (KHTML, like Gecko) Version/4.0 Chrome/97.0.4692.98 Mobile Safari/537.36 T7/13.23 SP-engine/2.53.0 matrixstyle/0 lite baiduboxapp/5.46.1.10 (Baidu; P1 12) NABar/1.0"
112.96.71.45 - - [06/Apr/2026:16:16:26 +0800] "GET /wp-content/uploads/2025/07/1750671801-partner2_200x50.webp HTTP/1.1" 200 3946 "http://cqqizhou.com/about" "Mozilla/5.0 (Linux; Android 12; V2166A Build/SP1A.210812.003_NONFC; wv) AppleWebKit/537.36 (KHTML, like Gecko) Version/4.0 Chrome/97.0.4692.98 Mobile Safari/537.36 T7/13.23 SP-engine/2.53.0 matrixstyle/0 lite baiduboxapp/5.46.1.10 (Baidu; P1 12) NABar/1.0"
112.96.71.45 - - [06/Apr/2026:16:16:26 +0800] "GET /wp-content/uploads/2025/07/1750671803-partner3_200x50.webp HTTP/1.1" 200 4414 "http://cqqizhou.com/about" "Mozilla/5.0 (Linux; Android 12; V2166A Build/SP1A.210812.003_NONFC; wv) AppleWebKit/537.36 (KHTML, like Gecko) Version/4.0 Chrome/97.0.4692.98 Mobile Safari/537.36 T7/13.23 SP-engine/2.53.0 matrixstyle/0 lite baiduboxapp/5.46.1.10 (Baidu; P1 12) NABar/1.0"
112.96.71.45 - - [06/Apr/2026:16:16:27 +0800] "GET /wp-content/uploads/2025/07/1750671805-partner4_200x50.webp HTTP/1.1" 200 2390 "http://cqqizhou.com/about" "Mozilla/5.0 (Linux; Android 12; V2166A Build/SP1A.210812.003_NONFC; wv) AppleWebKit/537.36 (KHTML, like Gecko) Version/4.0 Chrome/97.0.4692.98 Mobile Safari/537.36 T7/13.23 SP-engine/2.53.0 matrixstyle/0 lite baiduboxapp/5.46.1.10 (Baidu; P1 12) NABar/1.0"
112.96.71.45 - - [06/Apr/2026:16:16:27 +0800] "GET /wp-content/uploads/2025/07/1750671806-partner5_200x50.webp HTTP/1.1" 200 2840 "http://cqqizhou.com/about" "Mozilla/5.0 (Linux; Android 12; V2166A Build/SP1A.210812.003_NONFC; wv) AppleWebKit/537.36 (KHTML, like Gecko) Version/4.0 Chrome/97.0.4692.98 Mobile Safari/537.36 T7/13.23 SP-engine/2.53.0 matrixstyle/0 lite baiduboxapp/5.46.1.10 (Baidu; P1 12) NABar/1.0"
112.96.71.45 - - [06/Apr/2026:16:16:27 +0800] "GET /wp-content/uploads/2025/07/1750671808-partner6_200x50.webp HTTP/1.1" 200 3004 "http://cqqizhou.com/about" "Mozilla/5.0 (Linux; Android 12; V2166A Build/SP1A.210812.003_NONFC; wv) AppleWebKit/537.36 (KHTML, like Gecko) Version/4.0 Chrome/97.0.4692.98 Mobile Safari/537.36 T7/13.23 SP-engine/2.53.0 matrixstyle/0 lite baiduboxapp/5.46.1.10 (Baidu; P1 12) NABar/1.0"
112.96.71.45 - - [06/Apr/2026:16:16:27 +0800] "GET /wp-content/uploads/2025/07/1751425283-qizhou.kf_.qq_.com_.webp HTTP/1.1" 200 16864 "http://cqqizhou.com/about" "Mozilla/5.0 (Linux; Android 12; V2166A Build/SP1A.210812.003_NONFC; wv) AppleWebKit/537.36 (KHTML, like Gecko) Version/4.0 Chrome/97.0.4692.98 Mobile Safari/537.36 T7/13.23 SP-engine/2.53.0 matrixstyle/0 lite baiduboxapp/5.46.1.10 (Baidu; P1 12) NABar/1.0"
