206.81.31.216 - - [04/Jan/2026:12:59:07 +0800] "GET / HTTP/1.1" 200 34110 "-" "Mozilla/5.0 (Windows NT 10.0; Win64; x64) AppleWebKit/537.36"
36.133.115.36 - - [04/Jan/2026:13:02:02 +0800] "POST /wp-cron.php?doing_wp_cron=1767502922.7995169162750244140625 HTTP/1.1" 200 31 "-" "WordPress/6.8.3; http://cqqizhou.com"
87.236.176.176 - - [04/Jan/2026:13:02:02 +0800] "GET / HTTP/1.1" 301 5 "-" "Mozilla/5.0 (compatible; InternetMeasurement/1.0; +https://internet-measurement.com/)"
87.236.176.176 - - [04/Jan/2026:13:02:03 +0800] "GET / HTTP/1.1" 200 34110 "http://36.133.115.36" "Mozilla/5.0 (compatible; InternetMeasurement/1.0; +https://internet-measurement.com/)"
36.133.115.36 - - [04/Jan/2026:13:03:17 +0800] "POST /wp-cron.php?doing_wp_cron=1767502997.0214018821716308593750 HTTP/1.1" 200 31 "-" "WordPress/6.8.3; http://cqqizhou.com"
36.133.108.119 - - [04/Jan/2026:13:03:17 +0800] "HEAD /evox/about HTTP/1.1" 404 0 "-" "Mozilla/5.0 (compatible; MSIE 8.0; Windows NT 5.1; Trident/4.0; .NET CLR 1.1.4322; .NET CLR 2.0.50727)"
36.133.108.119 - - [04/Jan/2026:13:03:34 +0800] "HEAD /HNAP1 HTTP/1.1" 404 0 "-" "Mozilla/5.0 (Windows NT 6.1) AppleWebKit/537.36 (KHTML, like Gecko) Chrome/27.0.1453.90 Safari/537.36"
36.133.115.36 - - [04/Jan/2026:13:09:16 +0800] "POST /wp-cron.php?doing_wp_cron=1767503356.2517991065979003906250 HTTP/1.1" 200 31 "-" "WordPress/6.8.3; http://cqqizhou.com"
141.98.11.140 - - [04/Jan/2026:13:09:17 +0800] "GET / HTTP/1.1" 200 152290 "-" "-"
100.50.77.146 - - [04/Jan/2026:13:14:17 +0800] "GET / HTTP/1.1" 200 34110 "-" "Mozilla/5.0 (Windows NT 10.0; Win64; x64) AppleWebKit/537.36 (KHTML, like Gecko) Chrome/127.0.0.0 Safari/537.36 Edg/127.0.0.0"
36.133.115.36 - - [04/Jan/2026:13:15:30 +0800] "POST /wp-cron.php?doing_wp_cron=1767503730.7452600002288818359375 HTTP/1.1" 200 31 "-" "WordPress/6.8.3; http://cqqizhou.com"
38.46.221.123 - - [04/Jan/2026:13:15:30 +0800] "GET http://check.9tb.org/ HTTP/1.1" 301 5 "-" "Go-http-client/1.1"
38.46.221.123 - - [04/Jan/2026:13:15:31 +0800] "GET http://cqqizhou.com/ HTTP/1.1" 200 34110 "http://check.9tb.org" "Go-http-client/1.1"
112.39.146.205 - - [04/Jan/2026:13:21:06 +0800] "GET / HTTP/1.1" 200 34110 "-" "Mozilla/5.0 (Windows NT 6.2) AppleWebKit/537.36 (KHTML, like Gecko) Chrome/81.0.4044.138"
36.133.115.36 - - [04/Jan/2026:13:21:28 +0800] "POST /wp-cron.php?doing_wp_cron=1767504088.9203960895538330078125 HTTP/1.1" 200 31 "-" "WordPress/6.8.3; http://cqqizhou.com"
106.111.46.26 - - [04/Jan/2026:13:21:28 +0800] "GET / HTTP/1.1" 301 5 "-" "Mozilla/5.0 (Windows NT 6.2; WOW64) AppleWebKit/537.36 (KHTML, like Gecko) Chrome/76.0.3809.12"
123.170.72.214 - - [04/Jan/2026:13:21:30 +0800] "GET / HTTP/1.1" 301 5 "-" "Mozilla/5.0 (Windows NT 6.2; WOW64) AppleWebKit/537.36 (KHTML, like Gecko) Chrome/76.0.3809.12"
182.107.178.62 - - [04/Jan/2026:13:21:32 +0800] "GET / HTTP/1.1" 301 5 "-" "Mozilla/5.0 (Windows NT 6.2; WOW64) AppleWebKit/537.36 (KHTML, like Gecko) Chrome/76.0.3809.12"
111.178.131.22 - - [04/Jan/2026:13:21:41 +0800] "GET / HTTP/1.1" 301 5 "-" "Mozilla/5.0 (Windows NT 6.2; WOW64) AppleWebKit/537.36 (KHTML, like Gecko) Chrome/76.0.3809.12"
111.178.131.22 - - [04/Jan/2026:13:21:42 +0800] "GET / HTTP/1.1" 301 5 "-" "Mozilla/5.0 (Windows NT 6.2; WOW64) AppleWebKit/537.36 (KHTML, like Gecko) Chrome/76.0.3809.12"
119.248.80.172 - - [04/Jan/2026:13:21:43 +0800] "GET / HTTP/1.1" 301 5 "-" "Mozilla/5.0 (Windows NT 6.2; WOW64) AppleWebKit/537.36 (KHTML, like Gecko) Chrome/76.0.3809.12"
36.133.115.36 - - [04/Jan/2026:13:21:47 +0800] "POST /wp-cron.php?doing_wp_cron=1767504107.2552969455718994140625 HTTP/1.1" 200 31 "-" "WordPress/6.8.3; http://cqqizhou.com"
61.139.146.142 - - [04/Jan/2026:13:21:47 +0800] "GET / HTTP/1.1" 301 5 "-" "Mozilla/5.0 (Windows NT 6.2; WOW64) AppleWebKit/537.36 (KHTML, like Gecko) Chrome/76.0.3809.12"
114.231.13.6 - - [04/Jan/2026:13:21:48 +0800] "GET / HTTP/1.1" 301 5 "-" "Mozilla/5.0 (Windows NT 6.2; WOW64) AppleWebKit/537.36 (KHTML, like Gecko) Chrome/76.0.3809.12"
183.197.26.193 - - [04/Jan/2026:13:21:49 +0800] "GET / HTTP/1.1" 301 5 "-" "Mozilla/5.0 (Windows NT 6.2; WOW64) AppleWebKit/537.36 (KHTML, like Gecko) Chrome/76.0.3809.12"
148.113.128.17 - - [04/Jan/2026:13:22:28 +0800] "GET /robots.txt HTTP/1.1" 200 190 "-" "Mozilla/5.0 (compatible; AhrefsBot/7.0; +http://ahrefs.com/robot/)"
54.39.136.152 - - [04/Jan/2026:13:22:32 +0800] "GET /portfolio-category/remaining-rolls/ HTTP/1.1" 200 21071 "-" "Mozilla/5.0 (compatible; AhrefsBot/7.0; +http://ahrefs.com/robot/)"
36.133.115.36 - - [04/Jan/2026:13:25:28 +0800] "POST /wp-cron.php?doing_wp_cron=1767504328.2325699329376220703125 HTTP/1.1" 200 31 "-" "WordPress/6.8.3; http://cqqizhou.com"
121.237.36.27 - - [04/Jan/2026:13:25:28 +0800] "GET / HTTP/1.1" 301 5 "-" "Dalvik/2.1.0 (Linux; U; Android 9.0; ZTE BA520 Build/MRA58K)"
121.237.36.27 - - [04/Jan/2026:13:25:29 +0800] "GET / HTTP/1.1" 200 33677 "-" "Dalvik/2.1.0 (Linux; U; Android 9.0; ZTE BA520 Build/MRA58K)"
36.133.115.36 - - [04/Jan/2026:13:26:54 +0800] "POST /wp-cron.php?doing_wp_cron=1767504414.0633258819580078125000 HTTP/1.1" 200 31 "-" "WordPress/6.8.3; http://cqqizhou.com"
121.237.36.27 - - [04/Jan/2026:13:26:54 +0800] "GET / HTTP/1.1" 301 5 "-" "Mozilla/4.0 (compatible; MSIE 6.0; Windows NT 5.1) Opera 7.51 [en]"
121.237.36.27 - - [04/Jan/2026:13:27:04 +0800] "GET / HTTP/1.1" 301 5 "-" "Dalvik/2.1.0 (Linux; U; Android 9.0; ZTE BA520 Build/MRA58K)"
121.237.36.27 - - [04/Jan/2026:13:27:05 +0800] "GET / HTTP/1.1" 200 33677 "-" "Dalvik/2.1.0 (Linux; U; Android 9.0; ZTE BA520 Build/MRA58K)"
36.133.115.36 - - [04/Jan/2026:13:28:03 +0800] "POST /wp-cron.php?doing_wp_cron=1767504483.2254080772399902343750 HTTP/1.1" 200 31 "-" "WordPress/6.8.3; http://cqqizhou.com"
121.237.36.31 - - [04/Jan/2026:13:28:03 +0800] "GET / HTTP/1.1" 301 5 "-" "Dalvik/2.1.0 (Linux; U; Android 9.0; ZTE BA520 Build/MRA58K)"
121.237.36.31 - - [04/Jan/2026:13:28:04 +0800] "GET / HTTP/1.1" 200 33678 "-" "Dalvik/2.1.0 (Linux; U; Android 9.0; ZTE BA520 Build/MRA58K)"
36.133.115.36 - - [04/Jan/2026:13:31:35 +0800] "POST /wp-cron.php?doing_wp_cron=1767504695.4757850170135498046875 HTTP/1.1" 200 31 "-" "WordPress/6.8.3; http://cqqizhou.com"
204.76.203.219 - - [04/Jan/2026:13:31:35 +0800] "GET / HTTP/1.1" 200 33677 "-" "Mozilla/5.0 (Windows NT 10.0; Win64; x64) AppleWebKit/537.36 (KHTML, like Gecko) Chrome/90.0.4430.85 Safari/537.36 Edg/90.0.818.46"
36.133.115.36 - - [04/Jan/2026:13:33:12 +0800] "POST /wp-cron.php?doing_wp_cron=1767504792.2317669391632080078125 HTTP/1.1" 200 31 "-" "WordPress/6.8.3; http://cqqizhou.com"
121.52.252.229 - - [04/Jan/2026:13:33:12 +0800] "GET / HTTP/1.0" 301 0 "-" "Mozilla/5.0 (Windows NT 10.0; Win64; x64) AppleWebKit/537.36 (KHTML, like Gecko) Chrome/124.0.0.0 Safari/537.36"
121.52.252.229 - - [04/Jan/2026:13:33:13 +0800] "GET / HTTP/1.0" 200 153956 "-" "Mozilla/5.0 (Windows NT 10.0; Win64; x64) AppleWebKit/537.36 (KHTML, like Gecko) Chrome/124.0.0.0 Safari/537.36"
36.133.115.36 - - [04/Jan/2026:13:34:52 +0800] "POST /wp-cron.php?doing_wp_cron=1767504892.6688039302825927734375 HTTP/1.1" 200 31 "-" "WordPress/6.8.3; http://cqqizhou.com"
121.237.36.31 - - [04/Jan/2026:13:34:52 +0800] "GET / HTTP/1.1" 301 5 "-" "Mozilla/5.0 (Macintosh; Intel Mac OS X 10_11) AppleWebKit/601.1.27 (KHTML, like Gecko) Chrome/47.0.2526.106 Safari/601.1.27"
121.237.36.31 - - [04/Jan/2026:13:34:52 +0800] "GET / HTTP/1.1" 200 34110 "-" "Mozilla/5.0 (Macintosh; Intel Mac OS X 10_11) AppleWebKit/601.1.27 (KHTML, like Gecko) Chrome/47.0.2526.106 Safari/601.1.27"
36.133.115.36 - - [04/Jan/2026:13:42:42 +0800] "POST /wp-cron.php?doing_wp_cron=1767505362.8562459945678710937500 HTTP/1.1" 200 31 "-" "WordPress/6.8.3; http://cqqizhou.com"
121.237.36.28 - - [04/Jan/2026:13:42:42 +0800] "GET / HTTP/1.1" 301 5 "-" "Mozilla/5.0 (Macintosh; Intel Mac OS X 10_11) AppleWebKit/601.1.27 (KHTML, like Gecko) Chrome/47.0.2526.106 Safari/601.1.27"
121.237.36.28 - - [04/Jan/2026:13:42:43 +0800] "GET / HTTP/1.1" 200 34110 "-" "Mozilla/5.0 (Macintosh; Intel Mac OS X 10_11) AppleWebKit/601.1.27 (KHTML, like Gecko) Chrome/47.0.2526.106 Safari/601.1.27"
36.133.115.36 - - [04/Jan/2026:13:49:53 +0800] "POST /wp-cron.php?doing_wp_cron=1767505793.5074210166931152343750 HTTP/1.1" 200 31 "-" "WordPress/6.8.3; http://cqqizhou.com"
121.237.36.27 - - [04/Jan/2026:13:49:53 +0800] "GET / HTTP/1.1" 301 5 "-" "Opera/9.80 (X11; Linux x86_64; U; pl) Presto/2.7.62 Version/11.00"
36.133.115.36 - - [04/Jan/2026:13:55:05 +0800] "POST /wp-cron.php?doing_wp_cron=1767506105.3630299568176269531250 HTTP/1.1" 200 31 "-" "WordPress/6.8.3; http://cqqizhou.com"
103.19.190.182 - - [04/Jan/2026:13:55:05 +0800] "GET /Content/js/ueditor/net/controller.ashx?action=catchimage HTTP/1.1" 404 8981 "-" "Mozilla/5.0 (Windows NT 10.0; Win64; x64)"
36.133.115.36 - - [04/Jan/2026:13:55:58 +0800] "POST /wp-cron.php?doing_wp_cron=1767506158.0231609344482421875000 HTTP/1.1" 200 31 "-" "WordPress/6.8.3; http://cqqizhou.com"
51.77.43.72 - - [04/Jan/2026:13:55:58 +0800] "GET /robots.txt HTTP/1.1" 200 390 "-" "Mozilla/5.0 (compatible; MJ12bot/v1.4.8; http://mj12bot.com/)"
51.77.43.72 - - [04/Jan/2026:13:55:58 +0800] "GET /robots.txt HTTP/1.1" 200 390 "-" "Mozilla/5.0 (compatible; MJ12bot/v1.4.8; http://mj12bot.com/)"
51.77.43.72 - - [04/Jan/2026:13:55:59 +0800] "GET /portfolio-tag/%E9%9E%8D%E9%92%A2%E8%92%82%E6%A3%AE/ HTTP/1.1" 200 22871 "-" "Mozilla/5.0 (compatible; MJ12bot/v1.4.8; http://mj12bot.com/)"
51.77.43.72 - - [04/Jan/2026:13:56:00 +0800] "GET /portfolio-tag/%E9%9E%8D%E9%92%A2%E8%92%82%E6%A3%AE/ HTTP/1.1" 200 22871 "-" "Mozilla/5.0 (compatible; MJ12bot/v1.4.8; http://mj12bot.com/)"
51.77.43.72 - - [04/Jan/2026:13:56:02 +0800] "GET /portfolio/%E5%86%B7%E8%BD%A7%E5%8D%B7/ HTTP/1.1" 200 22115 "-" "Mozilla/5.0 (compatible; MJ12bot/v1.4.8; http://mj12bot.com/)"
51.77.43.72 - - [04/Jan/2026:13:56:02 +0800] "GET /portfolio/%E5%86%B7%E8%BD%A7%E5%8D%B7/ HTTP/1.1" 200 22115 "-" "Mozilla/5.0 (compatible; MJ12bot/v1.4.8; http://mj12bot.com/)"
51.77.43.72 - - [04/Jan/2026:13:56:04 +0800] "GET /robots.txt HTTP/1.1" 200 390 "-" "Mozilla/5.0 (compatible; MJ12bot/v1.4.8; http://mj12bot.com/)"
51.77.43.72 - - [04/Jan/2026:13:56:04 +0800] "GET /portfolio/%E5%86%B7%E8%BD%A7%E6%9D%BF/ HTTP/1.1" 200 22137 "-" "Mozilla/5.0 (compatible; MJ12bot/v1.4.8; http://mj12bot.com/)"
51.77.43.72 - - [04/Jan/2026:13:56:04 +0800] "GET /portfolio/%E5%86%B7%E8%BD%A7%E6%9D%BF/ HTTP/1.1" 200 22137 "-" "Mozilla/5.0 (compatible; MJ12bot/v1.4.8; http://mj12bot.com/)"
51.77.43.72 - - [04/Jan/2026:13:56:05 +0800] "GET /portfolio-tag/%E9%9E%8D%E9%92%A2%E8%92%82%E6%A3%AE/ HTTP/1.1" 200 22871 "-" "Mozilla/5.0 (compatible; MJ12bot/v1.4.8; http://mj12bot.com/)"
51.77.43.72 - - [04/Jan/2026:13:56:08 +0800] "GET /robots.txt HTTP/1.1" 200 390 "-" "Mozilla/5.0 (compatible; MJ12bot/v1.4.8; http://mj12bot.com/)"
51.77.43.72 - - [04/Jan/2026:13:56:09 +0800] "GET /portfolio/%E5%86%B7%E8%BD%A7%E5%8D%B7/ HTTP/1.1" 200 22115 "-" "Mozilla/5.0 (compatible; MJ12bot/v1.4.8; http://mj12bot.com/)"
51.77.43.72 - - [04/Jan/2026:13:56:09 +0800] "GET /portfolio-tag/%E9%9E%8D%E9%92%A2%E8%92%82%E6%A3%AE/ HTTP/1.1" 200 22871 "-" "Mozilla/5.0 (compatible; MJ12bot/v1.4.8; http://mj12bot.com/)"
51.77.43.72 - - [04/Jan/2026:13:56:12 +0800] "GET /portfolio/%E5%86%B7%E8%BD%A7%E6%9D%BF/ HTTP/1.1" 200 22137 "-" "Mozilla/5.0 (compatible; MJ12bot/v1.4.8; http://mj12bot.com/)"
51.77.43.72 - - [04/Jan/2026:13:56:12 +0800] "GET /portfolio/%E5%86%B7%E8%BD%A7%E5%8D%B7/ HTTP/1.1" 200 22115 "-" "Mozilla/5.0 (compatible; MJ12bot/v1.4.8; http://mj12bot.com/)"
51.77.43.72 - - [04/Jan/2026:13:56:14 +0800] "GET /portfolio/%E5%86%B7%E8%BD%A7%E6%9D%BF/ HTTP/1.1" 200 22137 "-" "Mozilla/5.0 (compatible; MJ12bot/v1.4.8; http://mj12bot.com/)"
36.133.115.36 - - [04/Jan/2026:14:02:57 +0800] "POST /wp-cron.php?doing_wp_cron=1767506577.2320690155029296875000 HTTP/1.1" 200 31 "-" "WordPress/6.8.3; http://cqqizhou.com"
51.77.43.72 - - [04/Jan/2026:14:02:57 +0800] "GET /robots.txt HTTP/1.1" 200 390 "-" "Mozilla/5.0 (compatible; MJ12bot/v1.4.8; http://mj12bot.com/)"
51.77.43.72 - - [04/Jan/2026:14:02:59 +0800] "GET /portfolio-tag/%E9%9E%8D%E9%92%A2%E8%92%82%E6%A3%AE/ HTTP/1.1" 200 22871 "-" "Mozilla/5.0 (compatible; MJ12bot/v1.4.8; http://mj12bot.com/)"
141.98.11.140 - - [04/Jan/2026:14:02:59 +0800] "GET /login.asp HTTP/1.1" 301 5 "-" "Mozilla/5.0"
51.77.43.72 - - [04/Jan/2026:14:03:01 +0800] "GET /portfolio/%E5%86%B7%E8%BD%A7%E5%8D%B7/ HTTP/1.1" 200 22115 "-" "Mozilla/5.0 (compatible; MJ12bot/v1.4.8; http://mj12bot.com/)"
51.77.43.72 - - [04/Jan/2026:14:03:05 +0800] "GET /portfolio/%E5%86%B7%E8%BD%A7%E6%9D%BF/ HTTP/1.1" 200 22137 "-" "Mozilla/5.0 (compatible; MJ12bot/v1.4.8; http://mj12bot.com/)"
36.133.115.36 - - [04/Jan/2026:14:06:52 +0800] "POST /wp-cron.php?doing_wp_cron=1767506812.5808238983154296875000 HTTP/1.1" 200 31 "-" "WordPress/6.8.3; http://cqqizhou.com"
165.154.202.146 - - [04/Jan/2026:14:06:52 +0800] "GET /version HTTP/1.1" 301 5 "-" "-"
165.154.202.146 - - [04/Jan/2026:14:06:57 +0800] "GET / HTTP/1.1" 200 152290 "-" "-"
165.154.202.146 - - [04/Jan/2026:14:07:01 +0800] "GET / HTTP/1.1" 200 152290 "-" "-"
165.154.202.146 - - [04/Jan/2026:14:07:04 +0800] "GET /v1 HTTP/1.1" 301 5 "-" "-"
165.154.202.146 - - [04/Jan/2026:14:07:08 +0800] "GET / HTTP/1.1" 200 152290 "-" "-"
165.154.202.146 - - [04/Jan/2026:14:07:15 +0800] "GET / HTTP/1.1" 200 152290 "-" "Mozilla/5.0 (Windows NT 6.1) AppleWebKit/537.36 (KHTML, like Gecko) Chrome/49.0.2623.112 Safari/537.36"
45.142.154.62 - - [04/Jan/2026:14:07:29 +0800] "GET / HTTP/1.1" 200 153978 "-" "Mozilla/5.0 (Windows NT 6.1) AppleWebKit/537.36 (KHTML, like Gecko) Chrome/49.0.2623.112 Safari/537.36"
101.36.112.233 - - [04/Jan/2026:14:07:29 +0800] "GET / HTTP/1.1" 301 5 "-" "Mozilla/5.0 (Windows NT 6.1) AppleWebKit/537.36 (KHTML, like Gecko) Chrome/49.0.2623.112 Safari/537.36"
54.39.210.233 - - [04/Jan/2026:14:09:49 +0800] "GET /2215/ HTTP/1.1" 200 24099 "-" "Mozilla/5.0 (compatible; AhrefsBot/7.0; +http://ahrefs.com/robot/)"
36.133.115.36 - - [04/Jan/2026:14:10:02 +0800] "POST /wp-cron.php?doing_wp_cron=1767507002.5953741073608398437500 HTTP/1.1" 200 31 "-" "WordPress/6.8.3; http://cqqizhou.com"
51.77.43.72 - - [04/Jan/2026:14:10:02 +0800] "GET /robots.txt HTTP/1.1" 200 390 "-" "Mozilla/5.0 (compatible; MJ12bot/v1.4.8; http://mj12bot.com/)"
51.77.43.72 - - [04/Jan/2026:14:10:04 +0800] "GET /portfolio-tag/%E9%9E%8D%E9%92%A2%E8%92%82%E6%A3%AE/ HTTP/1.1" 200 22871 "-" "Mozilla/5.0 (compatible; MJ12bot/v1.4.8; http://mj12bot.com/)"
51.77.43.72 - - [04/Jan/2026:14:10:08 +0800] "GET /portfolio/%E5%86%B7%E8%BD%A7%E5%8D%B7/ HTTP/1.1" 200 22115 "-" "Mozilla/5.0 (compatible; MJ12bot/v1.4.8; http://mj12bot.com/)"
51.77.43.72 - - [04/Jan/2026:14:10:10 +0800] "GET /portfolio/%E5%86%B7%E8%BD%A7%E6%9D%BF/ HTTP/1.1" 200 22137 "-" "Mozilla/5.0 (compatible; MJ12bot/v1.4.8; http://mj12bot.com/)"
36.133.115.36 - - [04/Jan/2026:14:19:17 +0800] "POST /wp-cron.php?doing_wp_cron=1767507557.3744580745697021484375 HTTP/1.1" 200 31 "-" "WordPress/6.8.3; http://cqqizhou.com"
36.133.108.125 - - [04/Jan/2026:14:19:17 +0800] "HEAD /webui HTTP/1.1" 404 0 "-" "Mozilla/5.0 (compatible; MSIE 9.0; Windows NT 6.1; Trident/5.0; yie8)"
36.133.115.36 - - [04/Jan/2026:14:37:20 +0800] "POST /wp-cron.php?doing_wp_cron=1767508640.1462929248809814453125 HTTP/1.1" 200 31 "-" "WordPress/6.8.3; http://cqqizhou.com"
40.77.167.33 - - [04/Jan/2026:14:37:20 +0800] "GET /?s=2026 HTTP/1.1" 200 17809 "-" "Mozilla/5.0 AppleWebKit/537.36 (KHTML, like Gecko; compatible; bingbot/2.0; +http://www.bing.com/bingbot.htm) Chrome/116.0.1938.76 Safari/537.36"
180.153.236.80 - - [04/Jan/2026:14:40:59 +0800] "GET / HTTP/1.1" 200 34110 "http://cqqizhou.com/" "Mozilla/5.0 (Windows NT 10.0; Win64; x64) AppleWebKit/537.36 (KHTML, like Gecko) Chrome/140.0.0.0 Safari/537.36 Edg/140.0.0.0; 360Spider"
36.133.115.36 - - [04/Jan/2026:14:42:32 +0800] "POST /wp-cron.php?doing_wp_cron=1767508952.6452469825744628906250 HTTP/1.1" 200 31 "-" "WordPress/6.8.3; http://cqqizhou.com"
204.76.203.8 - - [04/Jan/2026:14:42:32 +0800] "GET / HTTP/1.1" 200 33678 "-" "Go-http-client/1.1"
36.133.115.36 - - [04/Jan/2026:14:50:33 +0800] "POST /wp-cron.php?doing_wp_cron=1767509433.4306418895721435546875 HTTP/1.1" 200 31 "-" "WordPress/6.8.3; http://cqqizhou.com"
170.106.180.139 - - [04/Jan/2026:14:50:33 +0800] "GET / HTTP/1.1" 301 5 "-" "Mozilla/5.0 (iPhone; CPU iPhone OS 13_2_3 like Mac OS X) AppleWebKit/605.1.15 (KHTML, like Gecko) Version/13.0.3 Mobile/15E148 Safari/604.1"
170.106.180.139 - - [04/Jan/2026:14:50:36 +0800] "GET / HTTP/1.1" 200 33677 "http://36.133.115.36" "Mozilla/5.0 (iPhone; CPU iPhone OS 13_2_3 like Mac OS X) AppleWebKit/605.1.15 (KHTML, like Gecko) Version/13.0.3 Mobile/15E148 Safari/604.1"
36.133.115.36 - - [04/Jan/2026:15:00:12 +0800] "POST /wp-cron.php?doing_wp_cron=1767510012.2273180484771728515625 HTTP/1.1" 200 31 "-" "WordPress/6.8.3; http://cqqizhou.com"
43.139.193.14 - - [04/Jan/2026:15:00:12 +0800] "GET /index.php HTTP/1.1" 200 152290 "-" "Mozilla/5.0 (Windows NT 6.1; WOW64; rv:18.0) Gecko/20100101 Firefox/18.0"
43.139.193.14 - - [04/Jan/2026:15:00:12 +0800] "GET /phpmyadmin/index.php HTTP/1.1" 404 27 "-" "Mozilla/5.0 (Windows NT 6.1; WOW64; rv:18.0) Gecko/20100101 Firefox/18.0"
148.113.130.35 - - [04/Jan/2026:15:10:27 +0800] "GET /portfolio-category/hot-dip-galvanized-coil/ HTTP/1.1" 200 21148 "-" "Mozilla/5.0 (compatible; AhrefsBot/7.0; +http://ahrefs.com/robot/)"
36.133.115.36 - - [04/Jan/2026:15:20:04 +0800] "POST /wp-cron.php?doing_wp_cron=1767511204.6608979701995849609375 HTTP/1.1" 200 31 "-" "WordPress/6.8.3; http://cqqizhou.com"
204.76.203.219 - - [04/Jan/2026:15:20:04 +0800] "GET / HTTP/1.1" 200 33677 "-" "Mozilla/5.0 (Windows NT 10.0; Win64; x64) AppleWebKit/537.36 (KHTML, like Gecko) Chrome/90.0.4430.85 Safari/537.36 Edg/90.0.818.46"
36.133.115.36 - - [04/Jan/2026:15:24:08 +0800] "POST /wp-cron.php?doing_wp_cron=1767511448.7054960727691650390625 HTTP/1.1" 200 31 "-" "WordPress/6.8.3; http://cqqizhou.com"
135.181.180.59 - - [04/Jan/2026:15:24:08 +0800] "GET /robots.txt HTTP/1.1" 200 390 "-" "Mozilla/5.0 (compatible; MJ12bot/v1.4.8; http://mj12bot.com/)"
135.181.180.59 - - [04/Jan/2026:15:24:10 +0800] "GET /portfolio/%E5%86%B7%E8%BD%A7%E5%8D%B7/ HTTP/1.1" 200 22115 "-" "Mozilla/5.0 (compatible; MJ12bot/v1.4.8; http://mj12bot.com/)"
36.133.115.36 - - [04/Jan/2026:15:47:24 +0800] "POST /wp-cron.php?doing_wp_cron=1767512844.0817849636077880859375 HTTP/1.1" 200 31 "-" "WordPress/6.8.3; http://cqqizhou.com"
49.51.253.83 - - [04/Jan/2026:15:47:24 +0800] "GET / HTTP/1.1" 200 33678 "-" "Mozilla/5.0 (iPhone; CPU iPhone OS 13_2_3 like Mac OS X) AppleWebKit/605.1.15 (KHTML, like Gecko) Version/13.0.3 Mobile/15E148 Safari/604.1"
36.133.115.36 - - [04/Jan/2026:15:53:19 +0800] "POST /wp-cron.php?doing_wp_cron=1767513199.2080030441284179687500 HTTP/1.1" 200 31 "-" "WordPress/6.8.3; http://cqqizhou.com"
66.249.79.226 - - [04/Jan/2026:15:53:19 +0800] "GET /robots.txt HTTP/1.1" 301 5 "-" "Mozilla/5.0 (compatible; Googlebot/2.1; +http://www.google.com/bot.html)"
66.249.68.71 - - [04/Jan/2026:15:53:25 +0800] "GET /robots.txt HTTP/1.1" 200 190 "-" "Mozilla/5.0 (compatible; Googlebot/2.1; +http://www.google.com/bot.html)"
66.249.79.226 - - [04/Jan/2026:15:53:26 +0800] "GET / HTTP/1.1" 301 5 "-" "Mozilla/5.0 (Linux; Android 6.0.1; Nexus 5X Build/MMB29P) AppleWebKit/537.36 (KHTML, like Gecko) Chrome/141.0.7390.122 Mobile Safari/537.36 (compatible; Googlebot/2.1; +http://www.google.com/bot.html)"
66.249.68.71 - - [04/Jan/2026:15:53:28 +0800] "GET / HTTP/1.1" 200 33678 "-" "Mozilla/5.0 (Linux; Android 6.0.1; Nexus 5X Build/MMB29P) AppleWebKit/537.36 (KHTML, like Gecko) Chrome/141.0.7390.122 Mobile Safari/537.36 (compatible; Googlebot/2.1; +http://www.google.com/bot.html)"
14.108.233.176 - - [04/Jan/2026:16:03:37 +0800] "GET / HTTP/1.1" 200 34110 "-" "Mozilla/5.0 (Windows NT 10.0; Win64; x64) AppleWebKit/537.36 (KHTML, like Gecko) Chrome/143.0.0.0 Safari/537.36 Edg/143.0.0.0"
14.108.233.176 - - [04/Jan/2026:16:03:37 +0800] "GET /wp-content/uploads/2025/07/1751425283-qizhou.kf_.qq_.com_.webp HTTP/1.1" 200 16864 "http://cqqizhou.com/" "Mozilla/5.0 (Windows NT 10.0; Win64; x64) AppleWebKit/537.36 (KHTML, like Gecko) Chrome/143.0.0.0 Safari/537.36 Edg/143.0.0.0"
14.108.233.176 - - [04/Jan/2026:16:03:38 +0800] "GET /wp-content/uploads/2025/12/1765268955-qizhou_Slider1_3840%C3%972160_20251210-scaled.webp HTTP/1.1" 200 152162 "http://cqqizhou.com/" "Mozilla/5.0 (Windows NT 10.0; Win64; x64) AppleWebKit/537.36 (KHTML, like Gecko) Chrome/143.0.0.0 Safari/537.36 Edg/143.0.0.0"
14.108.233.176 - - [04/Jan/2026:16:03:38 +0800] "GET /wp-content/uploads/2025/07/1753456723-%E5%8F%8C%E7%9B%B8%E9%92%A2roduct_Single600.webp HTTP/1.1" 200 22790 "http://cqqizhou.com/" "Mozilla/5.0 (Windows NT 10.0; Win64; x64) AppleWebKit/537.36 (KHTML, like Gecko) Chrome/143.0.0.0 Safari/537.36 Edg/143.0.0.0"
14.108.233.176 - - [04/Jan/2026:16:03:38 +0800] "GET /wp-content/uploads/2025/07/1753453096-%E5%8F%8C%E7%9B%B8%E9%92%A2product_Single600%C3%97284.webp HTTP/1.1" 200 14562 "http://cqqizhou.com/" "Mozilla/5.0 (Windows NT 10.0; Win64; x64) AppleWebKit/537.36 (KHTML, like Gecko) Chrome/143.0.0.0 Safari/537.36 Edg/143.0.0.0"
14.108.233.176 - - [04/Jan/2026:16:03:38 +0800] "GET /wp-content/uploads/2025/07/1753453127-%E4%BD%99%E5%8D%B7product_Single600%C3%97284.webp HTTP/1.1" 200 18744 "http://cqqizhou.com/" "Mozilla/5.0 (Windows NT 10.0; Win64; x64) AppleWebKit/537.36 (KHTML, like Gecko) Chrome/143.0.0.0 Safari/537.36 Edg/143.0.0.0"
14.108.233.176 - - [04/Jan/2026:16:03:38 +0800] "GET /wp-content/uploads/2025/07/1753456770-%E7%83%AD%E9%95%80%E9%94%8C%E5%8D%B7product_Single600.webp HTTP/1.1" 200 27502 "http://cqqizhou.com/" "Mozilla/5.0 (Windows NT 10.0; Win64; x64) AppleWebKit/537.36 (KHTML, like Gecko) Chrome/143.0.0.0 Safari/537.36 Edg/143.0.0.0"
14.108.233.176 - - [04/Jan/2026:16:03:38 +0800] "GET /wp-content/uploads/2025/12/1765265398-qizhou_Slider_3840%C3%972160_20251209-scaled-50x100.webp HTTP/1.1" 200 2166 "http://cqqizhou.com/" "Mozilla/5.0 (Windows NT 10.0; Win64; x64) AppleWebKit/537.36 (KHTML, like Gecko) Chrome/143.0.0.0 Safari/537.36 Edg/143.0.0.0"
14.108.233.176 - - [04/Jan/2026:16:03:38 +0800] "GET /wp-content/uploads/revslider/slider-1/1750861156-logistics_Slider_3840%C3%972160_20250625191356-scaled-50x100.webp HTTP/1.1" 200 1416 "http://cqqizhou.com/" "Mozilla/5.0 (Windows NT 10.0; Win64; x64) AppleWebKit/537.36 (KHTML, like Gecko) Chrome/143.0.0.0 Safari/537.36 Edg/143.0.0.0"
36.133.115.36 - - [04/Jan/2026:16:03:39 +0800] "POST /wp-cron.php?doing_wp_cron=1767513819.5293009281158447265625 HTTP/1.1" 200 31 "-" "WordPress/6.8.3; http://cqqizhou.com"
36.133.115.36 - - [04/Jan/2026:16:03:39 +0800] "POST /wp-cron.php?doing_wp_cron=1767513819.5301771163940429687500 HTTP/1.1" 200 31 "-" "WordPress/6.8.3; http://cqqizhou.com"
14.108.233.176 - - [04/Jan/2026:16:03:39 +0800] "GET /wp-json/sliderrevolution/sliders/1?srengine=7&slideid=2 HTTP/1.1" 200 2058 "http://cqqizhou.com/" "Mozilla/5.0 (Windows NT 10.0; Win64; x64) AppleWebKit/537.36 (KHTML, like Gecko) Chrome/143.0.0.0 Safari/537.36 Edg/143.0.0.0"
14.108.233.176 - - [04/Jan/2026:16:03:39 +0800] "GET /wp-json/sliderrevolution/sliders/1?srengine=7&slideid=3 HTTP/1.1" 200 2286 "http://cqqizhou.com/" "Mozilla/5.0 (Windows NT 10.0; Win64; x64) AppleWebKit/537.36 (KHTML, like Gecko) Chrome/143.0.0.0 Safari/537.36 Edg/143.0.0.0"
14.108.233.176 - - [04/Jan/2026:16:03:39 +0800] "GET /wp-content/uploads/revslider/slider-1/1750861156-logistics_Slider_3840%C3%972160_20250625191356-scaled.webp HTTP/1.1" 200 197360 "http://cqqizhou.com/" "Mozilla/5.0 (Windows NT 10.0; Win64; x64) AppleWebKit/537.36 (KHTML, like Gecko) Chrome/143.0.0.0 Safari/537.36 Edg/143.0.0.0"
14.108.233.176 - - [04/Jan/2026:16:03:39 +0800] "GET /wp-content/uploads/2025/12/1765265398-qizhou_Slider_3840%C3%972160_20251209-scaled.webp HTTP/1.1" 200 175208 "http://cqqizhou.com/" "Mozilla/5.0 (Windows NT 10.0; Win64; x64) AppleWebKit/537.36 (KHTML, like Gecko) Chrome/143.0.0.0 Safari/537.36 Edg/143.0.0.0"
14.108.233.176 - - [04/Jan/2026:16:03:47 +0800] "GET /wp-content/uploads/2025/12/1765268955-qizhou_Slider1_3840%C3%972160_20251210-scaled-50x100.webp HTTP/1.1" 200 1812 "http://cqqizhou.com/" "Mozilla/5.0 (Windows NT 10.0; Win64; x64) AppleWebKit/537.36 (KHTML, like Gecko) Chrome/143.0.0.0 Safari/537.36 Edg/143.0.0.0"
14.108.233.176 - - [04/Jan/2026:16:03:50 +0800] "GET /wp-content/uploads/2025/07/1750174127-Marketing1920x800_3.webp HTTP/1.1" 200 52790 "http://cqqizhou.com/wp-content/uploads/elementor/css/post-1666.css?ver=1765890155" "Mozilla/5.0 (Windows NT 10.0; Win64; x64) AppleWebKit/537.36 (KHTML, like Gecko) Chrome/143.0.0.0 Safari/537.36 Edg/143.0.0.0"
14.108.233.176 - - [04/Jan/2026:16:03:56 +0800] "GET /services/ HTTP/1.1" 200 31630 "http://cqqizhou.com/" "Mozilla/5.0 (Windows NT 10.0; Win64; x64) AppleWebKit/537.36 (KHTML, like Gecko) Chrome/143.0.0.0 Safari/537.36 Edg/143.0.0.0"
14.108.233.176 - - [04/Jan/2026:16:03:56 +0800] "GET /wp-content/uploads/2025/07/1751829518-Precision-processing-services800x500.webp HTTP/1.1" 200 28964 "http://cqqizhou.com/services/" "Mozilla/5.0 (Windows NT 10.0; Win64; x64) AppleWebKit/537.36 (KHTML, like Gecko) Chrome/143.0.0.0 Safari/537.36 Edg/143.0.0.0"
14.108.233.176 - - [04/Jan/2026:16:03:56 +0800] "GET /wp-content/uploads/2025/12/1764853155-ISO2-731x1024.webp HTTP/1.1" 200 91446 "http://cqqizhou.com/services/" "Mozilla/5.0 (Windows NT 10.0; Win64; x64) AppleWebKit/537.36 (KHTML, like Gecko) Chrome/143.0.0.0 Safari/537.36 Edg/143.0.0.0"
14.108.233.176 - - [04/Jan/2026:16:03:56 +0800] "GET /wp-content/uploads/2025/12/1764853157-ISO3-731x1024.webp HTTP/1.1" 200 105856 "http://cqqizhou.com/services/" "Mozilla/5.0 (Windows NT 10.0; Win64; x64) AppleWebKit/537.36 (KHTML, like Gecko) Chrome/143.0.0.0 Safari/537.36 Edg/143.0.0.0"
14.108.233.176 - - [04/Jan/2026:16:04:01 +0800] "GET /wp-content/uploads/2025/12/1764853152-ISO1-731x1024.webp HTTP/1.1" 200 111032 "http://cqqizhou.com/services/" "Mozilla/5.0 (Windows NT 10.0; Win64; x64) AppleWebKit/537.36 (KHTML, like Gecko) Chrome/143.0.0.0 Safari/537.36 Edg/143.0.0.0"
14.108.233.176 - - [04/Jan/2026:16:04:04 +0800] "GET /wp-content/uploads/2025/07/1751829454-Smart-warehousing800x500.webp HTTP/1.1" 200 79504 "http://cqqizhou.com/services/" "Mozilla/5.0 (Windows NT 10.0; Win64; x64) AppleWebKit/537.36 (KHTML, like Gecko) Chrome/143.0.0.0 Safari/537.36 Edg/143.0.0.0"
14.108.233.176 - - [04/Jan/2026:16:04:07 +0800] "GET /wp-content/uploads/2025/07/1753405252-Services_Banner2000%C3%97400px2.webp HTTP/1.1" 200 23730 "http://cqqizhou.com/wp-content/uploads/elementor/css/post-1659.css?ver=1765862294" "Mozilla/5.0 (Windows NT 10.0; Win64; x64) AppleWebKit/537.36 (KHTML, like Gecko) Chrome/143.0.0.0 Safari/537.36 Edg/143.0.0.0"
14.108.233.176 - - [04/Jan/2026:16:04:37 +0800] "GET /logistics/ HTTP/1.1" 200 22470 "http://cqqizhou.com/services/" "Mozilla/5.0 (Windows NT 10.0; Win64; x64) AppleWebKit/537.36 (KHTML, like Gecko) Chrome/143.0.0.0 Safari/537.36 Edg/143.0.0.0"
14.108.233.176 - - [04/Jan/2026:16:04:37 +0800] "GET /wp-content/uploads/2025/07/1751864682-Logistics800x500_2.webp HTTP/1.1" 200 27420 "http://cqqizhou.com/logistics/" "Mozilla/5.0 (Windows NT 10.0; Win64; x64) AppleWebKit/537.36 (KHTML, like Gecko) Chrome/143.0.0.0 Safari/537.36 Edg/143.0.0.0"
14.108.233.176 - - [04/Jan/2026:16:04:37 +0800] "GET /wp-content/uploads/2025/07/1751864664-Logistics800x500_1.webp HTTP/1.1" 200 76914 "http://cqqizhou.com/logistics/" "Mozilla/5.0 (Windows NT 10.0; Win64; x64) AppleWebKit/537.36 (KHTML, like Gecko) Chrome/143.0.0.0 Safari/537.36 Edg/143.0.0.0"
14.108.233.176 - - [04/Jan/2026:16:04:37 +0800] "GET /wp-content/uploads/2025/07/1753407887-Logistics_Banner2000%C3%97400px-%E6%8B%B7%E8%B4%9D.webp HTTP/1.1" 200 18866 "http://cqqizhou.com/logistics/" "Mozilla/5.0 (Windows NT 10.0; Win64; x64) AppleWebKit/537.36 (KHTML, like Gecko) Chrome/143.0.0.0 Safari/537.36 Edg/143.0.0.0"
14.108.233.176 - - [04/Jan/2026:16:05:33 +0800] "GET /media/ HTTP/1.1" 200 30193 "http://cqqizhou.com/logistics/" "Mozilla/5.0 (Windows NT 10.0; Win64; x64) AppleWebKit/537.36 (KHTML, like Gecko) Chrome/143.0.0.0 Safari/537.36 Edg/143.0.0.0"
14.108.233.176 - - [04/Jan/2026:16:05:33 +0800] "GET /wp-content/uploads/2025/11/1762861549-%E5%85%A8%E6%99%AF%E5%90%AF%E8%88%9F%E5%9D%A4%E7%85%8C%E5%BA%93.webp HTTP/1.1" 200 18812 "http://cqqizhou.com/media/" "Mozilla/5.0 (Windows NT 10.0; Win64; x64) AppleWebKit/537.36 (KHTML, like Gecko) Chrome/143.0.0.0 Safari/537.36 Edg/143.0.0.0"
14.108.233.176 - - [04/Jan/2026:16:05:33 +0800] "GET /wp-content/uploads/2025/11/1762861550-%E4%B8%87%E5%98%89%E7%9B%9B%E5%BA%93%E5%85%A8%E6%99%AF%E5%9B%BE.webp HTTP/1.1" 200 24278 "http://cqqizhou.com/media/" "Mozilla/5.0 (Windows NT 10.0; Win64; x64) AppleWebKit/537.36 (KHTML, like Gecko) Chrome/143.0.0.0 Safari/537.36 Edg/143.0.0.0"
14.108.233.176 - - [04/Jan/2026:16:05:34 +0800] "GET /wp-content/uploads/media/qizhou_Brochure.webp HTTP/1.1" 200 26142 "http://cqqizhou.com/media/" "Mozilla/5.0 (Windows NT 10.0; Win64; x64) AppleWebKit/537.36 (KHTML, like Gecko) Chrome/143.0.0.0 Safari/537.36 Edg/143.0.0.0"
36.133.115.36 - - [04/Jan/2026:16:08:55 +0800] "POST /wp-cron.php?doing_wp_cron=1767514135.6265349388122558593750 HTTP/1.1" 200 31 "-" "WordPress/6.8.3; http://cqqizhou.com"
38.46.221.123 - - [04/Jan/2026:16:08:55 +0800] "GET http://check.9tb.org/ HTTP/1.1" 301 5 "-" "Go-http-client/1.1"
38.46.221.123 - - [04/Jan/2026:16:08:55 +0800] "GET http://cqqizhou.com/ HTTP/1.1" 200 34110 "http://check.9tb.org" "Go-http-client/1.1"
36.133.115.36 - - [04/Jan/2026:16:14:39 +0800] "POST /wp-cron.php?doing_wp_cron=1767514479.5940968990325927734375 HTTP/1.1" 200 31 "-" "WordPress/6.8.3; http://cqqizhou.com"
204.76.203.219 - - [04/Jan/2026:16:14:39 +0800] "GET / HTTP/1.1" 200 33678 "-" "Mozilla/5.0 (Windows NT 10.0; Win64; x64) AppleWebKit/537.36 (KHTML, like Gecko) Chrome/90.0.4430.85 Safari/537.36 Edg/90.0.818.46"
51.161.37.52 - - [04/Jan/2026:17:00:42 +0800] "GET /portfolio-category/dual-phase-steel/ HTTP/1.1" 200 21099 "-" "Mozilla/5.0 (compatible; AhrefsBot/7.0; +http://ahrefs.com/robot/)"
40.77.167.76 - - [04/Jan/2026:17:03:29 +0800] "GET /wp-content/uploads/2025/07/1751829454-Smart-warehousing800x500.webp HTTP/1.1" 200 79504 "-" "Mozilla/5.0 AppleWebKit/537.36 (KHTML, like Gecko; compatible; bingbot/2.0; +http://www.bing.com/bingbot.htm) Chrome/116.0.1938.76 Safari/537.36"
36.133.115.36 - - [04/Jan/2026:17:05:42 +0800] "POST /wp-cron.php?doing_wp_cron=1767517541.9530000686645507812500 HTTP/1.1" 200 31 "-" "WordPress/6.8.3; http://cqqizhou.com"
106.54.62.156 - - [04/Jan/2026:17:05:42 +0800] "GET / HTTP/1.1" 301 5 "-" "Mozilla/5.0 (iPhone; CPU iPhone OS 13_2_3 like Mac OS X) AppleWebKit/605.1.15 (KHTML, like Gecko) Version/13.0.3 Mobile/15E148 Safari/604.1"
106.54.62.156 - - [04/Jan/2026:17:05:43 +0800] "GET / HTTP/1.1" 200 33678 "http://www.cqqizhou.com" "Mozilla/5.0 (iPhone; CPU iPhone OS 13_2_3 like Mac OS X) AppleWebKit/605.1.15 (KHTML, like Gecko) Version/13.0.3 Mobile/15E148 Safari/604.1"
211.230.67.73 - - [04/Jan/2026:17:06:09 +0800] "GET /2163/ HTTP/1.1" 200 23806 "https://www.google.com/" "Mozilla/5.0 (Windows NT 10.0; WOW64) AppleWebKit/537.36 (KHTML, like Gecko) Chrome/128.0.4345.58 Safari/537.36"
36.133.115.36 - - [04/Jan/2026:17:08:18 +0800] "POST /wp-cron.php?doing_wp_cron=1767517698.0983209609985351562500 HTTP/1.1" 200 31 "-" "WordPress/6.8.3; http://cqqizhou.com"
66.249.68.70 - - [04/Jan/2026:17:08:18 +0800] "GET /business/ HTTP/1.1" 404 8980 "-" "Mozilla/5.0 (Linux; Android 6.0.1; Nexus 5X Build/MMB29P) AppleWebKit/537.36 (KHTML, like Gecko) Chrome/141.0.7390.122 Mobile Safari/537.36 (compatible; Googlebot/2.1; +http://www.google.com/bot.html)"
85.90.208.132 - - [04/Jan/2026:17:14:57 +0800] "GET /media/ HTTP/1.0" 200 125711 "http://cqqizhou.com/media/" "Mozilla/5.0 (Windows NT 10.0; Win64; x64) AppleWebKit/537.36 (KHTML, like Gecko) Chrome/129.0.0.0 Safari/537.36"
36.133.115.36 - - [04/Jan/2026:17:15:02 +0800] "POST /wp-cron.php?doing_wp_cron=1767518102.6313641071319580078125 HTTP/1.1" 200 31 "-" "WordPress/6.8.3; http://cqqizhou.com"
85.90.208.132 - - [04/Jan/2026:17:15:02 +0800] "GET /wp-login.php?action=register HTTP/1.0" 302 0 "http://cqqizhou.com/wp-login.php?action=register" "Mozilla/5.0 (Windows NT 10.0; Win64; x64) AppleWebKit/537.36 (KHTML, like Gecko) Chrome/129.0.0.0 Safari/537.36"
85.90.208.132 - - [04/Jan/2026:17:15:04 +0800] "GET /wp-login.php?registration=disabled HTTP/1.0" 200 8840 "http://cqqizhou.com/wp-login.php?registration=disabled" "Mozilla/5.0 (Windows NT 10.0; Win64; x64) AppleWebKit/537.36 (KHTML, like Gecko) Chrome/129.0.0.0 Safari/537.36"
139.9.55.116 - - [04/Jan/2026:17:20:56 +0800] "GET /Public/fileUpload/server/php/index.php HTTP/1.1" 404 47 "-" "Mozilla/5.0 (Windows NT 10.0; Win64; x64)"
36.133.115.36 - - [04/Jan/2026:17:31:11 +0800] "POST /wp-cron.php?doing_wp_cron=1767519071.0662140846252441406250 HTTP/1.1" 200 31 "-" "WordPress/6.8.3; http://cqqizhou.com"
193.142.147.209 - - [04/Jan/2026:17:31:13 +0800] "POST / HTTP/1.1" 200 33678 "-" "Mozilla/5.0 (Windows NT 10.0; Win64; x64) AppleWebKit/537.36"
36.133.115.36 - - [04/Jan/2026:17:35:09 +0800] "POST /wp-cron.php?doing_wp_cron=1767519309.8678669929504394531250 HTTP/1.1" 200 31 "-" "WordPress/6.8.3; http://cqqizhou.com"
38.46.221.123 - - [04/Jan/2026:17:35:09 +0800] "GET http://check.9tb.org/ HTTP/1.1" 301 5 "-" "Go-http-client/1.1"
38.46.221.123 - - [04/Jan/2026:17:35:10 +0800] "GET http://cqqizhou.com/ HTTP/1.1" 200 34110 "http://check.9tb.org" "Go-http-client/1.1"
36.133.115.36 - - [04/Jan/2026:17:37:00 +0800] "POST /wp-cron.php?doing_wp_cron=1767519420.3221559524536132812500 HTTP/1.1" 200 31 "-" "WordPress/6.8.3; http://cqqizhou.com"
103.252.89.75 - - [04/Jan/2026:17:37:01 +0800] "GET / HTTP/1.1" 200 152290 "-" "-"
36.133.115.36 - - [04/Jan/2026:17:50:39 +0800] "POST /wp-cron.php?doing_wp_cron=1767520239.3939800262451171875000 HTTP/1.1" 200 31 "-" "WordPress/6.8.3; http://cqqizhou.com"
206.81.31.216 - - [04/Jan/2026:17:50:39 +0800] "GET / HTTP/1.1" 301 5 "-" "Mozilla/5.0 (Windows NT 10.0; Win64; x64) AppleWebKit/537.36"
206.81.31.216 - - [04/Jan/2026:17:50:47 +0800] "GET / HTTP/1.1" 200 34110 "-" "Mozilla/5.0 (Windows NT 10.0; Win64; x64) AppleWebKit/537.36"
36.133.115.36 - - [04/Jan/2026:17:50:53 +0800] "POST /wp-cron.php?doing_wp_cron=1767520253.1060290336608886718750 HTTP/1.1" 200 31 "-" "WordPress/6.8.3; http://cqqizhou.com"
206.81.31.216 - - [04/Jan/2026:17:50:53 +0800] "GET / HTTP/1.1" 301 5 "-" "Mozilla/5.0 (Windows NT 10.0; Win64; x64) AppleWebKit/537.36 (KHTML, like Gecko) Chrome/91.0.4472.124 Safari/537.36"
36.133.115.36 - - [04/Jan/2026:17:52:20 +0800] "POST /wp-cron.php?doing_wp_cron=1767520340.1445639133453369140625 HTTP/1.1" 200 31 "-" "WordPress/6.8.3; http://cqqizhou.com"
39.96.32.45 - - [04/Jan/2026:17:52:20 +0800] "HEAD / HTTP/1.1" 301 0 "-" "Java/17.0.17"
39.96.32.45 - - [04/Jan/2026:17:52:20 +0800] "HEAD / HTTP/1.1" 200 0 "-" "Java/17.0.17"
123.57.13.121 - - [04/Jan/2026:17:59:37 +0800] "GET / HTTP/1.1" 200 34110 "-" "Mozilla/5.0 (Windows NT 10.0; Win64; x64) AppleWebKit/537.36 (KHTML, like Gecko) Chrome/104.0.0.0 Safari/537.36"
36.133.115.36 - - [04/Jan/2026:18:02:23 +0800] "POST /wp-cron.php?doing_wp_cron=1767520943.6145150661468505859375 HTTP/1.1" 200 31 "-" "WordPress/6.8.3; http://cqqizhou.com"
204.76.203.219 - - [04/Jan/2026:18:02:23 +0800] "GET / HTTP/1.1" 200 33677 "-" "Mozilla/5.0 (Windows NT 10.0; Win64; x64) AppleWebKit/537.36 (KHTML, like Gecko) Chrome/90.0.4430.85 Safari/537.36 Edg/90.0.818.46"
54.39.6.123 - - [04/Jan/2026:18:14:21 +0800] "GET /portfolio-category/cold-rolled-coil/ HTTP/1.1" 200 21147 "-" "Mozilla/5.0 (compatible; AhrefsBot/7.0; +http://ahrefs.com/robot/)"
91.224.92.121 - - [04/Jan/2026:18:21:21 +0800] "OPTIONS / HTTP/1.1" 405 552 "-" "Mozilla/5.0 (Windows NT 10.0; Win64; x64) AppleWebKit/537.36 (KHTML, like Gecko) Chrome/114.0.5735.199 Safari/537.36"
36.133.115.36 - - [04/Jan/2026:18:21:32 +0800] "POST /wp-cron.php?doing_wp_cron=1767522092.3196089267730712890625 HTTP/1.1" 200 31 "-" "WordPress/6.8.3; http://cqqizhou.com"
89.42.231.200 - - [04/Jan/2026:18:21:32 +0800] "GET /SDK/webLanguage HTTP/1.1" 301 5 "-" "Mozilla/5.0 (Windows NT 10.0; Win64; x64) AppleWebKit/537.36 (KHTML, like Gecko) Chrome/90.0.4430.85 Safari/537.36 Edg/90.0.818.46"
207.46.13.14 - - [04/Jan/2026:18:25:25 +0800] "GET /wp-content/uploads/2025/07/1753453986-Article_images_W900px.webp HTTP/1.1" 200 57364 "-" "Mozilla/5.0 AppleWebKit/537.36 (KHTML, like Gecko; compatible; bingbot/2.0; +http://www.bing.com/bingbot.htm) Chrome/116.0.1938.76 Safari/537.36"
85.203.21.150 - - [04/Jan/2026:18:27:53 +0800] "GET /wp-confiq.php HTTP/1.1" 404 47 "-" "Go-http-client/1.1"
85.203.21.150 - - [04/Jan/2026:18:27:53 +0800] "GET /nrhogjyecktixbal0fnt5Cakc.php HTTP/1.1" 404 47 "-" "Go-http-client/1.1"
85.203.21.150 - - [04/Jan/2026:18:27:53 +0800] "GET /manager.php HTTP/1.1" 404 47 "-" "Go-http-client/1.1"
85.203.21.150 - - [04/Jan/2026:18:27:54 +0800] "GET /znv3hcxz6mwjdz1jwxrxiCakc.php HTTP/1.1" 404 47 "-" "Go-http-client/1.1"
85.203.21.150 - - [04/Jan/2026:18:27:54 +0800] "GET /ioxi-o.php HTTP/1.1" 404 47 "-" "Go-http-client/1.1"
85.203.21.150 - - [04/Jan/2026:18:27:54 +0800] "GET /form.php HTTP/1.1" 404 47 "-" "Go-http-client/1.1"
36.133.115.36 - - [04/Jan/2026:18:27:55 +0800] "POST /wp-cron.php?doing_wp_cron=1767522475.4204850196838378906250 HTTP/1.1" 200 31 "-" "WordPress/6.8.3; http://cqqizhou.com"
85.203.21.150 - - [04/Jan/2026:18:27:55 +0800] "GET /wp-links-opml.php HTTP/1.1" 200 178 "-" "Go-http-client/1.1"
85.203.21.150 - - [04/Jan/2026:18:27:55 +0800] "GET /new4.php HTTP/1.1" 404 47 "-" "Go-http-client/1.1"
85.203.21.150 - - [04/Jan/2026:18:27:55 +0800] "GET /abcd.php HTTP/1.1" 404 47 "-" "Go-http-client/1.1"
85.203.21.150 - - [04/Jan/2026:18:27:56 +0800] "GET /uk5pqv0wksbuaourleCakc.php HTTP/1.1" 404 47 "-" "Go-http-client/1.1"
85.203.21.150 - - [04/Jan/2026:18:27:56 +0800] "GET /aa.php HTTP/1.1" 404 47 "-" "Go-http-client/1.1"
85.203.21.150 - - [04/Jan/2026:18:27:56 +0800] "GET /wp-content/uploads/admin.php HTTP/1.1" 404 47 "-" "Go-http-client/1.1"
85.203.21.150 - - [04/Jan/2026:18:27:57 +0800] "GET /wp-admin/shell.php HTTP/1.1" 404 47 "-" "Go-http-client/1.1"
85.203.21.150 - - [04/Jan/2026:18:27:57 +0800] "GET /new.php HTTP/1.1" 404 47 "-" "Go-http-client/1.1"
85.203.21.150 - - [04/Jan/2026:18:27:57 +0800] "GET /themes.php HTTP/1.1" 404 47 "-" "Go-http-client/1.1"
85.203.21.150 - - [04/Jan/2026:18:27:58 +0800] "GET /test1.php HTTP/1.1" 404 47 "-" "Go-http-client/1.1"
85.203.21.150 - - [04/Jan/2026:18:27:58 +0800] "GET /nc4.php HTTP/1.1" 404 47 "-" "Go-http-client/1.1"
85.203.21.150 - - [04/Jan/2026:18:27:58 +0800] "GET /num.php HTTP/1.1" 404 47 "-" "Go-http-client/1.1"
85.203.21.150 - - [04/Jan/2026:18:27:58 +0800] "GET /admin.php HTTP/1.1" 404 47 "-" "Go-http-client/1.1"
85.203.21.150 - - [04/Jan/2026:18:28:02 +0800] "GET /wp-admin/ HTTP/1.1" 302 5 "-" "Go-http-client/1.1"
85.203.21.150 - - [04/Jan/2026:18:28:03 +0800] "GET /wp-login.php?redirect_to=http%3A%2F%2Fcqqizhou.com%2Fwp-admin%2F&reauth=1 HTTP/1.1" 200 2774 "http://cqqizhou.com/wp-admin/" "Go-http-client/1.1"
85.203.21.150 - - [04/Jan/2026:18:28:03 +0800] "GET /wp-content/plugins/aatdgetgdg/main.php HTTP/1.1" 404 47 "-" "Go-http-client/1.1"
85.203.21.150 - - [04/Jan/2026:18:28:03 +0800] "GET /wp-content/plugins/pwnd/pwnd.php HTTP/1.1" 404 47 "-" "Go-http-client/1.1"
85.203.21.150 - - [04/Jan/2026:18:28:04 +0800] "GET /filemanager.php HTTP/1.1" 404 47 "-" "Go-http-client/1.1"
85.203.21.150 - - [04/Jan/2026:18:28:04 +0800] "GET /wp-admin/network/cache/ HTTP/1.1" 404 8982 "-" "Go-http-client/1.1"
85.203.21.150 - - [04/Jan/2026:18:28:05 +0800] "GET /inputs.php HTTP/1.1" 404 47 "-" "Go-http-client/1.1"
85.203.21.150 - - [04/Jan/2026:18:28:05 +0800] "GET /upload/ HTTP/1.1" 404 8981 "-" "Go-http-client/1.1"
85.203.21.150 - - [04/Jan/2026:18:28:06 +0800] "GET /ioxi-o.php HTTP/1.1" 404 47 "-" "Go-http-client/1.1"
85.203.21.150 - - [04/Jan/2026:18:28:06 +0800] "GET /file.php HTTP/1.1" 404 47 "-" "Go-http-client/1.1"
85.203.21.150 - - [04/Jan/2026:18:28:06 +0800] "GET /wp-content/uploads/ HTTP/1.1" 403 146 "-" "Go-http-client/1.1"
85.203.21.150 - - [04/Jan/2026:18:28:06 +0800] "GET /wp-content/admin.php HTTP/1.1" 404 47 "-" "Go-http-client/1.1"
85.203.21.150 - - [04/Jan/2026:18:28:07 +0800] "GET /wp-admin/network/ HTTP/1.1" 302 5 "-" "Go-http-client/1.1"
85.203.21.150 - - [04/Jan/2026:18:28:08 +0800] "GET /wp-login.php?redirect_to=http%3A%2F%2Fcqqizhou.com%2Fwp-admin%2Fnetwork%2F&reauth=1 HTTP/1.1" 200 2779 "http://cqqizhou.com/wp-admin/network/" "Go-http-client/1.1"
85.203.21.150 - - [04/Jan/2026:18:28:08 +0800] "GET /wp-content/ HTTP/1.1" 200 31 "-" "Go-http-client/1.1"
85.203.21.150 - - [04/Jan/2026:18:28:09 +0800] "GET /5PJcpMFsD8B.php HTTP/1.1" 404 47 "-" "Go-http-client/1.1"
85.203.21.150 - - [04/Jan/2026:18:28:09 +0800] "GET /abcd.php HTTP/1.1" 404 47 "-" "Go-http-client/1.1"
85.203.21.150 - - [04/Jan/2026:18:28:09 +0800] "GET /wp-admin/css/colors/blue/ HTTP/1.1" 403 146 "-" "Go-http-client/1.1"
85.203.21.150 - - [04/Jan/2026:18:28:09 +0800] "GET /wp-admin/css.php HTTP/1.1" 404 47 "-" "Go-http-client/1.1"
85.203.21.150 - - [04/Jan/2026:18:28:10 +0800] "GET /wp-good.php HTTP/1.1" 404 47 "-" "Go-http-client/1.1"
85.203.21.150 - - [04/Jan/2026:18:28:10 +0800] "GET /wp-content/lock360.php HTTP/1.1" 404 47 "-" "Go-http-client/1.1"
85.203.21.150 - - [04/Jan/2026:18:28:10 +0800] "GET /wp-includes/themes.php HTTP/1.1" 404 47 "-" "Go-http-client/1.1"
85.203.21.150 - - [04/Jan/2026:18:28:10 +0800] "GET /wp-content/updates.php HTTP/1.1" 404 47 "-" "Go-http-client/1.1"
85.203.21.150 - - [04/Jan/2026:18:28:11 +0800] "GET /wp-content/plugins/so-pinyin-slugs/inc/main_json.php HTTP/1.1" 404 47 "-" "Go-http-client/1.1"
85.203.21.150 - - [04/Jan/2026:18:28:11 +0800] "GET /wp-content/plugins/revslider/includes/external/page/ HTTP/1.1" 404 8981 "-" "Go-http-client/1.1"
85.203.21.150 - - [04/Jan/2026:18:28:12 +0800] "GET /wp-includes/blocks/code/ HTTP/1.1" 403 146 "-" "Go-http-client/1.1"
85.203.21.150 - - [04/Jan/2026:18:28:12 +0800] "GET /3PJcpMFsD8B.php HTTP/1.1" 404 47 "-" "Go-http-client/1.1"
85.203.21.150 - - [04/Jan/2026:18:28:12 +0800] "GET /wp-admin/js/ HTTP/1.1" 403 146 "-" "Go-http-client/1.1"
85.203.21.150 - - [04/Jan/2026:18:28:12 +0800] "GET /class.api.php HTTP/1.1" 404 47 "-" "Go-http-client/1.1"
85.203.21.150 - - [04/Jan/2026:18:28:13 +0800] "GET /about.php HTTP/1.1" 404 47 "-" "Go-http-client/1.1"
85.203.21.150 - - [04/Jan/2026:18:28:13 +0800] "GET /bless.php HTTP/1.1" 404 47 "-" "Go-http-client/1.1"
85.203.21.150 - - [04/Jan/2026:18:28:13 +0800] "GET /wp-includes/ HTTP/1.1" 403 146 "-" "Go-http-client/1.1"
85.203.21.150 - - [04/Jan/2026:18:28:14 +0800] "GET /index/function.php HTTP/1.1" 404 47 "-" "Go-http-client/1.1"
85.203.21.150 - - [04/Jan/2026:18:28:14 +0800] "GET /wp-config-sample.php HTTP/1.1" 500 2434 "-" "Go-http-client/1.1"
85.203.21.150 - - [04/Jan/2026:18:28:14 +0800] "GET /k.php HTTP/1.1" 404 47 "-" "Go-http-client/1.1"
85.203.21.150 - - [04/Jan/2026:18:28:14 +0800] "GET /wp-content/themes/admin.php HTTP/1.1" 404 47 "-" "Go-http-client/1.1"
85.203.21.150 - - [04/Jan/2026:18:28:15 +0800] "GET /fm.php HTTP/1.1" 404 47 "-" "Go-http-client/1.1"
85.203.21.150 - - [04/Jan/2026:18:28:15 +0800] "GET /wp-content/languages/plugins/ HTTP/1.1" 403 146 "-" "Go-http-client/1.1"
85.203.21.150 - - [04/Jan/2026:18:28:15 +0800] "GET /autoload_classmap/function.php HTTP/1.1" 404 47 "-" "Go-http-client/1.1"
85.203.21.150 - - [04/Jan/2026:18:28:16 +0800] "GET /wp-json/wp/v2/posts?cmd=system HTTP/1.1" 200 20261 "-" "Go-http-client/1.1"
85.203.21.150 - - [04/Jan/2026:18:28:17 +0800] "GET /wp-admin/js/widgets/admin.php HTTP/1.1" 404 47 "-" "Go-http-client/1.1"
85.203.21.150 - - [04/Jan/2026:18:28:17 +0800] "GET /classwithtostring.php HTTP/1.1" 404 47 "-" "Go-http-client/1.1"
85.203.21.150 - - [04/Jan/2026:18:28:17 +0800] "GET /wp-includes/ID3/ HTTP/1.1" 403 146 "-" "Go-http-client/1.1"
85.203.21.150 - - [04/Jan/2026:18:28:17 +0800] "GET /test.php HTTP/1.1" 404 47 "-" "Go-http-client/1.1"
85.203.21.150 - - [04/Jan/2026:18:28:18 +0800] "GET /wp.php HTTP/1.1" 404 47 "-" "Go-http-client/1.1"
85.203.21.150 - - [04/Jan/2026:18:28:18 +0800] "GET /wp-includes/block-bindings/ HTTP/1.1" 403 146 "-" "Go-http-client/1.1"
85.203.21.150 - - [04/Jan/2026:18:28:18 +0800] "GET /adminfuns.php HTTP/1.1" 404 47 "-" "Go-http-client/1.1"
85.203.21.150 - - [04/Jan/2026:18:28:19 +0800] "GET /wp-content/plugins/shell/ HTTP/1.1" 404 8981 "-" "Go-http-client/1.1"
85.203.21.150 - - [04/Jan/2026:18:28:19 +0800] "GET /wp-includes/css/ HTTP/1.1" 403 146 "-" "Go-http-client/1.1"
85.203.21.150 - - [04/Jan/2026:18:28:19 +0800] "GET /wp-content/themes/news-portal/fm.php HTTP/1.1" 404 47 "-" "Go-http-client/1.1"
85.203.21.150 - - [04/Jan/2026:18:28:20 +0800] "GET /wp-includes/admin.php HTTP/1.1" 404 47 "-" "Go-http-client/1.1"
85.203.21.150 - - [04/Jan/2026:18:28:20 +0800] "GET /shell.php HTTP/1.1" 404 47 "-" "Go-http-client/1.1"
85.203.21.150 - - [04/Jan/2026:18:28:20 +0800] "GET /system.php HTTP/1.1" 404 47 "-" "Go-http-client/1.1"
85.203.21.150 - - [04/Jan/2026:18:28:20 +0800] "GET /mah.php HTTP/1.1" 404 47 "-" "Go-http-client/1.1"
85.203.21.150 - - [04/Jan/2026:18:28:21 +0800] "GET /wp-content/themes/ HTTP/1.1" 200 31 "-" "Go-http-client/1.1"
85.203.21.150 - - [04/Jan/2026:18:28:21 +0800] "GET /network_xo.php HTTP/1.1" 404 47 "-" "Go-http-client/1.1"
85.203.21.150 - - [04/Jan/2026:18:28:21 +0800] "GET /simple.php HTTP/1.1" 404 47 "-" "Go-http-client/1.1"
85.203.21.150 - - [04/Jan/2026:18:28:21 +0800] "GET /m.php HTTP/1.1" 404 47 "-" "Go-http-client/1.1"
85.203.21.150 - - [04/Jan/2026:18:28:21 +0800] "GET /bolt.php HTTP/1.1" 404 47 "-" "Go-http-client/1.1"
85.203.21.150 - - [04/Jan/2026:18:28:22 +0800] "GET /wp-content/themes/wp-conflg.php HTTP/1.1" 404 47 "-" "Go-http-client/1.1"
85.203.21.150 - - [04/Jan/2026:18:28:22 +0800] "GET /wp-content/themes/chosen.php HTTP/1.1" 404 47 "-" "Go-http-client/1.1"
85.203.21.150 - - [04/Jan/2026:18:28:22 +0800] "GET /wp-admin/classwithtostring.php HTTP/1.1" 404 47 "-" "Go-http-client/1.1"
85.203.21.150 - - [04/Jan/2026:18:28:22 +0800] "GET /function/function.php HTTP/1.1" 404 47 "-" "Go-http-client/1.1"
85.203.21.150 - - [04/Jan/2026:18:28:23 +0800] "GET /buy.php HTTP/1.1" 404 47 "-" "Go-http-client/1.1"
85.203.21.150 - - [04/Jan/2026:18:28:23 +0800] "GET /wp-includes/Text/Diff/ HTTP/1.1" 403 146 "-" "Go-http-client/1.1"
85.203.21.150 - - [04/Jan/2026:18:28:24 +0800] "GET /wp-content/areak1.php HTTP/1.1" 404 47 "-" "Go-http-client/1.1"
85.203.21.150 - - [04/Jan/2026:18:28:24 +0800] "GET /wp-admin/maint/ HTTP/1.1" 403 146 "-" "Go-http-client/1.1"
85.203.21.150 - - [04/Jan/2026:18:28:24 +0800] "GET /ufbngowues/main.php HTTP/1.1" 404 47 "-" "Go-http-client/1.1"
85.203.21.150 - - [04/Jan/2026:18:28:24 +0800] "GET /shell3.php HTTP/1.1" 404 47 "-" "Go-http-client/1.1"
85.203.21.150 - - [04/Jan/2026:18:28:24 +0800] "GET /wp-content/plugins/elementor/includes/template-singl-portfolio.php HTTP/1.1" 404 47 "-" "Go-http-client/1.1"
85.203.21.150 - - [04/Jan/2026:18:28:25 +0800] "GET /radio.php HTTP/1.1" 404 47 "-" "Go-http-client/1.1"
85.203.21.150 - - [04/Jan/2026:18:28:25 +0800] "GET /wp-content/wp-conflg.php HTTP/1.1" 404 47 "-" "Go-http-client/1.1"
85.203.21.150 - - [04/Jan/2026:18:28:26 +0800] "GET /222.php HTTP/1.1" 404 47 "-" "Go-http-client/1.1"
85.203.21.150 - - [04/Jan/2026:18:28:26 +0800] "GET /wp-includes/blocks/audio/ HTTP/1.1" 403 146 "-" "Go-http-client/1.1"
85.203.21.150 - - [04/Jan/2026:18:28:26 +0800] "GET /worksec.php HTTP/1.1" 404 47 "-" "Go-http-client/1.1"
85.203.21.150 - - [04/Jan/2026:18:28:26 +0800] "GET /info.php HTTP/1.1" 200 49 "-" "Go-http-client/1.1"
85.203.21.150 - - [04/Jan/2026:18:28:27 +0800] "GET /we.php HTTP/1.1" 404 47 "-" "Go-http-client/1.1"
85.203.21.150 - - [04/Jan/2026:18:28:27 +0800] "GET /wp-signin.php HTTP/1.1" 404 47 "-" "Go-http-client/1.1"
85.203.21.150 - - [04/Jan/2026:18:28:27 +0800] "GET /wp-includes/Requests/library/ HTTP/1.1" 403 146 "-" "Go-http-client/1.1"
85.203.21.150 - - [04/Jan/2026:18:28:27 +0800] "GET /wp-content/admin-header.php HTTP/1.1" 404 47 "-" "Go-http-client/1.1"
85.203.21.150 - - [04/Jan/2026:18:28:27 +0800] "GET /wp-content/about.php HTTP/1.1" 404 47 "-" "Go-http-client/1.1"
85.203.21.93 - - [04/Jan/2026:18:28:28 +0800] "GET /wp-includes/assets/ HTTP/1.1" 403 146 "-" "Go-http-client/1.1"
85.203.21.93 - - [04/Jan/2026:18:28:28 +0800] "GET /wp-content/222.php HTTP/1.1" 404 47 "-" "Go-http-client/1.1"
85.203.21.93 - - [04/Jan/2026:18:28:28 +0800] "GET /s.php HTTP/1.1" 404 47 "-" "Go-http-client/1.1"
85.203.21.93 - - [04/Jan/2026:18:28:29 +0800] "GET /wp-conflg.php HTTP/1.1" 404 47 "-" "Go-http-client/1.1"
85.203.21.93 - - [04/Jan/2026:18:28:29 +0800] "GET /system_log.php HTTP/1.1" 404 47 "-" "Go-http-client/1.1"
85.203.21.93 - - [04/Jan/2026:18:28:29 +0800] "GET /item.php HTTP/1.1" 404 47 "-" "Go-http-client/1.1"
85.203.21.93 - - [04/Jan/2026:18:28:29 +0800] "GET /wp-includes/blocks/post-terms/ HTTP/1.1" 403 146 "-" "Go-http-client/1.1"
85.203.21.93 - - [04/Jan/2026:18:28:30 +0800] "GET /wp-content/languages/themes/ HTTP/1.1" 403 146 "-" "Go-http-client/1.1"
85.203.21.93 - - [04/Jan/2026:18:28:30 +0800] "GET /wp-includes/css/dist/block-library/ HTTP/1.1" 403 146 "-" "Go-http-client/1.1"
85.203.21.93 - - [04/Jan/2026:18:28:30 +0800] "GET /wp-includes/css/dist/components/ HTTP/1.1" 403 146 "-" "Go-http-client/1.1"
85.203.21.93 - - [04/Jan/2026:18:28:30 +0800] "GET /wp-admin/includes/ HTTP/1.1" 403 146 "-" "Go-http-client/1.1"
85.203.21.93 - - [04/Jan/2026:18:28:31 +0800] "GET /wp-content/packed.php HTTP/1.1" 404 47 "-" "Go-http-client/1.1"
85.203.21.93 - - [04/Jan/2026:18:28:31 +0800] "GET /wp-content/themes/news-portal/error.php HTTP/1.1" 404 47 "-" "Go-http-client/1.1"
