202.47.135.198 - - [23/Sep/2025:11:27:34 +0800] "GET /web/debug/default/view?panel=config HTTP/1.1" 404 8989 "-" "Mozilla/5.0 (Linux; Android 10; Pixel Build/QP1A.190711.019; wv) AppleWebKit/537.36 (KHTML, like Gecko) Chrome/76.0.3809.132 Mobile Safari/537.36"
202.47.135.198 - - [23/Sep/2025:11:27:35 +0800] "GET /frontend/web/debug/default/view?panel=config HTTP/1.1" 404 8988 "-" "Mozilla/5.0 (Linux; Android 10; Pixel Build/QP1A.190711.019; wv) AppleWebKit/537.36 (KHTML, like Gecko) Chrome/76.0.3809.132 Mobile Safari/537.36"
202.47.135.198 - - [23/Sep/2025:11:27:36 +0800] "GET /_ignition/health-check HTTP/1.1" 404 8988 "-" "Mozilla/5.0 (Linux; Android 10; Pixel Build/QP1A.190711.019; wv) AppleWebKit/537.36 (KHTML, like Gecko) Chrome/76.0.3809.132 Mobile Safari/537.36"
202.47.135.198 - - [23/Sep/2025:11:27:37 +0800] "GET /.circleci/config.yml HTTP/1.1" 404 8988 "-" "Mozilla/5.0 (Linux; Android 10; Pixel Build/QP1A.190711.019; wv) AppleWebKit/537.36 (KHTML, like Gecko) Chrome/76.0.3809.132 Mobile Safari/537.36"
36.133.115.36 - - [23/Sep/2025:11:34:15 +0800] "POST /wp-cron.php?doing_wp_cron=1758598455.1764550209045410156250 HTTP/1.1" 200 31 "-" "WordPress/6.8.2; http://cqqizhou.com"
36.133.108.119 - - [23/Sep/2025:11:34:15 +0800] "HEAD /debug/default/view?panel=config HTTP/1.1" 404 0 "-" "Mozilla/5.0 (iPad; CPU OS 6_0 like Mac OS X) AppleWebKit/536.26 (KHTML, like Gecko) Version/6.0 Mobile/10A5355d Safari/8536.25"
36.133.115.36 - - [23/Sep/2025:11:36:41 +0800] "POST /wp-cron.php?doing_wp_cron=1758598601.6879420280456542968750 HTTP/1.1" 200 31 "-" "WordPress/6.8.2; http://cqqizhou.com"
167.71.69.173 - - [23/Sep/2025:11:36:42 +0800] "POST /xmlrpc.php HTTP/1.1" 200 217 "-" "Mozilla/5.0 (X11; Ubuntu; Linux x86_64; rv:85.0) Gecko/20100101 Firefox/91.0"
36.133.115.36 - - [23/Sep/2025:11:53:11 +0800] "POST /wp-cron.php?doing_wp_cron=1758599591.2984099388122558593750 HTTP/1.1" 200 31 "-" "WordPress/6.8.2; http://cqqizhou.com"
45.142.193.144 - - [23/Sep/2025:11:53:11 +0800] "GET / HTTP/1.1" 200 33466 "-" "Mozilla/5.0 (Windows NT 10.0; Win64; x64) AppleWebKit/537.36 (KHTML, like Gecko) Chrome/90.0.4430.85 Safari/537.36 Edg/90.0.818.46"
14.108.234.80 - - [23/Sep/2025:11:56:06 +0800] "GET / HTTP/1.1" 200 39369 "-" "Mozilla/5.0 (Windows NT 10.0; Win64; x64) AppleWebKit/537.36 (KHTML, like Gecko) Chrome/140.0.0.0 Safari/537.36 Edg/140.0.0.0"
14.108.234.80 - - [23/Sep/2025:11:56:06 +0800] "GET /wp-content/uploads/2025/07/1751425283-qizhou.kf_.qq_.com_.webp HTTP/1.1" 200 16864 "http://cqqizhou.com/" "Mozilla/5.0 (Windows NT 10.0; Win64; x64) AppleWebKit/537.36 (KHTML, like Gecko) Chrome/140.0.0.0 Safari/537.36 Edg/140.0.0.0"
14.108.234.80 - - [23/Sep/2025:11:56:07 +0800] "GET /wp-content/uploads/revslider/slider-1/1750929639-yuanjing_Slider_3840%C3%972160_20250626171955-scaled.webp HTTP/1.1" 200 203290 "http://cqqizhou.com/" "Mozilla/5.0 (Windows NT 10.0; Win64; x64) AppleWebKit/537.36 (KHTML, like Gecko) Chrome/140.0.0.0 Safari/537.36 Edg/140.0.0.0"
14.108.234.80 - - [23/Sep/2025:11:56:08 +0800] "GET /wp-content/uploads/2025/07/1753453096-%E5%8F%8C%E7%9B%B8%E9%92%A2product_Single600%C3%97284.webp HTTP/1.1" 200 14562 "http://cqqizhou.com/" "Mozilla/5.0 (Windows NT 10.0; Win64; x64) AppleWebKit/537.36 (KHTML, like Gecko) Chrome/140.0.0.0 Safari/537.36 Edg/140.0.0.0"
14.108.234.80 - - [23/Sep/2025:11:56:08 +0800] "GET /wp-content/uploads/2025/07/1753456723-%E5%8F%8C%E7%9B%B8%E9%92%A2roduct_Single600.webp HTTP/1.1" 200 22790 "http://cqqizhou.com/" "Mozilla/5.0 (Windows NT 10.0; Win64; x64) AppleWebKit/537.36 (KHTML, like Gecko) Chrome/140.0.0.0 Safari/537.36 Edg/140.0.0.0"
14.108.234.80 - - [23/Sep/2025:11:56:08 +0800] "GET /wp-content/uploads/2025/07/1753453127-%E4%BD%99%E5%8D%B7product_Single600%C3%97284.webp HTTP/1.1" 200 18744 "http://cqqizhou.com/" "Mozilla/5.0 (Windows NT 10.0; Win64; x64) AppleWebKit/537.36 (KHTML, like Gecko) Chrome/140.0.0.0 Safari/537.36 Edg/140.0.0.0"
14.108.234.80 - - [23/Sep/2025:11:56:08 +0800] "GET /wp-content/uploads/2025/07/1753456770-%E7%83%AD%E9%95%80%E9%94%8C%E5%8D%B7product_Single600.webp HTTP/1.1" 200 27502 "http://cqqizhou.com/" "Mozilla/5.0 (Windows NT 10.0; Win64; x64) AppleWebKit/537.36 (KHTML, like Gecko) Chrome/140.0.0.0 Safari/537.36 Edg/140.0.0.0"
36.133.115.36 - - [23/Sep/2025:11:56:08 +0800] "POST /wp-cron.php?doing_wp_cron=1758599768.8457839488983154296875 HTTP/1.1" 200 31 "-" "WordPress/6.8.2; http://cqqizhou.com"
14.108.234.80 - - [23/Sep/2025:11:56:08 +0800] "GET /wp-json/sliderrevolution/sliders/1?srengine=7&slideid=3 HTTP/1.1" 200 2292 "http://cqqizhou.com/" "Mozilla/5.0 (Windows NT 10.0; Win64; x64) AppleWebKit/537.36 (KHTML, like Gecko) Chrome/140.0.0.0 Safari/537.36 Edg/140.0.0.0"
14.108.234.80 - - [23/Sep/2025:11:56:08 +0800] "GET /wp-content/uploads/2025/07/1753587901-Slider_3840%C3%972160_20250727-scaled.webp HTTP/1.1" 200 141034 "http://cqqizhou.com/" "Mozilla/5.0 (Windows NT 10.0; Win64; x64) AppleWebKit/537.36 (KHTML, like Gecko) Chrome/140.0.0.0 Safari/537.36 Edg/140.0.0.0"
14.108.234.80 - - [23/Sep/2025:11:56:08 +0800] "GET /wp-json/sliderrevolution/sliders/1?srengine=7&slideid=2 HTTP/1.1" 200 2058 "http://cqqizhou.com/" "Mozilla/5.0 (Windows NT 10.0; Win64; x64) AppleWebKit/537.36 (KHTML, like Gecko) Chrome/140.0.0.0 Safari/537.36 Edg/140.0.0.0"
14.108.234.80 - - [23/Sep/2025:11:56:08 +0800] "GET /wp-content/uploads/revslider/slider-1/1750861156-logistics_Slider_3840%C3%972160_20250625191356-scaled.webp HTTP/1.1" 200 197360 "http://cqqizhou.com/" "Mozilla/5.0 (Windows NT 10.0; Win64; x64) AppleWebKit/537.36 (KHTML, like Gecko) Chrome/140.0.0.0 Safari/537.36 Edg/140.0.0.0"
14.108.234.80 - - [23/Sep/2025:11:56:09 +0800] "GET /logistics/ HTTP/1.1" 200 22410 "http://cqqizhou.com/" "Mozilla/5.0 (Windows NT 10.0; Win64; x64) AppleWebKit/537.36 (KHTML, like Gecko) Chrome/140.0.0.0 Safari/537.36 Edg/140.0.0.0"
14.108.234.80 - - [23/Sep/2025:11:56:09 +0800] "GET /wp-content/uploads/2025/07/1751864682-Logistics800x500_2.webp HTTP/1.1" 200 27420 "http://cqqizhou.com/logistics/" "Mozilla/5.0 (Windows NT 10.0; Win64; x64) AppleWebKit/537.36 (KHTML, like Gecko) Chrome/140.0.0.0 Safari/537.36 Edg/140.0.0.0"
14.108.234.80 - - [23/Sep/2025:11:56:09 +0800] "GET /wp-content/uploads/2025/07/1751864664-Logistics800x500_1.webp HTTP/1.1" 200 76914 "http://cqqizhou.com/logistics/" "Mozilla/5.0 (Windows NT 10.0; Win64; x64) AppleWebKit/537.36 (KHTML, like Gecko) Chrome/140.0.0.0 Safari/537.36 Edg/140.0.0.0"
14.108.234.80 - - [23/Sep/2025:11:56:09 +0800] "GET /wp-content/uploads/2025/07/1753407887-Logistics_Banner2000%C3%97400px-%E6%8B%B7%E8%B4%9D.webp HTTP/1.1" 200 18866 "http://cqqizhou.com/logistics/" "Mozilla/5.0 (Windows NT 10.0; Win64; x64) AppleWebKit/537.36 (KHTML, like Gecko) Chrome/140.0.0.0 Safari/537.36 Edg/140.0.0.0"
36.133.115.36 - - [23/Sep/2025:12:10:33 +0800] "POST /wp-cron.php?doing_wp_cron=1758600633.2590560913085937500000 HTTP/1.1" 200 31 "-" "WordPress/6.8.2; http://cqqizhou.com"
36.133.108.121 - - [23/Sep/2025:12:10:33 +0800] "HEAD /_profiler/phpinfo HTTP/1.1" 404 0 "-" "Mozilla/5.0 (Windows; U; Windows NT 5.1; ru-RU) AppleWebKit/533.19.4 (KHTML, like Gecko) Version/5.0.3 Safari/533.19.4"
36.133.108.121 - - [23/Sep/2025:12:10:44 +0800] "HEAD /.env.bak HTTP/1.1" 404 0 "-" "Mozilla/5.0 (Windows; U; Windows NT 5.1; ru-RU) AppleWebKit/533.19.4 (KHTML, like Gecko) Version/5.0.3 Safari/533.19.4"
36.133.108.119 - - [23/Sep/2025:12:11:23 +0800] "HEAD /phpinfo/phpinfo.php HTTP/1.1" 404 0 "-" "Mozilla/5.0 (Windows; U; Windows NT 6.1; en-US) AppleWebKit/533.20.25 (KHTML, like Gecko) Version/5.0.4 Safari/533.20.27"
36.133.115.36 - - [23/Sep/2025:12:15:39 +0800] "POST /wp-cron.php?doing_wp_cron=1758600939.5692439079284667968750 HTTP/1.1" 200 31 "-" "WordPress/6.8.2; http://cqqizhou.com"
217.174.152.39 - - [23/Sep/2025:12:15:39 +0800] "POST /xmlrpc.php HTTP/1.1" 200 217 "-" "Mozilla/5.0 (X11; Ubuntu; Linux x86_64; rv:85.0) Gecko/20100101 Firefox/91.0"
36.133.115.36 - - [23/Sep/2025:12:19:23 +0800] "POST /wp-cron.php?doing_wp_cron=1758601163.7199370861053466796875 HTTP/1.1" 200 31 "-" "WordPress/6.8.2; http://cqqizhou.com"
45.142.193.144 - - [23/Sep/2025:12:19:24 +0800] "GET / HTTP/1.1" 200 33465 "-" "Mozilla/5.0 (Windows NT 10.0; Win64; x64) AppleWebKit/537.36 (KHTML, like Gecko) Chrome/90.0.4430.85 Safari/537.36 Edg/90.0.818.46"
36.133.115.36 - - [23/Sep/2025:12:27:14 +0800] "POST /wp-cron.php?doing_wp_cron=1758601634.1105599403381347656250 HTTP/1.1" 200 31 "-" "WordPress/6.8.2; http://cqqizhou.com"
49.232.151.112 - - [23/Sep/2025:12:27:14 +0800] "GET / HTTP/1.1" 200 33466 "-" "Mozilla/5.0 (iPhone; CPU iPhone OS 13_2_3 like Mac OS X) AppleWebKit/605.1.15 (KHTML, like Gecko) Version/13.0.3 Mobile/15E148 Safari/604.1"
52.167.144.166 - - [23/Sep/2025:12:30:19 +0800] "GET /about/ HTTP/1.1" 200 30088 "-" "Mozilla/5.0 AppleWebKit/537.36 (KHTML, like Gecko; compatible; bingbot/2.0; +http://www.bing.com/bingbot.htm) Chrome/116.0.1938.76 Safari/537.36"
42.236.17.107 - - [23/Sep/2025:12:40:18 +0800] "GET / HTTP/1.1" 200 39369 "http://cqqizhou.com/" "Mozilla/5.0 (Windows NT 6.1; WOW64) AppleWebKit/537.36 (KHTML, like Gecko) Chrome/50.0.2661.102 Safari/537.36; 360Spider"
61.155.157.6 - - [23/Sep/2025:12:49:58 +0800] "GET / HTTP/1.1" 200 39369 "-" "Mozilla/5.0 (Windows NT 10.0; Win64; x64) AppleWebKit/537.36 (KHTML, like Gecko) Chrome/114.0.0.0 Safari/537.36"
36.133.115.36 - - [23/Sep/2025:12:56:50 +0800] "POST /wp-cron.php?doing_wp_cron=1758603410.6743130683898925781250 HTTP/1.1" 200 31 "-" "WordPress/6.8.2; http://cqqizhou.com"
51.210.194.206 - - [23/Sep/2025:12:56:50 +0800] "POST /xmlrpc.php HTTP/1.1" 200 217 "-" "Mozilla/5.0 (X11; Ubuntu; Linux x86_64; rv:85.0) Gecko/20100101 Firefox/91.0"
36.133.115.36 - - [23/Sep/2025:13:01:12 +0800] "POST /wp-cron.php?doing_wp_cron=1758603672.0865650177001953125000 HTTP/1.1" 200 31 "-" "WordPress/6.8.2; http://cqqizhou.com"
43.133.187.11 - - [23/Sep/2025:13:01:12 +0800] "GET / HTTP/1.1" 200 33466 "-" "Mozilla/5.0 (iPhone; CPU iPhone OS 13_2_3 like Mac OS X) AppleWebKit/605.1.15 (KHTML, like Gecko) Version/13.0.3 Mobile/15E148 Safari/604.1"
36.133.115.36 - - [23/Sep/2025:13:16:22 +0800] "POST /wp-cron.php?doing_wp_cron=1758604581.9867041110992431640625 HTTP/1.1" 200 31 "-" "WordPress/6.8.2; http://cqqizhou.com"
196.251.81.194 - - [23/Sep/2025:13:16:22 +0800] "GET /.git/logs/HEAD HTTP/1.1" 404 8989 "-" "Mozilla/5.0 (Windows NT 10.0; WOW64) AppleWebKit/537.36 (KHTML, like Gecko) Chrome/62.0.3202.94 Safari/537.36"
36.133.115.36 - - [23/Sep/2025:13:27:11 +0800] "POST /wp-cron.php?doing_wp_cron=1758605231.0254900455474853515625 HTTP/1.1" 200 31 "-" "WordPress/6.8.2; http://cqqizhou.com"
206.189.225.251 - - [23/Sep/2025:13:27:11 +0800] "GET / HTTP/1.1" 301 5 "-" "Mozilla/5.0 (X11; Linux x86_64; rv:137.0) Gecko/20100101 Firefox/137.0"
43.131.36.84 - - [23/Sep/2025:13:27:12 +0800] "GET / HTTP/1.1" 200 33466 "-" "Mozilla/5.0 (iPhone; CPU iPhone OS 13_2_3 like Mac OS X) AppleWebKit/605.1.15 (KHTML, like Gecko) Version/13.0.3 Mobile/15E148 Safari/604.1"
36.133.115.36 - - [23/Sep/2025:13:29:44 +0800] "POST /wp-cron.php?doing_wp_cron=1758605384.9145460128784179687500 HTTP/1.1" 200 31 "-" "WordPress/6.8.2; http://cqqizhou.com"
161.35.190.246 - - [23/Sep/2025:13:29:45 +0800] "GET /aaa9 HTTP/1.1" 404 8990 "-" "Mozilla/5.0 zgrab/0.x"
36.133.115.36 - - [23/Sep/2025:13:30:01 +0800] "POST /wp-cron.php?doing_wp_cron=1758605401.0681519508361816406250 HTTP/1.1" 200 31 "-" "WordPress/6.8.2; http://cqqizhou.com"
161.35.190.246 - - [23/Sep/2025:13:30:01 +0800] "GET /aab8 HTTP/1.1" 404 8989 "-" "Mozilla/5.0 zgrab/0.x"
161.35.190.246 - - [23/Sep/2025:13:30:29 +0800] "GET / HTTP/1.1" 301 5 "-" "Mozilla/5.0 zgrab/0.x"
114.96.27.241 - - [23/Sep/2025:13:41:52 +0800] "GET / HTTP/1.1" 200 39369 "-" "Mozilla/5.0 (Windows NT 6.2) AppleWebKit/537.36 (KHTML, like Gecko) Chrome/75.0.3770.8"
36.133.115.36 - - [23/Sep/2025:13:41:56 +0800] "POST /wp-cron.php?doing_wp_cron=1758606116.8349490165710449218750 HTTP/1.1" 200 31 "-" "WordPress/6.8.2; http://cqqizhou.com"
122.189.129.79 - - [23/Sep/2025:13:41:56 +0800] "GET / HTTP/1.1" 301 5 "-" "Mozilla/5.0 (Windows NT 10.0; Win64; x64) AppleWebKit/537.36 (KHTML, like Gecko) Chrome/75.0.3770.140"
122.189.129.79 - - [23/Sep/2025:13:41:57 +0800] "GET / HTTP/1.1" 200 39369 "-" "Mozilla/5.0 (Windows NT 10.0; Win64; x64) AppleWebKit/537.36 (KHTML, like Gecko) Chrome/75.0.3770.140"
220.181.108.144 - - [23/Sep/2025:13:47:00 +0800] "GET /wp-content/uploads/2025/07/1750649215-qizhou1920x1080_11.webp HTTP/1.1" 200 171642 "-" "Baiduspider-image+(+http://www.baidu.com/search/spider.htm)"
36.133.115.36 - - [23/Sep/2025:13:48:39 +0800] "POST /wp-cron.php?doing_wp_cron=1758606519.8394320011138916015625 HTTP/1.1" 200 31 "-" "WordPress/6.8.2; http://cqqizhou.com"
45.142.193.144 - - [23/Sep/2025:13:48:40 +0800] "GET / HTTP/1.1" 200 33466 "-" "Mozilla/5.0 (Windows NT 10.0; Win64; x64) AppleWebKit/537.36 (KHTML, like Gecko) Chrome/90.0.4430.85 Safari/537.36 Edg/90.0.818.46"
36.133.115.36 - - [23/Sep/2025:14:07:37 +0800] "POST /wp-cron.php?doing_wp_cron=1758607657.8591849803924560546875 HTTP/1.1" 200 31 "-" "WordPress/6.8.2; http://cqqizhou.com"
51.159.102.237 - - [23/Sep/2025:14:07:37 +0800] "HEAD / HTTP/1.1" 301 0 "-" "curl/7.81.0"
36.133.115.36 - - [23/Sep/2025:14:07:57 +0800] "POST /wp-cron.php?doing_wp_cron=1758607677.8213829994201660156250 HTTP/1.1" 200 31 "-" "WordPress/6.8.2; http://cqqizhou.com"
135.125.183.119 - - [23/Sep/2025:14:07:58 +0800] "POST /xmlrpc.php HTTP/1.1" 200 217 "-" "Mozilla/5.0 (X11; Ubuntu; Linux x86_64; rv:85.0) Gecko/20100101 Firefox/91.0"
36.133.115.36 - - [23/Sep/2025:14:09:10 +0800] "POST /wp-cron.php?doing_wp_cron=1758607750.4093461036682128906250 HTTP/1.1" 200 31 "-" "WordPress/6.8.2; http://cqqizhou.com"
176.65.149.245 - - [23/Sep/2025:14:09:10 +0800] "GET / HTTP/1.1" 200 33466 "-" "Mozilla/5.0 (Windows NT 10.0; Win64; x64) AppleWebKit/537.36 (KHTML, like Gecko) Chrome/90.0.4430.85 Safari/537.36 Edg/90.0.818.46"
36.133.115.36 - - [23/Sep/2025:14:22:39 +0800] "POST /wp-cron.php?doing_wp_cron=1758608559.7263450622558593750000 HTTP/1.1" 200 31 "-" "WordPress/6.8.2; http://cqqizhou.com"
103.89.57.97 - - [23/Sep/2025:14:22:40 +0800] "GET / HTTP/1.1" 200 151919 "-" "Mozilla/5.0 (Macintosh; Intel Mac OS X 10_11_6) AppleWebKit/601.7.7 (KHTML, like Gecko) Version/9.1.2 Safari/601.7.7"
92.205.20.135 - - [23/Sep/2025:14:24:03 +0800] "GET / HTTP/1.1" 200 39369 "-" "Mozilla/5.0 (Windows NT 10.0; Win64; x64) AppleWebKit/537.36 (KHTML, like Gecko) Chrome/93.0.4577.63 Safari/537.36"
92.205.20.135 - - [23/Sep/2025:14:24:04 +0800] "GET / HTTP/1.1" 200 39369 "-" "Mozilla/5.0 (Windows NT 10.0; Win64; x64) AppleWebKit/537.36 (KHTML, like Gecko) Chrome/93.0.4577.63 Safari/537.36"
36.133.115.36 - - [23/Sep/2025:14:24:06 +0800] "POST /wp-cron.php?doing_wp_cron=1758608645.9821538925170898437500 HTTP/1.1" 200 31 "-" "WordPress/6.8.2; http://cqqizhou.com"
92.205.20.135 - - [23/Sep/2025:14:24:06 +0800] "GET //contact HTTP/1.1" 301 5 "-" "Mozilla/5.0 (Windows NT 10.0; Win64; x64) AppleWebKit/537.36 (KHTML, like Gecko) Chrome/93.0.4577.63 Safari/537.36"
92.205.20.135 - - [23/Sep/2025:14:24:06 +0800] "GET /contacts/ HTTP/1.1" 200 21496 "-" "Mozilla/5.0 (Windows NT 10.0; Win64; x64) AppleWebKit/537.36 (KHTML, like Gecko) Chrome/93.0.4577.63 Safari/537.36"
36.133.115.36 - - [23/Sep/2025:14:28:20 +0800] "POST /wp-cron.php?doing_wp_cron=1758608900.6188499927520751953125 HTTP/1.1" 200 31 "-" "WordPress/6.8.2; http://cqqizhou.com"
93.174.93.12 - - [23/Sep/2025:14:28:20 +0800] "GET / HTTP/1.0" 301 0 "-" "Mozilla/5.0 (OS/2; Warp 4.5; rv:38.0) Gecko/20100101 Firefox/38.0"
36.133.115.36 - - [23/Sep/2025:14:42:13 +0800] "POST /wp-cron.php?doing_wp_cron=1758609733.1309840679168701171875 HTTP/1.1" 200 31 "-" "WordPress/6.8.2; http://cqqizhou.com"
87.120.191.70 - - [23/Sep/2025:14:42:13 +0800] "GET / HTTP/1.1" 200 33466 "-" "Mozilla/5.0 (Windows NT 10.0; Win64; x64) AppleWebKit/537.36 (KHTML, like Gecko) Chrome/90.0.4430.85 Safari/537.36 Edg/90.0.818.46"
36.133.115.36 - - [23/Sep/2025:14:48:56 +0800] "POST /wp-cron.php?doing_wp_cron=1758610136.5393579006195068359375 HTTP/1.1" 200 31 "-" "WordPress/6.8.2; http://cqqizhou.com"
167.172.190.211 - - [23/Sep/2025:14:48:56 +0800] "POST /xmlrpc.php HTTP/1.1" 200 217 "-" "Mozilla/5.0 (X11; Ubuntu; Linux x86_64; rv:85.0) Gecko/20100101 Firefox/91.0"
36.133.115.36 - - [23/Sep/2025:14:53:34 +0800] "POST /wp-cron.php?doing_wp_cron=1758610414.8138830661773681640625 HTTP/1.1" 200 31 "-" "WordPress/6.8.2; http://cqqizhou.com"
45.142.193.144 - - [23/Sep/2025:14:53:35 +0800] "GET / HTTP/1.1" 200 33466 "-" "Mozilla/5.0 (Windows NT 10.0; Win64; x64) AppleWebKit/537.36 (KHTML, like Gecko) Chrome/90.0.4430.85 Safari/537.36 Edg/90.0.818.46"
36.133.115.36 - - [23/Sep/2025:14:56:44 +0800] "POST /wp-cron.php?doing_wp_cron=1758610604.4147040843963623046875 HTTP/1.1" 200 31 "-" "WordPress/6.8.2; http://cqqizhou.com"
45.135.193.100 - - [23/Sep/2025:14:56:45 +0800] "GET / HTTP/1.1" 200 151919 "-" "-"
36.133.115.36 - - [23/Sep/2025:15:02:48 +0800] "POST /wp-cron.php?doing_wp_cron=1758610968.0907039642333984375000 HTTP/1.1" 200 31 "-" "WordPress/6.8.2; http://cqqizhou.com"
220.181.108.104 - - [23/Sep/2025:15:02:48 +0800] "GET /wp-json/oembed/1.0/embed?url=http%3A%2F%2Fcqqizhou.com%2Fbug%2F HTTP/1.1" 200 1105 "-" "Mozilla/5.0 (compatible; Baiduspider/2.0; +http://www.baidu.com/search/spider.html)"
36.133.115.36 - - [23/Sep/2025:15:23:37 +0800] "POST /wp-cron.php?doing_wp_cron=1758612217.7395799160003662109375 HTTP/1.1" 200 31 "-" "WordPress/6.8.2; http://cqqizhou.com"
43.130.102.223 - - [23/Sep/2025:15:23:37 +0800] "GET / HTTP/1.1" 301 5 "-" "Mozilla/5.0 (iPhone; CPU iPhone OS 13_2_3 like Mac OS X) AppleWebKit/605.1.15 (KHTML, like Gecko) Version/13.0.3 Mobile/15E148 Safari/604.1"
43.130.102.223 - - [23/Sep/2025:15:23:39 +0800] "GET / HTTP/1.1" 200 33466 "http://36.133.115.36" "Mozilla/5.0 (iPhone; CPU iPhone OS 13_2_3 like Mac OS X) AppleWebKit/605.1.15 (KHTML, like Gecko) Version/13.0.3 Mobile/15E148 Safari/604.1"
36.133.115.36 - - [23/Sep/2025:15:28:50 +0800] "POST /wp-cron.php?doing_wp_cron=1758612530.5659821033477783203125 HTTP/1.1" 200 31 "-" "WordPress/6.8.2; http://cqqizhou.com"
104.248.45.30 - - [23/Sep/2025:15:28:50 +0800] "POST /xmlrpc.php HTTP/1.1" 200 217 "-" "Mozilla/5.0 (X11; Ubuntu; Linux x86_64; rv:85.0) Gecko/20100101 Firefox/91.0"
36.133.115.36 - - [23/Sep/2025:15:30:11 +0800] "POST /wp-cron.php?doing_wp_cron=1758612611.2802031040191650390625 HTTP/1.1" 200 31 "-" "WordPress/6.8.2; http://cqqizhou.com"
45.142.193.144 - - [23/Sep/2025:15:30:11 +0800] "GET / HTTP/1.1" 200 33466 "-" "Mozilla/5.0 (Windows NT 10.0; Win64; x64) AppleWebKit/537.36 (KHTML, like Gecko) Chrome/90.0.4430.85 Safari/537.36 Edg/90.0.818.46"
52.178.161.109 - - [23/Sep/2025:15:31:50 +0800] "GET /file.php HTTP/1.1" 404 27 "-" "-"
52.178.161.109 - - [23/Sep/2025:15:31:50 +0800] "GET /wp-file.php HTTP/1.1" 404 27 "-" "-"
52.178.161.109 - - [23/Sep/2025:15:31:50 +0800] "GET /k.php HTTP/1.1" 404 27 "-" "-"
52.178.161.109 - - [23/Sep/2025:15:31:50 +0800] "GET /al.php HTTP/1.1" 404 27 "-" "-"
36.133.115.36 - - [23/Sep/2025:15:31:51 +0800] "POST /wp-cron.php?doing_wp_cron=1758612711.7742218971252441406250 HTTP/1.1" 200 31 "-" "WordPress/6.8.2; http://cqqizhou.com"
52.178.161.109 - - [23/Sep/2025:15:31:51 +0800] "GET /wp- HTTP/1.1" 404 31381 "-" "-"
52.178.161.109 - - [23/Sep/2025:15:31:52 +0800] "GET /admin.php HTTP/1.1" 404 27 "-" "-"
52.178.161.109 - - [23/Sep/2025:15:31:52 +0800] "GET /file2.php HTTP/1.1" 404 27 "-" "-"
52.178.161.109 - - [23/Sep/2025:15:31:52 +0800] "GET /as.php HTTP/1.1" 404 27 "-" "-"
52.178.161.109 - - [23/Sep/2025:15:31:53 +0800] "GET /f35.php HTTP/1.1" 404 27 "-" "-"
52.178.161.109 - - [23/Sep/2025:15:31:53 +0800] "GET /chosen.php HTTP/1.1" 404 27 "-" "-"
52.178.161.109 - - [23/Sep/2025:15:31:53 +0800] "GET /classsmtps.php HTTP/1.1" 404 27 "-" "-"
52.178.161.109 - - [23/Sep/2025:15:31:53 +0800] "GET /classwithtostring.php HTTP/1.1" 404 27 "-" "-"
52.178.161.109 - - [23/Sep/2025:15:31:54 +0800] "GET /dropdown.php HTTP/1.1" 404 27 "-" "-"
52.178.161.109 - - [23/Sep/2025:15:31:54 +0800] "GET /cong.php HTTP/1.1" 404 27 "-" "-"
52.178.161.109 - - [23/Sep/2025:15:31:54 +0800] "GET /about.php HTTP/1.1" 404 27 "-" "-"
52.178.161.109 - - [23/Sep/2025:15:31:54 +0800] "GET /browse.php HTTP/1.1" 404 27 "-" "-"
52.178.161.109 - - [23/Sep/2025:15:31:55 +0800] "GET /wp-signup.php HTTP/1.1" 302 5 "-" "-"
52.178.161.109 - - [23/Sep/2025:15:31:56 +0800] "GET /wp-login.php?action=register HTTP/1.1" 302 5 "-" "-"
52.178.161.109 - - [23/Sep/2025:15:31:57 +0800] "GET /wp-login.php?registration=disabled HTTP/1.1" 200 8853 "-" "-"
52.178.161.109 - - [23/Sep/2025:15:31:57 +0800] "GET /assets/atomlib.php HTTP/1.1" 404 27 "-" "-"
52.178.161.109 - - [23/Sep/2025:15:31:57 +0800] "GET /atomlib.php HTTP/1.1" 404 27 "-" "-"
52.178.161.109 - - [23/Sep/2025:15:31:57 +0800] "GET /autoload_classmap.php HTTP/1.1" 404 27 "-" "-"
52.178.161.109 - - [23/Sep/2025:15:31:58 +0800] "GET /autoload_classmap/function.php HTTP/1.1" 404 27 "-" "-"
52.178.161.109 - - [23/Sep/2025:15:31:58 +0800] "GET /cgi-bin/xmrlpc.php HTTP/1.1" 404 27 "-" "-"
52.178.161.109 - - [23/Sep/2025:15:31:58 +0800] "GET /cgi-bin/file.php HTTP/1.1" 404 27 "-" "-"
52.178.161.109 - - [23/Sep/2025:15:31:58 +0800] "GET /backup.php HTTP/1.1" 404 27 "-" "-"
52.178.161.109 - - [23/Sep/2025:15:31:59 +0800] "GET /cache.php HTTP/1.1" 404 27 "-" "-"
52.178.161.109 - - [23/Sep/2025:15:31:59 +0800] "GET /cc.php HTTP/1.1" 404 27 "-" "-"
52.178.161.109 - - [23/Sep/2025:15:31:59 +0800] "GET /fw.php HTTP/1.1" 404 27 "-" "-"
52.178.161.109 - - [23/Sep/2025:15:31:59 +0800] "GET /gebase.php HTTP/1.1" 404 27 "-" "-"
52.178.161.109 - - [23/Sep/2025:15:32:00 +0800] "GET /makeasmtp.php HTTP/1.1" 404 27 "-" "-"
52.178.161.109 - - [23/Sep/2025:15:32:00 +0800] "GET /doc.php HTTP/1.1" 404 27 "-" "-"
52.178.161.109 - - [23/Sep/2025:15:32:00 +0800] "GET /e.php HTTP/1.1" 404 27 "-" "-"
52.178.161.109 - - [23/Sep/2025:15:32:00 +0800] "GET /f35.php HTTP/1.1" 404 27 "-" "-"
52.178.161.109 - - [23/Sep/2025:15:32:00 +0800] "GET /fi2.php HTTP/1.1" 404 27 "-" "-"
52.178.161.109 - - [23/Sep/2025:15:32:01 +0800] "GET /filemanager.php? HTTP/1.1" 404 27 "-" "-"
52.178.161.109 - - [23/Sep/2025:15:32:01 +0800] "GET /go.php HTTP/1.1" 404 27 "-" "-"
52.178.161.109 - - [23/Sep/2025:15:32:01 +0800] "GET /inputs.php HTTP/1.1" 404 27 "-" "-"
52.178.161.109 - - [23/Sep/2025:15:32:01 +0800] "GET /alfa.php HTTP/1.1" 404 27 "-" "-"
52.178.161.109 - - [23/Sep/2025:15:32:02 +0800] "GET /ioxi-o.php HTTP/1.1" 404 27 "-" "-"
52.178.161.109 - - [23/Sep/2025:15:32:02 +0800] "GET /item.php HTTP/1.1" 404 27 "-" "-"
52.178.161.109 - - [23/Sep/2025:15:32:02 +0800] "GET /jp.php HTTP/1.1" 404 27 "-" "-"
52.178.161.109 - - [23/Sep/2025:15:32:02 +0800] "GET /load.php HTTP/1.1" 404 27 "-" "-"
52.178.161.109 - - [23/Sep/2025:15:32:03 +0800] "GET /1.php HTTP/1.1" 404 27 "-" "-"
52.178.161.109 - - [23/Sep/2025:15:32:03 +0800] "GET /13.php HTTP/1.1" 404 27 "-" "-"
52.178.161.109 - - [23/Sep/2025:15:32:03 +0800] "GET /lv.php HTTP/1.1" 404 27 "-" "-"
52.178.161.109 - - [23/Sep/2025:15:32:03 +0800] "GET /default.php HTTP/1.1" 404 27 "-" "-"
52.178.161.109 - - [23/Sep/2025:15:32:04 +0800] "GET /manager.php HTTP/1.1" 404 27 "-" "-"
52.178.161.109 - - [23/Sep/2025:15:32:04 +0800] "GET /mar.php HTTP/1.1" 404 27 "-" "-"
52.178.161.109 - - [23/Sep/2025:15:32:04 +0800] "GET /moon.php HTTP/1.1" 404 27 "-" "-"
52.178.161.109 - - [23/Sep/2025:15:32:04 +0800] "GET /new.php HTTP/1.1" 404 27 "-" "-"
52.178.161.109 - - [23/Sep/2025:15:32:05 +0800] "GET /NewFile.php HTTP/1.1" 404 27 "-" "-"
52.178.161.109 - - [23/Sep/2025:15:32:05 +0800] "GET /past.php HTTP/1.1" 404 27 "-" "-"
52.178.161.109 - - [23/Sep/2025:15:32:06 +0800] "GET /randkeyword.PhP7 HTTP/1.1" 404 31381 "-" "-"
52.178.161.109 - - [23/Sep/2025:15:32:06 +0800] "GET /shell.php HTTP/1.1" 404 27 "-" "-"
52.178.161.109 - - [23/Sep/2025:15:32:06 +0800] "GET /simple.php HTTP/1.1" 404 27 "-" "-"
52.178.161.109 - - [23/Sep/2025:15:32:07 +0800] "GET /cgi-bin/ HTTP/1.1" 404 31381 "-" "-"
52.178.161.109 - - [23/Sep/2025:15:32:08 +0800] "GET /wp-trackback.php HTTP/1.1" 404 140 "-" "-"
52.178.161.109 - - [23/Sep/2025:15:32:09 +0800] "GET /updates.php HTTP/1.1" 404 27 "-" "-"
52.178.161.109 - - [23/Sep/2025:15:32:09 +0800] "GET /403.php HTTP/1.1" 404 27 "-" "-"
52.178.161.109 - - [23/Sep/2025:15:32:09 +0800] "GET /x.php HTTP/1.1" 404 27 "-" "-"
52.178.161.109 - - [23/Sep/2025:15:32:09 +0800] "GET /y.php HTTP/1.1" 404 27 "-" "-"
52.178.161.109 - - [23/Sep/2025:15:32:09 +0800] "GET /wp-content/autoload_classmap.php HTTP/1.1" 404 27 "-" "-"
52.178.161.109 - - [23/Sep/2025:15:32:10 +0800] "GET /wp-includes/ID3/index.php HTTP/1.1" 404 27 "-" "-"
52.178.161.109 - - [23/Sep/2025:15:32:10 +0800] "GET /wp-admin/function.php HTTP/1.1" 404 27 "-" "-"
52.178.161.109 - - [23/Sep/2025:15:32:10 +0800] "GET /.well-known/acme-challenge/muse.php HTTP/1.1" 404 27 "-" "-"
52.178.161.109 - - [23/Sep/2025:15:32:10 +0800] "GET /.well-known/pki-validation/about.php HTTP/1.1" 404 27 "-" "-"
52.178.161.109 - - [23/Sep/2025:15:32:11 +0800] "GET /wp-content/autoload_classmap.php HTTP/1.1" 404 27 "-" "-"
52.178.161.109 - - [23/Sep/2025:15:32:11 +0800] "GET /wp-content/index.php HTTP/1.1" 200 5 "-" "-"
52.178.161.109 - - [23/Sep/2025:15:32:11 +0800] "GET /wp-content/themes/about.php HTTP/1.1" 404 27 "-" "-"
52.178.161.109 - - [23/Sep/2025:15:32:11 +0800] "GET /wp-includes/Text/autoload_classmap.php HTTP/1.1" 404 27 "-" "-"
52.178.161.109 - - [23/Sep/2025:15:32:12 +0800] "GET /templates/protostar/index.php HTTP/1.1" 404 27 "-" "-"
52.178.161.109 - - [23/Sep/2025:15:32:12 +0800] "GET /wp-includes/pomo/wp-conflg.php HTTP/1.1" 404 27 "-" "-"
52.178.161.109 - - [23/Sep/2025:15:32:12 +0800] "GET /wp-admin/autoload_classmap.php HTTP/1.1" 404 27 "-" "-"
52.178.161.109 - - [23/Sep/2025:15:32:12 +0800] "GET /wp-includes/assets/autoload_classmap.php HTTP/1.1" 404 27 "-" "-"
52.178.161.109 - - [23/Sep/2025:15:32:13 +0800] "GET /wp-includes/style-engine/about.php HTTP/1.1" 404 27 "-" "-"
52.178.161.109 - - [23/Sep/2025:15:32:13 +0800] "GET /wp-includes/assets/index.php HTTP/1.1" 404 27 "-" "-"
52.178.161.109 - - [23/Sep/2025:15:32:13 +0800] "GET /wp-includes/bk/index.php HTTP/1.1" 404 27 "-" "-"
52.178.161.109 - - [23/Sep/2025:15:32:13 +0800] "GET /wp-includes/blocks/shortcode/index.php HTTP/1.1" 404 27 "-" "-"
52.178.161.109 - - [23/Sep/2025:15:32:14 +0800] "GET /wp-includes/css/dist/widgets/about.php HTTP/1.1" 404 27 "-" "-"
52.178.161.109 - - [23/Sep/2025:15:32:14 +0800] "GET /wp-includes/fonts/about.php HTTP/1.1" 404 27 "-" "-"
52.178.161.109 - - [23/Sep/2025:15:32:14 +0800] "GET /wp-includes/sitemaps/autoload_classmap.php HTTP/1.1" 404 27 "-" "-"
52.178.161.109 - - [23/Sep/2025:15:32:14 +0800] "GET /wp-admin/css/colors/blue/atomlib.php HTTP/1.1" 404 27 "-" "-"
52.178.161.109 - - [23/Sep/2025:15:32:15 +0800] "GET /wp-admin/js/autoload_classmap.php HTTP/1.1" 404 27 "-" "-"
52.178.161.109 - - [23/Sep/2025:15:32:15 +0800] "GET /wp-admin/includes/about.php HTTP/1.1" 404 27 "-" "-"
52.178.161.109 - - [23/Sep/2025:15:32:15 +0800] "GET /wp-includes/js/jcrop/Jcrop.php HTTP/1.1" 404 27 "-" "-"
52.178.161.109 - - [23/Sep/2025:15:32:15 +0800] "GET /wp-admin/js/index.php HTTP/1.1" 404 27 "-" "-"
52.178.161.109 - - [23/Sep/2025:15:32:16 +0800] "GET /wp-admin/js/wp-login.php HTTP/1.1" 404 27 "-" "-"
52.178.161.109 - - [23/Sep/2025:15:32:16 +0800] "GET /wp-admin/maint/index.php HTTP/1.1" 404 27 "-" "-"
52.178.161.109 - - [23/Sep/2025:15:32:16 +0800] "GET /wp-content/plugins/WordPressCore/cong.php HTTP/1.1" 404 27 "-" "-"
52.178.161.109 - - [23/Sep/2025:15:32:16 +0800] "GET /wp-content/admin.php HTTP/1.1" 404 27 "-" "-"
52.178.161.109 - - [23/Sep/2025:15:32:16 +0800] "GET /wp-content/plugins/index.php HTTP/1.1" 200 5 "-" "-"
52.178.161.109 - - [23/Sep/2025:15:32:17 +0800] "GET /wp-content/plugins/wp-conflg.php HTTP/1.1" 404 27 "-" "-"
52.178.161.109 - - [23/Sep/2025:15:32:17 +0800] "GET /wp-content/index.php HTTP/1.1" 200 5 "-" "-"
52.178.161.109 - - [23/Sep/2025:15:32:17 +0800] "GET /wp-content/themes/about.php HTTP/1.1" 404 27 "-" "-"
52.178.161.109 - - [23/Sep/2025:15:32:17 +0800] "GET /wp-content/themes/admin.php HTTP/1.1" 404 27 "-" "-"
52.178.161.109 - - [23/Sep/2025:15:32:18 +0800] "GET /wp-content/themes/index.php HTTP/1.1" 200 5 "-" "-"
52.178.161.109 - - [23/Sep/2025:15:32:18 +0800] "GET /wp-content/themes/themes.php HTTP/1.1" 404 27 "-" "-"
52.178.161.109 - - [23/Sep/2025:15:32:18 +0800] "GET /wp-content/themes/twentytwentytwo/index.php HTTP/1.1" 404 27 "-" "-"
52.178.161.109 - - [23/Sep/2025:15:32:18 +0800] "GET /wp-content/upgrade/index.php HTTP/1.1" 404 27 "-" "-"
52.178.161.109 - - [23/Sep/2025:15:32:19 +0800] "GET /wp-content/uploads/de_fb_uploads/b.php HTTP/1.1" 404 27 "-" "-"
52.178.161.109 - - [23/Sep/2025:15:32:19 +0800] "GET /wp-content/uploads/index.php HTTP/1.1" 404 27 "-" "-"
52.178.161.109 - - [23/Sep/2025:15:32:19 +0800] "GET /wp-includes/SimplePie/autoload_classmap.php HTTP/1.1" 404 27 "-" "-"
52.178.161.109 - - [23/Sep/2025:15:32:20 +0800] "GET /wp-includes/IXR/admin.php HTTP/1.1" 404 27 "-" "-"
52.178.161.109 - - [23/Sep/2025:15:32:20 +0800] "GET /wp-includes/404.php HTTP/1.1" 404 27 "-" "-"
52.178.161.109 - - [23/Sep/2025:15:32:20 +0800] "GET /wp-admin/css/colors/midnight/ HTTP/1.1" 403 146 "-" "-"
52.178.161.109 - - [23/Sep/2025:15:32:21 +0800] "GET /admin/uploads/ HTTP/1.1" 404 31381 "-" "-"
52.178.161.109 - - [23/Sep/2025:15:32:22 +0800] "GET /.tmb/ HTTP/1.1" 404 31381 "-" "-"
52.178.161.109 - - [23/Sep/2025:15:32:23 +0800] "GET /shop/ HTTP/1.1" 200 72307 "-" "-"
52.178.161.109 - - [23/Sep/2025:15:32:24 +0800] "GET /wp-admin/ HTTP/1.1" 302 5 "-" "-"
52.178.161.109 - - [23/Sep/2025:15:32:25 +0800] "GET /wp-login.php?redirect_to=http%3A%2F%2Fcqqizhou.com%2Fwp-admin%2F&reauth=1 HTTP/1.1" 200 8672 "-" "-"
52.178.161.109 - - [23/Sep/2025:15:32:25 +0800] "GET /wp-admin/css/ HTTP/1.1" 403 146 "-" "-"
52.178.161.109 - - [23/Sep/2025:15:32:25 +0800] "GET /wp-admin/css/colors/ectoplasm/ HTTP/1.1" 403 146 "-" "-"
52.178.161.109 - - [23/Sep/2025:15:32:26 +0800] "GET /wp-admin/js/ HTTP/1.1" 403 146 "-" "-"
52.178.161.109 - - [23/Sep/2025:15:32:26 +0800] "GET /wp-admin/js/widgets/ HTTP/1.1" 403 146 "-" "-"
52.178.161.109 - - [23/Sep/2025:15:32:26 +0800] "GET /wp-admin/maint/ HTTP/1.1" 403 146 "-" "-"
52.178.161.109 - - [23/Sep/2025:15:32:26 +0800] "GET /wp-content/ HTTP/1.1" 200 5 "-" "-"
52.178.161.109 - - [23/Sep/2025:15:32:27 +0800] "GET /wp-content/mu-plugins-old/ HTTP/1.1" 404 31381 "-" "-"
52.178.161.109 - - [23/Sep/2025:15:32:28 +0800] "GET /wp-content/themes/ HTTP/1.1" 200 5 "-" "-"
52.178.161.109 - - [23/Sep/2025:15:32:28 +0800] "GET /wp-content/uploads/ HTTP/1.1" 403 146 "-" "-"
52.178.161.109 - - [23/Sep/2025:15:32:28 +0800] "GET /wp-includes/ HTTP/1.1" 403 146 "-" "-"
52.178.161.109 - - [23/Sep/2025:15:32:28 +0800] "GET /wp-includes/ID3/ HTTP/1.1" 403 146 "-" "-"
52.178.161.109 - - [23/Sep/2025:15:32:29 +0800] "GET /wp-includes/IXR/ HTTP/1.1" 403 146 "-" "-"
52.178.161.109 - - [23/Sep/2025:15:32:29 +0800] "GET /wp-includes/PHPMailer/ HTTP/1.1" 403 146 "-" "-"
52.178.161.109 - - [23/Sep/2025:15:32:30 +0800] "GET /wp-includes/Requests/Cookie/ HTTP/1.1" 404 31381 "-" "-"
52.178.161.109 - - [23/Sep/2025:15:32:31 +0800] "GET /wp-includes/Requests/Response/ HTTP/1.1" 404 31381 "-" "-"
52.178.161.109 - - [23/Sep/2025:15:32:31 +0800] "GET /wp-includes/SimplePie/ HTTP/1.1" 403 146 "-" "-"
52.178.161.109 - - [23/Sep/2025:15:32:31 +0800] "GET /wp-includes/Text/Diff/ HTTP/1.1" 403 146 "-" "-"
52.178.161.109 - - [23/Sep/2025:15:32:32 +0800] "GET /wp-includes/Text/Diff/Renderer/ HTTP/1.1" 403 146 "-" "-"
52.178.161.109 - - [23/Sep/2025:15:32:32 +0800] "GET /wp-includes/assets/ HTTP/1.1" 403 146 "-" "-"
52.178.161.109 - - [23/Sep/2025:15:32:32 +0800] "GET /wp-includes/block-bindings/ HTTP/1.1" 403 146 "-" "-"
52.178.161.109 - - [23/Sep/2025:15:32:32 +0800] "GET /wp-includes/certificates/ HTTP/1.1" 403 146 "-" "-"
52.178.161.109 - - [23/Sep/2025:15:32:33 +0800] "GET /wp-includes/css/ HTTP/1.1" 403 146 "-" "-"
52.178.161.109 - - [23/Sep/2025:15:32:33 +0800] "GET /wp-includes/customize/ HTTP/1.1" 403 146 "-" "-"
52.178.161.109 - - [23/Sep/2025:15:32:33 +0800] "GET /wp-includes/html-api/ HTTP/1.1" 403 146 "-" "-"
52.178.161.109 - - [23/Sep/2025:15:32:33 +0800] "GET /wp-includes/images/ HTTP/1.1" 403 146 "-" "-"
52.178.161.109 - - [23/Sep/2025:15:32:34 +0800] "GET /wp-includes/images/smilies/ HTTP/1.1" 403 146 "-" "-"
52.178.161.109 - - [23/Sep/2025:15:32:34 +0800] "GET /wp-includes/rest-api/ HTTP/1.1" 403 146 "-" "-"
52.178.161.109 - - [23/Sep/2025:15:32:34 +0800] "GET /wp-includes/rest-api/endpoints/ HTTP/1.1" 403 146 "-" "-"
52.178.161.109 - - [23/Sep/2025:15:32:34 +0800] "GET /wp-includes/rest-api/fields/ HTTP/1.1" 403 146 "-" "-"
52.178.161.109 - - [23/Sep/2025:15:32:35 +0800] "GET /wp-includes/rest-api/search/ HTTP/1.1" 403 146 "-" "-"
52.178.161.109 - - [23/Sep/2025:15:32:35 +0800] "GET /wp-includes/sitemaps/ HTTP/1.1" 403 146 "-" "-"
52.178.161.109 - - [23/Sep/2025:15:32:35 +0800] "GET /wp-includes/sitemaps/providers/ HTTP/1.1" 403 146 "-" "-"
52.178.161.109 - - [23/Sep/2025:15:32:35 +0800] "GET /wp-includes/sodium_compat/ HTTP/1.1" 403 146 "-" "-"
52.178.161.109 - - [23/Sep/2025:15:32:35 +0800] "GET /wp-includes/sodium_compat/src/ HTTP/1.1" 403 146 "-" "-"
52.178.161.109 - - [23/Sep/2025:15:32:36 +0800] "GET /wp-includes/style-engine/ HTTP/1.1" 403 146 "-" "-"
36.133.115.36 - - [23/Sep/2025:15:36:08 +0800] "POST /wp-cron.php?doing_wp_cron=1758612968.2204639911651611328125 HTTP/1.1" 200 31 "-" "WordPress/6.8.2; http://cqqizhou.com"
42.236.17.68 - - [23/Sep/2025:15:36:08 +0800] "GET / HTTP/1.1" 200 33466 "http://cqqizhou.com/" "Mozilla/5.0 (Linux; Android 6.0.1; Nexus 6P Build/MMB29P) AppleWebKit/537.36 (KHTML, like Gecko) Chrome/47.0.2526.83 Mobile Safari/537.36; 360Spider"
45.89.70.31 - - [23/Sep/2025:16:00:52 +0800] "GET / HTTP/1.0" 200 165852 "http://cqqizhou.com/" "Mozilla/5.0 (Windows NT 10.0; Win64; x64) AppleWebKit/537.36 (KHTML, like Gecko) Chrome/131.0.0.0 Safari/537.36 Avast/131.0.0.0"
45.89.70.31 - - [23/Sep/2025:16:00:54 +0800] "GET /contacts/ HTTP/1.0" 200 76104 "http://cqqizhou.com/contacts/" "Mozilla/5.0 (Windows NT 10.0; Win64; x64) AppleWebKit/537.36 (KHTML, like Gecko) Chrome/131.0.0.0 Safari/537.36 Avast/131.0.0.0"
36.133.115.36 - - [23/Sep/2025:16:00:56 +0800] "POST /wp-cron.php?doing_wp_cron=1758614456.7688701152801513671875 HTTP/1.1" 200 31 "-" "WordPress/6.8.2; http://cqqizhou.com"
45.89.70.31 - - [23/Sep/2025:16:00:58 +0800] "POST /contacts/ HTTP/1.0" 200 68830 "http://cqqizhou.com/contacts/" "Mozilla/5.0 (Windows NT 10.0; Win64; x64) AppleWebKit/537.36 (KHTML, like Gecko) Chrome/131.0.0.0 Safari/537.36 Avast/131.0.0.0"
36.133.115.36 - - [23/Sep/2025:16:04:50 +0800] "POST /wp-cron.php?doing_wp_cron=1758614690.1685218811035156250000 HTTP/1.1" 200 31 "-" "WordPress/6.8.2; http://cqqizhou.com"
51.222.110.113 - - [23/Sep/2025:16:04:50 +0800] "POST /xmlrpc.php HTTP/1.1" 200 217 "-" "Mozilla/5.0 (X11; Ubuntu; Linux x86_64; rv:85.0) Gecko/20100101 Firefox/91.0"
36.133.115.36 - - [23/Sep/2025:16:06:04 +0800] "POST /wp-cron.php?doing_wp_cron=1758614764.6059410572052001953125 HTTP/1.1" 200 31 "-" "WordPress/6.8.2; http://cqqizhou.com"
176.65.149.245 - - [23/Sep/2025:16:06:04 +0800] "GET / HTTP/1.1" 200 33466 "-" "Mozilla/5.0 (Windows NT 10.0; Win64; x64) AppleWebKit/537.36 (KHTML, like Gecko) Chrome/90.0.4430.85 Safari/537.36 Edg/90.0.818.46"
188.164.194.201 - - [23/Sep/2025:16:23:13 +0800] "GET / HTTP/1.1" 200 39369 "-" "Mozilla/5.0 (Macintosh; Intel Mac OS X 10_15_7; rv:129.0) Gecko/20100101 Firefox/129.0"
36.133.115.36 - - [23/Sep/2025:16:23:15 +0800] "POST /wp-cron.php?doing_wp_cron=1758615795.2154591083526611328125 HTTP/1.1" 200 31 "-" "WordPress/6.8.2; http://cqqizhou.com"
188.164.194.201 - - [23/Sep/2025:16:23:15 +0800] "GET /index.php?rest_route=/wp/v2/users HTTP/1.1" 200 282 "http://cqqizhou.com" "Mozilla/5.0 (Windows NT 10.0; Win64; x64) AppleWebKit/537.36 (KHTML, like Gecko) Chrome/126.0.0.0 Safari/537.36"
36.133.115.36 - - [23/Sep/2025:16:24:26 +0800] "POST /wp-cron.php?doing_wp_cron=1758615866.8476080894470214843750 HTTP/1.1" 200 31 "-" "WordPress/6.8.2; http://cqqizhou.com"
182.42.105.85 - - [23/Sep/2025:16:24:26 +0800] "GET / HTTP/1.1" 301 5 "-" "Mozilla/5.0 (iPhone; CPU iPhone OS 13_2_3 like Mac OS X) AppleWebKit/605.1.15 (KHTML, like Gecko) Version/13.0.3 Mobile/15E148 Safari/604.1"
182.42.105.85 - - [23/Sep/2025:16:24:31 +0800] "GET / HTTP/1.1" 200 33466 "http://www.cqqizhou.com" "Mozilla/5.0 (iPhone; CPU iPhone OS 13_2_3 like Mac OS X) AppleWebKit/605.1.15 (KHTML, like Gecko) Version/13.0.3 Mobile/15E148 Safari/604.1"
36.133.115.36 - - [23/Sep/2025:16:25:28 +0800] "POST /wp-cron.php?doing_wp_cron=1758615928.1240980625152587890625 HTTP/1.1" 200 31 "-" "WordPress/6.8.2; http://cqqizhou.com"
14.108.234.80 - - [23/Sep/2025:16:25:28 +0800] "GET /wp-json/sliderrevolution/sliders/1?srengine=7&slideid=2 HTTP/1.1" 200 2058 "http://cqqizhou.com/" "Mozilla/5.0 (Windows NT 10.0; Win64; x64) AppleWebKit/537.36 (KHTML, like Gecko) Chrome/140.0.0.0 Safari/537.36 Edg/140.0.0.0"
14.108.234.80 - - [23/Sep/2025:16:25:28 +0800] "GET /wp-json/sliderrevolution/sliders/1?srengine=7&slideid=3 HTTP/1.1" 200 2292 "http://cqqizhou.com/" "Mozilla/5.0 (Windows NT 10.0; Win64; x64) AppleWebKit/537.36 (KHTML, like Gecko) Chrome/140.0.0.0 Safari/537.36 Edg/140.0.0.0"
14.108.234.80 - - [23/Sep/2025:16:25:28 +0800] "GET /logistics/ HTTP/1.1" 200 22410 "http://cqqizhou.com/" "Mozilla/5.0 (Windows NT 10.0; Win64; x64) AppleWebKit/537.36 (KHTML, like Gecko) Chrome/140.0.0.0 Safari/537.36 Edg/140.0.0.0"
14.108.234.80 - - [23/Sep/2025:16:25:28 +0800] "GET /wp-content/uploads/2025/07/1751864664-Logistics800x500_1.webp HTTP/1.1" 200 76914 "http://cqqizhou.com/logistics/" "Mozilla/5.0 (Windows NT 10.0; Win64; x64) AppleWebKit/537.36 (KHTML, like Gecko) Chrome/140.0.0.0 Safari/537.36 Edg/140.0.0.0"
14.108.234.80 - - [23/Sep/2025:16:25:28 +0800] "GET /wp-content/uploads/2025/07/1751864682-Logistics800x500_2.webp HTTP/1.1" 200 27420 "http://cqqizhou.com/logistics/" "Mozilla/5.0 (Windows NT 10.0; Win64; x64) AppleWebKit/537.36 (KHTML, like Gecko) Chrome/140.0.0.0 Safari/537.36 Edg/140.0.0.0"
14.108.234.80 - - [23/Sep/2025:16:25:28 +0800] "GET /wp-content/uploads/2025/07/1753407887-Logistics_Banner2000%C3%97400px-%E6%8B%B7%E8%B4%9D.webp HTTP/1.1" 200 18866 "http://cqqizhou.com/logistics/" "Mozilla/5.0 (Windows NT 10.0; Win64; x64) AppleWebKit/537.36 (KHTML, like Gecko) Chrome/140.0.0.0 Safari/537.36 Edg/140.0.0.0"
14.108.234.80 - - [23/Sep/2025:16:37:26 +0800] "GET /news/ HTTP/1.1" 200 25256 "http://cqqizhou.com/logistics/" "Mozilla/5.0 (Windows NT 10.0; Win64; x64) AppleWebKit/537.36 (KHTML, like Gecko) Chrome/140.0.0.0 Safari/537.36 Edg/140.0.0.0"
14.108.234.80 - - [23/Sep/2025:16:37:26 +0800] "GET /wp-content/uploads/2025/09/1756868614-20250903104654_74_5.webp HTTP/1.1" 200 47858 "http://cqqizhou.com/news/" "Mozilla/5.0 (Windows NT 10.0; Win64; x64) AppleWebKit/537.36 (KHTML, like Gecko) Chrome/140.0.0.0 Safari/537.36 Edg/140.0.0.0"
14.108.234.80 - - [23/Sep/2025:16:37:26 +0800] "GET /wp-content/uploads/2025/08/1755826456-DSC01841.webp HTTP/1.1" 200 87046 "http://cqqizhou.com/news/" "Mozilla/5.0 (Windows NT 10.0; Win64; x64) AppleWebKit/537.36 (KHTML, like Gecko) Chrome/140.0.0.0 Safari/537.36 Edg/140.0.0.0"
14.108.234.80 - - [23/Sep/2025:16:37:26 +0800] "GET /wp-content/uploads/2025/08/1755826390-DSC01765.webp HTTP/1.1" 200 71514 "http://cqqizhou.com/news/" "Mozilla/5.0 (Windows NT 10.0; Win64; x64) AppleWebKit/537.36 (KHTML, like Gecko) Chrome/140.0.0.0 Safari/537.36 Edg/140.0.0.0"
14.108.234.80 - - [23/Sep/2025:16:37:26 +0800] "GET /wp-content/uploads/2025/07/1753455746-DSC01472.webp HTTP/1.1" 200 31854 "http://cqqizhou.com/news/" "Mozilla/5.0 (Windows NT 10.0; Win64; x64) AppleWebKit/537.36 (KHTML, like Gecko) Chrome/140.0.0.0 Safari/537.36 Edg/140.0.0.0"
14.108.234.80 - - [23/Sep/2025:16:37:26 +0800] "GET /wp-content/uploads/2025/07/1753454089-Article_images_W900px.webp HTTP/1.1" 200 27552 "http://cqqizhou.com/news/" "Mozilla/5.0 (Windows NT 10.0; Win64; x64) AppleWebKit/537.36 (KHTML, like Gecko) Chrome/140.0.0.0 Safari/537.36 Edg/140.0.0.0"
14.108.234.80 - - [23/Sep/2025:16:37:26 +0800] "GET /wp-content/uploads/2025/07/1753453986-Article_images_W900px.webp HTTP/1.1" 200 57364 "http://cqqizhou.com/news/" "Mozilla/5.0 (Windows NT 10.0; Win64; x64) AppleWebKit/537.36 (KHTML, like Gecko) Chrome/140.0.0.0 Safari/537.36 Edg/140.0.0.0"
14.108.234.80 - - [23/Sep/2025:16:37:26 +0800] "GET /wp-content/uploads/2025/07/1753454299-Article_images_W900px.webp HTTP/1.1" 200 52418 "http://cqqizhou.com/news/" "Mozilla/5.0 (Windows NT 10.0; Win64; x64) AppleWebKit/537.36 (KHTML, like Gecko) Chrome/140.0.0.0 Safari/537.36 Edg/140.0.0.0"
14.108.234.80 - - [23/Sep/2025:16:37:26 +0800] "GET /wp-content/uploads/2025/07/1753410289-News2000%C3%97400_202571.webp HTTP/1.1" 200 17830 "http://cqqizhou.com/news/" "Mozilla/5.0 (Windows NT 10.0; Win64; x64) AppleWebKit/537.36 (KHTML, like Gecko) Chrome/140.0.0.0 Safari/537.36 Edg/140.0.0.0"
36.133.115.36 - - [23/Sep/2025:16:37:40 +0800] "POST /wp-cron.php?doing_wp_cron=1758616660.4688758850097656250000 HTTP/1.1" 200 31 "-" "WordPress/6.8.2; http://cqqizhou.com"
45.142.193.144 - - [23/Sep/2025:16:37:40 +0800] "GET / HTTP/1.1" 200 33465 "-" "Mozilla/5.0 (Windows NT 10.0; Win64; x64) AppleWebKit/537.36 (KHTML, like Gecko) Chrome/90.0.4430.85 Safari/537.36 Edg/90.0.818.46"
14.108.234.80 - - [23/Sep/2025:16:38:07 +0800] "GET /contacts/ HTTP/1.1" 200 21496 "http://cqqizhou.com/news/" "Mozilla/5.0 (Windows NT 10.0; Win64; x64) AppleWebKit/537.36 (KHTML, like Gecko) Chrome/140.0.0.0 Safari/537.36 Edg/140.0.0.0"
14.108.234.80 - - [23/Sep/2025:16:38:07 +0800] "GET /wp-content/uploads/2025/06/1750674554-qizhoudalou2000x400_2025624.webp HTTP/1.1" 200 47874 "http://cqqizhou.com/contacts/" "Mozilla/5.0 (Windows NT 10.0; Win64; x64) AppleWebKit/537.36 (KHTML, like Gecko) Chrome/140.0.0.0 Safari/537.36 Edg/140.0.0.0"
14.108.234.80 - - [23/Sep/2025:16:38:07 +0800] "GET /wp-content/uploads/2025/07/1750005875-qizhou_map2025616.webp HTTP/1.1" 200 348798 "http://cqqizhou.com/contacts/" "Mozilla/5.0 (Windows NT 10.0; Win64; x64) AppleWebKit/537.36 (KHTML, like Gecko) Chrome/140.0.0.0 Safari/537.36 Edg/140.0.0.0"
36.133.115.36 - - [23/Sep/2025:16:38:08 +0800] "POST /wp-cron.php?doing_wp_cron=1758616688.4837079048156738281250 HTTP/1.1" 200 31 "-" "WordPress/6.8.2; http://cqqizhou.com"
14.108.234.80 - - [23/Sep/2025:16:38:08 +0800] "GET /wp-json/contact-form-7/v1/contact-forms/158/refill HTTP/1.1" 200 33 "http://cqqizhou.com/contacts/" "Mozilla/5.0 (Windows NT 10.0; Win64; x64) AppleWebKit/537.36 (KHTML, like Gecko) Chrome/140.0.0.0 Safari/537.36 Edg/140.0.0.0"
14.108.234.80 - - [23/Sep/2025:16:38:08 +0800] "GET /wp-json/contact-form-7/v1/contact-forms/158/feedback/schema HTTP/1.1" 200 358 "http://cqqizhou.com/contacts/" "Mozilla/5.0 (Windows NT 10.0; Win64; x64) AppleWebKit/537.36 (KHTML, like Gecko) Chrome/140.0.0.0 Safari/537.36 Edg/140.0.0.0"
14.108.234.80 - - [23/Sep/2025:16:38:35 +0800] "GET /services/ HTTP/1.1" 200 25528 "http://cqqizhou.com/logistics/" "Mozilla/5.0 (Windows NT 10.0; Win64; x64) AppleWebKit/537.36 (KHTML, like Gecko) Chrome/140.0.0.0 Safari/537.36 Edg/140.0.0.0"
14.108.234.80 - - [23/Sep/2025:16:38:35 +0800] "GET /wp-content/uploads/2025/07/1751829454-Smart-warehousing800x500.webp HTTP/1.1" 200 79504 "http://cqqizhou.com/services/" "Mozilla/5.0 (Windows NT 10.0; Win64; x64) AppleWebKit/537.36 (KHTML, like Gecko) Chrome/140.0.0.0 Safari/537.36 Edg/140.0.0.0"
14.108.234.80 - - [23/Sep/2025:16:38:35 +0800] "GET /wp-content/uploads/2025/07/1751857929-3D-one-stop-supply-chain-service-W900px2.webp HTTP/1.1" 200 38362 "http://cqqizhou.com/services/" "Mozilla/5.0 (Windows NT 10.0; Win64; x64) AppleWebKit/537.36 (KHTML, like Gecko) Chrome/140.0.0.0 Safari/537.36 Edg/140.0.0.0"
14.108.234.80 - - [23/Sep/2025:16:38:35 +0800] "GET /wp-content/uploads/2025/07/1751829518-Precision-processing-services800x500.webp HTTP/1.1" 200 28964 "http://cqqizhou.com/services/" "Mozilla/5.0 (Windows NT 10.0; Win64; x64) AppleWebKit/537.36 (KHTML, like Gecko) Chrome/140.0.0.0 Safari/537.36 Edg/140.0.0.0"
14.108.234.80 - - [23/Sep/2025:16:38:35 +0800] "GET /wp-content/uploads/2025/07/1753405252-Services_Banner2000%C3%97400px2.webp HTTP/1.1" 200 23730 "http://cqqizhou.com/services/" "Mozilla/5.0 (Windows NT 10.0; Win64; x64) AppleWebKit/537.36 (KHTML, like Gecko) Chrome/140.0.0.0 Safari/537.36 Edg/140.0.0.0"
14.108.234.80 - - [23/Sep/2025:16:38:51 +0800] "GET /about/ HTTP/1.1" 200 30088 "http://cqqizhou.com/services/" "Mozilla/5.0 (Windows NT 10.0; Win64; x64) AppleWebKit/537.36 (KHTML, like Gecko) Chrome/140.0.0.0 Safari/537.36 Edg/140.0.0.0"
14.108.234.80 - - [23/Sep/2025:16:38:51 +0800] "GET /wp-content/uploads/2025/07/1750649803-qizhou800x500_2.webp HTTP/1.1" 200 63616 "http://cqqizhou.com/about/" "Mozilla/5.0 (Windows NT 10.0; Win64; x64) AppleWebKit/537.36 (KHTML, like Gecko) Chrome/140.0.0.0 Safari/537.36 Edg/140.0.0.0"
14.108.234.80 - - [23/Sep/2025:16:38:51 +0800] "GET /wp-content/uploads/2025/07/1750945417-honor300%C3%97206_1.webp HTTP/1.1" 200 57666 "http://cqqizhou.com/about/" "Mozilla/5.0 (Windows NT 10.0; Win64; x64) AppleWebKit/537.36 (KHTML, like Gecko) Chrome/140.0.0.0 Safari/537.36 Edg/140.0.0.0"
14.108.234.80 - - [23/Sep/2025:16:38:51 +0800] "GET /wp-content/uploads/2025/07/1750945444-honor300%C3%97206_2.webp HTTP/1.1" 200 71296 "http://cqqizhou.com/about/" "Mozilla/5.0 (Windows NT 10.0; Win64; x64) AppleWebKit/537.36 (KHTML, like Gecko) Chrome/140.0.0.0 Safari/537.36 Edg/140.0.0.0"
14.108.234.80 - - [23/Sep/2025:16:38:51 +0800] "GET /wp-content/uploads/2025/07/1750671801-partner2_200x50.webp HTTP/1.1" 200 3946 "http://cqqizhou.com/about/" "Mozilla/5.0 (Windows NT 10.0; Win64; x64) AppleWebKit/537.36 (KHTML, like Gecko) Chrome/140.0.0.0 Safari/537.36 Edg/140.0.0.0"
14.108.234.80 - - [23/Sep/2025:16:38:51 +0800] "GET /wp-content/uploads/2025/07/1750671800-partner1_200x50.webp HTTP/1.1" 200 2244 "http://cqqizhou.com/about/" "Mozilla/5.0 (Windows NT 10.0; Win64; x64) AppleWebKit/537.36 (KHTML, like Gecko) Chrome/140.0.0.0 Safari/537.36 Edg/140.0.0.0"
14.108.234.80 - - [23/Sep/2025:16:38:51 +0800] "GET /wp-content/uploads/2025/07/1750671803-partner3_200x50.webp HTTP/1.1" 200 4414 "http://cqqizhou.com/about/" "Mozilla/5.0 (Windows NT 10.0; Win64; x64) AppleWebKit/537.36 (KHTML, like Gecko) Chrome/140.0.0.0 Safari/537.36 Edg/140.0.0.0"
14.108.234.80 - - [23/Sep/2025:16:38:51 +0800] "GET /wp-content/uploads/2025/07/1750671805-partner4_200x50.webp HTTP/1.1" 200 2390 "http://cqqizhou.com/about/" "Mozilla/5.0 (Windows NT 10.0; Win64; x64) AppleWebKit/537.36 (KHTML, like Gecko) Chrome/140.0.0.0 Safari/537.36 Edg/140.0.0.0"
14.108.234.80 - - [23/Sep/2025:16:38:51 +0800] "GET /wp-content/uploads/2025/07/1750671808-partner6_200x50.webp HTTP/1.1" 200 3004 "http://cqqizhou.com/about/" "Mozilla/5.0 (Windows NT 10.0; Win64; x64) AppleWebKit/537.36 (KHTML, like Gecko) Chrome/140.0.0.0 Safari/537.36 Edg/140.0.0.0"
14.108.234.80 - - [23/Sep/2025:16:38:51 +0800] "GET /wp-content/uploads/2025/07/1750671806-partner5_200x50.webp HTTP/1.1" 200 2840 "http://cqqizhou.com/about/" "Mozilla/5.0 (Windows NT 10.0; Win64; x64) AppleWebKit/537.36 (KHTML, like Gecko) Chrome/140.0.0.0 Safari/537.36 Edg/140.0.0.0"
14.108.234.80 - - [23/Sep/2025:16:38:51 +0800] "GET /wp-content/uploads/2025/06/1750755307-qizhoucangku2000x400_2025624.webp HTTP/1.1" 200 45470 "http://cqqizhou.com/about/" "Mozilla/5.0 (Windows NT 10.0; Win64; x64) AppleWebKit/537.36 (KHTML, like Gecko) Chrome/140.0.0.0 Safari/537.36 Edg/140.0.0.0"
14.108.234.80 - - [23/Sep/2025:16:38:52 +0800] "GET /wp-content/uploads/elementor/thumbs/1751373145-About_Qizhoudalou_W800px-r91b70ok8huvvdr4ynxnf302e8ie3iydlh6ag9ew82.webp HTTP/1.1" 200 37938 "http://cqqizhou.com/about/" "Mozilla/5.0 (Windows NT 10.0; Win64; x64) AppleWebKit/537.36 (KHTML, like Gecko) Chrome/140.0.0.0 Safari/537.36 Edg/140.0.0.0"
14.108.234.80 - - [23/Sep/2025:16:38:52 +0800] "GET /wp-content/uploads/elementor/thumbs/1751209300-Hello-Qizhou3-r91b71mdtei8mab1rr8x739cnvi1mafuaga3vbed3o.webp HTTP/1.1" 200 39120 "http://cqqizhou.com/about/" "Mozilla/5.0 (Windows NT 10.0; Win64; x64) AppleWebKit/537.36 (KHTML, like Gecko) Chrome/140.0.0.0 Safari/537.36 Edg/140.0.0.0"
14.108.234.80 - - [23/Sep/2025:16:38:52 +0800] "GET /wp-content/uploads/2025/07/1750649186-qizhou1920x1080_3.webp HTTP/1.1" 200 134070 "http://cqqizhou.com/about/" "Mozilla/5.0 (Windows NT 10.0; Win64; x64) AppleWebKit/537.36 (KHTML, like Gecko) Chrome/140.0.0.0 Safari/537.36 Edg/140.0.0.0"
14.108.234.80 - - [23/Sep/2025:16:38:52 +0800] "GET /wp-content/uploads/2025/07/1750649193-qizhou1920x1080_5.webp HTTP/1.1" 200 110214 "http://cqqizhou.com/about/" "Mozilla/5.0 (Windows NT 10.0; Win64; x64) AppleWebKit/537.36 (KHTML, like Gecko) Chrome/140.0.0.0 Safari/537.36 Edg/140.0.0.0"
14.108.234.80 - - [23/Sep/2025:16:38:52 +0800] "GET /wp-content/uploads/2025/07/1750649189-qizhou1920x1080_4.webp HTTP/1.1" 200 174962 "http://cqqizhou.com/about/" "Mozilla/5.0 (Windows NT 10.0; Win64; x64) AppleWebKit/537.36 (KHTML, like Gecko) Chrome/140.0.0.0 Safari/537.36 Edg/140.0.0.0"
14.108.234.80 - - [23/Sep/2025:16:38:52 +0800] "GET /wp-content/uploads/2025/07/1750649179-qizhou1920x1080_1.webp HTTP/1.1" 200 172154 "http://cqqizhou.com/about/" "Mozilla/5.0 (Windows NT 10.0; Win64; x64) AppleWebKit/537.36 (KHTML, like Gecko) Chrome/140.0.0.0 Safari/537.36 Edg/140.0.0.0"
14.108.234.80 - - [23/Sep/2025:16:38:52 +0800] "GET /wp-content/uploads/2025/07/1750649197-qizhou1920x1080_6.webp HTTP/1.1" 200 150354 "http://cqqizhou.com/about/" "Mozilla/5.0 (Windows NT 10.0; Win64; x64) AppleWebKit/537.36 (KHTML, like Gecko) Chrome/140.0.0.0 Safari/537.36 Edg/140.0.0.0"
