36.133.115.36 - - [23/Jul/2026:10:47:22 +0800] "POST /wp-cron.php?doing_wp_cron=1784774842.2538690567016601562500 HTTP/1.1" 200 31 "-" "WordPress/7.0; http://cqqizhou.com"
20.100.200.248 - - [23/Jul/2026:10:47:22 +0800] "GET /wp-load.php HTTP/1.1" 200 5 "-" "-"
20.100.200.248 - - [23/Jul/2026:10:47:22 +0800] "GET //xwpg.php HTTP/1.1" 404 27 "-" "-"
20.100.200.248 - - [23/Jul/2026:10:47:22 +0800] "GET //wp-includes/assets/ HTTP/1.1" 403 146 "-" "-"
20.100.200.248 - - [23/Jul/2026:10:47:23 +0800] "GET /wp-admin/css/colors/sunrise/ HTTP/1.1" 403 146 "-" "-"
20.100.200.248 - - [23/Jul/2026:10:47:23 +0800] "GET /xstelth.php HTTP/1.1" 404 27 "-" "-"
20.100.200.248 - - [23/Jul/2026:10:47:25 +0800] "GET /wp-admin/network/plugins.php HTTP/1.1" 302 5 "-" "-"
20.100.200.248 - - [23/Jul/2026:10:47:26 +0800] "GET /wp-login.php?redirect_to=http%3A%2F%2Fcqqizhou.com%2Fwp-admin%2Fnetwork%2Fplugins.php&reauth=1 HTTP/1.1" 200 8396 "-" "-"
20.100.200.248 - - [23/Jul/2026:10:47:26 +0800] "GET /aaa.php HTTP/1.1" 404 27 "-" "-"
20.100.200.248 - - [23/Jul/2026:10:47:27 +0800] "GET /gecko.php HTTP/1.1" 404 27 "-" "-"
20.100.200.248 - - [23/Jul/2026:10:47:27 +0800] "GET /sh3ll.php HTTP/1.1" 404 27 "-" "-"
20.100.200.248 - - [23/Jul/2026:10:47:27 +0800] "GET /pbck.php HTTP/1.1" 404 27 "-" "-"
20.100.200.248 - - [23/Jul/2026:10:47:27 +0800] "GET /xiugai.php?p= HTTP/1.1" 404 27 "-" "-"
20.100.200.248 - - [23/Jul/2026:10:47:28 +0800] "GET /e.php HTTP/1.1" 404 27 "-" "-"
20.100.200.248 - - [23/Jul/2026:10:47:28 +0800] "GET /for.php HTTP/1.1" 404 27 "-" "-"
20.100.200.248 - - [23/Jul/2026:10:47:28 +0800] "GET /ssh3ll.php HTTP/1.1" 404 27 "-" "-"
20.100.200.248 - - [23/Jul/2026:10:47:28 +0800] "GET /adminner.php HTTP/1.1" 404 27 "-" "-"
20.100.200.248 - - [23/Jul/2026:10:47:29 +0800] "GET /82.php HTTP/1.1" 404 27 "-" "-"
20.100.200.248 - - [23/Jul/2026:10:47:29 +0800] "GET /kir.php HTTP/1.1" 404 27 "-" "-"
20.100.200.248 - - [23/Jul/2026:10:47:29 +0800] "GET /up4.php HTTP/1.1" 404 27 "-" "-"
20.100.200.248 - - [23/Jul/2026:10:47:29 +0800] "GET /xhar.php HTTP/1.1" 404 27 "-" "-"
20.100.200.248 - - [23/Jul/2026:10:47:30 +0800] "GET /file1221.php HTTP/1.1" 404 27 "-" "-"
20.100.200.248 - - [23/Jul/2026:10:47:30 +0800] "GET /inx.php HTTP/1.1" 404 27 "-" "-"
20.100.200.248 - - [23/Jul/2026:10:47:30 +0800] "GET /qqqa.php HTTP/1.1" 404 27 "-" "-"
20.100.200.248 - - [23/Jul/2026:10:47:31 +0800] "GET /wp-firewall.php HTTP/1.1" 404 27 "-" "-"
20.100.200.248 - - [23/Jul/2026:10:47:31 +0800] "GET /reviall.php HTTP/1.1" 404 27 "-" "-"
20.100.200.248 - - [23/Jul/2026:10:47:31 +0800] "GET /xocx.php HTTP/1.1" 404 27 "-" "-"
20.100.200.248 - - [23/Jul/2026:10:47:31 +0800] "GET /fmwsv2.php HTTP/1.1" 404 27 "-" "-"
36.133.115.36 - - [23/Jul/2026:10:48:46 +0800] "POST /wp-cron.php?doing_wp_cron=1784774926.1736640930175781250000 HTTP/1.1" 200 31 "-" "WordPress/7.0; http://cqqizhou.com"
120.241.209.176 - - [23/Jul/2026:10:48:46 +0800] "GET /news/2502 HTTP/1.1" 200 25257 "-" "Mozilla/5.0 (Windows NT 10.0; Win64; x64) AppleWebKit/537.36 (KHTML, like Gecko) Chrome/112.0.0.0 Safari/537.36"
36.133.115.36 - - [23/Jul/2026:10:50:58 +0800] "POST /wp-cron.php?doing_wp_cron=1784775058.5473051071166992187500 HTTP/1.1" 200 31 "-" "WordPress/7.0; http://cqqizhou.com"
160.119.71.9 - - [23/Jul/2026:10:50:58 +0800] "GET / HTTP/1.1" 200 109837 "-" "Mozilla/5.0 (X11; Linux x86_64; rv:144.0) Gecko/20100101 Firefox/144.0"
36.133.115.36 - - [23/Jul/2026:11:06:17 +0800] "POST /wp-cron.php?doing_wp_cron=1784775977.4044780731201171875000 HTTP/1.1" 200 31 "-" "WordPress/7.0; http://cqqizhou.com"
110.249.201.50 - - [23/Jul/2026:11:06:17 +0800] "GET /news/2361 HTTP/1.1" 200 21438 "-" "Mozilla/5.0 (Linux; Android 5.0) AppleWebKit/537.36 (KHTML, like Gecko) Mobile Safari/537.36 (compatible; Bytespider; https://zhanzhang.toutiao.com/)"
110.249.201.50 - - [23/Jul/2026:11:06:17 +0800] "GET /wp-content/uploads/2025/12/1766064629-Article_images_20251218212623-768x427.webp HTTP/1.1" 206 500 "http://cqqizhou.com/news/2361" "Mozilla/5.0 (Linux; Android 5.0) AppleWebKit/537.36 (KHTML, like Gecko) Mobile Safari/537.36 (compatible; Bytespider; https://zhanzhang.toutiao.com/)"
110.249.201.50 - - [23/Jul/2026:11:06:17 +0800] "GET /wp-content/uploads/2025/12/1766064671-Article_images_20251218212624-768x576.webp HTTP/1.1" 206 500 "http://cqqizhou.com/news/2361" "Mozilla/5.0 (Linux; Android 5.0) AppleWebKit/537.36 (KHTML, like Gecko) Mobile Safari/537.36 (compatible; Bytespider; https://zhanzhang.toutiao.com/)"
110.249.201.86 - - [23/Jul/2026:11:06:17 +0800] "GET /wp-content/uploads/2025/12/1766064723-Article_images_20251218212625-768x576.webp HTTP/1.1" 206 500 "http://cqqizhou.com/news/2361" "Mozilla/5.0 (Linux; Android 5.0) AppleWebKit/537.36 (KHTML, like Gecko) Mobile Safari/537.36 (compatible; Bytespider; https://zhanzhang.toutiao.com/)"
110.249.201.50 - - [23/Jul/2026:11:06:18 +0800] "GET /wp-content/uploads/2025/12/1766373840-Article_images_20251220-768x576.webp HTTP/1.1" 206 500 "http://cqqizhou.com/news/2361" "Mozilla/5.0 (Linux; Android 5.0) AppleWebKit/537.36 (KHTML, like Gecko) Mobile Safari/537.36 (compatible; Bytespider; https://zhanzhang.toutiao.com/)"
110.249.201.86 - - [23/Jul/2026:11:06:18 +0800] "GET /wp-content/uploads/2025/12/1766373833-Article_images_20251219-768x576.webp HTTP/1.1" 206 500 "http://cqqizhou.com/news/2361" "Mozilla/5.0 (Linux; Android 5.0) AppleWebKit/537.36 (KHTML, like Gecko) Mobile Safari/537.36 (compatible; Bytespider; https://zhanzhang.toutiao.com/)"
20.100.176.141 - - [23/Jul/2026:11:21:11 +0800] "GET /wp-content/plugins/hellopress/wp_filemanager.php HTTP/1.1" 404 27 "-" "-"
20.100.176.141 - - [23/Jul/2026:11:21:11 +0800] "GET /this_is_a_new_hello_world.php HTTP/1.1" 404 27 "-" "-"
20.100.176.141 - - [23/Jul/2026:11:21:11 +0800] "GET /dp.php HTTP/1.1" 404 27 "-" "-"
20.100.176.141 - - [23/Jul/2026:11:21:12 +0800] "GET /old.php HTTP/1.1" 404 27 "-" "-"
20.100.176.141 - - [23/Jul/2026:11:21:12 +0800] "GET /ms-new.php HTTP/1.1" 404 27 "-" "-"
20.100.176.141 - - [23/Jul/2026:11:21:12 +0800] "GET /track.php HTTP/1.1" 404 27 "-" "-"
20.100.176.141 - - [23/Jul/2026:11:21:13 +0800] "GET /2352356666.php HTTP/1.1" 404 27 "-" "-"
20.100.176.141 - - [23/Jul/2026:11:21:13 +0800] "GET /pn.php HTTP/1.1" 404 27 "-" "-"
20.100.176.141 - - [23/Jul/2026:11:21:13 +0800] "GET /wp-wpbak.php HTTP/1.1" 404 27 "-" "-"
20.100.176.141 - - [23/Jul/2026:11:21:13 +0800] "GET /dr.php HTTP/1.1" 404 27 "-" "-"
20.100.176.141 - - [23/Jul/2026:11:21:14 +0800] "GET /2x.php HTTP/1.1" 404 27 "-" "-"
20.100.176.141 - - [23/Jul/2026:11:21:14 +0800] "GET /kq1.php HTTP/1.1" 404 27 "-" "-"
20.100.176.141 - - [23/Jul/2026:11:21:14 +0800] "GET /zzz.php HTTP/1.1" 404 27 "-" "-"
20.100.176.141 - - [23/Jul/2026:11:21:14 +0800] "GET /wicked.php HTTP/1.1" 404 27 "-" "-"
20.100.176.141 - - [23/Jul/2026:11:21:15 +0800] "GET /edit.php HTTP/1.1" 404 27 "-" "-"
20.100.176.141 - - [23/Jul/2026:11:21:15 +0800] "GET /kua.php HTTP/1.1" 404 27 "-" "-"
20.100.176.141 - - [23/Jul/2026:11:21:15 +0800] "GET /ez.php HTTP/1.1" 404 27 "-" "-"
20.100.176.141 - - [23/Jul/2026:11:21:15 +0800] "GET /fz.php HTTP/1.1" 404 27 "-" "-"
20.100.176.141 - - [23/Jul/2026:11:21:16 +0800] "GET /la.php HTTP/1.1" 404 27 "-" "-"
20.100.176.141 - - [23/Jul/2026:11:21:16 +0800] "GET /nhvoanpl.php HTTP/1.1" 404 27 "-" "-"
20.100.176.141 - - [23/Jul/2026:11:21:16 +0800] "GET /inso.php HTTP/1.1" 404 27 "-" "-"
20.100.176.141 - - [23/Jul/2026:11:21:17 +0800] "GET /wpx.php HTTP/1.1" 404 27 "-" "-"
20.100.176.141 - - [23/Jul/2026:11:21:17 +0800] "GET /berlin.php HTTP/1.1" 404 27 "-" "-"
20.100.176.141 - - [23/Jul/2026:11:21:17 +0800] "GET /billur.php HTTP/1.1" 404 27 "-" "-"
20.100.176.141 - - [23/Jul/2026:11:21:17 +0800] "GET /mimpi.php HTTP/1.1" 404 27 "-" "-"
20.100.176.141 - - [23/Jul/2026:11:21:18 +0800] "GET /dp.php HTTP/1.1" 404 27 "-" "-"
20.100.176.141 - - [23/Jul/2026:11:21:18 +0800] "GET /bootstrap.php HTTP/1.1" 404 27 "-" "-"
20.100.176.141 - - [23/Jul/2026:11:21:18 +0800] "GET /wp-editor.php HTTP/1.1" 404 27 "-" "-"
20.100.176.141 - - [23/Jul/2026:11:21:18 +0800] "GET /cro.php HTTP/1.1" 404 27 "-" "-"
20.100.176.141 - - [23/Jul/2026:11:21:19 +0800] "GET /cron-tab.php HTTP/1.1" 404 27 "-" "-"
20.100.176.141 - - [23/Jul/2026:11:21:19 +0800] "GET /koiy.php HTTP/1.1" 404 27 "-" "-"
20.100.176.141 - - [23/Jul/2026:11:21:19 +0800] "GET /hp2.php HTTP/1.1" 404 27 "-" "-"
20.100.176.141 - - [23/Jul/2026:11:21:19 +0800] "GET /hp3.php HTTP/1.1" 404 27 "-" "-"
20.100.176.141 - - [23/Jul/2026:11:21:20 +0800] "GET /aa1.php HTTP/1.1" 404 27 "-" "-"
20.100.176.141 - - [23/Jul/2026:11:21:20 +0800] "GET /acew67.php HTTP/1.1" 404 27 "-" "-"
20.100.176.141 - - [23/Jul/2026:11:21:20 +0800] "GET /bscclapb.php HTTP/1.1" 404 27 "-" "-"
20.100.176.141 - - [23/Jul/2026:11:21:20 +0800] "GET /else1.php HTTP/1.1" 404 27 "-" "-"
20.100.176.141 - - [23/Jul/2026:11:21:21 +0800] "GET /tkikikoko.php HTTP/1.1" 404 27 "-" "-"
20.100.176.141 - - [23/Jul/2026:11:21:21 +0800] "GET /wp-Blogs.php HTTP/1.1" 404 27 "-" "-"
20.100.176.141 - - [23/Jul/2026:11:21:21 +0800] "GET /wp-css.php HTTP/1.1" 404 27 "-" "-"
20.100.176.141 - - [23/Jul/2026:11:21:21 +0800] "GET /wp-explorer.php HTTP/1.1" 404 27 "-" "-"
20.100.176.141 - - [23/Jul/2026:11:21:22 +0800] "GET /akismet.php HTTP/1.1" 404 27 "-" "-"
20.100.176.141 - - [23/Jul/2026:11:21:22 +0800] "GET /ace2.php HTTP/1.1" 404 27 "-" "-"
20.100.176.141 - - [23/Jul/2026:11:21:22 +0800] "GET /ms.php HTTP/1.1" 404 27 "-" "-"
36.133.115.36 - - [23/Jul/2026:11:30:36 +0800] "POST /wp-cron.php?doing_wp_cron=1784777436.5206379890441894531250 HTTP/1.1" 200 31 "-" "WordPress/7.0; http://cqqizhou.com"
150.109.119.38 - - [23/Jul/2026:11:30:36 +0800] "GET / HTTP/1.1" 200 35071 "-" "Mozilla/5.0 (iPhone; CPU iPhone OS 13_2_3 like Mac OS X) AppleWebKit/605.1.15 (KHTML, like Gecko) Version/13.0.3 Mobile/15E148 Safari/604.1"
36.133.115.36 - - [23/Jul/2026:11:33:16 +0800] "POST /wp-cron.php?doing_wp_cron=1784777596.0486640930175781250000 HTTP/1.1" 200 31 "-" "WordPress/7.0; http://cqqizhou.com"
198.244.226.130 - - [23/Jul/2026:11:33:16 +0800] "GET /news/2361 HTTP/1.1" 200 25438 "-" "Mozilla/5.0 (compatible; AhrefsBot/7.0; +http://ahrefs.com/robot/)"
43.248.102.159 - - [23/Jul/2026:11:33:21 +0800] "GET / HTTP/1.1" 301 5 "-" "Mozilla/5.0 (Windows NT 10.0; Win64; x64) AppleWebKit/537.36 (KHTML, like Gecko) Chrome/113.0.0.0 Safari/537.36"
43.248.102.159 - - [23/Jul/2026:11:33:21 +0800] "GET / HTTP/1.1" 200 35520 "-" "Mozilla/5.0 (Windows NT 10.0; Win64; x64) AppleWebKit/537.36 (KHTML, like Gecko) Chrome/113.0.0.0 Safari/537.36"
4.181.54.15 - - [23/Jul/2026:11:34:18 +0800] "GET /services HTTP/1.1" 200 32235 "-" "Mozilla/5.0 (Windows NT 10.0; Win64; x64) AppleWebKit/537.36 (KHTML, like Gecko) Chrome/149.0.0.0 Safari/537.36 Edg/149.0.0.0"
36.133.115.36 - - [23/Jul/2026:11:37:50 +0800] "POST /wp-cron.php?doing_wp_cron=1784777870.5802090167999267578125 HTTP/1.1" 200 31 "-" "WordPress/7.0; http://cqqizhou.com"
5.61.209.43 - - [23/Jul/2026:11:37:50 +0800] "GET /SDK/webLanguage HTTP/1.1" 301 5 "-" "Mozilla/5.0 (Windows NT 10.0; Win64; x64) AppleWebKit/537.36 (KHTML, like Gecko) Chrome/90.0.4430.85 Safari/537.36 Edg/90.0.818.46"
36.133.115.36 - - [23/Jul/2026:11:39:48 +0800] "POST /wp-cron.php?doing_wp_cron=1784777988.6989130973815917968750 HTTP/1.1" 200 31 "-" "WordPress/7.0; http://cqqizhou.com"
124.156.226.179 - - [23/Jul/2026:11:39:48 +0800] "GET / HTTP/1.1" 301 5 "-" "Mozilla/5.0 (iPhone; CPU iPhone OS 13_2_3 like Mac OS X) AppleWebKit/605.1.15 (KHTML, like Gecko) Version/13.0.3 Mobile/15E148 Safari/604.1"
124.156.226.179 - - [23/Jul/2026:11:39:52 +0800] "GET / HTTP/1.1" 200 35071 "http://36.133.115.36" "Mozilla/5.0 (iPhone; CPU iPhone OS 13_2_3 like Mac OS X) AppleWebKit/605.1.15 (KHTML, like Gecko) Version/13.0.3 Mobile/15E148 Safari/604.1"
36.133.115.36 - - [23/Jul/2026:11:42:40 +0800] "POST /wp-cron.php?doing_wp_cron=1784778160.0001790523529052734375 HTTP/1.1" 200 31 "-" "WordPress/7.0; http://cqqizhou.com"
34.53.137.53 - - [23/Jul/2026:11:42:40 +0800] "GET / HTTP/1.1" 200 35070 "-" "Mozilla/5.0 (Windows NT 10.0; Win64; x64) AppleWebKit/537.36 (KHTML, like Gecko) Chrome/127.0.0.0 Safari/537.36"
36.133.115.36 - - [23/Jul/2026:12:00:16 +0800] "POST /wp-cron.php?doing_wp_cron=1784779216.5671069622039794921875 HTTP/1.1" 200 31 "-" "WordPress/7.0; http://cqqizhou.com"
180.153.236.70 - - [23/Jul/2026:12:00:16 +0800] "GET / HTTP/1.1" 200 35070 "http://cqqizhou.com/" "Mozilla/5.0 (Linux; Android 10; K) AppleWebKit/537.36 (KHTML, like Gecko) Chrome/131.0.0.0 Mobile Safari/537.36; 360Spider"
36.133.115.36 - - [23/Jul/2026:12:06:40 +0800] "POST /wp-cron.php?doing_wp_cron=1784779599.9850909709930419921875 HTTP/1.1" 200 31 "-" "WordPress/7.0; http://cqqizhou.com"
175.178.110.121 - - [23/Jul/2026:12:06:40 +0800] "GET / HTTP/1.1" 301 5 "-" "Mozilla/5.0 (iPhone; CPU iPhone OS 13_2_3 like Mac OS X) AppleWebKit/605.1.15 (KHTML, like Gecko) Version/13.0.3 Mobile/15E148 Safari/604.1"
175.178.110.121 - - [23/Jul/2026:12:06:42 +0800] "GET / HTTP/1.1" 200 35071 "http://www.cqqizhou.com" "Mozilla/5.0 (iPhone; CPU iPhone OS 13_2_3 like Mac OS X) AppleWebKit/605.1.15 (KHTML, like Gecko) Version/13.0.3 Mobile/15E148 Safari/604.1"
36.133.115.36 - - [23/Jul/2026:12:09:07 +0800] "POST /wp-cron.php?doing_wp_cron=1784779747.1334419250488281250000 HTTP/1.1" 200 31 "-" "WordPress/7.0; http://cqqizhou.com"
43.134.54.246 - - [23/Jul/2026:12:09:07 +0800] "GET / HTTP/1.1" 301 5 "-" "Mozilla/5.0 (iPhone; CPU iPhone OS 13_2_3 like Mac OS X) AppleWebKit/605.1.15 (KHTML, like Gecko) Version/13.0.3 Mobile/15E148 Safari/604.1"
43.134.54.246 - - [23/Jul/2026:12:09:09 +0800] "GET / HTTP/1.1" 200 35071 "http://www.cqqizhou.com" "Mozilla/5.0 (iPhone; CPU iPhone OS 13_2_3 like Mac OS X) AppleWebKit/605.1.15 (KHTML, like Gecko) Version/13.0.3 Mobile/15E148 Safari/604.1"
36.133.115.36 - - [23/Jul/2026:12:52:00 +0800] "POST /wp-cron.php?doing_wp_cron=1784782320.2569301128387451171875 HTTP/1.1" 200 31 "-" "WordPress/7.0; http://cqqizhou.com"
195.182.16.23 - - [23/Jul/2026:12:52:00 +0800] "GET /SDK/webLanguage HTTP/1.1" 301 5 "-" "Mozilla/5.0 (Windows NT 10.0; Win64; x64) AppleWebKit/537.36 (KHTML, like Gecko) Chrome/90.0.4430.85 Safari/537.36 Edg/90.0.818.46"
36.133.115.36 - - [23/Jul/2026:13:25:11 +0800] "POST /wp-cron.php?doing_wp_cron=1784784311.4772729873657226562500 HTTP/1.1" 200 31 "-" "WordPress/7.0; http://cqqizhou.com"
221.227.53.120 - - [23/Jul/2026:13:25:11 +0800] "GET /news/2534 HTTP/1.1" 200 24828 "-" "Mozilla/5.0 (Macintosh; Intel Mac OS X 10_15_7) AppleWebKit/537.36 (KHTML, like Gecko) Chrome/129.0.0.0 Safari/537.36 Edg/129.0.0.0"
121.237.36.28 - - [23/Jul/2026:13:30:05 +0800] "GET / HTTP/1.1" 200 35520 "-" "Mozilla/5.0 (Macintosh; Intel Mac OS X 10_11) AppleWebKit/601.1.27 (KHTML, like Gecko) Chrome/47.0.2526.106 Safari/601.1.27"
36.133.115.36 - - [23/Jul/2026:13:31:23 +0800] "POST /wp-cron.php?doing_wp_cron=1784784683.5575659275054931640625 HTTP/1.1" 200 31 "-" "WordPress/7.0; http://cqqizhou.com"
121.237.36.31 - - [23/Jul/2026:13:31:23 +0800] "GET / HTTP/1.1" 200 35071 "-" "Dalvik/2.1.0 (Linux; U; Android 9.0; ZTE BA520 Build/MRA58K)"
114.119.149.89 - - [23/Jul/2026:13:31:40 +0800] "GET /news/portfolio/pickled-coil HTTP/1.1" 200 19306 "http://cqqizhou.com/news/portfolio-category/pickled-coil" "Mozilla/5.0 (Linux; Android 7.0;) AppleWebKit/537.36 (HTML, like Gecko) Mobile Safari/537.36 (compatible; PetalBot;+https://webmaster.petalsearch.com/site/petalbot)"
121.237.36.31 - - [23/Jul/2026:13:38:06 +0800] "GET / HTTP/1.1" 200 35520 "-" "Mozilla/5.0 (X11; U; Linux x86_64; en-US; rv:1.9.2a1pre) Gecko/20090428 Firefox/3.6a1pre"
36.133.115.36 - - [23/Jul/2026:13:39:03 +0800] "POST /wp-cron.php?doing_wp_cron=1784785143.7104659080505371093750 HTTP/1.1" 200 31 "-" "WordPress/7.0; http://cqqizhou.com"
66.249.79.7 - - [23/Jul/2026:13:39:03 +0800] "GET /robots.txt HTTP/1.1" 200 190 "-" "Mozilla/5.0 (compatible; Googlebot/2.1; +http://www.google.com/bot.html)"
66.249.79.7 - - [23/Jul/2026:13:39:06 +0800] "GET /news/2464 HTTP/1.1" 200 20175 "-" "Mozilla/5.0 (Linux; Android 6.0.1; Nexus 5X Build/MMB29P) AppleWebKit/537.36 (KHTML, like Gecko) Chrome/150.0.7871.128 Mobile Safari/537.36 (compatible; Googlebot/2.1; +http://www.google.com/bot.html)"
160.119.71.9 - - [23/Jul/2026:13:49:40 +0800] "GET / HTTP/1.1" 200 109837 "-" "Mozilla/5.0 (X11; Linux x86_64; rv:144.0) Gecko/20100101 Firefox/144.0"
36.133.115.36 - - [23/Jul/2026:13:49:40 +0800] "POST /wp-cron.php?doing_wp_cron=1784785780.3171279430389404296875 HTTP/1.1" 200 31 "-" "WordPress/7.0; http://cqqizhou.com"
114.119.144.41 - - [23/Jul/2026:13:50:34 +0800] "GET /wp-content/uploads/2025/11/1762908477-QZ_Photo-2.webp HTTP/1.1" 200 185928 "http://cqqizhou.com/media/" "Mozilla/5.0 (Linux; Android 7.0;) AppleWebKit/537.36 (HTML, like Gecko) Mobile Safari/537.36 (compatible; PetalBot;+https://webmaster.petalsearch.com/site/petalbot)"
36.133.115.36 - - [23/Jul/2026:14:05:28 +0800] "POST /wp-cron.php?doing_wp_cron=1784786728.8412311077117919921875 HTTP/1.1" 200 31 "-" "WordPress/7.0; http://cqqizhou.com"
85.208.96.201 - - [23/Jul/2026:14:05:28 +0800] "GET /news/portfolio/pickled-coil HTTP/1.1" 200 22804 "-" "Mozilla/5.0 (compatible; SemrushBot/7~bl; +http://www.semrush.com/bot.html)"
114.119.140.169 - - [23/Jul/2026:14:16:54 +0800] "GET /wp-content/uploads/2026/01/1768527485-Article_images_W900%C3%97500px202601164.webp HTTP/1.1" 200 52448 "http://cqqizhou.com/news/2440" "Mozilla/5.0 (Linux; Android 7.0;) AppleWebKit/537.36 (HTML, like Gecko) Mobile Safari/537.36 (compatible; PetalBot;+https://webmaster.petalsearch.com/site/petalbot)"
36.133.115.36 - - [23/Jul/2026:14:20:36 +0800] "POST /wp-cron.php?doing_wp_cron=1784787636.1170248985290527343750 HTTP/1.1" 200 31 "-" "WordPress/7.0; http://cqqizhou.com"
195.182.16.23 - - [23/Jul/2026:14:20:36 +0800] "GET /SDK/webLanguage HTTP/1.1" 301 5 "-" "Mozilla/5.0 (Windows NT 10.0; Win64; x64) AppleWebKit/537.36 (KHTML, like Gecko) Chrome/90.0.4430.85 Safari/537.36 Edg/90.0.818.46"
36.133.115.36 - - [23/Jul/2026:14:37:20 +0800] "POST /wp-cron.php?doing_wp_cron=1784788640.6961469650268554687500 HTTP/1.1" 200 31 "-" "WordPress/7.0; http://cqqizhou.com"
114.119.138.179 - - [23/Jul/2026:14:37:20 +0800] "GET /news/2496 HTTP/1.1" 200 24610 "http://cqqizhou.com/work-safety" "Mozilla/5.0 (Linux; Android 7.0;) AppleWebKit/537.36 (HTML, like Gecko) Mobile Safari/537.36 (compatible; PetalBot;+https://webmaster.petalsearch.com/site/petalbot)"
110.249.201.92 - - [23/Jul/2026:14:45:24 +0800] "GET /logistics HTTP/1.1" 200 25853 "-" "Mozilla/5.0 (Linux; Android 5.0) AppleWebKit/537.36 (KHTML, like Gecko) Mobile Safari/537.36 (compatible; Bytespider; https://zhanzhang.toutiao.com/)"
110.249.201.38 - - [23/Jul/2026:14:45:25 +0800] "GET /wp-content/uploads/2025/12/1765862012-DSC20251216131140-768x432.webp HTTP/1.1" 206 500 "http://cqqizhou.com/logistics" "Mozilla/5.0 (Linux; Android 5.0) AppleWebKit/537.36 (KHTML, like Gecko) Mobile Safari/537.36 (compatible; Bytespider; https://zhanzhang.toutiao.com/)"
110.249.201.38 - - [23/Jul/2026:14:45:25 +0800] "GET /wp-content/uploads/2026/01/1767696162-qizhoutruck3-768x173.webp HTTP/1.1" 206 500 "http://cqqizhou.com/logistics" "Mozilla/5.0 (Linux; Android 5.0) AppleWebKit/537.36 (KHTML, like Gecko) Mobile Safari/537.36 (compatible; Bytespider; https://zhanzhang.toutiao.com/)"
110.249.201.38 - - [23/Jul/2026:14:45:25 +0800] "GET /wp-content/uploads/2026/01/1767696142-aojiaqiao20260104.webp HTTP/1.1" 206 500 "http://cqqizhou.com/wp-content/uploads/elementor/css/post-1959.css?ver=1784766844" "Mozilla/5.0 (Linux; Android 5.0) AppleWebKit/537.36 (KHTML, like Gecko) Mobile Safari/537.36 (compatible; Bytespider; https://zhanzhang.toutiao.com/)"
110.249.201.143 - - [23/Jul/2026:14:45:25 +0800] "GET /wp-content/uploads/2025/11/1762864381-QZ_Photo-7-768x512.webp HTTP/1.1" 206 500 "http://cqqizhou.com/logistics" "Mozilla/5.0 (Linux; Android 5.0) AppleWebKit/537.36 (KHTML, like Gecko) Mobile Safari/537.36 (compatible; Bytespider; https://zhanzhang.toutiao.com/)"
110.249.201.38 - - [23/Jul/2026:14:45:25 +0800] "GET /wp-content/uploads/logistics/Conatiner-5.webp HTTP/1.1" 206 500 "http://cqqizhou.com/logistics" "Mozilla/5.0 (Linux; Android 5.0) AppleWebKit/537.36 (KHTML, like Gecko) Mobile Safari/537.36 (compatible; Bytespider; https://zhanzhang.toutiao.com/)"
36.133.115.36 - - [23/Jul/2026:15:03:49 +0800] "POST /wp-cron.php?doing_wp_cron=1784790229.2593228816986083984375 HTTP/1.1" 200 31 "-" "WordPress/7.0; http://cqqizhou.com"
223.96.70.143 - - [23/Jul/2026:15:03:49 +0800] "GET / HTTP/1.1" 301 5 "-" "Mozilla/5.0 (Windows NT 10.0; Win64; x64) AppleWebKit/537.36 (KHTML, like Gecko) Chrome/136.0.0.0 Safari/537.36"
223.96.70.143 - - [23/Jul/2026:15:03:54 +0800] "GET http://cqqizhou.com/ HTTP/1.1" 200 35520 "-" "Mozilla/5.0 (Windows NT 10.0; Win64; x64) AppleWebKit/537.36 (KHTML, like Gecko) Chrome/136.0.0.0 Safari/537.36"
223.96.70.143 - - [23/Jul/2026:15:03:57 +0800] "GET / HTTP/1.1" 301 5 "http://www.cqqizhou.com" "Mozilla/5.0 (Windows NT 10.0; Win64; x64) AppleWebKit/537.36 (KHTML, like Gecko) Chrome/136.0.0.0 Safari/537.36"
223.96.70.143 - - [23/Jul/2026:15:03:57 +0800] "GET http://cqqizhou.com/ HTTP/1.1" 200 35520 "http://www.cqqizhou.com" "Mozilla/5.0 (Windows NT 10.0; Win64; x64) AppleWebKit/537.36 (KHTML, like Gecko) Chrome/136.0.0.0 Safari/537.36"
36.102.90.60 - - [23/Jul/2026:15:04:01 +0800] "GET / HTTP/1.1" 200 35520 "http://cqqizhou.com" "Mozilla/5.0 (Windows NT 10.0; Win64; x64) AppleWebKit/537.36 (KHTML, like Gecko) Chrome/136.0.0.0 Safari/537.36"
36.102.90.60 - - [23/Jul/2026:15:04:02 +0800] "GET / HTTP/1.1" 200 35520 "http://cqqizhou.com" "Mozilla/5.0 (Windows NT 10.0; Win64; x64) AppleWebKit/537.36 (KHTML, like Gecko) Chrome/136.0.0.0 Safari/537.36"
223.96.70.143 - - [23/Jul/2026:15:04:07 +0800] "GET /contacts/ HTTP/1.1" 301 5 "http://www.cqqizhou.com" "Mozilla/5.0 (Windows NT 10.0; Win64; x64) AppleWebKit/537.36 (KHTML, like Gecko) Chrome/136.0.0.0 Safari/537.36"
36.133.115.36 - - [23/Jul/2026:15:04:08 +0800] "POST /wp-cron.php?doing_wp_cron=1784790248.0570480823516845703125 HTTP/1.1" 200 31 "-" "WordPress/7.0; http://cqqizhou.com"
36.102.90.60 - - [23/Jul/2026:15:04:08 +0800] "GET /contacts/ HTTP/1.1" 301 5 "http://cqqizhou.com" "Mozilla/5.0 (Windows NT 10.0; Win64; x64) AppleWebKit/537.36 (KHTML, like Gecko) Chrome/136.0.0.0 Safari/537.36"
223.96.70.143 - - [23/Jul/2026:15:04:09 +0800] "GET /contacts HTTP/1.1" 200 22270 "http://www.cqqizhou.com" "Mozilla/5.0 (Windows NT 10.0; Win64; x64) AppleWebKit/537.36 (KHTML, like Gecko) Chrome/136.0.0.0 Safari/537.36"
36.102.90.60 - - [23/Jul/2026:15:04:09 +0800] "GET /contacts HTTP/1.1" 200 22270 "http://cqqizhou.com" "Mozilla/5.0 (Windows NT 10.0; Win64; x64) AppleWebKit/537.36 (KHTML, like Gecko) Chrome/136.0.0.0 Safari/537.36"
223.96.70.143 - - [23/Jul/2026:15:04:09 +0800] "GET /contacts HTTP/1.1" 200 22287 "http://cqqizhou.com/contacts" "Mozilla/5.0 (Windows NT 10.0; Win64; x64) AppleWebKit/537.36 (KHTML, like Gecko) Chrome/136.0.0.0 Safari/537.36"
36.102.90.60 - - [23/Jul/2026:15:04:10 +0800] "GET http://cqqizhou.com/contacts HTTP/1.1" 200 22270 "http://cqqizhou.com" "Mozilla/5.0 (Windows NT 10.0; Win64; x64) AppleWebKit/537.36 (KHTML, like Gecko) Chrome/136.0.0.0 Safari/537.36"
223.96.70.143 - - [23/Jul/2026:15:04:11 +0800] "GET http://cqqizhou.com/contacts HTTP/1.1" 200 22270 "http://www.cqqizhou.com" "Mozilla/5.0 (Windows NT 10.0; Win64; x64) AppleWebKit/537.36 (KHTML, like Gecko) Chrome/136.0.0.0 Safari/537.36"
36.102.90.60 - - [23/Jul/2026:15:04:12 +0800] "GET /contacts HTTP/1.1" 200 22287 "http://cqqizhou.com/contacts" "Mozilla/5.0 (Windows NT 10.0; Win64; x64) AppleWebKit/537.36 (KHTML, like Gecko) Chrome/136.0.0.0 Safari/537.36"
223.96.70.143 - - [23/Jul/2026:15:04:13 +0800] "GET /contacts/ HTTP/1.1" 301 5 "http://cqqizhou.com/contacts/" "Mozilla/5.0 (Windows NT 10.0; Win64; x64) AppleWebKit/537.36 (KHTML, like Gecko) Chrome/136.0.0.0 Safari/537.36"
223.96.70.143 - - [23/Jul/2026:15:04:14 +0800] "GET http://cqqizhou.com/contacts HTTP/1.1" 200 22287 "http://cqqizhou.com/contacts/" "Mozilla/5.0 (Windows NT 10.0; Win64; x64) AppleWebKit/537.36 (KHTML, like Gecko) Chrome/136.0.0.0 Safari/537.36"
36.102.90.60 - - [23/Jul/2026:15:04:14 +0800] "GET /contacts/ HTTP/1.1" 301 5 "http://cqqizhou.com/contacts/" "Mozilla/5.0 (Windows NT 10.0; Win64; x64) AppleWebKit/537.36 (KHTML, like Gecko) Chrome/136.0.0.0 Safari/537.36"
36.102.90.60 - - [23/Jul/2026:15:04:14 +0800] "GET http://cqqizhou.com/contacts HTTP/1.1" 200 22287 "http://cqqizhou.com/contacts/" "Mozilla/5.0 (Windows NT 10.0; Win64; x64) AppleWebKit/537.36 (KHTML, like Gecko) Chrome/136.0.0.0 Safari/537.36"
223.96.70.143 - - [23/Jul/2026:15:04:17 +0800] "GET /contacts HTTP/1.1" 200 22287 "http://cqqizhou.com/contacts/" "Mozilla/5.0 (Windows NT 10.0; Win64; x64) AppleWebKit/537.36 (KHTML, like Gecko) Chrome/136.0.0.0 Safari/537.36"
36.102.90.60 - - [23/Jul/2026:15:04:17 +0800] "GET /contacts HTTP/1.1" 200 22287 "http://cqqizhou.com/contacts/" "Mozilla/5.0 (Windows NT 10.0; Win64; x64) AppleWebKit/537.36 (KHTML, like Gecko) Chrome/136.0.0.0 Safari/537.36"
36.102.90.60 - - [23/Jul/2026:15:04:18 +0800] "GET /contacts HTTP/1.1" 200 22287 "http://cqqizhou.com/contacts" "Mozilla/5.0 (Windows NT 10.0; Win64; x64) AppleWebKit/537.36 (KHTML, like Gecko) Chrome/136.0.0.0 Safari/537.36"
223.96.70.143 - - [23/Jul/2026:15:04:18 +0800] "GET /contacts HTTP/1.1" 200 22287 "http://cqqizhou.com/contacts" "Mozilla/5.0 (Windows NT 10.0; Win64; x64) AppleWebKit/537.36 (KHTML, like Gecko) Chrome/136.0.0.0 Safari/537.36"
36.133.115.36 - - [23/Jul/2026:15:07:25 +0800] "POST /wp-cron.php?doing_wp_cron=1784790445.5201070308685302734375 HTTP/1.1" 200 31 "-" "WordPress/7.0; http://cqqizhou.com"
43.135.145.73 - - [23/Jul/2026:15:07:25 +0800] "GET / HTTP/1.1" 200 35070 "-" "Mozilla/5.0 (iPhone; CPU iPhone OS 13_2_3 like Mac OS X) AppleWebKit/605.1.15 (KHTML, like Gecko) Version/13.0.3 Mobile/15E148 Safari/604.1"
160.202.230.95 - - [23/Jul/2026:15:13:18 +0800] "GET / HTTP/1.1" 200 35520 "-" "Mozilla/5.0 (iPad; CPU OS 8_0_2 like Mac OS X) AppleWebKit/600.1.4 (KHTML like Gecko) Mobile/12A405 Version/7.0 Safari/9537.53"
36.133.115.36 - - [23/Jul/2026:15:15:17 +0800] "POST /wp-cron.php?doing_wp_cron=1784790916.9823460578918457031250 HTTP/1.1" 200 31 "-" "WordPress/7.0; http://cqqizhou.com"
160.202.230.95 - - [23/Jul/2026:15:15:17 +0800] "GET / HTTP/1.1" 301 5 "-" "Mozilla/5.0 (Macintosh; Intel Mac OS X 10_15_7) AppleWebKit/537.36 (KHTML, like Gecko) Chrome/98.0.4758.109 Safari/537.36 OPR/84.0.4316.42"
36.133.115.36 - - [23/Jul/2026:15:27:41 +0800] "POST /wp-cron.php?doing_wp_cron=1784791661.8339500427246093750000 HTTP/1.1" 200 31 "-" "WordPress/7.0; http://cqqizhou.com"
114.119.138.179 - - [23/Jul/2026:15:27:41 +0800] "GET /news/page/5 HTTP/1.1" 200 19419 "http://cqqizhou.com/news/" "Mozilla/5.0 (Linux; Android 7.0;) AppleWebKit/537.36 (HTML, like Gecko) Mobile Safari/537.36 (compatible; PetalBot;+https://webmaster.petalsearch.com/site/petalbot)"
160.202.230.95 - - [23/Jul/2026:15:28:55 +0800] "GET /apps/x HTTP/1.1" 404 9496 "-" "Mozilla/5.0 (X11; U; Linux; i686; en-US; rv:1.6) Gecko Epiphany/1.2.5"
36.133.115.36 - - [23/Jul/2026:15:28:56 +0800] "POST /wp-cron.php?doing_wp_cron=1784791735.8608450889587402343750 HTTP/1.1" 200 31 "-" "WordPress/7.0; http://cqqizhou.com"
160.202.230.95 - - [23/Jul/2026:15:28:56 +0800] "GET /swagger-ui.html HTTP/1.1" 404 9496 "-" "Mozilla/5.0 (Windows NT 6.1; WOW64; rv:15.0) Gecko/20120427 Firefox/15.0a1"
160.202.230.95 - - [23/Jul/2026:15:28:56 +0800] "GET /api/v2/api-docs HTTP/1.1" 404 9497 "-" "Mozilla/5.0 (X11; Linux) KHTML/4.9.1 (like Gecko) Konqueror/4.9"
160.202.230.95 - - [23/Jul/2026:15:28:56 +0800] "GET /api/actuator/env HTTP/1.1" 404 9497 "-" "Mozilla/5.0 (X11; Linux i686; rv:8.0) Gecko/20100101 Firefox/8.0"
160.202.230.95 - - [23/Jul/2026:15:28:56 +0800] "GET /v2/api-docs HTTP/1.1" 404 9497 "-" "Mozilla/5.0 (Macintosh; Intel Mac OS X 10_13_6) AppleWebKit/537.36 (KHTML, like Gecko) Chrome/98.0.4758.109 Safari/537.36"
160.202.230.95 - - [23/Jul/2026:15:28:56 +0800] "GET /actuator/env HTTP/1.1" 404 9497 "-" "Mozilla/5.0 (Windows NT 6.2; ARM; Trident/7.0; Touch; rv:11.0; WPDesktop; NOKIA; Lumia 635) like Gecko"
160.202.230.95 - - [23/Jul/2026:15:28:56 +0800] "GET /api/swagger-ui.html HTTP/1.1" 404 9497 "-" "Mozilla/5.0 (Linux; U; Android 11; zh-CN; V2121A Build/RP1A.200720.012) AppleWebKit/537.36 (KHTML, like Gecko) Version/4.0 Chrome/78.0.3904.108 Quark/5.4.9.201 Mobile Safari/537.36"
160.202.230.95 - - [23/Jul/2026:15:28:56 +0800] "GET /geoserver/web/ HTTP/1.1" 404 9497 "-" "Mozilla/5.0 (Macintosh; Intel Mac OS X 10_15_7) AppleWebKit/537.36 (KHTML, like Gecko) Chrome/101.0.4951.54 Safari/537.36"
160.202.230.95 - - [23/Jul/2026:15:28:56 +0800] "GET /minio/ HTTP/1.1" 404 9497 "-" "Mozilla/5.0 (Macintosh; Intel Mac OS X 10_15_7) AppleWebKit/537.36 (KHTML, like Gecko) Chrome/91.0.4472.114 Safari/537.36"
160.202.230.95 - - [23/Jul/2026:15:28:56 +0800] "GET /nacos/ HTTP/1.1" 404 9497 "-" "Mozilla/5.0 (X11; Linux x86_64) AppleWebKit/537.36 (KHTML, like Gecko) Chrome/90.0.4430.72 Safari/537.36"
160.202.230.95 - - [23/Jul/2026:15:28:56 +0800] "GET /prod-api/actuator/env HTTP/1.1" 404 9497 "-" "Mozilla/5.0 (Linux; Android 8.0.0; Pixel 2 XL Build/OPD1.170816.004) AppleWebKit/537.36 (KHTML, like Gecko) Chrome/99.0.4844.51 Mobile Safari/537.36"
160.202.230.95 - - [23/Jul/2026:15:28:56 +0800] "GET /nacos/ HTTP/1.1" 404 9497 "-" "Mozilla/4.0 (compatible; MSIE 7.0; Windows NT 6.3; Trident/7.0; .NET4.0E; .NET4.0C)"
160.202.230.95 - - [23/Jul/2026:15:28:56 +0800] "GET /api/jeecg-boot/ HTTP/1.1" 404 9497 "-" "Mozilla/5.0 (X11; Linux i686; rv:40.0) Gecko/20100101 Firefox/40.0"
160.202.230.95 - - [23/Jul/2026:15:28:56 +0800] "GET /jeecg-boot/ HTTP/1.1" 404 9497 "-" "Mozilla/5.0 (Linux; Android 11; vivo 1906) AppleWebKit/537.36 (KHTML, like Gecko) Chrome/100.0.4896.79 Mobile Safari/537.36"
160.202.230.95 - - [23/Jul/2026:15:28:56 +0800] "GET /prod-api/ HTTP/1.1" 404 9497 "-" "Mozilla/5.0 (X11; Linux x86_64) AppleWebKit/537.36 (KHTML, like Gecko) Chrome/90.0.4430.93 Safari/537.36"
160.202.230.95 - - [23/Jul/2026:15:28:56 +0800] "GET /api/x HTTP/1.1" 404 9497 "-" "Mozilla/5.0 (Linux; Android 7.1.1; CPH1725 Build/N6F26Q; wv) AppleWebKit/537.36 (KHTML, like Gecko) Version/4.0 Chrome/101.0.4951.61 Mobile Safari/537.36 [FB_IAB/Orca-Android;FBAV/360.0.0.10.113;]"
160.202.230.95 - - [23/Jul/2026:15:28:56 +0800] "GET /httptrace HTTP/1.1" 404 9497 "-" "Mozilla/5.0 (Macintosh; Intel Mac OS X 10_15_5) AppleWebKit/537.36 (KHTML, like Gecko) Chrome/83.0.4103.97 Safari/537.36"
160.202.230.95 - - [23/Jul/2026:15:28:56 +0800] "GET /druid/login.html HTTP/1.1" 404 9497 "-" "Mozilla/5.0 (Macintosh; Intel Mac OS X 10_13_6) AppleWebKit/537.36 (KHTML, like Gecko) Chrome/100.0.4896.127 Safari/537.36"
160.202.230.95 - - [23/Jul/2026:15:28:56 +0800] "GET /WebReport/ReportServer HTTP/1.1" 404 9497 "-" "WebCopier v4.6"
160.202.230.95 - - [23/Jul/2026:15:28:56 +0800] "GET /console/notinrealm/rest/commons/location HTTP/1.1" 404 9497 "-" "Mozilla/5.0 (X11; U; Linux ppc; en-US; rv:1.8.1.13) Gecko/20080313 Iceape/1.1.9 (Debian-1.1.9-5)"
160.202.230.95 - - [23/Jul/2026:15:28:56 +0800] "GET /toLogin HTTP/1.1" 404 9497 "-" "Mozilla/5.0 (Windows NT 10.0; WOW64) AppleWebKit/537.36 (KHTML, like Gecko) Maxthon/5.0.4.3000 Chrome/47.0.2526.73 Safari/537.36"
160.202.230.95 - - [23/Jul/2026:15:28:57 +0800] "GET /signin/x HTTP/1.1" 404 9497 "-" "Mozilla/5.0 (Linux; Android 7.1.2; Pixel Build/NHG47N) AppleWebKit/537.36 (KHTML, like Gecko) Chrome/58.0.3029.83 Mobile Safari/537.36"
160.202.230.95 - - [23/Jul/2026:15:28:57 +0800] "GET /preview/index HTTP/1.1" 404 9497 "-" "Mozilla/5.0 (iPhone; CPU iPhone OS 14_6 like Mac OS X) AppleWebKit/605.1.15 (KHTML, like Gecko) CriOS/101.0.4951.58 Mobile/15E148 Safari/604.1"
160.202.230.95 - - [23/Jul/2026:15:28:57 +0800] "GET /actuator/httptrace HTTP/1.1" 404 9497 "-" "Mozilla/5.0 (Linux; Android 12; RMX3081) AppleWebKit/537.36 (KHTML, like Gecko) Chrome/101.0.4951.41 Mobile Safari/537.36"
160.202.230.95 - - [23/Jul/2026:15:28:57 +0800] "GET /k3cloud HTTP/1.1" 404 9497 "-" "Mozilla/5.0 (iPhone; U; CPU iPhone OS 2_0 like Mac OS X; en-us) AppleWebKit/525.18.1 (KHTML, like Gecko) Version/3.1.1 Mobile/5A347 Safari/525.200"
160.202.230.95 - - [23/Jul/2026:15:28:57 +0800] "GET /webroot/decision/login HTTP/1.1" 404 9497 "-" "Mozilla/5.0 (Windows NT 10.0; WOW64) AppleWebKit/537.36 (KHTML, like Gecko) Chrome/83.0.4103.97 Safari/537.36"
160.202.230.95 - - [23/Jul/2026:15:28:57 +0800] "GET /env HTTP/1.1" 404 9497 "-" "Mozilla/5.0 (Macintosh; Intel Mac OS X 10_14_6) AppleWebKit/537.36 (KHTML, like Gecko) Chrome/79.0.3945.130 Safari/537.36"
160.202.230.95 - - [23/Jul/2026:15:28:57 +0800] "GET /prod-api/druid/index.html HTTP/1.1" 404 9497 "-" "Mozilla/5.0 (Linux; Android 11; SM-M315F) AppleWebKit/537.36 (KHTML, like Gecko) Chrome/101.0.4951.41 Mobile Safari/537.36"
160.202.230.95 - - [23/Jul/2026:15:28:57 +0800] "GET /trace HTTP/1.1" 404 9497 "-" "Mozilla/5.0 (X11; Linux 3.8-6.dmz.1-liquorix-686) KHTML/4.8.4 (like Gecko) Konqueror/4.8"
160.202.230.95 - - [23/Jul/2026:15:28:57 +0800] "GET /webroot/decision/system/info HTTP/1.1" 404 9497 "-" "Mozilla/5.0 (Macintosh; Intel Mac OS X 10_15_7) AppleWebKit/605.1.15 (KHTML, like Gecko) Version/15.3 Safari/605.1.15"
160.202.230.95 - - [23/Jul/2026:15:28:57 +0800] "GET /xxl-job-admin/toLogin HTTP/1.1" 404 9497 "-" "Mozilla/5.0 (X11; Linux x86_64) AppleWebKit/537.36 (KHTML, like Gecko) Chrome/72.0.3626.96 Safari/537.36"
160.202.230.95 - - [23/Jul/2026:15:28:57 +0800] "GET /jeecg-boot/actuator/httptrace HTTP/1.1" 404 9497 "-" "Mozilla/5.0 (Linux; U; Android 11; zh-CN; V2121A Build/RP1A.200720.012) AppleWebKit/537.36 (KHTML, like Gecko) Version/4.0 Chrome/78.0.3904.108 Quark/5.4.9.201 Mobile Safari/537.36"
160.202.230.95 - - [23/Jul/2026:15:28:57 +0800] "GET /api/nacos/ HTTP/1.1" 404 9497 "-" "Mozilla/5.0 (X11; U; Linux x86_64; en-US; rv:1.9.1.13) Gecko/20100916 Iceape/2.0.8"
160.202.230.95 - - [23/Jul/2026:15:28:57 +0800] "GET /chat/x HTTP/1.1" 404 9497 "-" "Mozilla/5.0 (Windows NT 6.0) AppleWebKit/535.2 (KHTML, like Gecko) Chrome/15.0.874.120 Safari/535.2"
160.202.230.95 - - [23/Jul/2026:15:28:57 +0800] "GET /druid/index.html HTTP/1.1" 404 9497 "-" "Avant Browser/1.2.789rel1 (http://www.avantbrowser.com)"
160.202.230.95 - - [23/Jul/2026:15:28:57 +0800] "GET /ReportServer HTTP/1.1" 404 9497 "-" "Mozilla/5.0 (Windows NT 6.1; WOW64) AppleWebKit/537.1 (KHTML like Gecko) Maxthon/4.0.0.2000 Chrome/22.0.1229.79 Safari/537.1"
160.202.230.95 - - [23/Jul/2026:15:28:58 +0800] "GET /jeecgboot/ HTTP/1.1" 404 9497 "-" "Mozilla/5.0 (Windows NT 10.0; Win64; x64; rv:57.0) Gecko/20100101 Firefox/57.0"
114.119.146.18 - - [23/Jul/2026:15:29:05 +0800] "GET /news/2603 HTTP/1.1" 200 21028 "http://cqqizhou.com/media/" "Mozilla/5.0 (Linux; Android 7.0;) AppleWebKit/537.36 (HTML, like Gecko) Mobile Safari/537.36 (compatible; PetalBot;+https://webmaster.petalsearch.com/site/petalbot)"
36.133.115.36 - - [23/Jul/2026:15:30:32 +0800] "POST /wp-cron.php?doing_wp_cron=1784791832.1184129714965820312500 HTTP/1.1" 200 31 "-" "WordPress/7.0; http://cqqizhou.com"
114.119.144.41 - - [23/Jul/2026:15:30:32 +0800] "GET /2214/ HTTP/1.1" 301 5 "http://cqqizhou.com/2160/" "Mozilla/5.0 (Linux; Android 7.0;) AppleWebKit/537.36 (HTML, like Gecko) Mobile Safari/537.36 (compatible; PetalBot;+https://webmaster.petalsearch.com/site/petalbot)"
114.119.144.41 - - [23/Jul/2026:15:30:33 +0800] "GET /news/2214 HTTP/1.1" 200 22515 "http://cqqizhou.com/2160/" "Mozilla/5.0 (Linux; Android 7.0;) AppleWebKit/537.36 (HTML, like Gecko) Mobile Safari/537.36 (compatible; PetalBot;+https://webmaster.petalsearch.com/site/petalbot)"
36.133.115.36 - - [23/Jul/2026:15:45:19 +0800] "POST /wp-cron.php?doing_wp_cron=1784792719.1557359695434570312500 HTTP/1.1" 200 31 "-" "WordPress/7.0; http://cqqizhou.com"
34.12.225.212 - - [23/Jul/2026:15:45:19 +0800] "POST /wp-json/batch/v1 HTTP/1.1" 207 771 "-" "Mozilla/5.0 (Windows NT 10.0; Win64; x64) AppleWebKit/537.36 (KHTML, like Gecko) Chrome/131.0.0.0 Safari/537.36"
34.12.225.212 - - [23/Jul/2026:15:45:26 +0800] "GET /wp-json/gravitysmtp/v1/tests/mock-data?page=gravitysmtp-settings HTTP/1.1" 404 159 "-" "Mozilla/5.0 (Windows NT 10.0; Win64; x64) AppleWebKit/537.36 (KHTML, like Gecko) Chrome/131.0.0.0 Safari/537.36"
34.12.225.212 - - [23/Jul/2026:15:45:31 +0800] "POST /wp-json/batch/v1 HTTP/1.1" 207 2943 "-" "Mozilla/5.0 (Windows NT 10.0; Win64; x64) AppleWebKit/537.36 (KHTML, like Gecko) Chrome/131.0.0.0 Safari/537.36"
34.12.225.212 - - [23/Jul/2026:15:45:34 +0800] "POST /wp-json/batch/v1 HTTP/1.1" 207 3107 "-" "Mozilla/5.0 (Windows NT 10.0; Win64; x64) AppleWebKit/537.36 (KHTML, like Gecko) Chrome/131.0.0.0 Safari/537.36"
34.12.225.212 - - [23/Jul/2026:15:45:38 +0800] "POST /wp-json/batch/v1 HTTP/1.1" 207 3044 "-" "Mozilla/5.0 (Windows NT 10.0; Win64; x64) AppleWebKit/537.36 (KHTML, like Gecko) Chrome/131.0.0.0 Safari/537.36"
34.12.225.212 - - [23/Jul/2026:15:45:40 +0800] "POST /wp-json/batch/v1 HTTP/1.1" 207 3180 "-" "Mozilla/5.0 (Windows NT 10.0; Win64; x64) AppleWebKit/537.36 (KHTML, like Gecko) Chrome/131.0.0.0 Safari/537.36"
34.12.225.212 - - [23/Jul/2026:15:45:42 +0800] "GET /?rest_route=%2Fwp%2Fv2%2Fposts&per_page=1&_fields=link HTTP/1.1" 200 57 "-" "Mozilla/5.0"
34.12.225.212 - - [23/Jul/2026:15:45:44 +0800] "POST /wp-json/batch/v1 HTTP/1.1" 207 926 "-" "Mozilla/5.0 (Windows NT 10.0; Win64; x64) AppleWebKit/537.36 (KHTML, like Gecko) Chrome/131.0.0.0 Safari/537.36"
34.12.225.212 - - [23/Jul/2026:15:45:54 +0800] "POST /wp-json/batch/v1 HTTP/1.1" 207 3129 "-" "Mozilla/5.0 (Windows NT 10.0; Win64; x64) AppleWebKit/537.36 (KHTML, like Gecko) Chrome/131.0.0.0 Safari/537.36"
34.12.225.212 - - [23/Jul/2026:15:45:55 +0800] "POST /wp-json/batch/v1 HTTP/1.1" 207 3129 "-" "Mozilla/5.0 (Windows NT 10.0; Win64; x64) AppleWebKit/537.36 (KHTML, like Gecko) Chrome/131.0.0.0 Safari/537.36"
34.12.225.212 - - [23/Jul/2026:15:45:57 +0800] "POST /wp-json/batch/v1 HTTP/1.1" 207 3129 "-" "Mozilla/5.0 (Windows NT 10.0; Win64; x64) AppleWebKit/537.36 (KHTML, like Gecko) Chrome/131.0.0.0 Safari/537.36"
34.12.225.212 - - [23/Jul/2026:15:46:01 +0800] "POST /wp-json/batch/v1 HTTP/1.1" 207 3725 "-" "Mozilla/5.0 (Windows NT 10.0; Win64; x64) AppleWebKit/537.36 (KHTML, like Gecko) Chrome/131.0.0.0 Safari/537.36"
36.133.115.36 - - [23/Jul/2026:15:46:09 +0800] "POST /wp-cron.php?doing_wp_cron=1784792768.9895288944244384765625 HTTP/1.1" 200 31 "-" "WordPress/7.0; http://cqqizhou.com"
34.12.225.212 - - [23/Jul/2026:15:46:09 +0800] "GET /wp-login.php HTTP/1.1" 200 8377 "-" "Mozilla/5.0 (Windows NT 10.0; Win64; x64) AppleWebKit/537.36"
34.12.225.212 - - [23/Jul/2026:15:46:11 +0800] "POST /wp-login.php HTTP/1.1" 302 5 "-" "Mozilla/5.0 (Windows NT 10.0; Win64; x64) AppleWebKit/537.36"
34.12.225.212 - - [23/Jul/2026:15:46:22 +0800] "GET /wp-admin/plugin-install.php?tab=upload HTTP/1.1" 200 346416 "-" "Mozilla/5.0 (Windows NT 10.0; Win64; x64) AppleWebKit/537.36"
34.12.225.212 - - [23/Jul/2026:15:46:38 +0800] "POST /wp-admin/update.php?action=upload-plugin HTTP/1.1" 499 0 "-" "Mozilla/5.0 (Windows NT 10.0; Win64; x64) AppleWebKit/537.36"
36.133.115.36 - - [23/Jul/2026:15:49:32 +0800] "POST /wp-cron.php?doing_wp_cron=1784792972.1005589962005615234375 HTTP/1.1" 200 31 "-" "WordPress/7.0; http://cqqizhou.com"
43.160.219.206 - - [23/Jul/2026:15:49:32 +0800] "GET / HTTP/1.1" 301 5 "-" "Mozilla/5.0 (iPhone; CPU iPhone OS 13_2_3 like Mac OS X) AppleWebKit/605.1.15 (KHTML, like Gecko) Version/13.0.3 Mobile/15E148 Safari/604.1"
43.160.219.206 - - [23/Jul/2026:15:49:36 +0800] "GET / HTTP/1.1" 200 35062 "http://www.cqqizhou.com" "Mozilla/5.0 (iPhone; CPU iPhone OS 13_2_3 like Mac OS X) AppleWebKit/605.1.15 (KHTML, like Gecko) Version/13.0.3 Mobile/15E148 Safari/604.1"
36.133.115.36 - - [23/Jul/2026:15:57:31 +0800] "POST /wp-cron.php?doing_wp_cron=1784793451.3355729579925537109375 HTTP/1.1" 200 31 "-" "WordPress/7.0; http://cqqizhou.com"
66.249.79.8 - - [23/Jul/2026:15:57:31 +0800] "GET /industry HTTP/1.1" 200 19801 "-" "Mozilla/5.0 (Linux; Android 6.0.1; Nexus 5X Build/MMB29P) AppleWebKit/537.36 (KHTML, like Gecko) Chrome/150.0.7871.128 Mobile Safari/537.36 (compatible; Googlebot/2.1; +http://www.google.com/bot.html)"
36.133.115.36 - - [23/Jul/2026:15:59:10 +0800] "POST /wp-cron.php?doing_wp_cron=1784793550.6839230060577392578125 HTTP/1.1" 200 31 "-" "WordPress/7.0; http://cqqizhou.com"
122.8.46.156 - - [23/Jul/2026:15:59:10 +0800] "GET /news/2601 HTTP/1.1" 200 20567 "-" "Mozilla/5.0 (Windows NT 10.0; Win64; x64) AppleWebKit/537.36 (KHTML, like Gecko) Chrome/149.0.0.0 Safari/537.36 Edg/149.0.0.0"
180.153.236.160 - - [23/Jul/2026:16:13:26 +0800] "GET / HTTP/1.1" 200 35504 "http://cqqizhou.com/" "Mozilla/5.0 (Windows NT 10.0; Win64; x64) AppleWebKit/537.36 (KHTML, like Gecko) Chrome/140.0.0.0 Safari/537.36 Edg/140.0.0.0; 360Spider"
36.133.115.36 - - [23/Jul/2026:16:13:26 +0800] "POST /wp-cron.php?doing_wp_cron=1784794406.6028668880462646484375 HTTP/1.1" 200 31 "-" "WordPress/7.0; http://cqqizhou.com"
180.153.236.200 - - [23/Jul/2026:16:13:26 +0800] "GET / HTTP/1.1" 200 35504 "http://cqqizhou.com" "Mozilla/5.0 (Windows NT 10.0; Win64; x64) AppleWebKit/537.36 (KHTML, like Gecko) Chrome/140.0.0.0 Safari/537.36 Edg/140.0.0.0; 360Spider"
180.153.236.223 - - [23/Jul/2026:16:13:27 +0800] "GET / HTTP/1.1" 200 35504 "http://cqqizhou.com" "Mozilla/5.0 (Windows NT 10.0; Win64; x64) AppleWebKit/537.36 (KHTML, like Gecko) Chrome/140.0.0.0 Safari/537.36 Edg/140.0.0.0; 360Spider"
180.153.236.207 - - [23/Jul/2026:16:13:28 +0800] "GET / HTTP/1.1" 200 35518 "http://cqqizhou.com" "Mozilla/5.0 (Windows NT 10.0; Win64; x64) AppleWebKit/537.36 (KHTML, like Gecko) Chrome/140.0.0.0 Safari/537.36 Edg/140.0.0.0; 360Spider"
180.153.236.177 - - [23/Jul/2026:16:16:11 +0800] "GET / HTTP/1.1" 200 35518 "http://cqqizhou.com/" "Mozilla/5.0 (Windows NT 10.0; Win64; x64) AppleWebKit/537.36 (KHTML, like Gecko) Chrome/140.0.0.0 Safari/537.36 Edg/140.0.0.0; 360Spider"
180.153.236.189 - - [23/Jul/2026:16:16:22 +0800] "GET / HTTP/1.1" 200 35518 "http://cqqizhou.com/" "Mozilla/5.0 (Windows NT 10.0; Win64; x64) AppleWebKit/537.36 (KHTML, like Gecko) Chrome/140.0.0.0 Safari/537.36 Edg/140.0.0.0; 360Spider"
36.133.115.36 - - [23/Jul/2026:16:16:58 +0800] "POST /wp-cron.php?doing_wp_cron=1784794618.4993329048156738281250 HTTP/1.1" 200 31 "-" "WordPress/7.0; http://cqqizhou.com"
112.90.2.246 - - [23/Jul/2026:16:16:58 +0800] "GET /industry/ HTTP/1.1" 301 5 "-" "Mozilla/5.0 (Windows NT 10.0; Win64; x64) AppleWebKit/537.36 (KHTML, like Gecko) Chrome/116.0.0.0 Safari/537.36"
36.133.115.36 - - [23/Jul/2026:16:17:28 +0800] "POST /wp-cron.php?doing_wp_cron=1784794648.7489519119262695312500 HTTP/1.1" 200 31 "-" "WordPress/7.0; http://cqqizhou.com"
120.8.69.113 - - [23/Jul/2026:16:17:28 +0800] "GET /industry/ HTTP/1.1" 301 5 "-" "Mozilla/5.0 (Windows NT 10.0; Win64; x64) AppleWebKit/537.36 (KHTML, like Gecko) Chrome/111.0.0.0 Safari/537.36"
61.134.175.253 - - [23/Jul/2026:16:17:31 +0800] "GET /industry HTTP/1.1" 200 20150 "http://cqqizhou.com/industry/" "Mozilla/5.0 (Windows NT 10.0; Win64; x64) AppleWebKit/537.36 (KHTML, like Gecko) Chrome/111.0.0.0 Safari/537.36"
180.153.236.55 - - [23/Jul/2026:16:18:03 +0800] "GET / HTTP/1.1" 200 35518 "-" "Mozilla/5.0 (Windows NT 10.0; Win64; x64) AppleWebKit/537.36 (KHTML, like Gecko) Chrome/140.0.0.0 Safari/537.36 Edg/140.0.0.0; 360Spider"
106.8.139.43 - - [23/Jul/2026:16:24:47 +0800] "GET / HTTP/1.1" 200 35518 "-" "YisouSpider"
36.133.115.36 - - [23/Jul/2026:16:24:50 +0800] "POST /wp-cron.php?doing_wp_cron=1784795089.9847660064697265625000 HTTP/1.1" 200 31 "-" "WordPress/7.0; http://cqqizhou.com"
106.8.137.127 - - [23/Jul/2026:16:24:50 +0800] "GET / HTTP/1.1" 200 35066 "-" "Mozilla/5.0 (iPhone; CPU iPhone OS 16_3 like Mac OS X) AppleWebKit/605.1.15 (KHTML, like Gecko) Version/16.2 Mobile/15E148 YisouSpider/5.0 Safari/604.1"
36.133.115.36 - - [23/Jul/2026:16:29:24 +0800] "POST /wp-cron.php?doing_wp_cron=1784795364.7840220928192138671875 HTTP/1.1" 200 31 "-" "WordPress/7.0; http://cqqizhou.com"
110.249.202.120 - - [23/Jul/2026:16:29:24 +0800] "GET /news/2373 HTTP/1.1" 200 22769 "-" "Mozilla/5.0 (Linux; Android 5.0) AppleWebKit/537.36 (KHTML, like Gecko) Mobile Safari/537.36 (compatible; Bytespider; https://zhanzhang.toutiao.com/)"
110.249.202.120 - - [23/Jul/2026:16:29:25 +0800] "GET /wp-content/uploads/2025/12/1766388806-Article_images_202507243-768x432.webp HTTP/1.1" 206 500 "http://cqqizhou.com/news/2373" "Mozilla/5.0 (Linux; Android 5.0) AppleWebKit/537.36 (KHTML, like Gecko) Mobile Safari/537.36 (compatible; Bytespider; https://zhanzhang.toutiao.com/)"
110.249.202.248 - - [23/Jul/2026:16:29:25 +0800] "GET /wp-content/uploads/2025/12/1766388807-Article_images_202507245-768x432.webp HTTP/1.1" 206 500 "http://cqqizhou.com/news/2373" "Mozilla/5.0 (Linux; Android 5.0) AppleWebKit/537.36 (KHTML, like Gecko) Mobile Safari/537.36 (compatible; Bytespider; https://zhanzhang.toutiao.com/)"
110.249.202.248 - - [23/Jul/2026:16:29:25 +0800] "GET /wp-content/uploads/2025/12/1766388808-Article_images_202507246-768x432.webp HTTP/1.1" 206 500 "http://cqqizhou.com/news/2373" "Mozilla/5.0 (Linux; Android 5.0) AppleWebKit/537.36 (KHTML, like Gecko) Mobile Safari/537.36 (compatible; Bytespider; https://zhanzhang.toutiao.com/)"
110.249.202.248 - - [23/Jul/2026:16:29:25 +0800] "GET /wp-content/uploads/2025/12/1766388809-Article_images_202507247-768x432.webp HTTP/1.1" 206 500 "http://cqqizhou.com/news/2373" "Mozilla/5.0 (Linux; Android 5.0) AppleWebKit/537.36 (KHTML, like Gecko) Mobile Safari/537.36 (compatible; Bytespider; https://zhanzhang.toutiao.com/)"
110.249.202.238 - - [23/Jul/2026:16:29:25 +0800] "GET /wp-content/uploads/2025/12/1766388810-Article_images_202507248-768x432.webp HTTP/1.1" 206 500 "http://cqqizhou.com/news/2373" "Mozilla/5.0 (Linux; Android 5.0) AppleWebKit/537.36 (KHTML, like Gecko) Mobile Safari/537.36 (compatible; Bytespider; https://zhanzhang.toutiao.com/)"
110.249.202.120 - - [23/Jul/2026:16:29:25 +0800] "GET /wp-content/uploads/2025/12/1766388811-Article_images_202507249-768x346.webp HTTP/1.1" 206 500 "http://cqqizhou.com/news/2373" "Mozilla/5.0 (Linux; Android 5.0) AppleWebKit/537.36 (KHTML, like Gecko) Mobile Safari/537.36 (compatible; Bytespider; https://zhanzhang.toutiao.com/)"
110.249.202.77 - - [23/Jul/2026:16:29:25 +0800] "GET /wp-content/uploads/2025/12/1766388804-Article_images_202507241-768x432.webp HTTP/1.1" 206 500 "http://cqqizhou.com/news/2373" "Mozilla/5.0 (Linux; Android 5.0) AppleWebKit/537.36 (KHTML, like Gecko) Mobile Safari/537.36 (compatible; Bytespider; https://zhanzhang.toutiao.com/)"
110.249.202.42 - - [23/Jul/2026:16:29:25 +0800] "GET /wp-content/uploads/2025/12/1766388812-Article_images_2025072410-768x346.webp HTTP/1.1" 206 500 "http://cqqizhou.com/news/2373" "Mozilla/5.0 (Linux; Android 5.0) AppleWebKit/537.36 (KHTML, like Gecko) Mobile Safari/537.36 (compatible; Bytespider; https://zhanzhang.toutiao.com/)"
110.249.202.27 - - [23/Jul/2026:16:29:25 +0800] "GET /wp-content/uploads/2025/12/1766388813-Article_images_2025072411-768x346.webp HTTP/1.1" 206 500 "http://cqqizhou.com/news/2373" "Mozilla/5.0 (Linux; Android 5.0) AppleWebKit/537.36 (KHTML, like Gecko) Mobile Safari/537.36 (compatible; Bytespider; https://zhanzhang.toutiao.com/)"
36.133.115.36 - - [23/Jul/2026:16:31:03 +0800] "POST /wp-cron.php?doing_wp_cron=1784795463.3731729984283447265625 HTTP/1.1" 200 31 "-" "WordPress/7.0; http://cqqizhou.com"
160.202.230.95 - - [23/Jul/2026:16:31:03 +0800] "GET /actuator/httptrace HTTP/1.1" 301 5 "-" "Mozilla/5.0 (Macintosh; Intel Mac OS X 10_9_3) AppleWebKit/537.75.14 (KHTML, like Gecko) Version/7.0.3 Safari/7046A194A"
160.202.230.95 - - [23/Jul/2026:16:31:04 +0800] "GET /toLogin HTTP/1.1" 301 5 "-" "Mozilla/5.0 (X11; U; Linux; i686; en-US; rv:1.6) Gecko Epiphany/1.2.5"
160.202.230.95 - - [23/Jul/2026:16:31:04 +0800] "GET /actuator/env HTTP/1.1" 301 5 "-" "Mozilla/5.0 (X11; Linux i686) AppleWebKit/537.22 (KHTML like Gecko) Ubuntu Chromium/25.0.1364.160 Chrome/25.0.1364.160 Safari/537.22"
160.202.230.95 - - [23/Jul/2026:16:31:04 +0800] "GET /prod-api/druid/index.html HTTP/1.1" 301 5 "-" "Mozilla/5.0 (Linux; Android 8.0.0; Pixel XL Build/OPR6.170623.012) AppleWebKit/537.36 (KHTML, like Gecko) Chrome/60.0.3112.107 Mobile Safari/537.36"
160.202.230.95 - - [23/Jul/2026:16:31:04 +0800] "GET /druid/login.html HTTP/1.1" 301 5 "-" "Mozilla/5.0 (Android 2.2; Windows; U; Windows NT 6.1; en-US) AppleWebKit/533.19.4 (KHTML, like Gecko) Version/5.0.3 Safari/533.19.4"
160.202.230.95 - - [23/Jul/2026:16:31:04 +0800] "GET /swagger-ui.html HTTP/1.1" 301 5 "-" "Mozilla/5.0 (Linux; Android 11; SM-A217F) AppleWebKit/537.36 (KHTML, like Gecko) Chrome/100.0.4896.127 Mobile Safari/537.36"
160.202.230.95 - - [23/Jul/2026:16:31:04 +0800] "GET /api/nacos/ HTTP/1.1" 301 5 "-" "Mozilla/5.0 (X11; U; Linux i686; pl-PL; rv:1.9.0.2) Gecko/20121223 Ubuntu/9.25 (jaunty) Firefox/3.8"
160.202.230.95 - - [23/Jul/2026:16:31:05 +0800] "GET /jeecgboot/ HTTP/1.1" 301 5 "-" "Mozilla/5.0 (compatible; MSIE 10.0; Windows NT 6.1; WOW64; Trident/6.0)"
160.202.230.95 - - [23/Jul/2026:16:31:05 +0800] "GET /webroot/decision/system/info HTTP/1.1" 301 5 "-" "Mozilla/5.0 (X11; Linux i686; rv:49.0) Gecko/20100101 Firefox/49.0"
160.202.230.95 - - [23/Jul/2026:16:31:05 +0800] "GET /chat/x HTTP/1.1" 301 5 "-" "Mozilla/5.0 (BlackBerry; U; BlackBerry 9800; en) AppleWebKit/534.1 (KHTML, Like Gecko) Version/6.0.0.141 Mobile Safari/534.1"
160.202.230.95 - - [23/Jul/2026:16:31:05 +0800] "GET /druid/index.html HTTP/1.1" 301 5 "-" "Mozilla/5.0 (Macintosh; Intel Mac OS X 10.8; rv:21.0) Gecko/20100101 Firefox/21.0"
160.202.230.95 - - [23/Jul/2026:16:31:05 +0800] "GET /ReportServer HTTP/1.1" 301 5 "-" "LG-GC900/V10a Obigo/WAP2.0 Profile/MIDP-2.1 Configuration/CLDC-1.1"
