116.179.37.200 - - [21/Jun/2026:06:15:13 +0800] "GET /wp-content/uploads/2026/01/1767696142-aojiaqiao20260104.webp HTTP/1.1" 200 184988 "http://cqqizhou.com/logistics" "Mozilla/5.0 (compatible; Baiduspider-render/2.0; +http://www.baidu.com/search/spider.html)"
116.179.37.217 - - [21/Jun/2026:06:15:13 +0800] "GET /wp-content/uploads/2025/11/1762864381-QZ_Photo-7.webp HTTP/1.1" 200 129922 "http://cqqizhou.com/logistics" "Mozilla/5.0 (compatible; Baiduspider-render/2.0; +http://www.baidu.com/search/spider.html)"
36.133.115.36 - - [21/Jun/2026:06:47:45 +0800] "POST /wp-cron.php?doing_wp_cron=1781995665.4585371017456054687500 HTTP/1.1" 200 31 "-" "WordPress/7.0; http://cqqizhou.com"
216.180.246.105 - - [21/Jun/2026:06:47:45 +0800] "GET / HTTP/1.0" 301 0 "-" "Mozilla/5.0 (compatible; GenomeCrawlerd/1.0; +https://www.nokia.com/genomecrawler)"
36.133.115.36 - - [21/Jun/2026:06:48:19 +0800] "POST /wp-cron.php?doing_wp_cron=1781995698.9842739105224609375000 HTTP/1.1" 200 31 "-" "WordPress/7.0; http://cqqizhou.com"
216.180.246.105 - - [21/Jun/2026:06:48:19 +0800] "GET / HTTP/1.0" 301 0 "-" "Mozilla/5.0 (compatible; GenomeCrawlerd/1.0; +https://www.nokia.com/genomecrawler)"
216.180.246.105 - - [21/Jun/2026:06:48:56 +0800] "GET / HTTP/1.0" 301 0 "-" "Mozilla/5.0 (compatible; GenomeCrawlerd/1.0; +https://www.nokia.com/genomecrawler)"
36.133.115.36 - - [21/Jun/2026:06:49:12 +0800] "POST /wp-cron.php?doing_wp_cron=1781995752.1092479228973388671875 HTTP/1.1" 200 31 "-" "WordPress/7.0; http://cqqizhou.com"
216.180.246.105 - - [21/Jun/2026:06:49:12 +0800] "GET / HTTP/1.1" 301 5 "-" "Mozilla/5.0 (compatible; GenomeCrawlerd/1.0; +https://www.nokia.com/genomecrawler)"
36.133.115.36 - - [21/Jun/2026:06:50:22 +0800] "POST /wp-cron.php?doing_wp_cron=1781995822.1497640609741210937500 HTTP/1.1" 200 31 "-" "WordPress/7.0; http://cqqizhou.com"
216.180.246.105 - - [21/Jun/2026:06:50:22 +0800] "GET / HTTP/1.0" 301 0 "-" "-"
49.233.45.47 - - [21/Jun/2026:06:50:28 +0800] "GET / HTTP/1.1" 200 35217 "-" "Mozilla/5.0 (iPhone; CPU iPhone OS 13_2_3 like Mac OS X) AppleWebKit/605.1.15 (KHTML, like Gecko) Version/13.0.3 Mobile/15E148 Safari/604.1"
154.197.22.88 - - [21/Jun/2026:07:14:33 +0800] "GET http://cqqizhou.com/wp-content/uploads/2025/12/1766388805-Article_images_202507242.webp HTTP/1.1" 200 39882 "-" "Mozilla/5.0 (compatible; crawler)"
207.97.143.74 - - [21/Jun/2026:07:25:45 +0800] "GET http://cqqizhou.com/wp-content/uploads/2025/12/1766388813-Article_images_2025072411-768x346.webp HTTP/1.1" 200 43190 "-" "Mozilla/5.0 (compatible; crawler)"
117.183.175.237 - - [21/Jun/2026:07:35:14 +0800] "GET http://cqqizhou.com/wp-content/uploads/2026/01/1769511379-Article_images_W900%C3%97500px202601271.webp HTTP/1.1" 200 67912 "http://cqqizhou.com/" "Mozilla/5.0 (Windows NT 10.0; Win64; x64) AppleWebKit/537.36 (KHTML, like Gecko) Chrome/112.0.0.0 Safari/537.36"
36.133.115.36 - - [21/Jun/2026:07:41:03 +0800] "POST /wp-cron.php?doing_wp_cron=1781998863.1646409034729003906250 HTTP/1.1" 200 31 "-" "WordPress/7.0; http://cqqizhou.com"
119.84.246.117 - - [21/Jun/2026:07:41:03 +0800] "GET / HTTP/1.1" 301 5 "-" "-"
119.84.246.117 - - [21/Jun/2026:07:41:03 +0800] "GET / HTTP/1.1" 200 172697 "-" "-"
119.84.246.117 - - [21/Jun/2026:07:41:05 +0800] "GET / HTTP/1.1" 301 5 "-" "Mozilla/5.0 (Windows; U; Windows NT 5.2) AppleWebKit/525.13 (KHTML, like Gecko) Chrome/0.2.149.27 Safari/525.13"
119.84.246.117 - - [21/Jun/2026:07:41:05 +0800] "GET / HTTP/1.1" 200 41076 "-" "Mozilla/5.0 (Windows; U; Windows NT 5.2) AppleWebKit/525.13 (KHTML, like Gecko) Chrome/0.2.149.27 Safari/525.13"
119.84.246.117 - - [21/Jun/2026:07:41:05 +0800] "GET /wp-content/uploads/2025/07/1751425283-qizhou.kf_.qq_.com_.webp HTTP/1.1" 200 16864 "http://cqqizhou.com/" "Mozilla/5.0 (Windows; U; Windows NT 5.2) AppleWebKit/525.13 (KHTML, like Gecko) Chrome/0.2.149.27 Safari/525.13"
119.84.246.117 - - [21/Jun/2026:07:41:05 +0800] "GET /wp-content/uploads/2025/07/1753456723-%E5%8F%8C%E7%9B%B8%E9%92%A2roduct_Single600.webp HTTP/1.1" 200 22790 "http://cqqizhou.com/" "Mozilla/5.0 (Windows; U; Windows NT 5.2) AppleWebKit/525.13 (KHTML, like Gecko) Chrome/0.2.149.27 Safari/525.13"
119.84.246.117 - - [21/Jun/2026:07:41:05 +0800] "GET /wp-content/uploads/2025/07/1753453096-%E5%8F%8C%E7%9B%B8%E9%92%A2product_Single600%C3%97284.webp HTTP/1.1" 200 14562 "http://cqqizhou.com/" "Mozilla/5.0 (Windows; U; Windows NT 5.2) AppleWebKit/525.13 (KHTML, like Gecko) Chrome/0.2.149.27 Safari/525.13"
119.84.246.117 - - [21/Jun/2026:07:41:05 +0800] "GET /wp-content/uploads/2025/07/1753456770-%E7%83%AD%E9%95%80%E9%94%8C%E5%8D%B7product_Single600.webp HTTP/1.1" 200 27502 "http://cqqizhou.com/" "Mozilla/5.0 (Windows; U; Windows NT 5.2) AppleWebKit/525.13 (KHTML, like Gecko) Chrome/0.2.149.27 Safari/525.13"
119.84.246.117 - - [21/Jun/2026:07:41:05 +0800] "GET /wp-content/uploads/2025/07/1753453127-%E4%BD%99%E5%8D%B7product_Single600%C3%97284.webp HTTP/1.1" 200 18744 "http://cqqizhou.com/" "Mozilla/5.0 (Windows; U; Windows NT 5.2) AppleWebKit/525.13 (KHTML, like Gecko) Chrome/0.2.149.27 Safari/525.13"
119.84.246.117 - - [21/Jun/2026:07:41:05 +0800] "GET /wp-content/uploads/2026/06/1780363378-1Article_images_W900px.webp HTTP/1.1" 200 62100 "http://cqqizhou.com/" "Mozilla/5.0 (Windows; U; Windows NT 5.2) AppleWebKit/525.13 (KHTML, like Gecko) Chrome/0.2.149.27 Safari/525.13"
119.84.246.117 - - [21/Jun/2026:07:41:05 +0800] "GET /wp-content/uploads/2026/06/1781880807-Article_images_W900px.webp HTTP/1.1" 200 25354 "http://cqqizhou.com/" "Mozilla/5.0 (Windows; U; Windows NT 5.2) AppleWebKit/525.13 (KHTML, like Gecko) Chrome/0.2.149.27 Safari/525.13"
119.84.246.117 - - [21/Jun/2026:07:41:05 +0800] "GET /wp-content/uploads/2026/05/1779957408-1Article_images_W900px.webp HTTP/1.1" 200 36526 "http://cqqizhou.com/" "Mozilla/5.0 (Windows; U; Windows NT 5.2) AppleWebKit/525.13 (KHTML, like Gecko) Chrome/0.2.149.27 Safari/525.13"
119.84.246.117 - - [21/Jun/2026:07:41:05 +0800] "GET /wp-content/uploads/2026/05/1779925245-Article_images_W900px.webp HTTP/1.1" 200 27996 "http://cqqizhou.com/" "Mozilla/5.0 (Windows; U; Windows NT 5.2) AppleWebKit/525.13 (KHTML, like Gecko) Chrome/0.2.149.27 Safari/525.13"
119.84.246.117 - - [21/Jun/2026:07:41:05 +0800] "GET /wp-content/uploads/2026/06/1780362799-1Article_images_W900px.webp HTTP/1.1" 200 61690 "http://cqqizhou.com/" "Mozilla/5.0 (Windows; U; Windows NT 5.2) AppleWebKit/525.13 (KHTML, like Gecko) Chrome/0.2.149.27 Safari/525.13"
45.79.138.233 - - [21/Jun/2026:08:04:08 +0800] "GET /admin/config.php HTTP/1.0" 404 16 "-" "xfa1"
36.133.115.36 - - [21/Jun/2026:08:18:57 +0800] "POST /wp-cron.php?doing_wp_cron=1782001137.5841350555419921875000 HTTP/1.1" 200 31 "-" "WordPress/7.0; http://cqqizhou.com"
216.244.66.245 - - [21/Jun/2026:08:18:57 +0800] "GET /robots.txt HTTP/1.1" 200 390 "-" "Mozilla/5.0 (compatible; DotBot/1.2; +https://opensiteexplorer.org/dotbot; help@moz.com)"
216.244.66.245 - - [21/Jun/2026:08:24:05 +0800] "GET /news/2543 HTTP/1.1" 200 88739 "-" "Mozilla/5.0 (compatible; DotBot/1.2; +https://opensiteexplorer.org/dotbot; help@moz.com)"
36.133.115.36 - - [21/Jun/2026:08:52:40 +0800] "POST /wp-cron.php?doing_wp_cron=1782003160.4060440063476562500000 HTTP/1.1" 200 31 "-" "WordPress/7.0; http://cqqizhou.com"
203.119.241.118 - - [21/Jun/2026:08:52:40 +0800] "GET / HTTP/1.1" 301 5 "-" "Mozilla/5.0 (Windows NT 10.0; Win64; x64) AppleWebKit/537.36 (KHTML, like Gecko) Chrome/112.0.6661.40 Safari/537.36"
203.119.241.103 - - [21/Jun/2026:08:52:40 +0800] "GET / HTTP/1.1" 200 41076 "-" "Mozilla/5.0 (Windows NT 10.0; Win64; x64) AppleWebKit/537.36 (KHTML, like Gecko) Chrome/112.0.6661.40 Safari/537.36"
203.119.241.103 - - [21/Jun/2026:08:52:40 +0800] "GET / HTTP/1.1" 200 41076 "-" "Mozilla/5.0 (Windows NT 10.0; Win64; x64) AppleWebKit/537.36 (KHTML, like Gecko) Chrome/114.0.2012.190 Safari/537.36"
36.133.115.36 - - [21/Jun/2026:08:57:52 +0800] "POST /wp-cron.php?doing_wp_cron=1782003472.0011770725250244140625 HTTP/1.1" 200 31 "-" "WordPress/7.0; http://cqqizhou.com"
71.132.8.142 - - [21/Jun/2026:08:57:52 +0800] "GET /2418/ HTTP/1.1" 301 5 "-" "Mozilla/5.0 (Linux; Android 10; HD1900 Build/QKQ1.190716.003; wv) AppleWebKit/537.36 (KHTML, like Gecko) Version/4.0 Chrome/75.0.3770.156 Mobile Safari/537.36  aweme_230400 JsSdk/1.0 NetType/WIFI  AppName/aweme app_version/23.4.0 ByteLocale/zh-CN Region/CN AppSkin/white AppTheme/light BytedanceWebview/d8a21c6 WebView/075113004008"
71.132.8.142 - - [21/Jun/2026:08:57:53 +0800] "GET /news/2418 HTTP/1.1" 200 23917 "-" "Mozilla/5.0 (Linux; Android 10; HD1900 Build/QKQ1.190716.003; wv) AppleWebKit/537.36 (KHTML, like Gecko) Version/4.0 Chrome/75.0.3770.156 Mobile Safari/537.36  aweme_230400 JsSdk/1.0 NetType/WIFI  AppName/aweme app_version/23.4.0 ByteLocale/zh-CN Region/CN AppSkin/white AppTheme/light BytedanceWebview/d8a21c6 WebView/075113004008"
71.132.8.142 - - [21/Jun/2026:08:57:53 +0800] "GET /wp-content/uploads/revslider/slider-1/1750861156-logistics_Slider_3840%C3%972160_20250625191356-scaled-768x432.webp HTTP/1.1" 200 31912 "http://cqqizhou.com/news/2418" "Mozilla/5.0 (Linux; Android 10; HD1900 Build/QKQ1.190716.003; wv) AppleWebKit/537.36 (KHTML, like Gecko) Version/4.0 Chrome/75.0.3770.156 Mobile Safari/537.36  aweme_230400 JsSdk/1.0 NetType/WIFI  AppName/aweme app_version/23.4.0 ByteLocale/zh-CN Region/CN AppSkin/white AppTheme/light BytedanceWebview/d8a21c6 WebView/075113004008"
71.132.8.142 - - [21/Jun/2026:08:57:53 +0800] "GET /wp-content/uploads/2026/06/1780363378-1Article_images_W900px-768x432.webp HTTP/1.1" 200 61120 "http://cqqizhou.com/news/2418" "Mozilla/5.0 (Linux; Android 10; HD1900 Build/QKQ1.190716.003; wv) AppleWebKit/537.36 (KHTML, like Gecko) Version/4.0 Chrome/75.0.3770.156 Mobile Safari/537.36  aweme_230400 JsSdk/1.0 NetType/WIFI  AppName/aweme app_version/23.4.0 ByteLocale/zh-CN Region/CN AppSkin/white AppTheme/light BytedanceWebview/d8a21c6 WebView/075113004008"
71.132.8.142 - - [21/Jun/2026:08:57:53 +0800] "GET /wp-content/uploads/2026/06/1781880807-Article_images_W900px-768x432.webp HTTP/1.1" 200 26292 "http://cqqizhou.com/news/2418" "Mozilla/5.0 (Linux; Android 10; HD1900 Build/QKQ1.190716.003; wv) AppleWebKit/537.36 (KHTML, like Gecko) Version/4.0 Chrome/75.0.3770.156 Mobile Safari/537.36  aweme_230400 JsSdk/1.0 NetType/WIFI  AppName/aweme app_version/23.4.0 ByteLocale/zh-CN Region/CN AppSkin/white AppTheme/light BytedanceWebview/d8a21c6 WebView/075113004008"
71.132.8.142 - - [21/Jun/2026:08:57:53 +0800] "GET /wp-content/uploads/2025/07/1751425283-qizhou.kf_.qq_.com_.webp HTTP/1.1" 200 16864 "http://cqqizhou.com/news/2418" "Mozilla/5.0 (Linux; Android 10; HD1900 Build/QKQ1.190716.003; wv) AppleWebKit/537.36 (KHTML, like Gecko) Version/4.0 Chrome/75.0.3770.156 Mobile Safari/537.36  aweme_230400 JsSdk/1.0 NetType/WIFI  AppName/aweme app_version/23.4.0 ByteLocale/zh-CN Region/CN AppSkin/white AppTheme/light BytedanceWebview/d8a21c6 WebView/075113004008"
71.132.8.142 - - [21/Jun/2026:08:57:53 +0800] "GET /wp-content/uploads/2025/07/1753410289-News2000%C3%97400_202571.webp HTTP/1.1" 200 17830 "http://cqqizhou.com/news/2418" "Mozilla/5.0 (Linux; Android 10; HD1900 Build/QKQ1.190716.003; wv) AppleWebKit/537.36 (KHTML, like Gecko) Version/4.0 Chrome/75.0.3770.156 Mobile Safari/537.36  aweme_230400 JsSdk/1.0 NetType/WIFI  AppName/aweme app_version/23.4.0 ByteLocale/zh-CN Region/CN AppSkin/white AppTheme/light BytedanceWebview/d8a21c6 WebView/075113004008"
36.133.115.36 - - [21/Jun/2026:08:59:00 +0800] "POST /wp-cron.php?doing_wp_cron=1782003540.4767830371856689453125 HTTP/1.1" 200 31 "-" "WordPress/7.0; http://cqqizhou.com"
114.119.155.144 - - [21/Jun/2026:08:59:00 +0800] "GET /wp-sitemap.xml HTTP/1.1" 501 253 "-" "Mozilla/5.0 (Linux; Android 7.0;) AppleWebKit/537.36 (KHTML, like Gecko) Mobile Safari/537.36 (compatible; PetalBot;+https://webmaster.petalsearch.com/site/petalbot)"
36.133.115.36 - - [21/Jun/2026:09:04:23 +0800] "POST /wp-cron.php?doing_wp_cron=1782003863.3701078891754150390625 HTTP/1.1" 200 31 "-" "WordPress/7.0; http://cqqizhou.com"
220.181.108.103 - - [21/Jun/2026:09:04:23 +0800] "GET /wp-json/oembed/1.0/embed?url=http%3A%2F%2Fcqqizhou.com%2Fnews%2F2420 HTTP/1.1" 200 1225 "-" "Mozilla/5.0 (compatible; Baiduspider/2.0; +http://www.baidu.com/search/spider.html)"
36.133.115.36 - - [21/Jun/2026:09:11:09 +0800] "POST /wp-cron.php?doing_wp_cron=1782004269.3124659061431884765625 HTTP/1.1" 200 31 "-" "WordPress/7.0; http://cqqizhou.com"
203.154.14.18 - - [21/Jun/2026:09:11:09 +0800] "GET / HTTP/1.1" 200 158028 "-" "-"
36.133.115.36 - - [21/Jun/2026:09:17:40 +0800] "POST /wp-cron.php?doing_wp_cron=1782004660.4789969921112060546875 HTTP/1.1" 200 31 "-" "WordPress/7.0; http://cqqizhou.com"
43.130.37.243 - - [21/Jun/2026:09:17:40 +0800] "GET / HTTP/1.1" 200 35217 "-" "Mozilla/5.0 (iPhone; CPU iPhone OS 13_2_3 like Mac OS X) AppleWebKit/605.1.15 (KHTML, like Gecko) Version/13.0.3 Mobile/15E148 Safari/604.1"
116.179.32.220 - - [21/Jun/2026:09:30:04 +0800] "GET /company-news HTTP/1.1" 304 0 "-" "Mozilla/5.0 (compatible; Baiduspider/2.0; +http://www.baidu.com/search/spider.html)"
36.133.115.36 - - [21/Jun/2026:09:30:30 +0800] "POST /wp-cron.php?doing_wp_cron=1782005430.8254809379577636718750 HTTP/1.1" 200 31 "-" "WordPress/7.0; http://cqqizhou.com"
119.28.100.147 - - [21/Jun/2026:09:30:30 +0800] "GET / HTTP/1.1" 200 35217 "-" "Mozilla/5.0 (iPhone; CPU iPhone OS 13_2_3 like Mac OS X) AppleWebKit/605.1.15 (KHTML, like Gecko) Version/13.0.3 Mobile/15E148 Safari/604.1"
36.133.115.36 - - [21/Jun/2026:09:35:42 +0800] "POST /wp-cron.php?doing_wp_cron=1782005742.0534238815307617187500 HTTP/1.1" 200 31 "-" "WordPress/7.0; http://cqqizhou.com"
157.148.43.137 - - [21/Jun/2026:09:35:42 +0800] "GET /material.html HTTP/1.1" 404 9499 "-" "Mozilla/5.0 (Windows NT 10.0; Win64; x64) AppleWebKit/537.36 (KHTML, like Gecko) Chrome/105.0.0.0 Safari/537.3"
36.133.115.36 - - [21/Jun/2026:09:42:23 +0800] "POST /wp-cron.php?doing_wp_cron=1782006143.2913880348205566406250 HTTP/1.1" 200 31 "-" "WordPress/7.0; http://cqqizhou.com"
43.166.136.24 - - [21/Jun/2026:09:42:23 +0800] "GET /wp-content/uploads/revslider/slider-1/1750861156-logistics_Slider_3840 HTTP/1.1" 404 9499 "-" "Mozilla/5.0 (iPhone; CPU iPhone OS 13_2_3 like Mac OS X) AppleWebKit/605.1.15 (KHTML, like Gecko) Version/13.0.3 Mobile/15E148 Safari/604.1"
36.133.115.36 - - [21/Jun/2026:09:45:12 +0800] "POST /wp-cron.php?doing_wp_cron=1782006312.2328150272369384765625 HTTP/1.1" 200 31 "-" "WordPress/7.0; http://cqqizhou.com"
123.161.173.40 - - [21/Jun/2026:09:45:12 +0800] "GET /material.html HTTP/1.1" 404 9499 "-" "Mozilla/5.0 (Windows NT 10.0; Win64; x64) AppleWebKit/537.36 (KHTML, like Gecko) Chrome/116.0.0.0 Safari/537.36"
111.48.66.130 - - [21/Jun/2026:09:45:18 +0800] "GET /material.html HTTP/1.1" 404 9499 "-" "Mozilla/5.0 (Windows NT 10.0; Win64; x64) AppleWebKit/537.36 (KHTML, like Gecko) Chrome/142.0.0.0 Safari/537.36"
120.241.209.194 - - [21/Jun/2026:09:45:48 +0800] "GET /wp-json/oembed/1.0/embed?url=http%3A%2F%2Fcqqizhou.com%2Fnews%2F2518 HTTP/1.1" 200 1305 "-" "Mozilla/5.0 (Windows NT 10.0; Win64; x64) AppleWebKit/537.36 (KHTML, like Gecko) Chrome/106.0.5249.119 Safari/537.36"
36.133.115.36 - - [21/Jun/2026:10:15:59 +0800] "POST /wp-cron.php?doing_wp_cron=1782008159.0830280780792236328125 HTTP/1.1" 200 31 "-" "WordPress/7.0; http://cqqizhou.com"
129.226.94.18 - - [21/Jun/2026:10:15:59 +0800] "GET / HTTP/1.1" 200 35217 "-" "Mozilla/5.0 (iPhone; CPU iPhone OS 13_2_3 like Mac OS X) AppleWebKit/605.1.15 (KHTML, like Gecko) Version/13.0.3 Mobile/15E148 Safari/604.1"
163.0.76.31 - - [21/Jun/2026:10:18:34 +0800] "GET /wp-content/uploads/2025/12/1765894221-Article20251216211544.webp HTTP/1.1" 206 2 "-" "Mozilla/5.0 (Windows NT 10.0; Win64; x64) AppleWebKit/537.36 (KHTML, like Gecko) Chrome/92.0.4515.107 Safari/537.36"
163.0.76.31 - - [21/Jun/2026:10:18:41 +0800] "GET /wp-content/uploads/2025/12/1765894221-Article20251216211544.webp HTTP/1.1" 200 75768 "-" "Mozilla/5.0 (Macintosh; Intel Mac OS X 10_15_7) AppleWebKit/537.36 (KHTML, like Gecko) Chrome/92.0.4515.159 Safari/537.36 Edg/92.0.4515.159"
36.133.115.36 - - [21/Jun/2026:10:28:46 +0800] "POST /wp-cron.php?doing_wp_cron=1782008926.6264638900756835937500 HTTP/1.1" 200 31 "-" "WordPress/7.0; http://cqqizhou.com"
220.181.108.93 - - [21/Jun/2026:10:28:46 +0800] "GET /work-safety/ HTTP/1.1" 301 5 "-" "Mozilla/5.0 (compatible; Baiduspider/2.0; +http://www.baidu.com/search/spider.html)"
220.181.108.155 - - [21/Jun/2026:10:28:47 +0800] "GET /work-safety HTTP/1.1" 200 26099 "-" "Mozilla/5.0 (compatible; Baiduspider/2.0; +http://www.baidu.com/search/spider.html)"
116.179.37.142 - - [21/Jun/2026:10:28:51 +0800] "GET /wp-content/uploads/2026/02/1770617354-Article_images_W900px.webp HTTP/1.1" 200 13634 "http://cqqizhou.com/work-safety" "Mozilla/5.0 (compatible; Baiduspider-render/2.0; +http://www.baidu.com/search/spider.html)"
36.133.115.36 - - [21/Jun/2026:10:33:18 +0800] "POST /wp-cron.php?doing_wp_cron=1782009198.8133978843688964843750 HTTP/1.1" 200 31 "-" "WordPress/7.0; http://cqqizhou.com"
216.244.66.245 - - [21/Jun/2026:10:33:18 +0800] "GET /robots.txt HTTP/1.1" 200 390 "-" "Mozilla/5.0 (compatible; DotBot/1.2; +https://opensiteexplorer.org/dotbot; help@moz.com)"
36.133.115.36 - - [21/Jun/2026:10:39:55 +0800] "POST /wp-cron.php?doing_wp_cron=1782009595.2124960422515869140625 HTTP/1.1" 200 31 "-" "WordPress/7.0; http://cqqizhou.com"
216.244.66.245 - - [21/Jun/2026:10:39:55 +0800] "GET /news/2534 HTTP/1.1" 200 85980 "-" "Mozilla/5.0 (compatible; DotBot/1.2; +https://opensiteexplorer.org/dotbot; help@moz.com)"
36.133.115.36 - - [21/Jun/2026:10:40:20 +0800] "POST /wp-cron.php?doing_wp_cron=1782009620.2194039821624755859375 HTTP/1.1" 200 31 "-" "WordPress/7.0; http://cqqizhou.com"
216.244.66.245 - - [21/Jun/2026:10:40:20 +0800] "GET /2052/ HTTP/1.1" 301 5 "-" "Mozilla/5.0 (compatible; DotBot/1.2; +https://opensiteexplorer.org/dotbot; help@moz.com)"
27.124.44.163 - - [21/Jun/2026:11:06:15 +0800] "GET /1.rar HTTP/1.1" 404 9498 "-" "Python/3.14 aiohttp/3.13.5"
27.124.44.163 - - [21/Jun/2026:11:06:15 +0800] "GET /web.rar HTTP/1.1" 404 9498 "-" "Python/3.14 aiohttp/3.13.5"
36.133.115.36 - - [21/Jun/2026:11:06:15 +0800] "POST /wp-cron.php?doing_wp_cron=1782011175.1985208988189697265625 HTTP/1.1" 200 31 "-" "WordPress/7.0; http://cqqizhou.com"
27.124.44.163 - - [21/Jun/2026:11:06:15 +0800] "GET /cqqizhoucom.tar.gz HTTP/1.1" 404 9498 "-" "Python/3.14 aiohttp/3.13.5"
27.124.44.163 - - [21/Jun/2026:11:06:15 +0800] "GET /cqqizhou.rar HTTP/1.1" 404 9498 "-" "Python/3.14 aiohttp/3.13.5"
27.124.44.163 - - [21/Jun/2026:11:06:15 +0800] "GET /web.zip HTTP/1.1" 404 9498 "-" "Python/3.14 aiohttp/3.13.5"
27.124.44.163 - - [21/Jun/2026:11:06:15 +0800] "GET /123.tar.gz HTTP/1.1" 404 9498 "-" "Python/3.14 aiohttp/3.13.5"
27.124.44.163 - - [21/Jun/2026:11:06:15 +0800] "GET /cqqizhoucom.zip HTTP/1.1" 404 9498 "-" "Python/3.14 aiohttp/3.13.5"
27.124.44.163 - - [21/Jun/2026:11:06:15 +0800] "GET /wwwroot.rar HTTP/1.1" 404 9498 "-" "Python/3.14 aiohttp/3.13.5"
27.124.44.163 - - [21/Jun/2026:11:06:15 +0800] "GET /123.zip HTTP/1.1" 404 9498 "-" "Python/3.14 aiohttp/3.13.5"
27.124.44.163 - - [21/Jun/2026:11:06:15 +0800] "GET /web.tar.gz HTTP/1.1" 404 9498 "-" "Python/3.14 aiohttp/3.13.5"
27.124.44.163 - - [21/Jun/2026:11:06:15 +0800] "GET /wwwroot.tar.gz HTTP/1.1" 404 9498 "-" "Python/3.14 aiohttp/3.13.5"
27.124.44.163 - - [21/Jun/2026:11:06:15 +0800] "GET /cqqizhoucom.rar HTTP/1.1" 404 9498 "-" "Python/3.14 aiohttp/3.13.5"
27.124.44.163 - - [21/Jun/2026:11:06:15 +0800] "GET /1.zip HTTP/1.1" 404 9498 "-" "Python/3.14 aiohttp/3.13.5"
27.124.44.163 - - [21/Jun/2026:11:06:15 +0800] "GET /123.rar HTTP/1.1" 404 9498 "-" "Python/3.14 aiohttp/3.13.5"
27.124.44.163 - - [21/Jun/2026:11:06:15 +0800] "GET /1.tar.gz HTTP/1.1" 404 9498 "-" "Python/3.14 aiohttp/3.13.5"
27.124.44.163 - - [21/Jun/2026:11:06:15 +0800] "GET /cqqizhou.tar.gz HTTP/1.1" 404 9498 "-" "Python/3.14 aiohttp/3.13.5"
27.124.44.163 - - [21/Jun/2026:11:06:15 +0800] "GET /cqqizhou.com.tar.gz HTTP/1.1" 404 9498 "-" "Python/3.14 aiohttp/3.13.5"
27.124.44.163 - - [21/Jun/2026:11:06:15 +0800] "GET /wwwroot.zip HTTP/1.1" 404 9498 "-" "Python/3.14 aiohttp/3.13.5"
27.124.44.163 - - [21/Jun/2026:11:06:15 +0800] "GET /cqqizhou.com.zip HTTP/1.1" 404 9498 "-" "Python/3.14 aiohttp/3.13.5"
27.124.44.163 - - [21/Jun/2026:11:06:15 +0800] "GET /cqqizhou.zip HTTP/1.1" 404 9498 "-" "Python/3.14 aiohttp/3.13.5"
27.124.44.163 - - [21/Jun/2026:11:06:15 +0800] "GET /cqqizhou.com.rar HTTP/1.1" 404 9498 "-" "Python/3.14 aiohttp/3.13.5"
36.133.115.36 - - [21/Jun/2026:11:08:37 +0800] "POST /wp-cron.php?doing_wp_cron=1782011317.1202919483184814453125 HTTP/1.1" 200 31 "-" "WordPress/7.0; http://cqqizhou.com"
199.45.155.71 - - [21/Jun/2026:11:08:37 +0800] "GET / HTTP/1.1" 301 5 "-" "Mozilla/5.0 (compatible; CensysInspect/1.1; +https://about.censys.io/)"
199.45.155.71 - - [21/Jun/2026:11:08:41 +0800] "GET /wiki HTTP/1.1" 404 9498 "-" "Mozilla/5.0 (compatible; CensysInspect/1.1; +https://about.censys.io/)"
36.133.115.36 - - [21/Jun/2026:11:33:47 +0800] "POST /wp-cron.php?doing_wp_cron=1782012827.4376220703125000000000 HTTP/1.1" 200 31 "-" "WordPress/7.0; http://cqqizhou.com"
221.204.87.9 - - [21/Jun/2026:11:33:47 +0800] "GET /wp-json/oembed/1.0/embed?url=http%3A%2F%2Fcqqizhou.com%2Fnews%2F2547 HTTP/1.1" 200 1232 "-" "Mozilla/5.0 (Windows NT 10.0; Win64; x64) AppleWebKit/537.36 (KHTML, like Gecko) Chrome/142.0.0.0 Safari/537.36"
156.245.205.34 - - [21/Jun/2026:11:42:23 +0800] "GET /1234.php HTTP/1.1" 404 47 "-" "Mozilla/5.0 (Windows NT 10.0; WOW64; rv:48.0) Gecko/20100101 Firefox/48.0"
156.245.205.34 - - [21/Jun/2026:11:42:32 +0800] "GET /e/install/index.php?enews=setdb&f=4 HTTP/1.1" 404 47 "-" "Mozilla/5.0 (Windows NT 10.0; WOW64; rv:48.0) Gecko/20100101 Firefox/48.0"
8.212.120.211 - - [21/Jun/2026:12:02:31 +0800] "HEAD /wp-content/uploads/2025/11/1762864381-QZ_Photo-7.webp HTTP/1.1" 200 0 "-" "Mozilla/5.0 (Windows NT 10.0; Win64; x64) AppleWebKit/537.36 (KHTML, like Gecko) Chrome/91.0.4472.124 Safari/537.36"
36.133.115.36 - - [21/Jun/2026:12:04:44 +0800] "POST /wp-cron.php?doing_wp_cron=1782014684.1046628952026367187500 HTTP/1.1" 200 31 "-" "WordPress/7.0; http://cqqizhou.com"
216.244.66.245 - - [21/Jun/2026:12:04:44 +0800] "GET /robots.txt HTTP/1.1" 200 390 "-" "Mozilla/5.0 (compatible; DotBot/1.2; +https://opensiteexplorer.org/dotbot; help@moz.com)"
36.133.115.36 - - [21/Jun/2026:12:07:01 +0800] "POST /wp-cron.php?doing_wp_cron=1782014821.2736599445343017578125 HTTP/1.1" 200 31 "-" "WordPress/7.0; http://cqqizhou.com"
43.165.197.116 - - [21/Jun/2026:12:07:01 +0800] "GET / HTTP/1.1" 301 5 "-" "Mozilla/5.0 (iPhone; CPU iPhone OS 13_2_3 like Mac OS X) AppleWebKit/605.1.15 (KHTML, like Gecko) Version/13.0.3 Mobile/15E148 Safari/604.1"
43.165.197.116 - - [21/Jun/2026:12:07:04 +0800] "GET / HTTP/1.1" 200 35217 "http://36.133.115.36" "Mozilla/5.0 (iPhone; CPU iPhone OS 13_2_3 like Mac OS X) AppleWebKit/605.1.15 (KHTML, like Gecko) Version/13.0.3 Mobile/15E148 Safari/604.1"
36.133.115.36 - - [21/Jun/2026:12:08:02 +0800] "POST /wp-cron.php?doing_wp_cron=1782014882.3138699531555175781250 HTTP/1.1" 200 31 "-" "WordPress/7.0; http://cqqizhou.com"
198.199.123.141 - - [21/Jun/2026:12:08:02 +0800] "GET / HTTP/1.1" 301 5 "-" "Mozilla/5.0 (Windows NT 10.0; Win64; x64; rv:109.0) Gecko/20100101 Firefox/118.0"
36.133.115.36 - - [21/Jun/2026:12:12:12 +0800] "POST /wp-cron.php?doing_wp_cron=1782015132.5715210437774658203125 HTTP/1.1" 200 31 "-" "WordPress/7.0; http://cqqizhou.com"
216.244.66.245 - - [21/Jun/2026:12:12:12 +0800] "GET /news/2214 HTTP/1.1" 200 88267 "-" "Mozilla/5.0 (compatible; DotBot/1.2; +https://opensiteexplorer.org/dotbot; help@moz.com)"
36.133.115.36 - - [21/Jun/2026:12:14:07 +0800] "POST /wp-cron.php?doing_wp_cron=1782015247.7536180019378662109375 HTTP/1.1" 200 31 "-" "WordPress/7.0; http://cqqizhou.com"
15.235.98.103 - - [21/Jun/2026:12:14:07 +0800] "GET /robots.txt HTTP/1.1" 200 190 "-" "Mozilla/5.0 (compatible; AhrefsBot/7.0; +http://ahrefs.com/robot/)"
54.39.210.146 - - [21/Jun/2026:12:14:09 +0800] "GET /news/2585 HTTP/1.1" 200 20880 "-" "Mozilla/5.0 (compatible; AhrefsBot/7.0; +http://ahrefs.com/robot/)"
120.241.208.111 - - [21/Jun/2026:12:14:20 +0800] "GET /2164/ HTTP/1.1" 301 5 "-" "Mozilla/5.0 (Windows NT 10.0; Win64; x64) AppleWebKit/537.36 (KHTML, like Gecko) Chrome/120.0.0.0 Safari/537.36"
120.241.209.248 - - [21/Jun/2026:12:14:21 +0800] "GET /news/2164 HTTP/1.1" 200 24336 "-" "Mozilla/5.0 (Windows NT 10.0; Win64; x64) AppleWebKit/537.36 (KHTML, like Gecko) Chrome/120.0.0.0 Safari/537.36"
36.133.115.36 - - [21/Jun/2026:12:50:22 +0800] "POST /wp-cron.php?doing_wp_cron=1782017422.6728370189666748046875 HTTP/1.1" 200 31 "-" "WordPress/7.0; http://cqqizhou.com"
216.244.66.245 - - [21/Jun/2026:12:50:22 +0800] "GET /robots.txt HTTP/1.1" 200 390 "-" "Mozilla/5.0 (compatible; DotBot/1.2; +https://opensiteexplorer.org/dotbot; help@moz.com)"
36.133.115.36 - - [21/Jun/2026:12:56:49 +0800] "POST /wp-cron.php?doing_wp_cron=1782017809.4004170894622802734375 HTTP/1.1" 200 31 "-" "WordPress/7.0; http://cqqizhou.com"
216.244.66.245 - - [21/Jun/2026:12:56:49 +0800] "GET /uncategorized/ HTTP/1.1" 301 5 "-" "Mozilla/5.0 (compatible; DotBot/1.2; +https://opensiteexplorer.org/dotbot; help@moz.com)"
36.133.115.36 - - [21/Jun/2026:13:01:21 +0800] "POST /wp-cron.php?doing_wp_cron=1782018081.4463770389556884765625 HTTP/1.1" 200 31 "-" "WordPress/7.0; http://cqqizhou.com"
221.229.56.101 - - [21/Jun/2026:13:01:21 +0800] "GET / HTTP/1.1" 301 5 "-" "Mozilla/5.0 (Macintosh; Intel Mac OS X 10_15_7) AppleWebKit/537.36 (KHTML, like Gecko) Chrome/140.0.0.0 Safari/537.36"
117.151.101.71 - - [21/Jun/2026:13:01:22 +0800] "GET / HTTP/1.1" 200 41076 "http://www.cqqizhou.com" "Mozilla/5.0 (Macintosh; Intel Mac OS X 10_15_7) AppleWebKit/537.36 (KHTML, like Gecko) Chrome/140.0.0.0 Safari/537.36"
36.133.115.36 - - [21/Jun/2026:13:06:57 +0800] "POST /wp-cron.php?doing_wp_cron=1782018417.4198939800262451171875 HTTP/1.1" 200 31 "-" "WordPress/7.0; http://cqqizhou.com"
120.232.240.7 - - [21/Jun/2026:13:06:57 +0800] "GET /robots.txt HTTP/1.1" 200 190 "-" "Mozilla/5.0 (Windows NT 10.0; Win64; x64) AppleWebKit/537.36 (KHTML, like Gecko) Chrome/76.0.3737.33 Safari/537.36 Edge/18.18362"
111.57.89.104 - - [21/Jun/2026:13:15:26 +0800] "GET / HTTP/1.1" 200 41076 "http://cqqizhou.com/" "User-Agent:Mozilla/5.0 (Windows NT 6.1; WOW64) AppleWebKit/537.36 (KHTML, like Gecko) Chrome/50.0.2661.102 Safari/537.36"
36.133.115.36 - - [21/Jun/2026:13:23:56 +0800] "POST /wp-cron.php?doing_wp_cron=1782019436.8359909057617187500000 HTTP/1.1" 200 31 "-" "WordPress/7.0; http://cqqizhou.com"
82.156.116.86 - - [21/Jun/2026:13:23:56 +0800] "GET / HTTP/1.1" 301 5 "-" "Mozilla/5.0 (iPhone; CPU iPhone OS 13_2_3 like Mac OS X) AppleWebKit/605.1.15 (KHTML, like Gecko) Version/13.0.3 Mobile/15E148 Safari/604.1"
82.156.116.86 - - [21/Jun/2026:13:23:59 +0800] "GET / HTTP/1.1" 200 35218 "http://www.cqqizhou.com" "Mozilla/5.0 (iPhone; CPU iPhone OS 13_2_3 like Mac OS X) AppleWebKit/605.1.15 (KHTML, like Gecko) Version/13.0.3 Mobile/15E148 Safari/604.1"
36.133.115.36 - - [21/Jun/2026:13:39:45 +0800] "POST /wp-cron.php?doing_wp_cron=1782020385.8083488941192626953125 HTTP/1.1" 200 31 "-" "WordPress/7.0; http://cqqizhou.com"
112.90.14.63 - - [21/Jun/2026:13:39:45 +0800] "GET /wp-json/oembed/1.0/embed?url=http%3A%2F%2Fcqqizhou.com%2Fnews%2F2339 HTTP/1.1" 200 1261 "-" "Mozilla/5.0 (Windows NT 10.0; Win64; x64) AppleWebKit/537.36 (KHTML, like Gecko) Chrome/104.0.5112.81 Safari/537.36"
112.57.65.33 - - [21/Jun/2026:13:48:46 +0800] "GET /wp-content/uploads/2025/12/1766388804-Article_images_202507241.webp HTTP/1.1" 200 48206 "http://cqqizhou.com" "Mozilla/5.0 (Windows NT 10.0; Win64; x64) AppleWebKit/537.36 (KHTML, like Gecko) Chrome/120.0.0.0 Safari/537.36"
112.57.65.33 - - [21/Jun/2026:13:48:46 +0800] "GET /wp-content/uploads/2025/12/1766388805-Article_images_202507242.webp HTTP/1.1" 200 39882 "http://cqqizhou.com" "Mozilla/5.0 (Windows NT 10.0; Win64; x64) AppleWebKit/537.36 (KHTML, like Gecko) Chrome/120.0.0.0 Safari/537.36"
112.57.65.33 - - [21/Jun/2026:13:48:46 +0800] "GET /wp-content/uploads/2025/12/1766388806-Article_images_202507243.webp HTTP/1.1" 200 38224 "http://cqqizhou.com" "Mozilla/5.0 (Windows NT 10.0; Win64; x64) AppleWebKit/537.36 (KHTML, like Gecko) Chrome/120.0.0.0 Safari/537.36"
112.57.65.33 - - [21/Jun/2026:13:48:46 +0800] "GET /wp-content/uploads/2025/12/1766388807-Article_images_202507245.webp HTTP/1.1" 200 63930 "http://cqqizhou.com" "Mozilla/5.0 (Windows NT 10.0; Win64; x64) AppleWebKit/537.36 (KHTML, like Gecko) Chrome/120.0.0.0 Safari/537.36"
112.57.65.33 - - [21/Jun/2026:13:48:46 +0800] "GET /wp-content/uploads/2025/12/1766388811-Article_images_202507249.webp HTTP/1.1" 200 51010 "http://cqqizhou.com" "Mozilla/5.0 (Windows NT 10.0; Win64; x64) AppleWebKit/537.36 (KHTML, like Gecko) Chrome/120.0.0.0 Safari/537.36"
112.57.65.33 - - [21/Jun/2026:13:48:47 +0800] "GET /wp-content/uploads/2025/12/1766388813-Article_images_2025072411.webp HTTP/1.1" 200 45330 "http://cqqizhou.com" "Mozilla/5.0 (Windows NT 10.0; Win64; x64) AppleWebKit/537.36 (KHTML, like Gecko) Chrome/120.0.0.0 Safari/537.36"
112.57.65.33 - - [21/Jun/2026:13:48:47 +0800] "GET /wp-content/uploads/2025/12/1766388808-Article_images_202507246.webp HTTP/1.1" 200 100036 "http://cqqizhou.com" "Mozilla/5.0 (Windows NT 10.0; Win64; x64) AppleWebKit/537.36 (KHTML, like Gecko) Chrome/120.0.0.0 Safari/537.36"
112.57.65.45 - - [21/Jun/2026:13:48:47 +0800] "GET /wp-content/uploads/2025/12/1766388810-Article_images_202507248.webp HTTP/1.1" 200 75872 "http://cqqizhou.com" "Mozilla/5.0 (Windows NT 10.0; Win64; x64) AppleWebKit/537.36 (KHTML, like Gecko) Chrome/120.0.0.0 Safari/537.36"
112.57.65.76 - - [21/Jun/2026:13:48:47 +0800] "GET /wp-content/uploads/2025/12/1766388812-Article_images_2025072410.webp HTTP/1.1" 200 51320 "http://cqqizhou.com" "Mozilla/5.0 (Windows NT 10.0; Win64; x64) AppleWebKit/537.36 (KHTML, like Gecko) Chrome/120.0.0.0 Safari/537.36"
112.57.65.45 - - [21/Jun/2026:13:48:47 +0800] "GET /wp-content/uploads/2025/12/1766388809-Article_images_202507247.webp HTTP/1.1" 200 63626 "http://cqqizhou.com" "Mozilla/5.0 (Windows NT 10.0; Win64; x64) AppleWebKit/537.36 (KHTML, like Gecko) Chrome/120.0.0.0 Safari/537.36"
36.133.115.36 - - [21/Jun/2026:13:50:39 +0800] "POST /wp-cron.php?doing_wp_cron=1782021039.1682488918304443359375 HTTP/1.1" 200 31 "-" "WordPress/7.0; http://cqqizhou.com"
220.181.108.168 - - [21/Jun/2026:13:50:39 +0800] "GET /news/page/2/ HTTP/1.1" 301 5 "-" "Mozilla/5.0 (compatible; Baiduspider/2.0; +http://www.baidu.com/search/spider.html)"
220.181.108.94 - - [21/Jun/2026:13:50:40 +0800] "GET /news/page/2 HTTP/1.1" 200 26661 "-" "Mozilla/5.0 (compatible; Baiduspider/2.0; +http://www.baidu.com/search/spider.html)"
116.179.37.72 - - [21/Jun/2026:13:50:40 +0800] "GET /wp-content/uploads/2025/07/1753454299-Article_images_W900px.webp HTTP/1.1" 200 52418 "http://cqqizhou.com/news/page/2" "Mozilla/5.0 (compatible; Baiduspider-render/2.0; +http://www.baidu.com/search/spider.html)"
158.158.104.28 - - [21/Jun/2026:13:53:02 +0800] "GET /wp-content/plugins/hellopress/wp_filemanager.php HTTP/1.1" 404 27 "-" "-"
158.158.104.28 - - [21/Jun/2026:13:53:03 +0800] "GET /this_is_a_new_hello_world.php HTTP/1.1" 404 27 "-" "-"
158.158.104.28 - - [21/Jun/2026:13:53:03 +0800] "GET /zr-257.php HTTP/1.1" 404 27 "-" "-"
158.158.104.28 - - [21/Jun/2026:13:53:03 +0800] "GET /XrdbXydefault.php HTTP/1.1" 404 27 "-" "-"
158.158.104.28 - - [21/Jun/2026:13:53:04 +0800] "GET /less.php HTTP/1.1" 404 27 "-" "-"
158.158.104.28 - - [21/Jun/2026:13:53:04 +0800] "GET /bepass.php HTTP/1.1" 404 27 "-" "-"
158.158.104.28 - - [21/Jun/2026:13:53:04 +0800] "GET /zc-113.php HTTP/1.1" 404 27 "-" "-"
158.158.104.28 - - [21/Jun/2026:13:53:04 +0800] "GET /jac.php HTTP/1.1" 404 27 "-" "-"
158.158.104.28 - - [21/Jun/2026:13:53:05 +0800] "GET /122.php HTTP/1.1" 404 27 "-" "-"
158.158.104.28 - - [21/Jun/2026:13:53:05 +0800] "GET /install.php HTTP/1.1" 404 27 "-" "-"
158.158.104.28 - - [21/Jun/2026:13:53:05 +0800] "GET /gptsh.php HTTP/1.1" 404 27 "-" "-"
158.158.104.28 - - [21/Jun/2026:13:53:05 +0800] "GET /2ops.php HTTP/1.1" 404 27 "-" "-"
158.158.104.28 - - [21/Jun/2026:13:53:05 +0800] "GET /new.php HTTP/1.1" 404 27 "-" "-"
158.158.104.28 - - [21/Jun/2026:13:53:06 +0800] "GET /asd67.php HTTP/1.1" 404 27 "-" "-"
158.158.104.28 - - [21/Jun/2026:13:53:06 +0800] "GET /aa.php HTTP/1.1" 404 27 "-" "-"
158.158.104.28 - - [21/Jun/2026:13:53:06 +0800] "GET /1c.php HTTP/1.1" 404 27 "-" "-"
158.158.104.28 - - [21/Jun/2026:13:53:09 +0800] "GET /wplogbak.php HTTP/1.1" 404 27 "-" "-"
158.158.104.28 - - [21/Jun/2026:13:53:09 +0800] "GET /dvjul.php HTTP/1.1" 404 27 "-" "-"
158.158.104.28 - - [21/Jun/2026:13:53:09 +0800] "GET /adminner.php HTTP/1.1" 404 27 "-" "-"
158.158.104.28 - - [21/Jun/2026:13:53:10 +0800] "GET /wp-gaib.php HTTP/1.1" 404 27 "-" "-"
158.158.104.28 - - [21/Jun/2026:13:53:10 +0800] "GET /wp_E1iNrr8v.php HTTP/1.1" 404 27 "-" "-"
158.158.104.28 - - [21/Jun/2026:13:53:10 +0800] "GET /track.php HTTP/1.1" 404 27 "-" "-"
158.158.104.28 - - [21/Jun/2026:13:53:10 +0800] "GET /chosen.php HTTP/1.1" 404 27 "-" "-"
158.158.104.28 - - [21/Jun/2026:13:53:11 +0800] "GET /wp_v3PLmiqy.php HTTP/1.1" 404 27 "-" "-"
158.158.104.28 - - [21/Jun/2026:13:53:11 +0800] "GET /zdd.php HTTP/1.1" 404 27 "-" "-"
158.158.104.28 - - [21/Jun/2026:13:53:11 +0800] "GET /ah25.php HTTP/1.1" 404 27 "-" "-"
158.158.104.28 - - [21/Jun/2026:13:53:11 +0800] "GET /gettest.php HTTP/1.1" 404 27 "-" "-"
158.158.104.28 - - [21/Jun/2026:13:53:12 +0800] "GET /lol.php HTTP/1.1" 404 27 "-" "-"
158.158.104.28 - - [21/Jun/2026:13:53:12 +0800] "GET /as.php HTTP/1.1" 404 27 "-" "-"
158.158.104.28 - - [21/Jun/2026:13:53:12 +0800] "GET /zoper.php HTTP/1.1" 404 27 "-" "-"
158.158.104.28 - - [21/Jun/2026:13:53:12 +0800] "GET /nniwi.php HTTP/1.1" 404 27 "-" "-"
158.158.104.28 - - [21/Jun/2026:13:53:12 +0800] "GET /esp.php HTTP/1.1" 404 27 "-" "-"
158.158.104.28 - - [21/Jun/2026:13:53:13 +0800] "GET /s2.php HTTP/1.1" 404 27 "-" "-"
158.158.104.28 - - [21/Jun/2026:13:53:13 +0800] "GET /mosty.php HTTP/1.1" 404 27 "-" "-"
158.158.104.28 - - [21/Jun/2026:13:53:13 +0800] "GET /bakup.php HTTP/1.1" 404 27 "-" "-"
158.158.104.28 - - [21/Jun/2026:13:53:13 +0800] "GET /hur.php HTTP/1.1" 404 27 "-" "-"
158.158.104.28 - - [21/Jun/2026:13:53:16 +0800] "GET /class.php HTTP/1.1" 404 27 "-" "-"
158.158.104.28 - - [21/Jun/2026:13:53:16 +0800] "GET /fix.php HTTP/1.1" 404 27 "-" "-"
158.158.104.28 - - [21/Jun/2026:13:53:17 +0800] "GET /sixxis.php HTTP/1.1" 404 27 "-" "-"
158.158.104.28 - - [21/Jun/2026:13:53:17 +0800] "GET /lgonuhol.php HTTP/1.1" 404 27 "-" "-"
158.158.104.28 - - [21/Jun/2026:13:53:17 +0800] "GET /wp-curl-file.php HTTP/1.1" 404 27 "-" "-"
158.158.104.28 - - [21/Jun/2026:13:53:17 +0800] "GET /edit.php HTTP/1.1" 404 27 "-" "-"
158.158.104.28 - - [21/Jun/2026:13:53:18 +0800] "GET /Unlimited.php HTTP/1.1" 404 27 "-" "-"
158.158.104.28 - - [21/Jun/2026:13:53:18 +0800] "GET /zwso.php HTTP/1.1" 404 27 "-" "-"
158.158.104.28 - - [21/Jun/2026:13:53:18 +0800] "GET /300.php HTTP/1.1" 404 27 "-" "-"
158.158.104.28 - - [21/Jun/2026:13:53:18 +0800] "GET /wp-acc.php HTTP/1.1" 404 27 "-" "-"
158.158.104.28 - - [21/Jun/2026:13:53:19 +0800] "GET /chomu.php HTTP/1.1" 404 27 "-" "-"
158.158.104.28 - - [21/Jun/2026:13:53:19 +0800] "GET /clouds.php HTTP/1.1" 404 27 "-" "-"
158.158.104.28 - - [21/Jun/2026:13:53:19 +0800] "GET /wsoo.php HTTP/1.1" 404 27 "-" "-"
158.158.104.28 - - [21/Jun/2026:13:53:20 +0800] "GET /atkno.php HTTP/1.1" 404 27 "-" "-"
158.158.104.28 - - [21/Jun/2026:13:53:20 +0800] "GET /cmd.php HTTP/1.1" 404 27 "-" "-"
158.158.104.28 - - [21/Jun/2026:13:53:20 +0800] "GET /sxlvb.php HTTP/1.1" 404 27 "-" "-"
158.158.104.28 - - [21/Jun/2026:13:53:21 +0800] "GET /hosty.php HTTP/1.1" 404 27 "-" "-"
158.158.104.28 - - [21/Jun/2026:13:53:21 +0800] "GET /lose.php HTTP/1.1" 404 27 "-" "-"
158.158.104.28 - - [21/Jun/2026:13:53:21 +0800] "GET /wp-cache.php HTTP/1.1" 404 27 "-" "-"
158.158.104.28 - - [21/Jun/2026:13:53:21 +0800] "GET /403.php HTTP/1.1" 404 27 "-" "-"
158.158.104.28 - - [21/Jun/2026:13:53:21 +0800] "GET /wp-png.php HTTP/1.1" 404 27 "-" "-"
158.158.104.28 - - [21/Jun/2026:13:53:22 +0800] "GET /blurbs.php HTTP/1.1" 404 27 "-" "-"
158.158.104.28 - - [21/Jun/2026:13:53:22 +0800] "GET /wp-X1s2e6h3p7.php HTTP/1.1" 404 27 "-" "-"
158.158.104.28 - - [21/Jun/2026:13:53:22 +0800] "GET /axcv.php HTTP/1.1" 404 27 "-" "-"
158.158.104.28 - - [21/Jun/2026:13:53:23 +0800] "GET /w40.php HTTP/1.1" 404 27 "-" "-"
36.133.115.36 - - [21/Jun/2026:14:02:29 +0800] "POST /wp-cron.php?doing_wp_cron=1782021749.3255989551544189453125 HTTP/1.1" 200 31 "-" "WordPress/7.0; http://cqqizhou.com"
49.51.245.241 - - [21/Jun/2026:14:02:29 +0800] "GET / HTTP/1.1" 200 35217 "-" "Mozilla/5.0 (iPhone; CPU iPhone OS 13_2_3 like Mac OS X) AppleWebKit/605.1.15 (KHTML, like Gecko) Version/13.0.3 Mobile/15E148 Safari/604.1"
36.133.115.36 - - [21/Jun/2026:14:10:15 +0800] "POST /wp-cron.php?doing_wp_cron=1782022215.8090460300445556640625 HTTP/1.1" 200 31 "-" "WordPress/7.0; http://cqqizhou.com"
156.226.168.107 - - [21/Jun/2026:14:10:15 +0800] "GET /robots.txt HTTP/1.1" 200 390 "-" "Mozilla/5.0 (compatible; MJ12bot/v1.4.8; http://mj12bot.com/)"
156.226.168.107 - - [21/Jun/2026:14:10:18 +0800] "GET /portfolio-tag/%E9%9E%8D%E9%92%A2%E8%92%82%E6%A3%AE/ HTTP/1.1" 404 9499 "-" "Mozilla/5.0 (compatible; MJ12bot/v1.4.8; http://mj12bot.com/)"
36.133.115.36 - - [21/Jun/2026:14:18:40 +0800] "POST /wp-cron.php?doing_wp_cron=1782022720.8185288906097412109375 HTTP/1.1" 200 31 "-" "WordPress/7.0; http://cqqizhou.com"
180.153.197.232 - - [21/Jun/2026:14:18:40 +0800] "GET /robots.txt HTTP/1.1" 200 190 "http://cqqizhou.com/robots.txt" "Mozilla/5.0 (Macintosh; Intel Mac OS X 10_15_7) AppleWebKit/537.36 (KHTML, like Gecko) Chrome/131.0.0.0 Safari/537.36"
36.133.115.36 - - [21/Jun/2026:14:20:50 +0800] "POST /wp-cron.php?doing_wp_cron=1782022850.4432790279388427734375 HTTP/1.1" 200 31 "-" "WordPress/7.0; http://cqqizhou.com"
216.244.66.245 - - [21/Jun/2026:14:20:50 +0800] "GET /robots.txt HTTP/1.1" 200 390 "-" "Mozilla/5.0 (compatible; DotBot/1.2; +https://opensiteexplorer.org/dotbot; help@moz.com)"
42.94.30.24 - - [21/Jun/2026:14:22:09 +0800] "GET / HTTP/1.1" 200 41076 "-" "Mozilla/5.0 (Macintosh; Intel Mac OS X 10_15_7) AppleWebKit/537.36 (KHTML, like Gecko) Chrome/148.0.0.0 Safari/537.36"
120.241.208.30 - - [21/Jun/2026:14:22:21 +0800] "GET / HTTP/1.1" 200 41076 "-" "Mozilla/5.0 (Windows NT 10.0; Win64; x64) AppleWebKit/537.36 (KHTML, like Gecko) Chrome/116.0.0.0 Safari/537.36"
36.133.115.36 - - [21/Jun/2026:14:22:25 +0800] "POST /wp-cron.php?doing_wp_cron=1782022945.3115389347076416015625 HTTP/1.1" 200 31 "-" "WordPress/7.0; http://cqqizhou.com"
190.103.29.80 - - [21/Jun/2026:14:22:25 +0800] "GET http://cqqizhou.com/robots.txt HTTP/1.1" 200 190 "http://cqqizhou.com/robots.txt" "Mozilla/5.0 (Macintosh; Intel Mac OS X 10_15_7) AppleWebKit/537.36 (KHTML, like Gecko) Chrome/120.0.0.0 Safari/537.36"
122.96.30.65 - - [21/Jun/2026:14:23:40 +0800] "GET / HTTP/1.1" 200 41076 "-" "Mozilla/5.0 (X11; U; Linux x86_64; en-US; rv:1.9.2.6) Gecko/20100628 Ubuntu/10.04 (lucid) Firefox/3.6.6 GTB7.0"
36.133.115.36 - - [21/Jun/2026:14:25:37 +0800] "POST /wp-cron.php?doing_wp_cron=1782023137.1386868953704833984375 HTTP/1.1" 200 31 "-" "WordPress/7.0; http://cqqizhou.com"
122.96.30.65 - - [21/Jun/2026:14:25:37 +0800] "GET / HTTP/1.1" 200 35219 "-" "Dalvik/2.1.0 (Linux; U; Android 9.0; ZTE BA520 Build/MRA58K)"
36.133.115.36 - - [21/Jun/2026:14:27:40 +0800] "POST /wp-cron.php?doing_wp_cron=1782023260.1959528923034667968750 HTTP/1.1" 200 31 "-" "WordPress/7.0; http://cqqizhou.com"
216.244.66.245 - - [21/Jun/2026:14:27:40 +0800] "GET /news/2483 HTTP/1.1" 200 86097 "-" "Mozilla/5.0 (compatible; DotBot/1.2; +https://opensiteexplorer.org/dotbot; help@moz.com)"
122.96.30.65 - - [21/Jun/2026:14:29:57 +0800] "GET / HTTP/1.1" 200 41076 "-" "Mozilla/5.0 (Macintosh; Intel Mac OS X 10_11) AppleWebKit/601.1.27 (KHTML, like Gecko) Chrome/47.0.2526.106 Safari/601.1.27"
36.133.115.36 - - [21/Jun/2026:14:34:50 +0800] "POST /wp-cron.php?doing_wp_cron=1782023689.9632749557495117187500 HTTP/1.1" 200 31 "-" "WordPress/7.0; http://cqqizhou.com"
114.119.144.41 - - [21/Jun/2026:14:34:50 +0800] "GET /robots.txt HTTP/1.1" 200 190 "http://cqqizhou.com/robots.txt" "Mozilla/5.0 (compatible;PetalBot;+https://webmaster.petalsearch.com/site/petalbot)"
121.29.51.109 - - [21/Jun/2026:14:36:45 +0800] "GET / HTTP/1.1" 200 41076 "-" "Mozilla/5.0 (Windows; U; Windows NT 5.1; en-US; rv:1.9.1b4pre) Gecko/20090401 Firefox/3.5b4pre"
120.241.209.227 - - [21/Jun/2026:14:37:45 +0800] "GET /news/2483 HTTP/1.1" 200 24815 "-" "Mozilla/5.0 (Windows NT 10.0; Win64; x64) AppleWebKit/537.36 (KHTML, like Gecko) Chrome/103.0.0.0 Safari/537.36"
36.133.115.36 - - [21/Jun/2026:14:37:57 +0800] "POST /wp-cron.php?doing_wp_cron=1782023877.8054869174957275390625 HTTP/1.1" 200 31 "-" "WordPress/7.0; http://cqqizhou.com"
121.29.51.109 - - [21/Jun/2026:14:37:57 +0800] "GET / HTTP/1.1" 200 35217 "-" "Dalvik/2.1.0 (Linux; U; Android 9.0; ZTE BA520 Build/MRA58K)"
120.241.209.240 - - [21/Jun/2026:14:39:37 +0800] "GET /work-safety HTTP/1.1" 200 26099 "-" "Mozilla/5.0 (Windows NT 10.0; Win64; x64) AppleWebKit/537.36 (KHTML, like Gecko) Chrome/116.0.0.0 Safari/537.36"
36.133.115.36 - - [21/Jun/2026:14:50:57 +0800] "POST /wp-cron.php?doing_wp_cron=1782024657.3446431159973144531250 HTTP/1.1" 200 31 "-" "WordPress/7.0; http://cqqizhou.com"
43.135.144.126 - - [21/Jun/2026:14:50:57 +0800] "GET / HTTP/1.1" 200 35217 "-" "Mozilla/5.0 (iPhone; CPU iPhone OS 13_2_3 like Mac OS X) AppleWebKit/605.1.15 (KHTML, like Gecko) Version/13.0.3 Mobile/15E148 Safari/604.1"
36.133.115.36 - - [21/Jun/2026:14:51:55 +0800] "POST /wp-cron.php?doing_wp_cron=1782024715.8699328899383544921875 HTTP/1.1" 200 31 "-" "WordPress/7.0; http://cqqizhou.com"
43.134.36.238 - - [21/Jun/2026:14:51:55 +0800] "GET / HTTP/1.1" 301 5 "-" "Mozilla/5.0 (iPhone; CPU iPhone OS 13_2_3 like Mac OS X) AppleWebKit/605.1.15 (KHTML, like Gecko) Version/13.0.3 Mobile/15E148 Safari/604.1"
43.134.36.238 - - [21/Jun/2026:14:51:57 +0800] "GET / HTTP/1.1" 200 35217 "http://www.cqqizhou.com" "Mozilla/5.0 (iPhone; CPU iPhone OS 13_2_3 like Mac OS X) AppleWebKit/605.1.15 (KHTML, like Gecko) Version/13.0.3 Mobile/15E148 Safari/604.1"
36.133.115.36 - - [21/Jun/2026:14:53:43 +0800] "POST /wp-cron.php?doing_wp_cron=1782024823.0363130569458007812500 HTTP/1.1" 200 31 "-" "WordPress/7.0; http://cqqizhou.com"
35.195.128.171 - - [21/Jun/2026:14:53:43 +0800] "GET / HTTP/1.1" 200 35217 "-" "Mozilla/5.0 (Windows NT 10.0; Win64; x64) AppleWebKit/537.36 (KHTML, like Gecko) Chrome/127.0.0.0 Safari/537.36"
36.133.115.36 - - [21/Jun/2026:14:55:04 +0800] "POST /wp-cron.php?doing_wp_cron=1782024903.9638500213623046875000 HTTP/1.1" 200 31 "-" "WordPress/7.0; http://cqqizhou.com"
110.249.201.108 - - [21/Jun/2026:14:55:04 +0800] "GET /robots.txt HTTP/1.1" 200 190 "-" "Mozilla/5.0 (Linux; Android 5.0) AppleWebKit/537.36 (KHTML, like Gecko) Mobile Safari/537.36 (compatible; Bytespider; https://zhanzhang.toutiao.com/)"
112.90.2.183 - - [21/Jun/2026:15:03:54 +0800] "GET /news/2418 HTTP/1.1" 200 27926 "-" "Mozilla/5.0 (Windows NT 10.0; Win64; x64) AppleWebKit/537.36 (KHTML, like Gecko) Chrome/133.0.0.0 Safari/537.36"
36.133.115.36 - - [21/Jun/2026:15:05:41 +0800] "POST /wp-cron.php?doing_wp_cron=1782025541.9146149158477783203125 HTTP/1.1" 200 31 "-" "WordPress/7.0; http://cqqizhou.com"
216.244.66.245 - - [21/Jun/2026:15:05:41 +0800] "GET /robots.txt HTTP/1.1" 200 390 "-" "Mozilla/5.0 (compatible; DotBot/1.2; +https://opensiteexplorer.org/dotbot; help@moz.com)"
36.106.61.138 - - [21/Jun/2026:15:06:04 +0800] "GET /portfolio/ HTTP/1.1" 404 9498 "-" "Mozilla/5.0 (Macintosh; Intel Mac OS X 10_15_7) AppleWebKit/537.36 (KHTML, like Gecko) Chrome/140.0.0.0 Safari/537.36"
36.133.115.36 - - [21/Jun/2026:15:12:24 +0800] "POST /wp-cron.php?doing_wp_cron=1782025944.8047959804534912109375 HTTP/1.1" 200 31 "-" "WordPress/7.0; http://cqqizhou.com"
216.244.66.245 - - [21/Jun/2026:15:12:24 +0800] "GET /news/tag/%E5%90%AF%E8%88%9F%E7%AE%A1%E7%90%86 HTTP/1.1" 200 89540 "-" "Mozilla/5.0 (compatible; DotBot/1.2; +https://opensiteexplorer.org/dotbot; help@moz.com)"
36.133.108.125 - - [21/Jun/2026:15:31:31 +0800] "HEAD /tests/vendor/phpunit/phpunit/src/Util/PHP/eval-stdin.php HTTP/1.1" 404 0 "-" "Mozilla/5.0 (Windows NT 6.1; WOW64; rv:31.0) Gecko/20130401 Firefox/31.0"
36.133.115.36 - - [21/Jun/2026:15:46:27 +0800] "POST /wp-cron.php?doing_wp_cron=1782027987.4454998970031738281250 HTTP/1.1" 200 31 "-" "WordPress/7.0; http://cqqizhou.com"
157.148.43.3 - - [21/Jun/2026:15:46:27 +0800] "GET /2388/ HTTP/1.1" 301 5 "-" "Mozilla/5.0 (Windows NT 10.0; Win64; x64) AppleWebKit/537.36 (KHTML, like Gecko) Chrome/112.0.0.0 Safari/537.36"
14.29.109.209 - - [21/Jun/2026:15:46:27 +0800] "GET /news/2388 HTTP/1.1" 200 25105 "-" "Mozilla/5.0 (Windows NT 10.0; Win64; x64) AppleWebKit/537.36 (KHTML, like Gecko) Chrome/112.0.0.0 Safari/537.36"
36.133.115.36 - - [21/Jun/2026:15:51:56 +0800] "POST /wp-cron.php?doing_wp_cron=1782028316.0366098880767822265625 HTTP/1.1" 200 31 "-" "WordPress/7.0; http://cqqizhou.com"
216.244.66.245 - - [21/Jun/2026:15:51:56 +0800] "GET /robots.txt HTTP/1.1" 200 390 "-" "Mozilla/5.0 (compatible; DotBot/1.2; +https://opensiteexplorer.org/dotbot; help@moz.com)"
36.133.115.36 - - [21/Jun/2026:15:58:51 +0800] "POST /wp-cron.php?doing_wp_cron=1782028731.0110549926757812500000 HTTP/1.1" 200 31 "-" "WordPress/7.0; http://cqqizhou.com"
216.244.66.245 - - [21/Jun/2026:15:58:51 +0800] "GET /news/2475 HTTP/1.1" 200 91943 "-" "Mozilla/5.0 (compatible; DotBot/1.2; +https://opensiteexplorer.org/dotbot; help@moz.com)"
216.244.66.245 - - [21/Jun/2026:15:59:11 +0800] "GET /news/2159 HTTP/1.1" 200 97166 "-" "Mozilla/5.0 (compatible; DotBot/1.2; +https://opensiteexplorer.org/dotbot; help@moz.com)"
36.133.115.36 - - [21/Jun/2026:16:28:59 +0800] "POST /wp-cron.php?doing_wp_cron=1782030539.0484869480133056640625 HTTP/1.1" 200 31 "-" "WordPress/7.0; http://cqqizhou.com"
43.134.224.16 - - [21/Jun/2026:16:28:59 +0800] "GET / HTTP/1.1" 301 5 "-" "Mozilla/5.0 (iPhone; CPU iPhone OS 13_2_3 like Mac OS X) AppleWebKit/605.1.15 (KHTML, like Gecko) Version/13.0.3 Mobile/15E148 Safari/604.1"
43.134.224.16 - - [21/Jun/2026:16:29:01 +0800] "GET / HTTP/1.1" 200 35217 "http://36.133.115.36" "Mozilla/5.0 (iPhone; CPU iPhone OS 13_2_3 like Mac OS X) AppleWebKit/605.1.15 (KHTML, like Gecko) Version/13.0.3 Mobile/15E148 Safari/604.1"
36.133.115.36 - - [21/Jun/2026:16:37:52 +0800] "POST /wp-cron.php?doing_wp_cron=1782031072.0627090930938720703125 HTTP/1.1" 200 31 "-" "WordPress/7.0; http://cqqizhou.com"
216.244.66.245 - - [21/Jun/2026:16:37:52 +0800] "GET /robots.txt HTTP/1.1" 200 390 "-" "Mozilla/5.0 (compatible; DotBot/1.2; +https://opensiteexplorer.org/dotbot; help@moz.com)"
216.244.66.245 - - [21/Jun/2026:16:45:07 +0800] "GET /news/portfolio-tag/pangang HTTP/1.1" 200 76501 "-" "Mozilla/5.0 (compatible; DotBot/1.2; +https://opensiteexplorer.org/dotbot; help@moz.com)"
36.133.115.36 - - [21/Jun/2026:16:56:20 +0800] "POST /wp-cron.php?doing_wp_cron=1782032180.0919260978698730468750 HTTP/1.1" 200 31 "-" "WordPress/7.0; http://cqqizhou.com"
111.38.219.90 - - [21/Jun/2026:16:56:20 +0800] "GET /wp-json/oembed/1.0/embed?url=http%3A%2F%2Fcqqizhou.com%2Fnews%2F2440 HTTP/1.1" 200 1272 "-" "Mozilla/5.0 (Windows NT 10.0; Win64; x64) AppleWebKit/537.36 (KHTML, like Gecko) Chrome/142.0.0.0 Safari/537.36"
36.133.115.36 - - [21/Jun/2026:17:00:15 +0800] "POST /wp-cron.php?doing_wp_cron=1782032415.0030739307403564453125 HTTP/1.1" 200 31 "-" "WordPress/7.0; http://cqqizhou.com"
103.163.118.148 - - [21/Jun/2026:17:00:15 +0800] "GET /login HTTP/1.1" 301 5 "-" "Go-http-client/1.1"
103.163.118.148 - - [21/Jun/2026:17:00:15 +0800] "GET /login HTTP/1.1" 302 5 "http://36.133.115.36:80/login" "Go-http-client/1.1"
103.163.118.148 - - [21/Jun/2026:17:00:17 +0800] "GET /wp-login.php HTTP/1.1" 200 2821 "http://36.133.115.36/login" "Go-http-client/1.1"
36.133.115.36 - - [21/Jun/2026:17:13:42 +0800] "POST /wp-cron.php?doing_wp_cron=1782033222.8588459491729736328125 HTTP/1.1" 200 31 "-" "WordPress/7.0; http://cqqizhou.com"
20.163.39.86 - - [21/Jun/2026:17:13:42 +0800] "GET / HTTP/1.1" 301 5 "-" "Mozilla/5.0 zgrab/0.x"
36.133.115.36 - - [21/Jun/2026:17:22:44 +0800] "POST /wp-cron.php?doing_wp_cron=1782033764.4225668907165527343750 HTTP/1.1" 200 31 "-" "WordPress/7.0; http://cqqizhou.com"
216.244.66.245 - - [21/Jun/2026:17:22:44 +0800] "GET /robots.txt HTTP/1.1" 200 390 "-" "Mozilla/5.0 (compatible; DotBot/1.2; +https://opensiteexplorer.org/dotbot; help@moz.com)"
36.133.115.36 - - [21/Jun/2026:17:30:17 +0800] "POST /wp-cron.php?doing_wp_cron=1782034217.8406789302825927734375 HTTP/1.1" 200 31 "-" "WordPress/7.0; http://cqqizhou.com"
216.244.66.245 - - [21/Jun/2026:17:30:17 +0800] "GET /2165/ HTTP/1.1" 301 5 "-" "Mozilla/5.0 (compatible; DotBot/1.2; +https://opensiteexplorer.org/dotbot; help@moz.com)"
36.133.115.36 - - [21/Jun/2026:17:50:29 +0800] "POST /wp-cron.php?doing_wp_cron=1782035428.9885389804840087890625 HTTP/1.1" 200 31 "-" "WordPress/7.0; http://cqqizhou.com"
106.115.39.70 - - [21/Jun/2026:17:50:29 +0800] "GET http://cqqizhou.com/wp-content/uploads/2026/02/1770617977-Article_images_W900px.webp%20900w,%20http://cqqizhou.com/wp-content/uploads/2026/02/1770617977-Article_images_W900px-300x225.webp%20300w,%20http://cqqizhou.com/wp-content/uploads/2026/02/1770617977-Article_images_W900px-768x576.webp%20768w HTTP/1.1" 301 5 "http://cqqizhou.com/" "Mozilla/5.0 (Windows NT 10.0; Win64; x64) AppleWebKit/537.36 (KHTML, like Gecko) Chrome/131.0.0.0 Safari/537.36"
