205.169.39.51 - - [10/Apr/2026:10:25:40 +0800] "GET /wp-content/uploads/2026/01/1768276119-qizhoujiagong_Slider_3840%C3%972160_20260113-scaled-50x100.webp HTTP/1.1" 200 976 "http://cqqizhou.com/" "Mozilla/5.0 (Windows NT 10.0; Win64; x64) AppleWebKit/537.36 (KHTML, like Gecko) Chrome/117.0.5938.132 Safari/537.36"
205.169.39.51 - - [10/Apr/2026:10:25:40 +0800] "GET /wp-content/uploads/2025/07/1753453096-%E5%8F%8C%E7%9B%B8%E9%92%A2product_Single600%C3%97284.webp HTTP/1.1" 200 14562 "http://cqqizhou.com/" "Mozilla/5.0 (Windows NT 10.0; Win64; x64) AppleWebKit/537.36 (KHTML, like Gecko) Chrome/117.0.5938.132 Safari/537.36"
205.169.39.51 - - [10/Apr/2026:10:25:40 +0800] "GET /wp-content/uploads/2025/07/1753456723-%E5%8F%8C%E7%9B%B8%E9%92%A2roduct_Single600.webp HTTP/1.1" 200 22790 "http://cqqizhou.com/" "Mozilla/5.0 (Windows NT 10.0; Win64; x64) AppleWebKit/537.36 (KHTML, like Gecko) Chrome/117.0.5938.132 Safari/537.36"
205.169.39.51 - - [10/Apr/2026:10:25:40 +0800] "GET /wp-content/uploads/2025/07/1753453127-%E4%BD%99%E5%8D%B7product_Single600%C3%97284.webp HTTP/1.1" 200 18744 "http://cqqizhou.com/" "Mozilla/5.0 (Windows NT 10.0; Win64; x64) AppleWebKit/537.36 (KHTML, like Gecko) Chrome/117.0.5938.132 Safari/537.36"
205.169.39.51 - - [10/Apr/2026:10:25:40 +0800] "GET /wp-content/uploads/2025/07/1753456770-%E7%83%AD%E9%95%80%E9%94%8C%E5%8D%B7product_Single600.webp HTTP/1.1" 200 27502 "http://cqqizhou.com/" "Mozilla/5.0 (Windows NT 10.0; Win64; x64) AppleWebKit/537.36 (KHTML, like Gecko) Chrome/117.0.5938.132 Safari/537.36"
205.169.39.51 - - [10/Apr/2026:10:25:40 +0800] "GET /wp-json/sliderrevolution/sliders/1?srengine=7&slideid=4 HTTP/1.1" 200 2580 "http://cqqizhou.com/" "Mozilla/5.0 (Windows NT 10.0; Win64; x64) AppleWebKit/537.36 (KHTML, like Gecko) Chrome/117.0.5938.132 Safari/537.36"
205.169.39.51 - - [10/Apr/2026:10:25:40 +0800] "GET /wp-json/sliderrevolution/sliders/1?srengine=7&slideid=2 HTTP/1.1" 200 2000 "http://cqqizhou.com/" "Mozilla/5.0 (Windows NT 10.0; Win64; x64) AppleWebKit/537.36 (KHTML, like Gecko) Chrome/117.0.5938.132 Safari/537.36"
205.169.39.51 - - [10/Apr/2026:10:25:41 +0800] "GET /wp-content/uploads/2026/01/1768276119-qizhoujiagong_Slider_3840%C3%972160_20260113-scaled.webp HTTP/1.1" 200 131696 "http://cqqizhou.com/" "Mozilla/5.0 (Windows NT 10.0; Win64; x64) AppleWebKit/537.36 (KHTML, like Gecko) Chrome/117.0.5938.132 Safari/537.36"
205.169.39.51 - - [10/Apr/2026:10:25:41 +0800] "GET /wp-content/uploads/revslider/slider-1/1750861156-logistics_Slider_3840%C3%972160_20250625191356-scaled.webp HTTP/1.1" 200 197360 "http://cqqizhou.com/" "Mozilla/5.0 (Windows NT 10.0; Win64; x64) AppleWebKit/537.36 (KHTML, like Gecko) Chrome/117.0.5938.132 Safari/537.36"
205.169.39.51 - - [10/Apr/2026:10:25:48 +0800] "GET /wp-content/uploads/2025/12/1765268955-qizhou_Slider1_3840%C3%972160_20251210-scaled-50x100.webp HTTP/1.1" 200 1812 "http://cqqizhou.com/" "Mozilla/5.0 (X11; Linux x86_64) AppleWebKit/537.36 (KHTML, like Gecko) HeadlessChrome/127.0.6533.119 Safari/537.36"
36.133.115.36 - - [10/Apr/2026:10:26:32 +0800] "POST /wp-cron.php?doing_wp_cron=1775787992.5063419342041015625000 HTTP/1.1" 200 31 "-" "WordPress/6.9; http://cqqizhou.com"
146.70.149.55 - - [10/Apr/2026:10:26:32 +0800] "GET /wp-content/plugins/woocommerce-es/readme.txt HTTP/1.1" 404 8950 "-" "Mozilla/5.0 (Knoppix; Linux x86_64) AppleWebKit/537.36 (KHTML, like Gecko) Chrome/140.0.0.0 Safari/537.36"
36.133.115.36 - - [10/Apr/2026:10:26:33 +0800] "POST /wp-cron.php?doing_wp_cron=1775787993.2951710224151611328125 HTTP/1.1" 200 31 "-" "WordPress/6.9; http://cqqizhou.com"
36.133.115.36 - - [10/Apr/2026:10:26:33 +0800] "POST /wp-cron.php?doing_wp_cron=1775787993.2937979698181152343750 HTTP/1.1" 200 31 "-" "WordPress/6.9; http://cqqizhou.com"
146.70.149.55 - - [10/Apr/2026:10:26:33 +0800] "GET /wp-content/plugins/external-video-for-everybody/readme.txt HTTP/1.1" 404 8950 "-" "Mozilla/5.0 (Kubuntu; Linux x86_64) AppleWebKit/537.36 (KHTML, like Gecko) Chrome/137.0.0.0 Safari/537.36"
146.70.149.55 - - [10/Apr/2026:10:26:33 +0800] "GET /wp-content/plugins/ninja-forms-uploads/readme.txt HTTP/1.1" 404 8950 "-" "Mozilla/5.0 (Macintosh; Intel Mac OS X 10.11; rv:140.0) Gecko/20100101 Firefox/140.0"
146.70.149.55 - - [10/Apr/2026:10:26:33 +0800] "GET /wp-content/plugins/jobcareer/readme.txt HTTP/1.1" 404 8950 "-" "Mozilla/5.0 (Windows NT 10.0; WOW64) AppleWebKit/537.36 (KHTML, like Gecko) Chrome/50.0.2661.75 Safari/537.36"
146.70.149.55 - - [10/Apr/2026:10:26:33 +0800] "GET /wp-content/plugins/gf-freshdesk/readme.txt HTTP/1.1" 404 8950 "-" "Mozilla/5.0 (Windows NT 10.0; Win64; x64) AppleWebKit/537.36 (KHTML, like Gecko) Chrome/58.0.3029.110 Safari/537.3"
146.70.149.55 - - [10/Apr/2026:10:26:34 +0800] "GET /wp-content/plugins/direct-payments-wp/readme.txt HTTP/1.1" 404 8951 "-" "Mozilla/5.0 (ZZ; Linux x86_64) AppleWebKit/537.36 (KHTML, like Gecko) Chrome/134.0.0.0 Safari/537.36"
146.70.149.55 - - [10/Apr/2026:10:26:34 +0800] "GET /wp-content/plugins/rentfetch/readme.txt HTTP/1.1" 404 8951 "-" "Mozilla/5.0 (Macintosh, Intel Mac OS X 10_15_7) AppleWebKit/605.1.15 (KHTML, like Gecko) Version/18.3 Safari/605.1.15"
146.70.149.55 - - [10/Apr/2026:10:26:34 +0800] "GET /wp-content/plugins/wordpress-mobile-pack/readme.txt HTTP/1.1" 404 8951 "-" "Mozilla/5.0 (Macintosh; Intel Mac OS X 10_11_2) AppleWebKit/601.3.9 (KHTML, like Gecko) Version/9.0.2 Safari/601.3.9"
146.70.149.55 - - [10/Apr/2026:10:26:34 +0800] "GET /wp-content/plugins/syntaxhighlighter/readme.txt HTTP/1.1" 404 8951 "-" "Mozilla/5.0 (Kubuntu; Linux i686) AppleWebKit/537.36 (KHTML, like Gecko) Chrome/133.0.0.0 Safari/537.36"
146.70.149.55 - - [10/Apr/2026:10:26:35 +0800] "GET /wp-content/plugins/oauth-client-for-user-authentication/readme.txt HTTP/1.1" 404 8950 "-" "Mozilla/5.0 (Macintosh; Intel Mac OS X 10_15_7) AppleWebKit/605.1.15 (KHTML, like Gecko) Version/17.8.1 Safari/605.1.15"
146.70.149.55 - - [10/Apr/2026:10:26:35 +0800] "GET /wp-content/plugins/wp-fullcalendar/readme.txt HTTP/1.1" 404 8950 "-" "Mozilla/5.0 (Windows NT 10.0; Win64; x64; rv:140.0) Gecko/20100101 Firefox/140.0 Thunderbird/140.0"
146.70.149.55 - - [10/Apr/2026:10:26:35 +0800] "GET /wp-content/plugins/jw-player-7-for-wp/readme.txt HTTP/1.1" 404 8950 "-" "Mozilla/5.0 (Macintosh; U; PPC Mac OS X; de-de) AppleWebKit/125.5.6 (KHTML, like Gecko) Safari/125.12"
146.70.149.55 - - [10/Apr/2026:10:26:35 +0800] "GET /wp-content/plugins/acf-frontend-display/readme.txt HTTP/1.1" 404 8950 "-" "Mozilla/5.0 (Macintosh; Intel Mac OS X 10_15_7) AppleWebKit/605.1.15 (KHTML, like Gecko) Version/15.2 Safari/605.1.15"
146.70.149.55 - - [10/Apr/2026:10:26:35 +0800] "GET /wp-content/plugins/responsive-contact-form/readme.txt HTTP/1.1" 404 8950 "-" "Mozilla/5.0 (Macintosh; Intel Mac OS X 10_9_5) AppleWebKit/600.2.5 (KHTML, like Gecko) Version/7.1.2 Safari/537.85.11"
146.70.149.55 - - [10/Apr/2026:10:26:35 +0800] "GET /wp-content/plugins/local-magic/readme.txt HTTP/1.1" 404 8950 "-" "Mozilla/5.0 (X11; Linux x86_64) AppleWebKit/537.36 (KHTML, like Gecko) Chrome/119.0.0.0 Safari/537.36"
146.70.149.55 - - [10/Apr/2026:10:26:36 +0800] "GET /wp-content/plugins/chatlive/readme.txt HTTP/1.1" 404 8950 "-" "Mozilla/5.0 (X11; Ubuntu; Linux x86_64; rv:127.0) Gecko/20100101 Firefox/127.0"
146.70.149.55 - - [10/Apr/2026:10:26:36 +0800] "GET /wp-content/plugins/restrict-content/readme.txt HTTP/1.1" 404 8950 "-" "Mozilla/5.0 (Macintosh; Intel Mac OS X 10_10_5) AppleWebKit/601.1.56 (KHTML, like Gecko) Version/9.0 Safari/601.1.56"
146.70.149.55 - - [10/Apr/2026:10:26:36 +0800] "GET /wp-content/plugins/gym-management/readme.txt HTTP/1.1" 404 8950 "-" "Mozilla/5.0 (Macintosh; Intel Mac OS X 10_8_2 rv:2.0; mai-IN) AppleWebKit/533.27.1 (KHTML, like Gecko) Version/5.0 Safari/533.27.1"
36.133.115.36 - - [10/Apr/2026:10:29:13 +0800] "POST /wp-cron.php?doing_wp_cron=1775788153.0030040740966796875000 HTTP/1.1" 200 31 "-" "WordPress/6.9; http://cqqizhou.com"
43.130.110.130 - - [10/Apr/2026:10:29:13 +0800] "GET /news/portfolio-category/dual-phase-steel HTTP/1.1" 200 17729 "-" "Mozilla/5.0 (iPhone; CPU iPhone OS 13_2_3 like Mac OS X) AppleWebKit/605.1.15 (KHTML, like Gecko) Version/13.0.3 Mobile/15E148 Safari/604.1"
36.133.115.36 - - [10/Apr/2026:11:12:31 +0800] "POST /wp-cron.php?doing_wp_cron=1775790751.8612489700317382812500 HTTP/1.1" 200 31 "-" "WordPress/6.9; http://cqqizhou.com"
66.249.74.9 - - [10/Apr/2026:11:12:31 +0800] "GET /news/2502 HTTP/1.1" 200 20576 "-" "Mozilla/5.0 (Linux; Android 6.0.1; Nexus 5X Build/MMB29P) AppleWebKit/537.36 (KHTML, like Gecko) Chrome/146.0.7680.177 Mobile Safari/537.36 (compatible; Googlebot/2.1; +http://www.google.com/bot.html)"
36.133.115.36 - - [10/Apr/2026:11:21:09 +0800] "POST /wp-cron.php?doing_wp_cron=1775791269.3234848976135253906250 HTTP/1.1" 200 31 "-" "WordPress/6.9; http://cqqizhou.com"
43.128.156.124 - - [10/Apr/2026:11:21:09 +0800] "GET /news/portfolio/duplex-stainless-steel HTTP/1.1" 200 18779 "-" "Mozilla/5.0 (iPhone; CPU iPhone OS 13_2_3 like Mac OS X) AppleWebKit/605.1.15 (KHTML, like Gecko) Version/13.0.3 Mobile/15E148 Safari/604.1"
36.133.115.36 - - [10/Apr/2026:11:23:21 +0800] "POST /wp-cron.php?doing_wp_cron=1775791401.8204410076141357421875 HTTP/1.1" 200 31 "-" "WordPress/6.9; http://cqqizhou.com"
213.55.85.179 - - [10/Apr/2026:11:23:21 +0800] "GET / HTTP/1.1" 301 5 "-" "Go-http-client/1.1"
213.55.85.179 - - [10/Apr/2026:11:23:23 +0800] "GET / HTTP/1.1" 200 35155 "http://36.133.115.36" "Go-http-client/1.1"
36.133.115.36 - - [10/Apr/2026:11:30:44 +0800] "POST /wp-cron.php?doing_wp_cron=1775791844.2439019680023193359375 HTTP/1.1" 200 31 "-" "WordPress/6.9; http://cqqizhou.com"
114.119.143.39 - - [10/Apr/2026:11:30:44 +0800] "GET /robots.txt HTTP/1.1" 200 190 "-" "Mozilla/5.0 (compatible;PetalBot;+https://webmaster.petalsearch.com/site/petalbot)"
36.133.115.36 - - [10/Apr/2026:11:33:02 +0800] "POST /wp-cron.php?doing_wp_cron=1775791982.5045099258422851562500 HTTP/1.1" 200 31 "-" "WordPress/6.9; http://cqqizhou.com"
20.43.32.201 - - [10/Apr/2026:11:33:02 +0800] "GET / HTTP/1.1" 301 5 "-" "Go-http-client/1.1"
20.43.32.201 - - [10/Apr/2026:11:33:04 +0800] "GET / HTTP/1.1" 200 108276 "http://36.133.115.36" "Go-http-client/1.1"
36.133.115.36 - - [10/Apr/2026:11:51:26 +0800] "POST /wp-cron.php?doing_wp_cron=1775793086.4099659919738769531250 HTTP/1.1" 200 31 "-" "WordPress/6.9; http://cqqizhou.com"
129.226.213.145 - - [10/Apr/2026:11:51:26 +0800] "GET /media HTTP/1.1" 200 25904 "-" "Mozilla/5.0 (iPhone; CPU iPhone OS 13_2_3 like Mac OS X) AppleWebKit/605.1.15 (KHTML, like Gecko) Version/13.0.3 Mobile/15E148 Safari/604.1"
36.133.115.36 - - [10/Apr/2026:12:00:04 +0800] "POST /wp-cron.php?doing_wp_cron=1775793604.7465510368347167968750 HTTP/1.1" 200 31 "-" "WordPress/6.9; http://cqqizhou.com"
114.119.132.59 - - [10/Apr/2026:12:00:04 +0800] "GET /wp-sitemap.xml HTTP/1.1" 501 253 "-" "Mozilla/5.0 (Linux; Android 7.0;) AppleWebKit/537.36 (KHTML, like Gecko) Mobile Safari/537.36 (compatible; PetalBot;+https://webmaster.petalsearch.com/site/petalbot)"
36.133.115.36 - - [10/Apr/2026:12:04:56 +0800] "POST /wp-cron.php?doing_wp_cron=1775793896.8452510833740234375000 HTTP/1.1" 200 31 "-" "WordPress/6.9; http://cqqizhou.com"
220.181.108.177 - - [10/Apr/2026:12:04:56 +0800] "GET /wp-json/oembed/1.0/embed?url=http%3A%2F%2Fcqqizhou.com%2F2162%2F HTTP/1.1" 404 100 "-" "Mozilla/5.0 (compatible; Baiduspider/2.0; +http://www.baidu.com/search/spider.html)"
36.133.115.36 - - [10/Apr/2026:12:11:47 +0800] "POST /wp-cron.php?doing_wp_cron=1775794307.6235539913177490234375 HTTP/1.1" 200 31 "-" "WordPress/6.9; http://cqqizhou.com"
43.166.226.186 - - [10/Apr/2026:12:11:47 +0800] "GET /news/portfolio-tag/ansteel-thyssen HTTP/1.1" 200 18146 "-" "Mozilla/5.0 (iPhone; CPU iPhone OS 13_2_3 like Mac OS X) AppleWebKit/605.1.15 (KHTML, like Gecko) Version/13.0.3 Mobile/15E148 Safari/604.1"
36.133.115.36 - - [10/Apr/2026:12:25:25 +0800] "POST /wp-cron.php?doing_wp_cron=1775795124.9632430076599121093750 HTTP/1.1" 200 31 "-" "WordPress/6.9; http://cqqizhou.com"
51.89.129.88 - - [10/Apr/2026:12:25:25 +0800] "GET /news/portfolio-category/cold-rolled-coil HTTP/1.1" 200 17953 "-" "Mozilla/5.0 (compatible; AhrefsBot/7.0; +http://ahrefs.com/robot/)"
66.249.74.9 - - [10/Apr/2026:12:27:30 +0800] "GET /material.html HTTP/1.1" 200 6459 "-" "Mozilla/5.0 (Linux; Android 6.0.1; Nexus 5X Build/MMB29P) AppleWebKit/537.36 (KHTML, like Gecko) Chrome/146.0.7680.177 Mobile Safari/537.36 (compatible; Googlebot/2.1; +http://www.google.com/bot.html)"
36.133.115.36 - - [10/Apr/2026:12:29:14 +0800] "POST /wp-cron.php?doing_wp_cron=1775795354.0943191051483154296875 HTTP/1.1" 200 31 "-" "WordPress/6.9; http://cqqizhou.com"
218.93.112.2 - - [10/Apr/2026:12:29:14 +0800] "GET / HTTP/1.1" 301 5 "-" "Mozilla/5.0 (Windows NT 6.1; WOW64) AppleWebKit/537.36 (KHTML, like Gecko) Chrome/45.0.2454.101 Safari/537.36"
218.93.112.2 - - [10/Apr/2026:12:29:15 +0800] "GET / HTTP/1.1" 200 35136 "-" "Mozilla/5.0 (Windows NT 6.1; WOW64) AppleWebKit/537.36 (KHTML, like Gecko) Chrome/45.0.2454.101 Safari/537.36"
36.133.115.36 - - [10/Apr/2026:12:37:25 +0800] "POST /wp-cron.php?doing_wp_cron=1775795845.5884599685668945312500 HTTP/1.1" 200 31 "-" "WordPress/6.9; http://cqqizhou.com"
43.153.74.75 - - [10/Apr/2026:12:37:25 +0800] "GET / HTTP/1.1" 200 34718 "-" "Mozilla/5.0 (iPhone; CPU iPhone OS 13_2_3 like Mac OS X) AppleWebKit/605.1.15 (KHTML, like Gecko) Version/13.0.3 Mobile/15E148 Safari/604.1"
36.133.115.36 - - [10/Apr/2026:13:00:45 +0800] "POST /wp-cron.php?doing_wp_cron=1775797245.1124091148376464843750 HTTP/1.1" 200 31 "-" "WordPress/6.9; http://cqqizhou.com"
5.61.209.107 - - [10/Apr/2026:13:00:45 +0800] "GET /SDK/webLanguage HTTP/1.1" 301 5 "-" "Mozilla/5.0 (Windows NT 10.0; Win64; x64) AppleWebKit/537.36 (KHTML, like Gecko) Chrome/90.0.4430.85 Safari/537.36 Edg/90.0.818.46"
36.133.115.36 - - [10/Apr/2026:13:02:44 +0800] "POST /wp-cron.php?doing_wp_cron=1775797364.7082679271697998046875 HTTP/1.1" 200 31 "-" "WordPress/6.9; http://cqqizhou.com"
43.130.72.40 - - [10/Apr/2026:13:02:44 +0800] "GET / HTTP/1.1" 200 34718 "-" "Mozilla/5.0 (iPhone; CPU iPhone OS 13_2_3 like Mac OS X) AppleWebKit/605.1.15 (KHTML, like Gecko) Version/13.0.3 Mobile/15E148 Safari/604.1"
36.133.115.36 - - [10/Apr/2026:13:09:59 +0800] "POST /wp-cron.php?doing_wp_cron=1775797799.1162419319152832031250 HTTP/1.1" 200 31 "-" "WordPress/6.9; http://cqqizhou.com"
43.128.67.187 - - [10/Apr/2026:13:09:59 +0800] "GET /news/portfolio/remaining-rolls HTTP/1.1" 200 18800 "-" "Mozilla/5.0 (iPhone; CPU iPhone OS 13_2_3 like Mac OS X) AppleWebKit/605.1.15 (KHTML, like Gecko) Version/13.0.3 Mobile/15E148 Safari/604.1"
41.222.202.10 - - [10/Apr/2026:13:17:29 +0800] "GET http://cqqizhou.com HTTP/1.1" 200 35156 "-" "Mozilla/5.0 (Windows NT 10.0; Win64; x64) AppleWebKit/537.36 (KHTML, like Gecko) Chrome/121.0.0.0 Safari/537.36 Edg/121.0.0.0 Agency/98.8.8188.80"
36.133.115.36 - - [10/Apr/2026:13:21:34 +0800] "POST /wp-cron.php?doing_wp_cron=1775798494.0500710010528564453125 HTTP/1.1" 200 31 "-" "WordPress/6.9; http://cqqizhou.com"
114.119.149.218 - - [10/Apr/2026:13:21:34 +0800] "GET /wp-sitemap.xml HTTP/1.1" 501 253 "-" "Mozilla/5.0 (Linux; Android 7.0;) AppleWebKit/537.36 (KHTML, like Gecko) Mobile Safari/537.36 (compatible; PetalBot;+https://webmaster.petalsearch.com/site/petalbot)"
36.133.115.36 - - [10/Apr/2026:13:29:29 +0800] "POST /wp-cron.php?doing_wp_cron=1775798969.7092289924621582031250 HTTP/1.1" 200 31 "-" "WordPress/6.9; http://cqqizhou.com"
146.70.149.55 - - [10/Apr/2026:13:29:29 +0800] "GET /wp-content/plugins/restrict-content/readme.txt HTTP/1.1" 301 5 "-" "Mozilla/5.0 (Macintosh; Intel Mac OS X 10_15_7) AppleWebKit/605.1.15 (KHTML, like Gecko) Version/17.5 Safari/605.1.15"
146.70.149.55 - - [10/Apr/2026:13:29:30 +0800] "GET /wp-content/plugins/rentfetch/readme.txt HTTP/1.1" 301 5 "-" "Mozilla/5.0 (X11; Linux x86_64; rv:1.9.5.20) Gecko/ Firefox/3.6.14"
146.70.149.55 - - [10/Apr/2026:13:29:30 +0800] "GET /wp-content/plugins/wp-fullcalendar/readme.txt HTTP/1.1" 301 5 "-" "Mozilla/5.0 (ZZ; Linux i686) AppleWebKit/537.36 (KHTML, like Gecko) Chrome/142.0.0.0 Safari/537.36"
146.70.149.55 - - [10/Apr/2026:13:29:31 +0800] "GET /wp-content/plugins/restrict-content/readme.txt HTTP/1.1" 404 8950 "http://www.cqqizhou.com/wp-content/plugins/restrict-content/readme.txt" "Mozilla/5.0 (Macintosh; Intel Mac OS X 10_15_7) AppleWebKit/605.1.15 (KHTML, like Gecko) Version/17.5 Safari/605.1.15"
146.70.149.55 - - [10/Apr/2026:13:29:31 +0800] "GET /wp-content/plugins/acf-frontend-display/readme.txt HTTP/1.1" 301 5 "-" "Mozilla/5.0 (X11; Linux i686; rv:1.9.7.20) Gecko/ Firefox/3.6.7"
146.70.149.55 - - [10/Apr/2026:13:29:31 +0800] "GET /wp-content/plugins/jw-player-7-for-wp/readme.txt HTTP/1.1" 301 5 "-" "Mozilla/5.0 (Macintosh; Intel Mac OS X 10_15_7) AppleWebKit/605.1.15 (KHTML, like Gecko) Version/17.5 Mobile/15E148 Safari/604.1"
146.70.149.55 - - [10/Apr/2026:13:29:31 +0800] "GET /wp-content/plugins/wordpress-mobile-pack/readme.txt HTTP/1.1" 301 5 "-" "Mozilla/5.0 (Macintosh; Intel Mac OS X 10_13_1) AppleWebKit/604.3.5 (KHTML, like Gecko) Version/11.0.1 Safari/604.3.5"
146.70.149.55 - - [10/Apr/2026:13:29:31 +0800] "GET /wp-content/plugins/rentfetch/readme.txt HTTP/1.1" 404 8950 "http://www.cqqizhou.com/wp-content/plugins/rentfetch/readme.txt" "Mozilla/5.0 (X11; Linux x86_64; rv:1.9.5.20) Gecko/ Firefox/3.6.14"
146.70.149.55 - - [10/Apr/2026:13:29:31 +0800] "GET /wp-content/plugins/direct-payments-wp/readme.txt HTTP/1.1" 301 5 "-" "Mozilla/5.0 (Windows NT 10.0; Win64; x64; rv:92.0) Gecko/20100101 Firefox/92.0"
146.70.149.55 - - [10/Apr/2026:13:29:31 +0800] "GET /wp-content/plugins/chatlive/readme.txt HTTP/1.1" 301 5 "-" "Mozilla/5.0 (CentOS; Linux i686) AppleWebKit/537.36 (KHTML, like Gecko) Chrome/137.0.0.0 Safari/537.36"
146.70.149.55 - - [10/Apr/2026:13:29:31 +0800] "GET /wp-content/plugins/woocommerce-es/readme.txt HTTP/1.1" 301 5 "-" "Mozilla/5.0 (Macintosh; Intel Mac OS X 10_15_7) AppleWebKit/605.1.15 (KHTML, like Gecko) Version/16.4 Safari/605.1.15"
146.70.149.55 - - [10/Apr/2026:13:29:31 +0800] "GET /wp-content/plugins/gym-management/readme.txt HTTP/1.1" 301 5 "-" "Mozilla/5.0 (Windows NT 10.0; Win64; x64; rv:140.0) Gecko/20100101 Firefox/140.3"
146.70.149.55 - - [10/Apr/2026:13:29:32 +0800] "GET /wp-content/plugins/local-magic/readme.txt HTTP/1.1" 301 5 "-" "Mozilla/5.0 (ZZ; Linux x86_64) AppleWebKit/537.36 (KHTML, like Gecko) Chrome/133.0.0.0 Safari/537.36"
146.70.149.55 - - [10/Apr/2026:13:29:32 +0800] "GET /wp-content/plugins/wp-fullcalendar/readme.txt HTTP/1.1" 404 8950 "http://www.cqqizhou.com/wp-content/plugins/wp-fullcalendar/readme.txt" "Mozilla/5.0 (ZZ; Linux i686) AppleWebKit/537.36 (KHTML, like Gecko) Chrome/142.0.0.0 Safari/537.36"
146.70.149.55 - - [10/Apr/2026:13:29:32 +0800] "GET /wp-content/plugins/oauth-client-for-user-authentication/readme.txt HTTP/1.1" 301 5 "-" "Mozilla/5.0 (X11; Linux x86_64; rv:128.0) Gecko/20100101 Firefox/128.0"
146.70.149.55 - - [10/Apr/2026:13:29:32 +0800] "GET /wp-content/plugins/jobcareer/readme.txt HTTP/1.1" 301 5 "-" "Mozilla/5.0 (Macintosh; Intel Mac OS X 10.15; rv:139.0) Gecko/20100101 Firefox/139.0"
146.70.149.55 - - [10/Apr/2026:13:29:32 +0800] "GET /wp-content/plugins/acf-frontend-display/readme.txt HTTP/1.1" 404 8950 "http://www.cqqizhou.com/wp-content/plugins/acf-frontend-display/readme.txt" "Mozilla/5.0 (X11; Linux i686; rv:1.9.7.20) Gecko/ Firefox/3.6.7"
146.70.149.55 - - [10/Apr/2026:13:29:32 +0800] "GET /wp-content/plugins/external-video-for-everybody/readme.txt HTTP/1.1" 301 5 "-" "Mozilla/5.0 (Windows NT 6.2; rv:140.) Gecko/20100101 Firefox/140."
146.70.149.55 - - [10/Apr/2026:13:29:32 +0800] "GET /wp-content/plugins/ninja-forms-uploads/readme.txt HTTP/1.1" 301 5 "-" "Mozilla/5.0 (Fedora; Linux i686) AppleWebKit/537.36 (KHTML, like Gecko) Chrome/136.0.0.0 Safari/537.36"
146.70.149.55 - - [10/Apr/2026:13:29:32 +0800] "GET /wp-content/plugins/jw-player-7-for-wp/readme.txt HTTP/1.1" 404 8950 "http://www.cqqizhou.com/wp-content/plugins/jw-player-7-for-wp/readme.txt" "Mozilla/5.0 (Macintosh; Intel Mac OS X 10_15_7) AppleWebKit/605.1.15 (KHTML, like Gecko) Version/17.5 Mobile/15E148 Safari/604.1"
146.70.149.55 - - [10/Apr/2026:13:29:32 +0800] "GET /wp-content/plugins/wordpress-mobile-pack/readme.txt HTTP/1.1" 404 8950 "http://www.cqqizhou.com/wp-content/plugins/wordpress-mobile-pack/readme.txt" "Mozilla/5.0 (Macintosh; Intel Mac OS X 10_13_1) AppleWebKit/604.3.5 (KHTML, like Gecko) Version/11.0.1 Safari/604.3.5"
146.70.149.55 - - [10/Apr/2026:13:29:32 +0800] "GET /wp-content/plugins/woocommerce-es/readme.txt HTTP/1.1" 404 8950 "http://www.cqqizhou.com/wp-content/plugins/woocommerce-es/readme.txt" "Mozilla/5.0 (Macintosh; Intel Mac OS X 10_15_7) AppleWebKit/605.1.15 (KHTML, like Gecko) Version/16.4 Safari/605.1.15"
146.70.149.55 - - [10/Apr/2026:13:29:33 +0800] "GET /wp-content/plugins/gf-freshdesk/readme.txt HTTP/1.1" 301 5 "-" "Mozilla/5.0 (Macintosh; Intel Mac OS X 10_11_6) AppleWebKit/601.7.7 (KHTML, like Gecko) Version/9.1.2 Safari/601.7.7"
146.70.149.55 - - [10/Apr/2026:13:29:33 +0800] "GET /wp-content/plugins/responsive-contact-form/readme.txt HTTP/1.1" 301 5 "-" "Mozilla/5.0 (Windows NT 10.0; WOW64; rv:70.0) Gecko/20100101 Firefox/70.0"
146.70.149.55 - - [10/Apr/2026:13:29:33 +0800] "GET /wp-content/plugins/syntaxhighlighter/readme.txt HTTP/1.1" 301 5 "-" "Mozilla/5.0 (Macintosh; Intel Mac OS X 10_9_5) AppleWebKit/600.1.17 (KHTML, like Gecko) Version/7.1 Safari/537.85.10"
146.70.149.55 - - [10/Apr/2026:13:29:33 +0800] "GET /wp-content/plugins/local-magic/readme.txt HTTP/1.1" 404 8950 "http://www.cqqizhou.com/wp-content/plugins/local-magic/readme.txt" "Mozilla/5.0 (ZZ; Linux x86_64) AppleWebKit/537.36 (KHTML, like Gecko) Chrome/133.0.0.0 Safari/537.36"
146.70.149.55 - - [10/Apr/2026:13:29:33 +0800] "GET /wp-content/plugins/oauth-client-for-user-authentication/readme.txt HTTP/1.1" 404 8950 "http://www.cqqizhou.com/wp-content/plugins/oauth-client-for-user-authentication/readme.txt" "Mozilla/5.0 (X11; Linux x86_64; rv:128.0) Gecko/20100101 Firefox/128.0"
146.70.149.55 - - [10/Apr/2026:13:29:33 +0800] "GET /wp-content/plugins/direct-payments-wp/readme.txt HTTP/1.1" 404 8950 "http://www.cqqizhou.com/wp-content/plugins/direct-payments-wp/readme.txt" "Mozilla/5.0 (Windows NT 10.0; Win64; x64; rv:92.0) Gecko/20100101 Firefox/92.0"
146.70.149.55 - - [10/Apr/2026:13:29:33 +0800] "GET /wp-content/plugins/external-video-for-everybody/readme.txt HTTP/1.1" 404 8950 "http://www.cqqizhou.com/wp-content/plugins/external-video-for-everybody/readme.txt" "Mozilla/5.0 (Windows NT 6.2; rv:140.) Gecko/20100101 Firefox/140."
146.70.149.55 - - [10/Apr/2026:13:29:33 +0800] "GET /wp-content/plugins/gym-management/readme.txt HTTP/1.1" 404 8950 "http://www.cqqizhou.com/wp-content/plugins/gym-management/readme.txt" "Mozilla/5.0 (Windows NT 10.0; Win64; x64; rv:140.0) Gecko/20100101 Firefox/140.3"
146.70.149.55 - - [10/Apr/2026:13:29:33 +0800] "GET /wp-content/plugins/chatlive/readme.txt HTTP/1.1" 404 8950 "http://www.cqqizhou.com/wp-content/plugins/chatlive/readme.txt" "Mozilla/5.0 (CentOS; Linux i686) AppleWebKit/537.36 (KHTML, like Gecko) Chrome/137.0.0.0 Safari/537.36"
146.70.149.55 - - [10/Apr/2026:13:29:34 +0800] "GET /wp-content/plugins/jobcareer/readme.txt HTTP/1.1" 404 8951 "http://www.cqqizhou.com/wp-content/plugins/jobcareer/readme.txt" "Mozilla/5.0 (Macintosh; Intel Mac OS X 10.15; rv:139.0) Gecko/20100101 Firefox/139.0"
146.70.149.55 - - [10/Apr/2026:13:29:34 +0800] "GET /wp-content/plugins/gf-freshdesk/readme.txt HTTP/1.1" 404 8951 "http://www.cqqizhou.com/wp-content/plugins/gf-freshdesk/readme.txt" "Mozilla/5.0 (Macintosh; Intel Mac OS X 10_11_6) AppleWebKit/601.7.7 (KHTML, like Gecko) Version/9.1.2 Safari/601.7.7"
146.70.149.55 - - [10/Apr/2026:13:29:34 +0800] "GET /wp-content/plugins/ninja-forms-uploads/readme.txt HTTP/1.1" 404 8951 "http://www.cqqizhou.com/wp-content/plugins/ninja-forms-uploads/readme.txt" "Mozilla/5.0 (Fedora; Linux i686) AppleWebKit/537.36 (KHTML, like Gecko) Chrome/136.0.0.0 Safari/537.36"
146.70.149.55 - - [10/Apr/2026:13:29:35 +0800] "GET /wp-content/plugins/syntaxhighlighter/readme.txt HTTP/1.1" 404 8950 "http://www.cqqizhou.com/wp-content/plugins/syntaxhighlighter/readme.txt" "Mozilla/5.0 (Macintosh; Intel Mac OS X 10_9_5) AppleWebKit/600.1.17 (KHTML, like Gecko) Version/7.1 Safari/537.85.10"
146.70.149.55 - - [10/Apr/2026:13:29:35 +0800] "GET /wp-content/plugins/responsive-contact-form/readme.txt HTTP/1.1" 404 8950 "http://www.cqqizhou.com/wp-content/plugins/responsive-contact-form/readme.txt" "Mozilla/5.0 (Windows NT 10.0; WOW64; rv:70.0) Gecko/20100101 Firefox/70.0"
36.133.115.36 - - [10/Apr/2026:13:36:04 +0800] "POST /wp-cron.php?doing_wp_cron=1775799364.1549210548400878906250 HTTP/1.1" 200 31 "-" "WordPress/6.9; http://cqqizhou.com"
195.210.112.8 - - [10/Apr/2026:13:36:04 +0800] "GET /contacts/ HTTP/1.1" 301 5 "-" "Mozilla/5.0 (X11; Linux x86_64) AppleWebKit/537.36 (KHTML, like Gecko) Chrome/114.0.0.0 Safari/537.36 Vivaldi/5.3.2679.68"
195.210.112.6 - - [10/Apr/2026:13:36:05 +0800] "GET /contacts HTTP/1.1" 200 21621 "http://cqqizhou.com/contacts/" "Mozilla/5.0 (X11; Linux x86_64) AppleWebKit/537.36 (KHTML, like Gecko) Chrome/114.0.0.0 Safari/537.36 Vivaldi/5.3.2679.68"
36.133.115.36 - - [10/Apr/2026:13:36:08 +0800] "POST /wp-cron.php?doing_wp_cron=1775799368.0095119476318359375000 HTTP/1.1" 200 31 "-" "WordPress/6.9; http://cqqizhou.com"
195.210.112.7 - - [10/Apr/2026:13:36:08 +0800] "POST /wp-json/contact-form-7/v1/contact-forms/158/feedback HTTP/1.1" 200 218 "http://cqqizhou.com/contacts" "Mozilla/5.0 (X11; Linux x86_64) AppleWebKit/537.36 (KHTML, like Gecko) Chrome/114.0.0.0 Safari/537.36 Vivaldi/5.3.2679.68"
36.133.115.36 - - [10/Apr/2026:13:40:31 +0800] "POST /wp-cron.php?doing_wp_cron=1775799631.0034360885620117187500 HTTP/1.1" 200 31 "-" "WordPress/6.9; http://cqqizhou.com"
43.157.170.13 - - [10/Apr/2026:13:40:31 +0800] "GET /news/portfolio/pickled-coil HTTP/1.1" 200 18800 "-" "Mozilla/5.0 (iPhone; CPU iPhone OS 13_2_3 like Mac OS X) AppleWebKit/605.1.15 (KHTML, like Gecko) Version/13.0.3 Mobile/15E148 Safari/604.1"
36.133.115.36 - - [10/Apr/2026:13:43:36 +0800] "POST /wp-cron.php?doing_wp_cron=1775799816.6326649188995361328125 HTTP/1.1" 200 31 "-" "WordPress/6.9; http://cqqizhou.com"
14.231.173.241 - - [10/Apr/2026:13:43:36 +0800] "GET http://cqqizhou.com/services HTTP/1.1" 200 31688 "-" "Mozilla/5.0 (Macintosh; Intel Mac OS X 10_15_7) AppleWebKit/537.36 (KHTML, like Gecko) Chrome/122.0.0.0 Safari/537.36"
36.133.115.36 - - [10/Apr/2026:13:50:23 +0800] "POST /wp-cron.php?doing_wp_cron=1775800223.5251739025115966796875 HTTP/1.1" 200 31 "-" "WordPress/6.9; http://cqqizhou.com"
43.157.150.69 - - [10/Apr/2026:13:50:23 +0800] "GET /bug HTTP/1.1" 200 11690 "-" "Mozilla/5.0 (iPhone; CPU iPhone OS 13_2_3 like Mac OS X) AppleWebKit/605.1.15 (KHTML, like Gecko) Version/13.0.3 Mobile/15E148 Safari/604.1"
36.133.115.36 - - [10/Apr/2026:13:56:47 +0800] "POST /wp-cron.php?doing_wp_cron=1775800607.6146850585937500000000 HTTP/1.1" 200 31 "-" "WordPress/6.9; http://cqqizhou.com"
125.80.206.38 - - [10/Apr/2026:13:56:47 +0800] "GET / HTTP/1.1" 301 5 "-" "Mozilla/5.0 (Windows NT 10.0; Win64; x64) AppleWebKit/537.36 (KHTML, like Gecko) Chrome/73.0.3683.86 Safari/537.36"
125.80.206.38 - - [10/Apr/2026:13:56:47 +0800] "GET / HTTP/1.1" 200 35156 "-" "Mozilla/5.0 (Windows NT 10.0; Win64; x64) AppleWebKit/537.36 (KHTML, like Gecko) Chrome/73.0.3683.86 Safari/537.36"
125.80.206.38 - - [10/Apr/2026:13:56:48 +0800] "GET /contacts/ HTTP/1.1" 301 5 "-" "Mozilla/5.0 (Windows NT 10.0; Win64; x64) AppleWebKit/537.36 (KHTML, like Gecko) Chrome/73.0.3683.86 Safari/537.36"
125.80.206.38 - - [10/Apr/2026:13:56:48 +0800] "GET /contacts HTTP/1.1" 200 21639 "-" "Mozilla/5.0 (Windows NT 10.0; Win64; x64) AppleWebKit/537.36 (KHTML, like Gecko) Chrome/73.0.3683.86 Safari/537.36"
36.133.115.36 - - [10/Apr/2026:14:01:10 +0800] "POST /wp-cron.php?doing_wp_cron=1775800870.1972479820251464843750 HTTP/1.1" 200 31 "-" "WordPress/6.9; http://cqqizhou.com"
49.51.195.195 - - [10/Apr/2026:14:01:10 +0800] "GET /wp-content/uploads/2025/07/1753453029- HTTP/1.1" 404 8948 "-" "Mozilla/5.0 (iPhone; CPU iPhone OS 13_2_3 like Mac OS X) AppleWebKit/605.1.15 (KHTML, like Gecko) Version/13.0.3 Mobile/15E148 Safari/604.1"
36.133.115.36 - - [10/Apr/2026:14:12:49 +0800] "POST /wp-cron.php?doing_wp_cron=1775801569.0714619159698486328125 HTTP/1.1" 200 31 "-" "WordPress/6.9; http://cqqizhou.com"
119.84.246.117 - - [10/Apr/2026:14:12:49 +0800] "GET / HTTP/1.1" 301 5 "-" "Mozilla/5.0 (Windows NT 6.1; WOW64; rv:12.0) Gecko/20100101 Firefox/12.0"
119.84.246.117 - - [10/Apr/2026:14:12:50 +0800] "GET / HTTP/1.1" 200 158543 "-" "Mozilla/5.0 (Windows NT 6.1; WOW64; rv:12.0) Gecko/20100101 Firefox/12.0"
119.84.246.117 - - [10/Apr/2026:14:12:56 +0800] "GET / HTTP/1.1" 301 5 "-" "Mozilla/5.0 (Windows; U; Windows NT 5.2) AppleWebKit/525.13 (KHTML, like Gecko) Chrome/0.2.149.27 Safari/525.13"
119.84.246.117 - - [10/Apr/2026:14:12:56 +0800] "GET / HTTP/1.1" 200 158543 "-" "Mozilla/5.0 (Windows; U; Windows NT 5.2) AppleWebKit/525.13 (KHTML, like Gecko) Chrome/0.2.149.27 Safari/525.13"
119.84.246.117 - - [10/Apr/2026:14:12:56 +0800] "GET / HTTP/1.1" 301 5 "-" "Mozilla/5.0 (Windows NT 6.1; WOW64) AppleWebKit/537.1 (KHTML, like Gecko) Chrome/21.0.1180.89 Safari/537.1"
119.84.246.117 - - [10/Apr/2026:14:12:56 +0800] "GET / HTTP/1.1" 200 158543 "-" "Mozilla/5.0 (Windows NT 6.1; WOW64) AppleWebKit/537.1 (KHTML, like Gecko) Chrome/21.0.1180.89 Safari/537.1"
36.133.115.36 - - [10/Apr/2026:14:20:10 +0800] "POST /wp-cron.php?doing_wp_cron=1775802010.4930059909820556640625 HTTP/1.1" 200 31 "-" "WordPress/6.9; http://cqqizhou.com"
43.128.67.187 - - [10/Apr/2026:14:20:10 +0800] "GET /comments/feed HTTP/1.1" 200 703 "-" "Mozilla/5.0 (iPhone; CPU iPhone OS 13_2_3 like Mac OS X) AppleWebKit/605.1.15 (KHTML, like Gecko) Version/13.0.3 Mobile/15E148 Safari/604.1"
36.133.115.36 - - [10/Apr/2026:14:40:55 +0800] "POST /wp-cron.php?doing_wp_cron=1775803255.6971690654754638671875 HTTP/1.1" 200 31 "-" "WordPress/6.9; http://cqqizhou.com"
49.51.196.42 - - [10/Apr/2026:14:40:55 +0800] "GET /news/portfolio/%e5%86%b7%e8%bd%a7%e5%8d%b7 HTTP/1.1" 200 18828 "-" "Mozilla/5.0 (iPhone; CPU iPhone OS 13_2_3 like Mac OS X) AppleWebKit/605.1.15 (KHTML, like Gecko) Version/13.0.3 Mobile/15E148 Safari/604.1"
36.133.115.36 - - [10/Apr/2026:14:44:08 +0800] "POST /wp-cron.php?doing_wp_cron=1775803448.3904941082000732421875 HTTP/1.1" 200 31 "-" "WordPress/6.9; http://cqqizhou.com"
43.157.95.131 - - [10/Apr/2026:14:44:08 +0800] "GET / HTTP/1.1" 301 5 "-" "Mozilla/5.0 (iPhone; CPU iPhone OS 13_2_3 like Mac OS X) AppleWebKit/605.1.15 (KHTML, like Gecko) Version/13.0.3 Mobile/15E148 Safari/604.1"
43.157.95.131 - - [10/Apr/2026:14:44:10 +0800] "GET / HTTP/1.1" 200 34718 "http://36.133.115.36" "Mozilla/5.0 (iPhone; CPU iPhone OS 13_2_3 like Mac OS X) AppleWebKit/605.1.15 (KHTML, like Gecko) Version/13.0.3 Mobile/15E148 Safari/604.1"
36.133.115.36 - - [10/Apr/2026:14:49:17 +0800] "POST /wp-cron.php?doing_wp_cron=1775803757.7385659217834472656250 HTTP/1.1" 200 31 "-" "WordPress/6.9; http://cqqizhou.com"
110.249.202.188 - - [10/Apr/2026:14:49:17 +0800] "GET /robots.txt HTTP/1.1" 200 190 "-" "Mozilla/5.0 (Linux; Android 5.0) AppleWebKit/537.36 (KHTML, like Gecko) Mobile Safari/537.36 (compatible; Bytespider; https://zhanzhang.toutiao.com/)"
36.133.115.36 - - [10/Apr/2026:15:13:32 +0800] "POST /wp-cron.php?doing_wp_cron=1775805212.3896219730377197265625 HTTP/1.1" 200 31 "-" "WordPress/6.9; http://cqqizhou.com"
66.249.74.8 - - [10/Apr/2026:15:13:32 +0800] "GET / HTTP/1.1" 200 34718 "-" "Mozilla/5.0 (Linux; Android 6.0.1; Nexus 5X Build/MMB29P) AppleWebKit/537.36 (KHTML, like Gecko) Chrome/99.0.4844.84 Mobile Safari/537.36 (compatible; Googlebot/2.1; +http://www.google.com/bot.html)"
116.179.32.83 - - [10/Apr/2026:15:25:42 +0800] "GET /wp-content/uploads/2026/03/1772790943-2Article_images_W900px.webp HTTP/1.1" 200 45662 "-" "Mozilla/5.0 (compatible; Baiduspider/2.0; +http://www.baidu.com/search/spider.html)"
36.133.115.36 - - [10/Apr/2026:15:29:29 +0800] "POST /wp-cron.php?doing_wp_cron=1775806168.9964530467987060546875 HTTP/1.1" 200 31 "-" "WordPress/6.9; http://cqqizhou.com"
120.238.219.22 - - [10/Apr/2026:15:29:29 +0800] "GET /contacts/ HTTP/1.1" 301 5 "http://cqqizhou.com/contacts/" "Mozilla/5.0 (Windows NT 10.0; Win64; x64) AppleWebKit/537.36 (KHTML, like Gecko) Chrome/136.0.0.0 Safari/537.36"
120.238.219.22 - - [10/Apr/2026:15:29:29 +0800] "GET http://cqqizhou.com/contacts HTTP/1.1" 200 21639 "http://cqqizhou.com/contacts/" "Mozilla/5.0 (Windows NT 10.0; Win64; x64) AppleWebKit/537.36 (KHTML, like Gecko) Chrome/136.0.0.0 Safari/537.36"
36.133.115.36 - - [10/Apr/2026:15:37:26 +0800] "POST /wp-cron.php?doing_wp_cron=1775806646.8743948936462402343750 HTTP/1.1" 200 31 "-" "WordPress/6.9; http://cqqizhou.com"
110.166.71.39 - - [10/Apr/2026:15:37:26 +0800] "GET / HTTP/1.1" 301 5 "-" "Mozilla/5.0 (iPhone; CPU iPhone OS 13_2_3 like Mac OS X) AppleWebKit/605.1.15 (KHTML, like Gecko) Version/13.0.3 Mobile/15E148 Safari/604.1"
110.166.71.39 - - [10/Apr/2026:15:37:28 +0800] "GET / HTTP/1.1" 200 34718 "http://www.cqqizhou.com" "Mozilla/5.0 (iPhone; CPU iPhone OS 13_2_3 like Mac OS X) AppleWebKit/605.1.15 (KHTML, like Gecko) Version/13.0.3 Mobile/15E148 Safari/604.1"
36.133.115.36 - - [10/Apr/2026:15:44:45 +0800] "POST /wp-cron.php?doing_wp_cron=1775807085.1501359939575195312500 HTTP/1.1" 200 31 "-" "WordPress/6.9; http://cqqizhou.com"
14.145.14.63 - - [10/Apr/2026:15:44:45 +0800] "GET /about/ HTTP/1.1" 301 5 "https://m.baidu.com/" "Mozilla/5.0 (Linux; Android 12; V2166A Build/SP1A.210812.003_NONFC; wv) AppleWebKit/537.36 (KHTML, like Gecko) Version/4.0 Chrome/97.0.4692.98 Mobile Safari/537.36 T7/13.23 SP-engine/2.53.0 matrixstyle/0 lite baiduboxapp/5.46.1.10 (Baidu; P1 12) NABar/1.0"
14.145.14.63 - - [10/Apr/2026:15:44:46 +0800] "GET /about HTTP/1.1" 200 24160 "https://m.baidu.com/" "Mozilla/5.0 (Linux; Android 12; V2166A Build/SP1A.210812.003_NONFC; wv) AppleWebKit/537.36 (KHTML, like Gecko) Version/4.0 Chrome/97.0.4692.98 Mobile Safari/537.36 T7/13.23 SP-engine/2.53.0 matrixstyle/0 lite baiduboxapp/5.46.1.10 (Baidu; P1 12) NABar/1.0"
14.145.14.63 - - [10/Apr/2026:15:44:47 +0800] "GET /wp-content/uploads/2025/06/1750755307-qizhoucangku2000x400_2025624.webp HTTP/1.1" 200 45470 "http://cqqizhou.com/about" "Mozilla/5.0 (Linux; Android 12; V2166A Build/SP1A.210812.003_NONFC; wv) AppleWebKit/537.36 (KHTML, like Gecko) Version/4.0 Chrome/97.0.4692.98 Mobile Safari/537.36 T7/13.23 SP-engine/2.53.0 matrixstyle/0 lite baiduboxapp/5.46.1.10 (Baidu; P1 12) NABar/1.0"
14.145.14.63 - - [10/Apr/2026:15:44:47 +0800] "GET /wp-content/uploads/2025/07/1750649803-qizhou800x500_2.webp HTTP/1.1" 200 63616 "http://cqqizhou.com/about" "Mozilla/5.0 (Linux; Android 12; V2166A Build/SP1A.210812.003_NONFC; wv) AppleWebKit/537.36 (KHTML, like Gecko) Version/4.0 Chrome/97.0.4692.98 Mobile Safari/537.36 T7/13.23 SP-engine/2.53.0 matrixstyle/0 lite baiduboxapp/5.46.1.10 (Baidu; P1 12) NABar/1.0"
14.145.14.63 - - [10/Apr/2026:15:44:47 +0800] "GET /wp-content/uploads/2025/07/1750945417-honor300%C3%97206_1.webp HTTP/1.1" 200 57666 "http://cqqizhou.com/about" "Mozilla/5.0 (Linux; Android 12; V2166A Build/SP1A.210812.003_NONFC; wv) AppleWebKit/537.36 (KHTML, like Gecko) Version/4.0 Chrome/97.0.4692.98 Mobile Safari/537.36 T7/13.23 SP-engine/2.53.0 matrixstyle/0 lite baiduboxapp/5.46.1.10 (Baidu; P1 12) NABar/1.0"
14.145.14.63 - - [10/Apr/2026:15:44:47 +0800] "GET /wp-content/uploads/2025/07/1750945444-honor300%C3%97206_2.webp HTTP/1.1" 200 71296 "http://cqqizhou.com/about" "Mozilla/5.0 (Linux; Android 12; V2166A Build/SP1A.210812.003_NONFC; wv) AppleWebKit/537.36 (KHTML, like Gecko) Version/4.0 Chrome/97.0.4692.98 Mobile Safari/537.36 T7/13.23 SP-engine/2.53.0 matrixstyle/0 lite baiduboxapp/5.46.1.10 (Baidu; P1 12) NABar/1.0"
14.145.14.63 - - [10/Apr/2026:15:44:47 +0800] "GET /wp-content/uploads/elementor/thumbs/1751373145-About_Qizhoudalou_W800px-r91b70ok8huvvdr4ynxnf302e8ie3iydlh6ag9ew82.webp HTTP/1.1" 200 37938 "http://cqqizhou.com/about" "Mozilla/5.0 (Linux; Android 12; V2166A Build/SP1A.210812.003_NONFC; wv) AppleWebKit/537.36 (KHTML, like Gecko) Version/4.0 Chrome/97.0.4692.98 Mobile Safari/537.36 T7/13.23 SP-engine/2.53.0 matrixstyle/0 lite baiduboxapp/5.46.1.10 (Baidu; P1 12) NABar/1.0"
14.145.14.63 - - [10/Apr/2026:15:44:47 +0800] "GET /wp-content/uploads/2025/07/1750671800-partner1_200x50.webp HTTP/1.1" 200 2244 "http://cqqizhou.com/about" "Mozilla/5.0 (Linux; Android 12; V2166A Build/SP1A.210812.003_NONFC; wv) AppleWebKit/537.36 (KHTML, like Gecko) Version/4.0 Chrome/97.0.4692.98 Mobile Safari/537.36 T7/13.23 SP-engine/2.53.0 matrixstyle/0 lite baiduboxapp/5.46.1.10 (Baidu; P1 12) NABar/1.0"
14.145.14.63 - - [10/Apr/2026:15:44:47 +0800] "GET /wp-content/uploads/2025/07/1750671801-partner2_200x50.webp HTTP/1.1" 200 3946 "http://cqqizhou.com/about" "Mozilla/5.0 (Linux; Android 12; V2166A Build/SP1A.210812.003_NONFC; wv) AppleWebKit/537.36 (KHTML, like Gecko) Version/4.0 Chrome/97.0.4692.98 Mobile Safari/537.36 T7/13.23 SP-engine/2.53.0 matrixstyle/0 lite baiduboxapp/5.46.1.10 (Baidu; P1 12) NABar/1.0"
14.145.14.63 - - [10/Apr/2026:15:44:47 +0800] "GET /wp-content/uploads/2025/07/1750671803-partner3_200x50.webp HTTP/1.1" 200 4414 "http://cqqizhou.com/about" "Mozilla/5.0 (Linux; Android 12; V2166A Build/SP1A.210812.003_NONFC; wv) AppleWebKit/537.36 (KHTML, like Gecko) Version/4.0 Chrome/97.0.4692.98 Mobile Safari/537.36 T7/13.23 SP-engine/2.53.0 matrixstyle/0 lite baiduboxapp/5.46.1.10 (Baidu; P1 12) NABar/1.0"
14.145.14.63 - - [10/Apr/2026:15:44:47 +0800] "GET /wp-content/uploads/2025/07/1750671805-partner4_200x50.webp HTTP/1.1" 200 2390 "http://cqqizhou.com/about" "Mozilla/5.0 (Linux; Android 12; V2166A Build/SP1A.210812.003_NONFC; wv) AppleWebKit/537.36 (KHTML, like Gecko) Version/4.0 Chrome/97.0.4692.98 Mobile Safari/537.36 T7/13.23 SP-engine/2.53.0 matrixstyle/0 lite baiduboxapp/5.46.1.10 (Baidu; P1 12) NABar/1.0"
14.145.14.63 - - [10/Apr/2026:15:44:47 +0800] "GET /wp-content/uploads/2025/07/1750671806-partner5_200x50.webp HTTP/1.1" 200 2840 "http://cqqizhou.com/about" "Mozilla/5.0 (Linux; Android 12; V2166A Build/SP1A.210812.003_NONFC; wv) AppleWebKit/537.36 (KHTML, like Gecko) Version/4.0 Chrome/97.0.4692.98 Mobile Safari/537.36 T7/13.23 SP-engine/2.53.0 matrixstyle/0 lite baiduboxapp/5.46.1.10 (Baidu; P1 12) NABar/1.0"
14.145.14.63 - - [10/Apr/2026:15:44:47 +0800] "GET /wp-content/uploads/2025/07/1750671808-partner6_200x50.webp HTTP/1.1" 200 3004 "http://cqqizhou.com/about" "Mozilla/5.0 (Linux; Android 12; V2166A Build/SP1A.210812.003_NONFC; wv) AppleWebKit/537.36 (KHTML, like Gecko) Version/4.0 Chrome/97.0.4692.98 Mobile Safari/537.36 T7/13.23 SP-engine/2.53.0 matrixstyle/0 lite baiduboxapp/5.46.1.10 (Baidu; P1 12) NABar/1.0"
14.145.14.63 - - [10/Apr/2026:15:44:47 +0800] "GET /wp-content/uploads/2025/07/1750945514-honor300%C3%97206_3.webp HTTP/1.1" 200 74124 "http://cqqizhou.com/about" "Mozilla/5.0 (Linux; Android 12; V2166A Build/SP1A.210812.003_NONFC; wv) AppleWebKit/537.36 (KHTML, like Gecko) Version/4.0 Chrome/97.0.4692.98 Mobile Safari/537.36 T7/13.23 SP-engine/2.53.0 matrixstyle/0 lite baiduboxapp/5.46.1.10 (Baidu; P1 12) NABar/1.0"
14.145.14.63 - - [10/Apr/2026:15:44:47 +0800] "GET /wp-content/uploads/elementor/thumbs/1751209300-Hello-Qizhou3-r91b71mdtei8mab1rr8x739cnvi1mafuaga3vbed3o.webp HTTP/1.1" 200 39120 "http://cqqizhou.com/about" "Mozilla/5.0 (Linux; Android 12; V2166A Build/SP1A.210812.003_NONFC; wv) AppleWebKit/537.36 (KHTML, like Gecko) Version/4.0 Chrome/97.0.4692.98 Mobile Safari/537.36 T7/13.23 SP-engine/2.53.0 matrixstyle/0 lite baiduboxapp/5.46.1.10 (Baidu; P1 12) NABar/1.0"
14.145.14.63 - - [10/Apr/2026:15:44:47 +0800] "GET /wp-content/uploads/2025/07/1751425283-qizhou.kf_.qq_.com_.webp HTTP/1.1" 200 16864 "http://cqqizhou.com/about" "Mozilla/5.0 (Linux; Android 12; V2166A Build/SP1A.210812.003_NONFC; wv) AppleWebKit/537.36 (KHTML, like Gecko) Version/4.0 Chrome/97.0.4692.98 Mobile Safari/537.36 T7/13.23 SP-engine/2.53.0 matrixstyle/0 lite baiduboxapp/5.46.1.10 (Baidu; P1 12) NABar/1.0"
14.145.14.63 - - [10/Apr/2026:15:44:48 +0800] "GET /wp-content/uploads/2025/07/1750945616-honor300%C3%97206_4.webp HTTP/1.1" 200 33814 "http://cqqizhou.com/about" "Mozilla/5.0 (Linux; Android 12; V2166A Build/SP1A.210812.003_NONFC; wv) AppleWebKit/537.36 (KHTML, like Gecko) Version/4.0 Chrome/97.0.4692.98 Mobile Safari/537.36 T7/13.23 SP-engine/2.53.0 matrixstyle/0 lite baiduboxapp/5.46.1.10 (Baidu; P1 12) NABar/1.0"
14.145.14.63 - - [10/Apr/2026:15:44:48 +0800] "GET /wp-content/uploads/2025/07/1750945637-honor300%C3%97206_5.webp HTTP/1.1" 200 77368 "http://cqqizhou.com/about" "Mozilla/5.0 (Linux; Android 12; V2166A Build/SP1A.210812.003_NONFC; wv) AppleWebKit/537.36 (KHTML, like Gecko) Version/4.0 Chrome/97.0.4692.98 Mobile Safari/537.36 T7/13.23 SP-engine/2.53.0 matrixstyle/0 lite baiduboxapp/5.46.1.10 (Baidu; P1 12) NABar/1.0"
14.145.14.63 - - [10/Apr/2026:15:44:49 +0800] "GET /wp-content/uploads/2025/07/1750945650-honor300%C3%97206_6.webp HTTP/1.1" 200 66306 "http://cqqizhou.com/about" "Mozilla/5.0 (Linux; Android 12; V2166A Build/SP1A.210812.003_NONFC; wv) AppleWebKit/537.36 (KHTML, like Gecko) Version/4.0 Chrome/97.0.4692.98 Mobile Safari/537.36 T7/13.23 SP-engine/2.53.0 matrixstyle/0 lite baiduboxapp/5.46.1.10 (Baidu; P1 12) NABar/1.0"
36.133.115.36 - - [10/Apr/2026:15:57:31 +0800] "POST /wp-cron.php?doing_wp_cron=1775807851.1181199550628662109375 HTTP/1.1" 200 31 "-" "WordPress/6.9; http://cqqizhou.com"
223.68.34.133 - - [10/Apr/2026:15:57:31 +0800] "GET /contacts/ HTTP/1.1" 301 5 "-" "Mozilla/5.0 (Windows NT 10.0; Win64; x64) AppleWebKit/537.36 (KHTML, like Gecko) Chrome/136.0.0.0 Safari/537.36"
223.68.34.133 - - [10/Apr/2026:15:57:31 +0800] "GET http://cqqizhou.com/contacts HTTP/1.1" 200 21639 "-" "Mozilla/5.0 (Windows NT 10.0; Win64; x64) AppleWebKit/537.36 (KHTML, like Gecko) Chrome/136.0.0.0 Safari/537.36"
36.133.115.36 - - [10/Apr/2026:15:59:58 +0800] "POST /wp-cron.php?doing_wp_cron=1775807998.2400560379028320312500 HTTP/1.1" 200 31 "-" "WordPress/6.9; http://cqqizhou.com"
14.108.234.140 - - [10/Apr/2026:15:59:58 +0800] "GET /about HTTP/1.1" 200 30063 "-" "Mozilla/5.0 (Windows NT 10.0; Win64; x64) AppleWebKit/537.36 (KHTML, like Gecko) Chrome/130.0.0.0 Safari/537.36 QuarkPC/6.6.7.792"
14.108.234.140 - - [10/Apr/2026:16:00:02 +0800] "POST /wp-admin/admin-ajax.php HTTP/1.1" 200 590 "http://cqqizhou.com/about" "Mozilla/5.0 (Windows NT 10.0; Win64; x64) AppleWebKit/537.36 (KHTML, like Gecko) Chrome/130.0.0.0 Safari/537.36 QuarkPC/6.6.7.792"
14.108.234.140 - - [10/Apr/2026:16:00:03 +0800] "GET /logistics HTTP/1.1" 200 31173 "http://cqqizhou.com/about" "Mozilla/5.0 (Windows NT 10.0; Win64; x64) AppleWebKit/537.36 (KHTML, like Gecko) Chrome/130.0.0.0 Safari/537.36 QuarkPC/6.6.7.792"
14.108.234.140 - - [10/Apr/2026:16:00:03 +0800] "GET /wp-json/contact-form-7/v1/contact-forms/1444/feedback/schema HTTP/1.1" 200 270 "http://cqqizhou.com/logistics" "Mozilla/5.0 (Windows NT 10.0; Win64; x64) AppleWebKit/537.36 (KHTML, like Gecko) Chrome/130.0.0.0 Safari/537.36 QuarkPC/6.6.7.792"
14.108.234.140 - - [10/Apr/2026:16:00:04 +0800] "GET /wp-json/contact-form-7/v1/contact-forms/1444/refill HTTP/1.1" 200 33 "http://cqqizhou.com/logistics" "Mozilla/5.0 (Windows NT 10.0; Win64; x64) AppleWebKit/537.36 (KHTML, like Gecko) Chrome/130.0.0.0 Safari/537.36 QuarkPC/6.6.7.792"
14.108.234.140 - - [10/Apr/2026:16:00:05 +0800] "GET /wp-content/uploads/2026/02/1770009968-9.6%E7%B1%B3%E4%BD%8E%E6%A0%8F%E5%B9%B3%E6%9D%BF%E8%B4%A7%E8%BD%A6.webp HTTP/1.1" 200 56690 "http://cqqizhou.com/logistics" "Mozilla/5.0 (Windows NT 10.0; Win64; x64) AppleWebKit/537.36 (KHTML, like Gecko) Chrome/130.0.0.0 Safari/537.36 QuarkPC/6.6.7.792"
14.108.234.140 - - [10/Apr/2026:16:00:05 +0800] "GET /wp-content/uploads/2026/02/1769999241-4.2%E7%B1%B3%E9%AB%98%E6%A0%8F%E8%B4%A7%E8%BD%A6.webp HTTP/1.1" 200 54794 "http://cqqizhou.com/logistics" "Mozilla/5.0 (Windows NT 10.0; Win64; x64) AppleWebKit/537.36 (KHTML, like Gecko) Chrome/130.0.0.0 Safari/537.36 QuarkPC/6.6.7.792"
14.108.234.140 - - [10/Apr/2026:16:00:05 +0800] "GET /wp-content/uploads/2026/02/1769999335-17.5%E7%B1%B3%E5%B9%B3%E6%9D%BF%E8%B4%A7%E8%BD%A6.webp HTTP/1.1" 200 56978 "http://cqqizhou.com/logistics" "Mozilla/5.0 (Windows NT 10.0; Win64; x64) AppleWebKit/537.36 (KHTML, like Gecko) Chrome/130.0.0.0 Safari/537.36 QuarkPC/6.6.7.792"
14.108.234.140 - - [10/Apr/2026:16:00:06 +0800] "GET /wp-content/uploads/2026/01/1767618076-Logistics_BG2508.webp HTTP/1.1" 200 94788 "http://cqqizhou.com/wp-content/uploads/elementor/css/post-1959.css?ver=1773729159" "Mozilla/5.0 (Windows NT 10.0; Win64; x64) AppleWebKit/537.36 (KHTML, like Gecko) Chrome/130.0.0.0 Safari/537.36 QuarkPC/6.6.7.792"
59.82.61.60 - - [10/Apr/2026:16:10:13 +0800] "GET / HTTP/1.1" 200 35156 "-" "Mozilla/5.0 (Windows NT 10.0; Win64; x64) AppleWebKit/537.36 (KHTML, like Gecko) Chrome/93.0.9972.176 Safari/537.36"
59.82.61.60 - - [10/Apr/2026:16:10:13 +0800] "GET / HTTP/1.1" 200 35156 "-" "Mozilla/5.0 (Windows NT 10.0; Win64; x64) AppleWebKit/537.36 (KHTML, like Gecko) Chrome/110.0.7368.115 Safari/537.36"
121.230.161.77 - - [10/Apr/2026:16:27:30 +0800] "GET / HTTP/1.1" 200 35156 "-" "Mozilla/5.0 (Windows NT 6.2; WOW64) AppleWebKit/537.36 (KHTML, like Gecko) Chrome/78.0.3904.105"
36.133.115.36 - - [10/Apr/2026:16:27:32 +0800] "POST /wp-cron.php?doing_wp_cron=1775809652.1431879997253417968750 HTTP/1.1" 200 31 "-" "WordPress/6.9; http://cqqizhou.com"
111.25.171.234 - - [10/Apr/2026:16:27:32 +0800] "GET / HTTP/1.1" 301 5 "-" "Mozilla/5.0 (Windows NT 6.1) AppleWebKit/537.36 (KHTML, like Gecko) Chrome/86.0.4240.22"
111.25.171.234 - - [10/Apr/2026:16:27:32 +0800] "GET http://cqqizhou.com/ HTTP/1.1" 200 35156 "-" "Mozilla/5.0 (Windows NT 6.1) AppleWebKit/537.36 (KHTML, like Gecko) Chrome/86.0.4240.22"
36.133.115.36 - - [10/Apr/2026:16:34:42 +0800] "POST /wp-cron.php?doing_wp_cron=1775810082.6132678985595703125000 HTTP/1.1" 200 31 "-" "WordPress/6.9; http://cqqizhou.com"
66.132.172.142 - - [10/Apr/2026:16:34:42 +0800] "GET / HTTP/1.1" 301 5 "-" "Mozilla/5.0 (compatible; CensysInspect/1.1; +https://about.censys.io/)"
36.133.115.36 - - [10/Apr/2026:16:38:08 +0800] "POST /wp-cron.php?doing_wp_cron=1775810288.0927300453186035156250 HTTP/1.1" 200 31 "-" "WordPress/6.9; http://cqqizhou.com"
162.216.150.197 - - [10/Apr/2026:16:38:08 +0800] "GET / HTTP/1.1" 200 34718 "-" "Hello from Palo Alto Networks, find out more about our scans in https://docs-cortex.paloaltonetworks.com/r/1/Cortex-Xpanse/Scanning-activity"
36.133.115.36 - - [10/Apr/2026:16:50:30 +0800] "POST /wp-cron.php?doing_wp_cron=1775811030.5770161151885986328125 HTTP/1.1" 200 31 "-" "WordPress/6.9; http://cqqizhou.com"
198.98.56.217 - - [10/Apr/2026:16:50:31 +0800] "GET / HTTP/1.0" 200 156862 "-" "Mozilla/5.0 (Windows; U; MSIE 9.0; Windows NT 9.0; en-US)"
198.98.56.217 - - [10/Apr/2026:16:50:35 +0800] "GET / HTTP/1.1" 499 0 "-" "Mozilla/5.0 (Macintosh; Intel Mac OS X 10_15_7) AppleWebKit/605.1.15 (KHTML, like Gecko) Version/17.2 Safari/605.1.15 Time/1775811024790"
36.133.115.36 - - [10/Apr/2026:17:02:39 +0800] "POST /wp-cron.php?doing_wp_cron=1775811759.4817869663238525390625 HTTP/1.1" 200 31 "-" "WordPress/6.9; http://cqqizhou.com"
182.32.250.254 - - [10/Apr/2026:17:02:39 +0800] "GET / HTTP/1.1" 301 5 "-" "Go-http-client/1.1"
182.32.250.254 - - [10/Apr/2026:17:02:39 +0800] "GET / HTTP/1.1" 200 35156 "http://xa5.shaanxi.cn.antiddos.cspt.fullcone.cn" "Go-http-client/1.1"
36.133.115.36 - - [10/Apr/2026:17:07:53 +0800] "POST /wp-cron.php?doing_wp_cron=1775812072.9602069854736328125000 HTTP/1.1" 200 31 "-" "WordPress/6.9; http://cqqizhou.com"
165.154.182.6 - - [10/Apr/2026:17:07:53 +0800] "GET / HTTP/1.1" 301 5 "-" "Mozilla/5.0 (X11; Linux i686; rv:1.9.6.20) Gecko/ Firefox/11.0"
175.178.79.12 - - [10/Apr/2026:17:24:54 +0800] "GET /wp-content/uploads/2025/07/1750945650-honor300%C3%97206_6.webp HTTP/1.1" 200 66306 "http://cqqizhou.com/" "Mozilla/5.0 (Windows NT 10.0; Win64; x64) AppleWebKit/537.36 (KHTML, like Gecko) Chrome/108.0.0.0 Safari/537.36"
36.133.115.36 - - [10/Apr/2026:17:51:14 +0800] "POST /wp-cron.php?doing_wp_cron=1775814674.2671010494232177734375 HTTP/1.1" 200 31 "-" "WordPress/6.9; http://cqqizhou.com"
154.81.44.225 - - [10/Apr/2026:17:51:14 +0800] "GET /news/2543 HTTP/1.1" 200 25443 "-" "Mozilla/5.0 (Windows NT 10.0; Win64; x64) AppleWebKit/537.36 (KHTML, like Gecko) Chrome/131.0.0.0 Safari/537.36 Edg/131.0.0.0"
36.133.115.36 - - [10/Apr/2026:17:57:38 +0800] "POST /wp-cron.php?doing_wp_cron=1775815058.3287580013275146484375 HTTP/1.1" 200 31 "-" "WordPress/6.9; http://cqqizhou.com"
117.189.120.7 - - [10/Apr/2026:17:57:38 +0800] "GET / HTTP/1.1" 301 5 "-" "Mozilla/5.0 (Macintosh; Intel Mac OS X 10_15_7) AppleWebKit/537.36 (KHTML, like Gecko) Chrome/106.0.0.0 Safari/537.36"
117.189.120.7 - - [10/Apr/2026:17:57:38 +0800] "GET http://cqqizhou.com/ HTTP/1.1" 200 35156 "-" "Mozilla/5.0 (Macintosh; Intel Mac OS X 10_15_7) AppleWebKit/537.36 (KHTML, like Gecko) Chrome/106.0.0.0 Safari/537.36"
191.102.170.116 - - [10/Apr/2026:18:05:37 +0800] "GET / HTTP/1.1" 200 158543 "-" "Mozilla/5.0 (Macintosh; Intel Mac OS X 10_15_7) AppleWebKit/537.36 (KHTML, like Gecko) Chrome/134.0.0.0 Safari/537.36"
36.133.115.36 - - [10/Apr/2026:18:33:40 +0800] "POST /wp-cron.php?doing_wp_cron=1775817220.1529989242553710937500 HTTP/1.1" 200 31 "-" "WordPress/6.9; http://cqqizhou.com"
14.191.95.77 - - [10/Apr/2026:18:33:40 +0800] "GET http://cqqizhou.com/industry HTTP/1.1" 200 24610 "-" "Mozilla/5.0 (Windows NT 10.0; Win64; x64) AppleWebKit/537.36 (KHTML, like Gecko) Chrome/122.0.0.0 Safari/537.36"
36.133.115.36 - - [10/Apr/2026:18:34:33 +0800] "POST /wp-cron.php?doing_wp_cron=1775817273.4433081150054931640625 HTTP/1.1" 200 31 "-" "WordPress/6.9; http://cqqizhou.com"
