169.239.182.214 - - [08/Apr/2026:05:42:00 +0800] "POST /xmlrpc.php HTTP/1.1" 200 415 "-" "Mozilla/5.0 (Windows NT 10.0; Win64; x64) AppleWebKit/537.36 (KHTML, like Gecko) Chrome/88.0.4240.193 Safari/537.36"
169.239.182.214 - - [08/Apr/2026:05:42:01 +0800] "POST /xmlrpc.php HTTP/1.1" 200 415 "-" "Mozilla/5.0 (Windows NT 10.0; Win64; x64) AppleWebKit/537.36 (KHTML, like Gecko) Chrome/88.0.4240.193 Safari/537.36"
169.239.182.214 - - [08/Apr/2026:05:42:02 +0800] "POST /xmlrpc.php HTTP/1.1" 200 415 "-" "Mozilla/5.0 (Windows NT 10.0; Win64; x64) AppleWebKit/537.36 (KHTML, like Gecko) Chrome/88.0.4240.193 Safari/537.36"
169.239.182.214 - - [08/Apr/2026:05:42:03 +0800] "POST /xmlrpc.php HTTP/1.1" 200 415 "-" "Mozilla/5.0 (Windows NT 10.0; Win64; x64) AppleWebKit/537.36 (KHTML, like Gecko) Chrome/88.0.4240.193 Safari/537.36"
169.239.182.214 - - [08/Apr/2026:05:42:04 +0800] "POST /xmlrpc.php HTTP/1.1" 200 415 "-" "Mozilla/5.0 (Windows NT 10.0; Win64; x64) AppleWebKit/537.36 (KHTML, like Gecko) Chrome/88.0.4240.193 Safari/537.36"
169.239.182.214 - - [08/Apr/2026:05:42:05 +0800] "POST /xmlrpc.php HTTP/1.1" 200 415 "-" "Mozilla/5.0 (Windows NT 10.0; Win64; x64) AppleWebKit/537.36 (KHTML, like Gecko) Chrome/88.0.4240.193 Safari/537.36"
169.239.182.214 - - [08/Apr/2026:05:42:06 +0800] "POST /xmlrpc.php HTTP/1.1" 200 415 "-" "Mozilla/5.0 (Windows NT 10.0; Win64; x64) AppleWebKit/537.36 (KHTML, like Gecko) Chrome/88.0.4240.193 Safari/537.36"
169.239.182.214 - - [08/Apr/2026:05:42:07 +0800] "POST /xmlrpc.php HTTP/1.1" 200 415 "-" "Mozilla/5.0 (Windows NT 10.0; Win64; x64) AppleWebKit/537.36 (KHTML, like Gecko) Chrome/88.0.4240.193 Safari/537.36"
36.133.115.36 - - [08/Apr/2026:05:42:09 +0800] "POST /wp-cron.php?doing_wp_cron=1775598129.0260629653930664062500 HTTP/1.1" 200 31 "-" "WordPress/6.9; http://cqqizhou.com"
169.239.182.214 - - [08/Apr/2026:05:42:09 +0800] "POST /xmlrpc.php HTTP/1.1" 200 415 "-" "Mozilla/5.0 (Windows NT 10.0; Win64; x64) AppleWebKit/537.36 (KHTML, like Gecko) Chrome/88.0.4240.193 Safari/537.36"
169.239.182.214 - - [08/Apr/2026:05:42:10 +0800] "POST /xmlrpc.php HTTP/1.1" 200 415 "-" "Mozilla/5.0 (Windows NT 10.0; Win64; x64) AppleWebKit/537.36 (KHTML, like Gecko) Chrome/88.0.4240.193 Safari/537.36"
169.239.182.214 - - [08/Apr/2026:05:42:11 +0800] "POST /xmlrpc.php HTTP/1.1" 200 415 "-" "Mozilla/5.0 (Windows NT 10.0; Win64; x64) AppleWebKit/537.36 (KHTML, like Gecko) Chrome/88.0.4240.193 Safari/537.36"
169.239.182.214 - - [08/Apr/2026:05:42:12 +0800] "POST /xmlrpc.php HTTP/1.1" 200 415 "-" "Mozilla/5.0 (Windows NT 10.0; Win64; x64) AppleWebKit/537.36 (KHTML, like Gecko) Chrome/88.0.4240.193 Safari/537.36"
169.239.182.214 - - [08/Apr/2026:05:42:13 +0800] "POST /xmlrpc.php HTTP/1.1" 200 415 "-" "Mozilla/5.0 (Windows NT 10.0; Win64; x64) AppleWebKit/537.36 (KHTML, like Gecko) Chrome/88.0.4240.193 Safari/537.36"
169.239.182.214 - - [08/Apr/2026:05:42:14 +0800] "POST /xmlrpc.php HTTP/1.1" 200 415 "-" "Mozilla/5.0 (Windows NT 10.0; Win64; x64) AppleWebKit/537.36 (KHTML, like Gecko) Chrome/88.0.4240.193 Safari/537.36"
169.239.182.214 - - [08/Apr/2026:05:42:15 +0800] "POST /xmlrpc.php HTTP/1.1" 200 415 "-" "Mozilla/5.0 (Windows NT 10.0; Win64; x64) AppleWebKit/537.36 (KHTML, like Gecko) Chrome/88.0.4240.193 Safari/537.36"
169.239.182.214 - - [08/Apr/2026:05:42:16 +0800] "POST /xmlrpc.php HTTP/1.1" 200 415 "-" "Mozilla/5.0 (Windows NT 10.0; Win64; x64) AppleWebKit/537.36 (KHTML, like Gecko) Chrome/88.0.4240.193 Safari/537.36"
169.239.182.214 - - [08/Apr/2026:05:42:18 +0800] "POST /xmlrpc.php HTTP/1.1" 200 415 "-" "Mozilla/5.0 (Windows NT 10.0; Win64; x64) AppleWebKit/537.36 (KHTML, like Gecko) Chrome/88.0.4240.193 Safari/537.36"
169.239.182.214 - - [08/Apr/2026:05:42:19 +0800] "POST /xmlrpc.php HTTP/1.1" 200 415 "-" "Mozilla/5.0 (Windows NT 10.0; Win64; x64) AppleWebKit/537.36 (KHTML, like Gecko) Chrome/88.0.4240.193 Safari/537.36"
169.239.182.214 - - [08/Apr/2026:05:42:20 +0800] "POST /xmlrpc.php HTTP/1.1" 200 415 "-" "Mozilla/5.0 (Windows NT 10.0; Win64; x64) AppleWebKit/537.36 (KHTML, like Gecko) Chrome/88.0.4240.193 Safari/537.36"
169.239.182.214 - - [08/Apr/2026:05:42:21 +0800] "POST /xmlrpc.php HTTP/1.1" 200 415 "-" "Mozilla/5.0 (Windows NT 10.0; Win64; x64) AppleWebKit/537.36 (KHTML, like Gecko) Chrome/88.0.4240.193 Safari/537.36"
169.239.182.214 - - [08/Apr/2026:05:42:22 +0800] "POST /xmlrpc.php HTTP/1.1" 200 415 "-" "Mozilla/5.0 (Windows NT 10.0; Win64; x64) AppleWebKit/537.36 (KHTML, like Gecko) Chrome/88.0.4240.193 Safari/537.36"
169.239.182.214 - - [08/Apr/2026:05:42:23 +0800] "POST /xmlrpc.php HTTP/1.1" 200 415 "-" "Mozilla/5.0 (Windows NT 10.0; Win64; x64) AppleWebKit/537.36 (KHTML, like Gecko) Chrome/88.0.4240.193 Safari/537.36"
169.239.182.214 - - [08/Apr/2026:05:42:24 +0800] "POST /xmlrpc.php HTTP/1.1" 200 415 "-" "Mozilla/5.0 (Windows NT 10.0; Win64; x64) AppleWebKit/537.36 (KHTML, like Gecko) Chrome/88.0.4240.193 Safari/537.36"
169.239.182.214 - - [08/Apr/2026:05:42:25 +0800] "POST /xmlrpc.php HTTP/1.1" 200 415 "-" "Mozilla/5.0 (Windows NT 10.0; Win64; x64) AppleWebKit/537.36 (KHTML, like Gecko) Chrome/88.0.4240.193 Safari/537.36"
169.239.182.214 - - [08/Apr/2026:05:42:26 +0800] "POST /xmlrpc.php HTTP/1.1" 200 415 "-" "Mozilla/5.0 (Windows NT 10.0; Win64; x64) AppleWebKit/537.36 (KHTML, like Gecko) Chrome/88.0.4240.193 Safari/537.36"
169.239.182.214 - - [08/Apr/2026:05:42:28 +0800] "POST /xmlrpc.php HTTP/1.1" 200 415 "-" "Mozilla/5.0 (Windows NT 10.0; Win64; x64) AppleWebKit/537.36 (KHTML, like Gecko) Chrome/88.0.4240.193 Safari/537.36"
169.239.182.214 - - [08/Apr/2026:05:42:29 +0800] "POST /xmlrpc.php HTTP/1.1" 200 415 "-" "Mozilla/5.0 (Windows NT 10.0; Win64; x64) AppleWebKit/537.36 (KHTML, like Gecko) Chrome/88.0.4240.193 Safari/537.36"
169.239.182.214 - - [08/Apr/2026:05:42:30 +0800] "POST /xmlrpc.php HTTP/1.1" 200 415 "-" "Mozilla/5.0 (Windows NT 10.0; Win64; x64) AppleWebKit/537.36 (KHTML, like Gecko) Chrome/88.0.4240.193 Safari/537.36"
169.239.182.214 - - [08/Apr/2026:05:42:31 +0800] "POST /xmlrpc.php HTTP/1.1" 200 415 "-" "Mozilla/5.0 (Windows NT 10.0; Win64; x64) AppleWebKit/537.36 (KHTML, like Gecko) Chrome/88.0.4240.193 Safari/537.36"
169.239.182.214 - - [08/Apr/2026:05:42:32 +0800] "POST /xmlrpc.php HTTP/1.1" 200 415 "-" "Mozilla/5.0 (Windows NT 10.0; Win64; x64) AppleWebKit/537.36 (KHTML, like Gecko) Chrome/88.0.4240.193 Safari/537.36"
169.239.182.214 - - [08/Apr/2026:05:42:33 +0800] "POST /xmlrpc.php HTTP/1.1" 200 415 "-" "Mozilla/5.0 (Windows NT 10.0; Win64; x64) AppleWebKit/537.36 (KHTML, like Gecko) Chrome/88.0.4240.193 Safari/537.36"
169.239.182.214 - - [08/Apr/2026:05:42:34 +0800] "POST /xmlrpc.php HTTP/1.1" 200 415 "-" "Mozilla/5.0 (Windows NT 10.0; Win64; x64) AppleWebKit/537.36 (KHTML, like Gecko) Chrome/88.0.4240.193 Safari/537.36"
169.239.182.214 - - [08/Apr/2026:05:42:35 +0800] "POST /xmlrpc.php HTTP/1.1" 200 415 "-" "Mozilla/5.0 (Windows NT 10.0; Win64; x64) AppleWebKit/537.36 (KHTML, like Gecko) Chrome/88.0.4240.193 Safari/537.36"
169.239.182.214 - - [08/Apr/2026:05:42:36 +0800] "POST /xmlrpc.php HTTP/1.1" 200 415 "-" "Mozilla/5.0 (Windows NT 10.0; Win64; x64) AppleWebKit/537.36 (KHTML, like Gecko) Chrome/88.0.4240.193 Safari/537.36"
169.239.182.214 - - [08/Apr/2026:05:42:37 +0800] "POST /xmlrpc.php HTTP/1.1" 200 415 "-" "Mozilla/5.0 (Windows NT 10.0; Win64; x64) AppleWebKit/537.36 (KHTML, like Gecko) Chrome/88.0.4240.193 Safari/537.36"
169.239.182.214 - - [08/Apr/2026:05:42:39 +0800] "POST /xmlrpc.php HTTP/1.1" 200 415 "-" "Mozilla/5.0 (Windows NT 10.0; Win64; x64) AppleWebKit/537.36 (KHTML, like Gecko) Chrome/88.0.4240.193 Safari/537.36"
169.239.182.214 - - [08/Apr/2026:05:42:40 +0800] "POST /xmlrpc.php HTTP/1.1" 200 415 "-" "Mozilla/5.0 (Windows NT 10.0; Win64; x64) AppleWebKit/537.36 (KHTML, like Gecko) Chrome/88.0.4240.193 Safari/537.36"
169.239.182.214 - - [08/Apr/2026:05:42:41 +0800] "POST /xmlrpc.php HTTP/1.1" 200 415 "-" "Mozilla/5.0 (Windows NT 10.0; Win64; x64) AppleWebKit/537.36 (KHTML, like Gecko) Chrome/88.0.4240.193 Safari/537.36"
169.239.182.214 - - [08/Apr/2026:05:42:42 +0800] "POST /xmlrpc.php HTTP/1.1" 200 415 "-" "Mozilla/5.0 (Windows NT 10.0; Win64; x64) AppleWebKit/537.36 (KHTML, like Gecko) Chrome/88.0.4240.193 Safari/537.36"
169.239.182.214 - - [08/Apr/2026:05:42:43 +0800] "POST /xmlrpc.php HTTP/1.1" 200 415 "-" "Mozilla/5.0 (Windows NT 10.0; Win64; x64) AppleWebKit/537.36 (KHTML, like Gecko) Chrome/88.0.4240.193 Safari/537.36"
169.239.182.214 - - [08/Apr/2026:05:42:44 +0800] "POST /xmlrpc.php HTTP/1.1" 200 415 "-" "Mozilla/5.0 (Windows NT 10.0; Win64; x64) AppleWebKit/537.36 (KHTML, like Gecko) Chrome/88.0.4240.193 Safari/537.36"
169.239.182.214 - - [08/Apr/2026:05:42:45 +0800] "POST /xmlrpc.php HTTP/1.1" 200 415 "-" "Mozilla/5.0 (Windows NT 10.0; Win64; x64) AppleWebKit/537.36 (KHTML, like Gecko) Chrome/88.0.4240.193 Safari/537.36"
169.239.182.214 - - [08/Apr/2026:05:42:47 +0800] "POST /xmlrpc.php HTTP/1.1" 200 415 "-" "Mozilla/5.0 (Windows NT 10.0; Win64; x64) AppleWebKit/537.36 (KHTML, like Gecko) Chrome/88.0.4240.193 Safari/537.36"
169.239.182.214 - - [08/Apr/2026:05:42:48 +0800] "POST /xmlrpc.php HTTP/1.1" 200 415 "-" "Mozilla/5.0 (Windows NT 10.0; Win64; x64) AppleWebKit/537.36 (KHTML, like Gecko) Chrome/88.0.4240.193 Safari/537.36"
104.152.52.207 - - [08/Apr/2026:05:42:53 +0800] "GET / HTTP/1.1" 301 5 "-" "curl/7.61.1"
116.132.255.127 - - [08/Apr/2026:05:43:08 +0800] "GET /services HTTP/1.1" 200 31707 "-" "YisouSpider"
36.133.115.36 - - [08/Apr/2026:05:43:09 +0800] "POST /wp-cron.php?doing_wp_cron=1775598189.5587930679321289062500 HTTP/1.1" 200 31 "-" "WordPress/6.9; http://cqqizhou.com"
106.8.139.180 - - [08/Apr/2026:05:43:09 +0800] "GET /robots.txt HTTP/1.1" 200 190 "-" "YisouSpider"
36.133.115.36 - - [08/Apr/2026:05:55:53 +0800] "POST /wp-cron.php?doing_wp_cron=1775598952.9957849979400634765625 HTTP/1.1" 200 31 "-" "WordPress/6.9; http://cqqizhou.com"
213.55.85.179 - - [08/Apr/2026:05:55:53 +0800] "GET / HTTP/1.1" 301 5 "-" "Go-http-client/1.1"
213.55.85.179 - - [08/Apr/2026:05:55:54 +0800] "GET / HTTP/1.1" 200 35274 "http://36.133.115.36" "Go-http-client/1.1"
223.215.177.114 - - [08/Apr/2026:05:57:09 +0800] "GET /services HTTP/1.1" 200 31707 "-" "Mozilla/5.0 (Windows NT 10.0; Win64; x64) AppleWebKit/537.36 (KHTML, like Gecko) Chrome/111.0.0.0 Safari/537.36"
113.76.221.42 - - [08/Apr/2026:05:59:54 +0800] "GET /logistics HTTP/1.1" 200 25702 "-" "Mozilla/5.0 (Macintosh; Intel Mac OS X 10_15_7) AppleWebKit/537.36 (KHTML, like Gecko) Chrome/140.0.0.0 Safari/537.36"
36.133.115.36 - - [08/Apr/2026:06:12:54 +0800] "POST /wp-cron.php?doing_wp_cron=1775599974.9545419216156005859375 HTTP/1.1" 200 31 "-" "WordPress/6.9; http://cqqizhou.com"
110.166.71.39 - - [08/Apr/2026:06:12:54 +0800] "GET / HTTP/1.1" 200 34826 "-" "Mozilla/5.0 (iPhone; CPU iPhone OS 13_2_3 like Mac OS X) AppleWebKit/605.1.15 (KHTML, like Gecko) Version/13.0.3 Mobile/15E148 Safari/604.1"
36.133.115.36 - - [08/Apr/2026:06:35:35 +0800] "POST /wp-cron.php?doing_wp_cron=1775601335.3267300128936767578125 HTTP/1.1" 200 31 "-" "WordPress/6.9; http://cqqizhou.com"
31.57.216.224 - - [08/Apr/2026:06:35:35 +0800] "GET / HTTP/1.1" 200 157016 "-" "Hello World"
36.133.115.36 - - [08/Apr/2026:06:40:26 +0800] "POST /wp-cron.php?doing_wp_cron=1775601626.8566260337829589843750 HTTP/1.1" 200 31 "-" "WordPress/6.9; http://cqqizhou.com"
104.236.92.7 - - [08/Apr/2026:06:40:26 +0800] "GET /.git/config HTTP/1.1" 404 8949 "-" "Mozilla/5.0 (X11; Linux x86_64) AppleWebKit/537.36 (KHTML, like Gecko) Chrome/81.0.4044.129 Safari/537.36"
36.133.115.36 - - [08/Apr/2026:06:45:20 +0800] "POST /wp-cron.php?doing_wp_cron=1775601920.8124539852142333984375 HTTP/1.1" 200 31 "-" "WordPress/6.9; http://cqqizhou.com"
42.203.141.119 - - [08/Apr/2026:06:45:20 +0800] "GET /portfolio/remaining-rolls/ HTTP/1.1" 301 5 "-" "Mozilla/5.0 (Macintosh; Intel Mac OS X 10_15_7) AppleWebKit/537.36 (KHTML, like Gecko) Chrome/140.0.0.0 Safari/537.36"
183.194.158.46 - - [08/Apr/2026:06:45:21 +0800] "GET /news/portfolio/remaining-rolls HTTP/1.1" 200 22265 "http://cqqizhou.com/portfolio/remaining-rolls/" "Mozilla/5.0 (Macintosh; Intel Mac OS X 10_15_7) AppleWebKit/537.36 (KHTML, like Gecko) Chrome/140.0.0.0 Safari/537.36"
36.133.115.36 - - [08/Apr/2026:06:59:27 +0800] "POST /wp-cron.php?doing_wp_cron=1775602767.9460799694061279296875 HTTP/1.1" 200 31 "-" "WordPress/6.9; http://cqqizhou.com"
182.90.186.186 - - [08/Apr/2026:06:59:27 +0800] "GET /contacts/ HTTP/1.1" 301 5 "-" "Mozilla/5.0 (Windows NT 10.0; Win64; x64) AppleWebKit/537.36 (KHTML, like Gecko) Chrome/136.0.0.0 Safari/537.36"
120.231.85.4 - - [08/Apr/2026:06:59:27 +0800] "GET /contacts/ HTTP/1.1" 301 5 "-" "Mozilla/5.0 (Windows NT 10.0; Win64; x64) AppleWebKit/537.36 (KHTML, like Gecko) Chrome/136.0.0.0 Safari/537.36"
120.231.85.4 - - [08/Apr/2026:06:59:28 +0800] "GET http://cqqizhou.com/contacts HTTP/1.1" 200 21638 "-" "Mozilla/5.0 (Windows NT 10.0; Win64; x64) AppleWebKit/537.36 (KHTML, like Gecko) Chrome/136.0.0.0 Safari/537.36"
182.90.186.186 - - [08/Apr/2026:06:59:28 +0800] "GET http://cqqizhou.com/contacts HTTP/1.1" 200 21638 "-" "Mozilla/5.0 (Windows NT 10.0; Win64; x64) AppleWebKit/537.36 (KHTML, like Gecko) Chrome/136.0.0.0 Safari/537.36"
36.133.115.36 - - [08/Apr/2026:07:04:35 +0800] "POST /wp-cron.php?doing_wp_cron=1775603075.0105650424957275390625 HTTP/1.1" 200 31 "-" "WordPress/6.9; http://cqqizhou.com"
66.249.74.8 - - [08/Apr/2026:07:04:35 +0800] "GET /news HTTP/1.1" 200 19921 "-" "Mozilla/5.0 (Linux; Android 6.0.1; Nexus 5X Build/MMB29P) AppleWebKit/537.36 (KHTML, like Gecko) Chrome/146.0.7680.177 Mobile Safari/537.36 (compatible; Googlebot/2.1; +http://www.google.com/bot.html)"
104.236.92.7 - - [08/Apr/2026:07:05:00 +0800] "GET /.git/config HTTP/1.1" 404 8947 "-" "Mozilla/5.0 (X11; Linux x86_64) AppleWebKit/537.36 (KHTML, like Gecko) Chrome/81.0.4044.129 Safari/537.36"
170.106.136.223 - - [08/Apr/2026:07:24:25 +0800] "GET /wp-admin/setup-config.php HTTP/1.1" 409 2667 "-" "Mozilla/5.0 (Windows NT 10.0; Win64; x64) AppleWebKit/537.36 (KHTML, like Gecko) Chrome/131.0.0.0 Safari/537.36"
36.133.115.36 - - [08/Apr/2026:07:24:25 +0800] "POST /wp-cron.php?doing_wp_cron=1775604265.6170558929443359375000 HTTP/1.1" 200 31 "-" "WordPress/6.9; http://cqqizhou.com"
170.106.136.223 - - [08/Apr/2026:07:24:25 +0800] "GET /wp-admin/install.php HTTP/1.1" 200 593 "-" "Mozilla/5.0 (Windows NT 10.0; Win64; x64) AppleWebKit/537.36 (KHTML, like Gecko) Chrome/131.0.0.0 Safari/537.36"
170.106.136.223 - - [08/Apr/2026:07:24:25 +0800] "GET /blog/wp-admin/install.php HTTP/1.1" 404 47 "-" "Mozilla/5.0 (Windows NT 10.0; Win64; x64) AppleWebKit/537.36 (KHTML, like Gecko) Chrome/131.0.0.0 Safari/537.36"
170.106.136.223 - - [08/Apr/2026:07:24:25 +0800] "GET /blog/wp-admin/setup-config.php HTTP/1.1" 404 47 "-" "Mozilla/5.0 (Windows NT 10.0; Win64; x64) AppleWebKit/537.36 (KHTML, like Gecko) Chrome/131.0.0.0 Safari/537.36"
170.106.136.223 - - [08/Apr/2026:07:24:25 +0800] "GET /blog/wordpress/wp-admin/install.php HTTP/1.1" 404 47 "-" "Mozilla/5.0 (Windows NT 10.0; Win64; x64) AppleWebKit/537.36 (KHTML, like Gecko) Chrome/131.0.0.0 Safari/537.36"
170.106.136.223 - - [08/Apr/2026:07:24:26 +0800] "GET /blog/wordpress/wp-admin/setup-config.php HTTP/1.1" 404 47 "-" "Mozilla/5.0 (Windows NT 10.0; Win64; x64) AppleWebKit/537.36 (KHTML, like Gecko) Chrome/131.0.0.0 Safari/537.36"
170.106.136.223 - - [08/Apr/2026:07:24:26 +0800] "GET /wp/wp-admin/install.php HTTP/1.1" 404 47 "-" "Mozilla/5.0 (Windows NT 10.0; Win64; x64) AppleWebKit/537.36 (KHTML, like Gecko) Chrome/131.0.0.0 Safari/537.36"
170.106.136.223 - - [08/Apr/2026:07:24:26 +0800] "GET /wp/wp-admin/setup-config.php HTTP/1.1" 404 47 "-" "Mozilla/5.0 (Windows NT 10.0; Win64; x64) AppleWebKit/537.36 (KHTML, like Gecko) Chrome/131.0.0.0 Safari/537.36"
170.106.136.223 - - [08/Apr/2026:07:24:26 +0800] "GET /cms/wp-admin/setup-config.php HTTP/1.1" 404 47 "-" "Mozilla/5.0 (Windows NT 10.0; Win64; x64) AppleWebKit/537.36 (KHTML, like Gecko) Chrome/131.0.0.0 Safari/537.36"
170.106.136.223 - - [08/Apr/2026:07:24:26 +0800] "GET /cms/wp-admin/setup-config.php HTTP/1.1" 404 47 "-" "Mozilla/5.0 (Windows NT 10.0; Win64; x64) AppleWebKit/537.36 (KHTML, like Gecko) Chrome/131.0.0.0 Safari/537.36"
170.106.136.223 - - [08/Apr/2026:07:24:26 +0800] "GET /wp-admin/setup-config.php HTTP/1.1" 409 2667 "-" "Mozilla/5.0 (Windows NT 10.0; Win64; x64) AppleWebKit/537.36 (KHTML, like Gecko) Chrome/131.0.0.0 Safari/537.36"
36.133.115.36 - - [08/Apr/2026:07:24:27 +0800] "POST /wp-cron.php?doing_wp_cron=1775604266.9788460731506347656250 HTTP/1.1" 200 31 "-" "WordPress/6.9; http://cqqizhou.com"
170.106.136.223 - - [08/Apr/2026:07:24:27 +0800] "GET /wp-admin/install.php HTTP/1.1" 200 593 "-" "Mozilla/5.0 (Windows NT 10.0; Win64; x64) AppleWebKit/537.36 (KHTML, like Gecko) Chrome/131.0.0.0 Safari/537.36"
36.133.115.36 - - [08/Apr/2026:07:28:30 +0800] "POST /wp-cron.php?doing_wp_cron=1775604510.3780460357666015625000 HTTP/1.1" 200 31 "-" "WordPress/6.9; http://cqqizhou.com"
36.133.108.121 - - [08/Apr/2026:07:28:30 +0800] "HEAD / HTTP/1.1" 301 0 "-" "Mozilla/5.0 (compatible; MSIE 8.0; Windows NT 5.2; Trident/4.0; Media Center PC 4.0; SLCC1; .NET CLR 3.0.04320)"
36.133.108.119 - - [08/Apr/2026:07:28:32 +0800] "GET / HTTP/1.1" 301 5 "-" "Scrapy/2.8.0 (+https://scrapy.org)"
36.133.115.36 - - [08/Apr/2026:07:30:30 +0800] "POST /wp-cron.php?doing_wp_cron=1775604630.8713090419769287109375 HTTP/1.1" 200 31 "-" "WordPress/6.9; http://cqqizhou.com"
104.236.92.7 - - [08/Apr/2026:07:30:30 +0800] "GET /.git/config HTTP/1.1" 404 8948 "-" "Mozilla/5.0 (X11; Linux x86_64) AppleWebKit/537.36 (KHTML, like Gecko) Chrome/81.0.4044.129 Safari/537.36"
36.133.115.36 - - [08/Apr/2026:07:33:31 +0800] "POST /wp-cron.php?doing_wp_cron=1775604811.1722910404205322265625 HTTP/1.1" 200 31 "-" "WordPress/6.9; http://cqqizhou.com"
112.47.106.246 - - [08/Apr/2026:07:33:31 +0800] "GET /news/2486 HTTP/1.1" 200 24061 "-" "Mozilla/5.0 (Macintosh; Intel Mac OS X 10_15_7) AppleWebKit/537.36 (KHTML, like Gecko) Chrome/140.0.0.0 Safari/537.36"
117.150.146.187 - - [08/Apr/2026:07:33:37 +0800] "GET /news/2486 HTTP/1.1" 200 24080 "-" "Mozilla/5.0 (Macintosh; Intel Mac OS X 10_15_7) AppleWebKit/537.36 (KHTML, like Gecko) Chrome/140.0.0.0 Safari/537.36"
180.153.236.212 - - [08/Apr/2026:07:57:04 +0800] "GET / HTTP/1.1" 200 35274 "http://cqqizhou.com" "User-Agent:Mozilla/5.0 (Windows NT 10.0; Win64; x64) AppleWebKit/537.36 (KHTML, like Gecko) Chrome/140.0.0.0 Safari/537.36 Edg/140.0.0.0; 360Spider"
36.133.115.36 - - [08/Apr/2026:07:57:05 +0800] "POST /wp-cron.php?doing_wp_cron=1775606225.8307340145111083984375 HTTP/1.1" 200 31 "-" "WordPress/6.9; http://cqqizhou.com"
121.43.118.248 - - [08/Apr/2026:07:57:05 +0800] "GET / HTTP/1.1" 301 5 "-" "Mozilla/5.0 (Windows NT 10.0; Win64; x64) AppleWebKit/537.36 (KHTML, like Gecko) Chrome/59.0.3071.115 Safari/537.36"
116.179.32.26 - - [08/Apr/2026:08:03:09 +0800] "GET /news/tag/%E5%8D%9A%E8%81%94%E8%BE%BE HTTP/1.1" 200 18454 "-" "Mozilla/5.0 (compatible; Baiduspider/2.0; +http://www.baidu.com/search/spider.html)"
36.133.115.36 - - [08/Apr/2026:08:08:52 +0800] "POST /wp-cron.php?doing_wp_cron=1775606932.9190180301666259765625 HTTP/1.1" 200 31 "-" "WordPress/6.9; http://cqqizhou.com"
60.165.238.170 - - [08/Apr/2026:08:08:52 +0800] "GET / HTTP/1.1" 301 5 "-" "Go-http-client/1.1"
60.165.238.170 - - [08/Apr/2026:08:08:54 +0800] "GET / HTTP/1.1" 200 35274 "http://36.133.115.36" "Go-http-client/1.1"
122.225.28.127 - - [08/Apr/2026:08:26:39 +0800] "GET /news/2486 HTTP/1.1" 200 24080 "-" "Mozilla/5.0 (Windows NT 10.0; Win64; x64) AppleWebKit/537.36 (KHTML, like Gecko) Chrome/135.1.0 Safari/537.36 Edg/135.1.0"
223.76.170.231 - - [08/Apr/2026:08:26:40 +0800] "GET /news/2486 HTTP/1.1" 200 24080 "-" "Mozilla/5.0 (Macintosh; Intel Mac OS X 10_15_7) AppleWebKit/537.36 (KHTML, like Gecko) Chrome/107.0.0.0 Safari/537.36 MicroMessenger/6.8.0(0x16080000) NetType/WIFI MiniProgramEnv/Mac MacWechat/WMPF MacWechat/3.8.4(0x13080410)XWEB/31009"
183.204.159.123 - - [08/Apr/2026:08:44:34 +0800] "GET /media HTTP/1.1" 200 26453 "-" "Mozilla/5.0 (Macintosh; Intel Mac OS X 10_15_7) AppleWebKit/537.36 (KHTML, like Gecko) Chrome/140.0.0.0 Safari/537.36"
36.133.115.36 - - [08/Apr/2026:09:19:25 +0800] "POST /wp-cron.php?doing_wp_cron=1775611165.2003350257873535156250 HTTP/1.1" 200 31 "-" "WordPress/6.9; http://cqqizhou.com"
114.119.140.107 - - [08/Apr/2026:09:19:25 +0800] "GET /robots.txt HTTP/1.1" 200 190 "-" "Mozilla/5.0 (compatible;PetalBot;+https://webmaster.petalsearch.com/site/petalbot)"
36.133.115.36 - - [08/Apr/2026:09:20:43 +0800] "POST /wp-cron.php?doing_wp_cron=1775611243.2919540405273437500000 HTTP/1.1" 200 31 "-" "WordPress/6.9; http://cqqizhou.com"
139.59.37.111 - - [08/Apr/2026:09:20:43 +0800] "GET / HTTP/1.1" 301 5 "-" "Mozilla/5.0 (X11; Linux x86_64) AppleWebKit/537.36 (KHTML, like Gecko) Chrome/142.0.0.0 Safari/537.36"
36.133.115.36 - - [08/Apr/2026:09:21:53 +0800] "POST /wp-cron.php?doing_wp_cron=1775611313.5042760372161865234375 HTTP/1.1" 200 31 "-" "WordPress/6.9; http://cqqizhou.com"
120.219.13.118 - - [08/Apr/2026:09:21:53 +0800] "GET / HTTP/1.1" 301 5 "-" "Mozilla/5.0 (Windows NT 6.2; WOW64) AppleWebKit/537.36 (KHTML, like Gecko) Chrome/75.0.3770.8"
120.219.13.118 - - [08/Apr/2026:09:21:53 +0800] "GET http://cqqizhou.com/ HTTP/1.1" 200 35274 "-" "Mozilla/5.0 (Windows NT 6.2; WOW64) AppleWebKit/537.36 (KHTML, like Gecko) Chrome/75.0.3770.8"
111.25.64.52 - - [08/Apr/2026:09:21:53 +0800] "GET / HTTP/1.1" 200 35274 "-" "Mozilla/5.0 (Windows NT 10.0; Win64; x64) AppleWebKit/537.36 (KHTML, like Gecko) Chrome/81.0.4044.69"
39.163.159.74 - - [08/Apr/2026:10:08:29 +0800] "GET /bug HTTP/1.1" 200 12865 "-" "Mozilla/5.0 (Macintosh; Intel Mac OS X 10_15_7) AppleWebKit/537.36 (KHTML, like Gecko) Chrome/140.0.0.0 Safari/537.36"
36.133.115.36 - - [08/Apr/2026:10:13:57 +0800] "POST /wp-cron.php?doing_wp_cron=1775614437.5523109436035156250000 HTTP/1.1" 200 31 "-" "WordPress/6.9; http://cqqizhou.com"
39.144.140.245 - - [08/Apr/2026:10:13:57 +0800] "GET /news/2534 HTTP/1.1" 200 20187 "-" "Mozilla/5.0 (linux; Android 13; Phone; OpenHarmony 6.0) AppleWebKit/537.36 (KHTML, like Gecko) Chrome/132.0.0.0 Safari/537.36  ArkWeb/6.0.0.130 Mobile MicroMessenger/7.0.1 wxwork/5.0.6 wwhmos/0.9.14.320 wwbuildver/10000 NetType/4G Language/zh ColorScheme/Light"
39.144.140.245 - - [08/Apr/2026:10:13:57 +0800] "GET /wp-content/uploads/2025/07/1751864664-Logistics800x500_1.webp HTTP/1.1" 200 76914 "http://cqqizhou.com/news/2534" "Mozilla/5.0 (linux; Android 13; Phone; OpenHarmony 6.0) AppleWebKit/537.36 (KHTML, like Gecko) Chrome/132.0.0.0 Safari/537.36  ArkWeb/6.0.0.130 Mobile MicroMessenger/7.0.1 wxwork/5.0.6 wwhmos/0.9.14.320 wwbuildver/10000 NetType/4G Language/zh ColorScheme/Light"
39.144.140.245 - - [08/Apr/2026:10:13:57 +0800] "GET /wp-content/uploads/2026/03/1773722869-1Article_images_W900px.webp HTTP/1.1" 200 28566 "http://cqqizhou.com/news/2534" "Mozilla/5.0 (linux; Android 13; Phone; OpenHarmony 6.0) AppleWebKit/537.36 (KHTML, like Gecko) Chrome/132.0.0.0 Safari/537.36  ArkWeb/6.0.0.130 Mobile MicroMessenger/7.0.1 wxwork/5.0.6 wwhmos/0.9.14.320 wwbuildver/10000 NetType/4G Language/zh ColorScheme/Light"
39.144.140.245 - - [08/Apr/2026:10:13:57 +0800] "GET /wp-content/uploads/2026/03/1772790791-%E5%B0%81%E9%9D%A2%E5%A4%B4%E5%9B%BEArticle_images_W900%C3%97500px2026.webp HTTP/1.1" 304 0 "http://cqqizhou.com/news/2534" "Mozilla/5.0 (linux; Android 13; Phone; OpenHarmony 6.0) AppleWebKit/537.36 (KHTML, like Gecko) Chrome/132.0.0.0 Safari/537.36  ArkWeb/6.0.0.130 Mobile MicroMessenger/7.0.1 wxwork/5.0.6 wwhmos/0.9.14.320 wwbuildver/10000 NetType/4G Language/zh ColorScheme/Light"
39.144.140.245 - - [08/Apr/2026:10:13:58 +0800] "GET /wp-content/uploads/2025/07/1751425283-qizhou.kf_.qq_.com_.webp HTTP/1.1" 304 0 "http://cqqizhou.com/news/2534" "Mozilla/5.0 (linux; Android 13; Phone; OpenHarmony 6.0) AppleWebKit/537.36 (KHTML, like Gecko) Chrome/132.0.0.0 Safari/537.36  ArkWeb/6.0.0.130 Mobile MicroMessenger/7.0.1 wxwork/5.0.6 wwhmos/0.9.14.320 wwbuildver/10000 NetType/4G Language/zh ColorScheme/Light"
39.144.140.245 - - [08/Apr/2026:10:13:58 +0800] "GET /wp-content/uploads/2025/07/1753410289-News2000%C3%97400_202571.webp HTTP/1.1" 304 0 "http://cqqizhou.com/news/2534" "Mozilla/5.0 (linux; Android 13; Phone; OpenHarmony 6.0) AppleWebKit/537.36 (KHTML, like Gecko) Chrome/132.0.0.0 Safari/537.36  ArkWeb/6.0.0.130 Mobile MicroMessenger/7.0.1 wxwork/5.0.6 wwhmos/0.9.14.320 wwbuildver/10000 NetType/4G Language/zh ColorScheme/Light"
36.133.115.36 - - [08/Apr/2026:10:15:34 +0800] "POST /wp-cron.php?doing_wp_cron=1775614534.1416089534759521484375 HTTP/1.1" 200 31 "-" "WordPress/6.9; http://cqqizhou.com"
39.144.140.245 - - [08/Apr/2026:10:15:34 +0800] "GET /news/2527 HTTP/1.1" 200 20981 "http://cqqizhou.com/news/2534" "Mozilla/5.0 (linux; Android 13; Phone; OpenHarmony 6.0) AppleWebKit/537.36 (KHTML, like Gecko) Chrome/132.0.0.0 Safari/537.36  ArkWeb/6.0.0.130 Mobile MicroMessenger/7.0.1 wxwork/5.0.6 wwhmos/0.9.14.320 wwbuildver/10000 NetType/4G Language/zh ColorScheme/Light"
39.144.140.245 - - [08/Apr/2026:10:15:34 +0800] "GET /wp-content/uploads/2026/03/1773722870-2Article_images_W900px.webp HTTP/1.1" 200 56124 "http://cqqizhou.com/news/2527" "Mozilla/5.0 (linux; Android 13; Phone; OpenHarmony 6.0) AppleWebKit/537.36 (KHTML, like Gecko) Chrome/132.0.0.0 Safari/537.36  ArkWeb/6.0.0.130 Mobile MicroMessenger/7.0.1 wxwork/5.0.6 wwhmos/0.9.14.320 wwbuildver/10000 NetType/4G Language/zh ColorScheme/Light"
39.144.140.245 - - [08/Apr/2026:10:15:34 +0800] "GET /wp-content/uploads/2026/03/1773722871-3Article_images_W900px.webp HTTP/1.1" 200 51678 "http://cqqizhou.com/news/2527" "Mozilla/5.0 (linux; Android 13; Phone; OpenHarmony 6.0) AppleWebKit/537.36 (KHTML, like Gecko) Chrome/132.0.0.0 Safari/537.36  ArkWeb/6.0.0.130 Mobile MicroMessenger/7.0.1 wxwork/5.0.6 wwhmos/0.9.14.320 wwbuildver/10000 NetType/4G Language/zh ColorScheme/Light"
39.144.140.245 - - [08/Apr/2026:10:15:35 +0800] "GET /wp-content/uploads/2025/07/1773723158-Article_images_W900px.webp HTTP/1.1" 404 8950 "http://cqqizhou.com/news/2527" "Mozilla/5.0 (linux; Android 13; Phone; OpenHarmony 6.0) AppleWebKit/537.36 (KHTML, like Gecko) Chrome/132.0.0.0 Safari/537.36  ArkWeb/6.0.0.130 Mobile MicroMessenger/7.0.1 wxwork/5.0.6 wwhmos/0.9.14.320 wwbuildver/10000 NetType/4G Language/zh ColorScheme/Light"
36.133.115.36 - - [08/Apr/2026:10:23:37 +0800] "POST /wp-cron.php?doing_wp_cron=1775615017.5951619148254394531250 HTTP/1.1" 200 31 "-" "WordPress/6.9; http://cqqizhou.com"
52.80.102.53 - - [08/Apr/2026:10:23:37 +0800] "GET /2418/ HTTP/1.1" 301 5 "-" "Mozilla/5.0 (Linux; Android 10; HD1900 Build/QKQ1.190716.003; wv) AppleWebKit/537.36 (KHTML, like Gecko) Version/4.0 Chrome/75.0.3770.156 Mobile Safari/537.36  aweme_230400 JsSdk/1.0 NetType/WIFI  AppName/aweme app_version/23.4.0 ByteLocale/zh-CN Region/CN AppSkin/white AppTheme/light BytedanceWebview/d8a21c6 WebView/075113004008"
52.80.102.53 - - [08/Apr/2026:10:23:38 +0800] "GET /news/2418 HTTP/1.1" 200 23450 "-" "Mozilla/5.0 (Linux; Android 10; HD1900 Build/QKQ1.190716.003; wv) AppleWebKit/537.36 (KHTML, like Gecko) Version/4.0 Chrome/75.0.3770.156 Mobile Safari/537.36  aweme_230400 JsSdk/1.0 NetType/WIFI  AppName/aweme app_version/23.4.0 ByteLocale/zh-CN Region/CN AppSkin/white AppTheme/light BytedanceWebview/d8a21c6 WebView/075113004008"
52.80.102.53 - - [08/Apr/2026:10:23:38 +0800] "GET /wp-content/uploads/revslider/slider-1/1750861156-logistics_Slider_3840%C3%972160_20250625191356-scaled-768x432.webp HTTP/1.1" 200 31912 "http://cqqizhou.com/news/2418" "Mozilla/5.0 (Linux; Android 10; HD1900 Build/QKQ1.190716.003; wv) AppleWebKit/537.36 (KHTML, like Gecko) Version/4.0 Chrome/75.0.3770.156 Mobile Safari/537.36  aweme_230400 JsSdk/1.0 NetType/WIFI  AppName/aweme app_version/23.4.0 ByteLocale/zh-CN Region/CN AppSkin/white AppTheme/light BytedanceWebview/d8a21c6 WebView/075113004008"
52.80.102.53 - - [08/Apr/2026:10:23:38 +0800] "GET /wp-content/uploads/2026/02/1770617354-Article_images_W900px-768x479.webp HTTP/1.1" 200 14746 "http://cqqizhou.com/news/2418" "Mozilla/5.0 (Linux; Android 10; HD1900 Build/QKQ1.190716.003; wv) AppleWebKit/537.36 (KHTML, like Gecko) Version/4.0 Chrome/75.0.3770.156 Mobile Safari/537.36  aweme_230400 JsSdk/1.0 NetType/WIFI  AppName/aweme app_version/23.4.0 ByteLocale/zh-CN Region/CN AppSkin/white AppTheme/light BytedanceWebview/d8a21c6 WebView/075113004008"
52.80.102.53 - - [08/Apr/2026:10:23:38 +0800] "GET /wp-content/uploads/2026/04/1775195054-1Article_images_W900px-768x432.webp HTTP/1.1" 200 26908 "http://cqqizhou.com/news/2418" "Mozilla/5.0 (Linux; Android 10; HD1900 Build/QKQ1.190716.003; wv) AppleWebKit/537.36 (KHTML, like Gecko) Version/4.0 Chrome/75.0.3770.156 Mobile Safari/537.36  aweme_230400 JsSdk/1.0 NetType/WIFI  AppName/aweme app_version/23.4.0 ByteLocale/zh-CN Region/CN AppSkin/white AppTheme/light BytedanceWebview/d8a21c6 WebView/075113004008"
52.80.102.53 - - [08/Apr/2026:10:23:38 +0800] "GET /wp-content/uploads/2025/07/1751425283-qizhou.kf_.qq_.com_.webp HTTP/1.1" 200 16864 "http://cqqizhou.com/news/2418" "Mozilla/5.0 (Linux; Android 10; HD1900 Build/QKQ1.190716.003; wv) AppleWebKit/537.36 (KHTML, like Gecko) Version/4.0 Chrome/75.0.3770.156 Mobile Safari/537.36  aweme_230400 JsSdk/1.0 NetType/WIFI  AppName/aweme app_version/23.4.0 ByteLocale/zh-CN Region/CN AppSkin/white AppTheme/light BytedanceWebview/d8a21c6 WebView/075113004008"
52.80.102.53 - - [08/Apr/2026:10:23:38 +0800] "GET /wp-content/uploads/2025/07/1753410289-News2000%C3%97400_202571.webp HTTP/1.1" 200 17830 "http://cqqizhou.com/news/2418" "Mozilla/5.0 (Linux; Android 10; HD1900 Build/QKQ1.190716.003; wv) AppleWebKit/537.36 (KHTML, like Gecko) Version/4.0 Chrome/75.0.3770.156 Mobile Safari/537.36  aweme_230400 JsSdk/1.0 NetType/WIFI  AppName/aweme app_version/23.4.0 ByteLocale/zh-CN Region/CN AppSkin/white AppTheme/light BytedanceWebview/d8a21c6 WebView/075113004008"
36.133.115.36 - - [08/Apr/2026:10:24:19 +0800] "POST /wp-cron.php?doing_wp_cron=1775615059.7924809455871582031250 HTTP/1.1" 200 31 "-" "WordPress/6.9; http://cqqizhou.com"
52.80.102.53 - - [08/Apr/2026:10:24:19 +0800] "GET /2418/ HTTP/1.1" 301 5 "-" "Mozilla/5.0 (Linux; Android 10; HD1900 Build/QKQ1.190716.003; wv) AppleWebKit/537.36 (KHTML, like Gecko) Version/4.0 Chrome/75.0.3770.156 Mobile Safari/537.36  aweme_230400 JsSdk/1.0 NetType/WIFI  AppName/aweme app_version/23.4.0 ByteLocale/zh-CN Region/CN AppSkin/white AppTheme/light BytedanceWebview/d8a21c6 WebView/075113004008"
52.80.102.53 - - [08/Apr/2026:10:24:21 +0800] "GET /news/2418 HTTP/1.1" 200 23448 "-" "Mozilla/5.0 (Linux; Android 10; HD1900 Build/QKQ1.190716.003; wv) AppleWebKit/537.36 (KHTML, like Gecko) Version/4.0 Chrome/75.0.3770.156 Mobile Safari/537.36  aweme_230400 JsSdk/1.0 NetType/WIFI  AppName/aweme app_version/23.4.0 ByteLocale/zh-CN Region/CN AppSkin/white AppTheme/light BytedanceWebview/d8a21c6 WebView/075113004008"
52.80.102.53 - - [08/Apr/2026:10:24:21 +0800] "GET /wp-content/uploads/revslider/slider-1/1750861156-logistics_Slider_3840%C3%972160_20250625191356-scaled-768x432.webp HTTP/1.1" 200 31912 "http://cqqizhou.com/news/2418" "Mozilla/5.0 (Linux; Android 10; HD1900 Build/QKQ1.190716.003; wv) AppleWebKit/537.36 (KHTML, like Gecko) Version/4.0 Chrome/75.0.3770.156 Mobile Safari/537.36  aweme_230400 JsSdk/1.0 NetType/WIFI  AppName/aweme app_version/23.4.0 ByteLocale/zh-CN Region/CN AppSkin/white AppTheme/light BytedanceWebview/d8a21c6 WebView/075113004008"
52.80.102.53 - - [08/Apr/2026:10:24:21 +0800] "GET /wp-content/uploads/2026/04/1775195054-1Article_images_W900px-768x432.webp HTTP/1.1" 200 26908 "http://cqqizhou.com/news/2418" "Mozilla/5.0 (Linux; Android 10; HD1900 Build/QKQ1.190716.003; wv) AppleWebKit/537.36 (KHTML, like Gecko) Version/4.0 Chrome/75.0.3770.156 Mobile Safari/537.36  aweme_230400 JsSdk/1.0 NetType/WIFI  AppName/aweme app_version/23.4.0 ByteLocale/zh-CN Region/CN AppSkin/white AppTheme/light BytedanceWebview/d8a21c6 WebView/075113004008"
52.80.102.53 - - [08/Apr/2026:10:24:21 +0800] "GET /wp-content/uploads/2026/02/1770617354-Article_images_W900px-768x479.webp HTTP/1.1" 200 14746 "http://cqqizhou.com/news/2418" "Mozilla/5.0 (Linux; Android 10; HD1900 Build/QKQ1.190716.003; wv) AppleWebKit/537.36 (KHTML, like Gecko) Version/4.0 Chrome/75.0.3770.156 Mobile Safari/537.36  aweme_230400 JsSdk/1.0 NetType/WIFI  AppName/aweme app_version/23.4.0 ByteLocale/zh-CN Region/CN AppSkin/white AppTheme/light BytedanceWebview/d8a21c6 WebView/075113004008"
52.80.102.53 - - [08/Apr/2026:10:24:21 +0800] "GET /wp-content/uploads/2025/07/1751425283-qizhou.kf_.qq_.com_.webp HTTP/1.1" 200 16864 "http://cqqizhou.com/news/2418" "Mozilla/5.0 (Linux; Android 10; HD1900 Build/QKQ1.190716.003; wv) AppleWebKit/537.36 (KHTML, like Gecko) Version/4.0 Chrome/75.0.3770.156 Mobile Safari/537.36  aweme_230400 JsSdk/1.0 NetType/WIFI  AppName/aweme app_version/23.4.0 ByteLocale/zh-CN Region/CN AppSkin/white AppTheme/light BytedanceWebview/d8a21c6 WebView/075113004008"
52.80.102.53 - - [08/Apr/2026:10:24:21 +0800] "GET /wp-content/uploads/2025/07/1753410289-News2000%C3%97400_202571.webp HTTP/1.1" 200 17830 "http://cqqizhou.com/news/2418" "Mozilla/5.0 (Linux; Android 10; HD1900 Build/QKQ1.190716.003; wv) AppleWebKit/537.36 (KHTML, like Gecko) Version/4.0 Chrome/75.0.3770.156 Mobile Safari/537.36  aweme_230400 JsSdk/1.0 NetType/WIFI  AppName/aweme app_version/23.4.0 ByteLocale/zh-CN Region/CN AppSkin/white AppTheme/light BytedanceWebview/d8a21c6 WebView/075113004008"
36.133.115.36 - - [08/Apr/2026:10:52:46 +0800] "POST /wp-cron.php?doing_wp_cron=1775616766.4633879661560058593750 HTTP/1.1" 200 31 "-" "WordPress/6.9; http://cqqizhou.com"
5.61.209.107 - - [08/Apr/2026:10:52:46 +0800] "GET /SDK/webLanguage HTTP/1.1" 301 5 "-" "Mozilla/5.0 (Windows NT 10.0; Win64; x64) AppleWebKit/537.36 (KHTML, like Gecko) Chrome/90.0.4430.85 Safari/537.36 Edg/90.0.818.46"
36.133.115.36 - - [08/Apr/2026:10:53:59 +0800] "POST /wp-cron.php?doing_wp_cron=1775616839.7142190933227539062500 HTTP/1.1" 200 31 "-" "WordPress/6.9; http://cqqizhou.com"
217.160.170.46 - - [08/Apr/2026:10:53:59 +0800] "GET / HTTP/1.1" 301 5 "-" "Go-http-client/1.1"
217.160.170.46 - - [08/Apr/2026:10:54:00 +0800] "GET / HTTP/1.1" 200 35274 "http://36.133.115.36" "Go-http-client/1.1"
193.37.32.194 - - [08/Apr/2026:10:55:26 +0800] "GET /inputs.php HTTP/1.1" 404 47 "-" "Mozilla/5.0 (Windows NT 10.0; Win64; x64) AppleWebKit/537.36 (KHTML, like Gecko) Chrome/58.0.3029.110 Safari/537.3"
193.37.32.194 - - [08/Apr/2026:10:55:27 +0800] "GET /.well-known/core.php HTTP/1.1" 404 47 "-" "Mozilla/5.0 (Windows NT 10.0; Win64; x64) AppleWebKit/537.36 (KHTML, like Gecko) Chrome/58.0.3029.110 Safari/537.3"
193.37.32.194 - - [08/Apr/2026:10:55:27 +0800] "GET /wp-content/users.php HTTP/1.1" 404 47 "-" "Mozilla/5.0 (Windows NT 10.0; Win64; x64) AppleWebKit/537.36 (KHTML, like Gecko) Chrome/58.0.3029.110 Safari/537.3"
193.37.32.194 - - [08/Apr/2026:10:55:28 +0800] "GET /wp-content/wp-activate.php HTTP/1.1" 404 47 "-" "Mozilla/5.0 (Windows NT 10.0; Win64; x64) AppleWebKit/537.36 (KHTML, like Gecko) Chrome/58.0.3029.110 Safari/537.3"
193.37.32.194 - - [08/Apr/2026:10:55:28 +0800] "GET /num.php HTTP/1.1" 404 47 "-" "Mozilla/5.0 (Windows NT 10.0; Win64; x64) AppleWebKit/537.36 (KHTML, like Gecko) Chrome/58.0.3029.110 Safari/537.3"
193.37.32.194 - - [08/Apr/2026:10:55:28 +0800] "GET /app.php HTTP/1.1" 404 47 "-" "Mozilla/5.0 (Windows NT 10.0; Win64; x64) AppleWebKit/537.36 (KHTML, like Gecko) Chrome/58.0.3029.110 Safari/537.3"
193.37.32.194 - - [08/Apr/2026:10:55:29 +0800] "GET /wp-includes/php-compat/ HTTP/1.1" 403 548 "-" "Mozilla/5.0 (Windows NT 10.0; Win64; x64) AppleWebKit/537.36 (KHTML, like Gecko) Chrome/58.0.3029.110 Safari/537.3"
193.37.32.194 - - [08/Apr/2026:10:55:29 +0800] "GET /wp-includes/js/codemirror/config.php HTTP/1.1" 404 47 "-" "Mozilla/5.0 (Windows NT 10.0; Win64; x64) AppleWebKit/537.36 (KHTML, like Gecko) Chrome/58.0.3029.110 Safari/537.3"
193.37.32.194 - - [08/Apr/2026:10:55:30 +0800] "GET /wp-content/test.php HTTP/1.1" 404 47 "-" "Mozilla/5.0 (Windows NT 10.0; Win64; x64) AppleWebKit/537.36 (KHTML, like Gecko) Chrome/58.0.3029.110 Safari/537.3"
193.37.32.194 - - [08/Apr/2026:10:55:30 +0800] "GET /wp-includes/header.php HTTP/1.1" 404 47 "-" "Mozilla/5.0 (Windows NT 10.0; Win64; x64) AppleWebKit/537.36 (KHTML, like Gecko) Chrome/58.0.3029.110 Safari/537.3"
193.37.32.194 - - [08/Apr/2026:10:55:30 +0800] "GET /wp-includes/block-bindings/system_core.php HTTP/1.1" 404 47 "-" "Mozilla/5.0 (Windows NT 10.0; Win64; x64) AppleWebKit/537.36 (KHTML, like Gecko) Chrome/58.0.3029.110 Safari/537.3"
193.37.32.194 - - [08/Apr/2026:10:55:31 +0800] "GET /system_core.php HTTP/1.1" 404 47 "-" "Mozilla/5.0 (Windows NT 10.0; Win64; x64) AppleWebKit/537.36 (KHTML, like Gecko) Chrome/58.0.3029.110 Safari/537.3"
193.37.32.194 - - [08/Apr/2026:10:55:31 +0800] "GET /rip.php HTTP/1.1" 404 47 "-" "Mozilla/5.0 (Windows NT 10.0; Win64; x64) AppleWebKit/537.36 (KHTML, like Gecko) Chrome/58.0.3029.110 Safari/537.3"
193.37.32.194 - - [08/Apr/2026:10:55:31 +0800] "GET /wp-content/uploads/admin.php HTTP/1.1" 404 47 "-" "Mozilla/5.0 (Windows NT 10.0; Win64; x64) AppleWebKit/537.36 (KHTML, like Gecko) Chrome/58.0.3029.110 Safari/537.3"
193.37.32.194 - - [08/Apr/2026:10:55:32 +0800] "GET /wp-content/plugins/pwnd/pwnd.php HTTP/1.1" 404 47 "-" "Mozilla/5.0 (Windows NT 10.0; Win64; x64) AppleWebKit/537.36 (KHTML, like Gecko) Chrome/58.0.3029.110 Safari/537.3"
193.37.32.194 - - [08/Apr/2026:10:55:32 +0800] "GET /admin.php HTTP/1.1" 404 47 "-" "Mozilla/5.0 (Windows NT 10.0; Win64; x64) AppleWebKit/537.36 (KHTML, like Gecko) Chrome/58.0.3029.110 Safari/537.3"
193.37.32.194 - - [08/Apr/2026:10:55:32 +0800] "GET /upload/zczv.php HTTP/1.1" 404 47 "-" "Mozilla/5.0 (Windows NT 10.0; Win64; x64) AppleWebKit/537.36 (KHTML, like Gecko) Chrome/58.0.3029.110 Safari/537.3"
193.37.32.194 - - [08/Apr/2026:10:55:33 +0800] "GET /wp-content/ HTTP/1.1" 200 31 "-" "Mozilla/5.0 (Windows NT 10.0; Win64; x64) AppleWebKit/537.36 (KHTML, like Gecko) Chrome/58.0.3029.110 Safari/537.3"
193.37.32.194 - - [08/Apr/2026:10:55:33 +0800] "GET /filemanager.php HTTP/1.1" 404 47 "-" "Mozilla/5.0 (Windows NT 10.0; Win64; x64) AppleWebKit/537.36 (KHTML, like Gecko) Chrome/58.0.3029.110 Safari/537.3"
36.133.115.36 - - [08/Apr/2026:10:55:34 +0800] "POST /wp-cron.php?doing_wp_cron=1775616934.9220800399780273437500 HTTP/1.1" 200 31 "-" "WordPress/6.9; http://cqqizhou.com"
193.37.32.194 - - [08/Apr/2026:10:55:34 +0800] "GET /admin/ HTTP/1.1" 302 5 "-" "Mozilla/5.0 (Windows NT 10.0; Win64; x64) AppleWebKit/537.36 (KHTML, like Gecko) Chrome/58.0.3029.110 Safari/537.3"
193.37.32.194 - - [08/Apr/2026:10:55:35 +0800] "GET /wp-admin/ HTTP/1.1" 302 5 "http://cqqizhou.com/admin/" "Mozilla/5.0 (Windows NT 10.0; Win64; x64) AppleWebKit/537.36 (KHTML, like Gecko) Chrome/58.0.3029.110 Safari/537.3"
193.37.32.194 - - [08/Apr/2026:10:55:36 +0800] "GET /wp-login.php?redirect_to=http%3A%2F%2Fcqqizhou.com%2Fwp-admin%2F&reauth=1 HTTP/1.1" 200 2853 "http://cqqizhou.com/wp-admin/" "Mozilla/5.0 (Windows NT 10.0; Win64; x64) AppleWebKit/537.36 (KHTML, like Gecko) Chrome/58.0.3029.110 Safari/537.3"
193.37.32.194 - - [08/Apr/2026:10:55:38 +0800] "GET /wp-includes/speculative8.php HTTP/1.1" 404 47 "-" "Mozilla/5.0 (Windows NT 10.0; Win64; x64) AppleWebKit/537.36 (KHTML, like Gecko) Chrome/58.0.3029.110 Safari/537.3"
193.37.32.194 - - [08/Apr/2026:10:55:38 +0800] "GET /assets/images/selam.php HTTP/1.1" 404 47 "-" "Mozilla/5.0 (Windows NT 10.0; Win64; x64) AppleWebKit/537.36 (KHTML, like Gecko) Chrome/58.0.3029.110 Safari/537.3"
193.37.32.194 - - [08/Apr/2026:10:55:39 +0800] "GET /item.php HTTP/1.1" 404 47 "-" "Mozilla/5.0 (Windows NT 10.0; Win64; x64) AppleWebKit/537.36 (KHTML, like Gecko) Chrome/58.0.3029.110 Safari/537.3"
193.37.32.194 - - [08/Apr/2026:10:55:39 +0800] "GET /3PJcpMFsD8B.php HTTP/1.1" 404 47 "-" "Mozilla/5.0 (Windows NT 10.0; Win64; x64) AppleWebKit/537.36 (KHTML, like Gecko) Chrome/58.0.3029.110 Safari/537.3"
193.37.32.194 - - [08/Apr/2026:10:55:40 +0800] "GET /1.php HTTP/1.1" 404 47 "-" "Mozilla/5.0 (Windows NT 10.0; Win64; x64) AppleWebKit/537.36 (KHTML, like Gecko) Chrome/58.0.3029.110 Safari/537.3"
193.37.32.194 - - [08/Apr/2026:10:55:40 +0800] "GET /wp-config-sample.php HTTP/1.1" 500 2434 "-" "Mozilla/5.0 (Windows NT 10.0; Win64; x64) AppleWebKit/537.36 (KHTML, like Gecko) Chrome/58.0.3029.110 Safari/537.3"
193.37.32.194 - - [08/Apr/2026:10:55:41 +0800] "GET /wp-content/plugins/hello-plus/classes/ehp-sarang.php HTTP/1.1" 404 47 "-" "Mozilla/5.0 (Windows NT 10.0; Win64; x64) AppleWebKit/537.36 (KHTML, like Gecko) Chrome/58.0.3029.110 Safari/537.3"
193.37.32.194 - - [08/Apr/2026:10:55:41 +0800] "GET /fm.php HTTP/1.1" 404 47 "-" "Mozilla/5.0 (Windows NT 10.0; Win64; x64) AppleWebKit/537.36 (KHTML, like Gecko) Chrome/58.0.3029.110 Safari/537.3"
193.37.32.194 - - [08/Apr/2026:10:55:43 +0800] "GET /wp-content/updraft/plugins-old/updraftplus/vendor/team-updraft/ HTTP/1.1" 404 8949 "-" "Mozilla/5.0 (Windows NT 10.0; Win64; x64) AppleWebKit/537.36 (KHTML, like Gecko) Chrome/58.0.3029.110 Safari/537.3"
193.37.32.194 - - [08/Apr/2026:10:55:44 +0800] "GET /wp-content/themes/ HTTP/1.1" 200 31 "-" "Mozilla/5.0 (Windows NT 10.0; Win64; x64) AppleWebKit/537.36 (KHTML, like Gecko) Chrome/58.0.3029.110 Safari/537.3"
193.37.32.194 - - [08/Apr/2026:10:55:44 +0800] "GET /wp-admin/css/ HTTP/1.1" 403 548 "-" "Mozilla/5.0 (Windows NT 10.0; Win64; x64) AppleWebKit/537.36 (KHTML, like Gecko) Chrome/58.0.3029.110 Safari/537.3"
193.37.32.194 - - [08/Apr/2026:10:55:44 +0800] "GET /wp-content/updates.php HTTP/1.1" 404 47 "-" "Mozilla/5.0 (Windows NT 10.0; Win64; x64) AppleWebKit/537.36 (KHTML, like Gecko) Chrome/58.0.3029.110 Safari/537.3"
193.37.32.194 - - [08/Apr/2026:10:55:45 +0800] "GET /wp-admin/js/ HTTP/1.1" 403 548 "-" "Mozilla/5.0 (Windows NT 10.0; Win64; x64) AppleWebKit/537.36 (KHTML, like Gecko) Chrome/58.0.3029.110 Safari/537.3"
193.37.32.194 - - [08/Apr/2026:10:55:45 +0800] "GET /wp-admin/css/colors/modern/ HTTP/1.1" 403 548 "-" "Mozilla/5.0 (Windows NT 10.0; Win64; x64) AppleWebKit/537.36 (KHTML, like Gecko) Chrome/58.0.3029.110 Safari/537.3"
193.37.32.194 - - [08/Apr/2026:10:55:46 +0800] "GET /class.api.php HTTP/1.1" 404 47 "-" "Mozilla/5.0 (Windows NT 10.0; Win64; x64) AppleWebKit/537.36 (KHTML, like Gecko) Chrome/58.0.3029.110 Safari/537.3"
193.37.32.194 - - [08/Apr/2026:10:55:47 +0800] "GET /wp-admin/ HTTP/1.1" 302 5 "-" "Mozilla/5.0 (Windows NT 10.0; Win64; x64) AppleWebKit/537.36 (KHTML, like Gecko) Chrome/58.0.3029.110 Safari/537.3"
193.37.32.194 - - [08/Apr/2026:10:55:48 +0800] "GET /wp-login.php?redirect_to=http%3A%2F%2Fcqqizhou.com%2Fwp-admin%2F&reauth=1 HTTP/1.1" 200 2853 "http://cqqizhou.com/wp-admin/" "Mozilla/5.0 (Windows NT 10.0; Win64; x64) AppleWebKit/537.36 (KHTML, like Gecko) Chrome/58.0.3029.110 Safari/537.3"
193.37.32.194 - - [08/Apr/2026:10:55:48 +0800] "GET /adminfuns.php HTTP/1.1" 404 47 "-" "Mozilla/5.0 (Windows NT 10.0; Win64; x64) AppleWebKit/537.36 (KHTML, like Gecko) Chrome/58.0.3029.110 Safari/537.3"
193.37.32.194 - - [08/Apr/2026:10:55:50 +0800] "GET /comments/feed/ HTTP/1.1" 301 5 "-" "Mozilla/5.0 (Windows NT 10.0; Win64; x64) AppleWebKit/537.36 (KHTML, like Gecko) Chrome/58.0.3029.110 Safari/537.3"
193.37.32.194 - - [08/Apr/2026:10:55:51 +0800] "GET /comments/feed HTTP/1.1" 200 703 "http://cqqizhou.com/comments/feed/" "Mozilla/5.0 (Windows NT 10.0; Win64; x64) AppleWebKit/537.36 (KHTML, like Gecko) Chrome/58.0.3029.110 Safari/537.3"
193.37.32.194 - - [08/Apr/2026:10:55:51 +0800] "GET /wp-content/admin.php HTTP/1.1" 404 47 "-" "Mozilla/5.0 (Windows NT 10.0; Win64; x64) AppleWebKit/537.36 (KHTML, like Gecko) Chrome/58.0.3029.110 Safari/537.3"
193.37.32.194 - - [08/Apr/2026:10:55:52 +0800] "GET /wp-admin/network/cache/ HTTP/1.1" 404 8950 "-" "Mozilla/5.0 (Windows NT 10.0; Win64; x64) AppleWebKit/537.36 (KHTML, like Gecko) Chrome/58.0.3029.110 Safari/537.3"
193.37.32.194 - - [08/Apr/2026:10:55:53 +0800] "GET /mah.php HTTP/1.1" 404 47 "-" "Mozilla/5.0 (Windows NT 10.0; Win64; x64) AppleWebKit/537.36 (KHTML, like Gecko) Chrome/58.0.3029.110 Safari/537.3"
193.37.32.194 - - [08/Apr/2026:10:55:53 +0800] "GET /wp-admin/shell.php HTTP/1.1" 404 47 "-" "Mozilla/5.0 (Windows NT 10.0; Win64; x64) AppleWebKit/537.36 (KHTML, like Gecko) Chrome/58.0.3029.110 Safari/537.3"
193.37.32.194 - - [08/Apr/2026:10:55:53 +0800] "GET /goods.php HTTP/1.1" 404 47 "-" "Mozilla/5.0 (Windows NT 10.0; Win64; x64) AppleWebKit/537.36 (KHTML, like Gecko) Chrome/58.0.3029.110 Safari/537.3"
193.37.32.194 - - [08/Apr/2026:10:55:55 +0800] "GET /wp-content/plugins/revslider/includes/external/page/ HTTP/1.1" 404 8950 "-" "Mozilla/5.0 (Windows NT 10.0; Win64; x64) AppleWebKit/537.36 (KHTML, like Gecko) Chrome/58.0.3029.110 Safari/537.3"
193.37.32.194 - - [08/Apr/2026:10:55:55 +0800] "GET /bolt.php HTTP/1.1" 404 47 "-" "Mozilla/5.0 (Windows NT 10.0; Win64; x64) AppleWebKit/537.36 (KHTML, like Gecko) Chrome/58.0.3029.110 Safari/537.3"
193.37.32.194 - - [08/Apr/2026:10:55:56 +0800] "GET /about.php HTTP/1.1" 404 47 "-" "Mozilla/5.0 (Windows NT 10.0; Win64; x64) AppleWebKit/537.36 (KHTML, like Gecko) Chrome/58.0.3029.110 Safari/537.3"
193.37.32.194 - - [08/Apr/2026:10:55:57 +0800] "GET /wp-includes/blocks/archives/ HTTP/1.1" 403 548 "-" "Mozilla/5.0 (Windows NT 10.0; Win64; x64) AppleWebKit/537.36 (KHTML, like Gecko) Chrome/58.0.3029.110 Safari/537.3"
193.37.32.194 - - [08/Apr/2026:10:55:57 +0800] "GET /wp-includes/blocks/code/ HTTP/1.1" 403 548 "-" "Mozilla/5.0 (Windows NT 10.0; Win64; x64) AppleWebKit/537.36 (KHTML, like Gecko) Chrome/58.0.3029.110 Safari/537.3"
193.37.32.194 - - [08/Apr/2026:10:55:58 +0800] "GET /wp-content/uploads/ HTTP/1.1" 403 548 "-" "Mozilla/5.0 (Windows NT 10.0; Win64; x64) AppleWebKit/537.36 (KHTML, like Gecko) Chrome/58.0.3029.110 Safari/537.3"
193.37.32.194 - - [08/Apr/2026:10:55:58 +0800] "GET /wp-includes/css/dist/block-library/ HTTP/1.1" 403 548 "-" "Mozilla/5.0 (Windows NT 10.0; Win64; x64) AppleWebKit/537.36 (KHTML, like Gecko) Chrome/58.0.3029.110 Safari/537.3"
193.37.32.194 - - [08/Apr/2026:10:55:58 +0800] "GET /edit.php HTTP/1.1" 404 47 "-" "Mozilla/5.0 (Windows NT 10.0; Win64; x64) AppleWebKit/537.36 (KHTML, like Gecko) Chrome/58.0.3029.110 Safari/537.3"
193.37.32.194 - - [08/Apr/2026:10:55:59 +0800] "GET /wp-admin/maint/ HTTP/1.1" 403 548 "-" "Mozilla/5.0 (Windows NT 10.0; Win64; x64) AppleWebKit/537.36 (KHTML, like Gecko) Chrome/58.0.3029.110 Safari/537.3"
193.37.32.194 - - [08/Apr/2026:10:55:59 +0800] "GET /404.php HTTP/1.1" 404 47 "-" "Mozilla/5.0 (Windows NT 10.0; Win64; x64) AppleWebKit/537.36 (KHTML, like Gecko) Chrome/58.0.3029.110 Safari/537.3"
193.37.32.194 - - [08/Apr/2026:10:55:59 +0800] "GET /wp-content/plugins/advanced-product-fields-for-woocommerce/db.php HTTP/1.1" 404 47 "-" "Mozilla/5.0 (Windows NT 10.0; Win64; x64) AppleWebKit/537.36 (KHTML, like Gecko) Chrome/58.0.3029.110 Safari/537.3"
193.37.32.194 - - [08/Apr/2026:10:56:00 +0800] "GET /wp-admin/js/widgets/ HTTP/1.1" 403 548 "-" "Mozilla/5.0 (Windows NT 10.0; Win64; x64) AppleWebKit/537.36 (KHTML, like Gecko) Chrome/58.0.3029.110 Safari/537.3"
193.37.32.194 - - [08/Apr/2026:10:56:00 +0800] "GET /index/function.php HTTP/1.1" 404 47 "-" "Mozilla/5.0 (Windows NT 10.0; Win64; x64) AppleWebKit/537.36 (KHTML, like Gecko) Chrome/58.0.3029.110 Safari/537.3"
193.37.32.194 - - [08/Apr/2026:10:56:00 +0800] "GET /simple.php HTTP/1.1" 404 47 "-" "Mozilla/5.0 (Windows NT 10.0; Win64; x64) AppleWebKit/537.36 (KHTML, like Gecko) Chrome/58.0.3029.110 Safari/537.3"
193.37.32.194 - - [08/Apr/2026:10:56:01 +0800] "GET /wp-includes/css/dist/ HTTP/1.1" 403 548 "-" "Mozilla/5.0 (Windows NT 10.0; Win64; x64) AppleWebKit/537.36 (KHTML, like Gecko) Chrome/58.0.3029.110 Safari/537.3"
193.37.32.194 - - [08/Apr/2026:10:56:01 +0800] "GET /wp-includes/theme-compat/ HTTP/1.1" 403 548 "-" "Mozilla/5.0 (Windows NT 10.0; Win64; x64) AppleWebKit/537.36 (KHTML, like Gecko) Chrome/58.0.3029.110 Safari/537.3"
193.37.32.194 - - [08/Apr/2026:10:56:02 +0800] "GET /wp-admin/includes/images/ HTTP/1.1" 404 8949 "-" "Mozilla/5.0 (Windows NT 10.0; Win64; x64) AppleWebKit/537.36 (KHTML, like Gecko) Chrome/58.0.3029.110 Safari/537.3"
193.37.32.194 - - [08/Apr/2026:10:56:03 +0800] "GET /wp-content/plugins/so-pinyin-slugs/inc/main_json.php HTTP/1.1" 404 47 "-" "Mozilla/5.0 (Windows NT 10.0; Win64; x64) AppleWebKit/537.36 (KHTML, like Gecko) Chrome/58.0.3029.110 Safari/537.3"
193.37.32.194 - - [08/Apr/2026:10:56:04 +0800] "GET /x.php HTTP/1.1" 404 47 "-" "Mozilla/5.0 (Windows NT 10.0; Win64; x64) AppleWebKit/537.36 (KHTML, like Gecko) Chrome/58.0.3029.110 Safari/537.3"
193.37.32.194 - - [08/Apr/2026:10:56:04 +0800] "GET /admin.php?p= HTTP/1.1" 404 47 "-" "Mozilla/5.0 (Windows NT 10.0; Win64; x64) AppleWebKit/537.36 (KHTML, like Gecko) Chrome/58.0.3029.110 Safari/537.3"
193.37.32.194 - - [08/Apr/2026:10:56:05 +0800] "GET /wp-includes/fonts/ HTTP/1.1" 403 548 "-" "Mozilla/5.0 (Windows NT 10.0; Win64; x64) AppleWebKit/537.36 (KHTML, like Gecko) Chrome/58.0.3029.110 Safari/537.3"
193.37.32.194 - - [08/Apr/2026:10:56:06 +0800] "GET /wp-includes/js/mediaelement/ HTTP/1.1" 403 548 "-" "Mozilla/5.0 (Windows NT 10.0; Win64; x64) AppleWebKit/537.36 (KHTML, like Gecko) Chrome/58.0.3029.110 Safari/537.3"
193.37.32.194 - - [08/Apr/2026:10:56:06 +0800] "GET /wp-content/upgrade/ HTTP/1.1" 403 548 "-" "Mozilla/5.0 (Windows NT 10.0; Win64; x64) AppleWebKit/537.36 (KHTML, like Gecko) Chrome/58.0.3029.110 Safari/537.3"
193.37.32.194 - - [08/Apr/2026:10:56:07 +0800] "GET /wp-includes/widgets/ HTTP/1.1" 403 548 "-" "Mozilla/5.0 (Windows NT 10.0; Win64; x64) AppleWebKit/537.36 (KHTML, like Gecko) Chrome/58.0.3029.110 Safari/537.3"
