66.249.74.8 - - [08/Apr/2026:19:34:37 +0800] "GET /news/portfolio/duplex-stainless-steel HTTP/1.1" 200 18778 "-" "Mozilla/5.0 (Linux; Android 6.0.1; Nexus 5X Build/MMB29P) AppleWebKit/537.36 (KHTML, like Gecko) Chrome/146.0.7680.177 Mobile Safari/537.36 (compatible; Googlebot/2.1; +http://www.google.com/bot.html)"
14.169.71.48 - - [08/Apr/2026:19:35:22 +0800] "GET http://cqqizhou.com HTTP/1.1" 200 35274 "-" "Mozilla/5.0 (Windows NT 10.0; Win64; x64) AppleWebKit/537.36 (KHTML, like Gecko) Chrome/121.0.0.0 Safari/537.36 Edg/121.0.0.0 Unique/97.7.7286.70"
220.181.108.92 - - [08/Apr/2026:19:43:58 +0800] "GET /news/portfolio-category/pickled-coil HTTP/1.1" 200 21164 "-" "Mozilla/5.0 (compatible; Baiduspider/2.0; +http://www.baidu.com/search/spider.html)"
36.133.115.36 - - [08/Apr/2026:19:46:09 +0800] "POST /wp-cron.php?doing_wp_cron=1775648769.6240398883819580078125 HTTP/1.1" 200 31 "-" "WordPress/6.9; http://cqqizhou.com"
43.159.152.4 - - [08/Apr/2026:19:46:09 +0800] "GET / HTTP/1.1" 301 5 "-" "Mozilla/5.0 (iPhone; CPU iPhone OS 13_2_3 like Mac OS X) AppleWebKit/605.1.15 (KHTML, like Gecko) Version/13.0.3 Mobile/15E148 Safari/604.1"
43.159.152.4 - - [08/Apr/2026:19:46:12 +0800] "GET / HTTP/1.1" 200 34825 "http://36.133.115.36" "Mozilla/5.0 (iPhone; CPU iPhone OS 13_2_3 like Mac OS X) AppleWebKit/605.1.15 (KHTML, like Gecko) Version/13.0.3 Mobile/15E148 Safari/604.1"
36.133.115.36 - - [08/Apr/2026:19:48:06 +0800] "POST /wp-cron.php?doing_wp_cron=1775648886.5273690223693847656250 HTTP/1.1" 200 31 "-" "WordPress/6.9; http://cqqizhou.com"
157.148.43.154 - - [08/Apr/2026:19:48:06 +0800] "GET /2153/ HTTP/1.1" 301 5 "-" "Mozilla/5.0 (Windows NT 10.0; Win64; x64) AppleWebKit/537.36 (KHTML, like Gecko) Chrome/123.0.0.0 Safari/537.36"
36.133.115.36 - - [08/Apr/2026:19:48:18 +0800] "POST /wp-cron.php?doing_wp_cron=1775648898.3308389186859130859375 HTTP/1.1" 200 31 "-" "WordPress/6.9; http://cqqizhou.com"
112.90.14.47 - - [08/Apr/2026:19:48:18 +0800] "GET /2153/ HTTP/1.1" 301 5 "-" "Mozilla/5.0 (Windows NT 10.0; Win64; x64) AppleWebKit/537.36 (KHTML, like Gecko) Chrome/131.0.0.0 Safari/537.36"
112.90.14.47 - - [08/Apr/2026:19:48:18 +0800] "GET /news/2153 HTTP/1.1" 200 24466 "http://cqqizhou.com/2153/" "Mozilla/5.0 (Windows NT 10.0; Win64; x64) AppleWebKit/537.36 (KHTML, like Gecko) Chrome/131.0.0.0 Safari/537.36"
36.133.115.36 - - [08/Apr/2026:19:51:04 +0800] "POST /wp-cron.php?doing_wp_cron=1775649064.4244620800018310546875 HTTP/1.1" 200 31 "-" "WordPress/6.9; http://cqqizhou.com"
31.57.216.224 - - [08/Apr/2026:19:51:05 +0800] "GET / HTTP/1.1" 200 157016 "-" "Hello World"
83.142.209.158 - - [08/Apr/2026:19:51:34 +0800] "GET / HTTP/1.1" 200 158675 "-" "-"
36.133.115.36 - - [08/Apr/2026:19:51:35 +0800] "POST /wp-cron.php?doing_wp_cron=1775649095.9647309780120849609375 HTTP/1.1" 200 31 "-" "WordPress/6.9; http://cqqizhou.com"
83.142.209.158 - - [08/Apr/2026:19:51:36 +0800] "GET /wordpress HTTP/1.1" 404 31365 "-" "-"
83.142.209.158 - - [08/Apr/2026:19:51:36 +0800] "GET /wp-admin/setup-config.php HTTP/1.1" 409 2667 "-" "-"
83.142.209.158 - - [08/Apr/2026:19:51:37 +0800] "GET /wp-admin/install.php HTTP/1.1" 200 1259 "-" "-"
83.142.209.158 - - [08/Apr/2026:19:51:38 +0800] "GET /wp HTTP/1.1" 404 31365 "-" "-"
83.142.209.158 - - [08/Apr/2026:19:51:39 +0800] "GET /blog HTTP/1.1" 404 31365 "-" "-"
83.142.209.158 - - [08/Apr/2026:19:51:41 +0800] "GET /new HTTP/1.1" 301 5 "-" "-"
83.142.209.158 - - [08/Apr/2026:19:51:42 +0800] "GET /news HTTP/1.1" 200 86749 "-" "-"
83.142.209.158 - - [08/Apr/2026:19:51:45 +0800] "GET /old HTTP/1.1" 404 31365 "-" "-"
83.142.209.158 - - [08/Apr/2026:19:51:46 +0800] "GET /newsite HTTP/1.1" 404 31365 "-" "-"
83.142.209.158 - - [08/Apr/2026:19:51:48 +0800] "GET /test HTTP/1.1" 404 31365 "-" "-"
83.142.209.158 - - [08/Apr/2026:19:51:50 +0800] "GET /main HTTP/1.1" 404 31365 "-" "-"
83.142.209.158 - - [08/Apr/2026:19:51:51 +0800] "GET /testing HTTP/1.1" 404 31365 "-" "-"
83.142.209.158 - - [08/Apr/2026:19:51:52 +0800] "GET /site HTTP/1.1" 404 31365 "-" "-"
83.142.209.158 - - [08/Apr/2026:19:51:54 +0800] "GET /backup HTTP/1.1" 404 31365 "-" "-"
83.142.209.158 - - [08/Apr/2026:19:51:55 +0800] "GET /demo HTTP/1.1" 404 31365 "-" "-"
83.142.209.158 - - [08/Apr/2026:19:51:56 +0800] "GET /home HTTP/1.1" 301 5 "-" "-"
83.142.209.158 - - [08/Apr/2026:19:51:58 +0800] "GET / HTTP/1.1" 200 158675 "-" "-"
83.142.209.158 - - [08/Apr/2026:19:51:59 +0800] "GET /tmp HTTP/1.1" 404 31365 "-" "-"
83.142.209.158 - - [08/Apr/2026:19:52:00 +0800] "GET /dev HTTP/1.1" 404 31365 "-" "-"
83.142.209.158 - - [08/Apr/2026:19:52:02 +0800] "GET /cms HTTP/1.1" 404 31365 "-" "-"
83.142.209.158 - - [08/Apr/2026:19:52:03 +0800] "GET /portal HTTP/1.1" 404 31365 "-" "-"
83.142.209.158 - - [08/Apr/2026:19:52:04 +0800] "GET /web HTTP/1.1" 404 31365 "-" "-"
36.133.115.36 - - [08/Apr/2026:19:52:48 +0800] "POST /wp-cron.php?doing_wp_cron=1775649168.0604529380798339843750 HTTP/1.1" 200 31 "-" "WordPress/6.9; http://cqqizhou.com"
35.198.216.19 - - [08/Apr/2026:19:52:48 +0800] "GET / HTTP/1.1" 301 5 "-" "Go-http-client/1.1"
35.198.216.19 - - [08/Apr/2026:19:52:48 +0800] "GET / HTTP/1.1" 200 35274 "http://36.133.115.36" "Go-http-client/1.1"
36.133.115.36 - - [08/Apr/2026:19:54:42 +0800] "POST /wp-cron.php?doing_wp_cron=1775649282.3110849857330322265625 HTTP/1.1" 200 31 "-" "WordPress/6.9; http://cqqizhou.com"
66.249.74.9 - - [08/Apr/2026:19:54:42 +0800] "GET /news/portfolio/%E5%86%B7%E8%BD%A7%E6%9D%BF HTTP/1.1" 200 18826 "-" "Mozilla/5.0 (Linux; Android 6.0.1; Nexus 5X Build/MMB29P) AppleWebKit/537.36 (KHTML, like Gecko) Chrome/146.0.7680.177 Mobile Safari/537.36 (compatible; Googlebot/2.1; +http://www.google.com/bot.html)"
54.39.136.214 - - [08/Apr/2026:20:03:25 +0800] "GET /news/portfolio-tag/pangang HTTP/1.1" 200 21164 "-" "Mozilla/5.0 (compatible; AhrefsBot/7.0; +http://ahrefs.com/robot/)"
36.133.115.36 - - [08/Apr/2026:20:12:05 +0800] "POST /wp-cron.php?doing_wp_cron=1775650325.0728669166564941406250 HTTP/1.1" 200 31 "-" "WordPress/6.9; http://cqqizhou.com"
66.249.74.9 - - [08/Apr/2026:20:12:05 +0800] "GET /news/2162 HTTP/1.1" 200 21290 "-" "Mozilla/5.0 (Linux; Android 6.0.1; Nexus 5X Build/MMB29P) AppleWebKit/537.36 (KHTML, like Gecko) Chrome/146.0.7680.177 Mobile Safari/537.36 (compatible; Googlebot/2.1; +http://www.google.com/bot.html)"
36.133.115.36 - - [08/Apr/2026:20:16:13 +0800] "POST /wp-cron.php?doing_wp_cron=1775650573.2112519741058349609375 HTTP/1.1" 200 31 "-" "WordPress/6.9; http://cqqizhou.com"
185.6.11.146 - - [08/Apr/2026:20:16:13 +0800] "GET /robots.txt HTTP/1.1" 200 190 "-" "Mozilla/5.0 (Linux; Android 14; SM-S901B) AppleWebKit/537.36 (KHTML, like Gecko) Chrome/120.0.6099.280 Mobile Safari/537.36 OPR/80.4.4244.7786"
36.133.115.36 - - [08/Apr/2026:20:27:49 +0800] "POST /wp-cron.php?doing_wp_cron=1775651269.9381189346313476562500 HTTP/1.1" 200 31 "-" "WordPress/6.9; http://cqqizhou.com"
116.179.37.102 - - [08/Apr/2026:20:27:49 +0800] "GET /wp-content/uploads/2025/07/1750945637-honor300%A1%C1206_5.webp HTTP/1.1" 404 31365 "-" "Mozilla/5.0 (compatible; Baiduspider/2.0; +http://www.baidu.com/search/spider.html)"
220.181.108.111 - - [08/Apr/2026:20:27:50 +0800] "GET /wp-content/uploads/2025/07/1750945514-honor300%A1%C1206_3.webp HTTP/1.1" 404 31365 "-" "Mozilla/5.0 (compatible; Baiduspider/2.0; +http://www.baidu.com/search/spider.html)"
220.181.108.144 - - [08/Apr/2026:20:27:50 +0800] "GET /wp-content/uploads/2025/07/1750945444-honor300%A1%C1206_2.webp HTTP/1.1" 404 31365 "-" "Mozilla/5.0 (compatible; Baiduspider/2.0; +http://www.baidu.com/search/spider.html)"
36.133.115.36 - - [08/Apr/2026:20:30:49 +0800] "POST /wp-cron.php?doing_wp_cron=1775651449.8389101028442382812500 HTTP/1.1" 200 31 "-" "WordPress/6.9; http://cqqizhou.com"
66.249.74.8 - - [08/Apr/2026:20:30:49 +0800] "GET /portfolio/duplex-stainless-steel/ HTTP/1.1" 301 5 "-" "Mozilla/5.0 (Linux; Android 6.0.1; Nexus 5X Build/MMB29P) AppleWebKit/537.36 (KHTML, like Gecko) Chrome/146.0.7680.177 Mobile Safari/537.36 (compatible; Googlebot/2.1; +http://www.google.com/bot.html)"
36.133.115.36 - - [08/Apr/2026:20:35:08 +0800] "POST /wp-cron.php?doing_wp_cron=1775651708.9348850250244140625000 HTTP/1.1" 200 31 "-" "WordPress/6.9; http://cqqizhou.com"
204.76.203.46 - - [08/Apr/2026:20:35:08 +0800] "GET /ydlaf/ HTTP/1.1" 404 31365 "-" "Mozilla/5.0 (Windows NT 10.0; Win64; x64) AppleWebKit/537.36"
36.133.115.36 - - [08/Apr/2026:20:38:31 +0800] "POST /wp-cron.php?doing_wp_cron=1775651911.8307390213012695312500 HTTP/1.1" 200 31 "-" "WordPress/6.9; http://cqqizhou.com"
220.181.108.144 - - [08/Apr/2026:20:38:31 +0800] "GET /wp-content/uploads/2025/07/1750945417-honor300%A1%C1206_1.webp HTTP/1.1" 404 31365 "-" "Mozilla/5.0 (compatible; Baiduspider/2.0; +http://www.baidu.com/search/spider.html)"
220.181.108.175 - - [08/Apr/2026:20:38:33 +0800] "GET /wp-content/uploads/2025/07/1750945616-honor300%A1%C1206_4.webp HTTP/1.1" 404 31365 "-" "Mozilla/5.0 (compatible; Baiduspider/2.0; +http://www.baidu.com/search/spider.html)"
36.133.115.36 - - [08/Apr/2026:20:44:16 +0800] "POST /wp-cron.php?doing_wp_cron=1775652256.6970360279083251953125 HTTP/1.1" 200 31 "-" "WordPress/6.9; http://cqqizhou.com"
39.144.224.104 - - [08/Apr/2026:20:44:16 +0800] "GET /news/2534 HTTP/1.1" 200 20187 "-" "Mozilla/5.0 (iPhone; CPU iPhone OS 18_7 like Mac OS X) AppleWebKit/605.1.15 (KHTML, like Gecko)  Mobile/15E148 wxwork/5.0.7 MicroMessenger/7.0.1 Language/zh ColorScheme/Light wwmver/3.26.506.378"
39.144.224.104 - - [08/Apr/2026:20:44:24 +0800] "GET /news/2527 HTTP/1.1" 200 20981 "http://cqqizhou.com/news/2534" "Mozilla/5.0 (iPhone; CPU iPhone OS 18_7 like Mac OS X) AppleWebKit/605.1.15 (KHTML, like Gecko)  Mobile/15E148 wxwork/5.0.7 MicroMessenger/7.0.1 Language/zh ColorScheme/Light wwmver/3.26.506.378"
39.144.224.104 - - [08/Apr/2026:20:44:25 +0800] "GET /wp-content/uploads/2025/07/1773723158-Article_images_W900px.webp HTTP/1.1" 404 8949 "http://cqqizhou.com/news/2527" "Mozilla/5.0 (iPhone; CPU iPhone OS 18_7 like Mac OS X) AppleWebKit/605.1.15 (KHTML, like Gecko)  Mobile/15E148 wxwork/5.0.7 MicroMessenger/7.0.1 Language/zh ColorScheme/Light wwmver/3.26.506.378"
36.133.115.36 - - [08/Apr/2026:20:45:18 +0800] "POST /wp-cron.php?doing_wp_cron=1775652318.1247539520263671875000 HTTP/1.1" 200 31 "-" "WordPress/6.9; http://cqqizhou.com"
220.181.108.82 - - [08/Apr/2026:20:45:18 +0800] "GET /wp-content/uploads/2025/07/1750945650-honor300%A1%C1206_6.webp HTTP/1.1" 404 31365 "-" "Mozilla/5.0 (compatible; Baiduspider/2.0; +http://www.baidu.com/search/spider.html)"
36.133.115.36 - - [08/Apr/2026:20:49:35 +0800] "POST /wp-cron.php?doing_wp_cron=1775652575.0333979129791259765625 HTTP/1.1" 200 31 "-" "WordPress/6.9; http://cqqizhou.com"
66.249.74.8 - - [08/Apr/2026:20:49:35 +0800] "GET /media HTTP/1.1" 200 26003 "-" "Mozilla/5.0 (Linux; Android 6.0.1; Nexus 5X Build/MMB29P) AppleWebKit/537.36 (KHTML, like Gecko) Chrome/146.0.7680.177 Mobile Safari/537.36 (compatible; Googlebot/2.1; +http://www.google.com/bot.html)"
36.133.115.36 - - [08/Apr/2026:20:52:46 +0800] "POST /wp-cron.php?doing_wp_cron=1775652766.1869590282440185546875 HTTP/1.1" 200 31 "-" "WordPress/6.9; http://cqqizhou.com"
67.205.161.16 - - [08/Apr/2026:20:52:46 +0800] "GET / HTTP/1.1" 200 34825 "-" "Go-http-client/1.1"
222.128.185.207 - - [08/Apr/2026:21:00:03 +0800] "GET /news HTTP/1.1" 200 20219 "-" "Mozilla/5.0 (Macintosh; Intel Mac OS X 10_15_7) AppleWebKit/537.36 (KHTML, like Gecko) Chrome/140.0.0.0 Safari/537.36"
36.133.115.36 - - [08/Apr/2026:21:01:50 +0800] "POST /wp-cron.php?doing_wp_cron=1775653310.7368600368499755859375 HTTP/1.1" 200 31 "-" "WordPress/6.9; http://cqqizhou.com"
204.76.203.46 - - [08/Apr/2026:21:01:50 +0800] "GET /v2/system/rankingList HTTP/1.1" 404 31365 "-" "Mozilla/5.0 (Windows NT 10.0; Win64; x64) AppleWebKit/537.36"
36.133.115.36 - - [08/Apr/2026:21:15:21 +0800] "POST /wp-cron.php?doing_wp_cron=1775654121.3895969390869140625000 HTTP/1.1" 200 31 "-" "WordPress/6.9; http://cqqizhou.com"
39.144.224.104 - - [08/Apr/2026:21:15:21 +0800] "GET /news/2534 HTTP/1.1" 200 20187 "-" "Mozilla/5.0 (iPhone; CPU iPhone OS 18_7 like Mac OS X) AppleWebKit/605.1.15 (KHTML, like Gecko)  Mobile/15E148 wxwork/5.0.7 MicroMessenger/7.0.1 Language/zh ColorScheme/Light wwmver/3.26.506.378"
39.144.224.104 - - [08/Apr/2026:21:15:27 +0800] "GET /news/2527 HTTP/1.1" 200 20982 "http://cqqizhou.com/news/2534" "Mozilla/5.0 (iPhone; CPU iPhone OS 18_7 like Mac OS X) AppleWebKit/605.1.15 (KHTML, like Gecko)  Mobile/15E148 wxwork/5.0.7 MicroMessenger/7.0.1 Language/zh ColorScheme/Light wwmver/3.26.506.378"
39.144.224.104 - - [08/Apr/2026:21:15:28 +0800] "GET /wp-content/uploads/2025/07/1773723158-Article_images_W900px.webp HTTP/1.1" 404 8949 "http://cqqizhou.com/news/2527" "Mozilla/5.0 (iPhone; CPU iPhone OS 18_7 like Mac OS X) AppleWebKit/605.1.15 (KHTML, like Gecko)  Mobile/15E148 wxwork/5.0.7 MicroMessenger/7.0.1 Language/zh ColorScheme/Light wwmver/3.26.506.378"
106.52.150.211 - - [08/Apr/2026:21:15:36 +0800] "GET /wp-content/uploads/2026/03/1773722869-1Article_images_W900px.webp HTTP/1.0" 200 28566 "-" "MicroMessenger Client"
39.144.224.104 - - [08/Apr/2026:21:15:46 +0800] "GET /news/2527 HTTP/1.1" 200 20981 "-" "Mozilla/5.0 (iPhone; CPU iPhone OS 26_2_1 like Mac OS X) AppleWebKit/605.1.15 (KHTML, like Gecko) Mobile/15E148 MicroMessenger/8.0.70(0x18004632) NetType/4G Language/zh_CN"
39.144.224.104 - - [08/Apr/2026:21:15:46 +0800] "GET /wp-content/uploads/2026/03/1773722869-1Article_images_W900px.webp HTTP/1.1" 200 28566 "http://cqqizhou.com/news/2527" "Mozilla/5.0 (iPhone; CPU iPhone OS 26_2_1 like Mac OS X) AppleWebKit/605.1.15 (KHTML, like Gecko) Mobile/15E148 MicroMessenger/8.0.70(0x18004632) NetType/4G Language/zh_CN"
39.144.224.104 - - [08/Apr/2026:21:15:46 +0800] "GET /wp-content/uploads/2025/07/1753410289-News2000%C3%97400_202571.webp HTTP/1.1" 200 17830 "http://cqqizhou.com/news/2527" "Mozilla/5.0 (iPhone; CPU iPhone OS 26_2_1 like Mac OS X) AppleWebKit/605.1.15 (KHTML, like Gecko) Mobile/15E148 MicroMessenger/8.0.70(0x18004632) NetType/4G Language/zh_CN"
39.144.224.104 - - [08/Apr/2026:21:15:46 +0800] "GET /wp-content/uploads/2026/03/1773722870-2Article_images_W900px.webp HTTP/1.1" 200 56124 "http://cqqizhou.com/news/2527" "Mozilla/5.0 (iPhone; CPU iPhone OS 26_2_1 like Mac OS X) AppleWebKit/605.1.15 (KHTML, like Gecko) Mobile/15E148 MicroMessenger/8.0.70(0x18004632) NetType/4G Language/zh_CN"
39.144.224.104 - - [08/Apr/2026:21:15:47 +0800] "GET /wp-content/uploads/2026/03/1773722871-3Article_images_W900px.webp HTTP/1.1" 200 51678 "http://cqqizhou.com/news/2527" "Mozilla/5.0 (iPhone; CPU iPhone OS 26_2_1 like Mac OS X) AppleWebKit/605.1.15 (KHTML, like Gecko) Mobile/15E148 MicroMessenger/8.0.70(0x18004632) NetType/4G Language/zh_CN"
39.144.224.104 - - [08/Apr/2026:21:15:47 +0800] "GET /wp-content/uploads/2025/07/1751864664-Logistics800x500_1.webp HTTP/1.1" 200 76914 "http://cqqizhou.com/news/2527" "Mozilla/5.0 (iPhone; CPU iPhone OS 26_2_1 like Mac OS X) AppleWebKit/605.1.15 (KHTML, like Gecko) Mobile/15E148 MicroMessenger/8.0.70(0x18004632) NetType/4G Language/zh_CN"
39.144.224.104 - - [08/Apr/2026:21:15:47 +0800] "GET /wp-content/uploads/2026/03/1772790791-%E5%B0%81%E9%9D%A2%E5%A4%B4%E5%9B%BEArticle_images_W900%C3%97500px2026.webp HTTP/1.1" 200 52968 "http://cqqizhou.com/news/2527" "Mozilla/5.0 (iPhone; CPU iPhone OS 26_2_1 like Mac OS X) AppleWebKit/605.1.15 (KHTML, like Gecko) Mobile/15E148 MicroMessenger/8.0.70(0x18004632) NetType/4G Language/zh_CN"
39.144.224.104 - - [08/Apr/2026:21:15:47 +0800] "GET /wp-content/uploads/2025/07/1751425283-qizhou.kf_.qq_.com_.webp HTTP/1.1" 200 16864 "http://cqqizhou.com/news/2527" "Mozilla/5.0 (iPhone; CPU iPhone OS 26_2_1 like Mac OS X) AppleWebKit/605.1.15 (KHTML, like Gecko) Mobile/15E148 MicroMessenger/8.0.70(0x18004632) NetType/4G Language/zh_CN"
39.144.224.104 - - [08/Apr/2026:21:15:47 +0800] "GET /wp-content/uploads/2025/07/1773723158-Article_images_W900px.webp HTTP/1.1" 404 8949 "http://cqqizhou.com/news/2527" "Mozilla/5.0 (iPhone; CPU iPhone OS 26_2_1 like Mac OS X) AppleWebKit/605.1.15 (KHTML, like Gecko) Mobile/15E148 MicroMessenger/8.0.70(0x18004632) NetType/4G Language/zh_CN"
36.133.115.36 - - [08/Apr/2026:21:16:10 +0800] "POST /wp-cron.php?doing_wp_cron=1775654170.0655620098114013671875 HTTP/1.1" 200 31 "-" "WordPress/6.9; http://cqqizhou.com"
27.9.82.175 - - [08/Apr/2026:21:16:10 +0800] "GET /news/2527 HTTP/1.1" 200 20981 "-" "Mozilla/5.0 (Linux; Android 15; LGE-AN00 Build/HONORLGE-AN00; wv) AppleWebKit/537.36 (KHTML, like Gecko) Version/4.0 Chrome/146.0.7680.153 Mobile Safari/537.36 XWEB/1460043 MMWEBSDK/20260202 MMWEBID/3097 REV/7887206a1242f5b2077b2042db0441f02c23aafe MicroMessenger/8.0.70.3060(0x28004637) WeChat/arm64 Weixin NetType/WIFI Language/zh_CN ABI/arm64"
27.9.82.175 - - [08/Apr/2026:21:16:10 +0800] "GET /wp-content/uploads/2026/03/1773722869-1Article_images_W900px.webp HTTP/1.1" 200 28566 "http://cqqizhou.com/news/2527" "Mozilla/5.0 (Linux; Android 15; LGE-AN00 Build/HONORLGE-AN00; wv) AppleWebKit/537.36 (KHTML, like Gecko) Version/4.0 Chrome/146.0.7680.153 Mobile Safari/537.36 XWEB/1460043 MMWEBSDK/20260202 MMWEBID/3097 REV/7887206a1242f5b2077b2042db0441f02c23aafe MicroMessenger/8.0.70.3060(0x28004637) WeChat/arm64 Weixin NetType/WIFI Language/zh_CN ABI/arm64"
27.9.82.175 - - [08/Apr/2026:21:16:10 +0800] "GET /wp-content/uploads/2026/03/1773722870-2Article_images_W900px.webp HTTP/1.1" 200 56124 "http://cqqizhou.com/news/2527" "Mozilla/5.0 (Linux; Android 15; LGE-AN00 Build/HONORLGE-AN00; wv) AppleWebKit/537.36 (KHTML, like Gecko) Version/4.0 Chrome/146.0.7680.153 Mobile Safari/537.36 XWEB/1460043 MMWEBSDK/20260202 MMWEBID/3097 REV/7887206a1242f5b2077b2042db0441f02c23aafe MicroMessenger/8.0.70.3060(0x28004637) WeChat/arm64 Weixin NetType/WIFI Language/zh_CN ABI/arm64"
27.9.82.175 - - [08/Apr/2026:21:16:10 +0800] "GET /wp-content/uploads/2026/03/1773722871-3Article_images_W900px.webp HTTP/1.1" 200 51678 "http://cqqizhou.com/news/2527" "Mozilla/5.0 (Linux; Android 15; LGE-AN00 Build/HONORLGE-AN00; wv) AppleWebKit/537.36 (KHTML, like Gecko) Version/4.0 Chrome/146.0.7680.153 Mobile Safari/537.36 XWEB/1460043 MMWEBSDK/20260202 MMWEBID/3097 REV/7887206a1242f5b2077b2042db0441f02c23aafe MicroMessenger/8.0.70.3060(0x28004637) WeChat/arm64 Weixin NetType/WIFI Language/zh_CN ABI/arm64"
27.9.82.175 - - [08/Apr/2026:21:16:10 +0800] "GET /wp-content/uploads/2025/07/1751864664-Logistics800x500_1.webp HTTP/1.1" 200 76914 "http://cqqizhou.com/news/2527" "Mozilla/5.0 (Linux; Android 15; LGE-AN00 Build/HONORLGE-AN00; wv) AppleWebKit/537.36 (KHTML, like Gecko) Version/4.0 Chrome/146.0.7680.153 Mobile Safari/537.36 XWEB/1460043 MMWEBSDK/20260202 MMWEBID/3097 REV/7887206a1242f5b2077b2042db0441f02c23aafe MicroMessenger/8.0.70.3060(0x28004637) WeChat/arm64 Weixin NetType/WIFI Language/zh_CN ABI/arm64"
27.9.82.175 - - [08/Apr/2026:21:16:10 +0800] "GET /wp-content/uploads/2025/07/1753410289-News2000%C3%97400_202571.webp HTTP/1.1" 200 17830 "http://cqqizhou.com/news/2527" "Mozilla/5.0 (Linux; Android 15; LGE-AN00 Build/HONORLGE-AN00; wv) AppleWebKit/537.36 (KHTML, like Gecko) Version/4.0 Chrome/146.0.7680.153 Mobile Safari/537.36 XWEB/1460043 MMWEBSDK/20260202 MMWEBID/3097 REV/7887206a1242f5b2077b2042db0441f02c23aafe MicroMessenger/8.0.70.3060(0x28004637) WeChat/arm64 Weixin NetType/WIFI Language/zh_CN ABI/arm64"
27.9.82.175 - - [08/Apr/2026:21:16:10 +0800] "GET /wp-content/uploads/2026/03/1772790791-%E5%B0%81%E9%9D%A2%E5%A4%B4%E5%9B%BEArticle_images_W900%C3%97500px2026.webp HTTP/1.1" 200 52968 "http://cqqizhou.com/news/2527" "Mozilla/5.0 (Linux; Android 15; LGE-AN00 Build/HONORLGE-AN00; wv) AppleWebKit/537.36 (KHTML, like Gecko) Version/4.0 Chrome/146.0.7680.153 Mobile Safari/537.36 XWEB/1460043 MMWEBSDK/20260202 MMWEBID/3097 REV/7887206a1242f5b2077b2042db0441f02c23aafe MicroMessenger/8.0.70.3060(0x28004637) WeChat/arm64 Weixin NetType/WIFI Language/zh_CN ABI/arm64"
27.9.82.175 - - [08/Apr/2026:21:16:10 +0800] "GET /wp-content/uploads/2025/07/1751425283-qizhou.kf_.qq_.com_.webp HTTP/1.1" 200 16864 "http://cqqizhou.com/news/2527" "Mozilla/5.0 (Linux; Android 15; LGE-AN00 Build/HONORLGE-AN00; wv) AppleWebKit/537.36 (KHTML, like Gecko) Version/4.0 Chrome/146.0.7680.153 Mobile Safari/537.36 XWEB/1460043 MMWEBSDK/20260202 MMWEBID/3097 REV/7887206a1242f5b2077b2042db0441f02c23aafe MicroMessenger/8.0.70.3060(0x28004637) WeChat/arm64 Weixin NetType/WIFI Language/zh_CN ABI/arm64"
27.9.82.175 - - [08/Apr/2026:21:16:11 +0800] "GET /wp-content/uploads/2025/07/1773723158-Article_images_W900px.webp HTTP/1.1" 404 8949 "http://cqqizhou.com/news/2527" "Mozilla/5.0 (Linux; Android 15; LGE-AN00 Build/HONORLGE-AN00; wv) AppleWebKit/537.36 (KHTML, like Gecko) Version/4.0 Chrome/146.0.7680.153 Mobile Safari/537.36 XWEB/1460043 MMWEBSDK/20260202 MMWEBID/3097 REV/7887206a1242f5b2077b2042db0441f02c23aafe MicroMessenger/8.0.70.3060(0x28004637) WeChat/arm64 Weixin NetType/WIFI Language/zh_CN ABI/arm64"
104.236.92.7 - - [08/Apr/2026:21:16:20 +0800] "GET /.git/config HTTP/1.1" 404 8947 "-" "Mozilla/5.0 (X11; Linux x86_64) AppleWebKit/537.36 (KHTML, like Gecko) Chrome/81.0.4044.129 Safari/537.36"
27.9.82.175 - - [08/Apr/2026:21:16:29 +0800] "GET /news/2527 HTTP/1.1" 200 20981 "-" "Mozilla/5.0 (Linux; Android 15; LGE-AN00 Build/HONORLGE-AN00; wv) AppleWebKit/537.36 (KHTML, like Gecko) Version/4.0 Chrome/146.0.7680.153 Mobile Safari/537.36 XWEB/1460043 MMWEBSDK/20260202 MMWEBID/3097 REV/7887206a1242f5b2077b2042db0441f02c23aafe MicroMessenger/8.0.70.3060(0x28004637) WeChat/arm64 Weixin NetType/WIFI Language/zh_CN ABI/arm64"
27.9.82.175 - - [08/Apr/2026:21:16:31 +0800] "GET /wp-content/uploads/2025/07/1773723158-Article_images_W900px.webp HTTP/1.1" 404 8949 "http://cqqizhou.com/news/2527" "Mozilla/5.0 (Linux; Android 15; LGE-AN00 Build/HONORLGE-AN00; wv) AppleWebKit/537.36 (KHTML, like Gecko) Version/4.0 Chrome/146.0.7680.153 Mobile Safari/537.36 XWEB/1460043 MMWEBSDK/20260202 MMWEBID/3097 REV/7887206a1242f5b2077b2042db0441f02c23aafe MicroMessenger/8.0.70.3060(0x28004637) WeChat/arm64 Weixin NetType/WIFI Language/zh_CN ABI/arm64"
36.133.115.36 - - [08/Apr/2026:21:17:22 +0800] "POST /wp-cron.php?doing_wp_cron=1775654242.1247460842132568359375 HTTP/1.1" 200 31 "-" "WordPress/6.9; http://cqqizhou.com"
39.144.224.104 - - [08/Apr/2026:21:17:22 +0800] "GET /news/2527 HTTP/1.1" 200 20980 "-" "Mozilla/5.0 (iPhone; CPU iPhone OS 26_2_1 like Mac OS X) AppleWebKit/605.1.15 (KHTML, like Gecko) Mobile/15E148 MicroMessenger/8.0.70(0x18004632) NetType/4G Language/zh_CN"
39.144.224.104 - - [08/Apr/2026:21:17:23 +0800] "GET /wp-content/uploads/2025/07/1773723158-Article_images_W900px.webp HTTP/1.1" 404 8949 "http://cqqizhou.com/news/2527" "Mozilla/5.0 (iPhone; CPU iPhone OS 26_2_1 like Mac OS X) AppleWebKit/605.1.15 (KHTML, like Gecko) Mobile/15E148 MicroMessenger/8.0.70(0x18004632) NetType/4G Language/zh_CN"
106.83.45.145 - - [08/Apr/2026:21:17:45 +0800] "GET /news/2527 HTTP/1.1" 200 20981 "-" "Mozilla/5.0 (iPhone; CPU iPhone OS 18_7 like Mac OS X) AppleWebKit/605.1.15 (KHTML, like Gecko) Mobile/15E148 MicroMessenger/8.0.61(0x18003d39) NetType/4G Language/zh_CN"
106.83.45.145 - - [08/Apr/2026:21:17:45 +0800] "GET /wp-content/uploads/2026/03/1773722869-1Article_images_W900px.webp HTTP/1.1" 200 28566 "http://cqqizhou.com/news/2527" "Mozilla/5.0 (iPhone; CPU iPhone OS 18_7 like Mac OS X) AppleWebKit/605.1.15 (KHTML, like Gecko) Mobile/15E148 MicroMessenger/8.0.61(0x18003d39) NetType/4G Language/zh_CN"
106.83.45.145 - - [08/Apr/2026:21:17:45 +0800] "GET /wp-content/uploads/2025/07/1753410289-News2000%C3%97400_202571.webp HTTP/1.1" 200 17830 "http://cqqizhou.com/news/2527" "Mozilla/5.0 (iPhone; CPU iPhone OS 18_7 like Mac OS X) AppleWebKit/605.1.15 (KHTML, like Gecko) Mobile/15E148 MicroMessenger/8.0.61(0x18003d39) NetType/4G Language/zh_CN"
106.83.45.145 - - [08/Apr/2026:21:17:45 +0800] "GET /wp-content/uploads/2026/03/1773722870-2Article_images_W900px.webp HTTP/1.1" 200 56124 "http://cqqizhou.com/news/2527" "Mozilla/5.0 (iPhone; CPU iPhone OS 18_7 like Mac OS X) AppleWebKit/605.1.15 (KHTML, like Gecko) Mobile/15E148 MicroMessenger/8.0.61(0x18003d39) NetType/4G Language/zh_CN"
106.83.45.145 - - [08/Apr/2026:21:17:45 +0800] "GET /wp-content/uploads/2026/03/1773722871-3Article_images_W900px.webp HTTP/1.1" 200 51678 "http://cqqizhou.com/news/2527" "Mozilla/5.0 (iPhone; CPU iPhone OS 18_7 like Mac OS X) AppleWebKit/605.1.15 (KHTML, like Gecko) Mobile/15E148 MicroMessenger/8.0.61(0x18003d39) NetType/4G Language/zh_CN"
106.83.45.145 - - [08/Apr/2026:21:17:45 +0800] "GET /wp-content/uploads/2025/07/1751864664-Logistics800x500_1.webp HTTP/1.1" 200 76914 "http://cqqizhou.com/news/2527" "Mozilla/5.0 (iPhone; CPU iPhone OS 18_7 like Mac OS X) AppleWebKit/605.1.15 (KHTML, like Gecko) Mobile/15E148 MicroMessenger/8.0.61(0x18003d39) NetType/4G Language/zh_CN"
106.83.45.145 - - [08/Apr/2026:21:17:45 +0800] "GET /wp-content/uploads/2026/03/1772790791-%E5%B0%81%E9%9D%A2%E5%A4%B4%E5%9B%BEArticle_images_W900%C3%97500px2026.webp HTTP/1.1" 200 52968 "http://cqqizhou.com/news/2527" "Mozilla/5.0 (iPhone; CPU iPhone OS 18_7 like Mac OS X) AppleWebKit/605.1.15 (KHTML, like Gecko) Mobile/15E148 MicroMessenger/8.0.61(0x18003d39) NetType/4G Language/zh_CN"
106.83.45.145 - - [08/Apr/2026:21:17:45 +0800] "GET /wp-content/uploads/2025/07/1751425283-qizhou.kf_.qq_.com_.webp HTTP/1.1" 200 16864 "http://cqqizhou.com/news/2527" "Mozilla/5.0 (iPhone; CPU iPhone OS 18_7 like Mac OS X) AppleWebKit/605.1.15 (KHTML, like Gecko) Mobile/15E148 MicroMessenger/8.0.61(0x18003d39) NetType/4G Language/zh_CN"
106.83.45.145 - - [08/Apr/2026:21:17:46 +0800] "GET /wp-content/uploads/2025/07/1773723158-Article_images_W900px.webp HTTP/1.1" 404 8949 "http://cqqizhou.com/news/2527" "Mozilla/5.0 (iPhone; CPU iPhone OS 18_7 like Mac OS X) AppleWebKit/605.1.15 (KHTML, like Gecko) Mobile/15E148 MicroMessenger/8.0.61(0x18003d39) NetType/4G Language/zh_CN"
5.61.209.107 - - [08/Apr/2026:21:18:04 +0800] "GET /SDK/webLanguage HTTP/1.1" 301 5 "-" "Mozilla/5.0 (Windows NT 10.0; Win64; x64) AppleWebKit/537.36 (KHTML, like Gecko) Chrome/90.0.4430.85 Safari/537.36 Edg/90.0.818.46"
36.133.115.36 - - [08/Apr/2026:21:18:54 +0800] "POST /wp-cron.php?doing_wp_cron=1775654334.3398239612579345703125 HTTP/1.1" 200 31 "-" "WordPress/6.9; http://cqqizhou.com"
116.179.32.212 - - [08/Apr/2026:21:18:54 +0800] "GET /wp-json/oembed/1.0/embed?url=http%3A%2F%2Fcqqizhou.com%2Fnews%2F2475 HTTP/1.1" 200 1344 "-" "Mozilla/5.0 (compatible; Baiduspider/2.0; +http://www.baidu.com/search/spider.html)"
36.133.115.36 - - [08/Apr/2026:21:19:32 +0800] "POST /wp-cron.php?doing_wp_cron=1775654372.7384169101715087890625 HTTP/1.1" 200 31 "-" "WordPress/6.9; http://cqqizhou.com"
106.83.45.145 - - [08/Apr/2026:21:19:32 +0800] "GET /news/2534 HTTP/1.1" 200 20187 "http://cqqizhou.com/news/2527" "Mozilla/5.0 (iPhone; CPU iPhone OS 18_7 like Mac OS X) AppleWebKit/605.1.15 (KHTML, like Gecko) Mobile/15E148 MicroMessenger/8.0.61(0x18003d39) NetType/4G Language/zh_CN"
36.133.115.36 - - [08/Apr/2026:21:20:48 +0800] "POST /wp-cron.php?doing_wp_cron=1775654448.4117829799652099609375 HTTP/1.1" 200 31 "-" "WordPress/6.9; http://cqqizhou.com"
204.76.203.206 - - [08/Apr/2026:21:20:48 +0800] "GET / HTTP/1.1" 200 34825 "-" "Mozilla/5.0 (Windows NT 10.0; Win64; x64) AppleWebKit/537.36 (KHTML, like Gecko) Chrome/90.0.4430.85 Safari/537.36 Edg/90.0.818.46"
36.133.115.36 - - [08/Apr/2026:21:22:07 +0800] "POST /wp-cron.php?doing_wp_cron=1775654527.9036209583282470703125 HTTP/1.1" 200 31 "-" "WordPress/6.9; http://cqqizhou.com"
59.60.208.117 - - [08/Apr/2026:21:22:07 +0800] "GET /portfolio/hot-dip-galvanized-coil/ HTTP/1.1" 301 5 "-" "Mozilla/5.0 (Macintosh; Intel Mac OS X 10_15_7) AppleWebKit/537.36 (KHTML, like Gecko) Chrome/140.0.0.0 Safari/537.36"
125.118.65.251 - - [08/Apr/2026:21:22:09 +0800] "GET /news/portfolio/hot-dip-galvanized-coil HTTP/1.1" 200 22421 "http://cqqizhou.com/portfolio/hot-dip-galvanized-coil/" "Mozilla/5.0 (Macintosh; Intel Mac OS X 10_15_7) AppleWebKit/537.36 (KHTML, like Gecko) Chrome/140.0.0.0 Safari/537.36"
36.133.115.36 - - [08/Apr/2026:21:39:56 +0800] "POST /wp-cron.php?doing_wp_cron=1775655596.3926260471343994140625 HTTP/1.1" 200 31 "-" "WordPress/6.9; http://cqqizhou.com"
204.76.203.46 - - [08/Apr/2026:21:39:56 +0800] "GET /v1/api/countries HTTP/1.1" 404 31365 "-" "Mozilla/5.0 (Windows NT 10.0; Win64; x64) AppleWebKit/537.36"
36.133.115.36 - - [08/Apr/2026:22:11:45 +0800] "POST /wp-cron.php?doing_wp_cron=1775657505.2995359897613525390625 HTTP/1.1" 200 31 "-" "WordPress/6.9; http://cqqizhou.com"
204.76.203.46 - - [08/Apr/2026:22:11:45 +0800] "GET /v1/api/countries HTTP/1.1" 404 31365 "-" "Mozilla/5.0 (Windows NT 10.0; Win64; x64) AppleWebKit/537.36"
36.133.115.36 - - [08/Apr/2026:22:23:38 +0800] "POST /wp-cron.php?doing_wp_cron=1775658218.6079430580139160156250 HTTP/1.1" 200 31 "-" "WordPress/6.9; http://cqqizhou.com"
43.128.149.102 - - [08/Apr/2026:22:23:38 +0800] "GET / HTTP/1.1" 200 34825 "-" "Mozilla/5.0 (iPhone; CPU iPhone OS 13_2_3 like Mac OS X) AppleWebKit/605.1.15 (KHTML, like Gecko) Version/13.0.3 Mobile/15E148 Safari/604.1"
36.133.115.36 - - [08/Apr/2026:22:39:12 +0800] "POST /wp-cron.php?doing_wp_cron=1775659152.1747889518737792968750 HTTP/1.1" 200 31 "-" "WordPress/6.9; http://cqqizhou.com"
184.73.145.244 - - [08/Apr/2026:22:39:12 +0800] "GET / HTTP/1.1" 301 5 "-" "Mozilla/5.0 (Windows NT 10.0; Win64; x64) AppleWebKit/537.36 (KHTML, like Gecko) Chrome/136.0.0.0 Safari/537.36"
36.133.115.36 - - [08/Apr/2026:22:42:01 +0800] "POST /wp-cron.php?doing_wp_cron=1775659321.3963849544525146484375 HTTP/1.1" 200 31 "-" "WordPress/6.9; http://cqqizhou.com"
43.142.25.80 - - [08/Apr/2026:22:42:01 +0800] "GET / HTTP/1.1" 301 5 "-" "Mozilla/5.0 (Windows NT 10.0; Win64; x64) AppleWebKit/537.36 (KHTML, like Gecko) Chrome/91.0.4472.124 Safari/537.36"
43.142.25.80 - - [08/Apr/2026:22:42:01 +0800] "GET / HTTP/1.1" 200 35274 "-" "Mozilla/5.0 (Windows NT 10.0; Win64; x64) AppleWebKit/537.36 (KHTML, like Gecko) Chrome/91.0.4472.124 Safari/537.36"
43.142.25.80 - - [08/Apr/2026:22:42:09 +0800] "GET / HTTP/1.1" 304 0 "-" "Mozilla/5.0 (Windows NT 10.0; Win64; x64) AppleWebKit/537.36 (KHTML, like Gecko) Chrome/91.0.4472.124 Safari/537.36"
43.142.25.80 - - [08/Apr/2026:22:42:25 +0800] "GET /about HTTP/1.1" 200 24508 "-" "Mozilla/5.0 (Windows NT 10.0; Win64; x64) AppleWebKit/537.36 (KHTML, like Gecko) Chrome/91.0.4472.124 Safari/537.36"
36.133.115.36 - - [08/Apr/2026:22:42:37 +0800] "POST /wp-cron.php?doing_wp_cron=1775659357.3376569747924804687500 HTTP/1.1" 200 31 "-" "WordPress/6.9; http://cqqizhou.com"
43.142.25.80 - - [08/Apr/2026:22:42:37 +0800] "GET /contacts/ HTTP/1.1" 301 5 "-" "Mozilla/5.0 (Windows NT 10.0; Win64; x64) AppleWebKit/537.36 (KHTML, like Gecko) Chrome/91.0.4472.124 Safari/537.36"
43.142.25.80 - - [08/Apr/2026:22:42:37 +0800] "GET /contacts HTTP/1.1" 200 21638 "-" "Mozilla/5.0 (Windows NT 10.0; Win64; x64) AppleWebKit/537.36 (KHTML, like Gecko) Chrome/91.0.4472.124 Safari/537.36"
43.142.25.80 - - [08/Apr/2026:22:42:38 +0800] "GET /wp-json/contact-form-7/v1/contact-forms/158/feedback/schema HTTP/1.1" 200 358 "http://cqqizhou.com/contacts" "Mozilla/5.0 (Windows NT 10.0; Win64; x64) AppleWebKit/537.36 (KHTML, like Gecko) Chrome/91.0.4472.124 Safari/537.36"
43.142.25.80 - - [08/Apr/2026:22:42:38 +0800] "GET /wp-json/contact-form-7/v1/contact-forms/158/refill HTTP/1.1" 200 33 "http://cqqizhou.com/contacts" "Mozilla/5.0 (Windows NT 10.0; Win64; x64) AppleWebKit/537.36 (KHTML, like Gecko) Chrome/91.0.4472.124 Safari/537.36"
36.133.115.36 - - [08/Apr/2026:22:44:39 +0800] "POST /wp-cron.php?doing_wp_cron=1775659479.3767058849334716796875 HTTP/1.1" 200 31 "-" "WordPress/6.9; http://cqqizhou.com"
119.84.246.117 - - [08/Apr/2026:22:44:39 +0800] "GET / HTTP/1.1" 301 5 "-" "-"
119.84.246.117 - - [08/Apr/2026:22:44:39 +0800] "GET / HTTP/1.1" 200 158675 "-" "-"
119.84.246.117 - - [08/Apr/2026:22:44:41 +0800] "GET / HTTP/1.1" 301 5 "-" "Mozilla/5.0 (Windows NT 6.1; WOW64; rv:13.0) Gecko/20100101 Firefox/13.0.1"
119.84.246.117 - - [08/Apr/2026:22:44:41 +0800] "GET / HTTP/1.1" 200 35274 "-" "Mozilla/5.0 (Windows NT 6.1; WOW64; rv:13.0) Gecko/20100101 Firefox/13.0.1"
119.84.246.117 - - [08/Apr/2026:22:44:41 +0800] "GET /wp-content/uploads/2025/07/1753456723-%E5%8F%8C%E7%9B%B8%E9%92%A2roduct_Single600.webp HTTP/1.1" 200 22790 "http://cqqizhou.com/" "Mozilla/5.0 (Windows NT 6.1; WOW64; rv:13.0) Gecko/20100101 Firefox/13.0.1"
119.84.246.117 - - [08/Apr/2026:22:44:41 +0800] "GET /wp-content/uploads/2025/07/1751425283-qizhou.kf_.qq_.com_.webp HTTP/1.1" 200 16864 "http://cqqizhou.com/" "Mozilla/5.0 (Windows NT 6.1; WOW64; rv:13.0) Gecko/20100101 Firefox/13.0.1"
119.84.246.117 - - [08/Apr/2026:22:44:41 +0800] "GET /wp-content/uploads/2025/07/1753453096-%E5%8F%8C%E7%9B%B8%E9%92%A2product_Single600%C3%97284.webp HTTP/1.1" 200 14562 "http://cqqizhou.com/" "Mozilla/5.0 (Windows NT 6.1; WOW64; rv:13.0) Gecko/20100101 Firefox/13.0.1"
119.84.246.117 - - [08/Apr/2026:22:44:41 +0800] "GET /wp-content/uploads/2025/07/1753456770-%E7%83%AD%E9%95%80%E9%94%8C%E5%8D%B7product_Single600.webp HTTP/1.1" 200 27502 "http://cqqizhou.com/" "Mozilla/5.0 (Windows NT 6.1; WOW64; rv:13.0) Gecko/20100101 Firefox/13.0.1"
119.84.246.117 - - [08/Apr/2026:22:44:41 +0800] "GET /wp-content/uploads/2026/02/1769999241-4.2%E7%B1%B3%E9%AB%98%E6%A0%8F%E8%B4%A7%E8%BD%A6.webp HTTP/1.1" 200 54794 "http://cqqizhou.com/" "Mozilla/5.0 (Windows NT 6.1; WOW64; rv:13.0) Gecko/20100101 Firefox/13.0.1"
119.84.246.117 - - [08/Apr/2026:22:44:41 +0800] "GET /wp-content/uploads/2025/07/1751864664-Logistics800x500_1.webp HTTP/1.1" 200 76914 "http://cqqizhou.com/" "Mozilla/5.0 (Windows NT 6.1; WOW64; rv:13.0) Gecko/20100101 Firefox/13.0.1"
119.84.246.117 - - [08/Apr/2026:22:44:41 +0800] "GET /wp-content/uploads/2025/07/1753453127-%E4%BD%99%E5%8D%B7product_Single600%C3%97284.webp HTTP/1.1" 200 18744 "http://cqqizhou.com/" "Mozilla/5.0 (Windows NT 6.1; WOW64; rv:13.0) Gecko/20100101 Firefox/13.0.1"
119.84.246.117 - - [08/Apr/2026:22:44:41 +0800] "GET /wp-content/uploads/2026/04/1775195054-1Article_images_W900px.webp HTTP/1.1" 200 25562 "http://cqqizhou.com/" "Mozilla/5.0 (Windows NT 6.1; WOW64; rv:13.0) Gecko/20100101 Firefox/13.0.1"
119.84.246.117 - - [08/Apr/2026:22:44:41 +0800] "GET /wp-content/uploads/2026/03/1773722869-1Article_images_W900px.webp HTTP/1.1" 200 28566 "http://cqqizhou.com/" "Mozilla/5.0 (Windows NT 6.1; WOW64; rv:13.0) Gecko/20100101 Firefox/13.0.1"
119.84.246.117 - - [08/Apr/2026:22:44:41 +0800] "GET /wp-content/uploads/2026/03/1772790791-%E5%B0%81%E9%9D%A2%E5%A4%B4%E5%9B%BEArticle_images_W900%C3%97500px2026.webp HTTP/1.1" 200 52968 "http://cqqizhou.com/" "Mozilla/5.0 (Windows NT 6.1; WOW64; rv:13.0) Gecko/20100101 Firefox/13.0.1"
36.133.115.36 - - [08/Apr/2026:22:57:34 +0800] "POST /wp-cron.php?doing_wp_cron=1775660254.3012061119079589843750 HTTP/1.1" 200 31 "-" "WordPress/6.9; http://cqqizhou.com"
27.191.240.5 - - [08/Apr/2026:22:57:34 +0800] "GET /portfolio/%e5%86%b7%e8%bd%a7%e6%9d%bf/ HTTP/1.1" 301 5 "-" "Mozilla/5.0 (Macintosh; Intel Mac OS X 10_15_7) AppleWebKit/537.36 (KHTML, like Gecko) Chrome/140.0.0.0 Safari/537.36"
110.188.55.48 - - [08/Apr/2026:22:57:34 +0800] "GET /news/portfolio/%e5%86%b7%e8%bd%a7%e6%9d%bf HTTP/1.1" 200 22189 "http://cqqizhou.com/portfolio/%e5%86%b7%e8%bd%a7%e6%9d%bf/" "Mozilla/5.0 (Macintosh; Intel Mac OS X 10_15_7) AppleWebKit/537.36 (KHTML, like Gecko) Chrome/140.0.0.0 Safari/537.36"
36.133.115.36 - - [08/Apr/2026:23:00:21 +0800] "POST /wp-cron.php?doing_wp_cron=1775660421.2230999469757080078125 HTTP/1.1" 200 31 "-" "WordPress/6.9; http://cqqizhou.com"
49.85.97.237 - - [08/Apr/2026:23:00:21 +0800] "GET /portfolio/duplex-stainless-steel/ HTTP/1.1" 301 5 "-" "Mozilla/5.0 (Macintosh; Intel Mac OS X 10_15_7) AppleWebKit/537.36 (KHTML, like Gecko) Chrome/140.0.0.0 Safari/537.36"
121.226.19.104 - - [08/Apr/2026:23:00:21 +0800] "GET /news/portfolio/duplex-stainless-steel HTTP/1.1" 200 22253 "http://cqqizhou.com/portfolio/duplex-stainless-steel/" "Mozilla/5.0 (Macintosh; Intel Mac OS X 10_15_7) AppleWebKit/537.36 (KHTML, like Gecko) Chrome/140.0.0.0 Safari/537.36"
113.74.52.243 - - [08/Apr/2026:23:00:30 +0800] "GET /portfolio/duplex-stainless-steel/ HTTP/1.1" 301 5 "-" "Mozilla/5.0 (Macintosh; Intel Mac OS X 10_15_7) AppleWebKit/537.36 (KHTML, like Gecko) Chrome/140.0.0.0 Safari/537.36"
27.189.130.252 - - [08/Apr/2026:23:00:30 +0800] "GET /news/portfolio/duplex-stainless-steel HTTP/1.1" 200 22253 "http://cqqizhou.com/portfolio/duplex-stainless-steel/" "Mozilla/5.0 (Macintosh; Intel Mac OS X 10_15_7) AppleWebKit/537.36 (KHTML, like Gecko) Chrome/140.0.0.0 Safari/537.36"
54.39.203.231 - - [08/Apr/2026:23:00:43 +0800] "GET /news/2543 HTTP/1.1" 304 0 "-" "Mozilla/5.0 (compatible; AhrefsBot/7.0; +http://ahrefs.com/robot/)"
36.133.115.36 - - [08/Apr/2026:23:09:20 +0800] "POST /wp-cron.php?doing_wp_cron=1775660960.3489658832550048828125 HTTP/1.1" 200 31 "-" "WordPress/6.9; http://cqqizhou.com"
114.119.167.129 - - [08/Apr/2026:23:09:20 +0800] "GET /wp-sitemap.xml HTTP/1.1" 501 253 "-" "Mozilla/5.0 (Linux; Android 7.0;) AppleWebKit/537.36 (KHTML, like Gecko) Mobile Safari/537.36 (compatible; PetalBot;+https://webmaster.petalsearch.com/site/petalbot)"
36.133.115.36 - - [08/Apr/2026:23:48:06 +0800] "POST /wp-cron.php?doing_wp_cron=1775663286.2517240047454833984375 HTTP/1.1" 200 31 "-" "WordPress/6.9; http://cqqizhou.com"
223.73.218.210 - - [08/Apr/2026:23:48:06 +0800] "GET /portfolio-category/hot-dip-galvanized-coil/ HTTP/1.1" 301 5 "-" "Mozilla/5.0 (Macintosh; Intel Mac OS X 10_15_7) AppleWebKit/537.36 (KHTML, like Gecko) Chrome/140.0.0.0 Safari/537.36"
183.220.214.194 - - [08/Apr/2026:23:48:07 +0800] "GET /news/portfolio/hot-dip-galvanized-coil HTTP/1.1" 200 22421 "http://cqqizhou.com/portfolio-category/hot-dip-galvanized-coil/" "Mozilla/5.0 (Macintosh; Intel Mac OS X 10_15_7) AppleWebKit/537.36 (KHTML, like Gecko) Chrome/140.0.0.0 Safari/537.36"