113.83.195.93 - - [03/Apr/2026:14:12:52 +0800] "OPTIONS /wp-json/wp/v2/settings?_locale=user HTTP/1.1" 200 1301 "http://cqqizhou.com/wp-admin/post.php?post=2534&action=edit" "Mozilla/5.0 (Windows NT 10.0; Win64; x64) AppleWebKit/537.36 (KHTML, like Gecko) Chrome/145.0.0.0 Safari/537.36 Edg/145.0.0.0"
113.83.195.93 - - [03/Apr/2026:14:12:53 +0800] "GET /wp-json/wp/v2/comments?context=edit&post=2534&type=note&status=all&per_page=100&_locale=user HTTP/1.1" 200 33 "http://cqqizhou.com/wp-admin/post.php?post=2534&action=edit" "Mozilla/5.0 (Windows NT 10.0; Win64; x64) AppleWebKit/537.36 (KHTML, like Gecko) Chrome/145.0.0.0 Safari/537.36 Edg/145.0.0.0"
113.83.195.93 - - [03/Apr/2026:14:12:53 +0800] "GET /wp-json/wp/v2/media/2118?context=view&_locale=user HTTP/1.1" 200 986 "http://cqqizhou.com/wp-admin/post.php?post=2534&action=edit" "Mozilla/5.0 (Windows NT 10.0; Win64; x64) AppleWebKit/537.36 (KHTML, like Gecko) Chrome/145.0.0.0 Safari/537.36 Edg/145.0.0.0"
113.83.195.93 - - [03/Apr/2026:14:12:53 +0800] "OPTIONS /wp-json/wp/v2/posts?_locale=user HTTP/1.1" 200 2962 "http://cqqizhou.com/wp-admin/post.php?post=2534&action=edit" "Mozilla/5.0 (Windows NT 10.0; Win64; x64) AppleWebKit/537.36 (KHTML, like Gecko) Chrome/145.0.0.0 Safari/537.36 Edg/145.0.0.0"
113.83.195.93 - - [03/Apr/2026:14:12:53 +0800] "GET /wp-json/wp/v2/taxonomies?context=edit&per_page=100&_locale=user HTTP/1.1" 200 1742 "http://cqqizhou.com/wp-admin/post.php?post=2534&action=edit" "Mozilla/5.0 (Windows NT 10.0; Win64; x64) AppleWebKit/537.36 (KHTML, like Gecko) Chrome/145.0.0.0 Safari/537.36 Edg/145.0.0.0"
113.83.195.93 - - [03/Apr/2026:14:12:53 +0800] "GET /wp-json/wp/v2/users/1?context=view&_fields=id%2Cname&_locale=user HTTP/1.1" 200 54 "http://cqqizhou.com/wp-admin/post.php?post=2534&action=edit" "Mozilla/5.0 (Windows NT 10.0; Win64; x64) AppleWebKit/537.36 (KHTML, like Gecko) Chrome/145.0.0.0 Safari/537.36 Edg/145.0.0.0"
113.83.195.93 - - [03/Apr/2026:14:12:53 +0800] "GET /wp-json/wp/v2/wp_pattern_category?context=view&per_page=100&_fields=id%2Cname%2Cdescription%2Cslug&_locale=user HTTP/1.1" 200 33 "http://cqqizhou.com/wp-admin/post.php?post=2534&action=edit" "Mozilla/5.0 (Windows NT 10.0; Win64; x64) AppleWebKit/537.36 (KHTML, like Gecko) Chrome/145.0.0.0 Safari/537.36 Edg/145.0.0.0"
113.83.195.93 - - [03/Apr/2026:14:12:53 +0800] "GET /wp-json/wp/v2/pages/1665?context=edit&_locale=user HTTP/1.1" 200 764 "http://cqqizhou.com/wp-admin/post.php?post=2534&action=edit" "Mozilla/5.0 (Windows NT 10.0; Win64; x64) AppleWebKit/537.36 (KHTML, like Gecko) Chrome/145.0.0.0 Safari/537.36 Edg/145.0.0.0"
113.83.195.93 - - [03/Apr/2026:14:12:53 +0800] "GET /wp-json/wp/v2/tags?context=view&per_page=100&_fields=id%2Cname&include=37&_locale=user HTTP/1.1" 200 68 "http://cqqizhou.com/wp-admin/post.php?post=2534&action=edit" "Mozilla/5.0 (Windows NT 10.0; Win64; x64) AppleWebKit/537.36 (KHTML, like Gecko) Chrome/145.0.0.0 Safari/537.36 Edg/145.0.0.0"
113.83.195.93 - - [03/Apr/2026:14:12:53 +0800] "GET /wp-json/wp/v2/tags?context=view&per_page=10&orderby=count&order=desc&hide_empty=true&_fields=id%2Cname%2Ccount&_locale=user HTTP/1.1" 200 98 "http://cqqizhou.com/wp-admin/post.php?post=2534&action=edit" "Mozilla/5.0 (Windows NT 10.0; Win64; x64) AppleWebKit/537.36 (KHTML, like Gecko) Chrome/145.0.0.0 Safari/537.36 Edg/145.0.0.0"
113.83.195.93 - - [03/Apr/2026:14:12:53 +0800] "GET /wp-json/wp/v2/categories?context=view&per_page=100&orderby=name&order=asc&_fields=id%2Cname%2Cparent&page=1&_locale=user HTTP/1.1" 200 144 "http://cqqizhou.com/wp-admin/post.php?post=2534&action=edit" "Mozilla/5.0 (Windows NT 10.0; Win64; x64) AppleWebKit/537.36 (KHTML, like Gecko) Chrome/145.0.0.0 Safari/537.36 Edg/145.0.0.0"
113.83.195.93 - - [03/Apr/2026:14:13:02 +0800] "POST /wp-admin/admin-ajax.php HTTP/1.1" 200 112 "http://cqqizhou.com/wp-admin/post.php?post=2534&action=edit" "Mozilla/5.0 (Windows NT 10.0; Win64; x64) AppleWebKit/537.36 (KHTML, like Gecko) Chrome/145.0.0.0 Safari/537.36 Edg/145.0.0.0"
36.133.115.36 - - [03/Apr/2026:14:13:12 +0800] "POST /wp-cron.php?doing_wp_cron=1775196792.6089370250701904296875 HTTP/1.1" 200 31 "-" "WordPress/6.9; http://cqqizhou.com"
113.83.195.93 - - [03/Apr/2026:14:13:12 +0800] "POST /wp-admin/admin-ajax.php HTTP/1.1" 200 112 "http://cqqizhou.com/wp-admin/post.php?post=2534&action=edit" "Mozilla/5.0 (Windows NT 10.0; Win64; x64) AppleWebKit/537.36 (KHTML, like Gecko) Chrome/145.0.0.0 Safari/537.36 Edg/145.0.0.0"
113.83.195.93 - - [03/Apr/2026:14:13:22 +0800] "POST /wp-admin/admin-ajax.php HTTP/1.1" 200 32 "http://cqqizhou.com/wp-admin/post.php?post=2534&action=edit" "Mozilla/5.0 (Windows NT 10.0; Win64; x64) AppleWebKit/537.36 (KHTML, like Gecko) Chrome/145.0.0.0 Safari/537.36 Edg/145.0.0.0"
113.83.195.93 - - [03/Apr/2026:14:13:27 +0800] "GET /media HTTP/1.1" 200 34449 "http://cqqizhou.com/media" "Mozilla/5.0 (Windows NT 10.0; Win64; x64) AppleWebKit/537.36 (KHTML, like Gecko) Chrome/145.0.0.0 Safari/537.36 Edg/145.0.0.0"
113.83.195.93 - - [03/Apr/2026:14:13:27 +0800] "GET /wp-content/uploads/2026/04/1775195054-1Article_images_W900px-768x432.webp HTTP/1.1" 304 0 "http://cqqizhou.com/media" "Mozilla/5.0 (Windows NT 10.0; Win64; x64) AppleWebKit/537.36 (KHTML, like Gecko) Chrome/145.0.0.0 Safari/537.36 Edg/145.0.0.0"
36.133.115.36 - - [03/Apr/2026:14:19:49 +0800] "POST /wp-cron.php?doing_wp_cron=1775197189.1735510826110839843750 HTTP/1.1" 200 31 "-" "WordPress/6.9; http://cqqizhou.com"
223.104.79.29 - - [03/Apr/2026:14:19:49 +0800] "GET /news/2534 HTTP/1.1" 200 28618 "http://cqqizhou.com/media" "Mozilla/5.0 (Windows NT 10.0; Win64; x64) AppleWebKit/537.36 (KHTML, like Gecko) Chrome/145.0.0.0 Safari/537.36 Edg/145.0.0.0"
36.133.115.36 - - [03/Apr/2026:14:20:08 +0800] "POST /wp-cron.php?doing_wp_cron=1775197208.6942520141601562500000 HTTP/1.1" 200 31 "-" "WordPress/6.9; http://cqqizhou.com"
223.104.79.29 - - [03/Apr/2026:14:20:08 +0800] "GET /news/2535 HTTP/1.1" 200 28081 "http://cqqizhou.com/media" "Mozilla/5.0 (Windows NT 10.0; Win64; x64) AppleWebKit/537.36 (KHTML, like Gecko) Chrome/145.0.0.0 Safari/537.36 Edg/145.0.0.0"
223.104.79.29 - - [03/Apr/2026:14:20:09 +0800] "GET /wp-content/uploads/2026/04/1775195054-1Article_images_W900px.webp HTTP/1.1" 304 0 "http://cqqizhou.com/news/2535" "Mozilla/5.0 (Windows NT 10.0; Win64; x64) AppleWebKit/537.36 (KHTML, like Gecko) Chrome/145.0.0.0 Safari/537.36 Edg/145.0.0.0"
223.104.79.29 - - [03/Apr/2026:14:20:09 +0800] "GET /wp-content/uploads/2026/04/1775195056-2Article_images_W900px.webp HTTP/1.1" 304 0 "http://cqqizhou.com/news/2535" "Mozilla/5.0 (Windows NT 10.0; Win64; x64) AppleWebKit/537.36 (KHTML, like Gecko) Chrome/145.0.0.0 Safari/537.36 Edg/145.0.0.0"
223.104.79.29 - - [03/Apr/2026:14:20:53 +0800] "GET / HTTP/1.1" 200 35255 "-" "Mozilla/5.0 (Windows NT 10.0; Win64; x64) AppleWebKit/537.36 (KHTML, like Gecko) Chrome/145.0.0.0 Safari/537.36 Edg/145.0.0.0"
223.104.79.29 - - [03/Apr/2026:14:20:56 +0800] "GET /wp-content/uploads/2025/07/1753453127-%E4%BD%99%E5%8D%B7product_Single600%C3%97284.webp HTTP/1.1" 200 18744 "http://cqqizhou.com/" "Mozilla/5.0 (Windows NT 10.0; Win64; x64) AppleWebKit/537.36 (KHTML, like Gecko) Chrome/145.0.0.0 Safari/537.36 Edg/145.0.0.0"
223.104.79.29 - - [03/Apr/2026:14:20:56 +0800] "GET /wp-content/uploads/2025/07/1753456723-%E5%8F%8C%E7%9B%B8%E9%92%A2roduct_Single600.webp HTTP/1.1" 200 22790 "http://cqqizhou.com/" "Mozilla/5.0 (Windows NT 10.0; Win64; x64) AppleWebKit/537.36 (KHTML, like Gecko) Chrome/145.0.0.0 Safari/537.36 Edg/145.0.0.0"
223.104.79.29 - - [03/Apr/2026:14:20:56 +0800] "GET /wp-content/uploads/2025/07/1753456770-%E7%83%AD%E9%95%80%E9%94%8C%E5%8D%B7product_Single600.webp HTTP/1.1" 200 27502 "http://cqqizhou.com/" "Mozilla/5.0 (Windows NT 10.0; Win64; x64) AppleWebKit/537.36 (KHTML, like Gecko) Chrome/145.0.0.0 Safari/537.36 Edg/145.0.0.0"
223.104.79.29 - - [03/Apr/2026:14:20:56 +0800] "GET /wp-content/uploads/2025/07/1753453096-%E5%8F%8C%E7%9B%B8%E9%92%A2product_Single600%C3%97284.webp HTTP/1.1" 200 14562 "http://cqqizhou.com/" "Mozilla/5.0 (Windows NT 10.0; Win64; x64) AppleWebKit/537.36 (KHTML, like Gecko) Chrome/145.0.0.0 Safari/537.36 Edg/145.0.0.0"
223.104.79.29 - - [03/Apr/2026:14:20:56 +0800] "GET /wp-json/sliderrevolution/sliders/1?srengine=7&slideid=4 HTTP/1.1" 200 2580 "http://cqqizhou.com/" "Mozilla/5.0 (Windows NT 10.0; Win64; x64) AppleWebKit/537.36 (KHTML, like Gecko) Chrome/145.0.0.0 Safari/537.36 Edg/145.0.0.0"
223.104.79.29 - - [03/Apr/2026:14:20:56 +0800] "GET /wp-json/sliderrevolution/sliders/1?srengine=7&slideid=2 HTTP/1.1" 200 2000 "http://cqqizhou.com/" "Mozilla/5.0 (Windows NT 10.0; Win64; x64) AppleWebKit/537.36 (KHTML, like Gecko) Chrome/145.0.0.0 Safari/537.36 Edg/145.0.0.0"
223.104.79.29 - - [03/Apr/2026:14:20:57 +0800] "GET /wp-content/uploads/revslider/slider-1/1750861156-logistics_Slider_3840%C3%972160_20250625191356-scaled.webp HTTP/1.1" 200 197360 "http://cqqizhou.com/" "Mozilla/5.0 (Windows NT 10.0; Win64; x64) AppleWebKit/537.36 (KHTML, like Gecko) Chrome/145.0.0.0 Safari/537.36 Edg/145.0.0.0"
223.104.79.29 - - [03/Apr/2026:14:20:57 +0800] "GET /wp-content/uploads/2026/01/1768276119-qizhoujiagong_Slider_3840%C3%972160_20260113-scaled.webp HTTP/1.1" 200 131696 "http://cqqizhou.com/" "Mozilla/5.0 (Windows NT 10.0; Win64; x64) AppleWebKit/537.36 (KHTML, like Gecko) Chrome/145.0.0.0 Safari/537.36 Edg/145.0.0.0"
223.104.79.29 - - [03/Apr/2026:14:20:58 +0800] "GET /media HTTP/1.1" 200 26453 "http://cqqizhou.com/" "Mozilla/5.0 (Windows NT 10.0; Win64; x64) AppleWebKit/537.36 (KHTML, like Gecko) Chrome/145.0.0.0 Safari/537.36 Edg/145.0.0.0"
223.104.79.29 - - [03/Apr/2026:14:21:11 +0800] "GET /media HTTP/1.1" 304 0 "http://cqqizhou.com/" "Mozilla/5.0 (Windows NT 10.0; Win64; x64) AppleWebKit/537.36 (KHTML, like Gecko) Chrome/145.0.0.0 Safari/537.36 Edg/145.0.0.0"
36.133.115.36 - - [03/Apr/2026:14:21:17 +0800] "POST /wp-cron.php?doing_wp_cron=1775197277.2203779220581054687500 HTTP/1.1" 200 31 "-" "WordPress/6.9; http://cqqizhou.com"
223.104.79.29 - - [03/Apr/2026:14:21:17 +0800] "GET /news/2534 HTTP/1.1" 200 24204 "http://cqqizhou.com/media" "Mozilla/5.0 (Windows NT 10.0; Win64; x64) AppleWebKit/537.36 (KHTML, like Gecko) Chrome/145.0.0.0 Safari/537.36 Edg/145.0.0.0"
223.104.79.29 - - [03/Apr/2026:14:21:28 +0800] "GET /news HTTP/1.1" 200 20198 "http://cqqizhou.com/news/2534" "Mozilla/5.0 (Windows NT 10.0; Win64; x64) AppleWebKit/537.36 (KHTML, like Gecko) Chrome/145.0.0.0 Safari/537.36 Edg/145.0.0.0"
223.104.79.29 - - [03/Apr/2026:14:21:29 +0800] "GET /wp-content/uploads/2026/02/1770341652-2026251Article_images_W900%C3%97500px.webp HTTP/1.1" 200 43300 "http://cqqizhou.com/news" "Mozilla/5.0 (Windows NT 10.0; Win64; x64) AppleWebKit/537.36 (KHTML, like Gecko) Chrome/145.0.0.0 Safari/537.36 Edg/145.0.0.0"
223.104.79.29 - - [03/Apr/2026:14:21:29 +0800] "GET /wp-content/uploads/2026/03/1772713922-Article_images_W900px.webp HTTP/1.1" 200 41304 "http://cqqizhou.com/news" "Mozilla/5.0 (Windows NT 10.0; Win64; x64) AppleWebKit/537.36 (KHTML, like Gecko) Chrome/145.0.0.0 Safari/537.36 Edg/145.0.0.0"
223.104.79.29 - - [03/Apr/2026:14:21:29 +0800] "GET /wp-content/uploads/2026/02/1772086672-%E5%BC%80%E5%B7%A5%E5%A4%A7%E5%90%89%E5%B0%81%E9%9D%A2%E5%A4%B4%E5%9B%BEArticle_images_W900%C3%97500px.webp HTTP/1.1" 200 99110 "http://cqqizhou.com/news" "Mozilla/5.0 (Windows NT 10.0; Win64; x64) AppleWebKit/537.36 (KHTML, like Gecko) Chrome/145.0.0.0 Safari/537.36 Edg/145.0.0.0"
223.104.79.29 - - [03/Apr/2026:14:21:29 +0800] "GET /wp-content/uploads/2025/07/1753454299-Article_images_W900px.webp HTTP/1.1" 200 52418 "http://cqqizhou.com/news" "Mozilla/5.0 (Windows NT 10.0; Win64; x64) AppleWebKit/537.36 (KHTML, like Gecko) Chrome/145.0.0.0 Safari/537.36 Edg/145.0.0.0"
223.104.79.29 - - [03/Apr/2026:14:21:37 +0800] "GET /news/2535 HTTP/1.1" 499 0 "http://cqqizhou.com/news" "Mozilla/5.0 (Windows NT 10.0; Win64; x64) AppleWebKit/537.36 (KHTML, like Gecko) Chrome/145.0.0.0 Safari/537.36 Edg/145.0.0.0"
223.104.79.29 - - [03/Apr/2026:14:21:38 +0800] "GET /news/2535 HTTP/1.1" 200 19910 "http://cqqizhou.com/news" "Mozilla/5.0 (Windows NT 10.0; Win64; x64) AppleWebKit/537.36 (KHTML, like Gecko) Chrome/145.0.0.0 Safari/537.36 Edg/145.0.0.0"
196.196.53.52 - - [03/Apr/2026:14:33:14 +0800] "GET /contacts HTTP/1.0" 200 77042 "http://cqqizhou.com/contacts" "Mozilla/5.0 (Windows NT 6.3; Win64; x64) AppleWebKit/537.36 (KHTML, like Gecko) Chrome/103.0.5060.66 Safari/537.36"
14.108.234.14 - - [03/Apr/2026:14:34:12 +0800] "GET /news/2534 HTTP/1.1" 200 24224 "-" "Mozilla/5.0 (Windows NT 10.0; WOW64) AppleWebKit/537.36 (KHTML, like Gecko) Chrome/86.0.4240.198 Safari/537.36"
14.108.234.14 - - [03/Apr/2026:14:34:16 +0800] "GET /news/2534 HTTP/1.1" 304 0 "-" "Mozilla/5.0 (Windows NT 10.0; WOW64) AppleWebKit/537.36 (KHTML, like Gecko) Chrome/86.0.4240.198 Safari/537.36"
14.108.234.14 - - [03/Apr/2026:14:40:23 +0800] "GET /news/2534 HTTP/1.1" 304 0 "-" "Mozilla/5.0 (Windows NT 10.0; WOW64) AppleWebKit/537.36 (KHTML, like Gecko) Chrome/86.0.4240.198 Safari/537.36"
14.108.234.14 - - [03/Apr/2026:14:56:32 +0800] "GET /news/2534 HTTP/1.1" 200 24224 "http://cqqizhou.com/news/tag/%e5%8d%9a%e8%81%94%e8%be%be" "Mozilla/5.0 (Windows NT 10.0; Win64; x64) AppleWebKit/537.36 (KHTML, like Gecko) Chrome/132.0.0.0 Safari/537.36 NetType/WIFI MicroMessenger/7.0.20.1781(0x6700143B) WindowsWechat(0x63090a13) UnifiedPCWindowsWechat(0xf254181c) XWEB/19201 Flue"
36.133.115.36 - - [03/Apr/2026:14:56:33 +0800] "POST /wp-cron.php?doing_wp_cron=1775199393.5778648853302001953125 HTTP/1.1" 200 31 "-" "WordPress/6.9; http://cqqizhou.com"
14.108.234.14 - - [03/Apr/2026:14:56:33 +0800] "POST /wp-admin/admin-ajax.php HTTP/1.1" 200 100 "http://cqqizhou.com/news/2534" "Mozilla/5.0 (Windows NT 10.0; Win64; x64) AppleWebKit/537.36 (KHTML, like Gecko) Chrome/132.0.0.0 Safari/537.36 NetType/WIFI MicroMessenger/7.0.20.1781(0x6700143B) WindowsWechat(0x63090a13) UnifiedPCWindowsWechat(0xf254181c) XWEB/19201 Flue"
14.108.234.14 - - [03/Apr/2026:14:56:34 +0800] "POST /wp-admin/admin-ajax.php HTTP/1.1" 200 517 "http://cqqizhou.com/news/2534" "Mozilla/5.0 (Windows NT 10.0; Win64; x64) AppleWebKit/537.36 (KHTML, like Gecko) Chrome/132.0.0.0 Safari/537.36 NetType/WIFI MicroMessenger/7.0.20.1781(0x6700143B) WindowsWechat(0x63090a13) UnifiedPCWindowsWechat(0xf254181c) XWEB/19201 Flue"
66.249.74.9 - - [03/Apr/2026:14:56:53 +0800] "GET /media/4 HTTP/1.1" 200 26130 "-" "Mozilla/5.0 (Linux; Android 6.0.1; Nexus 5X Build/MMB29P) AppleWebKit/537.36 (KHTML, like Gecko) Chrome/146.0.7680.177 Mobile Safari/537.36 (compatible; Googlebot/2.1; +http://www.google.com/bot.html)"
36.133.115.36 - - [03/Apr/2026:15:03:16 +0800] "POST /wp-cron.php?doing_wp_cron=1775199796.7933781147003173828125 HTTP/1.1" 200 31 "-" "WordPress/6.9; http://cqqizhou.com"
43.135.186.135 - - [03/Apr/2026:15:03:16 +0800] "GET /news/portfolio-category/dual-phase-steel HTTP/1.1" 200 17806 "-" "Mozilla/5.0 (iPhone; CPU iPhone OS 13_2_3 like Mac OS X) AppleWebKit/605.1.15 (KHTML, like Gecko) Version/13.0.3 Mobile/15E148 Safari/604.1"
104.37.26.220 - - [03/Apr/2026:15:08:45 +0800] "GET / HTTP/1.1" 200 35274 "-" "Mozilla/5.0 (Windows NT 10.0; WOW64) AppleWebKit/537.36 (KHTML, like Gecko) Chrome/20.0.1132.57 Safari/537.36"
36.133.115.36 - - [03/Apr/2026:15:11:35 +0800] "POST /wp-cron.php?doing_wp_cron=1775200295.7386739253997802734375 HTTP/1.1" 200 31 "-" "WordPress/6.9; http://cqqizhou.com"
43.167.245.18 - - [03/Apr/2026:15:11:35 +0800] "GET /news/portfolio-category/remaining-rolls HTTP/1.1" 200 17788 "-" "Mozilla/5.0 (iPhone; CPU iPhone OS 13_2_3 like Mac OS X) AppleWebKit/605.1.15 (KHTML, like Gecko) Version/13.0.3 Mobile/15E148 Safari/604.1"
36.133.115.36 - - [03/Apr/2026:15:18:49 +0800] "POST /wp-cron.php?doing_wp_cron=1775200729.3665978908538818359375 HTTP/1.1" 200 31 "-" "WordPress/6.9; http://cqqizhou.com"
39.144.224.197 - - [03/Apr/2026:15:18:49 +0800] "GET /news/2534 HTTP/1.1" 200 20175 "-" "Mozilla/5.0 (Linux; Android 16; 25113PN0EC Build/BP2A.250605.031.A3; wv) AppleWebKit/537.36 (KHTML, like Gecko) Version/4.0 Chrome/138.0.7204.180 Mobile Safari/537.36 XWEB/1380347 MMWEBSDK/20250202 MMWEBID/2767 wxwork/5.0.3 MicroMessenger/7.0.1 NetType/4G Language/zh Lang/zh ColorScheme/Light wwmver/3.26.503.647"
39.144.224.197 - - [03/Apr/2026:15:18:49 +0800] "GET /wp-content/uploads/2026/03/1773722869-1Article_images_W900px.webp HTTP/1.1" 200 28566 "http://cqqizhou.com/news/2534" "Mozilla/5.0 (Linux; Android 16; 25113PN0EC Build/BP2A.250605.031.A3; wv) AppleWebKit/537.36 (KHTML, like Gecko) Version/4.0 Chrome/138.0.7204.180 Mobile Safari/537.36 XWEB/1380347 MMWEBSDK/20250202 MMWEBID/2767 wxwork/5.0.3 MicroMessenger/7.0.1 NetType/4G Language/zh Lang/zh ColorScheme/Light wwmver/3.26.503.647"
39.144.224.197 - - [03/Apr/2026:15:18:49 +0800] "GET /wp-content/uploads/2026/03/1772790791-%E5%B0%81%E9%9D%A2%E5%A4%B4%E5%9B%BEArticle_images_W900%C3%97500px2026.webp HTTP/1.1" 304 0 "http://cqqizhou.com/news/2534" "Mozilla/5.0 (Linux; Android 16; 25113PN0EC Build/BP2A.250605.031.A3; wv) AppleWebKit/537.36 (KHTML, like Gecko) Version/4.0 Chrome/138.0.7204.180 Mobile Safari/537.36 XWEB/1380347 MMWEBSDK/20250202 MMWEBID/2767 wxwork/5.0.3 MicroMessenger/7.0.1 NetType/4G Language/zh Lang/zh ColorScheme/Light wwmver/3.26.503.647"
39.144.224.197 - - [03/Apr/2026:15:18:49 +0800] "GET /wp-content/uploads/2025/07/1751864664-Logistics800x500_1.webp HTTP/1.1" 200 76914 "http://cqqizhou.com/news/2534" "Mozilla/5.0 (Linux; Android 16; 25113PN0EC Build/BP2A.250605.031.A3; wv) AppleWebKit/537.36 (KHTML, like Gecko) Version/4.0 Chrome/138.0.7204.180 Mobile Safari/537.36 XWEB/1380347 MMWEBSDK/20250202 MMWEBID/2767 wxwork/5.0.3 MicroMessenger/7.0.1 NetType/4G Language/zh Lang/zh ColorScheme/Light wwmver/3.26.503.647"
39.144.224.197 - - [03/Apr/2026:15:18:49 +0800] "GET /wp-content/uploads/2025/07/1751425283-qizhou.kf_.qq_.com_.webp HTTP/1.1" 304 0 "http://cqqizhou.com/news/2534" "Mozilla/5.0 (Linux; Android 16; 25113PN0EC Build/BP2A.250605.031.A3; wv) AppleWebKit/537.36 (KHTML, like Gecko) Version/4.0 Chrome/138.0.7204.180 Mobile Safari/537.36 XWEB/1380347 MMWEBSDK/20250202 MMWEBID/2767 wxwork/5.0.3 MicroMessenger/7.0.1 NetType/4G Language/zh Lang/zh ColorScheme/Light wwmver/3.26.503.647"
39.144.224.197 - - [03/Apr/2026:15:18:49 +0800] "GET /wp-content/uploads/2025/07/1753410289-News2000%C3%97400_202571.webp HTTP/1.1" 304 0 "http://cqqizhou.com/news/2534" "Mozilla/5.0 (Linux; Android 16; 25113PN0EC Build/BP2A.250605.031.A3; wv) AppleWebKit/537.36 (KHTML, like Gecko) Version/4.0 Chrome/138.0.7204.180 Mobile Safari/537.36 XWEB/1380347 MMWEBSDK/20250202 MMWEBID/2767 wxwork/5.0.3 MicroMessenger/7.0.1 NetType/4G Language/zh Lang/zh ColorScheme/Light wwmver/3.26.503.647"
36.133.115.36 - - [03/Apr/2026:15:19:17 +0800] "POST /wp-cron.php?doing_wp_cron=1775200757.6100530624389648437500 HTTP/1.1" 200 31 "-" "WordPress/6.9; http://cqqizhou.com"
39.144.224.197 - - [03/Apr/2026:15:19:17 +0800] "GET /news/2527 HTTP/1.1" 200 20969 "http://cqqizhou.com/news/2534" "Mozilla/5.0 (Linux; Android 16; 25113PN0EC Build/BP2A.250605.031.A3; wv) AppleWebKit/537.36 (KHTML, like Gecko) Version/4.0 Chrome/138.0.7204.180 Mobile Safari/537.36 XWEB/1380347 MMWEBSDK/20250202 MMWEBID/2767 wxwork/5.0.3 MicroMessenger/7.0.1 NetType/4G Language/zh Lang/zh ColorScheme/Light wwmver/3.26.503.647"
39.144.224.197 - - [03/Apr/2026:15:19:17 +0800] "GET /wp-content/uploads/2026/03/1773722871-3Article_images_W900px.webp HTTP/1.1" 200 51678 "http://cqqizhou.com/news/2527" "Mozilla/5.0 (Linux; Android 16; 25113PN0EC Build/BP2A.250605.031.A3; wv) AppleWebKit/537.36 (KHTML, like Gecko) Version/4.0 Chrome/138.0.7204.180 Mobile Safari/537.36 XWEB/1380347 MMWEBSDK/20250202 MMWEBID/2767 wxwork/5.0.3 MicroMessenger/7.0.1 NetType/4G Language/zh Lang/zh ColorScheme/Light wwmver/3.26.503.647"
39.144.224.197 - - [03/Apr/2026:15:19:17 +0800] "GET /wp-content/uploads/2026/03/1773722870-2Article_images_W900px.webp HTTP/1.1" 200 56124 "http://cqqizhou.com/news/2527" "Mozilla/5.0 (Linux; Android 16; 25113PN0EC Build/BP2A.250605.031.A3; wv) AppleWebKit/537.36 (KHTML, like Gecko) Version/4.0 Chrome/138.0.7204.180 Mobile Safari/537.36 XWEB/1380347 MMWEBSDK/20250202 MMWEBID/2767 wxwork/5.0.3 MicroMessenger/7.0.1 NetType/4G Language/zh Lang/zh ColorScheme/Light wwmver/3.26.503.647"
39.144.224.197 - - [03/Apr/2026:15:19:18 +0800] "GET /wp-content/uploads/2025/07/1773723158-Article_images_W900px.webp HTTP/1.1" 404 8949 "http://cqqizhou.com/news/2527" "Mozilla/5.0 (Linux; Android 16; 25113PN0EC Build/BP2A.250605.031.A3; wv) AppleWebKit/537.36 (KHTML, like Gecko) Version/4.0 Chrome/138.0.7204.180 Mobile Safari/537.36 XWEB/1380347 MMWEBSDK/20250202 MMWEBID/2767 wxwork/5.0.3 MicroMessenger/7.0.1 NetType/4G Language/zh Lang/zh ColorScheme/Light wwmver/3.26.503.647"
39.144.224.197 - - [03/Apr/2026:15:19:52 +0800] "GET /news/2518 HTTP/1.1" 200 20061 "http://cqqizhou.com/news/2527" "Mozilla/5.0 (Linux; Android 16; 25113PN0EC Build/BP2A.250605.031.A3; wv) AppleWebKit/537.36 (KHTML, like Gecko) Version/4.0 Chrome/138.0.7204.180 Mobile Safari/537.36 XWEB/1380347 MMWEBSDK/20250202 MMWEBID/2767 wxwork/5.0.3 MicroMessenger/7.0.1 NetType/4G Language/zh Lang/zh ColorScheme/Light wwmver/3.26.503.647"
39.144.224.197 - - [03/Apr/2026:15:19:52 +0800] "GET /wp-content/uploads/2026/03/1772790943-1Article_images_W900px.webp HTTP/1.1" 304 0 "http://cqqizhou.com/news/2518" "Mozilla/5.0 (Linux; Android 16; 25113PN0EC Build/BP2A.250605.031.A3; wv) AppleWebKit/537.36 (KHTML, like Gecko) Version/4.0 Chrome/138.0.7204.180 Mobile Safari/537.36 XWEB/1380347 MMWEBSDK/20250202 MMWEBID/2767 wxwork/5.0.3 MicroMessenger/7.0.1 NetType/4G Language/zh Lang/zh ColorScheme/Light wwmver/3.26.503.647"
39.144.224.197 - - [03/Apr/2026:15:19:52 +0800] "GET /wp-content/uploads/2026/03/1772790943-2Article_images_W900px.webp HTTP/1.1" 304 0 "http://cqqizhou.com/news/2518" "Mozilla/5.0 (Linux; Android 16; 25113PN0EC Build/BP2A.250605.031.A3; wv) AppleWebKit/537.36 (KHTML, like Gecko) Version/4.0 Chrome/138.0.7204.180 Mobile Safari/537.36 XWEB/1380347 MMWEBSDK/20250202 MMWEBID/2767 wxwork/5.0.3 MicroMessenger/7.0.1 NetType/4G Language/zh Lang/zh ColorScheme/Light wwmver/3.26.503.647"
39.144.224.197 - - [03/Apr/2026:15:19:52 +0800] "GET /wp-content/uploads/2026/03/1772790943-6Article_images_W900px.webp HTTP/1.1" 304 0 "http://cqqizhou.com/news/2518" "Mozilla/5.0 (Linux; Android 16; 25113PN0EC Build/BP2A.250605.031.A3; wv) AppleWebKit/537.36 (KHTML, like Gecko) Version/4.0 Chrome/138.0.7204.180 Mobile Safari/537.36 XWEB/1380347 MMWEBSDK/20250202 MMWEBID/2767 wxwork/5.0.3 MicroMessenger/7.0.1 NetType/4G Language/zh Lang/zh ColorScheme/Light wwmver/3.26.503.647"
39.144.224.197 - - [03/Apr/2026:15:19:52 +0800] "GET /wp-content/uploads/2026/03/1772790943-3Article_images_W900px.webp HTTP/1.1" 304 0 "http://cqqizhou.com/news/2518" "Mozilla/5.0 (Linux; Android 16; 25113PN0EC Build/BP2A.250605.031.A3; wv) AppleWebKit/537.36 (KHTML, like Gecko) Version/4.0 Chrome/138.0.7204.180 Mobile Safari/537.36 XWEB/1380347 MMWEBSDK/20250202 MMWEBID/2767 wxwork/5.0.3 MicroMessenger/7.0.1 NetType/4G Language/zh Lang/zh ColorScheme/Light wwmver/3.26.503.647"
39.144.224.197 - - [03/Apr/2026:15:19:52 +0800] "GET /wp-content/uploads/2026/03/1772790943-5Article_images_W900px.webp HTTP/1.1" 304 0 "http://cqqizhou.com/news/2518" "Mozilla/5.0 (Linux; Android 16; 25113PN0EC Build/BP2A.250605.031.A3; wv) AppleWebKit/537.36 (KHTML, like Gecko) Version/4.0 Chrome/138.0.7204.180 Mobile Safari/537.36 XWEB/1380347 MMWEBSDK/20250202 MMWEBID/2767 wxwork/5.0.3 MicroMessenger/7.0.1 NetType/4G Language/zh Lang/zh ColorScheme/Light wwmver/3.26.503.647"
36.133.115.36 - - [03/Apr/2026:15:20:24 +0800] "POST /wp-cron.php?doing_wp_cron=1775200824.6930310726165771484375 HTTP/1.1" 200 31 "-" "WordPress/6.9; http://cqqizhou.com"
39.144.224.197 - - [03/Apr/2026:15:20:24 +0800] "GET /wp-content/uploads/2025/07/1773723158-Article_images_W900px.webp HTTP/1.1" 404 8949 "http://cqqizhou.com/news/2527" "Mozilla/5.0 (Linux; Android 16; 25113PN0EC Build/BP2A.250605.031.A3; wv) AppleWebKit/537.36 (KHTML, like Gecko) Version/4.0 Chrome/138.0.7204.180 Mobile Safari/537.36 XWEB/1380347 MMWEBSDK/20250202 MMWEBID/2767 wxwork/5.0.3 MicroMessenger/7.0.1 NetType/4G Language/zh Lang/zh ColorScheme/Light wwmver/3.26.503.647"
36.133.115.36 - - [03/Apr/2026:15:22:46 +0800] "POST /wp-cron.php?doing_wp_cron=1775200966.0410420894622802734375 HTTP/1.1" 200 31 "-" "WordPress/6.9; http://cqqizhou.com"
49.51.183.15 - - [03/Apr/2026:15:22:46 +0800] "GET / HTTP/1.1" 301 5 "-" "Mozilla/5.0 (iPhone; CPU iPhone OS 13_2_3 like Mac OS X) AppleWebKit/605.1.15 (KHTML, like Gecko) Version/13.0.3 Mobile/15E148 Safari/604.1"
49.51.183.15 - - [03/Apr/2026:15:22:48 +0800] "GET / HTTP/1.1" 200 34824 "http://36.133.115.36" "Mozilla/5.0 (iPhone; CPU iPhone OS 13_2_3 like Mac OS X) AppleWebKit/605.1.15 (KHTML, like Gecko) Version/13.0.3 Mobile/15E148 Safari/604.1"
36.133.115.36 - - [03/Apr/2026:15:25:45 +0800] "POST /wp-cron.php?doing_wp_cron=1775201145.4103569984436035156250 HTTP/1.1" 200 31 "-" "WordPress/6.9; http://cqqizhou.com"
194.88.98.93 - - [03/Apr/2026:15:25:45 +0800] "GET / HTTP/1.1" 200 34824 "-" "Mozilla/5.0 (Windows NT 10.0; Win64; x64) AppleWebKit/537.36 (KHTML, like Gecko) Chrome/133.0.0.0 Safari/537.36"
36.133.115.36 - - [03/Apr/2026:15:33:49 +0800] "POST /wp-cron.php?doing_wp_cron=1775201629.6697790622711181640625 HTTP/1.1" 200 31 "-" "WordPress/6.9; http://cqqizhou.com"
125.42.130.91 - - [03/Apr/2026:15:33:49 +0800] "GET / HTTP/1.1" 301 5 "-" "Mozilla/5.0 (Windows NT 10.0; Win64; x64) AppleWebKit/537.36 (KHTML, like Gecko) Chrome/137.0.0.0 Safari/537.36"
183.36.226.145 - - [03/Apr/2026:15:33:49 +0800] "GET / HTTP/1.1" 200 35274 "-" "Mozilla/5.0 (Windows NT 10.0; Win64; x64) AppleWebKit/537.36 (KHTML, like Gecko) Chrome/137.0.0.0 Safari/537.36"
36.133.115.36 - - [03/Apr/2026:15:53:20 +0800] "POST /wp-cron.php?doing_wp_cron=1775202800.8907508850097656250000 HTTP/1.1" 200 31 "-" "WordPress/6.9; http://cqqizhou.com"
43.159.152.4 - - [03/Apr/2026:15:53:20 +0800] "GET /news/2518 HTTP/1.1" 200 20060 "-" "Mozilla/5.0 (iPhone; CPU iPhone OS 13_2_3 like Mac OS X) AppleWebKit/605.1.15 (KHTML, like Gecko) Version/13.0.3 Mobile/15E148 Safari/604.1"
138.68.180.18 - - [03/Apr/2026:16:01:57 +0800] "GET / HTTP/1.1" 200 35274 "-" "Mozilla/5.0 (Windows NT 10.0; Win64; x64) AppleWebKit/537.36 (KHTML, like Gecko) Chrome/124.0.0.0 Safari/537.36"
138.68.180.18 - - [03/Apr/2026:16:01:58 +0800] "GET /services HTTP/1.1" 200 31707 "-" "Mozilla/5.0 (Windows NT 10.0; Win64; x64) AppleWebKit/537.36 (KHTML, like Gecko) Chrome/124.0.0.0 Safari/537.36"
138.68.180.18 - - [03/Apr/2026:16:01:59 +0800] "GET /logistics HTTP/1.1" 200 25702 "-" "Mozilla/5.0 (Windows NT 10.0; Win64; x64) AppleWebKit/537.36 (KHTML, like Gecko) Chrome/124.0.0.0 Safari/537.36"
138.68.180.18 - - [03/Apr/2026:16:02:00 +0800] "GET /about HTTP/1.1" 200 24508 "-" "Mozilla/5.0 (Windows NT 10.0; Win64; x64) AppleWebKit/537.36 (KHTML, like Gecko) Chrome/124.0.0.0 Safari/537.36"
138.68.180.18 - - [03/Apr/2026:16:02:01 +0800] "GET /media HTTP/1.1" 200 26453 "-" "Mozilla/5.0 (Windows NT 10.0; Win64; x64) AppleWebKit/537.36 (KHTML, like Gecko) Chrome/124.0.0.0 Safari/537.36"
36.133.115.36 - - [03/Apr/2026:16:02:03 +0800] "POST /wp-cron.php?doing_wp_cron=1775203323.0901279449462890625000 HTTP/1.1" 200 31 "-" "WordPress/6.9; http://cqqizhou.com"
138.68.180.18 - - [03/Apr/2026:16:02:03 +0800] "GET /contacts/ HTTP/1.1" 301 5 "-" "Mozilla/5.0 (Windows NT 10.0; Win64; x64) AppleWebKit/537.36 (KHTML, like Gecko) Chrome/124.0.0.0 Safari/537.36"
138.68.180.18 - - [03/Apr/2026:16:02:03 +0800] "GET /contacts HTTP/1.1" 200 21638 "-" "Mozilla/5.0 (Windows NT 10.0; Win64; x64) AppleWebKit/537.36 (KHTML, like Gecko) Chrome/124.0.0.0 Safari/537.36"
138.68.180.18 - - [03/Apr/2026:16:02:04 +0800] "GET /news HTTP/1.1" 200 20219 "-" "Mozilla/5.0 (Windows NT 10.0; Win64; x64) AppleWebKit/537.36 (KHTML, like Gecko) Chrome/124.0.0.0 Safari/537.36"
36.133.115.36 - - [03/Apr/2026:16:14:33 +0800] "POST /wp-cron.php?doing_wp_cron=1775204073.3667769432067871093750 HTTP/1.1" 200 31 "-" "WordPress/6.9; http://cqqizhou.com"
43.135.36.201 - - [03/Apr/2026:16:14:33 +0800] "GET /news/2527 HTTP/1.1" 200 20969 "-" "Mozilla/5.0 (iPhone; CPU iPhone OS 13_2_3 like Mac OS X) AppleWebKit/605.1.15 (KHTML, like Gecko) Version/13.0.3 Mobile/15E148 Safari/604.1"
36.133.115.36 - - [03/Apr/2026:16:22:36 +0800] "POST /wp-cron.php?doing_wp_cron=1775204556.6273488998413085937500 HTTP/1.1" 200 31 "-" "WordPress/6.9; http://cqqizhou.com"
43.159.149.56 - - [03/Apr/2026:16:22:36 +0800] "GET /news/portfolio/remaining-rolls HTTP/1.1" 200 18798 "-" "Mozilla/5.0 (iPhone; CPU iPhone OS 13_2_3 like Mac OS X) AppleWebKit/605.1.15 (KHTML, like Gecko) Version/13.0.3 Mobile/15E148 Safari/604.1"
142.248.80.163 - - [03/Apr/2026:16:22:55 +0800] "GET / HTTP/1.0" 301 0 "-" "Shodan-Pull/1.0"
36.133.115.36 - - [03/Apr/2026:16:26:38 +0800] "POST /wp-cron.php?doing_wp_cron=1775204798.4381129741668701171875 HTTP/1.1" 200 31 "-" "WordPress/6.9; http://cqqizhou.com"
198.244.240.82 - - [03/Apr/2026:16:26:38 +0800] "GET /robots.txt HTTP/1.1" 200 190 "-" "Mozilla/5.0 (compatible; AhrefsBot/7.0; +http://ahrefs.com/robot/)"
51.195.244.99 - - [03/Apr/2026:16:26:50 +0800] "GET /news/2361 HTTP/1.1" 200 25007 "-" "Mozilla/5.0 (compatible; AhrefsBot/7.0; +http://ahrefs.com/robot/)"
198.244.242.32 - - [03/Apr/2026:16:29:12 +0800] "GET /wp-content/uploads/2025/07/1751864664-Logistics800x500_1.webp HTTP/1.1" 200 76914 "-" "Mozilla/5.0 (compatible; AhrefsBot/7.0; +http://ahrefs.com/robot/)"
36.133.115.36 - - [03/Apr/2026:16:32:20 +0800] "POST /wp-cron.php?doing_wp_cron=1775205140.5432488918304443359375 HTTP/1.1" 200 31 "-" "WordPress/6.9; http://cqqizhou.com"
43.130.26.3 - - [03/Apr/2026:16:32:20 +0800] "GET /wp-json/oembed/1.0/embed?url=http%3A%2F%2Fcqqizhou.com%2Fnews%2F2518 HTTP/1.1" 200 1341 "-" "Mozilla/5.0 (iPhone; CPU iPhone OS 13_2_3 like Mac OS X) AppleWebKit/605.1.15 (KHTML, like Gecko) Version/13.0.3 Mobile/15E148 Safari/604.1"
36.133.115.36 - - [03/Apr/2026:16:33:42 +0800] "POST /wp-cron.php?doing_wp_cron=1775205222.4687500000000000000000 HTTP/1.1" 200 31 "-" "WordPress/6.9; http://cqqizhou.com"
60.9.121.206 - - [03/Apr/2026:16:33:42 +0800] "GET /company-news HTTP/1.1" 200 25846 "-" "Mozilla/5.0 (Windows NT 10.0; Win64; x64) AppleWebKit/537.36 (KHTML, like Gecko) Chrome/145.0.0.0 Safari/537.36"
36.133.115.36 - - [03/Apr/2026:16:36:27 +0800] "POST /wp-cron.php?doing_wp_cron=1775205387.9184041023254394531250 HTTP/1.1" 200 31 "-" "WordPress/6.9; http://cqqizhou.com"
14.108.234.14 - - [03/Apr/2026:16:36:27 +0800] "GET /news/2534 HTTP/1.1" 200 20175 "-" "Mozilla/5.0 (Linux; Android 16; 2407FRK8EC Build/BP2A.250605.031.A3; wv) AppleWebKit/537.36 (KHTML, like Gecko) Version/4.0 Chrome/138.0.7204.180 Mobile Safari/537.36 XWEB/1380347 MMWEBSDK/20250202 MMWEBID/9961 wxwork/5.0.6 MicroMessenger/7.0.1 NetType/WIFI Language/zh Lang/zh ColorScheme/Light wwmver/3.26.506.647"
14.108.234.14 - - [03/Apr/2026:16:36:28 +0800] "GET /wp-content/uploads/2025/07/1751864664-Logistics800x500_1.webp HTTP/1.1" 200 76914 "http://cqqizhou.com/news/2534" "Mozilla/5.0 (Linux; Android 16; 2407FRK8EC Build/BP2A.250605.031.A3; wv) AppleWebKit/537.36 (KHTML, like Gecko) Version/4.0 Chrome/138.0.7204.180 Mobile Safari/537.36 XWEB/1380347 MMWEBSDK/20250202 MMWEBID/9961 wxwork/5.0.6 MicroMessenger/7.0.1 NetType/WIFI Language/zh Lang/zh ColorScheme/Light wwmver/3.26.506.647"
14.108.234.14 - - [03/Apr/2026:16:36:28 +0800] "GET /wp-content/uploads/2026/03/1772790791-%E5%B0%81%E9%9D%A2%E5%A4%B4%E5%9B%BEArticle_images_W900%C3%97500px2026.webp HTTP/1.1" 200 52968 "http://cqqizhou.com/news/2534" "Mozilla/5.0 (Linux; Android 16; 2407FRK8EC Build/BP2A.250605.031.A3; wv) AppleWebKit/537.36 (KHTML, like Gecko) Version/4.0 Chrome/138.0.7204.180 Mobile Safari/537.36 XWEB/1380347 MMWEBSDK/20250202 MMWEBID/9961 wxwork/5.0.6 MicroMessenger/7.0.1 NetType/WIFI Language/zh Lang/zh ColorScheme/Light wwmver/3.26.506.647"
14.108.234.14 - - [03/Apr/2026:16:36:28 +0800] "GET /wp-content/uploads/2026/03/1773722869-1Article_images_W900px.webp HTTP/1.1" 200 28566 "http://cqqizhou.com/news/2534" "Mozilla/5.0 (Linux; Android 16; 2407FRK8EC Build/BP2A.250605.031.A3; wv) AppleWebKit/537.36 (KHTML, like Gecko) Version/4.0 Chrome/138.0.7204.180 Mobile Safari/537.36 XWEB/1380347 MMWEBSDK/20250202 MMWEBID/9961 wxwork/5.0.6 MicroMessenger/7.0.1 NetType/WIFI Language/zh Lang/zh ColorScheme/Light wwmver/3.26.506.647"
14.108.234.14 - - [03/Apr/2026:16:36:28 +0800] "GET /wp-content/uploads/2025/07/1751425283-qizhou.kf_.qq_.com_.webp HTTP/1.1" 304 0 "http://cqqizhou.com/news/2534" "Mozilla/5.0 (Linux; Android 16; 2407FRK8EC Build/BP2A.250605.031.A3; wv) AppleWebKit/537.36 (KHTML, like Gecko) Version/4.0 Chrome/138.0.7204.180 Mobile Safari/537.36 XWEB/1380347 MMWEBSDK/20250202 MMWEBID/9961 wxwork/5.0.6 MicroMessenger/7.0.1 NetType/WIFI Language/zh Lang/zh ColorScheme/Light wwmver/3.26.506.647"
14.108.234.14 - - [03/Apr/2026:16:36:28 +0800] "GET /wp-content/uploads/2025/07/1753410289-News2000%C3%97400_202571.webp HTTP/1.1" 304 0 "http://cqqizhou.com/news/2534" "Mozilla/5.0 (Linux; Android 16; 2407FRK8EC Build/BP2A.250605.031.A3; wv) AppleWebKit/537.36 (KHTML, like Gecko) Version/4.0 Chrome/138.0.7204.180 Mobile Safari/537.36 XWEB/1380347 MMWEBSDK/20250202 MMWEBID/9961 wxwork/5.0.6 MicroMessenger/7.0.1 NetType/WIFI Language/zh Lang/zh ColorScheme/Light wwmver/3.26.506.647"
36.133.115.36 - - [03/Apr/2026:16:41:37 +0800] "POST /wp-cron.php?doing_wp_cron=1775205697.3526699542999267578125 HTTP/1.1" 200 31 "-" "WordPress/6.9; http://cqqizhou.com"
117.62.235.53 - - [03/Apr/2026:16:41:37 +0800] "GET / HTTP/1.1" 301 5 "-" "Mozilla/5.0 (iPhone; CPU iPhone OS 13_2_3 like Mac OS X) AppleWebKit/605.1.15 (KHTML, like Gecko) Version/13.0.3 Mobile/15E148 Safari/604.1"
117.62.235.53 - - [03/Apr/2026:16:41:45 +0800] "GET / HTTP/1.1" 200 34824 "http://www.cqqizhou.com" "Mozilla/5.0 (iPhone; CPU iPhone OS 13_2_3 like Mac OS X) AppleWebKit/605.1.15 (KHTML, like Gecko) Version/13.0.3 Mobile/15E148 Safari/604.1"
36.133.115.36 - - [03/Apr/2026:17:06:00 +0800] "POST /wp-cron.php?doing_wp_cron=1775207160.7531249523162841796875 HTTP/1.1" 200 31 "-" "WordPress/6.9; http://cqqizhou.com"
170.106.72.93 - - [03/Apr/2026:17:06:00 +0800] "GET / HTTP/1.1" 301 5 "-" "Mozilla/5.0 (iPhone; CPU iPhone OS 13_2_3 like Mac OS X) AppleWebKit/605.1.15 (KHTML, like Gecko) Version/13.0.3 Mobile/15E148 Safari/604.1"
43.159.145.149 - - [03/Apr/2026:17:12:52 +0800] "GET /wp-content/uploads/2026/03/1773722869-1Article_images_W900px-300x169.webp HTTP/1.1" 200 8634 "-" "Mozilla/5.0 (iPhone; CPU iPhone OS 13_2_3 like Mac OS X) AppleWebKit/605.1.15 (KHTML, like Gecko) Version/13.0.3 Mobile/15E148 Safari/604.1"
36.133.115.36 - - [03/Apr/2026:17:22:40 +0800] "POST /wp-cron.php?doing_wp_cron=1775208159.9699940681457519531250 HTTP/1.1" 200 31 "-" "WordPress/6.9; http://cqqizhou.com"
43.131.253.14 - - [03/Apr/2026:17:22:40 +0800] "GET /news/portfolio-tag/ansteel-thyssen HTTP/1.1" 200 18220 "-" "Mozilla/5.0 (iPhone; CPU iPhone OS 13_2_3 like Mac OS X) AppleWebKit/605.1.15 (KHTML, like Gecko) Version/13.0.3 Mobile/15E148 Safari/604.1"
36.133.115.36 - - [03/Apr/2026:17:27:32 +0800] "POST /wp-cron.php?doing_wp_cron=1775208452.8811509609222412109375 HTTP/1.1" 200 31 "-" "WordPress/6.9; http://cqqizhou.com"
54.223.247.92 - - [03/Apr/2026:17:27:32 +0800] "GET /news/2418 HTTP/1.1" 200 23437 "-" "Mozilla/5.0 (Linux; Android 10; HD1900 Build/QKQ1.190716.003; wv) AppleWebKit/537.36 (KHTML, like Gecko) Version/4.0 Chrome/75.0.3770.156 Mobile Safari/537.36 aweme_230400 JsSdk/1.0 NetType/WIFI AppName/aweme app_version/23.4.0 ByteLocale/zh-CN Region/CN AppSkin/white AppTheme/light BytedanceWebview/d8a21c6 WebView/075113004008"
54.223.247.92 - - [03/Apr/2026:17:27:33 +0800] "GET /wp-content/uploads/revslider/slider-1/1750861156-logistics_Slider_3840%C3%972160_20250625191356-scaled-768x432.webp HTTP/1.1" 200 31912 "http://cqqizhou.com/news/2418" "Mozilla/5.0 (Linux; Android 10; HD1900 Build/QKQ1.190716.003; wv) AppleWebKit/537.36 (KHTML, like Gecko) Version/4.0 Chrome/75.0.3770.156 Mobile Safari/537.36 aweme_230400 JsSdk/1.0 NetType/WIFI AppName/aweme app_version/23.4.0 ByteLocale/zh-CN Region/CN AppSkin/white AppTheme/light BytedanceWebview/d8a21c6 WebView/075113004008"
54.223.247.92 - - [03/Apr/2026:17:27:33 +0800] "GET /wp-content/uploads/2026/02/1770617354-Article_images_W900px-768x479.webp HTTP/1.1" 200 14746 "http://cqqizhou.com/news/2418" "Mozilla/5.0 (Linux; Android 10; HD1900 Build/QKQ1.190716.003; wv) AppleWebKit/537.36 (KHTML, like Gecko) Version/4.0 Chrome/75.0.3770.156 Mobile Safari/537.36 aweme_230400 JsSdk/1.0 NetType/WIFI AppName/aweme app_version/23.4.0 ByteLocale/zh-CN Region/CN AppSkin/white AppTheme/light BytedanceWebview/d8a21c6 WebView/075113004008"
54.223.247.92 - - [03/Apr/2026:17:27:33 +0800] "GET /wp-content/uploads/2026/04/1775195054-1Article_images_W900px-768x432.webp HTTP/1.1" 200 26908 "http://cqqizhou.com/news/2418" "Mozilla/5.0 (Linux; Android 10; HD1900 Build/QKQ1.190716.003; wv) AppleWebKit/537.36 (KHTML, like Gecko) Version/4.0 Chrome/75.0.3770.156 Mobile Safari/537.36 aweme_230400 JsSdk/1.0 NetType/WIFI AppName/aweme app_version/23.4.0 ByteLocale/zh-CN Region/CN AppSkin/white AppTheme/light BytedanceWebview/d8a21c6 WebView/075113004008"
54.223.247.92 - - [03/Apr/2026:17:27:33 +0800] "GET /wp-content/uploads/2025/07/1751425283-qizhou.kf_.qq_.com_.webp HTTP/1.1" 200 16864 "http://cqqizhou.com/news/2418" "Mozilla/5.0 (Linux; Android 10; HD1900 Build/QKQ1.190716.003; wv) AppleWebKit/537.36 (KHTML, like Gecko) Version/4.0 Chrome/75.0.3770.156 Mobile Safari/537.36 aweme_230400 JsSdk/1.0 NetType/WIFI AppName/aweme app_version/23.4.0 ByteLocale/zh-CN Region/CN AppSkin/white AppTheme/light BytedanceWebview/d8a21c6 WebView/075113004008"
54.223.247.92 - - [03/Apr/2026:17:27:33 +0800] "GET /wp-content/uploads/2025/07/1753410289-News2000%C3%97400_202571.webp HTTP/1.1" 200 17830 "http://cqqizhou.com/news/2418" "Mozilla/5.0 (Linux; Android 10; HD1900 Build/QKQ1.190716.003; wv) AppleWebKit/537.36 (KHTML, like Gecko) Version/4.0 Chrome/75.0.3770.156 Mobile Safari/537.36 aweme_230400 JsSdk/1.0 NetType/WIFI AppName/aweme app_version/23.4.0 ByteLocale/zh-CN Region/CN AppSkin/white AppTheme/light BytedanceWebview/d8a21c6 WebView/075113004008"
36.133.115.36 - - [03/Apr/2026:17:32:14 +0800] "POST /wp-cron.php?doing_wp_cron=1775208734.6462481021881103515625 HTTP/1.1" 200 31 "-" "WordPress/6.9; http://cqqizhou.com"
195.178.110.204 - - [03/Apr/2026:17:32:14 +0800] "GET / HTTP/1.0" 301 0 "-" "-"
36.133.115.36 - - [03/Apr/2026:17:47:21 +0800] "POST /wp-cron.php?doing_wp_cron=1775209641.6106441020965576171875 HTTP/1.1" 200 31 "-" "WordPress/6.9; http://cqqizhou.com"
5.61.209.107 - - [03/Apr/2026:17:47:21 +0800] "GET /SDK/webLanguage HTTP/1.1" 301 5 "-" "Mozilla/5.0 (Windows NT 10.0; Win64; x64) AppleWebKit/537.36 (KHTML, like Gecko) Chrome/90.0.4430.85 Safari/537.36 Edg/90.0.818.46"
36.133.115.36 - - [03/Apr/2026:17:56:52 +0800] "POST /wp-cron.php?doing_wp_cron=1775210212.2987198829650878906250 HTTP/1.1" 200 31 "-" "WordPress/6.9; http://cqqizhou.com"
43.130.139.177 - - [03/Apr/2026:17:56:52 +0800] "GET /news/2535 HTTP/1.1" 200 19631 "-" "Mozilla/5.0 (iPhone; CPU iPhone OS 13_2_3 like Mac OS X) AppleWebKit/605.1.15 (KHTML, like Gecko) Version/13.0.3 Mobile/15E148 Safari/604.1"
36.133.115.36 - - [03/Apr/2026:18:00:28 +0800] "POST /wp-cron.php?doing_wp_cron=1775210427.9663350582122802734375 HTTP/1.1" 200 31 "-" "WordPress/6.9; http://cqqizhou.com"
220.181.108.168 - - [03/Apr/2026:18:00:28 +0800] "GET /wp-json/oembed/1.0/embed?url=http%3A%2F%2Fcqqizhou.com%2Fnews%2F2339 HTTP/1.1" 200 1298 "-" "Mozilla/5.0 (compatible; Baiduspider/2.0; +http://www.baidu.com/search/spider.html)"
36.133.115.36 - - [03/Apr/2026:18:06:49 +0800] "POST /wp-cron.php?doing_wp_cron=1775210809.6077098846435546875000 HTTP/1.1" 200 31 "-" "WordPress/6.9; http://cqqizhou.com"
43.163.104.54 - - [03/Apr/2026:18:06:49 +0800] "GET /news HTTP/1.1" 200 19908 "-" "Mozilla/5.0 (iPhone; CPU iPhone OS 13_2_3 like Mac OS X) AppleWebKit/605.1.15 (KHTML, like Gecko) Version/13.0.3 Mobile/15E148 Safari/604.1"
36.133.115.36 - - [03/Apr/2026:18:16:28 +0800] "POST /wp-cron.php?doing_wp_cron=1775211388.8801999092102050781250 HTTP/1.1" 200 31 "-" "WordPress/6.9; http://cqqizhou.com"
101.33.66.34 - - [03/Apr/2026:18:16:28 +0800] "GET /news/portfolio/hot-dip-galvanized-coil HTTP/1.1" 200 18923 "-" "Mozilla/5.0 (iPhone; CPU iPhone OS 13_2_3 like Mac OS X) AppleWebKit/605.1.15 (KHTML, like Gecko) Version/13.0.3 Mobile/15E148 Safari/604.1"
110.53.172.175 - - [03/Apr/2026:18:19:16 +0800] "GET http://cqqizhou.com/wp-content/uploads/2026/02/1769999241-4.2%E7%B1%B3%E9%AB%98%E6%A0%8F%E8%B4%A7%E8%BD%A6.webp HTTP/1.1" 200 54794 "http://cqqizhou.com/" "Mozilla/5.0 (Windows NT 10.0; Win64; x64) AppleWebKit/537.36 (KHTML, like Gecko) Chrome/111.0.0.0 Safari/537.36"
36.133.115.36 - - [03/Apr/2026:18:41:35 +0800] "POST /wp-cron.php?doing_wp_cron=1775212895.2231330871582031250000 HTTP/1.1" 200 31 "-" "WordPress/6.9; http://cqqizhou.com"
216.73.216.161 - - [03/Apr/2026:18:41:35 +0800] "GET /robots.txt HTTP/1.1" 200 390 "-" "Mozilla/5.0 AppleWebKit/537.36 (KHTML, like Gecko; compatible; ClaudeBot/1.0; +claudebot@anthropic.com)"
216.73.216.161 - - [03/Apr/2026:18:41:36 +0800] "GET /wp-sitemap.xml HTTP/1.1" 501 253 "-" "Mozilla/5.0 AppleWebKit/537.36 (KHTML, like Gecko; compatible; ClaudeBot/1.0; +claudebot@anthropic.com)"
36.133.115.36 - - [03/Apr/2026:18:44:58 +0800] "POST /wp-cron.php?doing_wp_cron=1775213098.9288890361785888671875 HTTP/1.1" 200 31 "-" "WordPress/6.9; http://cqqizhou.com"
198.244.226.22 - - [03/Apr/2026:18:44:58 +0800] "GET /news/2543 HTTP/1.1" 200 25538 "-" "Mozilla/5.0 (compatible; AhrefsBot/7.0; +http://ahrefs.com/robot/)"
77.90.185.237 - - [03/Apr/2026:18:48:04 +0800] "GET /api/.env HTTP/1.1" 404 8950 "-" "Mozilla/5.0"
36.133.115.36 - - [03/Apr/2026:18:48:04 +0800] "POST /wp-cron.php?doing_wp_cron=1775213284.8396239280700683593750 HTTP/1.1" 200 31 "-" "WordPress/6.9; http://cqqizhou.com"
77.90.185.237 - - [03/Apr/2026:18:48:04 +0800] "GET /env/.env HTTP/1.1" 404 8950 "-" "Mozilla/5.0"
198.244.242.217 - - [03/Apr/2026:18:48:11 +0800] "GET /wp-content/uploads/2026/02/1769999241-4.2%E7%B1%B3%E9%AB%98%E6%A0%8F%E8%B4%A7%E8%BD%A6.webp HTTP/1.1" 200 54794 "-" "Mozilla/5.0 (compatible; AhrefsBot/7.0; +http://ahrefs.com/robot/)"
180.153.236.241 - - [03/Apr/2026:18:54:44 +0800] "GET / HTTP/1.1" 200 35274 "http://cqqizhou.com/" "User-Agent:Mozilla/5.0 (Windows NT 10.0; Win64; x64) AppleWebKit/537.36 (KHTML, like Gecko) Chrome/140.0.0.0 Safari/537.36 Edg/140.0.0.0; 360Spider"
36.133.115.36 - - [03/Apr/2026:19:14:34 +0800] "POST /wp-cron.php?doing_wp_cron=1775214874.2260179519653320312500 HTTP/1.1" 200 31 "-" "WordPress/6.9; http://cqqizhou.com"
111.225.149.64 - - [03/Apr/2026:19:14:34 +0800] "GET /robots.txt HTTP/1.1" 200 190 "-" "Mozilla/5.0 (Linux; Android 5.0) AppleWebKit/537.36 (KHTML, like Gecko) Mobile Safari/537.36 (compatible; Bytespider; https://zhanzhang.toutiao.com/)"
36.34.65.110 - - [03/Apr/2026:19:14:55 +0800] "GET /about/ HTTP/1.1" 301 5 "https://m.baidu.com/?eqid=96268c9255aac04d1000000569cfa116" "Mozilla/5.0 (iPhone; CPU iPhone OS 16_3_1 like Mac OS X) AppleWebKit/605.1.15 (KHTML, like Gecko) Mobile/15E148 SP-engine/3.57.0 main/1.0 baiduboxapp/15.53.0.10 (Baidu; P2 16.3.1) NABar/1.0 themeUA=Theme/default"
36.34.65.110 - - [03/Apr/2026:19:14:56 +0800] "GET /about HTTP/1.1" 200 24157 "https://m.baidu.com/?eqid=96268c9255aac04d1000000569cfa116" "Mozilla/5.0 (iPhone; CPU iPhone OS 16_3_1 like Mac OS X) AppleWebKit/605.1.15 (KHTML, like Gecko) Mobile/15E148 SP-engine/3.57.0 main/1.0 baiduboxapp/15.53.0.10 (Baidu; P2 16.3.1) NABar/1.0 themeUA=Theme/default"
36.133.115.36 - - [03/Apr/2026:19:16:15 +0800] "POST /wp-cron.php?doing_wp_cron=1775214975.7377769947052001953125 HTTP/1.1" 200 31 "-" "WordPress/6.9; http://cqqizhou.com"
211.154.22.111 - - [03/Apr/2026:19:16:15 +0800] "GET /index.php/Admin/Login/index.html HTTP/1.1" 301 5 "-" "Mozilla/5.0 (Windows NT 10.0; WOW64; rv:48.0) Gecko/20100101 Firefox/48.0"
211.154.22.111 - - [03/Apr/2026:19:16:16 +0800] "GET /Admin/Login/index.html HTTP/1.1" 404 8949 "-" "Mozilla/5.0 (Windows NT 10.0; WOW64; rv:48.0) Gecko/20100101 Firefox/48.0"
36.133.115.36 - - [03/Apr/2026:19:24:35 +0800] "POST /wp-cron.php?doing_wp_cron=1775215475.3269999027252197265625 HTTP/1.1" 200 31 "-" "WordPress/6.9; http://cqqizhou.com"
176.65.139.104 - - [03/Apr/2026:19:24:35 +0800] "GET / HTTP/1.1" 200 157016 "-" "-"
36.133.115.36 - - [03/Apr/2026:19:32:07 +0800] "POST /wp-cron.php?doing_wp_cron=1775215927.0116031169891357421875 HTTP/1.1" 200 31 "-" "WordPress/6.9; http://cqqizhou.com"
4.209.236.20 - - [03/Apr/2026:19:32:07 +0800] "GET /media/3 HTTP/1.1" 200 26156 "-" "Mozilla/5.0 (Windows NT 10.0; Win64; x64) AppleWebKit/537.36 (KHTML, like Gecko) Chrome/131.0.0.0 Safari/537.36 Edg/131.0.0.0"
36.133.115.36 - - [03/Apr/2026:19:35:43 +0800] "POST /wp-cron.php?doing_wp_cron=1775216142.9936439990997314453125 HTTP/1.1" 200 31 "-" "WordPress/6.9; http://cqqizhou.com"
40.77.167.203 - - [03/Apr/2026:19:35:43 +0800] "GET /robots.txt HTTP/1.1" 200 190 "-" "Mozilla/5.0 AppleWebKit/537.36 (KHTML, like Gecko; compatible; bingbot/2.0; +http://www.bing.com/bingbot.htm) Chrome/116.0.1938.76 Safari/537.36"
36.133.115.36 - - [03/Apr/2026:19:37:53 +0800] "POST /wp-cron.php?doing_wp_cron=1775216272.9803740978240966796875 HTTP/1.1" 200 31 "-" "WordPress/6.9; http://cqqizhou.com"
114.119.147.246 - - [03/Apr/2026:19:37:53 +0800] "GET /wp-sitemap.xml HTTP/1.1" 501 253 "-" "Mozilla/5.0 (Linux; Android 7.0;) AppleWebKit/537.36 (KHTML, like Gecko) Mobile Safari/537.36 (compatible; PetalBot;+https://webmaster.petalsearch.com/site/petalbot)"
36.133.115.36 - - [03/Apr/2026:19:46:59 +0800] "POST /wp-cron.php?doing_wp_cron=1775216819.0984230041503906250000 HTTP/1.1" 200 31 "-" "WordPress/6.9; http://cqqizhou.com"
114.119.156.71 - - [03/Apr/2026:19:46:59 +0800] "GET /wp-sitemap.xml HTTP/1.1" 501 253 "-" "Mozilla/5.0 (Linux; Android 7.0;) AppleWebKit/537.36 (KHTML, like Gecko) Mobile Safari/537.36 (compatible; PetalBot;+https://webmaster.petalsearch.com/site/petalbot)"
36.133.115.36 - - [03/Apr/2026:20:09:02 +0800] "POST /wp-cron.php?doing_wp_cron=1775218142.9182190895080566406250 HTTP/1.1" 200 31 "-" "WordPress/6.9; http://cqqizhou.com"
176.65.139.104 - - [03/Apr/2026:20:09:03 +0800] "GET / HTTP/1.1" 200 157016 "-" "-"
36.133.115.36 - - [03/Apr/2026:20:11:10 +0800] "POST /wp-cron.php?doing_wp_cron=1775218270.0784599781036376953125 HTTP/1.1" 200 31 "-" "WordPress/6.9; http://cqqizhou.com"
183.229.252.68 - - [03/Apr/2026:20:11:10 +0800] "GET /news/2534 HTTP/1.1" 200 20175 "-" "Mozilla/5.0 (Linux; Android 15; REP-AN00 Build/HONORREP-AN00; wv) AppleWebKit/537.36 (KHTML, like Gecko) Version/4.0 Chrome/138.0.7204.180 Mobile Safari/537.36 XWEB/1380347 MMWEBSDK/20250202 MMWEBID/2541 wxwork/5.0.7 MicroMessenger/7.0.1 NetType/WIFI Language/zh Lang/zh ColorScheme/Dark wwmver/3.26.506.647"
220.181.108.110 - - [03/Apr/2026:20:11:21 +0800] "GET /news/2361 HTTP/1.1" 200 25027 "-" "Mozilla/5.0 (compatible; Baiduspider/2.0; +http://www.baidu.com/search/spider.html)"
116.179.37.3 - - [03/Apr/2026:20:11:22 +0800] "GET /wp-content/uploads/2025/12/1766064671-Article_images_20251218212624.webp HTTP/1.1" 200 40874 "http://cqqizhou.com/news/2361" "Mozilla/5.0 (compatible; Baiduspider-render/2.0; +http://www.baidu.com/search/spider.html)"
116.179.37.175 - - [03/Apr/2026:20:11:22 +0800] "GET /wp-content/uploads/2026/04/1775195054-1Article_images_W900px.webp HTTP/1.1" 200 25562 "http://cqqizhou.com/news/2361" "Mozilla/5.0 (compatible; Baiduspider-render/2.0; +http://www.baidu.com/search/spider.html)"
116.179.37.119 - - [03/Apr/2026:20:11:22 +0800] "GET /wp-content/uploads/2025/07/1751864664-Logistics800x500_1.webp HTTP/1.1" 200 76914 "http://cqqizhou.com/news/2361" "Mozilla/5.0 (compatible; Baiduspider-render/2.0; +http://www.baidu.com/search/spider.html)"
36.133.115.36 - - [03/Apr/2026:20:13:41 +0800] "POST /wp-cron.php?doing_wp_cron=1775218421.3487379550933837890625 HTTP/1.1" 200 31 "-" "WordPress/6.9; http://cqqizhou.com"
183.229.252.68 - - [03/Apr/2026:20:13:41 +0800] "GET /news/2518 HTTP/1.1" 200 20063 "http://cqqizhou.com/news/2534" "Mozilla/5.0 (Linux; Android 15; REP-AN00 Build/HONORREP-AN00; wv) AppleWebKit/537.36 (KHTML, like Gecko) Version/4.0 Chrome/138.0.7204.180 Mobile Safari/537.36 XWEB/1380347 MMWEBSDK/20250202 MMWEBID/2541 wxwork/5.0.7 MicroMessenger/7.0.1 NetType/WIFI Language/zh Lang/zh ColorScheme/Dark wwmver/3.26.506.647"
183.229.252.68 - - [03/Apr/2026:20:13:41 +0800] "GET /wp-content/uploads/2026/03/1772790943-1Article_images_W900px.webp HTTP/1.1" 200 35332 "http://cqqizhou.com/news/2518" "Mozilla/5.0 (Linux; Android 15; REP-AN00 Build/HONORREP-AN00; wv) AppleWebKit/537.36 (KHTML, like Gecko) Version/4.0 Chrome/138.0.7204.180 Mobile Safari/537.36 XWEB/1380347 MMWEBSDK/20250202 MMWEBID/2541 wxwork/5.0.7 MicroMessenger/7.0.1 NetType/WIFI Language/zh Lang/zh ColorScheme/Dark wwmver/3.26.506.647"
183.229.252.68 - - [03/Apr/2026:20:13:41 +0800] "GET /wp-content/uploads/2026/03/1772790943-2Article_images_W900px.webp HTTP/1.1" 200 45662 "http://cqqizhou.com/news/2518" "Mozilla/5.0 (Linux; Android 15; REP-AN00 Build/HONORREP-AN00; wv) AppleWebKit/537.36 (KHTML, like Gecko) Version/4.0 Chrome/138.0.7204.180 Mobile Safari/537.36 XWEB/1380347 MMWEBSDK/20250202 MMWEBID/2541 wxwork/5.0.7 MicroMessenger/7.0.1 NetType/WIFI Language/zh Lang/zh ColorScheme/Dark wwmver/3.26.506.647"
