14.108.234.14 - - [03/Apr/2026:13:48:48 +0800] "GET /wp-content/uploads/2025/07/1751425283-qizhou.kf_.qq_.com_.webp HTTP/1.1" 200 16864 "http://cqqizhou.com/news/2534" "Mozilla/5.0 (Windows NT 10.0; Win64; x64) AppleWebKit/537.36 (KHTML, like Gecko) Chrome/132.0.0.0 Safari/537.36"
14.108.234.14 - - [03/Apr/2026:13:48:49 +0800] "POST /wp-admin/admin-ajax.php HTTP/1.1" 200 518 "http://cqqizhou.com/news/2535" "Mozilla/5.0 (Windows NT 10.0; Win64; x64) AppleWebKit/537.36 (KHTML, like Gecko) Chrome/130.0.0.0 Safari/537.36 QuarkPC/6.6.2.781"
113.83.195.93 - - [03/Apr/2026:13:48:54 +0800] "POST /wp-admin/admin-ajax.php HTTP/1.1" 200 78 "http://cqqizhou.com/wp-admin/edit.php?post_type=post" "Mozilla/5.0 (Windows NT 10.0; Win64; x64) AppleWebKit/537.36 (KHTML, like Gecko) Chrome/145.0.0.0 Safari/537.36 Edg/145.0.0.0"
113.83.195.93 - - [03/Apr/2026:13:49:00 +0800] "GET /wp-admin/post.php?post=2534&action=edit HTTP/1.1" 200 206481 "http://cqqizhou.com/wp-admin/edit.php?post_type=post" "Mozilla/5.0 (Windows NT 10.0; Win64; x64) AppleWebKit/537.36 (KHTML, like Gecko) Chrome/145.0.0.0 Safari/537.36 Edg/145.0.0.0"
113.83.195.93 - - [03/Apr/2026:13:49:01 +0800] "GET /?action=kirki-styles&editor=1&ver=4.0 HTTP/1.1" 200 210 "http://cqqizhou.com/wp-admin/post.php?post=2534&action=edit" "Mozilla/5.0 (Windows NT 10.0; Win64; x64) AppleWebKit/537.36 (KHTML, like Gecko) Chrome/145.0.0.0 Safari/537.36 Edg/145.0.0.0"
113.83.195.93 - - [03/Apr/2026:13:49:04 +0800] "POST /wp-admin/admin-ajax.php HTTP/1.1" 200 78 "http://cqqizhou.com/wp-admin/edit.php?post_type=post" "Mozilla/5.0 (Windows NT 10.0; Win64; x64) AppleWebKit/537.36 (KHTML, like Gecko) Chrome/145.0.0.0 Safari/537.36 Edg/145.0.0.0"
113.83.195.93 - - [03/Apr/2026:13:49:04 +0800] "OPTIONS /wp-json/wp/v2/settings?_locale=user HTTP/1.1" 200 1301 "http://cqqizhou.com/wp-admin/post.php?post=2534&action=edit" "Mozilla/5.0 (Windows NT 10.0; Win64; x64) AppleWebKit/537.36 (KHTML, like Gecko) Chrome/145.0.0.0 Safari/537.36 Edg/145.0.0.0"
113.83.195.93 - - [03/Apr/2026:13:49:04 +0800] "GET /wp-json/wp/v2/comments?context=edit&post=2534&type=note&status=all&per_page=100&_locale=user HTTP/1.1" 200 33 "http://cqqizhou.com/wp-admin/post.php?post=2534&action=edit" "Mozilla/5.0 (Windows NT 10.0; Win64; x64) AppleWebKit/537.36 (KHTML, like Gecko) Chrome/145.0.0.0 Safari/537.36 Edg/145.0.0.0"
113.83.195.93 - - [03/Apr/2026:13:49:04 +0800] "GET /wp-json/wp/v2/taxonomies?context=edit&per_page=100&_locale=user HTTP/1.1" 200 1742 "http://cqqizhou.com/wp-admin/post.php?post=2534&action=edit" "Mozilla/5.0 (Windows NT 10.0; Win64; x64) AppleWebKit/537.36 (KHTML, like Gecko) Chrome/145.0.0.0 Safari/537.36 Edg/145.0.0.0"
113.83.195.93 - - [03/Apr/2026:13:49:04 +0800] "GET /wp-json/wp/v2/media/2118?context=view&_locale=user HTTP/1.1" 200 986 "http://cqqizhou.com/wp-admin/post.php?post=2534&action=edit" "Mozilla/5.0 (Windows NT 10.0; Win64; x64) AppleWebKit/537.36 (KHTML, like Gecko) Chrome/145.0.0.0 Safari/537.36 Edg/145.0.0.0"
113.83.195.93 - - [03/Apr/2026:13:49:04 +0800] "GET /wp-json/wp/v2/users/1?context=view&_fields=id%2Cname&_locale=user HTTP/1.1" 200 54 "http://cqqizhou.com/wp-admin/post.php?post=2534&action=edit" "Mozilla/5.0 (Windows NT 10.0; Win64; x64) AppleWebKit/537.36 (KHTML, like Gecko) Chrome/145.0.0.0 Safari/537.36 Edg/145.0.0.0"
113.83.195.93 - - [03/Apr/2026:13:49:05 +0800] "GET /wp-json/wp/v2/wp_pattern_category?context=view&per_page=100&_fields=id%2Cname%2Cdescription%2Cslug&_locale=user HTTP/1.1" 200 33 "http://cqqizhou.com/wp-admin/post.php?post=2534&action=edit" "Mozilla/5.0 (Windows NT 10.0; Win64; x64) AppleWebKit/537.36 (KHTML, like Gecko) Chrome/145.0.0.0 Safari/537.36 Edg/145.0.0.0"
113.83.195.93 - - [03/Apr/2026:13:49:05 +0800] "GET /wp-json/wp/v2/categories?context=view&per_page=100&orderby=name&order=asc&_fields=id%2Cname%2Cparent&page=1&_locale=user HTTP/1.1" 200 144 "http://cqqizhou.com/wp-admin/post.php?post=2534&action=edit" "Mozilla/5.0 (Windows NT 10.0; Win64; x64) AppleWebKit/537.36 (KHTML, like Gecko) Chrome/145.0.0.0 Safari/537.36 Edg/145.0.0.0"
113.83.195.93 - - [03/Apr/2026:13:49:05 +0800] "GET /wp-json/wp/v2/tags?context=view&per_page=100&_fields=id%2Cname&include=37&_locale=user HTTP/1.1" 200 68 "http://cqqizhou.com/wp-admin/post.php?post=2534&action=edit" "Mozilla/5.0 (Windows NT 10.0; Win64; x64) AppleWebKit/537.36 (KHTML, like Gecko) Chrome/145.0.0.0 Safari/537.36 Edg/145.0.0.0"
113.83.195.93 - - [03/Apr/2026:13:49:05 +0800] "GET /wp-json/wp/v2/tags?context=view&per_page=10&orderby=count&order=desc&hide_empty=true&_fields=id%2Cname%2Ccount&_locale=user HTTP/1.1" 200 99 "http://cqqizhou.com/wp-admin/post.php?post=2534&action=edit" "Mozilla/5.0 (Windows NT 10.0; Win64; x64) AppleWebKit/537.36 (KHTML, like Gecko) Chrome/145.0.0.0 Safari/537.36 Edg/145.0.0.0"
113.83.195.93 - - [03/Apr/2026:13:49:05 +0800] "OPTIONS /wp-json/wp/v2/posts?_locale=user HTTP/1.1" 200 2962 "http://cqqizhou.com/wp-admin/post.php?post=2534&action=edit" "Mozilla/5.0 (Windows NT 10.0; Win64; x64) AppleWebKit/537.36 (KHTML, like Gecko) Chrome/145.0.0.0 Safari/537.36 Edg/145.0.0.0"
113.83.195.93 - - [03/Apr/2026:13:49:05 +0800] "GET /wp-json/wp/v2/pages/1665?context=edit&_locale=user HTTP/1.1" 200 764 "http://cqqizhou.com/wp-admin/post.php?post=2534&action=edit" "Mozilla/5.0 (Windows NT 10.0; Win64; x64) AppleWebKit/537.36 (KHTML, like Gecko) Chrome/145.0.0.0 Safari/537.36 Edg/145.0.0.0"
113.83.195.93 - - [03/Apr/2026:13:49:06 +0800] "OPTIONS /wp-json/wp/v2/posts/?context=edit&_locale=user HTTP/1.1" 200 2962 "http://cqqizhou.com/wp-admin/post.php?post=2534&action=edit" "Mozilla/5.0 (Windows NT 10.0; Win64; x64) AppleWebKit/537.36 (KHTML, like Gecko) Chrome/145.0.0.0 Safari/537.36 Edg/145.0.0.0"
36.133.115.36 - - [03/Apr/2026:13:49:14 +0800] "POST /wp-cron.php?doing_wp_cron=1775195354.1087861061096191406250 HTTP/1.1" 200 31 "-" "WordPress/6.9; http://cqqizhou.com"
113.83.195.93 - - [03/Apr/2026:13:49:14 +0800] "POST /wp-admin/admin-ajax.php HTTP/1.1" 200 112 "http://cqqizhou.com/wp-admin/post.php?post=2534&action=edit" "Mozilla/5.0 (Windows NT 10.0; Win64; x64) AppleWebKit/537.36 (KHTML, like Gecko) Chrome/145.0.0.0 Safari/537.36 Edg/145.0.0.0"
113.83.195.93 - - [03/Apr/2026:13:49:24 +0800] "POST /wp-admin/admin-ajax.php HTTP/1.1" 200 112 "http://cqqizhou.com/wp-admin/post.php?post=2534&action=edit" "Mozilla/5.0 (Windows NT 10.0; Win64; x64) AppleWebKit/537.36 (KHTML, like Gecko) Chrome/145.0.0.0 Safari/537.36 Edg/145.0.0.0"
14.108.234.14 - - [03/Apr/2026:13:49:26 +0800] "GET /news/2518 HTTP/1.1" 200 20358 "http://cqqizhou.com/news/2534" "Mozilla/5.0 (Windows NT 10.0; Win64; x64) AppleWebKit/537.36 (KHTML, like Gecko) Chrome/130.0.0.0 Safari/537.36 QuarkPC/6.6.2.781"
14.108.234.14 - - [03/Apr/2026:13:49:26 +0800] "GET /wp-content/uploads/2026/03/1772790943-1Article_images_W900px.webp HTTP/1.1" 200 35332 "http://cqqizhou.com/news/2518" "Mozilla/5.0 (Windows NT 10.0; Win64; x64) AppleWebKit/537.36 (KHTML, like Gecko) Chrome/130.0.0.0 Safari/537.36 QuarkPC/6.6.2.781"
14.108.234.14 - - [03/Apr/2026:13:49:26 +0800] "GET /wp-content/uploads/2026/03/1772790943-2Article_images_W900px.webp HTTP/1.1" 200 45662 "http://cqqizhou.com/news/2518" "Mozilla/5.0 (Windows NT 10.0; Win64; x64) AppleWebKit/537.36 (KHTML, like Gecko) Chrome/130.0.0.0 Safari/537.36 QuarkPC/6.6.2.781"
14.108.234.14 - - [03/Apr/2026:13:49:26 +0800] "GET /wp-content/uploads/2026/03/1772790943-3Article_images_W900px.webp HTTP/1.1" 200 37622 "http://cqqizhou.com/news/2518" "Mozilla/5.0 (Windows NT 10.0; Win64; x64) AppleWebKit/537.36 (KHTML, like Gecko) Chrome/130.0.0.0 Safari/537.36 QuarkPC/6.6.2.781"
14.108.234.14 - - [03/Apr/2026:13:49:26 +0800] "GET /wp-content/uploads/2026/03/1772790943-6Article_images_W900px.webp HTTP/1.1" 200 57278 "http://cqqizhou.com/news/2518" "Mozilla/5.0 (Windows NT 10.0; Win64; x64) AppleWebKit/537.36 (KHTML, like Gecko) Chrome/130.0.0.0 Safari/537.36 QuarkPC/6.6.2.781"
14.108.234.14 - - [03/Apr/2026:13:49:26 +0800] "GET /wp-content/uploads/2026/03/1772790943-5Article_images_W900px.webp HTTP/1.1" 200 57476 "http://cqqizhou.com/news/2518" "Mozilla/5.0 (Windows NT 10.0; Win64; x64) AppleWebKit/537.36 (KHTML, like Gecko) Chrome/130.0.0.0 Safari/537.36 QuarkPC/6.6.2.781"
14.108.234.14 - - [03/Apr/2026:13:49:31 +0800] "GET /news/2518 HTTP/1.1" 200 20380 "http://cqqizhou.com/news/2534" "Mozilla/5.0 (Windows NT 10.0; Win64; x64) AppleWebKit/537.36 (KHTML, like Gecko) Chrome/132.0.0.0 Safari/537.36"
14.108.234.14 - - [03/Apr/2026:13:49:31 +0800] "GET /wp-content/uploads/2026/03/1772790943-1Article_images_W900px.webp HTTP/1.1" 200 35332 "http://cqqizhou.com/news/2518" "Mozilla/5.0 (Windows NT 10.0; Win64; x64) AppleWebKit/537.36 (KHTML, like Gecko) Chrome/132.0.0.0 Safari/537.36"
14.108.234.14 - - [03/Apr/2026:13:49:31 +0800] "GET /wp-content/uploads/2026/03/1772790943-2Article_images_W900px.webp HTTP/1.1" 200 45662 "http://cqqizhou.com/news/2518" "Mozilla/5.0 (Windows NT 10.0; Win64; x64) AppleWebKit/537.36 (KHTML, like Gecko) Chrome/132.0.0.0 Safari/537.36"
14.108.234.14 - - [03/Apr/2026:13:49:31 +0800] "GET /wp-content/uploads/2026/03/1772790943-3Article_images_W900px.webp HTTP/1.1" 200 37622 "http://cqqizhou.com/news/2518" "Mozilla/5.0 (Windows NT 10.0; Win64; x64) AppleWebKit/537.36 (KHTML, like Gecko) Chrome/132.0.0.0 Safari/537.36"
14.108.234.14 - - [03/Apr/2026:13:49:31 +0800] "GET /wp-content/uploads/2026/03/1772790943-5Article_images_W900px.webp HTTP/1.1" 200 57476 "http://cqqizhou.com/news/2518" "Mozilla/5.0 (Windows NT 10.0; Win64; x64) AppleWebKit/537.36 (KHTML, like Gecko) Chrome/132.0.0.0 Safari/537.36"
14.108.234.14 - - [03/Apr/2026:13:49:31 +0800] "GET /wp-content/uploads/2026/03/1772790943-6Article_images_W900px.webp HTTP/1.1" 200 57278 "http://cqqizhou.com/news/2518" "Mozilla/5.0 (Windows NT 10.0; Win64; x64) AppleWebKit/537.36 (KHTML, like Gecko) Chrome/132.0.0.0 Safari/537.36"
113.83.195.93 - - [03/Apr/2026:13:49:34 +0800] "POST /wp-admin/admin-ajax.php HTTP/1.1" 200 112 "http://cqqizhou.com/wp-admin/post.php?post=2534&action=edit" "Mozilla/5.0 (Windows NT 10.0; Win64; x64) AppleWebKit/537.36 (KHTML, like Gecko) Chrome/145.0.0.0 Safari/537.36 Edg/145.0.0.0"
14.108.234.14 - - [03/Apr/2026:13:49:42 +0800] "GET /news/2527 HTTP/1.1" 200 21250 "http://cqqizhou.com/news/2518" "Mozilla/5.0 (Windows NT 10.0; Win64; x64) AppleWebKit/537.36 (KHTML, like Gecko) Chrome/132.0.0.0 Safari/537.36"
14.108.234.14 - - [03/Apr/2026:13:49:42 +0800] "GET /wp-content/uploads/2026/03/1773722870-2Article_images_W900px.webp HTTP/1.1" 200 56124 "http://cqqizhou.com/news/2527" "Mozilla/5.0 (Windows NT 10.0; Win64; x64) AppleWebKit/537.36 (KHTML, like Gecko) Chrome/132.0.0.0 Safari/537.36"
14.108.234.14 - - [03/Apr/2026:13:49:42 +0800] "GET /wp-content/uploads/2026/03/1773722871-3Article_images_W900px.webp HTTP/1.1" 200 51678 "http://cqqizhou.com/news/2527" "Mozilla/5.0 (Windows NT 10.0; Win64; x64) AppleWebKit/537.36 (KHTML, like Gecko) Chrome/132.0.0.0 Safari/537.36"
14.108.234.14 - - [03/Apr/2026:13:49:43 +0800] "GET /wp-content/uploads/2025/07/1773723158-Article_images_W900px.webp HTTP/1.1" 404 8949 "http://cqqizhou.com/news/2527" "Mozilla/5.0 (Windows NT 10.0; Win64; x64) AppleWebKit/537.36 (KHTML, like Gecko) Chrome/132.0.0.0 Safari/537.36"
106.88.101.18 - - [03/Apr/2026:13:49:54 +0800] "GET /news/2534 HTTP/1.1" 200 20209 "-" "Mozilla/5.0 (iPhone; CPU iPhone OS 18_7 like Mac OS X) AppleWebKit/605.1.15 (KHTML, like Gecko) Mobile/15E148 wxwork/5.0.7 MicroMessenger/7.0.1 Language/zh ColorScheme/Light wwmver/3.26.506.378"
106.88.101.18 - - [03/Apr/2026:13:49:54 +0800] "GET /wp-content/uploads/2025/07/1751864664-Logistics800x500_1.webp HTTP/1.1" 200 76914 "http://cqqizhou.com/news/2534" "Mozilla/5.0 (iPhone; CPU iPhone OS 18_7 like Mac OS X) AppleWebKit/605.1.15 (KHTML, like Gecko) Mobile/15E148 wxwork/5.0.7 MicroMessenger/7.0.1 Language/zh ColorScheme/Light wwmver/3.26.506.378"
106.88.101.18 - - [03/Apr/2026:13:49:54 +0800] "GET /wp-content/uploads/2025/07/1753410289-News2000%C3%97400_202571.webp HTTP/1.1" 200 17830 "http://cqqizhou.com/news/2534" "Mozilla/5.0 (iPhone; CPU iPhone OS 18_7 like Mac OS X) AppleWebKit/605.1.15 (KHTML, like Gecko) Mobile/15E148 wxwork/5.0.7 MicroMessenger/7.0.1 Language/zh ColorScheme/Light wwmver/3.26.506.378"
106.88.101.18 - - [03/Apr/2026:13:49:55 +0800] "GET /wp-content/uploads/2026/03/1773722869-1Article_images_W900px.webp HTTP/1.1" 200 28566 "http://cqqizhou.com/news/2534" "Mozilla/5.0 (iPhone; CPU iPhone OS 18_7 like Mac OS X) AppleWebKit/605.1.15 (KHTML, like Gecko) Mobile/15E148 wxwork/5.0.7 MicroMessenger/7.0.1 Language/zh ColorScheme/Light wwmver/3.26.506.378"
106.88.101.18 - - [03/Apr/2026:13:49:55 +0800] "GET /wp-content/uploads/2026/03/1772790791-%E5%B0%81%E9%9D%A2%E5%A4%B4%E5%9B%BEArticle_images_W900%C3%97500px2026.webp HTTP/1.1" 200 52968 "http://cqqizhou.com/news/2534" "Mozilla/5.0 (iPhone; CPU iPhone OS 18_7 like Mac OS X) AppleWebKit/605.1.15 (KHTML, like Gecko) Mobile/15E148 wxwork/5.0.7 MicroMessenger/7.0.1 Language/zh ColorScheme/Light wwmver/3.26.506.378"
106.88.101.18 - - [03/Apr/2026:13:49:55 +0800] "GET /wp-content/uploads/2025/07/1751425283-qizhou.kf_.qq_.com_.webp HTTP/1.1" 200 16864 "http://cqqizhou.com/news/2534" "Mozilla/5.0 (iPhone; CPU iPhone OS 18_7 like Mac OS X) AppleWebKit/605.1.15 (KHTML, like Gecko) Mobile/15E148 wxwork/5.0.7 MicroMessenger/7.0.1 Language/zh ColorScheme/Light wwmver/3.26.506.378"
113.83.195.93 - - [03/Apr/2026:13:50:04 +0800] "POST /wp-json/wp/v2/posts/2534/autosaves?_locale=user HTTP/1.1" 200 2004 "http://cqqizhou.com/wp-admin/post.php?post=2534&action=edit" "Mozilla/5.0 (Windows NT 10.0; Win64; x64) AppleWebKit/537.36 (KHTML, like Gecko) Chrome/145.0.0.0 Safari/537.36 Edg/145.0.0.0"
14.108.234.14 - - [03/Apr/2026:13:50:07 +0800] "GET /about HTTP/1.1" 200 24487 "http://cqqizhou.com/news/2518" "Mozilla/5.0 (Windows NT 10.0; Win64; x64) AppleWebKit/537.36 (KHTML, like Gecko) Chrome/130.0.0.0 Safari/537.36 QuarkPC/6.6.2.781"
14.108.234.14 - - [03/Apr/2026:13:50:07 +0800] "GET /wp-content/uploads/2025/07/1750649803-qizhou800x500_2.webp HTTP/1.1" 200 63616 "http://cqqizhou.com/about" "Mozilla/5.0 (Windows NT 10.0; Win64; x64) AppleWebKit/537.36 (KHTML, like Gecko) Chrome/130.0.0.0 Safari/537.36 QuarkPC/6.6.2.781"
14.108.234.14 - - [03/Apr/2026:13:50:07 +0800] "GET /wp-content/uploads/2025/07/1750945417-honor300%C3%97206_1.webp HTTP/1.1" 200 57666 "http://cqqizhou.com/about" "Mozilla/5.0 (Windows NT 10.0; Win64; x64) AppleWebKit/537.36 (KHTML, like Gecko) Chrome/130.0.0.0 Safari/537.36 QuarkPC/6.6.2.781"
14.108.234.14 - - [03/Apr/2026:13:50:07 +0800] "GET /wp-content/uploads/2025/07/1750945444-honor300%C3%97206_2.webp HTTP/1.1" 200 71296 "http://cqqizhou.com/about" "Mozilla/5.0 (Windows NT 10.0; Win64; x64) AppleWebKit/537.36 (KHTML, like Gecko) Chrome/130.0.0.0 Safari/537.36 QuarkPC/6.6.2.781"
14.108.234.14 - - [03/Apr/2026:13:50:07 +0800] "GET /wp-content/uploads/2025/07/1750671801-partner2_200x50.webp HTTP/1.1" 200 3946 "http://cqqizhou.com/about" "Mozilla/5.0 (Windows NT 10.0; Win64; x64) AppleWebKit/537.36 (KHTML, like Gecko) Chrome/130.0.0.0 Safari/537.36 QuarkPC/6.6.2.781"
14.108.234.14 - - [03/Apr/2026:13:50:07 +0800] "GET /wp-content/uploads/2025/07/1750671800-partner1_200x50.webp HTTP/1.1" 200 2244 "http://cqqizhou.com/about" "Mozilla/5.0 (Windows NT 10.0; Win64; x64) AppleWebKit/537.36 (KHTML, like Gecko) Chrome/130.0.0.0 Safari/537.36 QuarkPC/6.6.2.781"
14.108.234.14 - - [03/Apr/2026:13:50:07 +0800] "GET /wp-content/uploads/2025/07/1750671803-partner3_200x50.webp HTTP/1.1" 200 4414 "http://cqqizhou.com/about" "Mozilla/5.0 (Windows NT 10.0; Win64; x64) AppleWebKit/537.36 (KHTML, like Gecko) Chrome/130.0.0.0 Safari/537.36 QuarkPC/6.6.2.781"
14.108.234.14 - - [03/Apr/2026:13:50:07 +0800] "GET /wp-content/uploads/2025/07/1750671805-partner4_200x50.webp HTTP/1.1" 200 2390 "http://cqqizhou.com/about" "Mozilla/5.0 (Windows NT 10.0; Win64; x64) AppleWebKit/537.36 (KHTML, like Gecko) Chrome/130.0.0.0 Safari/537.36 QuarkPC/6.6.2.781"
14.108.234.14 - - [03/Apr/2026:13:50:07 +0800] "GET /wp-content/uploads/2025/07/1750671806-partner5_200x50.webp HTTP/1.1" 200 2840 "http://cqqizhou.com/about" "Mozilla/5.0 (Windows NT 10.0; Win64; x64) AppleWebKit/537.36 (KHTML, like Gecko) Chrome/130.0.0.0 Safari/537.36 QuarkPC/6.6.2.781"
14.108.234.14 - - [03/Apr/2026:13:50:07 +0800] "GET /wp-content/uploads/2025/07/1750671808-partner6_200x50.webp HTTP/1.1" 200 3004 "http://cqqizhou.com/about" "Mozilla/5.0 (Windows NT 10.0; Win64; x64) AppleWebKit/537.36 (KHTML, like Gecko) Chrome/130.0.0.0 Safari/537.36 QuarkPC/6.6.2.781"
14.108.234.14 - - [03/Apr/2026:13:50:07 +0800] "GET /wp-content/uploads/2025/06/1750755307-qizhoucangku2000x400_2025624.webp HTTP/1.1" 200 45470 "http://cqqizhou.com/about" "Mozilla/5.0 (Windows NT 10.0; Win64; x64) AppleWebKit/537.36 (KHTML, like Gecko) Chrome/130.0.0.0 Safari/537.36 QuarkPC/6.6.2.781"
14.108.234.14 - - [03/Apr/2026:13:50:07 +0800] "GET /wp-content/uploads/elementor/thumbs/1751373145-About_Qizhoudalou_W800px-r91b70ok8huvvdr4ynxnf302e8ie3iydlh6ag9ew82.webp HTTP/1.1" 200 37938 "http://cqqizhou.com/about" "Mozilla/5.0 (Windows NT 10.0; Win64; x64) AppleWebKit/537.36 (KHTML, like Gecko) Chrome/130.0.0.0 Safari/537.36 QuarkPC/6.6.2.781"
14.108.234.14 - - [03/Apr/2026:13:50:07 +0800] "GET /wp-content/uploads/elementor/thumbs/1751209300-Hello-Qizhou3-r91b71mdtei8mab1rr8x739cnvi1mafuaga3vbed3o.webp HTTP/1.1" 200 39120 "http://cqqizhou.com/about" "Mozilla/5.0 (Windows NT 10.0; Win64; x64) AppleWebKit/537.36 (KHTML, like Gecko) Chrome/130.0.0.0 Safari/537.36 QuarkPC/6.6.2.781"
14.108.234.14 - - [03/Apr/2026:13:50:07 +0800] "GET /wp-content/uploads/2025/07/1750649189-qizhou1920x1080_4.webp HTTP/1.1" 200 174962 "http://cqqizhou.com/about" "Mozilla/5.0 (Windows NT 10.0; Win64; x64) AppleWebKit/537.36 (KHTML, like Gecko) Chrome/130.0.0.0 Safari/537.36 QuarkPC/6.6.2.781"
14.108.234.14 - - [03/Apr/2026:13:50:07 +0800] "GET /wp-content/uploads/2025/07/1750649186-qizhou1920x1080_3.webp HTTP/1.1" 200 134070 "http://cqqizhou.com/about" "Mozilla/5.0 (Windows NT 10.0; Win64; x64) AppleWebKit/537.36 (KHTML, like Gecko) Chrome/130.0.0.0 Safari/537.36 QuarkPC/6.6.2.781"
14.108.234.14 - - [03/Apr/2026:13:50:07 +0800] "GET /wp-content/uploads/2025/07/1750649193-qizhou1920x1080_5.webp HTTP/1.1" 200 110214 "http://cqqizhou.com/about" "Mozilla/5.0 (Windows NT 10.0; Win64; x64) AppleWebKit/537.36 (KHTML, like Gecko) Chrome/130.0.0.0 Safari/537.36 QuarkPC/6.6.2.781"
14.108.234.14 - - [03/Apr/2026:13:50:07 +0800] "GET /wp-content/uploads/2025/07/1750649179-qizhou1920x1080_1.webp HTTP/1.1" 200 172154 "http://cqqizhou.com/about" "Mozilla/5.0 (Windows NT 10.0; Win64; x64) AppleWebKit/537.36 (KHTML, like Gecko) Chrome/130.0.0.0 Safari/537.36 QuarkPC/6.6.2.781"
14.108.234.14 - - [03/Apr/2026:13:50:07 +0800] "GET /wp-content/uploads/2025/07/1750649197-qizhou1920x1080_6.webp HTTP/1.1" 200 150354 "http://cqqizhou.com/about" "Mozilla/5.0 (Windows NT 10.0; Win64; x64) AppleWebKit/537.36 (KHTML, like Gecko) Chrome/130.0.0.0 Safari/537.36 QuarkPC/6.6.2.781"
14.108.234.14 - - [03/Apr/2026:13:50:07 +0800] "GET /wp-content/uploads/2025/07/1750649183-qizhou1920x1080_2.webp HTTP/1.1" 200 267936 "http://cqqizhou.com/about" "Mozilla/5.0 (Windows NT 10.0; Win64; x64) AppleWebKit/537.36 (KHTML, like Gecko) Chrome/130.0.0.0 Safari/537.36 QuarkPC/6.6.2.781"
14.108.234.14 - - [03/Apr/2026:13:50:07 +0800] "GET /wp-content/uploads/2025/07/1750649200-qizhou1920x1080_7.webp HTTP/1.1" 200 238866 "http://cqqizhou.com/about" "Mozilla/5.0 (Windows NT 10.0; Win64; x64) AppleWebKit/537.36 (KHTML, like Gecko) Chrome/130.0.0.0 Safari/537.36 QuarkPC/6.6.2.781"
14.108.234.14 - - [03/Apr/2026:13:50:07 +0800] "GET /wp-content/uploads/2025/07/1750649207-qizhou1920x1080_9.webp HTTP/1.1" 200 146108 "http://cqqizhou.com/about" "Mozilla/5.0 (Windows NT 10.0; Win64; x64) AppleWebKit/537.36 (KHTML, like Gecko) Chrome/130.0.0.0 Safari/537.36 QuarkPC/6.6.2.781"
14.108.234.14 - - [03/Apr/2026:13:50:07 +0800] "GET /wp-content/uploads/2025/07/1750649203-qizhou1920x1080_8.webp HTTP/1.1" 200 256782 "http://cqqizhou.com/about" "Mozilla/5.0 (Windows NT 10.0; Win64; x64) AppleWebKit/537.36 (KHTML, like Gecko) Chrome/130.0.0.0 Safari/537.36 QuarkPC/6.6.2.781"
14.108.234.14 - - [03/Apr/2026:13:50:07 +0800] "GET /wp-content/uploads/2025/07/1750649215-qizhou1920x1080_11.webp HTTP/1.1" 200 171642 "http://cqqizhou.com/about" "Mozilla/5.0 (Windows NT 10.0; Win64; x64) AppleWebKit/537.36 (KHTML, like Gecko) Chrome/130.0.0.0 Safari/537.36 QuarkPC/6.6.2.781"
14.108.234.14 - - [03/Apr/2026:13:50:07 +0800] "GET /wp-content/uploads/2025/07/1750649212-qizhou1920x1080_10.webp HTTP/1.1" 200 143362 "http://cqqizhou.com/about" "Mozilla/5.0 (Windows NT 10.0; Win64; x64) AppleWebKit/537.36 (KHTML, like Gecko) Chrome/130.0.0.0 Safari/537.36 QuarkPC/6.6.2.781"
14.108.234.14 - - [03/Apr/2026:13:50:07 +0800] "GET /wp-content/uploads/2025/07/1750945616-honor300%C3%97206_4.webp HTTP/1.1" 200 33814 "http://cqqizhou.com/about" "Mozilla/5.0 (Windows NT 10.0; Win64; x64) AppleWebKit/537.36 (KHTML, like Gecko) Chrome/130.0.0.0 Safari/537.36 QuarkPC/6.6.2.781"
14.108.234.14 - - [03/Apr/2026:13:50:07 +0800] "GET /wp-content/uploads/2025/07/1750945514-honor300%C3%97206_3.webp HTTP/1.1" 200 74124 "http://cqqizhou.com/about" "Mozilla/5.0 (Windows NT 10.0; Win64; x64) AppleWebKit/537.36 (KHTML, like Gecko) Chrome/130.0.0.0 Safari/537.36 QuarkPC/6.6.2.781"
14.108.234.14 - - [03/Apr/2026:13:50:07 +0800] "GET /wp-content/uploads/2025/07/1750945650-honor300%C3%97206_6.webp HTTP/1.1" 200 66306 "http://cqqizhou.com/about" "Mozilla/5.0 (Windows NT 10.0; Win64; x64) AppleWebKit/537.36 (KHTML, like Gecko) Chrome/130.0.0.0 Safari/537.36 QuarkPC/6.6.2.781"
14.108.234.14 - - [03/Apr/2026:13:50:07 +0800] "GET /wp-content/uploads/2025/07/1750945637-honor300%C3%97206_5.webp HTTP/1.1" 200 77368 "http://cqqizhou.com/about" "Mozilla/5.0 (Windows NT 10.0; Win64; x64) AppleWebKit/537.36 (KHTML, like Gecko) Chrome/130.0.0.0 Safari/537.36 QuarkPC/6.6.2.781"
14.108.234.14 - - [03/Apr/2026:13:50:10 +0800] "GET /wp-content/uploads/2025/07/1750656103-Visionr2000x800_20250623131702.webp HTTP/1.1" 200 57650 "http://cqqizhou.com/wp-content/uploads/elementor/css/post-1849.css?ver=1773749912" "Mozilla/5.0 (Windows NT 10.0; Win64; x64) AppleWebKit/537.36 (KHTML, like Gecko) Chrome/130.0.0.0 Safari/537.36 QuarkPC/6.6.2.781"
36.133.115.36 - - [03/Apr/2026:13:50:13 +0800] "POST /wp-cron.php?doing_wp_cron=1775195413.8982000350952148437500 HTTP/1.1" 200 31 "-" "WordPress/6.9; http://cqqizhou.com"
113.83.195.93 - - [03/Apr/2026:13:50:13 +0800] "POST /wp-admin/admin-ajax.php HTTP/1.1" 200 112 "http://cqqizhou.com/wp-admin/post.php?post=2534&action=edit" "Mozilla/5.0 (Windows NT 10.0; Win64; x64) AppleWebKit/537.36 (KHTML, like Gecko) Chrome/145.0.0.0 Safari/537.36 Edg/145.0.0.0"
113.83.195.93 - - [03/Apr/2026:13:50:23 +0800] "POST /wp-admin/admin-ajax.php HTTP/1.1" 200 112 "http://cqqizhou.com/wp-admin/post.php?post=2534&action=edit" "Mozilla/5.0 (Windows NT 10.0; Win64; x64) AppleWebKit/537.36 (KHTML, like Gecko) Chrome/145.0.0.0 Safari/537.36 Edg/145.0.0.0"
113.83.195.93 - - [03/Apr/2026:13:50:34 +0800] "POST /wp-admin/admin-ajax.php HTTP/1.1" 200 112 "http://cqqizhou.com/wp-admin/post.php?post=2534&action=edit" "Mozilla/5.0 (Windows NT 10.0; Win64; x64) AppleWebKit/537.36 (KHTML, like Gecko) Chrome/145.0.0.0 Safari/537.36 Edg/145.0.0.0"
113.83.195.93 - - [03/Apr/2026:13:51:05 +0800] "POST /wp-admin/admin-ajax.php HTTP/1.1" 200 78 "http://cqqizhou.com/wp-admin/edit.php?post_type=post" "Mozilla/5.0 (Windows NT 10.0; Win64; x64) AppleWebKit/537.36 (KHTML, like Gecko) Chrome/145.0.0.0 Safari/537.36 Edg/145.0.0.0"
36.133.115.36 - - [03/Apr/2026:13:51:40 +0800] "POST /wp-cron.php?doing_wp_cron=1775195500.0773808956146240234375 HTTP/1.1" 200 31 "-" "WordPress/6.9; http://cqqizhou.com"
113.83.195.93 - - [03/Apr/2026:13:51:40 +0800] "POST /wp-admin/admin-ajax.php HTTP/1.1" 200 112 "http://cqqizhou.com/wp-admin/post.php?post=2534&action=edit" "Mozilla/5.0 (Windows NT 10.0; Win64; x64) AppleWebKit/537.36 (KHTML, like Gecko) Chrome/145.0.0.0 Safari/537.36 Edg/145.0.0.0"
113.83.195.93 - - [03/Apr/2026:13:51:50 +0800] "POST /wp-admin/admin-ajax.php HTTP/1.1" 200 112 "http://cqqizhou.com/wp-admin/post.php?post=2534&action=edit" "Mozilla/5.0 (Windows NT 10.0; Win64; x64) AppleWebKit/537.36 (KHTML, like Gecko) Chrome/145.0.0.0 Safari/537.36 Edg/145.0.0.0"
125.80.162.117 - - [03/Apr/2026:13:51:58 +0800] "GET /news/2534 HTTP/1.1" 200 20209 "-" "Mozilla/5.0 (iPhone; CPU iPhone OS 17_5_1 like Mac OS X) AppleWebKit/605.1.15 (KHTML, like Gecko) Mobile/15E148 wxwork/5.0.7 MicroMessenger/7.0.1 Language/zh ColorScheme/Light wwmver/3.26.506.378"
125.80.162.117 - - [03/Apr/2026:13:51:59 +0800] "GET /wp-content/uploads/2025/07/1751864664-Logistics800x500_1.webp HTTP/1.1" 200 76914 "http://cqqizhou.com/news/2534" "Mozilla/5.0 (iPhone; CPU iPhone OS 17_5_1 like Mac OS X) AppleWebKit/605.1.15 (KHTML, like Gecko) Mobile/15E148 wxwork/5.0.7 MicroMessenger/7.0.1 Language/zh ColorScheme/Light wwmver/3.26.506.378"
125.80.162.117 - - [03/Apr/2026:13:51:59 +0800] "GET /wp-content/uploads/2025/07/1753410289-News2000%C3%97400_202571.webp HTTP/1.1" 200 17830 "http://cqqizhou.com/news/2534" "Mozilla/5.0 (iPhone; CPU iPhone OS 17_5_1 like Mac OS X) AppleWebKit/605.1.15 (KHTML, like Gecko) Mobile/15E148 wxwork/5.0.7 MicroMessenger/7.0.1 Language/zh ColorScheme/Light wwmver/3.26.506.378"
125.80.162.117 - - [03/Apr/2026:13:51:59 +0800] "GET /wp-content/uploads/2026/03/1773722869-1Article_images_W900px.webp HTTP/1.1" 200 28566 "http://cqqizhou.com/news/2534" "Mozilla/5.0 (iPhone; CPU iPhone OS 17_5_1 like Mac OS X) AppleWebKit/605.1.15 (KHTML, like Gecko) Mobile/15E148 wxwork/5.0.7 MicroMessenger/7.0.1 Language/zh ColorScheme/Light wwmver/3.26.506.378"
125.80.162.117 - - [03/Apr/2026:13:51:59 +0800] "GET /wp-content/uploads/2026/03/1772790791-%E5%B0%81%E9%9D%A2%E5%A4%B4%E5%9B%BEArticle_images_W900%C3%97500px2026.webp HTTP/1.1" 200 52968 "http://cqqizhou.com/news/2534" "Mozilla/5.0 (iPhone; CPU iPhone OS 17_5_1 like Mac OS X) AppleWebKit/605.1.15 (KHTML, like Gecko) Mobile/15E148 wxwork/5.0.7 MicroMessenger/7.0.1 Language/zh ColorScheme/Light wwmver/3.26.506.378"
125.80.162.117 - - [03/Apr/2026:13:51:59 +0800] "GET /wp-content/uploads/2025/07/1751425283-qizhou.kf_.qq_.com_.webp HTTP/1.1" 200 16864 "http://cqqizhou.com/news/2534" "Mozilla/5.0 (iPhone; CPU iPhone OS 17_5_1 like Mac OS X) AppleWebKit/605.1.15 (KHTML, like Gecko) Mobile/15E148 wxwork/5.0.7 MicroMessenger/7.0.1 Language/zh ColorScheme/Light wwmver/3.26.506.378"
113.83.195.93 - - [03/Apr/2026:13:52:00 +0800] "POST /wp-admin/admin-ajax.php HTTP/1.1" 200 112 "http://cqqizhou.com/wp-admin/post.php?post=2534&action=edit" "Mozilla/5.0 (Windows NT 10.0; Win64; x64) AppleWebKit/537.36 (KHTML, like Gecko) Chrome/145.0.0.0 Safari/537.36 Edg/145.0.0.0"
113.83.195.93 - - [03/Apr/2026:13:52:06 +0800] "POST /wp-json/wp/v2/posts/2534/autosaves?_locale=user HTTP/1.1" 200 2089 "http://cqqizhou.com/wp-admin/post.php?post=2534&action=edit" "Mozilla/5.0 (Windows NT 10.0; Win64; x64) AppleWebKit/537.36 (KHTML, like Gecko) Chrome/145.0.0.0 Safari/537.36 Edg/145.0.0.0"
36.133.115.36 - - [03/Apr/2026:13:52:10 +0800] "POST /wp-cron.php?doing_wp_cron=1775195530.6369791030883789062500 HTTP/1.1" 200 31 "-" "WordPress/6.9; http://cqqizhou.com"
113.83.195.93 - - [03/Apr/2026:13:52:10 +0800] "POST /wp-admin/admin-ajax.php HTTP/1.1" 200 112 "http://cqqizhou.com/wp-admin/post.php?post=2534&action=edit" "Mozilla/5.0 (Windows NT 10.0; Win64; x64) AppleWebKit/537.36 (KHTML, like Gecko) Chrome/145.0.0.0 Safari/537.36 Edg/145.0.0.0"
125.80.162.117 - - [03/Apr/2026:13:52:17 +0800] "GET /news/2534 HTTP/1.1" 200 20209 "-" "Mozilla/5.0 (iPhone; CPU iPhone OS 17_5_1 like Mac OS X) AppleWebKit/605.1.15 (KHTML, like Gecko) Mobile/15E148 wxwork/5.0.7 MicroMessenger/7.0.1 Language/zh ColorScheme/Light wwmver/3.26.506.378"
113.83.195.93 - - [03/Apr/2026:13:52:20 +0800] "POST /wp-admin/admin-ajax.php HTTP/1.1" 200 112 "http://cqqizhou.com/wp-admin/post.php?post=2534&action=edit" "Mozilla/5.0 (Windows NT 10.0; Win64; x64) AppleWebKit/537.36 (KHTML, like Gecko) Chrome/145.0.0.0 Safari/537.36 Edg/145.0.0.0"
125.80.162.117 - - [03/Apr/2026:13:52:24 +0800] "GET /news/2518 HTTP/1.1" 499 0 "http://cqqizhou.com/news/2534" "Mozilla/5.0 (iPhone; CPU iPhone OS 17_5_1 like Mac OS X) AppleWebKit/605.1.15 (KHTML, like Gecko) Mobile/15E148 wxwork/5.0.7 MicroMessenger/7.0.1 Language/zh ColorScheme/Light wwmver/3.26.506.378"
125.80.162.117 - - [03/Apr/2026:13:52:24 +0800] "GET /company-news HTTP/1.1" 499 0 "http://cqqizhou.com/news/2534" "Mozilla/5.0 (iPhone; CPU iPhone OS 17_5_1 like Mac OS X) AppleWebKit/605.1.15 (KHTML, like Gecko) Mobile/15E148 wxwork/5.0.7 MicroMessenger/7.0.1 Language/zh ColorScheme/Light wwmver/3.26.506.378"
125.80.162.117 - - [03/Apr/2026:13:52:25 +0800] "GET /news/2518 HTTP/1.1" 200 20084 "http://cqqizhou.com/news/2534" "Mozilla/5.0 (iPhone; CPU iPhone OS 17_5_1 like Mac OS X) AppleWebKit/605.1.15 (KHTML, like Gecko) Mobile/15E148 wxwork/5.0.7 MicroMessenger/7.0.1 Language/zh ColorScheme/Light wwmver/3.26.506.378"
125.80.162.117 - - [03/Apr/2026:13:52:25 +0800] "GET /wp-content/uploads/2026/03/1772790943-1Article_images_W900px.webp HTTP/1.1" 200 35332 "http://cqqizhou.com/news/2518" "Mozilla/5.0 (iPhone; CPU iPhone OS 17_5_1 like Mac OS X) AppleWebKit/605.1.15 (KHTML, like Gecko) Mobile/15E148 wxwork/5.0.7 MicroMessenger/7.0.1 Language/zh ColorScheme/Light wwmver/3.26.506.378"
125.80.162.117 - - [03/Apr/2026:13:52:25 +0800] "GET /wp-content/uploads/2026/03/1772790943-2Article_images_W900px.webp HTTP/1.1" 200 45662 "http://cqqizhou.com/news/2518" "Mozilla/5.0 (iPhone; CPU iPhone OS 17_5_1 like Mac OS X) AppleWebKit/605.1.15 (KHTML, like Gecko) Mobile/15E148 wxwork/5.0.7 MicroMessenger/7.0.1 Language/zh ColorScheme/Light wwmver/3.26.506.378"
125.80.162.117 - - [03/Apr/2026:13:52:25 +0800] "GET /wp-content/uploads/2026/03/1772790943-3Article_images_W900px.webp HTTP/1.1" 200 37622 "http://cqqizhou.com/news/2518" "Mozilla/5.0 (iPhone; CPU iPhone OS 17_5_1 like Mac OS X) AppleWebKit/605.1.15 (KHTML, like Gecko) Mobile/15E148 wxwork/5.0.7 MicroMessenger/7.0.1 Language/zh ColorScheme/Light wwmver/3.26.506.378"
125.80.162.117 - - [03/Apr/2026:13:52:25 +0800] "GET /wp-content/uploads/2026/03/1772790943-5Article_images_W900px.webp HTTP/1.1" 200 57476 "http://cqqizhou.com/news/2518" "Mozilla/5.0 (iPhone; CPU iPhone OS 17_5_1 like Mac OS X) AppleWebKit/605.1.15 (KHTML, like Gecko) Mobile/15E148 wxwork/5.0.7 MicroMessenger/7.0.1 Language/zh ColorScheme/Light wwmver/3.26.506.378"
125.80.162.117 - - [03/Apr/2026:13:52:25 +0800] "GET /wp-content/uploads/2026/03/1772790943-6Article_images_W900px.webp HTTP/1.1" 200 57278 "http://cqqizhou.com/news/2518" "Mozilla/5.0 (iPhone; CPU iPhone OS 17_5_1 like Mac OS X) AppleWebKit/605.1.15 (KHTML, like Gecko) Mobile/15E148 wxwork/5.0.7 MicroMessenger/7.0.1 Language/zh ColorScheme/Light wwmver/3.26.506.378"
113.83.195.93 - - [03/Apr/2026:13:52:30 +0800] "POST /wp-admin/admin-ajax.php HTTP/1.1" 200 112 "http://cqqizhou.com/wp-admin/post.php?post=2534&action=edit" "Mozilla/5.0 (Windows NT 10.0; Win64; x64) AppleWebKit/537.36 (KHTML, like Gecko) Chrome/145.0.0.0 Safari/537.36 Edg/145.0.0.0"
39.144.218.215 - - [03/Apr/2026:13:52:30 +0800] "GET /news/2534 HTTP/1.1" 200 20209 "-" "Mozilla/5.0 (Linux; Android 16; PHP110 Build/BP2A.250605.015; wv) AppleWebKit/537.36 (KHTML, like Gecko) Version/4.0 Chrome/138.0.7204.180 Mobile Safari/537.36 XWEB/1380347 MMWEBSDK/20250202 MMWEBID/3045 wxwork/5.0.7 MicroMessenger/7.0.1 NetType/4G Language/zh Lang/zh ColorScheme/Dark wwmver/3.26.506.647"
39.144.218.215 - - [03/Apr/2026:13:52:31 +0800] "GET /wp-content/uploads/2026/03/1772790791-%E5%B0%81%E9%9D%A2%E5%A4%B4%E5%9B%BEArticle_images_W900%C3%97500px2026.webp HTTP/1.1" 200 52968 "http://cqqizhou.com/news/2534" "Mozilla/5.0 (Linux; Android 16; PHP110 Build/BP2A.250605.015; wv) AppleWebKit/537.36 (KHTML, like Gecko) Version/4.0 Chrome/138.0.7204.180 Mobile Safari/537.36 XWEB/1380347 MMWEBSDK/20250202 MMWEBID/3045 wxwork/5.0.7 MicroMessenger/7.0.1 NetType/4G Language/zh Lang/zh ColorScheme/Dark wwmver/3.26.506.647"
39.144.218.215 - - [03/Apr/2026:13:52:31 +0800] "GET /wp-content/uploads/2026/03/1773722869-1Article_images_W900px.webp HTTP/1.1" 200 28566 "http://cqqizhou.com/news/2534" "Mozilla/5.0 (Linux; Android 16; PHP110 Build/BP2A.250605.015; wv) AppleWebKit/537.36 (KHTML, like Gecko) Version/4.0 Chrome/138.0.7204.180 Mobile Safari/537.36 XWEB/1380347 MMWEBSDK/20250202 MMWEBID/3045 wxwork/5.0.7 MicroMessenger/7.0.1 NetType/4G Language/zh Lang/zh ColorScheme/Dark wwmver/3.26.506.647"
39.144.218.215 - - [03/Apr/2026:13:52:31 +0800] "GET /wp-content/uploads/2025/07/1751864664-Logistics800x500_1.webp HTTP/1.1" 200 76914 "http://cqqizhou.com/news/2534" "Mozilla/5.0 (Linux; Android 16; PHP110 Build/BP2A.250605.015; wv) AppleWebKit/537.36 (KHTML, like Gecko) Version/4.0 Chrome/138.0.7204.180 Mobile Safari/537.36 XWEB/1380347 MMWEBSDK/20250202 MMWEBID/3045 wxwork/5.0.7 MicroMessenger/7.0.1 NetType/4G Language/zh Lang/zh ColorScheme/Dark wwmver/3.26.506.647"
39.144.218.215 - - [03/Apr/2026:13:52:31 +0800] "GET /wp-content/uploads/2025/07/1751425283-qizhou.kf_.qq_.com_.webp HTTP/1.1" 200 16864 "http://cqqizhou.com/news/2534" "Mozilla/5.0 (Linux; Android 16; PHP110 Build/BP2A.250605.015; wv) AppleWebKit/537.36 (KHTML, like Gecko) Version/4.0 Chrome/138.0.7204.180 Mobile Safari/537.36 XWEB/1380347 MMWEBSDK/20250202 MMWEBID/3045 wxwork/5.0.7 MicroMessenger/7.0.1 NetType/4G Language/zh Lang/zh ColorScheme/Dark wwmver/3.26.506.647"
39.144.218.215 - - [03/Apr/2026:13:52:31 +0800] "GET /wp-content/uploads/2025/07/1753410289-News2000%C3%97400_202571.webp HTTP/1.1" 200 17830 "http://cqqizhou.com/news/2534" "Mozilla/5.0 (Linux; Android 16; PHP110 Build/BP2A.250605.015; wv) AppleWebKit/537.36 (KHTML, like Gecko) Version/4.0 Chrome/138.0.7204.180 Mobile Safari/537.36 XWEB/1380347 MMWEBSDK/20250202 MMWEBID/3045 wxwork/5.0.7 MicroMessenger/7.0.1 NetType/4G Language/zh Lang/zh ColorScheme/Dark wwmver/3.26.506.647"
113.83.195.93 - - [03/Apr/2026:13:52:40 +0800] "POST /wp-admin/admin-ajax.php HTTP/1.1" 200 112 "http://cqqizhou.com/wp-admin/post.php?post=2534&action=edit" "Mozilla/5.0 (Windows NT 10.0; Win64; x64) AppleWebKit/537.36 (KHTML, like Gecko) Chrome/145.0.0.0 Safari/537.36 Edg/145.0.0.0"
113.83.195.93 - - [03/Apr/2026:13:52:49 +0800] "POST /wp-json/wp/v2/posts/2534?_locale=user HTTP/1.1" 200 2774 "http://cqqizhou.com/wp-admin/post.php?post=2534&action=edit" "Mozilla/5.0 (Windows NT 10.0; Win64; x64) AppleWebKit/537.36 (KHTML, like Gecko) Chrome/145.0.0.0 Safari/537.36 Edg/145.0.0.0"
113.83.195.93 - - [03/Apr/2026:13:52:50 +0800] "POST /wp-admin/admin-ajax.php HTTP/1.1" 200 112 "http://cqqizhou.com/wp-admin/post.php?post=2534&action=edit" "Mozilla/5.0 (Windows NT 10.0; Win64; x64) AppleWebKit/537.36 (KHTML, like Gecko) Chrome/145.0.0.0 Safari/537.36 Edg/145.0.0.0"
113.83.195.93 - - [03/Apr/2026:13:52:50 +0800] "POST /wp-admin/post.php?post=2534&action=edit&meta-box-loader=1&meta-box-loader-nonce=71d9c6a1fc&_locale=user HTTP/1.1" 302 5 "http://cqqizhou.com/wp-admin/post.php?post=2534&action=edit" "Mozilla/5.0 (Windows NT 10.0; Win64; x64) AppleWebKit/537.36 (KHTML, like Gecko) Chrome/145.0.0.0 Safari/537.36 Edg/145.0.0.0"
113.83.195.93 - - [03/Apr/2026:13:52:54 +0800] "GET /wp-admin/post.php?post=2534&action=edit&message=4 HTTP/1.1" 200 207300 "http://cqqizhou.com/wp-admin/post.php?post=2534&action=edit" "Mozilla/5.0 (Windows NT 10.0; Win64; x64) AppleWebKit/537.36 (KHTML, like Gecko) Chrome/145.0.0.0 Safari/537.36 Edg/145.0.0.0"
113.83.195.93 - - [03/Apr/2026:13:53:00 +0800] "POST /wp-admin/admin-ajax.php HTTP/1.1" 200 112 "http://cqqizhou.com/wp-admin/post.php?post=2534&action=edit" "Mozilla/5.0 (Windows NT 10.0; Win64; x64) AppleWebKit/537.36 (KHTML, like Gecko) Chrome/145.0.0.0 Safari/537.36 Edg/145.0.0.0"
113.83.195.93 - - [03/Apr/2026:13:53:03 +0800] "POST /wp-admin/admin-ajax.php HTTP/1.1" 200 78 "http://cqqizhou.com/wp-admin/edit.php?post_type=post" "Mozilla/5.0 (Windows NT 10.0; Win64; x64) AppleWebKit/537.36 (KHTML, like Gecko) Chrome/145.0.0.0 Safari/537.36 Edg/145.0.0.0"
36.133.115.36 - - [03/Apr/2026:13:53:11 +0800] "POST /wp-cron.php?doing_wp_cron=1775195591.4942550659179687500000 HTTP/1.1" 200 31 "-" "WordPress/6.9; http://cqqizhou.com"
113.83.195.93 - - [03/Apr/2026:13:53:11 +0800] "POST /wp-admin/admin-ajax.php HTTP/1.1" 200 112 "http://cqqizhou.com/wp-admin/post.php?post=2534&action=edit" "Mozilla/5.0 (Windows NT 10.0; Win64; x64) AppleWebKit/537.36 (KHTML, like Gecko) Chrome/145.0.0.0 Safari/537.36 Edg/145.0.0.0"
113.83.195.93 - - [03/Apr/2026:13:53:13 +0800] "POST /wp-admin/admin-ajax.php HTTP/1.1" 200 78 "http://cqqizhou.com/wp-admin/edit.php?post_type=post" "Mozilla/5.0 (Windows NT 10.0; Win64; x64) AppleWebKit/537.36 (KHTML, like Gecko) Chrome/145.0.0.0 Safari/537.36 Edg/145.0.0.0"
39.144.218.215 - - [03/Apr/2026:13:53:29 +0800] "GET /news/2534 HTTP/1.1" 200 20276 "-" "Mozilla/5.0 (Linux; Android 16; PHP110 Build/BP2A.250605.015; wv) AppleWebKit/537.36 (KHTML, like Gecko) Version/4.0 Chrome/138.0.7204.180 Mobile Safari/537.36 XWEB/1380347 MMWEBSDK/20250202 MMWEBID/3045 wxwork/5.0.7 MicroMessenger/7.0.1 NetType/4G Language/zh Lang/zh ColorScheme/Dark wwmver/3.26.506.647"
39.144.218.215 - - [03/Apr/2026:13:53:45 +0800] "GET /news/2518 HTTP/1.1" 499 0 "http://cqqizhou.com/news/2534" "Mozilla/5.0 (Linux; Android 16; PHP110 Build/BP2A.250605.015; wv) AppleWebKit/537.36 (KHTML, like Gecko) Version/4.0 Chrome/138.0.7204.180 Mobile Safari/537.36 XWEB/1380347 MMWEBSDK/20250202 MMWEBID/3045 wxwork/5.0.7 MicroMessenger/7.0.1 NetType/4G Language/zh Lang/zh ColorScheme/Dark wwmver/3.26.506.647"
39.144.218.215 - - [03/Apr/2026:13:53:46 +0800] "GET /news/2518 HTTP/1.1" 499 0 "http://cqqizhou.com/news/2534" "Mozilla/5.0 (Linux; Android 16; PHP110 Build/BP2A.250605.015; wv) AppleWebKit/537.36 (KHTML, like Gecko) Version/4.0 Chrome/138.0.7204.180 Mobile Safari/537.36 XWEB/1380347 MMWEBSDK/20250202 MMWEBID/3045 wxwork/5.0.7 MicroMessenger/7.0.1 NetType/4G Language/zh Lang/zh ColorScheme/Dark wwmver/3.26.506.647"
39.144.218.215 - - [03/Apr/2026:13:53:47 +0800] "GET /news/2518 HTTP/1.1" 499 0 "http://cqqizhou.com/news/2534" "Mozilla/5.0 (Linux; Android 16; PHP110 Build/BP2A.250605.015; wv) AppleWebKit/537.36 (KHTML, like Gecko) Version/4.0 Chrome/138.0.7204.180 Mobile Safari/537.36 XWEB/1380347 MMWEBSDK/20250202 MMWEBID/3045 wxwork/5.0.7 MicroMessenger/7.0.1 NetType/4G Language/zh Lang/zh ColorScheme/Dark wwmver/3.26.506.647"
39.144.218.215 - - [03/Apr/2026:13:53:47 +0800] "GET /news/2518 HTTP/1.1" 499 0 "http://cqqizhou.com/news/2534" "Mozilla/5.0 (Linux; Android 16; PHP110 Build/BP2A.250605.015; wv) AppleWebKit/537.36 (KHTML, like Gecko) Version/4.0 Chrome/138.0.7204.180 Mobile Safari/537.36 XWEB/1380347 MMWEBSDK/20250202 MMWEBID/3045 wxwork/5.0.7 MicroMessenger/7.0.1 NetType/4G Language/zh Lang/zh ColorScheme/Dark wwmver/3.26.506.647"
39.144.218.215 - - [03/Apr/2026:13:53:47 +0800] "GET /news/2518 HTTP/1.1" 499 0 "http://cqqizhou.com/news/2534" "Mozilla/5.0 (Linux; Android 16; PHP110 Build/BP2A.250605.015; wv) AppleWebKit/537.36 (KHTML, like Gecko) Version/4.0 Chrome/138.0.7204.180 Mobile Safari/537.36 XWEB/1380347 MMWEBSDK/20250202 MMWEBID/3045 wxwork/5.0.7 MicroMessenger/7.0.1 NetType/4G Language/zh Lang/zh ColorScheme/Dark wwmver/3.26.506.647"
39.144.218.215 - - [03/Apr/2026:13:53:48 +0800] "GET /news/2518 HTTP/1.1" 200 20082 "http://cqqizhou.com/news/2534" "Mozilla/5.0 (Linux; Android 16; PHP110 Build/BP2A.250605.015; wv) AppleWebKit/537.36 (KHTML, like Gecko) Version/4.0 Chrome/138.0.7204.180 Mobile Safari/537.36 XWEB/1380347 MMWEBSDK/20250202 MMWEBID/3045 wxwork/5.0.7 MicroMessenger/7.0.1 NetType/4G Language/zh Lang/zh ColorScheme/Dark wwmver/3.26.506.647"
39.144.218.215 - - [03/Apr/2026:13:53:48 +0800] "GET /wp-content/uploads/2026/03/1772790943-2Article_images_W900px.webp HTTP/1.1" 200 45662 "http://cqqizhou.com/news/2518" "Mozilla/5.0 (Linux; Android 16; PHP110 Build/BP2A.250605.015; wv) AppleWebKit/537.36 (KHTML, like Gecko) Version/4.0 Chrome/138.0.7204.180 Mobile Safari/537.36 XWEB/1380347 MMWEBSDK/20250202 MMWEBID/3045 wxwork/5.0.7 MicroMessenger/7.0.1 NetType/4G Language/zh Lang/zh ColorScheme/Dark wwmver/3.26.506.647"
39.144.218.215 - - [03/Apr/2026:13:53:48 +0800] "GET /wp-content/uploads/2026/03/1772790943-1Article_images_W900px.webp HTTP/1.1" 200 35332 "http://cqqizhou.com/news/2518" "Mozilla/5.0 (Linux; Android 16; PHP110 Build/BP2A.250605.015; wv) AppleWebKit/537.36 (KHTML, like Gecko) Version/4.0 Chrome/138.0.7204.180 Mobile Safari/537.36 XWEB/1380347 MMWEBSDK/20250202 MMWEBID/3045 wxwork/5.0.7 MicroMessenger/7.0.1 NetType/4G Language/zh Lang/zh ColorScheme/Dark wwmver/3.26.506.647"
39.144.218.215 - - [03/Apr/2026:13:53:48 +0800] "GET /wp-content/uploads/2026/03/1772790943-5Article_images_W900px.webp HTTP/1.1" 200 57476 "http://cqqizhou.com/news/2518" "Mozilla/5.0 (Linux; Android 16; PHP110 Build/BP2A.250605.015; wv) AppleWebKit/537.36 (KHTML, like Gecko) Version/4.0 Chrome/138.0.7204.180 Mobile Safari/537.36 XWEB/1380347 MMWEBSDK/20250202 MMWEBID/3045 wxwork/5.0.7 MicroMessenger/7.0.1 NetType/4G Language/zh Lang/zh ColorScheme/Dark wwmver/3.26.506.647"
39.144.218.215 - - [03/Apr/2026:13:53:48 +0800] "GET /wp-content/uploads/2026/03/1772790943-3Article_images_W900px.webp HTTP/1.1" 200 37622 "http://cqqizhou.com/news/2518" "Mozilla/5.0 (Linux; Android 16; PHP110 Build/BP2A.250605.015; wv) AppleWebKit/537.36 (KHTML, like Gecko) Version/4.0 Chrome/138.0.7204.180 Mobile Safari/537.36 XWEB/1380347 MMWEBSDK/20250202 MMWEBID/3045 wxwork/5.0.7 MicroMessenger/7.0.1 NetType/4G Language/zh Lang/zh ColorScheme/Dark wwmver/3.26.506.647"
39.144.218.215 - - [03/Apr/2026:13:53:48 +0800] "GET /wp-content/uploads/2026/03/1772790943-6Article_images_W900px.webp HTTP/1.1" 200 57278 "http://cqqizhou.com/news/2518" "Mozilla/5.0 (Linux; Android 16; PHP110 Build/BP2A.250605.015; wv) AppleWebKit/537.36 (KHTML, like Gecko) Version/4.0 Chrome/138.0.7204.180 Mobile Safari/537.36 XWEB/1380347 MMWEBSDK/20250202 MMWEBID/3045 wxwork/5.0.7 MicroMessenger/7.0.1 NetType/4G Language/zh Lang/zh ColorScheme/Dark wwmver/3.26.506.647"
36.133.115.36 - - [03/Apr/2026:13:54:11 +0800] "POST /wp-cron.php?doing_wp_cron=1775195651.7876660823822021484375 HTTP/1.1" 200 31 "-" "WordPress/6.9; http://cqqizhou.com"
113.83.195.93 - - [03/Apr/2026:13:54:11 +0800] "GET /media/4 HTTP/1.1" 200 34584 "http://cqqizhou.com/media/3" "Mozilla/5.0 (Windows NT 10.0; Win64; x64) AppleWebKit/537.36 (KHTML, like Gecko) Chrome/145.0.0.0 Safari/537.36 Edg/145.0.0.0"
14.108.234.14 - - [03/Apr/2026:13:54:12 +0800] "GET /news/2534 HTTP/1.1" 200 24292 "-" "Mozilla/5.0 (Windows NT 10.0; WOW64) AppleWebKit/537.36 (KHTML, like Gecko) Chrome/86.0.4240.198 Safari/537.36"
113.83.195.93 - - [03/Apr/2026:13:54:15 +0800] "GET /news/2475 HTTP/1.1" 200 31162 "http://cqqizhou.com/media/4" "Mozilla/5.0 (Windows NT 10.0; Win64; x64) AppleWebKit/537.36 (KHTML, like Gecko) Chrome/145.0.0.0 Safari/537.36 Edg/145.0.0.0"
113.83.195.93 - - [03/Apr/2026:13:54:16 +0800] "GET /wp-content/uploads/2026/01/1770349139-202624Article_images_W900%C3%97500px20260-.webp HTTP/1.1" 200 58006 "http://cqqizhou.com/news/2475" "Mozilla/5.0 (Windows NT 10.0; Win64; x64) AppleWebKit/537.36 (KHTML, like Gecko) Chrome/145.0.0.0 Safari/537.36 Edg/145.0.0.0"
113.83.195.93 - - [03/Apr/2026:13:54:16 +0800] "GET /wp-content/uploads/2025/07/1753454089-Article_images_W900px.webp HTTP/1.1" 200 27552 "http://cqqizhou.com/news/2475" "Mozilla/5.0 (Windows NT 10.0; Win64; x64) AppleWebKit/537.36 (KHTML, like Gecko) Chrome/145.0.0.0 Safari/537.36 Edg/145.0.0.0"
14.108.234.14 - - [03/Apr/2026:13:54:24 +0800] "GET /news/2534 HTTP/1.1" 304 0 "-" "Mozilla/5.0 (Windows NT 10.0; WOW64) AppleWebKit/537.36 (KHTML, like Gecko) Chrome/86.0.4240.198 Safari/537.36"
113.83.195.93 - - [03/Apr/2026:13:54:25 +0800] "POST /wp-admin/admin-ajax.php HTTP/1.1" 200 112 "http://cqqizhou.com/wp-admin/post.php?post=2534&action=edit" "Mozilla/5.0 (Windows NT 10.0; Win64; x64) AppleWebKit/537.36 (KHTML, like Gecko) Chrome/145.0.0.0 Safari/537.36 Edg/145.0.0.0"
113.83.195.93 - - [03/Apr/2026:13:54:34 +0800] "GET /news/2475 HTTP/1.1" 200 31163 "http://cqqizhou.com/media/4" "Mozilla/5.0 (Windows NT 10.0; Win64; x64) AppleWebKit/537.36 (KHTML, like Gecko) Chrome/145.0.0.0 Safari/537.36 Edg/145.0.0.0"
113.83.195.93 - - [03/Apr/2026:13:54:36 +0800] "POST /wp-admin/admin-ajax.php HTTP/1.1" 200 112 "http://cqqizhou.com/wp-admin/post.php?post=2534&action=edit" "Mozilla/5.0 (Windows NT 10.0; Win64; x64) AppleWebKit/537.36 (KHTML, like Gecko) Chrome/145.0.0.0 Safari/537.36 Edg/145.0.0.0"
113.83.195.93 - - [03/Apr/2026:13:54:45 +0800] "GET /news/2534 HTTP/1.1" 499 0 "http://cqqizhou.com/media" "Mozilla/5.0 (Windows NT 10.0; Win64; x64) AppleWebKit/537.36 (KHTML, like Gecko) Chrome/145.0.0.0 Safari/537.36 Edg/145.0.0.0"
113.83.195.93 - - [03/Apr/2026:13:54:47 +0800] "GET /news/2534 HTTP/1.1" 200 28750 "http://cqqizhou.com/media" "Mozilla/5.0 (Windows NT 10.0; Win64; x64) AppleWebKit/537.36 (KHTML, like Gecko) Chrome/145.0.0.0 Safari/537.36 Edg/145.0.0.0"
36.133.115.36 - - [03/Apr/2026:13:55:14 +0800] "POST /wp-cron.php?doing_wp_cron=1775195714.5206410884857177734375 HTTP/1.1" 200 31 "-" "WordPress/6.9; http://cqqizhou.com"
113.83.195.93 - - [03/Apr/2026:13:55:14 +0800] "POST /wp-admin/admin-ajax.php HTTP/1.1" 200 78 "http://cqqizhou.com/wp-admin/edit.php?post_type=post" "Mozilla/5.0 (Windows NT 10.0; Win64; x64) AppleWebKit/537.36 (KHTML, like Gecko) Chrome/145.0.0.0 Safari/537.36 Edg/145.0.0.0"
36.133.115.36 - - [03/Apr/2026:13:56:30 +0800] "POST /wp-cron.php?doing_wp_cron=1775195790.7465078830718994140625 HTTP/1.1" 200 31 "-" "WordPress/6.9; http://cqqizhou.com"
113.83.195.93 - - [03/Apr/2026:13:56:30 +0800] "POST /wp-admin/admin-ajax.php HTTP/1.1" 200 112 "http://cqqizhou.com/wp-admin/post.php?post=2534&action=edit" "Mozilla/5.0 (Windows NT 10.0; Win64; x64) AppleWebKit/537.36 (KHTML, like Gecko) Chrome/145.0.0.0 Safari/537.36 Edg/145.0.0.0"
113.83.195.93 - - [03/Apr/2026:13:56:40 +0800] "POST /wp-admin/admin-ajax.php HTTP/1.1" 200 112 "http://cqqizhou.com/wp-admin/post.php?post=2534&action=edit" "Mozilla/5.0 (Windows NT 10.0; Win64; x64) AppleWebKit/537.36 (KHTML, like Gecko) Chrome/145.0.0.0 Safari/537.36 Edg/145.0.0.0"
113.83.195.93 - - [03/Apr/2026:13:56:50 +0800] "POST /wp-admin/admin-ajax.php HTTP/1.1" 200 112 "http://cqqizhou.com/wp-admin/post.php?post=2534&action=edit" "Mozilla/5.0 (Windows NT 10.0; Win64; x64) AppleWebKit/537.36 (KHTML, like Gecko) Chrome/145.0.0.0 Safari/537.36 Edg/145.0.0.0"
113.83.195.93 - - [03/Apr/2026:13:57:00 +0800] "POST /wp-admin/admin-ajax.php HTTP/1.1" 200 112 "http://cqqizhou.com/wp-admin/post.php?post=2534&action=edit" "Mozilla/5.0 (Windows NT 10.0; Win64; x64) AppleWebKit/537.36 (KHTML, like Gecko) Chrome/145.0.0.0 Safari/537.36 Edg/145.0.0.0"
36.133.115.36 - - [03/Apr/2026:13:57:10 +0800] "POST /wp-cron.php?doing_wp_cron=1775195830.7753338813781738281250 HTTP/1.1" 200 31 "-" "WordPress/6.9; http://cqqizhou.com"
113.83.195.93 - - [03/Apr/2026:13:57:10 +0800] "POST /wp-admin/admin-ajax.php HTTP/1.1" 200 112 "http://cqqizhou.com/wp-admin/post.php?post=2534&action=edit" "Mozilla/5.0 (Windows NT 10.0; Win64; x64) AppleWebKit/537.36 (KHTML, like Gecko) Chrome/145.0.0.0 Safari/537.36 Edg/145.0.0.0"
113.83.195.93 - - [03/Apr/2026:13:57:15 +0800] "POST /wp-admin/admin-ajax.php HTTP/1.1" 200 78 "http://cqqizhou.com/wp-admin/edit.php?post_type=post" "Mozilla/5.0 (Windows NT 10.0; Win64; x64) AppleWebKit/537.36 (KHTML, like Gecko) Chrome/145.0.0.0 Safari/537.36 Edg/145.0.0.0"
113.83.195.93 - - [03/Apr/2026:13:57:20 +0800] "POST /wp-admin/admin-ajax.php HTTP/1.1" 200 112 "http://cqqizhou.com/wp-admin/post.php?post=2534&action=edit" "Mozilla/5.0 (Windows NT 10.0; Win64; x64) AppleWebKit/537.36 (KHTML, like Gecko) Chrome/145.0.0.0 Safari/537.36 Edg/145.0.0.0"
113.83.195.93 - - [03/Apr/2026:13:57:30 +0800] "POST /wp-json/wp/v2/posts/2534/autosaves?_locale=user HTTP/1.1" 200 2237 "http://cqqizhou.com/wp-admin/post.php?post=2534&action=edit" "Mozilla/5.0 (Windows NT 10.0; Win64; x64) AppleWebKit/537.36 (KHTML, like Gecko) Chrome/145.0.0.0 Safari/537.36 Edg/145.0.0.0"
113.83.195.93 - - [03/Apr/2026:13:57:31 +0800] "POST /wp-admin/admin-ajax.php HTTP/1.1" 200 112 "http://cqqizhou.com/wp-admin/post.php?post=2534&action=edit" "Mozilla/5.0 (Windows NT 10.0; Win64; x64) AppleWebKit/537.36 (KHTML, like Gecko) Chrome/145.0.0.0 Safari/537.36 Edg/145.0.0.0"
113.83.195.93 - - [03/Apr/2026:13:57:40 +0800] "POST /wp-admin/admin-ajax.php HTTP/1.1" 200 112 "http://cqqizhou.com/wp-admin/post.php?post=2534&action=edit" "Mozilla/5.0 (Windows NT 10.0; Win64; x64) AppleWebKit/537.36 (KHTML, like Gecko) Chrome/145.0.0.0 Safari/537.36 Edg/145.0.0.0"
59.82.84.42 - - [03/Apr/2026:13:57:48 +0800] "GET / HTTP/1.1" 200 35201 "-" "Mozilla/5.0 (Windows NT 10.0; Win64; x64) AppleWebKit/537.36 (KHTML, like Gecko) Chrome/84.0.8887.96 Safari/537.36"
59.82.84.42 - - [03/Apr/2026:13:57:48 +0800] "GET / HTTP/1.1" 200 35219 "-" "Mozilla/5.0 (Windows NT 10.0; Win64; x64) AppleWebKit/537.36 (KHTML, like Gecko) Chrome/112.0.5550.57 Safari/537.36"
113.83.195.93 - - [03/Apr/2026:13:57:50 +0800] "POST /wp-admin/admin-ajax.php HTTP/1.1" 200 112 "http://cqqizhou.com/wp-admin/post.php?post=2534&action=edit" "Mozilla/5.0 (Windows NT 10.0; Win64; x64) AppleWebKit/537.36 (KHTML, like Gecko) Chrome/145.0.0.0 Safari/537.36 Edg/145.0.0.0"
113.83.195.93 - - [03/Apr/2026:13:58:00 +0800] "POST /wp-admin/admin-ajax.php HTTP/1.1" 200 112 "http://cqqizhou.com/wp-admin/post.php?post=2534&action=edit" "Mozilla/5.0 (Windows NT 10.0; Win64; x64) AppleWebKit/537.36 (KHTML, like Gecko) Chrome/145.0.0.0 Safari/537.36 Edg/145.0.0.0"
