223.104.79.29 - - [03/Apr/2026:13:23:02 +0800] "GET /wp-content/uploads/2025/07/1753453719-Article_images1_W900px-300x169.webp HTTP/1.1" 200 17316 "http://cqqizhou.com/wp-admin/post.php?post=2534&action=edit" "Mozilla/5.0 (Windows NT 10.0; Win64; x64) AppleWebKit/537.36 (KHTML, like Gecko) Chrome/145.0.0.0 Safari/537.36 Edg/145.0.0.0"
223.104.79.29 - - [03/Apr/2026:13:23:02 +0800] "GET /wp-content/uploads/2025/07/1753453127-%E4%BD%99%E5%8D%B7product_Single600%C3%97284-300x142.webp HTTP/1.1" 200 10690 "http://cqqizhou.com/wp-admin/post.php?post=2534&action=edit" "Mozilla/5.0 (Windows NT 10.0; Win64; x64) AppleWebKit/537.36 (KHTML, like Gecko) Chrome/145.0.0.0 Safari/537.36 Edg/145.0.0.0"
223.104.79.29 - - [03/Apr/2026:13:23:02 +0800] "GET /wp-content/uploads/2025/07/1751864682-Logistics800x500_2-300x188.webp HTTP/1.1" 200 9470 "http://cqqizhou.com/wp-admin/post.php?post=2534&action=edit" "Mozilla/5.0 (Windows NT 10.0; Win64; x64) AppleWebKit/537.36 (KHTML, like Gecko) Chrome/145.0.0.0 Safari/537.36 Edg/145.0.0.0"
223.104.79.29 - - [03/Apr/2026:13:23:02 +0800] "GET /wp-content/uploads/2025/07/1753453029-%E9%85%B8%E6%B4%97%E5%8D%B7product_Single600-300x300.webp HTTP/1.1" 200 10112 "http://cqqizhou.com/wp-admin/post.php?post=2534&action=edit" "Mozilla/5.0 (Windows NT 10.0; Win64; x64) AppleWebKit/537.36 (KHTML, like Gecko) Chrome/145.0.0.0 Safari/537.36 Edg/145.0.0.0"
223.104.79.29 - - [03/Apr/2026:13:23:02 +0800] "GET /wp-content/uploads/2025/07/1753410289-News2000%C3%97400_202571-300x60.webp HTTP/1.1" 200 2022 "http://cqqizhou.com/wp-admin/post.php?post=2534&action=edit" "Mozilla/5.0 (Windows NT 10.0; Win64; x64) AppleWebKit/537.36 (KHTML, like Gecko) Chrome/145.0.0.0 Safari/537.36 Edg/145.0.0.0"
223.104.79.29 - - [03/Apr/2026:13:23:02 +0800] "GET /wp-content/uploads/2025/07/1753405252-Services_Banner2000%C3%97400px2-300x60.webp HTTP/1.1" 200 3400 "http://cqqizhou.com/wp-admin/post.php?post=2534&action=edit" "Mozilla/5.0 (Windows NT 10.0; Win64; x64) AppleWebKit/537.36 (KHTML, like Gecko) Chrome/145.0.0.0 Safari/537.36 Edg/145.0.0.0"
223.104.79.29 - - [03/Apr/2026:13:23:02 +0800] "GET /wp-content/uploads/2025/07/1751864664-Logistics800x500_1-300x188.webp HTTP/1.1" 200 18996 "http://cqqizhou.com/wp-admin/post.php?post=2534&action=edit" "Mozilla/5.0 (Windows NT 10.0; Win64; x64) AppleWebKit/537.36 (KHTML, like Gecko) Chrome/145.0.0.0 Safari/537.36 Edg/145.0.0.0"
223.104.79.29 - - [03/Apr/2026:13:23:02 +0800] "GET /wp-content/uploads/2025/07/1750671808-partner6_200x50.webp HTTP/1.1" 200 3004 "http://cqqizhou.com/wp-admin/post.php?post=2534&action=edit" "Mozilla/5.0 (Windows NT 10.0; Win64; x64) AppleWebKit/537.36 (KHTML, like Gecko) Chrome/145.0.0.0 Safari/537.36 Edg/145.0.0.0"
223.104.79.29 - - [03/Apr/2026:13:23:02 +0800] "GET /wp-content/uploads/2025/07/1751829518-Precision-processing-services800x500.webp HTTP/1.1" 200 28964 "http://cqqizhou.com/wp-admin/post.php?post=2534&action=edit" "Mozilla/5.0 (Windows NT 10.0; Win64; x64) AppleWebKit/537.36 (KHTML, like Gecko) Chrome/145.0.0.0 Safari/537.36 Edg/145.0.0.0"
223.104.79.29 - - [03/Apr/2026:13:23:02 +0800] "GET /wp-content/uploads/2025/07/1751857929-3D-one-stop-supply-chain-service-W900px2.webp HTTP/1.1" 200 38362 "http://cqqizhou.com/wp-admin/post.php?post=2534&action=edit" "Mozilla/5.0 (Windows NT 10.0; Win64; x64) AppleWebKit/537.36 (KHTML, like Gecko) Chrome/145.0.0.0 Safari/537.36 Edg/145.0.0.0"
223.104.79.29 - - [03/Apr/2026:13:23:02 +0800] "GET /wp-content/uploads/2025/07/1750671806-partner5_200x50.webp HTTP/1.1" 200 2840 "http://cqqizhou.com/wp-admin/post.php?post=2534&action=edit" "Mozilla/5.0 (Windows NT 10.0; Win64; x64) AppleWebKit/537.36 (KHTML, like Gecko) Chrome/145.0.0.0 Safari/537.36 Edg/145.0.0.0"
223.104.79.29 - - [03/Apr/2026:13:23:02 +0800] "GET /wp-content/uploads/2025/07/1750671805-partner4_200x50.webp HTTP/1.1" 200 2390 "http://cqqizhou.com/wp-admin/post.php?post=2534&action=edit" "Mozilla/5.0 (Windows NT 10.0; Win64; x64) AppleWebKit/537.36 (KHTML, like Gecko) Chrome/145.0.0.0 Safari/537.36 Edg/145.0.0.0"
223.104.79.29 - - [03/Apr/2026:13:23:02 +0800] "GET /wp-content/uploads/2025/07/1750671803-partner3_200x50.webp HTTP/1.1" 200 4414 "http://cqqizhou.com/wp-admin/post.php?post=2534&action=edit" "Mozilla/5.0 (Windows NT 10.0; Win64; x64) AppleWebKit/537.36 (KHTML, like Gecko) Chrome/145.0.0.0 Safari/537.36 Edg/145.0.0.0"
223.104.79.29 - - [03/Apr/2026:13:23:02 +0800] "GET /wp-content/uploads/2025/07/1750671800-partner1_200x50.webp HTTP/1.1" 200 2244 "http://cqqizhou.com/wp-admin/post.php?post=2534&action=edit" "Mozilla/5.0 (Windows NT 10.0; Win64; x64) AppleWebKit/537.36 (KHTML, like Gecko) Chrome/145.0.0.0 Safari/537.36 Edg/145.0.0.0"
223.104.79.29 - - [03/Apr/2026:13:23:02 +0800] "GET /wp-content/uploads/2025/07/1750671801-partner2_200x50.webp HTTP/1.1" 200 3946 "http://cqqizhou.com/wp-admin/post.php?post=2534&action=edit" "Mozilla/5.0 (Windows NT 10.0; Win64; x64) AppleWebKit/537.36 (KHTML, like Gecko) Chrome/145.0.0.0 Safari/537.36 Edg/145.0.0.0"
223.104.79.29 - - [03/Apr/2026:13:23:02 +0800] "GET /wp-content/uploads/2025/07/1750945650-honor300%C3%97206_6.webp HTTP/1.1" 200 66306 "http://cqqizhou.com/wp-admin/post.php?post=2534&action=edit" "Mozilla/5.0 (Windows NT 10.0; Win64; x64) AppleWebKit/537.36 (KHTML, like Gecko) Chrome/145.0.0.0 Safari/537.36 Edg/145.0.0.0"
223.104.79.29 - - [03/Apr/2026:13:23:02 +0800] "GET /wp-content/uploads/2025/07/1750005875-qizhou_map2025616.webp HTTP/1.1" 200 348798 "http://cqqizhou.com/wp-admin/post.php?post=2534&action=edit" "Mozilla/5.0 (Windows NT 10.0; Win64; x64) AppleWebKit/537.36 (KHTML, like Gecko) Chrome/145.0.0.0 Safari/537.36 Edg/145.0.0.0"
223.104.79.29 - - [03/Apr/2026:13:23:02 +0800] "GET /wp-content/uploads/2025/07/1750945514-honor300%C3%97206_3.webp HTTP/1.1" 200 74124 "http://cqqizhou.com/wp-admin/post.php?post=2534&action=edit" "Mozilla/5.0 (Windows NT 10.0; Win64; x64) AppleWebKit/537.36 (KHTML, like Gecko) Chrome/145.0.0.0 Safari/537.36 Edg/145.0.0.0"
223.104.79.29 - - [03/Apr/2026:13:23:02 +0800] "GET /wp-content/uploads/2025/07/1750945616-honor300%C3%97206_4.webp HTTP/1.1" 200 33814 "http://cqqizhou.com/wp-admin/post.php?post=2534&action=edit" "Mozilla/5.0 (Windows NT 10.0; Win64; x64) AppleWebKit/537.36 (KHTML, like Gecko) Chrome/145.0.0.0 Safari/537.36 Edg/145.0.0.0"
223.104.79.29 - - [03/Apr/2026:13:23:02 +0800] "GET /wp-content/uploads/2025/07/1750945444-honor300%C3%97206_2.webp HTTP/1.1" 200 71296 "http://cqqizhou.com/wp-admin/post.php?post=2534&action=edit" "Mozilla/5.0 (Windows NT 10.0; Win64; x64) AppleWebKit/537.36 (KHTML, like Gecko) Chrome/145.0.0.0 Safari/537.36 Edg/145.0.0.0"
223.104.79.29 - - [03/Apr/2026:13:23:02 +0800] "GET /wp-content/uploads/2025/07/1750945637-honor300%C3%97206_5.webp HTTP/1.1" 200 77368 "http://cqqizhou.com/wp-admin/post.php?post=2534&action=edit" "Mozilla/5.0 (Windows NT 10.0; Win64; x64) AppleWebKit/537.36 (KHTML, like Gecko) Chrome/145.0.0.0 Safari/537.36 Edg/145.0.0.0"
36.133.115.36 - - [03/Apr/2026:13:23:08 +0800] "POST /wp-cron.php?doing_wp_cron=1775193788.5289249420166015625000 HTTP/1.1" 200 31 "-" "WordPress/6.9; http://cqqizhou.com"
223.104.79.29 - - [03/Apr/2026:13:23:08 +0800] "GET /wp-json/wp/v2/media/2118?context=view&_locale=user HTTP/1.1" 200 986 "http://cqqizhou.com/wp-admin/post.php?post=2534&action=edit" "Mozilla/5.0 (Windows NT 10.0; Win64; x64) AppleWebKit/537.36 (KHTML, like Gecko) Chrome/145.0.0.0 Safari/537.36 Edg/145.0.0.0"
223.104.79.29 - - [03/Apr/2026:13:23:08 +0800] "GET /wp-content/uploads/2025/07/1751864664-Logistics800x500_1-150x150.webp HTTP/1.1" 200 9214 "http://cqqizhou.com/wp-admin/post.php?post=2534&action=edit" "Mozilla/5.0 (Windows NT 10.0; Win64; x64) AppleWebKit/537.36 (KHTML, like Gecko) Chrome/145.0.0.0 Safari/537.36 Edg/145.0.0.0"
223.104.79.29 - - [03/Apr/2026:13:23:09 +0800] "POST /wp-admin/admin-ajax.php HTTP/1.1" 200 112 "http://cqqizhou.com/wp-admin/post.php?post=2534&action=edit" "Mozilla/5.0 (Windows NT 10.0; Win64; x64) AppleWebKit/537.36 (KHTML, like Gecko) Chrome/145.0.0.0 Safari/537.36 Edg/145.0.0.0"
223.104.79.29 - - [03/Apr/2026:13:23:09 +0800] "POST /wp-json/wp/v2/posts/2534/autosaves?_locale=user HTTP/1.1" 200 1934 "http://cqqizhou.com/wp-admin/post.php?post=2534&action=edit" "Mozilla/5.0 (Windows NT 10.0; Win64; x64) AppleWebKit/537.36 (KHTML, like Gecko) Chrome/145.0.0.0 Safari/537.36 Edg/145.0.0.0"
223.104.79.29 - - [03/Apr/2026:13:23:12 +0800] "GET /wp-json/wp/v2/tags?context=edit&per_page=1&_locale=user HTTP/1.1" 200 320 "http://cqqizhou.com/wp-admin/post.php?post=2534&action=edit" "Mozilla/5.0 (Windows NT 10.0; Win64; x64) AppleWebKit/537.36 (KHTML, like Gecko) Chrome/145.0.0.0 Safari/537.36 Edg/145.0.0.0"
223.104.79.29 - - [03/Apr/2026:13:23:12 +0800] "GET /wp-json/wp/v2/categories/1?context=edit&_locale=user HTTP/1.1" 200 331 "http://cqqizhou.com/wp-admin/post.php?post=2534&action=edit" "Mozilla/5.0 (Windows NT 10.0; Win64; x64) AppleWebKit/537.36 (KHTML, like Gecko) Chrome/145.0.0.0 Safari/537.36 Edg/145.0.0.0"
223.104.79.29 - - [03/Apr/2026:13:23:12 +0800] "GET /wp-json/wp/v2/categories?context=edit&exclude%5B0%5D=1&per_page=1&_locale=user HTTP/1.1" 200 348 "http://cqqizhou.com/wp-admin/post.php?post=2534&action=edit" "Mozilla/5.0 (Windows NT 10.0; Win64; x64) AppleWebKit/537.36 (KHTML, like Gecko) Chrome/145.0.0.0 Safari/537.36 Edg/145.0.0.0"
223.104.79.29 - - [03/Apr/2026:13:23:19 +0800] "POST /wp-admin/admin-ajax.php HTTP/1.1" 200 112 "http://cqqizhou.com/wp-admin/post.php?post=2534&action=edit" "Mozilla/5.0 (Windows NT 10.0; Win64; x64) AppleWebKit/537.36 (KHTML, like Gecko) Chrome/145.0.0.0 Safari/537.36 Edg/145.0.0.0"
223.104.79.29 - - [03/Apr/2026:13:23:26 +0800] "POST /wp-json/wp/v2/posts/2534?_locale=user HTTP/1.1" 200 2592 "http://cqqizhou.com/wp-admin/post.php?post=2534&action=edit" "Mozilla/5.0 (Windows NT 10.0; Win64; x64) AppleWebKit/537.36 (KHTML, like Gecko) Chrome/145.0.0.0 Safari/537.36 Edg/145.0.0.0"
223.104.79.29 - - [03/Apr/2026:13:23:27 +0800] "POST /wp-admin/post.php?post=2534&action=edit&meta-box-loader=1&meta-box-loader-nonce=71d9c6a1fc&_locale=user HTTP/1.1" 302 5 "http://cqqizhou.com/wp-admin/post.php?post=2534&action=edit" "Mozilla/5.0 (Windows NT 10.0; Win64; x64) AppleWebKit/537.36 (KHTML, like Gecko) Chrome/145.0.0.0 Safari/537.36 Edg/145.0.0.0"
223.104.79.29 - - [03/Apr/2026:13:23:29 +0800] "POST /wp-admin/admin-ajax.php HTTP/1.1" 200 112 "http://cqqizhou.com/wp-admin/post.php?post=2534&action=edit" "Mozilla/5.0 (Windows NT 10.0; Win64; x64) AppleWebKit/537.36 (KHTML, like Gecko) Chrome/145.0.0.0 Safari/537.36 Edg/145.0.0.0"
223.104.79.29 - - [03/Apr/2026:13:23:29 +0800] "GET /wp-admin/post.php?post=2534&action=edit&message=4 HTTP/1.1" 200 205111 "http://cqqizhou.com/wp-admin/post.php?post=2534&action=edit" "Mozilla/5.0 (Windows NT 10.0; Win64; x64) AppleWebKit/537.36 (KHTML, like Gecko) Chrome/145.0.0.0 Safari/537.36 Edg/145.0.0.0"
223.104.79.29 - - [03/Apr/2026:13:23:33 +0800] "GET /news/2534 HTTP/1.1" 200 28724 "http://cqqizhou.com/wp-admin/post.php?post=2534&action=edit" "Mozilla/5.0 (Windows NT 10.0; Win64; x64) AppleWebKit/537.36 (KHTML, like Gecko) Chrome/145.0.0.0 Safari/537.36 Edg/145.0.0.0"
223.104.79.29 - - [03/Apr/2026:13:23:34 +0800] "GET /wp-content/uploads/2026/03/1773722869-1Article_images_W900px.webp HTTP/1.1" 200 28566 "http://cqqizhou.com/news/2534" "Mozilla/5.0 (Windows NT 10.0; Win64; x64) AppleWebKit/537.36 (KHTML, like Gecko) Chrome/145.0.0.0 Safari/537.36 Edg/145.0.0.0"
223.104.79.29 - - [03/Apr/2026:13:23:34 +0800] "GET /wp-content/uploads/2025/07/1751864664-Logistics800x500_1.webp HTTP/1.1" 200 76914 "http://cqqizhou.com/news/2534" "Mozilla/5.0 (Windows NT 10.0; Win64; x64) AppleWebKit/537.36 (KHTML, like Gecko) Chrome/145.0.0.0 Safari/537.36 Edg/145.0.0.0"
223.104.79.29 - - [03/Apr/2026:13:23:34 +0800] "GET /wp-content/uploads/2026/03/1772790791-%E5%B0%81%E9%9D%A2%E5%A4%B4%E5%9B%BEArticle_images_W900%C3%97500px2026.webp HTTP/1.1" 200 52968 "http://cqqizhou.com/news/2534" "Mozilla/5.0 (Windows NT 10.0; Win64; x64) AppleWebKit/537.36 (KHTML, like Gecko) Chrome/145.0.0.0 Safari/537.36 Edg/145.0.0.0"
223.104.79.29 - - [03/Apr/2026:13:23:34 +0800] "GET /wp-content/uploads/2025/07/1753410289-News2000%C3%97400_202571.webp HTTP/1.1" 200 17830 "http://cqqizhou.com/news/2534" "Mozilla/5.0 (Windows NT 10.0; Win64; x64) AppleWebKit/537.36 (KHTML, like Gecko) Chrome/145.0.0.0 Safari/537.36 Edg/145.0.0.0"
223.104.79.29 - - [03/Apr/2026:13:23:39 +0800] "POST /wp-admin/admin-ajax.php HTTP/1.1" 200 112 "http://cqqizhou.com/wp-admin/post.php?post=2534&action=edit" "Mozilla/5.0 (Windows NT 10.0; Win64; x64) AppleWebKit/537.36 (KHTML, like Gecko) Chrome/145.0.0.0 Safari/537.36 Edg/145.0.0.0"
223.104.79.29 - - [03/Apr/2026:13:23:43 +0800] "GET /media HTTP/1.1" 200 34511 "http://cqqizhou.com/news/2534" "Mozilla/5.0 (Windows NT 10.0; Win64; x64) AppleWebKit/537.36 (KHTML, like Gecko) Chrome/145.0.0.0 Safari/537.36 Edg/145.0.0.0"
223.104.79.29 - - [03/Apr/2026:13:23:43 +0800] "GET /wp-content/uploads/2025/07/1751864664-Logistics800x500_1-768x480.webp HTTP/1.1" 200 83946 "http://cqqizhou.com/media" "Mozilla/5.0 (Windows NT 10.0; Win64; x64) AppleWebKit/537.36 (KHTML, like Gecko) Chrome/145.0.0.0 Safari/537.36 Edg/145.0.0.0"
223.104.79.29 - - [03/Apr/2026:13:23:43 +0800] "GET /wp-content/uploads/2026/03/1773722869-1Article_images_W900px-768x432.webp HTTP/1.1" 200 29024 "http://cqqizhou.com/media" "Mozilla/5.0 (Windows NT 10.0; Win64; x64) AppleWebKit/537.36 (KHTML, like Gecko) Chrome/145.0.0.0 Safari/537.36 Edg/145.0.0.0"
223.104.79.29 - - [03/Apr/2026:13:23:43 +0800] "GET /wp-content/uploads/2026/03/1772790791-%E5%B0%81%E9%9D%A2%E5%A4%B4%E5%9B%BEArticle_images_W900%C3%97500px2026-768x427.webp HTTP/1.1" 200 52514 "http://cqqizhou.com/media" "Mozilla/5.0 (Windows NT 10.0; Win64; x64) AppleWebKit/537.36 (KHTML, like Gecko) Chrome/145.0.0.0 Safari/537.36 Edg/145.0.0.0"
223.104.79.29 - - [03/Apr/2026:13:23:43 +0800] "GET /wp-content/uploads/media/qizhou_Brochure.webp HTTP/1.1" 200 26142 "http://cqqizhou.com/media" "Mozilla/5.0 (Windows NT 10.0; Win64; x64) AppleWebKit/537.36 (KHTML, like Gecko) Chrome/145.0.0.0 Safari/537.36 Edg/145.0.0.0"
36.133.115.36 - - [03/Apr/2026:13:28:10 +0800] "POST /wp-cron.php?doing_wp_cron=1775194090.0146369934082031250000 HTTP/1.1" 200 31 "-" "WordPress/6.9; http://cqqizhou.com"
113.83.195.93 - - [03/Apr/2026:13:28:10 +0800] "POST /wp-admin/admin-ajax.php HTTP/1.1" 200 112 "http://cqqizhou.com/wp-admin/post.php?post=2534&action=edit" "Mozilla/5.0 (Windows NT 10.0; Win64; x64) AppleWebKit/537.36 (KHTML, like Gecko) Chrome/145.0.0.0 Safari/537.36 Edg/145.0.0.0"
36.133.115.36 - - [03/Apr/2026:13:29:44 +0800] "POST /wp-cron.php?doing_wp_cron=1775194184.5411450862884521484375 HTTP/1.1" 200 31 "-" "WordPress/6.9; http://cqqizhou.com"
113.83.195.93 - - [03/Apr/2026:13:29:44 +0800] "POST /wp-admin/admin-ajax.php HTTP/1.1" 200 112 "http://cqqizhou.com/wp-admin/post.php?post=2534&action=edit" "Mozilla/5.0 (Windows NT 10.0; Win64; x64) AppleWebKit/537.36 (KHTML, like Gecko) Chrome/145.0.0.0 Safari/537.36 Edg/145.0.0.0"
36.133.115.36 - - [03/Apr/2026:13:33:44 +0800] "POST /wp-cron.php?doing_wp_cron=1775194424.7678411006927490234375 HTTP/1.1" 200 31 "-" "WordPress/6.9; http://cqqizhou.com"
223.104.79.29 - - [03/Apr/2026:13:33:44 +0800] "POST /wp-admin/admin-ajax.php HTTP/1.1" 200 112 "http://cqqizhou.com/wp-admin/post.php?post=2534&action=edit" "Mozilla/5.0 (Windows NT 10.0; Win64; x64) AppleWebKit/537.36 (KHTML, like Gecko) Chrome/145.0.0.0 Safari/537.36 Edg/145.0.0.0"
14.108.234.14 - - [03/Apr/2026:13:33:49 +0800] "GET /2388/ HTTP/1.1" 301 5 "-" "Mozilla/5.0 (Windows NT 10.0; Win64; x64) AppleWebKit/537.36 (KHTML, like Gecko) Chrome/132.0.0.0 Safari/537.36 NetType/WIFI MicroMessenger/7.0.20.1781(0x6700143B) WindowsWechat(0x63090a13) UnifiedPCWindowsWechat(0xf254181c) XWEB/19201 Flue"
14.108.234.14 - - [03/Apr/2026:13:33:51 +0800] "GET /news/2388 HTTP/1.1" 200 20829 "-" "Mozilla/5.0 (Windows NT 10.0; Win64; x64) AppleWebKit/537.36 (KHTML, like Gecko) Chrome/132.0.0.0 Safari/537.36 NetType/WIFI MicroMessenger/7.0.20.1781(0x6700143B) WindowsWechat(0x63090a13) UnifiedPCWindowsWechat(0xf254181c) XWEB/19201 Flue"
14.108.234.14 - - [03/Apr/2026:13:33:51 +0800] "GET /wp-content/uploads/2025/07/1753410289-News2000%C3%97400_202571.webp HTTP/1.1" 200 17830 "http://cqqizhou.com/news/2388" "Mozilla/5.0 (Windows NT 10.0; Win64; x64) AppleWebKit/537.36 (KHTML, like Gecko) Chrome/132.0.0.0 Safari/537.36 NetType/WIFI MicroMessenger/7.0.20.1781(0x6700143B) WindowsWechat(0x63090a13) UnifiedPCWindowsWechat(0xf254181c) XWEB/19201 Flue"
14.108.234.14 - - [03/Apr/2026:13:33:51 +0800] "GET /wp-content/uploads/2025/12/1766647832-Article_images_W900%C3%97500px20251225.webp HTTP/1.1" 200 44582 "http://cqqizhou.com/news/2388" "Mozilla/5.0 (Windows NT 10.0; Win64; x64) AppleWebKit/537.36 (KHTML, like Gecko) Chrome/132.0.0.0 Safari/537.36 NetType/WIFI MicroMessenger/7.0.20.1781(0x6700143B) WindowsWechat(0x63090a13) UnifiedPCWindowsWechat(0xf254181c) XWEB/19201 Flue"
14.108.234.14 - - [03/Apr/2026:13:33:51 +0800] "GET /wp-content/uploads/2025/12/1766647829-Article_images_202512251.webp HTTP/1.1" 200 53246 "http://cqqizhou.com/news/2388" "Mozilla/5.0 (Windows NT 10.0; Win64; x64) AppleWebKit/537.36 (KHTML, like Gecko) Chrome/132.0.0.0 Safari/537.36 NetType/WIFI MicroMessenger/7.0.20.1781(0x6700143B) WindowsWechat(0x63090a13) UnifiedPCWindowsWechat(0xf254181c) XWEB/19201 Flue"
14.108.234.14 - - [03/Apr/2026:13:33:51 +0800] "GET /wp-content/uploads/2025/12/1766647831-Article_images_202512254.webp HTTP/1.1" 200 55610 "http://cqqizhou.com/news/2388" "Mozilla/5.0 (Windows NT 10.0; Win64; x64) AppleWebKit/537.36 (KHTML, like Gecko) Chrome/132.0.0.0 Safari/537.36 NetType/WIFI MicroMessenger/7.0.20.1781(0x6700143B) WindowsWechat(0x63090a13) UnifiedPCWindowsWechat(0xf254181c) XWEB/19201 Flue"
14.108.234.14 - - [03/Apr/2026:13:33:51 +0800] "GET /wp-content/uploads/2025/07/1751864664-Logistics800x500_1.webp HTTP/1.1" 200 76914 "http://cqqizhou.com/news/2388" "Mozilla/5.0 (Windows NT 10.0; Win64; x64) AppleWebKit/537.36 (KHTML, like Gecko) Chrome/132.0.0.0 Safari/537.36 NetType/WIFI MicroMessenger/7.0.20.1781(0x6700143B) WindowsWechat(0x63090a13) UnifiedPCWindowsWechat(0xf254181c) XWEB/19201 Flue"
14.108.234.14 - - [03/Apr/2026:13:33:51 +0800] "GET /wp-content/uploads/2026/03/1773722869-1Article_images_W900px.webp HTTP/1.1" 200 28566 "http://cqqizhou.com/news/2388" "Mozilla/5.0 (Windows NT 10.0; Win64; x64) AppleWebKit/537.36 (KHTML, like Gecko) Chrome/132.0.0.0 Safari/537.36 NetType/WIFI MicroMessenger/7.0.20.1781(0x6700143B) WindowsWechat(0x63090a13) UnifiedPCWindowsWechat(0xf254181c) XWEB/19201 Flue"
14.108.234.14 - - [03/Apr/2026:13:33:51 +0800] "GET /wp-content/uploads/2025/07/1751425283-qizhou.kf_.qq_.com_.webp HTTP/1.1" 200 16864 "http://cqqizhou.com/news/2388" "Mozilla/5.0 (Windows NT 10.0; Win64; x64) AppleWebKit/537.36 (KHTML, like Gecko) Chrome/132.0.0.0 Safari/537.36 NetType/WIFI MicroMessenger/7.0.20.1781(0x6700143B) WindowsWechat(0x63090a13) UnifiedPCWindowsWechat(0xf254181c) XWEB/19201 Flue"
14.108.234.14 - - [03/Apr/2026:13:33:52 +0800] "GET /wp-content/uploads/2025/12/1766647831-Article_images_202512253.webp HTTP/1.1" 200 115480 "http://cqqizhou.com/news/2388" "Mozilla/5.0 (Windows NT 10.0; Win64; x64) AppleWebKit/537.36 (KHTML, like Gecko) Chrome/132.0.0.0 Safari/537.36 NetType/WIFI MicroMessenger/7.0.20.1781(0x6700143B) WindowsWechat(0x63090a13) UnifiedPCWindowsWechat(0xf254181c) XWEB/19201 Flue"
14.108.234.14 - - [03/Apr/2026:13:33:57 +0800] "GET / HTTP/1.1" 200 40669 "http://cqqizhou.com/news/2388" "Mozilla/5.0 (Windows NT 10.0; Win64; x64) AppleWebKit/537.36 (KHTML, like Gecko) Chrome/132.0.0.0 Safari/537.36 NetType/WIFI MicroMessenger/7.0.20.1781(0x6700143B) WindowsWechat(0x63090a13) UnifiedPCWindowsWechat(0xf254181c) XWEB/19201 Flue"
14.108.234.14 - - [03/Apr/2026:13:33:59 +0800] "GET /wp-content/uploads/2025/12/1765268955-qizhou_Slider1_3840%C3%972160_20251210-scaled.webp HTTP/1.1" 200 152162 "http://cqqizhou.com/" "Mozilla/5.0 (Windows NT 10.0; Win64; x64) AppleWebKit/537.36 (KHTML, like Gecko) Chrome/132.0.0.0 Safari/537.36 NetType/WIFI MicroMessenger/7.0.20.1781(0x6700143B) WindowsWechat(0x63090a13) UnifiedPCWindowsWechat(0xf254181c) XWEB/19201 Flue"
14.108.234.14 - - [03/Apr/2026:13:33:59 +0800] "GET /wp-content/uploads/2025/07/1753456723-%E5%8F%8C%E7%9B%B8%E9%92%A2roduct_Single600.webp HTTP/1.1" 200 22790 "http://cqqizhou.com/" "Mozilla/5.0 (Windows NT 10.0; Win64; x64) AppleWebKit/537.36 (KHTML, like Gecko) Chrome/132.0.0.0 Safari/537.36 NetType/WIFI MicroMessenger/7.0.20.1781(0x6700143B) WindowsWechat(0x63090a13) UnifiedPCWindowsWechat(0xf254181c) XWEB/19201 Flue"
14.108.234.14 - - [03/Apr/2026:13:33:59 +0800] "GET /wp-content/uploads/2025/07/1753456770-%E7%83%AD%E9%95%80%E9%94%8C%E5%8D%B7product_Single600.webp HTTP/1.1" 200 27502 "http://cqqizhou.com/" "Mozilla/5.0 (Windows NT 10.0; Win64; x64) AppleWebKit/537.36 (KHTML, like Gecko) Chrome/132.0.0.0 Safari/537.36 NetType/WIFI MicroMessenger/7.0.20.1781(0x6700143B) WindowsWechat(0x63090a13) UnifiedPCWindowsWechat(0xf254181c) XWEB/19201 Flue"
14.108.234.14 - - [03/Apr/2026:13:33:59 +0800] "GET /wp-content/uploads/2025/07/1753453096-%E5%8F%8C%E7%9B%B8%E9%92%A2product_Single600%C3%97284.webp HTTP/1.1" 200 14562 "http://cqqizhou.com/" "Mozilla/5.0 (Windows NT 10.0; Win64; x64) AppleWebKit/537.36 (KHTML, like Gecko) Chrome/132.0.0.0 Safari/537.36 NetType/WIFI MicroMessenger/7.0.20.1781(0x6700143B) WindowsWechat(0x63090a13) UnifiedPCWindowsWechat(0xf254181c) XWEB/19201 Flue"
14.108.234.14 - - [03/Apr/2026:13:33:59 +0800] "GET /wp-content/uploads/2025/07/1753453127-%E4%BD%99%E5%8D%B7product_Single600%C3%97284.webp HTTP/1.1" 200 18744 "http://cqqizhou.com/" "Mozilla/5.0 (Windows NT 10.0; Win64; x64) AppleWebKit/537.36 (KHTML, like Gecko) Chrome/132.0.0.0 Safari/537.36 NetType/WIFI MicroMessenger/7.0.20.1781(0x6700143B) WindowsWechat(0x63090a13) UnifiedPCWindowsWechat(0xf254181c) XWEB/19201 Flue"
14.108.234.14 - - [03/Apr/2026:13:33:59 +0800] "GET /wp-content/uploads/revslider/slider-1/1750861156-logistics_Slider_3840%C3%972160_20250625191356-scaled-50x100.webp HTTP/1.1" 200 1416 "http://cqqizhou.com/" "Mozilla/5.0 (Windows NT 10.0; Win64; x64) AppleWebKit/537.36 (KHTML, like Gecko) Chrome/132.0.0.0 Safari/537.36 NetType/WIFI MicroMessenger/7.0.20.1781(0x6700143B) WindowsWechat(0x63090a13) UnifiedPCWindowsWechat(0xf254181c) XWEB/19201 Flue"
14.108.234.14 - - [03/Apr/2026:13:33:59 +0800] "GET /wp-content/uploads/2026/01/1768276119-qizhoujiagong_Slider_3840%C3%972160_20260113-scaled-50x100.webp HTTP/1.1" 200 976 "http://cqqizhou.com/" "Mozilla/5.0 (Windows NT 10.0; Win64; x64) AppleWebKit/537.36 (KHTML, like Gecko) Chrome/132.0.0.0 Safari/537.36 NetType/WIFI MicroMessenger/7.0.20.1781(0x6700143B) WindowsWechat(0x63090a13) UnifiedPCWindowsWechat(0xf254181c) XWEB/19201 Flue"
14.108.234.14 - - [03/Apr/2026:13:34:00 +0800] "GET /wp-json/sliderrevolution/sliders/1?srengine=7&slideid=2 HTTP/1.1" 200 2000 "http://cqqizhou.com/" "Mozilla/5.0 (Windows NT 10.0; Win64; x64) AppleWebKit/537.36 (KHTML, like Gecko) Chrome/132.0.0.0 Safari/537.36 NetType/WIFI MicroMessenger/7.0.20.1781(0x6700143B) WindowsWechat(0x63090a13) UnifiedPCWindowsWechat(0xf254181c) XWEB/19201 Flue"
14.108.234.14 - - [03/Apr/2026:13:34:00 +0800] "GET /wp-content/uploads/revslider/slider-1/1750861156-logistics_Slider_3840%C3%972160_20250625191356-scaled.webp HTTP/1.1" 200 197360 "http://cqqizhou.com/" "Mozilla/5.0 (Windows NT 10.0; Win64; x64) AppleWebKit/537.36 (KHTML, like Gecko) Chrome/132.0.0.0 Safari/537.36 NetType/WIFI MicroMessenger/7.0.20.1781(0x6700143B) WindowsWechat(0x63090a13) UnifiedPCWindowsWechat(0xf254181c) XWEB/19201 Flue"
14.108.234.14 - - [03/Apr/2026:13:34:00 +0800] "GET /wp-json/sliderrevolution/sliders/1?srengine=7&slideid=4 HTTP/1.1" 200 2580 "http://cqqizhou.com/" "Mozilla/5.0 (Windows NT 10.0; Win64; x64) AppleWebKit/537.36 (KHTML, like Gecko) Chrome/132.0.0.0 Safari/537.36 NetType/WIFI MicroMessenger/7.0.20.1781(0x6700143B) WindowsWechat(0x63090a13) UnifiedPCWindowsWechat(0xf254181c) XWEB/19201 Flue"
14.108.234.14 - - [03/Apr/2026:13:34:00 +0800] "GET /wp-content/uploads/2026/01/1768276119-qizhoujiagong_Slider_3840%C3%972160_20260113-scaled.webp HTTP/1.1" 200 131696 "http://cqqizhou.com/" "Mozilla/5.0 (Windows NT 10.0; Win64; x64) AppleWebKit/537.36 (KHTML, like Gecko) Chrome/132.0.0.0 Safari/537.36 NetType/WIFI MicroMessenger/7.0.20.1781(0x6700143B) WindowsWechat(0x63090a13) UnifiedPCWindowsWechat(0xf254181c) XWEB/19201 Flue"
14.108.234.14 - - [03/Apr/2026:13:34:00 +0800] "POST /wp-admin/admin-ajax.php HTTP/1.1" 200 397 "http://cqqizhou.com/" "Mozilla/5.0 (Windows NT 10.0; Win64; x64) AppleWebKit/537.36 (KHTML, like Gecko) Chrome/132.0.0.0 Safari/537.36 NetType/WIFI MicroMessenger/7.0.20.1781(0x6700143B) WindowsWechat(0x63090a13) UnifiedPCWindowsWechat(0xf254181c) XWEB/19201 Flue"
14.108.234.14 - - [03/Apr/2026:13:34:01 +0800] "GET /wp-content/uploads/2025/07/1750174127-Marketing1920x800_3.webp HTTP/1.1" 200 52790 "http://cqqizhou.com/wp-content/uploads/elementor/css/post-1666.css?ver=1773725585" "Mozilla/5.0 (Windows NT 10.0; Win64; x64) AppleWebKit/537.36 (KHTML, like Gecko) Chrome/132.0.0.0 Safari/537.36 NetType/WIFI MicroMessenger/7.0.20.1781(0x6700143B) WindowsWechat(0x63090a13) UnifiedPCWindowsWechat(0xf254181c) XWEB/19201 Flue"
14.108.234.14 - - [03/Apr/2026:13:34:07 +0800] "GET /media HTTP/1.1" 200 26432 "http://cqqizhou.com/" "Mozilla/5.0 (Windows NT 10.0; Win64; x64) AppleWebKit/537.36 (KHTML, like Gecko) Chrome/132.0.0.0 Safari/537.36 NetType/WIFI MicroMessenger/7.0.20.1781(0x6700143B) WindowsWechat(0x63090a13) UnifiedPCWindowsWechat(0xf254181c) XWEB/19201 Flue"
14.108.234.14 - - [03/Apr/2026:13:34:07 +0800] "GET /wp-content/uploads/2026/02/1772086672-%E5%BC%80%E5%B7%A5%E5%A4%A7%E5%90%89%E5%B0%81%E9%9D%A2%E5%A4%B4%E5%9B%BEArticle_images_W900%C3%97500px-300x167.webp HTTP/1.1" 200 21246 "http://cqqizhou.com/media" "Mozilla/5.0 (Windows NT 10.0; Win64; x64) AppleWebKit/537.36 (KHTML, like Gecko) Chrome/132.0.0.0 Safari/537.36 NetType/WIFI MicroMessenger/7.0.20.1781(0x6700143B) WindowsWechat(0x63090a13) UnifiedPCWindowsWechat(0xf254181c) XWEB/19201 Flue"
14.108.234.14 - - [03/Apr/2026:13:34:07 +0800] "GET /wp-content/uploads/2025/07/1751864664-Logistics800x500_1-300x188.webp HTTP/1.1" 200 18996 "http://cqqizhou.com/media" "Mozilla/5.0 (Windows NT 10.0; Win64; x64) AppleWebKit/537.36 (KHTML, like Gecko) Chrome/132.0.0.0 Safari/537.36 NetType/WIFI MicroMessenger/7.0.20.1781(0x6700143B) WindowsWechat(0x63090a13) UnifiedPCWindowsWechat(0xf254181c) XWEB/19201 Flue"
14.108.234.14 - - [03/Apr/2026:13:34:07 +0800] "GET /wp-content/uploads/2026/03/1773722869-1Article_images_W900px-300x169.webp HTTP/1.1" 200 8634 "http://cqqizhou.com/media" "Mozilla/5.0 (Windows NT 10.0; Win64; x64) AppleWebKit/537.36 (KHTML, like Gecko) Chrome/132.0.0.0 Safari/537.36 NetType/WIFI MicroMessenger/7.0.20.1781(0x6700143B) WindowsWechat(0x63090a13) UnifiedPCWindowsWechat(0xf254181c) XWEB/19201 Flue"
14.108.234.14 - - [03/Apr/2026:13:34:07 +0800] "GET /wp-content/uploads/2026/03/1772790791-%E5%B0%81%E9%9D%A2%E5%A4%B4%E5%9B%BEArticle_images_W900%C3%97500px2026-300x167.webp HTTP/1.1" 200 14144 "http://cqqizhou.com/media" "Mozilla/5.0 (Windows NT 10.0; Win64; x64) AppleWebKit/537.36 (KHTML, like Gecko) Chrome/132.0.0.0 Safari/537.36 NetType/WIFI MicroMessenger/7.0.20.1781(0x6700143B) WindowsWechat(0x63090a13) UnifiedPCWindowsWechat(0xf254181c) XWEB/19201 Flue"
14.108.234.14 - - [03/Apr/2026:13:34:07 +0800] "GET /wp-content/uploads/media/qizhou_Brochure.webp HTTP/1.1" 200 26142 "http://cqqizhou.com/media" "Mozilla/5.0 (Windows NT 10.0; Win64; x64) AppleWebKit/537.36 (KHTML, like Gecko) Chrome/132.0.0.0 Safari/537.36 NetType/WIFI MicroMessenger/7.0.20.1781(0x6700143B) WindowsWechat(0x63090a13) UnifiedPCWindowsWechat(0xf254181c) XWEB/19201 Flue"
36.133.115.36 - - [03/Apr/2026:13:34:12 +0800] "POST /wp-cron.php?doing_wp_cron=1775194452.4882340431213378906250 HTTP/1.1" 200 31 "-" "WordPress/6.9; http://cqqizhou.com"
14.108.234.14 - - [03/Apr/2026:13:34:12 +0800] "GET /news/2534 HTTP/1.1" 200 24264 "http://cqqizhou.com/media" "Mozilla/5.0 (Windows NT 10.0; Win64; x64) AppleWebKit/537.36 (KHTML, like Gecko) Chrome/132.0.0.0 Safari/537.36 NetType/WIFI MicroMessenger/7.0.20.1781(0x6700143B) WindowsWechat(0x63090a13) UnifiedPCWindowsWechat(0xf254181c) XWEB/19201 Flue"
14.108.234.14 - - [03/Apr/2026:13:34:12 +0800] "GET /wp-content/uploads/2026/03/1772790791-%E5%B0%81%E9%9D%A2%E5%A4%B4%E5%9B%BEArticle_images_W900%C3%97500px2026.webp HTTP/1.1" 200 52968 "http://cqqizhou.com/news/2534" "Mozilla/5.0 (Windows NT 10.0; Win64; x64) AppleWebKit/537.36 (KHTML, like Gecko) Chrome/132.0.0.0 Safari/537.36 NetType/WIFI MicroMessenger/7.0.20.1781(0x6700143B) WindowsWechat(0x63090a13) UnifiedPCWindowsWechat(0xf254181c) XWEB/19201 Flue"
14.108.234.14 - - [03/Apr/2026:13:34:13 +0800] "POST /wp-admin/admin-ajax.php HTTP/1.1" 200 559 "http://cqqizhou.com/news/2534" "Mozilla/5.0 (Windows NT 10.0; Win64; x64) AppleWebKit/537.36 (KHTML, like Gecko) Chrome/132.0.0.0 Safari/537.36 NetType/WIFI MicroMessenger/7.0.20.1781(0x6700143B) WindowsWechat(0x63090a13) UnifiedPCWindowsWechat(0xf254181c) XWEB/19201 Flue"
36.133.115.36 - - [03/Apr/2026:13:35:17 +0800] "POST /wp-cron.php?doing_wp_cron=1775194517.7307629585266113281250 HTTP/1.1" 200 31 "-" "WordPress/6.9; http://cqqizhou.com"
223.104.79.29 - - [03/Apr/2026:13:35:17 +0800] "POST /wp-admin/admin-ajax.php HTTP/1.1" 200 112 "http://cqqizhou.com/wp-admin/post.php?post=2534&action=edit" "Mozilla/5.0 (Windows NT 10.0; Win64; x64) AppleWebKit/537.36 (KHTML, like Gecko) Chrome/145.0.0.0 Safari/537.36 Edg/145.0.0.0"
223.104.79.29 - - [03/Apr/2026:13:35:27 +0800] "POST /wp-admin/admin-ajax.php HTTP/1.1" 200 112 "http://cqqizhou.com/wp-admin/post.php?post=2534&action=edit" "Mozilla/5.0 (Windows NT 10.0; Win64; x64) AppleWebKit/537.36 (KHTML, like Gecko) Chrome/145.0.0.0 Safari/537.36 Edg/145.0.0.0"
223.104.79.29 - - [03/Apr/2026:13:35:38 +0800] "POST /wp-admin/admin-ajax.php HTTP/1.1" 200 112 "http://cqqizhou.com/wp-admin/post.php?post=2534&action=edit" "Mozilla/5.0 (Windows NT 10.0; Win64; x64) AppleWebKit/537.36 (KHTML, like Gecko) Chrome/145.0.0.0 Safari/537.36 Edg/145.0.0.0"
36.133.115.36 - - [03/Apr/2026:13:37:12 +0800] "POST /wp-cron.php?doing_wp_cron=1775194632.3173210620880126953125 HTTP/1.1" 200 31 "-" "WordPress/6.9; http://cqqizhou.com"
223.104.79.29 - - [03/Apr/2026:13:37:12 +0800] "POST /wp-admin/admin-ajax.php HTTP/1.1" 200 112 "http://cqqizhou.com/wp-admin/post.php?post=2534&action=edit" "Mozilla/5.0 (Windows NT 10.0; Win64; x64) AppleWebKit/537.36 (KHTML, like Gecko) Chrome/145.0.0.0 Safari/537.36 Edg/145.0.0.0"
223.104.79.29 - - [03/Apr/2026:13:37:15 +0800] "POST /wp-admin/admin-ajax.php HTTP/1.1" 200 32 "http://cqqizhou.com/wp-admin/post.php?post=2534&action=edit" "Mozilla/5.0 (Windows NT 10.0; Win64; x64) AppleWebKit/537.36 (KHTML, like Gecko) Chrome/145.0.0.0 Safari/537.36 Edg/145.0.0.0"
14.108.234.14 - - [03/Apr/2026:13:37:17 +0800] "GET /news/2534 HTTP/1.1" 200 24284 "-" "Mozilla/5.0 (Windows NT 10.0; WOW64) AppleWebKit/537.36 (KHTML, like Gecko) Chrome/86.0.4240.198 Safari/537.36"
14.108.234.14 - - [03/Apr/2026:13:37:17 +0800] "GET /wp-content/uploads/2026/03/1773722869-1Article_images_W900px.webp HTTP/1.1" 200 28566 "http://cqqizhou.com/news/2534" "Mozilla/5.0 (Windows NT 10.0; WOW64) AppleWebKit/537.36 (KHTML, like Gecko) Chrome/86.0.4240.198 Safari/537.36"
14.108.234.14 - - [03/Apr/2026:13:37:17 +0800] "GET /wp-content/uploads/2025/07/1751864664-Logistics800x500_1.webp HTTP/1.1" 200 76914 "http://cqqizhou.com/news/2534" "Mozilla/5.0 (Windows NT 10.0; WOW64) AppleWebKit/537.36 (KHTML, like Gecko) Chrome/86.0.4240.198 Safari/537.36"
14.108.234.14 - - [03/Apr/2026:13:37:17 +0800] "GET /wp-content/uploads/2026/03/1772790791-%E5%B0%81%E9%9D%A2%E5%A4%B4%E5%9B%BEArticle_images_W900%C3%97500px2026.webp HTTP/1.1" 200 52968 "http://cqqizhou.com/news/2534" "Mozilla/5.0 (Windows NT 10.0; WOW64) AppleWebKit/537.36 (KHTML, like Gecko) Chrome/86.0.4240.198 Safari/537.36"
14.108.234.14 - - [03/Apr/2026:13:37:17 +0800] "GET /wp-content/uploads/2025/07/1751425283-qizhou.kf_.qq_.com_.webp HTTP/1.1" 200 16864 "http://cqqizhou.com/news/2534" "Mozilla/5.0 (Windows NT 10.0; WOW64) AppleWebKit/537.36 (KHTML, like Gecko) Chrome/86.0.4240.198 Safari/537.36"
14.108.234.14 - - [03/Apr/2026:13:37:17 +0800] "GET /wp-content/uploads/2025/07/1753410289-News2000%C3%97400_202571.webp HTTP/1.1" 200 17830 "http://cqqizhou.com/news/2534" "Mozilla/5.0 (Windows NT 10.0; WOW64) AppleWebKit/537.36 (KHTML, like Gecko) Chrome/86.0.4240.198 Safari/537.36"
223.104.79.29 - - [03/Apr/2026:13:37:17 +0800] "GET /wp-admin/edit.php?post_type=post HTTP/1.1" 200 85957 "http://cqqizhou.com/wp-admin/post.php?post=2534&action=edit" "Mozilla/5.0 (Windows NT 10.0; Win64; x64) AppleWebKit/537.36 (KHTML, like Gecko) Chrome/145.0.0.0 Safari/537.36 Edg/145.0.0.0"
223.104.79.29 - - [03/Apr/2026:13:37:17 +0800] "GET /wp-admin/load-styles.php?c=0&dir=ltr&load%5Bchunk_0%5D=dashicons,admin-bar,common,forms,admin-menu,dashboard,list-tables,edit,revisions,media,themes,about,nav-menus,wp-pointer,widgets&load%5Bchunk_1%5D=,site-icon,l10n,buttons,media-views,wp-color-picker,editor-buttons,wp-auth-check,wp-components,wp-commands&ver=6.9 HTTP/1.1" 200 131375 "http://cqqizhou.com/wp-admin/edit.php?post_type=post" "Mozilla/5.0 (Windows NT 10.0; Win64; x64) AppleWebKit/537.36 (KHTML, like Gecko) Chrome/145.0.0.0 Safari/537.36 Edg/145.0.0.0"
223.104.79.29 - - [03/Apr/2026:13:37:18 +0800] "GET /wp-admin/load-scripts.php?c=0&load%5Bchunk_0%5D=jquery-core,jquery-migrate,utils,wp-dom-ready,wp-hooks&ver=6.9 HTTP/1.1" 200 36948 "http://cqqizhou.com/wp-admin/edit.php?post_type=post" "Mozilla/5.0 (Windows NT 10.0; Win64; x64) AppleWebKit/537.36 (KHTML, like Gecko) Chrome/145.0.0.0 Safari/537.36 Edg/145.0.0.0"
223.104.79.29 - - [03/Apr/2026:13:37:18 +0800] "GET /wp-admin/load-scripts.php?c=0&load%5Bchunk_0%5D=hoverIntent&ver=6.9 HTTP/1.1" 200 719 "http://cqqizhou.com/wp-admin/edit.php?post_type=post" "Mozilla/5.0 (Windows NT 10.0; Win64; x64) AppleWebKit/537.36 (KHTML, like Gecko) Chrome/145.0.0.0 Safari/537.36 Edg/145.0.0.0"
223.104.79.29 - - [03/Apr/2026:13:37:18 +0800] "GET /wp-content/uploads/2026/03/1772713922-Article_images_W900px-150x150.webp HTTP/1.1" 200 4910 "http://cqqizhou.com/wp-admin/edit.php?post_type=post" "Mozilla/5.0 (Windows NT 10.0; Win64; x64) AppleWebKit/537.36 (KHTML, like Gecko) Chrome/145.0.0.0 Safari/537.36 Edg/145.0.0.0"
223.104.79.29 - - [03/Apr/2026:13:37:18 +0800] "GET /wp-content/uploads/2026/02/1772086672-%E5%BC%80%E5%B7%A5%E5%A4%A7%E5%90%89%E5%B0%81%E9%9D%A2%E5%A4%B4%E5%9B%BEArticle_images_W900%C3%97500px-150x150.webp HTTP/1.1" 200 10130 "http://cqqizhou.com/wp-admin/edit.php?post_type=post" "Mozilla/5.0 (Windows NT 10.0; Win64; x64) AppleWebKit/537.36 (KHTML, like Gecko) Chrome/145.0.0.0 Safari/537.36 Edg/145.0.0.0"
223.104.79.29 - - [03/Apr/2026:13:37:18 +0800] "GET /wp-content/uploads/2026/03/1772790791-%E5%B0%81%E9%9D%A2%E5%A4%B4%E5%9B%BEArticle_images_W900%C3%97500px2026-150x150.webp HTTP/1.1" 200 7266 "http://cqqizhou.com/wp-admin/edit.php?post_type=post" "Mozilla/5.0 (Windows NT 10.0; Win64; x64) AppleWebKit/537.36 (KHTML, like Gecko) Chrome/145.0.0.0 Safari/537.36 Edg/145.0.0.0"
223.104.79.29 - - [03/Apr/2026:13:37:18 +0800] "GET /wp-content/uploads/2025/07/1753454299-Article_images_W900px-150x150.webp HTTP/1.1" 200 7416 "http://cqqizhou.com/wp-admin/edit.php?post_type=post" "Mozilla/5.0 (Windows NT 10.0; Win64; x64) AppleWebKit/537.36 (KHTML, like Gecko) Chrome/145.0.0.0 Safari/537.36 Edg/145.0.0.0"
223.104.79.29 - - [03/Apr/2026:13:37:18 +0800] "GET /wp-content/uploads/2026/03/1773722869-1Article_images_W900px-150x150.webp HTTP/1.1" 200 5684 "http://cqqizhou.com/wp-admin/edit.php?post_type=post" "Mozilla/5.0 (Windows NT 10.0; Win64; x64) AppleWebKit/537.36 (KHTML, like Gecko) Chrome/145.0.0.0 Safari/537.36 Edg/145.0.0.0"
14.108.234.14 - - [03/Apr/2026:13:37:19 +0800] "POST /wp-admin/admin-ajax.php HTTP/1.1" 200 116 "http://cqqizhou.com/news/2534" "Mozilla/5.0 (Windows NT 10.0; WOW64) AppleWebKit/537.36 (KHTML, like Gecko) Chrome/86.0.4240.198 Safari/537.36"
223.104.79.29 - - [03/Apr/2026:13:37:19 +0800] "GET /wp-content/uploads/2026/02/1770617354-Article_images_W900px-150x150.webp HTTP/1.1" 200 3002 "http://cqqizhou.com/wp-admin/edit.php?post_type=post" "Mozilla/5.0 (Windows NT 10.0; Win64; x64) AppleWebKit/537.36 (KHTML, like Gecko) Chrome/145.0.0.0 Safari/537.36 Edg/145.0.0.0"
223.104.79.29 - - [03/Apr/2026:13:37:19 +0800] "GET /wp-content/uploads/2026/02/1770341652-2026251Article_images_W900%C3%97500px-150x150.webp HTTP/1.1" 200 5810 "http://cqqizhou.com/wp-admin/edit.php?post_type=post" "Mozilla/5.0 (Windows NT 10.0; Win64; x64) AppleWebKit/537.36 (KHTML, like Gecko) Chrome/145.0.0.0 Safari/537.36 Edg/145.0.0.0"
223.104.79.29 - - [03/Apr/2026:13:37:19 +0800] "GET /wp-content/uploads/2026/02/1770617948-Article_images_W900%C3%97500px-150x150.webp HTTP/1.1" 200 6354 "http://cqqizhou.com/wp-admin/edit.php?post_type=post" "Mozilla/5.0 (Windows NT 10.0; Win64; x64) AppleWebKit/537.36 (KHTML, like Gecko) Chrome/145.0.0.0 Safari/537.36 Edg/145.0.0.0"
223.104.79.29 - - [03/Apr/2026:13:37:19 +0800] "GET /wp-content/uploads/2026/01/1770349139-202624Article_images_W900%C3%97500px20260--150x150.webp HTTP/1.1" 200 7424 "http://cqqizhou.com/wp-admin/edit.php?post_type=post" "Mozilla/5.0 (Windows NT 10.0; Win64; x64) AppleWebKit/537.36 (KHTML, like Gecko) Chrome/145.0.0.0 Safari/537.36 Edg/145.0.0.0"
223.104.79.29 - - [03/Apr/2026:13:37:19 +0800] "GET /wp-content/uploads/2026/01/1769511379-Article_images_W900%C3%97500px202601271-150x150.webp HTTP/1.1" 200 7332 "http://cqqizhou.com/wp-admin/edit.php?post_type=post" "Mozilla/5.0 (Windows NT 10.0; Win64; x64) AppleWebKit/537.36 (KHTML, like Gecko) Chrome/145.0.0.0 Safari/537.36 Edg/145.0.0.0"
223.104.79.29 - - [03/Apr/2026:13:37:19 +0800] "GET /wp-content/uploads/2026/01/1768527483-Article_images_W900%C3%97500px202601161-150x150.webp HTTP/1.1" 200 4408 "http://cqqizhou.com/wp-admin/edit.php?post_type=post" "Mozilla/5.0 (Windows NT 10.0; Win64; x64) AppleWebKit/537.36 (KHTML, like Gecko) Chrome/145.0.0.0 Safari/537.36 Edg/145.0.0.0"
223.104.79.29 - - [03/Apr/2026:13:37:19 +0800] "GET /wp-content/uploads/2026/01/1767691466-Article_images_W900%C3%97500px202601061-150x150.webp HTTP/1.1" 200 5520 "http://cqqizhou.com/wp-admin/edit.php?post_type=post" "Mozilla/5.0 (Windows NT 10.0; Win64; x64) AppleWebKit/537.36 (KHTML, like Gecko) Chrome/145.0.0.0 Safari/537.36 Edg/145.0.0.0"
223.104.79.29 - - [03/Apr/2026:13:37:19 +0800] "GET /wp-content/uploads/revslider/slider-1/1750861156-logistics_Slider_3840%C3%972160_20250625191356-scaled-150x150.webp HTTP/1.1" 200 4364 "http://cqqizhou.com/wp-admin/edit.php?post_type=post" "Mozilla/5.0 (Windows NT 10.0; Win64; x64) AppleWebKit/537.36 (KHTML, like Gecko) Chrome/145.0.0.0 Safari/537.36 Edg/145.0.0.0"
223.104.79.29 - - [03/Apr/2026:13:37:19 +0800] "GET /wp-content/uploads/2025/12/1766647832-Article_images_W900%C3%97500px20251225-150x150.webp HTTP/1.1" 200 6860 "http://cqqizhou.com/wp-admin/edit.php?post_type=post" "Mozilla/5.0 (Windows NT 10.0; Win64; x64) AppleWebKit/537.36 (KHTML, like Gecko) Chrome/145.0.0.0 Safari/537.36 Edg/145.0.0.0"
223.104.79.29 - - [03/Apr/2026:13:37:19 +0800] "GET /wp-content/uploads/2025/12/1766064629-Article_images_20251218212623-150x150.webp HTTP/1.1" 200 5072 "http://cqqizhou.com/wp-admin/edit.php?post_type=post" "Mozilla/5.0 (Windows NT 10.0; Win64; x64) AppleWebKit/537.36 (KHTML, like Gecko) Chrome/145.0.0.0 Safari/537.36 Edg/145.0.0.0"
223.104.79.29 - - [03/Apr/2026:13:37:19 +0800] "GET /wp-content/uploads/2025/12/1765891153-Article20251216211543-150x150.webp HTTP/1.1" 200 7850 "http://cqqizhou.com/wp-admin/edit.php?post_type=post" "Mozilla/5.0 (Windows NT 10.0; Win64; x64) AppleWebKit/537.36 (KHTML, like Gecko) Chrome/145.0.0.0 Safari/537.36 Edg/145.0.0.0"
223.104.79.29 - - [03/Apr/2026:13:37:19 +0800] "GET /wp-content/uploads/2025/08/1755826456-DSC01841-150x150.webp HTTP/1.1" 200 9850 "http://cqqizhou.com/wp-admin/edit.php?post_type=post" "Mozilla/5.0 (Windows NT 10.0; Win64; x64) AppleWebKit/537.36 (KHTML, like Gecko) Chrome/145.0.0.0 Safari/537.36 Edg/145.0.0.0"
223.104.79.29 - - [03/Apr/2026:13:37:19 +0800] "GET /wp-content/uploads/2025/12/1765891413-20251209103501-150x150.webp HTTP/1.1" 200 6446 "http://cqqizhou.com/wp-admin/edit.php?post_type=post" "Mozilla/5.0 (Windows NT 10.0; Win64; x64) AppleWebKit/537.36 (KHTML, like Gecko) Chrome/145.0.0.0 Safari/537.36 Edg/145.0.0.0"
223.104.79.29 - - [03/Apr/2026:13:37:19 +0800] "GET /wp-content/uploads/2025/09/1756868614-20250903104654_74_5-150x150.webp HTTP/1.1" 200 5712 "http://cqqizhou.com/wp-admin/edit.php?post_type=post" "Mozilla/5.0 (Windows NT 10.0; Win64; x64) AppleWebKit/537.36 (KHTML, like Gecko) Chrome/145.0.0.0 Safari/537.36 Edg/145.0.0.0"
223.104.79.29 - - [03/Apr/2026:13:37:20 +0800] "POST /wp-admin/admin-ajax.php HTTP/1.1" 200 78 "http://cqqizhou.com/wp-admin/edit.php?post_type=post" "Mozilla/5.0 (Windows NT 10.0; Win64; x64) AppleWebKit/537.36 (KHTML, like Gecko) Chrome/145.0.0.0 Safari/537.36 Edg/145.0.0.0"
223.104.79.29 - - [03/Apr/2026:13:37:21 +0800] "GET /wp-admin/themes.php?page=install-required-plugins&plugin_status=install HTTP/1.1" 499 0 "http://cqqizhou.com/wp-admin/edit.php?post_type=post" "Mozilla/5.0 (Windows NT 10.0; Win64; x64) AppleWebKit/537.36 (KHTML, like Gecko) Chrome/145.0.0.0 Safari/537.36 Edg/145.0.0.0"
223.104.79.29 - - [03/Apr/2026:13:37:23 +0800] "GET /wp-admin/post.php?post=2534&action=edit HTTP/1.1" 499 0 "http://cqqizhou.com/wp-admin/edit.php" "Mozilla/5.0 (Windows NT 10.0; Win64; x64) AppleWebKit/537.36 (KHTML, like Gecko) Chrome/145.0.0.0 Safari/537.36 Edg/145.0.0.0"
223.104.79.29 - - [03/Apr/2026:13:37:26 +0800] "GET /wp-admin/post-new.php HTTP/1.1" 200 203120 "http://cqqizhou.com/wp-admin/edit.php?post_type=post" "Mozilla/5.0 (Windows NT 10.0; Win64; x64) AppleWebKit/537.36 (KHTML, like Gecko) Chrome/145.0.0.0 Safari/537.36 Edg/145.0.0.0"
223.104.79.29 - - [03/Apr/2026:13:37:26 +0800] "GET /wp-admin/load-styles.php?c=0&dir=ltr&load%5Bchunk_0%5D=dashicons,admin-bar,buttons,media-views,editor-buttons,wp-components,wp-preferences,wp-block-editor,wp-reusable-blocks,wp-patter&load%5Bchunk_1%5D=ns,wp-editor,common,forms,wp-reset-editor-styles,wp-block-library,wp-block-editor-content,wp-editor-classic-layout-styles,wp-edi&load%5Bchunk_2%5D=t-blocks,wp-commands,wp-edit-post,wp-block-directory,wp-format-library,admin-menu,dashboard,list-tables,edit,revisions,media,the&load%5Bchunk_3%5D=mes,about,nav-menus,wp-pointer,widgets,site-icon,l10n,wp-color-picker,wp-auth-check,classic-theme-styles,wp-jquery-ui-dialog&ver=6.9 HTTP/1.1" 200 191997 "http://cqqizhou.com/wp-admin/post-new.php" "Mozilla/5.0 (Windows NT 10.0; Win64; x64) AppleWebKit/537.36 (KHTML, like Gecko) Chrome/145.0.0.0 Safari/537.36 Edg/145.0.0.0"
223.104.79.29 - - [03/Apr/2026:13:37:27 +0800] "GET /?action=kirki-styles&editor=1&ver=4.0 HTTP/1.1" 200 210 "http://cqqizhou.com/wp-admin/post-new.php" "Mozilla/5.0 (Windows NT 10.0; Win64; x64) AppleWebKit/537.36 (KHTML, like Gecko) Chrome/145.0.0.0 Safari/537.36 Edg/145.0.0.0"
223.104.79.29 - - [03/Apr/2026:13:37:30 +0800] "OPTIONS /wp-json/wp/v2/settings?_locale=user HTTP/1.1" 200 1301 "http://cqqizhou.com/wp-admin/post-new.php" "Mozilla/5.0 (Windows NT 10.0; Win64; x64) AppleWebKit/537.36 (KHTML, like Gecko) Chrome/145.0.0.0 Safari/537.36 Edg/145.0.0.0"
223.104.79.29 - - [03/Apr/2026:13:37:30 +0800] "GET /wp-json/wp/v2/comments?context=edit&post=2535&type=note&status=all&per_page=100&_locale=user HTTP/1.1" 200 33 "http://cqqizhou.com/wp-admin/post-new.php" "Mozilla/5.0 (Windows NT 10.0; Win64; x64) AppleWebKit/537.36 (KHTML, like Gecko) Chrome/145.0.0.0 Safari/537.36 Edg/145.0.0.0"
223.104.79.29 - - [03/Apr/2026:13:37:30 +0800] "GET /wp-json/wp/v2/users/1?context=view&_fields=id%2Cname&_locale=user HTTP/1.1" 200 54 "http://cqqizhou.com/wp-admin/post-new.php" "Mozilla/5.0 (Windows NT 10.0; Win64; x64) AppleWebKit/537.36 (KHTML, like Gecko) Chrome/145.0.0.0 Safari/537.36 Edg/145.0.0.0"
223.104.79.29 - - [03/Apr/2026:13:37:30 +0800] "GET /wp-json/wp/v2/blocks?context=edit&per_page=100&page=1&_locale=user HTTP/1.1" 200 33 "http://cqqizhou.com/wp-admin/post-new.php" "Mozilla/5.0 (Windows NT 10.0; Win64; x64) AppleWebKit/537.36 (KHTML, like Gecko) Chrome/145.0.0.0 Safari/537.36 Edg/145.0.0.0"
223.104.79.29 - - [03/Apr/2026:13:37:30 +0800] "GET /wp-json/wp/v2/taxonomies?context=edit&per_page=100&_locale=user HTTP/1.1" 200 1742 "http://cqqizhou.com/wp-admin/post-new.php" "Mozilla/5.0 (Windows NT 10.0; Win64; x64) AppleWebKit/537.36 (KHTML, like Gecko) Chrome/145.0.0.0 Safari/537.36 Edg/145.0.0.0"
223.104.79.29 - - [03/Apr/2026:13:37:30 +0800] "GET /wp-json/wp/v2/block-patterns/patterns?_locale=user HTTP/1.1" 200 19854 "http://cqqizhou.com/wp-admin/post-new.php" "Mozilla/5.0 (Windows NT 10.0; Win64; x64) AppleWebKit/537.36 (KHTML, like Gecko) Chrome/145.0.0.0 Safari/537.36 Edg/145.0.0.0"
223.104.79.29 - - [03/Apr/2026:13:37:31 +0800] "OPTIONS /wp-json/wp/v2/posts?_locale=user HTTP/1.1" 200 2962 "http://cqqizhou.com/wp-admin/post-new.php" "Mozilla/5.0 (Windows NT 10.0; Win64; x64) AppleWebKit/537.36 (KHTML, like Gecko) Chrome/145.0.0.0 Safari/537.36 Edg/145.0.0.0"
223.104.79.29 - - [03/Apr/2026:13:37:31 +0800] "GET /wp-json/wp/v2/categories?context=view&per_page=100&orderby=name&order=asc&_fields=id%2Cname%2Cparent&page=1&_locale=user HTTP/1.1" 200 144 "http://cqqizhou.com/wp-admin/post-new.php" "Mozilla/5.0 (Windows NT 10.0; Win64; x64) AppleWebKit/537.36 (KHTML, like Gecko) Chrome/145.0.0.0 Safari/537.36 Edg/145.0.0.0"
223.104.79.29 - - [03/Apr/2026:13:37:31 +0800] "GET /wp-json/wp/v2/tags?context=view&per_page=10&orderby=count&order=desc&hide_empty=true&_fields=id%2Cname%2Ccount&_locale=user HTTP/1.1" 200 99 "http://cqqizhou.com/wp-admin/post-new.php" "Mozilla/5.0 (Windows NT 10.0; Win64; x64) AppleWebKit/537.36 (KHTML, like Gecko) Chrome/145.0.0.0 Safari/537.36 Edg/145.0.0.0"
223.104.79.29 - - [03/Apr/2026:13:37:31 +0800] "GET /wp-json/wp/v2/pages/1665?context=edit&_locale=user HTTP/1.1" 200 764 "http://cqqizhou.com/wp-admin/post-new.php" "Mozilla/5.0 (Windows NT 10.0; Win64; x64) AppleWebKit/537.36 (KHTML, like Gecko) Chrome/145.0.0.0 Safari/537.36 Edg/145.0.0.0"
223.104.79.29 - - [03/Apr/2026:13:37:31 +0800] "GET /wp-json/wp/v2/wp_pattern_category?context=view&per_page=100&_fields=id%2Cname%2Cdescription%2Cslug&_locale=user HTTP/1.1" 200 33 "http://cqqizhou.com/wp-admin/post-new.php" "Mozilla/5.0 (Windows NT 10.0; Win64; x64) AppleWebKit/537.36 (KHTML, like Gecko) Chrome/145.0.0.0 Safari/537.36 Edg/145.0.0.0"
14.108.234.14 - - [03/Apr/2026:13:37:35 +0800] "GET /news/2534 HTTP/1.1" 200 24284 "http://cqqizhou.com/news/2534" "Mozilla/5.0 (Windows NT 10.0; WOW64) AppleWebKit/537.36 (KHTML, like Gecko) Chrome/86.0.4240.198 Safari/537.36"
223.104.79.29 - - [03/Apr/2026:13:37:40 +0800] "POST /wp-admin/admin-ajax.php HTTP/1.1" 200 112 "http://cqqizhou.com/wp-admin/post-new.php" "Mozilla/5.0 (Windows NT 10.0; Win64; x64) AppleWebKit/537.36 (KHTML, like Gecko) Chrome/145.0.0.0 Safari/537.36 Edg/145.0.0.0"
199.244.88.222 - - [03/Apr/2026:13:37:41 +0800] "GET / HTTP/1.1" 200 40687 "-" "Mozilla/5.0 (X11; Linux x86_64) AppleWebKit/537.36 (KHTML, like Gecko) Chrome/105.0.0.0 Safari/537.36"
223.104.79.29 - - [03/Apr/2026:13:37:44 +0800] "OPTIONS /wp-json/wp/v2/posts/?context=edit&_locale=user HTTP/1.1" 200 2962 "http://cqqizhou.com/wp-admin/post-new.php" "Mozilla/5.0 (Windows NT 10.0; Win64; x64) AppleWebKit/537.36 (KHTML, like Gecko) Chrome/145.0.0.0 Safari/537.36 Edg/145.0.0.0"
14.108.234.14 - - [03/Apr/2026:13:37:45 +0800] "GET /news HTTP/1.1" 200 25897 "http://cqqizhou.com/news/2534" "Mozilla/5.0 (Windows NT 10.0; WOW64) AppleWebKit/537.36 (KHTML, like Gecko) Chrome/86.0.4240.198 Safari/537.36"
14.108.234.14 - - [03/Apr/2026:13:37:45 +0800] "GET /wp-content/uploads/2026/03/1772713922-Article_images_W900px.webp HTTP/1.1" 200 41304 "http://cqqizhou.com/news" "Mozilla/5.0 (Windows NT 10.0; WOW64) AppleWebKit/537.36 (KHTML, like Gecko) Chrome/86.0.4240.198 Safari/537.36"
14.108.234.14 - - [03/Apr/2026:13:37:45 +0800] "GET /wp-content/uploads/2026/02/1770617354-Article_images_W900px.webp HTTP/1.1" 200 13634 "http://cqqizhou.com/news" "Mozilla/5.0 (Windows NT 10.0; WOW64) AppleWebKit/537.36 (KHTML, like Gecko) Chrome/86.0.4240.198 Safari/537.36"
14.108.234.14 - - [03/Apr/2026:13:37:45 +0800] "GET /wp-content/uploads/2026/02/1772086672-%E5%BC%80%E5%B7%A5%E5%A4%A7%E5%90%89%E5%B0%81%E9%9D%A2%E5%A4%B4%E5%9B%BEArticle_images_W900%C3%97500px.webp HTTP/1.1" 200 99110 "http://cqqizhou.com/news" "Mozilla/5.0 (Windows NT 10.0; WOW64) AppleWebKit/537.36 (KHTML, like Gecko) Chrome/86.0.4240.198 Safari/537.36"
14.108.234.14 - - [03/Apr/2026:13:37:45 +0800] "GET /wp-content/uploads/2025/07/1753454299-Article_images_W900px.webp HTTP/1.1" 200 52418 "http://cqqizhou.com/news" "Mozilla/5.0 (Windows NT 10.0; WOW64) AppleWebKit/537.36 (KHTML, like Gecko) Chrome/86.0.4240.198 Safari/537.36"
14.108.234.14 - - [03/Apr/2026:13:37:45 +0800] "GET /wp-content/uploads/2026/02/1770341652-2026251Article_images_W900%C3%97500px.webp HTTP/1.1" 200 43300 "http://cqqizhou.com/news" "Mozilla/5.0 (Windows NT 10.0; WOW64) AppleWebKit/537.36 (KHTML, like Gecko) Chrome/86.0.4240.198 Safari/537.36"
14.108.234.14 - - [03/Apr/2026:13:37:45 +0800] "GET /wp-content/uploads/2026/02/1770617948-Article_images_W900%C3%97500px.webp HTTP/1.1" 200 38890 "http://cqqizhou.com/news" "Mozilla/5.0 (Windows NT 10.0; WOW64) AppleWebKit/537.36 (KHTML, like Gecko) Chrome/86.0.4240.198 Safari/537.36"
