14.108.234.14 - - [03/Apr/2026:13:44:22 +0800] "GET /news/2534 HTTP/1.1" 200 20245 "-" "Mozilla/5.0 (iPhone; CPU iPhone OS 18_6_2 like Mac OS X) AppleWebKit/605.1.15 (KHTML, like Gecko) Mobile/15E148 wxwork/5.0.7 MicroMessenger/7.0.1 Language/zh ColorScheme/Light wwmver/3.26.506.378"
14.108.234.14 - - [03/Apr/2026:13:44:26 +0800] "GET /news/2534 HTTP/1.1" 200 24284 "-" "Mozilla/5.0 (Windows NT 10.0; Win64; x64) AppleWebKit/537.36 (KHTML, like Gecko) Chrome/146.0.0.0 Safari/537.36 Edg/146.0.0.0"
14.108.234.14 - - [03/Apr/2026:13:44:27 +0800] "GET /wp-content/uploads/2025/07/1751864664-Logistics800x500_1.webp HTTP/1.1" 200 76914 "http://cqqizhou.com/news/2534" "Mozilla/5.0 (Windows NT 10.0; Win64; x64) AppleWebKit/537.36 (KHTML, like Gecko) Chrome/146.0.0.0 Safari/537.36 Edg/146.0.0.0"
14.108.234.14 - - [03/Apr/2026:13:44:27 +0800] "GET /wp-content/uploads/2026/03/1773722869-1Article_images_W900px.webp HTTP/1.1" 200 28566 "http://cqqizhou.com/news/2534" "Mozilla/5.0 (Windows NT 10.0; Win64; x64) AppleWebKit/537.36 (KHTML, like Gecko) Chrome/146.0.0.0 Safari/537.36 Edg/146.0.0.0"
14.108.234.14 - - [03/Apr/2026:13:44:27 +0800] "GET /wp-content/uploads/2026/03/1772790791-%E5%B0%81%E9%9D%A2%E5%A4%B4%E5%9B%BEArticle_images_W900%C3%97500px2026.webp HTTP/1.1" 200 52968 "http://cqqizhou.com/news/2534" "Mozilla/5.0 (Windows NT 10.0; Win64; x64) AppleWebKit/537.36 (KHTML, like Gecko) Chrome/146.0.0.0 Safari/537.36 Edg/146.0.0.0"
14.108.234.14 - - [03/Apr/2026:13:44:27 +0800] "GET /wp-content/uploads/2025/07/1751425283-qizhou.kf_.qq_.com_.webp HTTP/1.1" 200 16864 "http://cqqizhou.com/news/2534" "Mozilla/5.0 (Windows NT 10.0; Win64; x64) AppleWebKit/537.36 (KHTML, like Gecko) Chrome/146.0.0.0 Safari/537.36 Edg/146.0.0.0"
14.108.234.14 - - [03/Apr/2026:13:44:27 +0800] "GET /wp-content/uploads/2025/07/1753410289-News2000%C3%97400_202571.webp HTTP/1.1" 200 17830 "http://cqqizhou.com/news/2534" "Mozilla/5.0 (Windows NT 10.0; Win64; x64) AppleWebKit/537.36 (KHTML, like Gecko) Chrome/146.0.0.0 Safari/537.36 Edg/146.0.0.0"
14.108.234.14 - - [03/Apr/2026:13:44:28 +0800] "POST /wp-admin/admin-ajax.php HTTP/1.1" 200 95 "http://cqqizhou.com/news/2534" "Mozilla/5.0 (Windows NT 10.0; Win64; x64) AppleWebKit/537.36 (KHTML, like Gecko) Chrome/146.0.0.0 Safari/537.36 Edg/146.0.0.0"
14.108.234.14 - - [03/Apr/2026:13:44:29 +0800] "GET /news/2518 HTTP/1.1" 200 20113 "http://cqqizhou.com/news/2534" "Mozilla/5.0 (iPhone; CPU iPhone OS 18_6_2 like Mac OS X) AppleWebKit/605.1.15 (KHTML, like Gecko) Mobile/15E148 wxwork/5.0.7 MicroMessenger/7.0.1 Language/zh ColorScheme/Light wwmver/3.26.506.378"
223.104.79.29 - - [03/Apr/2026:13:44:30 +0800] "POST /wp-admin/admin-ajax.php HTTP/1.1" 200 112 "http://cqqizhou.com/wp-admin/post.php?post=2535&action=edit" "Mozilla/5.0 (Windows NT 10.0; Win64; x64) AppleWebKit/537.36 (KHTML, like Gecko) Chrome/145.0.0.0 Safari/537.36 Edg/145.0.0.0"
14.108.234.14 - - [03/Apr/2026:13:44:30 +0800] "GET /news/2518 HTTP/1.1" 499 0 "http://cqqizhou.com/news/2534" "Mozilla/5.0 (iPhone; CPU iPhone OS 18_6_2 like Mac OS X) AppleWebKit/605.1.15 (KHTML, like Gecko) Mobile/15E148 wxwork/5.0.7 MicroMessenger/7.0.1 Language/zh ColorScheme/Light wwmver/3.26.506.378"
223.104.79.29 - - [03/Apr/2026:13:44:30 +0800] "GET /wp-json/wp/v2/media/2538?context=view&_locale=user HTTP/1.1" 200 1058 "http://cqqizhou.com/wp-admin/post.php?post=2535&action=edit" "Mozilla/5.0 (Windows NT 10.0; Win64; x64) AppleWebKit/537.36 (KHTML, like Gecko) Chrome/145.0.0.0 Safari/537.36 Edg/145.0.0.0"
223.104.79.29 - - [03/Apr/2026:13:44:31 +0800] "GET /wp-content/uploads/2026/04/1775195054-1Article_images_W900px-150x150.webp HTTP/1.1" 200 4786 "http://cqqizhou.com/wp-admin/post.php?post=2535&action=edit" "Mozilla/5.0 (Windows NT 10.0; Win64; x64) AppleWebKit/537.36 (KHTML, like Gecko) Chrome/145.0.0.0 Safari/537.36 Edg/145.0.0.0"
14.108.234.14 - - [03/Apr/2026:13:44:31 +0800] "GET /news/2518 HTTP/1.1" 499 0 "http://cqqizhou.com/news/2534" "Mozilla/5.0 (iPhone; CPU iPhone OS 18_6_2 like Mac OS X) AppleWebKit/605.1.15 (KHTML, like Gecko) Mobile/15E148 wxwork/5.0.7 MicroMessenger/7.0.1 Language/zh ColorScheme/Light wwmver/3.26.506.378"
14.108.234.14 - - [03/Apr/2026:13:44:31 +0800] "GET /news/2518 HTTP/1.1" 499 0 "http://cqqizhou.com/news/2534" "Mozilla/5.0 (iPhone; CPU iPhone OS 18_6_2 like Mac OS X) AppleWebKit/605.1.15 (KHTML, like Gecko) Mobile/15E148 wxwork/5.0.7 MicroMessenger/7.0.1 Language/zh ColorScheme/Light wwmver/3.26.506.378"
14.108.234.14 - - [03/Apr/2026:13:44:32 +0800] "GET /news/2518 HTTP/1.1" 499 0 "http://cqqizhou.com/news/2534" "Mozilla/5.0 (iPhone; CPU iPhone OS 18_6_2 like Mac OS X) AppleWebKit/605.1.15 (KHTML, like Gecko) Mobile/15E148 wxwork/5.0.7 MicroMessenger/7.0.1 Language/zh ColorScheme/Light wwmver/3.26.506.378"
14.108.234.14 - - [03/Apr/2026:13:44:33 +0800] "GET /news/2518 HTTP/1.1" 200 20112 "http://cqqizhou.com/news/2534" "Mozilla/5.0 (iPhone; CPU iPhone OS 18_6_2 like Mac OS X) AppleWebKit/605.1.15 (KHTML, like Gecko) Mobile/15E148 wxwork/5.0.7 MicroMessenger/7.0.1 Language/zh ColorScheme/Light wwmver/3.26.506.378"
14.108.234.14 - - [03/Apr/2026:13:44:33 +0800] "GET /wp-content/uploads/2026/03/1772790943-2Article_images_W900px.webp HTTP/1.1" 304 0 "http://cqqizhou.com/news/2518" "Mozilla/5.0 (iPhone; CPU iPhone OS 18_6_2 like Mac OS X) AppleWebKit/605.1.15 (KHTML, like Gecko) Mobile/15E148 wxwork/5.0.7 MicroMessenger/7.0.1 Language/zh ColorScheme/Light wwmver/3.26.506.378"
14.108.234.14 - - [03/Apr/2026:13:44:33 +0800] "GET /wp-content/uploads/2026/03/1772790943-1Article_images_W900px.webp HTTP/1.1" 304 0 "http://cqqizhou.com/news/2518" "Mozilla/5.0 (iPhone; CPU iPhone OS 18_6_2 like Mac OS X) AppleWebKit/605.1.15 (KHTML, like Gecko) Mobile/15E148 wxwork/5.0.7 MicroMessenger/7.0.1 Language/zh ColorScheme/Light wwmver/3.26.506.378"
14.108.234.14 - - [03/Apr/2026:13:44:33 +0800] "GET /wp-content/uploads/2026/03/1772790943-3Article_images_W900px.webp HTTP/1.1" 304 0 "http://cqqizhou.com/news/2518" "Mozilla/5.0 (iPhone; CPU iPhone OS 18_6_2 like Mac OS X) AppleWebKit/605.1.15 (KHTML, like Gecko) Mobile/15E148 wxwork/5.0.7 MicroMessenger/7.0.1 Language/zh ColorScheme/Light wwmver/3.26.506.378"
14.108.234.14 - - [03/Apr/2026:13:44:33 +0800] "GET /wp-content/uploads/2026/03/1772790943-5Article_images_W900px.webp HTTP/1.1" 304 0 "http://cqqizhou.com/news/2518" "Mozilla/5.0 (iPhone; CPU iPhone OS 18_6_2 like Mac OS X) AppleWebKit/605.1.15 (KHTML, like Gecko) Mobile/15E148 wxwork/5.0.7 MicroMessenger/7.0.1 Language/zh ColorScheme/Light wwmver/3.26.506.378"
14.108.234.14 - - [03/Apr/2026:13:44:33 +0800] "GET /wp-content/uploads/2026/03/1772790943-6Article_images_W900px.webp HTTP/1.1" 304 0 "http://cqqizhou.com/news/2518" "Mozilla/5.0 (iPhone; CPU iPhone OS 18_6_2 like Mac OS X) AppleWebKit/605.1.15 (KHTML, like Gecko) Mobile/15E148 wxwork/5.0.7 MicroMessenger/7.0.1 Language/zh ColorScheme/Light wwmver/3.26.506.378"
223.104.79.29 - - [03/Apr/2026:13:44:35 +0800] "POST /wp-json/wp/v2/posts/2535/autosaves?_locale=user HTTP/1.1" 200 1323 "http://cqqizhou.com/wp-admin/post.php?post=2535&action=edit" "Mozilla/5.0 (Windows NT 10.0; Win64; x64) AppleWebKit/537.36 (KHTML, like Gecko) Chrome/145.0.0.0 Safari/537.36 Edg/145.0.0.0"
223.104.79.29 - - [03/Apr/2026:13:44:40 +0800] "POST /wp-admin/admin-ajax.php HTTP/1.1" 200 112 "http://cqqizhou.com/wp-admin/post.php?post=2535&action=edit" "Mozilla/5.0 (Windows NT 10.0; Win64; x64) AppleWebKit/537.36 (KHTML, like Gecko) Chrome/145.0.0.0 Safari/537.36 Edg/145.0.0.0"
223.104.79.29 - - [03/Apr/2026:13:44:43 +0800] "POST /wp-admin/admin-ajax.php HTTP/1.1" 200 11130 "http://cqqizhou.com/wp-admin/post.php?post=2535&action=edit" "Mozilla/5.0 (Windows NT 10.0; Win64; x64) AppleWebKit/537.36 (KHTML, like Gecko) Chrome/145.0.0.0 Safari/537.36 Edg/145.0.0.0"
14.108.233.138 - - [03/Apr/2026:13:44:44 +0800] "GET /news/2534 HTTP/1.1" 200 24284 "-" "Mozilla/5.0 (Windows NT 10.0; Win64; x64) AppleWebKit/537.36 (KHTML, like Gecko) Chrome/132.0.0.0 Safari/537.36"
14.108.233.138 - - [03/Apr/2026:13:44:44 +0800] "GET /wp-content/uploads/2025/07/1751864664-Logistics800x500_1.webp HTTP/1.1" 200 76914 "http://cqqizhou.com/news/2534" "Mozilla/5.0 (Windows NT 10.0; Win64; x64) AppleWebKit/537.36 (KHTML, like Gecko) Chrome/132.0.0.0 Safari/537.36"
14.108.233.138 - - [03/Apr/2026:13:44:44 +0800] "GET /wp-content/uploads/2026/03/1773722869-1Article_images_W900px.webp HTTP/1.1" 200 28566 "http://cqqizhou.com/news/2534" "Mozilla/5.0 (Windows NT 10.0; Win64; x64) AppleWebKit/537.36 (KHTML, like Gecko) Chrome/132.0.0.0 Safari/537.36"
14.108.233.138 - - [03/Apr/2026:13:44:44 +0800] "GET /wp-content/uploads/2026/03/1772790791-%E5%B0%81%E9%9D%A2%E5%A4%B4%E5%9B%BEArticle_images_W900%C3%97500px2026.webp HTTP/1.1" 200 52968 "http://cqqizhou.com/news/2534" "Mozilla/5.0 (Windows NT 10.0; Win64; x64) AppleWebKit/537.36 (KHTML, like Gecko) Chrome/132.0.0.0 Safari/537.36"
14.108.233.138 - - [03/Apr/2026:13:44:44 +0800] "GET /wp-content/uploads/2025/07/1751425283-qizhou.kf_.qq_.com_.webp HTTP/1.1" 200 16864 "http://cqqizhou.com/news/2534" "Mozilla/5.0 (Windows NT 10.0; Win64; x64) AppleWebKit/537.36 (KHTML, like Gecko) Chrome/132.0.0.0 Safari/537.36"
14.108.233.138 - - [03/Apr/2026:13:44:45 +0800] "GET /wp-content/uploads/2025/07/1753410289-News2000%C3%97400_202571.webp HTTP/1.1" 200 17830 "http://cqqizhou.com/news/2534" "Mozilla/5.0 (Windows NT 10.0; Win64; x64) AppleWebKit/537.36 (KHTML, like Gecko) Chrome/132.0.0.0 Safari/537.36"
14.108.233.138 - - [03/Apr/2026:13:44:46 +0800] "POST /wp-admin/admin-ajax.php HTTP/1.1" 200 95 "http://cqqizhou.com/news/2534" "Mozilla/5.0 (Windows NT 10.0; Win64; x64) AppleWebKit/537.36 (KHTML, like Gecko) Chrome/132.0.0.0 Safari/537.36"
14.108.233.138 - - [03/Apr/2026:13:44:47 +0800] "POST /wp-admin/admin-ajax.php HTTP/1.1" 200 95 "http://cqqizhou.com/news/2534" "Mozilla/5.0 (Windows NT 10.0; Win64; x64) AppleWebKit/537.36 (KHTML, like Gecko) Chrome/132.0.0.0 Safari/537.36"
223.104.79.29 - - [03/Apr/2026:13:44:48 +0800] "GET /wp-content/uploads/2026/04/1775195056-2Article_images_W900px.webp HTTP/1.1" 200 29660 "http://cqqizhou.com/wp-admin/post.php?post=2535&action=edit" "Mozilla/5.0 (Windows NT 10.0; Win64; x64) AppleWebKit/537.36 (KHTML, like Gecko) Chrome/145.0.0.0 Safari/537.36 Edg/145.0.0.0"
223.104.79.29 - - [03/Apr/2026:13:44:49 +0800] "GET /wp-json/wp/v2/media/2539?context=view&_locale=user HTTP/1.1" 200 1058 "http://cqqizhou.com/wp-admin/post.php?post=2535&action=edit" "Mozilla/5.0 (Windows NT 10.0; Win64; x64) AppleWebKit/537.36 (KHTML, like Gecko) Chrome/145.0.0.0 Safari/537.36 Edg/145.0.0.0"
223.104.79.29 - - [03/Apr/2026:13:44:50 +0800] "POST /wp-admin/admin-ajax.php HTTP/1.1" 200 112 "http://cqqizhou.com/wp-admin/post.php?post=2535&action=edit" "Mozilla/5.0 (Windows NT 10.0; Win64; x64) AppleWebKit/537.36 (KHTML, like Gecko) Chrome/145.0.0.0 Safari/537.36 Edg/145.0.0.0"
39.144.224.196 - - [03/Apr/2026:13:44:53 +0800] "GET /news/2534 HTTP/1.1" 200 20245 "-" "Mozilla/5.0 (Linux; Android 15; REP-AN00 Build/HONORREP-AN00; wv) AppleWebKit/537.36 (KHTML, like Gecko) Version/4.0 Chrome/138.0.7204.180 Mobile Safari/537.36 XWEB/1380347 MMWEBSDK/20250202 MMWEBID/2541 wxwork/5.0.7 MicroMessenger/7.0.1 NetType/4G Language/zh Lang/zh ColorScheme/Light wwmver/3.26.506.647"
39.144.224.196 - - [03/Apr/2026:13:44:53 +0800] "GET /wp-content/uploads/2025/07/1751864664-Logistics800x500_1.webp HTTP/1.1" 200 76914 "http://cqqizhou.com/news/2534" "Mozilla/5.0 (Linux; Android 15; REP-AN00 Build/HONORREP-AN00; wv) AppleWebKit/537.36 (KHTML, like Gecko) Version/4.0 Chrome/138.0.7204.180 Mobile Safari/537.36 XWEB/1380347 MMWEBSDK/20250202 MMWEBID/2541 wxwork/5.0.7 MicroMessenger/7.0.1 NetType/4G Language/zh Lang/zh ColorScheme/Light wwmver/3.26.506.647"
39.144.224.196 - - [03/Apr/2026:13:44:53 +0800] "GET /wp-content/uploads/2026/03/1773722869-1Article_images_W900px.webp HTTP/1.1" 200 28566 "http://cqqizhou.com/news/2534" "Mozilla/5.0 (Linux; Android 15; REP-AN00 Build/HONORREP-AN00; wv) AppleWebKit/537.36 (KHTML, like Gecko) Version/4.0 Chrome/138.0.7204.180 Mobile Safari/537.36 XWEB/1380347 MMWEBSDK/20250202 MMWEBID/2541 wxwork/5.0.7 MicroMessenger/7.0.1 NetType/4G Language/zh Lang/zh ColorScheme/Light wwmver/3.26.506.647"
39.144.224.196 - - [03/Apr/2026:13:44:53 +0800] "GET /wp-content/uploads/2026/03/1772790791-%E5%B0%81%E9%9D%A2%E5%A4%B4%E5%9B%BEArticle_images_W900%C3%97500px2026.webp HTTP/1.1" 200 52968 "http://cqqizhou.com/news/2534" "Mozilla/5.0 (Linux; Android 15; REP-AN00 Build/HONORREP-AN00; wv) AppleWebKit/537.36 (KHTML, like Gecko) Version/4.0 Chrome/138.0.7204.180 Mobile Safari/537.36 XWEB/1380347 MMWEBSDK/20250202 MMWEBID/2541 wxwork/5.0.7 MicroMessenger/7.0.1 NetType/4G Language/zh Lang/zh ColorScheme/Light wwmver/3.26.506.647"
39.144.224.196 - - [03/Apr/2026:13:44:53 +0800] "GET /wp-content/uploads/2025/07/1751425283-qizhou.kf_.qq_.com_.webp HTTP/1.1" 200 16864 "http://cqqizhou.com/news/2534" "Mozilla/5.0 (Linux; Android 15; REP-AN00 Build/HONORREP-AN00; wv) AppleWebKit/537.36 (KHTML, like Gecko) Version/4.0 Chrome/138.0.7204.180 Mobile Safari/537.36 XWEB/1380347 MMWEBSDK/20250202 MMWEBID/2541 wxwork/5.0.7 MicroMessenger/7.0.1 NetType/4G Language/zh Lang/zh ColorScheme/Light wwmver/3.26.506.647"
39.144.224.196 - - [03/Apr/2026:13:44:53 +0800] "GET /wp-content/uploads/2025/07/1753410289-News2000%C3%97400_202571.webp HTTP/1.1" 200 17830 "http://cqqizhou.com/news/2534" "Mozilla/5.0 (Linux; Android 15; REP-AN00 Build/HONORREP-AN00; wv) AppleWebKit/537.36 (KHTML, like Gecko) Version/4.0 Chrome/138.0.7204.180 Mobile Safari/537.36 XWEB/1380347 MMWEBSDK/20250202 MMWEBID/2541 wxwork/5.0.7 MicroMessenger/7.0.1 NetType/4G Language/zh Lang/zh ColorScheme/Light wwmver/3.26.506.647"
223.104.79.29 - - [03/Apr/2026:13:44:55 +0800] "GET /wp-json/wp/v2/categories/1?context=edit&_locale=user HTTP/1.1" 200 331 "http://cqqizhou.com/wp-admin/post.php?post=2535&action=edit" "Mozilla/5.0 (Windows NT 10.0; Win64; x64) AppleWebKit/537.36 (KHTML, like Gecko) Chrome/145.0.0.0 Safari/537.36 Edg/145.0.0.0"
223.104.79.29 - - [03/Apr/2026:13:44:55 +0800] "GET /wp-json/wp/v2/tags?context=edit&per_page=1&_locale=user HTTP/1.1" 200 320 "http://cqqizhou.com/wp-admin/post.php?post=2535&action=edit" "Mozilla/5.0 (Windows NT 10.0; Win64; x64) AppleWebKit/537.36 (KHTML, like Gecko) Chrome/145.0.0.0 Safari/537.36 Edg/145.0.0.0"
223.104.79.29 - - [03/Apr/2026:13:44:56 +0800] "GET /wp-json/wp/v2/categories?context=edit&exclude%5B0%5D=1&per_page=1&_locale=user HTTP/1.1" 200 348 "http://cqqizhou.com/wp-admin/post.php?post=2535&action=edit" "Mozilla/5.0 (Windows NT 10.0; Win64; x64) AppleWebKit/537.36 (KHTML, like Gecko) Chrome/145.0.0.0 Safari/537.36 Edg/145.0.0.0"
223.104.79.29 - - [03/Apr/2026:13:44:56 +0800] "GET /wp-json/wp/v2/taxonomies/post_tag?context=edit&_locale=user HTTP/1.1" 200 1048 "http://cqqizhou.com/wp-admin/post.php?post=2535&action=edit" "Mozilla/5.0 (Windows NT 10.0; Win64; x64) AppleWebKit/537.36 (KHTML, like Gecko) Chrome/145.0.0.0 Safari/537.36 Edg/145.0.0.0"
223.104.79.29 - - [03/Apr/2026:13:44:57 +0800] "POST /wp-json/wp/v2/posts/2535?_locale=user HTTP/1.1" 200 2236 "http://cqqizhou.com/wp-admin/post.php?post=2535&action=edit" "Mozilla/5.0 (Windows NT 10.0; Win64; x64) AppleWebKit/537.36 (KHTML, like Gecko) Chrome/145.0.0.0 Safari/537.36 Edg/145.0.0.0"
223.104.79.29 - - [03/Apr/2026:13:44:58 +0800] "POST /wp-admin/post.php?post=2535&action=edit&meta-box-loader=1&meta-box-loader-nonce=71d9c6a1fc&_locale=user HTTP/1.1" 302 5 "http://cqqizhou.com/wp-admin/post.php?post=2535&action=edit" "Mozilla/5.0 (Windows NT 10.0; Win64; x64) AppleWebKit/537.36 (KHTML, like Gecko) Chrome/145.0.0.0 Safari/537.36 Edg/145.0.0.0"
14.108.234.14 - - [03/Apr/2026:13:44:58 +0800] "GET /news/2518 HTTP/1.1" 200 20350 "http://cqqizhou.com/news/2534" "Mozilla/5.0 (Windows NT 10.0; Win64; x64) AppleWebKit/537.36 (KHTML, like Gecko) Chrome/146.0.0.0 Safari/537.36 Edg/146.0.0.0"
14.108.234.14 - - [03/Apr/2026:13:44:58 +0800] "GET /wp-content/uploads/2026/03/1772790943-1Article_images_W900px.webp HTTP/1.1" 200 35332 "http://cqqizhou.com/news/2518" "Mozilla/5.0 (Windows NT 10.0; Win64; x64) AppleWebKit/537.36 (KHTML, like Gecko) Chrome/146.0.0.0 Safari/537.36 Edg/146.0.0.0"
14.108.234.14 - - [03/Apr/2026:13:44:58 +0800] "GET /wp-content/uploads/2026/03/1772790943-2Article_images_W900px.webp HTTP/1.1" 200 45662 "http://cqqizhou.com/news/2518" "Mozilla/5.0 (Windows NT 10.0; Win64; x64) AppleWebKit/537.36 (KHTML, like Gecko) Chrome/146.0.0.0 Safari/537.36 Edg/146.0.0.0"
14.108.234.14 - - [03/Apr/2026:13:44:58 +0800] "GET /wp-content/uploads/2026/03/1772790943-3Article_images_W900px.webp HTTP/1.1" 200 37622 "http://cqqizhou.com/news/2518" "Mozilla/5.0 (Windows NT 10.0; Win64; x64) AppleWebKit/537.36 (KHTML, like Gecko) Chrome/146.0.0.0 Safari/537.36 Edg/146.0.0.0"
14.108.234.14 - - [03/Apr/2026:13:44:58 +0800] "GET /wp-content/uploads/2026/03/1772790943-5Article_images_W900px.webp HTTP/1.1" 200 57476 "http://cqqizhou.com/news/2518" "Mozilla/5.0 (Windows NT 10.0; Win64; x64) AppleWebKit/537.36 (KHTML, like Gecko) Chrome/146.0.0.0 Safari/537.36 Edg/146.0.0.0"
14.108.234.14 - - [03/Apr/2026:13:44:58 +0800] "GET /wp-content/uploads/2026/03/1772790943-6Article_images_W900px.webp HTTP/1.1" 200 57278 "http://cqqizhou.com/news/2518" "Mozilla/5.0 (Windows NT 10.0; Win64; x64) AppleWebKit/537.36 (KHTML, like Gecko) Chrome/146.0.0.0 Safari/537.36 Edg/146.0.0.0"
223.104.79.29 - - [03/Apr/2026:13:45:00 +0800] "POST /wp-admin/admin-ajax.php HTTP/1.1" 200 112 "http://cqqizhou.com/wp-admin/post.php?post=2535&action=edit" "Mozilla/5.0 (Windows NT 10.0; Win64; x64) AppleWebKit/537.36 (KHTML, like Gecko) Chrome/145.0.0.0 Safari/537.36 Edg/145.0.0.0"
223.104.79.29 - - [03/Apr/2026:13:45:00 +0800] "GET /wp-admin/post.php?post=2535&action=edit&message=4 HTTP/1.1" 200 204622 "http://cqqizhou.com/wp-admin/post.php?post=2535&action=edit" "Mozilla/5.0 (Windows NT 10.0; Win64; x64) AppleWebKit/537.36 (KHTML, like Gecko) Chrome/145.0.0.0 Safari/537.36 Edg/145.0.0.0"
223.104.79.29 - - [03/Apr/2026:13:45:04 +0800] "GET /news/2535 HTTP/1.1" 200 28028 "http://cqqizhou.com/wp-admin/post.php?post=2535&action=edit" "Mozilla/5.0 (Windows NT 10.0; Win64; x64) AppleWebKit/537.36 (KHTML, like Gecko) Chrome/145.0.0.0 Safari/537.36 Edg/145.0.0.0"
223.104.79.29 - - [03/Apr/2026:13:45:05 +0800] "GET /wp-content/uploads/2026/04/1775195054-1Article_images_W900px.webp HTTP/1.1" 200 25562 "http://cqqizhou.com/news/2535" "Mozilla/5.0 (Windows NT 10.0; Win64; x64) AppleWebKit/537.36 (KHTML, like Gecko) Chrome/145.0.0.0 Safari/537.36 Edg/145.0.0.0"
223.104.79.29 - - [03/Apr/2026:13:45:05 +0800] "GET /wp-content/uploads/2026/04/1775195056-2Article_images_W900px.webp HTTP/1.1" 304 0 "http://cqqizhou.com/news/2535" "Mozilla/5.0 (Windows NT 10.0; Win64; x64) AppleWebKit/537.36 (KHTML, like Gecko) Chrome/145.0.0.0 Safari/537.36 Edg/145.0.0.0"
223.104.79.29 - - [03/Apr/2026:13:45:05 +0800] "GET /wp-content/uploads/2026/02/1770617354-Article_images_W900px.webp HTTP/1.1" 200 13634 "http://cqqizhou.com/news/2535" "Mozilla/5.0 (Windows NT 10.0; Win64; x64) AppleWebKit/537.36 (KHTML, like Gecko) Chrome/145.0.0.0 Safari/537.36 Edg/145.0.0.0"
223.104.79.29 - - [03/Apr/2026:13:45:05 +0800] "GET /wp-content/uploads/2026/02/1770617948-Article_images_W900%C3%97500px.webp HTTP/1.1" 200 38890 "http://cqqizhou.com/news/2535" "Mozilla/5.0 (Windows NT 10.0; Win64; x64) AppleWebKit/537.36 (KHTML, like Gecko) Chrome/145.0.0.0 Safari/537.36 Edg/145.0.0.0"
223.104.79.29 - - [03/Apr/2026:13:45:05 +0800] "GET /wp-content/uploads/2025/07/1753410289-News2000%C3%97400_202571.webp HTTP/1.1" 200 17830 "http://cqqizhou.com/news/2535" "Mozilla/5.0 (Windows NT 10.0; Win64; x64) AppleWebKit/537.36 (KHTML, like Gecko) Chrome/145.0.0.0 Safari/537.36 Edg/145.0.0.0"
36.133.115.36 - - [03/Apr/2026:13:45:10 +0800] "POST /wp-cron.php?doing_wp_cron=1775195110.5090379714965820312500 HTTP/1.1" 200 31 "-" "WordPress/6.9; http://cqqizhou.com"
223.104.79.29 - - [03/Apr/2026:13:45:10 +0800] "POST /wp-admin/admin-ajax.php HTTP/1.1" 200 112 "http://cqqizhou.com/wp-admin/post.php?post=2535&action=edit" "Mozilla/5.0 (Windows NT 10.0; Win64; x64) AppleWebKit/537.36 (KHTML, like Gecko) Chrome/145.0.0.0 Safari/537.36 Edg/145.0.0.0"
14.108.234.14 - - [03/Apr/2026:13:45:25 +0800] "GET /news/2534 HTTP/1.1" 200 20200 "-" "Mozilla/5.0 (Linux; Android 15; 22127RK46C Build/AQ3A.250226.002; wv) AppleWebKit/537.36 (KHTML, like Gecko) Version/4.0 Chrome/138.0.7204.180 Mobile Safari/537.36 XWEB/1380347 MMWEBSDK/20250202 MMWEBID/8043 wxwork/5.0.6 MicroMessenger/7.0.1 NetType/WIFI Language/zh Lang/zh ColorScheme/Light wwmver/3.26.506.647"
14.108.234.14 - - [03/Apr/2026:13:45:25 +0800] "GET /wp-content/uploads/2026/03/1773722869-1Article_images_W900px.webp HTTP/1.1" 200 28566 "http://cqqizhou.com/news/2534" "Mozilla/5.0 (Linux; Android 15; 22127RK46C Build/AQ3A.250226.002; wv) AppleWebKit/537.36 (KHTML, like Gecko) Version/4.0 Chrome/138.0.7204.180 Mobile Safari/537.36 XWEB/1380347 MMWEBSDK/20250202 MMWEBID/8043 wxwork/5.0.6 MicroMessenger/7.0.1 NetType/WIFI Language/zh Lang/zh ColorScheme/Light wwmver/3.26.506.647"
14.108.234.14 - - [03/Apr/2026:13:45:25 +0800] "GET /wp-content/uploads/2025/07/1751864664-Logistics800x500_1.webp HTTP/1.1" 200 76914 "http://cqqizhou.com/news/2534" "Mozilla/5.0 (Linux; Android 15; 22127RK46C Build/AQ3A.250226.002; wv) AppleWebKit/537.36 (KHTML, like Gecko) Version/4.0 Chrome/138.0.7204.180 Mobile Safari/537.36 XWEB/1380347 MMWEBSDK/20250202 MMWEBID/8043 wxwork/5.0.6 MicroMessenger/7.0.1 NetType/WIFI Language/zh Lang/zh ColorScheme/Light wwmver/3.26.506.647"
14.108.234.14 - - [03/Apr/2026:13:45:25 +0800] "GET /wp-content/uploads/2026/03/1772790791-%E5%B0%81%E9%9D%A2%E5%A4%B4%E5%9B%BEArticle_images_W900%C3%97500px2026.webp HTTP/1.1" 200 52968 "http://cqqizhou.com/news/2534" "Mozilla/5.0 (Linux; Android 15; 22127RK46C Build/AQ3A.250226.002; wv) AppleWebKit/537.36 (KHTML, like Gecko) Version/4.0 Chrome/138.0.7204.180 Mobile Safari/537.36 XWEB/1380347 MMWEBSDK/20250202 MMWEBID/8043 wxwork/5.0.6 MicroMessenger/7.0.1 NetType/WIFI Language/zh Lang/zh ColorScheme/Light wwmver/3.26.506.647"
14.108.234.14 - - [03/Apr/2026:13:45:25 +0800] "GET /wp-content/uploads/2025/07/1751425283-qizhou.kf_.qq_.com_.webp HTTP/1.1" 200 16864 "http://cqqizhou.com/news/2534" "Mozilla/5.0 (Linux; Android 15; 22127RK46C Build/AQ3A.250226.002; wv) AppleWebKit/537.36 (KHTML, like Gecko) Version/4.0 Chrome/138.0.7204.180 Mobile Safari/537.36 XWEB/1380347 MMWEBSDK/20250202 MMWEBID/8043 wxwork/5.0.6 MicroMessenger/7.0.1 NetType/WIFI Language/zh Lang/zh ColorScheme/Light wwmver/3.26.506.647"
14.108.234.14 - - [03/Apr/2026:13:45:25 +0800] "GET /wp-content/uploads/2025/07/1753410289-News2000%C3%97400_202571.webp HTTP/1.1" 200 17830 "http://cqqizhou.com/news/2534" "Mozilla/5.0 (Linux; Android 15; 22127RK46C Build/AQ3A.250226.002; wv) AppleWebKit/537.36 (KHTML, like Gecko) Version/4.0 Chrome/138.0.7204.180 Mobile Safari/537.36 XWEB/1380347 MMWEBSDK/20250202 MMWEBID/8043 wxwork/5.0.6 MicroMessenger/7.0.1 NetType/WIFI Language/zh Lang/zh ColorScheme/Light wwmver/3.26.506.647"
223.104.79.29 - - [03/Apr/2026:13:45:26 +0800] "POST /wp-admin/admin-ajax.php HTTP/1.1" 200 112 "http://cqqizhou.com/wp-admin/post.php?post=2535&action=edit" "Mozilla/5.0 (Windows NT 10.0; Win64; x64) AppleWebKit/537.36 (KHTML, like Gecko) Chrome/145.0.0.0 Safari/537.36 Edg/145.0.0.0"
223.104.79.29 - - [03/Apr/2026:13:45:35 +0800] "POST /wp-json/wp/v2/posts/2535/autosaves?_locale=user HTTP/1.1" 200 1707 "http://cqqizhou.com/wp-admin/post.php?post=2535&action=edit" "Mozilla/5.0 (Windows NT 10.0; Win64; x64) AppleWebKit/537.36 (KHTML, like Gecko) Chrome/145.0.0.0 Safari/537.36 Edg/145.0.0.0"
223.104.79.29 - - [03/Apr/2026:13:45:36 +0800] "POST /wp-admin/admin-ajax.php HTTP/1.1" 200 112 "http://cqqizhou.com/wp-admin/post.php?post=2535&action=edit" "Mozilla/5.0 (Windows NT 10.0; Win64; x64) AppleWebKit/537.36 (KHTML, like Gecko) Chrome/145.0.0.0 Safari/537.36 Edg/145.0.0.0"
223.104.79.29 - - [03/Apr/2026:13:45:46 +0800] "POST /wp-json/wp/v2/posts/2535?_locale=user HTTP/1.1" 200 2251 "http://cqqizhou.com/wp-admin/post.php?post=2535&action=edit" "Mozilla/5.0 (Windows NT 10.0; Win64; x64) AppleWebKit/537.36 (KHTML, like Gecko) Chrome/145.0.0.0 Safari/537.36 Edg/145.0.0.0"
223.104.79.29 - - [03/Apr/2026:13:45:46 +0800] "POST /wp-admin/admin-ajax.php HTTP/1.1" 200 112 "http://cqqizhou.com/wp-admin/post.php?post=2535&action=edit" "Mozilla/5.0 (Windows NT 10.0; Win64; x64) AppleWebKit/537.36 (KHTML, like Gecko) Chrome/145.0.0.0 Safari/537.36 Edg/145.0.0.0"
223.104.79.29 - - [03/Apr/2026:13:45:47 +0800] "POST /wp-admin/post.php?post=2535&action=edit&meta-box-loader=1&meta-box-loader-nonce=71d9c6a1fc&_locale=user HTTP/1.1" 302 5 "http://cqqizhou.com/wp-admin/post.php?post=2535&action=edit" "Mozilla/5.0 (Windows NT 10.0; Win64; x64) AppleWebKit/537.36 (KHTML, like Gecko) Chrome/145.0.0.0 Safari/537.36 Edg/145.0.0.0"
223.104.79.29 - - [03/Apr/2026:13:45:50 +0800] "GET /wp-admin/post.php?post=2535&action=edit&message=4 HTTP/1.1" 200 206185 "http://cqqizhou.com/wp-admin/post.php?post=2535&action=edit" "Mozilla/5.0 (Windows NT 10.0; Win64; x64) AppleWebKit/537.36 (KHTML, like Gecko) Chrome/145.0.0.0 Safari/537.36 Edg/145.0.0.0"
223.104.79.29 - - [03/Apr/2026:13:45:56 +0800] "GET /media HTTP/1.1" 200 34388 "http://cqqizhou.com/media" "Mozilla/5.0 (Windows NT 10.0; Win64; x64) AppleWebKit/537.36 (KHTML, like Gecko) Chrome/145.0.0.0 Safari/537.36 Edg/145.0.0.0"
223.104.79.29 - - [03/Apr/2026:13:45:56 +0800] "GET /wp-content/uploads/2026/04/1775195054-1Article_images_W900px-768x432.webp HTTP/1.1" 200 26908 "http://cqqizhou.com/media" "Mozilla/5.0 (Windows NT 10.0; Win64; x64) AppleWebKit/537.36 (KHTML, like Gecko) Chrome/145.0.0.0 Safari/537.36 Edg/145.0.0.0"
223.104.79.29 - - [03/Apr/2026:13:45:56 +0800] "GET /wp-content/uploads/2025/07/1751864664-Logistics800x500_1-768x480.webp HTTP/1.1" 200 83946 "http://cqqizhou.com/media" "Mozilla/5.0 (Windows NT 10.0; Win64; x64) AppleWebKit/537.36 (KHTML, like Gecko) Chrome/145.0.0.0 Safari/537.36 Edg/145.0.0.0"
223.104.79.29 - - [03/Apr/2026:13:45:56 +0800] "GET /wp-content/uploads/2026/03/1773722869-1Article_images_W900px-768x432.webp HTTP/1.1" 200 29024 "http://cqqizhou.com/media" "Mozilla/5.0 (Windows NT 10.0; Win64; x64) AppleWebKit/537.36 (KHTML, like Gecko) Chrome/145.0.0.0 Safari/537.36 Edg/145.0.0.0"
223.104.79.29 - - [03/Apr/2026:13:45:57 +0800] "GET /wp-content/uploads/media/qizhou_Brochure.webp HTTP/1.1" 200 26142 "http://cqqizhou.com/media" "Mozilla/5.0 (Windows NT 10.0; Win64; x64) AppleWebKit/537.36 (KHTML, like Gecko) Chrome/145.0.0.0 Safari/537.36 Edg/145.0.0.0"
223.104.79.29 - - [03/Apr/2026:13:45:57 +0800] "POST /wp-admin/admin-ajax.php HTTP/1.1" 200 112 "http://cqqizhou.com/wp-admin/post.php?post=2535&action=edit" "Mozilla/5.0 (Windows NT 10.0; Win64; x64) AppleWebKit/537.36 (KHTML, like Gecko) Chrome/145.0.0.0 Safari/537.36 Edg/145.0.0.0"
223.104.79.29 - - [03/Apr/2026:13:46:02 +0800] "GET /media/2 HTTP/1.1" 200 34570 "http://cqqizhou.com/media" "Mozilla/5.0 (Windows NT 10.0; Win64; x64) AppleWebKit/537.36 (KHTML, like Gecko) Chrome/145.0.0.0 Safari/537.36 Edg/145.0.0.0"
223.104.79.29 - - [03/Apr/2026:13:46:03 +0800] "GET /wp-content/uploads/2026/03/1772790791-%E5%B0%81%E9%9D%A2%E5%A4%B4%E5%9B%BEArticle_images_W900%C3%97500px2026-768x427.webp HTTP/1.1" 200 52514 "http://cqqizhou.com/media/2" "Mozilla/5.0 (Windows NT 10.0; Win64; x64) AppleWebKit/537.36 (KHTML, like Gecko) Chrome/145.0.0.0 Safari/537.36 Edg/145.0.0.0"
223.104.79.29 - - [03/Apr/2026:13:46:03 +0800] "GET /wp-content/uploads/2026/03/1772713922-Article_images_W900px-768x427.webp HTTP/1.1" 200 40836 "http://cqqizhou.com/media/2" "Mozilla/5.0 (Windows NT 10.0; Win64; x64) AppleWebKit/537.36 (KHTML, like Gecko) Chrome/145.0.0.0 Safari/537.36 Edg/145.0.0.0"
223.104.79.29 - - [03/Apr/2026:13:46:03 +0800] "GET /wp-content/uploads/2026/02/1772086672-%E5%BC%80%E5%B7%A5%E5%A4%A7%E5%90%89%E5%B0%81%E9%9D%A2%E5%A4%B4%E5%9B%BEArticle_images_W900%C3%97500px-768x427.webp HTTP/1.1" 200 93810 "http://cqqizhou.com/media/2" "Mozilla/5.0 (Windows NT 10.0; Win64; x64) AppleWebKit/537.36 (KHTML, like Gecko) Chrome/145.0.0.0 Safari/537.36 Edg/145.0.0.0"
223.104.79.29 - - [03/Apr/2026:13:46:07 +0800] "GET /media/3 HTTP/1.1" 200 34594 "http://cqqizhou.com/media/2" "Mozilla/5.0 (Windows NT 10.0; Win64; x64) AppleWebKit/537.36 (KHTML, like Gecko) Chrome/145.0.0.0 Safari/537.36 Edg/145.0.0.0"
223.104.79.29 - - [03/Apr/2026:13:46:07 +0800] "GET /wp-content/uploads/2026/02/1770617354-Article_images_W900px-768x479.webp HTTP/1.1" 200 14746 "http://cqqizhou.com/media/3" "Mozilla/5.0 (Windows NT 10.0; Win64; x64) AppleWebKit/537.36 (KHTML, like Gecko) Chrome/145.0.0.0 Safari/537.36 Edg/145.0.0.0"
223.104.79.29 - - [03/Apr/2026:13:46:07 +0800] "GET /wp-content/uploads/2025/07/1753454299-Article_images_W900px-768x432.webp HTTP/1.1" 200 53850 "http://cqqizhou.com/media/3" "Mozilla/5.0 (Windows NT 10.0; Win64; x64) AppleWebKit/537.36 (KHTML, like Gecko) Chrome/145.0.0.0 Safari/537.36 Edg/145.0.0.0"
223.104.79.29 - - [03/Apr/2026:13:46:07 +0800] "GET /wp-content/uploads/2026/02/1770341652-2026251Article_images_W900%C3%97500px-768x427.webp HTTP/1.1" 200 42638 "http://cqqizhou.com/media/3" "Mozilla/5.0 (Windows NT 10.0; Win64; x64) AppleWebKit/537.36 (KHTML, like Gecko) Chrome/145.0.0.0 Safari/537.36 Edg/145.0.0.0"
36.133.115.36 - - [03/Apr/2026:13:46:11 +0800] "POST /wp-cron.php?doing_wp_cron=1775195171.4209430217742919921875 HTTP/1.1" 200 31 "-" "WordPress/6.9; http://cqqizhou.com"
223.104.79.29 - - [03/Apr/2026:13:46:11 +0800] "GET /media/4 HTTP/1.1" 200 34584 "http://cqqizhou.com/media/3" "Mozilla/5.0 (Windows NT 10.0; Win64; x64) AppleWebKit/537.36 (KHTML, like Gecko) Chrome/145.0.0.0 Safari/537.36 Edg/145.0.0.0"
223.104.79.29 - - [03/Apr/2026:13:46:11 +0800] "GET /wp-content/uploads/2026/02/1770617948-Article_images_W900%C3%97500px-768x432.webp HTTP/1.1" 200 41870 "http://cqqizhou.com/media/4" "Mozilla/5.0 (Windows NT 10.0; Win64; x64) AppleWebKit/537.36 (KHTML, like Gecko) Chrome/145.0.0.0 Safari/537.36 Edg/145.0.0.0"
223.104.79.29 - - [03/Apr/2026:13:46:11 +0800] "GET /wp-content/uploads/2026/01/1769511379-Article_images_W900%C3%97500px202601271-768x576.webp HTTP/1.1" 200 68654 "http://cqqizhou.com/media/4" "Mozilla/5.0 (Windows NT 10.0; Win64; x64) AppleWebKit/537.36 (KHTML, like Gecko) Chrome/145.0.0.0 Safari/537.36 Edg/145.0.0.0"
223.104.79.29 - - [03/Apr/2026:13:46:11 +0800] "GET /wp-content/uploads/2026/01/1770349139-202624Article_images_W900%C3%97500px20260--768x427.webp HTTP/1.1" 200 56936 "http://cqqizhou.com/media/4" "Mozilla/5.0 (Windows NT 10.0; Win64; x64) AppleWebKit/537.36 (KHTML, like Gecko) Chrome/145.0.0.0 Safari/537.36 Edg/145.0.0.0"
223.104.79.29 - - [03/Apr/2026:13:46:20 +0800] "POST /wp-admin/admin-ajax.php HTTP/1.1" 200 112 "http://cqqizhou.com/wp-admin/post.php?post=2535&action=edit" "Mozilla/5.0 (Windows NT 10.0; Win64; x64) AppleWebKit/537.36 (KHTML, like Gecko) Chrome/145.0.0.0 Safari/537.36 Edg/145.0.0.0"
223.104.79.29 - - [03/Apr/2026:13:46:25 +0800] "POST /wp-admin/admin-ajax.php HTTP/1.1" 200 32 "http://cqqizhou.com/wp-admin/post.php?post=2535&action=edit" "Mozilla/5.0 (Windows NT 10.0; Win64; x64) AppleWebKit/537.36 (KHTML, like Gecko) Chrome/145.0.0.0 Safari/537.36 Edg/145.0.0.0"
223.104.79.29 - - [03/Apr/2026:13:46:27 +0800] "GET /wp-admin/edit.php?post_type=post HTTP/1.1" 200 85946 "http://cqqizhou.com/wp-admin/post.php?post=2535&action=edit" "Mozilla/5.0 (Windows NT 10.0; Win64; x64) AppleWebKit/537.36 (KHTML, like Gecko) Chrome/145.0.0.0 Safari/537.36 Edg/145.0.0.0"
223.104.79.29 - - [03/Apr/2026:13:46:27 +0800] "GET /wp-content/uploads/2026/04/1775195054-1Article_images_W900px-150x150.webp HTTP/1.1" 304 0 "http://cqqizhou.com/wp-admin/edit.php?post_type=post" "Mozilla/5.0 (Windows NT 10.0; Win64; x64) AppleWebKit/537.36 (KHTML, like Gecko) Chrome/145.0.0.0 Safari/537.36 Edg/145.0.0.0"
223.104.79.29 - - [03/Apr/2026:13:46:28 +0800] "POST /wp-admin/admin-ajax.php HTTP/1.1" 200 78 "http://cqqizhou.com/wp-admin/edit.php?post_type=post" "Mozilla/5.0 (Windows NT 10.0; Win64; x64) AppleWebKit/537.36 (KHTML, like Gecko) Chrome/145.0.0.0 Safari/537.36 Edg/145.0.0.0"
223.104.79.29 - - [03/Apr/2026:13:46:38 +0800] "POST /wp-admin/admin-ajax.php HTTP/1.1" 200 76 "http://cqqizhou.com/wp-admin/edit.php?post_type=post" "Mozilla/5.0 (Windows NT 10.0; Win64; x64) AppleWebKit/537.36 (KHTML, like Gecko) Chrome/145.0.0.0 Safari/537.36 Edg/145.0.0.0"
223.104.79.29 - - [03/Apr/2026:13:46:48 +0800] "POST /wp-admin/admin-ajax.php HTTP/1.1" 200 78 "http://cqqizhou.com/wp-admin/edit.php?post_type=post" "Mozilla/5.0 (Windows NT 10.0; Win64; x64) AppleWebKit/537.36 (KHTML, like Gecko) Chrome/145.0.0.0 Safari/537.36 Edg/145.0.0.0"
223.104.79.29 - - [03/Apr/2026:13:46:52 +0800] "GET /news/2483 HTTP/1.1" 200 28782 "http://cqqizhou.com/wp-admin/edit.php?post_type=post" "Mozilla/5.0 (Windows NT 10.0; Win64; x64) AppleWebKit/537.36 (KHTML, like Gecko) Chrome/145.0.0.0 Safari/537.36 Edg/145.0.0.0"
223.104.79.29 - - [03/Apr/2026:13:46:52 +0800] "GET /wp-content/uploads/2026/02/1770617977-Article_images_W900px.webp HTTP/1.1" 200 43904 "http://cqqizhou.com/news/2483" "Mozilla/5.0 (Windows NT 10.0; Win64; x64) AppleWebKit/537.36 (KHTML, like Gecko) Chrome/145.0.0.0 Safari/537.36 Edg/145.0.0.0"
223.104.79.29 - - [03/Apr/2026:13:46:52 +0800] "GET /wp-content/uploads/2026/04/1775195054-1Article_images_W900px.webp HTTP/1.1" 304 0 "http://cqqizhou.com/news/2483" "Mozilla/5.0 (Windows NT 10.0; Win64; x64) AppleWebKit/537.36 (KHTML, like Gecko) Chrome/145.0.0.0 Safari/537.36 Edg/145.0.0.0"
223.104.79.29 - - [03/Apr/2026:13:46:59 +0800] "POST /wp-admin/admin-ajax.php HTTP/1.1" 200 78 "http://cqqizhou.com/wp-admin/edit.php?post_type=post" "Mozilla/5.0 (Windows NT 10.0; Win64; x64) AppleWebKit/537.36 (KHTML, like Gecko) Chrome/145.0.0.0 Safari/537.36 Edg/145.0.0.0"
36.133.115.36 - - [03/Apr/2026:13:47:10 +0800] "POST /wp-cron.php?doing_wp_cron=1775195230.5228910446166992187500 HTTP/1.1" 200 31 "-" "WordPress/6.9; http://cqqizhou.com"
223.104.79.29 - - [03/Apr/2026:13:47:10 +0800] "POST /wp-admin/admin-ajax.php HTTP/1.1" 200 78 "http://cqqizhou.com/wp-admin/edit.php?post_type=post" "Mozilla/5.0 (Windows NT 10.0; Win64; x64) AppleWebKit/537.36 (KHTML, like Gecko) Chrome/145.0.0.0 Safari/537.36 Edg/145.0.0.0"
39.144.224.73 - - [03/Apr/2026:13:47:26 +0800] "GET /news/2534 HTTP/1.1" 200 20208 "-" "Mozilla/5.0 (Linux; Android 16; 24129PN74C Build/BP2A.250605.031.A3; wv) AppleWebKit/537.36 (KHTML, like Gecko) Version/4.0 Chrome/138.0.7204.180 Mobile Safari/537.36 XWEB/1380347 MMWEBSDK/20250202 MMWEBID/715 wxwork/5.0.7 MicroMessenger/7.0.1 NetType/4G Language/zh Lang/zh ColorScheme/Light wwmver/3.26.506.647"
39.144.224.73 - - [03/Apr/2026:13:47:26 +0800] "GET /wp-content/uploads/2026/03/1773722869-1Article_images_W900px.webp HTTP/1.1" 200 28566 "http://cqqizhou.com/news/2534" "Mozilla/5.0 (Linux; Android 16; 24129PN74C Build/BP2A.250605.031.A3; wv) AppleWebKit/537.36 (KHTML, like Gecko) Version/4.0 Chrome/138.0.7204.180 Mobile Safari/537.36 XWEB/1380347 MMWEBSDK/20250202 MMWEBID/715 wxwork/5.0.7 MicroMessenger/7.0.1 NetType/4G Language/zh Lang/zh ColorScheme/Light wwmver/3.26.506.647"
39.144.224.73 - - [03/Apr/2026:13:47:26 +0800] "GET /wp-content/uploads/2025/07/1751864664-Logistics800x500_1.webp HTTP/1.1" 200 76914 "http://cqqizhou.com/news/2534" "Mozilla/5.0 (Linux; Android 16; 24129PN74C Build/BP2A.250605.031.A3; wv) AppleWebKit/537.36 (KHTML, like Gecko) Version/4.0 Chrome/138.0.7204.180 Mobile Safari/537.36 XWEB/1380347 MMWEBSDK/20250202 MMWEBID/715 wxwork/5.0.7 MicroMessenger/7.0.1 NetType/4G Language/zh Lang/zh ColorScheme/Light wwmver/3.26.506.647"
39.144.224.73 - - [03/Apr/2026:13:47:26 +0800] "GET /wp-content/uploads/2025/07/1751425283-qizhou.kf_.qq_.com_.webp HTTP/1.1" 200 16864 "http://cqqizhou.com/news/2534" "Mozilla/5.0 (Linux; Android 16; 24129PN74C Build/BP2A.250605.031.A3; wv) AppleWebKit/537.36 (KHTML, like Gecko) Version/4.0 Chrome/138.0.7204.180 Mobile Safari/537.36 XWEB/1380347 MMWEBSDK/20250202 MMWEBID/715 wxwork/5.0.7 MicroMessenger/7.0.1 NetType/4G Language/zh Lang/zh ColorScheme/Light wwmver/3.26.506.647"
39.144.224.73 - - [03/Apr/2026:13:47:26 +0800] "GET /wp-content/uploads/2026/03/1772790791-%E5%B0%81%E9%9D%A2%E5%A4%B4%E5%9B%BEArticle_images_W900%C3%97500px2026.webp HTTP/1.1" 200 52968 "http://cqqizhou.com/news/2534" "Mozilla/5.0 (Linux; Android 16; 24129PN74C Build/BP2A.250605.031.A3; wv) AppleWebKit/537.36 (KHTML, like Gecko) Version/4.0 Chrome/138.0.7204.180 Mobile Safari/537.36 XWEB/1380347 MMWEBSDK/20250202 MMWEBID/715 wxwork/5.0.7 MicroMessenger/7.0.1 NetType/4G Language/zh Lang/zh ColorScheme/Light wwmver/3.26.506.647"
39.144.224.73 - - [03/Apr/2026:13:47:26 +0800] "GET /wp-content/uploads/2025/07/1753410289-News2000%C3%97400_202571.webp HTTP/1.1" 200 17830 "http://cqqizhou.com/news/2534" "Mozilla/5.0 (Linux; Android 16; 24129PN74C Build/BP2A.250605.031.A3; wv) AppleWebKit/537.36 (KHTML, like Gecko) Version/4.0 Chrome/138.0.7204.180 Mobile Safari/537.36 XWEB/1380347 MMWEBSDK/20250202 MMWEBID/715 wxwork/5.0.7 MicroMessenger/7.0.1 NetType/4G Language/zh Lang/zh ColorScheme/Light wwmver/3.26.506.647"
39.144.224.44 - - [03/Apr/2026:13:47:48 +0800] "GET /news/2534 HTTP/1.1" 200 20209 "-" "Mozilla/5.0 (Linux; Android 14; V2133A Build/UP1A.231005.007; wv) AppleWebKit/537.36 (KHTML, like Gecko) Version/4.0 Chrome/138.0.7204.180 Mobile Safari/537.36 XWEB/1380347 MMWEBSDK/20250202 MMWEBID/1390 wxwork/5.0.7 MicroMessenger/7.0.1 NetType/4G Language/zh Lang/zh ColorScheme/Light wwmver/3.26.506.647"
39.144.224.44 - - [03/Apr/2026:13:47:48 +0800] "GET /wp-content/uploads/2025/07/1751864664-Logistics800x500_1.webp HTTP/1.1" 200 76914 "http://cqqizhou.com/news/2534" "Mozilla/5.0 (Linux; Android 14; V2133A Build/UP1A.231005.007; wv) AppleWebKit/537.36 (KHTML, like Gecko) Version/4.0 Chrome/138.0.7204.180 Mobile Safari/537.36 XWEB/1380347 MMWEBSDK/20250202 MMWEBID/1390 wxwork/5.0.7 MicroMessenger/7.0.1 NetType/4G Language/zh Lang/zh ColorScheme/Light wwmver/3.26.506.647"
39.144.224.44 - - [03/Apr/2026:13:47:48 +0800] "GET /wp-content/uploads/2026/03/1772790791-%E5%B0%81%E9%9D%A2%E5%A4%B4%E5%9B%BEArticle_images_W900%C3%97500px2026.webp HTTP/1.1" 200 52968 "http://cqqizhou.com/news/2534" "Mozilla/5.0 (Linux; Android 14; V2133A Build/UP1A.231005.007; wv) AppleWebKit/537.36 (KHTML, like Gecko) Version/4.0 Chrome/138.0.7204.180 Mobile Safari/537.36 XWEB/1380347 MMWEBSDK/20250202 MMWEBID/1390 wxwork/5.0.7 MicroMessenger/7.0.1 NetType/4G Language/zh Lang/zh ColorScheme/Light wwmver/3.26.506.647"
39.144.224.44 - - [03/Apr/2026:13:47:48 +0800] "GET /wp-content/uploads/2026/03/1773722869-1Article_images_W900px.webp HTTP/1.1" 200 28566 "http://cqqizhou.com/news/2534" "Mozilla/5.0 (Linux; Android 14; V2133A Build/UP1A.231005.007; wv) AppleWebKit/537.36 (KHTML, like Gecko) Version/4.0 Chrome/138.0.7204.180 Mobile Safari/537.36 XWEB/1380347 MMWEBSDK/20250202 MMWEBID/1390 wxwork/5.0.7 MicroMessenger/7.0.1 NetType/4G Language/zh Lang/zh ColorScheme/Light wwmver/3.26.506.647"
39.144.224.44 - - [03/Apr/2026:13:47:48 +0800] "GET /wp-content/uploads/2025/07/1751425283-qizhou.kf_.qq_.com_.webp HTTP/1.1" 200 16864 "http://cqqizhou.com/news/2534" "Mozilla/5.0 (Linux; Android 14; V2133A Build/UP1A.231005.007; wv) AppleWebKit/537.36 (KHTML, like Gecko) Version/4.0 Chrome/138.0.7204.180 Mobile Safari/537.36 XWEB/1380347 MMWEBSDK/20250202 MMWEBID/1390 wxwork/5.0.7 MicroMessenger/7.0.1 NetType/4G Language/zh Lang/zh ColorScheme/Light wwmver/3.26.506.647"
39.144.224.44 - - [03/Apr/2026:13:47:48 +0800] "GET /wp-content/uploads/2025/07/1753410289-News2000%C3%97400_202571.webp HTTP/1.1" 200 17830 "http://cqqizhou.com/news/2534" "Mozilla/5.0 (Linux; Android 14; V2133A Build/UP1A.231005.007; wv) AppleWebKit/537.36 (KHTML, like Gecko) Version/4.0 Chrome/138.0.7204.180 Mobile Safari/537.36 XWEB/1380347 MMWEBSDK/20250202 MMWEBID/1390 wxwork/5.0.7 MicroMessenger/7.0.1 NetType/4G Language/zh Lang/zh ColorScheme/Light wwmver/3.26.506.647"
39.144.224.44 - - [03/Apr/2026:13:47:49 +0800] "GET /news/2534 HTTP/1.1" 200 20209 "-" "Mozilla/5.0 (Linux; Android 14; V2133A Build/UP1A.231005.007; wv) AppleWebKit/537.36 (KHTML, like Gecko) Version/4.0 Chrome/138.0.7204.180 Mobile Safari/537.36 XWEB/1380347 MMWEBSDK/20250202 MMWEBID/1390 wxwork/5.0.7 MicroMessenger/7.0.1 NetType/4G Language/zh Lang/zh ColorScheme/Light wwmver/3.26.506.647"
36.133.115.36 - - [03/Apr/2026:13:48:09 +0800] "POST /wp-cron.php?doing_wp_cron=1775195289.8242640495300292968750 HTTP/1.1" 200 31 "-" "WordPress/6.9; http://cqqizhou.com"
39.144.224.44 - - [03/Apr/2026:13:48:09 +0800] "GET /news/2518 HTTP/1.1" 200 20084 "http://cqqizhou.com/news/2534" "Mozilla/5.0 (Linux; Android 14; V2133A Build/UP1A.231005.007; wv) AppleWebKit/537.36 (KHTML, like Gecko) Version/4.0 Chrome/138.0.7204.180 Mobile Safari/537.36 XWEB/1380347 MMWEBSDK/20250202 MMWEBID/1390 wxwork/5.0.7 MicroMessenger/7.0.1 NetType/4G Language/zh Lang/zh ColorScheme/Light wwmver/3.26.506.647"
39.144.224.44 - - [03/Apr/2026:13:48:10 +0800] "GET /wp-content/uploads/2026/03/1772790943-1Article_images_W900px.webp HTTP/1.1" 200 35332 "http://cqqizhou.com/news/2518" "Mozilla/5.0 (Linux; Android 14; V2133A Build/UP1A.231005.007; wv) AppleWebKit/537.36 (KHTML, like Gecko) Version/4.0 Chrome/138.0.7204.180 Mobile Safari/537.36 XWEB/1380347 MMWEBSDK/20250202 MMWEBID/1390 wxwork/5.0.7 MicroMessenger/7.0.1 NetType/4G Language/zh Lang/zh ColorScheme/Light wwmver/3.26.506.647"
39.144.224.44 - - [03/Apr/2026:13:48:10 +0800] "GET /wp-content/uploads/2026/03/1772790943-2Article_images_W900px.webp HTTP/1.1" 200 45662 "http://cqqizhou.com/news/2518" "Mozilla/5.0 (Linux; Android 14; V2133A Build/UP1A.231005.007; wv) AppleWebKit/537.36 (KHTML, like Gecko) Version/4.0 Chrome/138.0.7204.180 Mobile Safari/537.36 XWEB/1380347 MMWEBSDK/20250202 MMWEBID/1390 wxwork/5.0.7 MicroMessenger/7.0.1 NetType/4G Language/zh Lang/zh ColorScheme/Light wwmver/3.26.506.647"
39.144.224.44 - - [03/Apr/2026:13:48:10 +0800] "GET /wp-content/uploads/2026/03/1772790943-3Article_images_W900px.webp HTTP/1.1" 200 37622 "http://cqqizhou.com/news/2518" "Mozilla/5.0 (Linux; Android 14; V2133A Build/UP1A.231005.007; wv) AppleWebKit/537.36 (KHTML, like Gecko) Version/4.0 Chrome/138.0.7204.180 Mobile Safari/537.36 XWEB/1380347 MMWEBSDK/20250202 MMWEBID/1390 wxwork/5.0.7 MicroMessenger/7.0.1 NetType/4G Language/zh Lang/zh ColorScheme/Light wwmver/3.26.506.647"
39.144.224.44 - - [03/Apr/2026:13:48:10 +0800] "GET /wp-content/uploads/2026/03/1772790943-6Article_images_W900px.webp HTTP/1.1" 200 57278 "http://cqqizhou.com/news/2518" "Mozilla/5.0 (Linux; Android 14; V2133A Build/UP1A.231005.007; wv) AppleWebKit/537.36 (KHTML, like Gecko) Version/4.0 Chrome/138.0.7204.180 Mobile Safari/537.36 XWEB/1380347 MMWEBSDK/20250202 MMWEBID/1390 wxwork/5.0.7 MicroMessenger/7.0.1 NetType/4G Language/zh Lang/zh ColorScheme/Light wwmver/3.26.506.647"
39.144.224.44 - - [03/Apr/2026:13:48:10 +0800] "GET /wp-content/uploads/2026/03/1772790943-5Article_images_W900px.webp HTTP/1.1" 200 57476 "http://cqqizhou.com/news/2518" "Mozilla/5.0 (Linux; Android 14; V2133A Build/UP1A.231005.007; wv) AppleWebKit/537.36 (KHTML, like Gecko) Version/4.0 Chrome/138.0.7204.180 Mobile Safari/537.36 XWEB/1380347 MMWEBSDK/20250202 MMWEBID/1390 wxwork/5.0.7 MicroMessenger/7.0.1 NetType/4G Language/zh Lang/zh ColorScheme/Light wwmver/3.26.506.647"
113.83.195.93 - - [03/Apr/2026:13:48:36 +0800] "GET /media HTTP/1.1" 200 34395 "http://cqqizhou.com/news/2535" "Mozilla/5.0 (Windows NT 10.0; Win64; x64) AppleWebKit/537.36 (KHTML, like Gecko) Chrome/145.0.0.0 Safari/537.36 Edg/145.0.0.0"
14.108.234.14 - - [03/Apr/2026:13:48:36 +0800] "GET /news/2534 HTTP/1.1" 200 20489 "-" "Mozilla/5.0 (Windows NT 10.0; Win64; x64) AppleWebKit/537.36 (KHTML, like Gecko) Chrome/130.0.0.0 Safari/537.36 QuarkPC/6.6.2.781"
14.108.234.14 - - [03/Apr/2026:13:48:36 +0800] "GET /wp-content/uploads/2025/07/1753410289-News2000%C3%97400_202571.webp HTTP/1.1" 200 17830 "http://cqqizhou.com/news/2534" "Mozilla/5.0 (Windows NT 10.0; Win64; x64) AppleWebKit/537.36 (KHTML, like Gecko) Chrome/130.0.0.0 Safari/537.36 QuarkPC/6.6.2.781"
14.108.234.14 - - [03/Apr/2026:13:48:36 +0800] "GET /wp-content/uploads/2025/07/1751864664-Logistics800x500_1.webp HTTP/1.1" 200 76914 "http://cqqizhou.com/news/2534" "Mozilla/5.0 (Windows NT 10.0; Win64; x64) AppleWebKit/537.36 (KHTML, like Gecko) Chrome/130.0.0.0 Safari/537.36 QuarkPC/6.6.2.781"
14.108.234.14 - - [03/Apr/2026:13:48:36 +0800] "GET /wp-content/uploads/2026/03/1773722869-1Article_images_W900px.webp HTTP/1.1" 200 28566 "http://cqqizhou.com/news/2534" "Mozilla/5.0 (Windows NT 10.0; Win64; x64) AppleWebKit/537.36 (KHTML, like Gecko) Chrome/130.0.0.0 Safari/537.36 QuarkPC/6.6.2.781"
14.108.234.14 - - [03/Apr/2026:13:48:36 +0800] "GET /wp-content/uploads/2026/03/1772790791-%E5%B0%81%E9%9D%A2%E5%A4%B4%E5%9B%BEArticle_images_W900%C3%97500px2026.webp HTTP/1.1" 200 52968 "http://cqqizhou.com/news/2534" "Mozilla/5.0 (Windows NT 10.0; Win64; x64) AppleWebKit/537.36 (KHTML, like Gecko) Chrome/130.0.0.0 Safari/537.36 QuarkPC/6.6.2.781"
14.108.234.14 - - [03/Apr/2026:13:48:36 +0800] "GET /wp-content/uploads/2025/07/1751425283-qizhou.kf_.qq_.com_.webp HTTP/1.1" 200 16864 "http://cqqizhou.com/news/2534" "Mozilla/5.0 (Windows NT 10.0; Win64; x64) AppleWebKit/537.36 (KHTML, like Gecko) Chrome/130.0.0.0 Safari/537.36 QuarkPC/6.6.2.781"
113.83.195.93 - - [03/Apr/2026:13:48:36 +0800] "GET /wp-content/uploads/2026/04/1775195054-1Article_images_W900px-768x432.webp HTTP/1.1" 304 0 "http://cqqizhou.com/media" "Mozilla/5.0 (Windows NT 10.0; Win64; x64) AppleWebKit/537.36 (KHTML, like Gecko) Chrome/145.0.0.0 Safari/537.36 Edg/145.0.0.0"
113.83.195.93 - - [03/Apr/2026:13:48:45 +0800] "GET /news/2534 HTTP/1.1" 200 28689 "http://cqqizhou.com/media" "Mozilla/5.0 (Windows NT 10.0; Win64; x64) AppleWebKit/537.36 (KHTML, like Gecko) Chrome/145.0.0.0 Safari/537.36 Edg/145.0.0.0"
113.83.195.93 - - [03/Apr/2026:13:48:45 +0800] "GET /wp-content/uploads/2025/07/1751864664-Logistics800x500_1.webp HTTP/1.1" 200 76914 "http://cqqizhou.com/news/2534" "Mozilla/5.0 (Windows NT 10.0; Win64; x64) AppleWebKit/537.36 (KHTML, like Gecko) Chrome/145.0.0.0 Safari/537.36 Edg/145.0.0.0"
113.83.195.93 - - [03/Apr/2026:13:48:45 +0800] "GET /wp-content/uploads/2026/03/1773722869-1Article_images_W900px.webp HTTP/1.1" 200 28566 "http://cqqizhou.com/news/2534" "Mozilla/5.0 (Windows NT 10.0; Win64; x64) AppleWebKit/537.36 (KHTML, like Gecko) Chrome/145.0.0.0 Safari/537.36 Edg/145.0.0.0"
113.83.195.93 - - [03/Apr/2026:13:48:45 +0800] "GET /wp-content/uploads/2026/03/1772790791-%E5%B0%81%E9%9D%A2%E5%A4%B4%E5%9B%BEArticle_images_W900%C3%97500px2026.webp HTTP/1.1" 200 52968 "http://cqqizhou.com/news/2534" "Mozilla/5.0 (Windows NT 10.0; Win64; x64) AppleWebKit/537.36 (KHTML, like Gecko) Chrome/145.0.0.0 Safari/537.36 Edg/145.0.0.0"
14.108.234.14 - - [03/Apr/2026:13:48:47 +0800] "GET /news/2535 HTTP/1.1" 200 23638 "http://cqqizhou.com/news/2534" "Mozilla/5.0 (Windows NT 10.0; Win64; x64) AppleWebKit/537.36 (KHTML, like Gecko) Chrome/130.0.0.0 Safari/537.36 QuarkPC/6.6.2.781"
14.108.234.14 - - [03/Apr/2026:13:48:47 +0800] "GET /wp-content/uploads/2026/04/1775195054-1Article_images_W900px.webp HTTP/1.1" 200 25562 "http://cqqizhou.com/news/2535" "Mozilla/5.0 (Windows NT 10.0; Win64; x64) AppleWebKit/537.36 (KHTML, like Gecko) Chrome/130.0.0.0 Safari/537.36 QuarkPC/6.6.2.781"
14.108.234.14 - - [03/Apr/2026:13:48:47 +0800] "GET /wp-content/uploads/2026/02/1770617354-Article_images_W900px.webp HTTP/1.1" 200 13634 "http://cqqizhou.com/news/2535" "Mozilla/5.0 (Windows NT 10.0; Win64; x64) AppleWebKit/537.36 (KHTML, like Gecko) Chrome/130.0.0.0 Safari/537.36 QuarkPC/6.6.2.781"
14.108.234.14 - - [03/Apr/2026:13:48:47 +0800] "GET /wp-content/uploads/2026/04/1775195056-2Article_images_W900px.webp HTTP/1.1" 200 29660 "http://cqqizhou.com/news/2535" "Mozilla/5.0 (Windows NT 10.0; Win64; x64) AppleWebKit/537.36 (KHTML, like Gecko) Chrome/130.0.0.0 Safari/537.36 QuarkPC/6.6.2.781"
14.108.234.14 - - [03/Apr/2026:13:48:47 +0800] "GET /wp-content/uploads/2026/02/1770617948-Article_images_W900%C3%97500px.webp HTTP/1.1" 200 38890 "http://cqqizhou.com/news/2535" "Mozilla/5.0 (Windows NT 10.0; Win64; x64) AppleWebKit/537.36 (KHTML, like Gecko) Chrome/130.0.0.0 Safari/537.36 QuarkPC/6.6.2.781"
14.108.234.14 - - [03/Apr/2026:13:48:48 +0800] "GET /news/2534 HTTP/1.1" 200 20508 "-" "Mozilla/5.0 (Windows NT 10.0; Win64; x64) AppleWebKit/537.36 (KHTML, like Gecko) Chrome/132.0.0.0 Safari/537.36"
14.108.234.14 - - [03/Apr/2026:13:48:48 +0800] "GET /wp-content/uploads/2025/07/1753410289-News2000%C3%97400_202571.webp HTTP/1.1" 200 17830 "http://cqqizhou.com/news/2534" "Mozilla/5.0 (Windows NT 10.0; Win64; x64) AppleWebKit/537.36 (KHTML, like Gecko) Chrome/132.0.0.0 Safari/537.36"
14.108.234.14 - - [03/Apr/2026:13:48:48 +0800] "GET /wp-content/uploads/2025/07/1751864664-Logistics800x500_1.webp HTTP/1.1" 200 76914 "http://cqqizhou.com/news/2534" "Mozilla/5.0 (Windows NT 10.0; Win64; x64) AppleWebKit/537.36 (KHTML, like Gecko) Chrome/132.0.0.0 Safari/537.36"
14.108.234.14 - - [03/Apr/2026:13:48:48 +0800] "GET /wp-content/uploads/2026/03/1773722869-1Article_images_W900px.webp HTTP/1.1" 200 28566 "http://cqqizhou.com/news/2534" "Mozilla/5.0 (Windows NT 10.0; Win64; x64) AppleWebKit/537.36 (KHTML, like Gecko) Chrome/132.0.0.0 Safari/537.36"
14.108.234.14 - - [03/Apr/2026:13:48:48 +0800] "GET /wp-content/uploads/2026/03/1772790791-%E5%B0%81%E9%9D%A2%E5%A4%B4%E5%9B%BEArticle_images_W900%C3%97500px2026.webp HTTP/1.1" 200 52968 "http://cqqizhou.com/news/2534" "Mozilla/5.0 (Windows NT 10.0; Win64; x64) AppleWebKit/537.36 (KHTML, like Gecko) Chrome/132.0.0.0 Safari/537.36"
