167.172.65.58 - - [16/Mar/2026:18:01:47 +0800] "POST /xmlrpc.php HTTP/1.1" 200 415 "-" "Mozilla/5.0 (Windows NT 10.0; Win64; x64) AppleWebKit/537.36 (KHTML, like Gecko) Chrome/95.0.4638.69 Safari/537.36"
167.172.65.58 - - [16/Mar/2026:18:01:48 +0800] "POST /xmlrpc.php HTTP/1.1" 200 415 "-" "Mozilla/5.0 (Windows NT 10.0; Win64; x64) AppleWebKit/537.36 (KHTML, like Gecko) Chrome/95.0.4638.69 Safari/537.36"
167.172.65.58 - - [16/Mar/2026:18:01:49 +0800] "POST /xmlrpc.php HTTP/1.1" 200 415 "-" "Mozilla/5.0 (Windows NT 10.0; Win64; x64) AppleWebKit/537.36 (KHTML, like Gecko) Chrome/95.0.4638.69 Safari/537.36"
167.172.65.58 - - [16/Mar/2026:18:01:49 +0800] "POST /xmlrpc.php HTTP/1.1" 200 415 "-" "Mozilla/5.0 (Windows NT 10.0; Win64; x64) AppleWebKit/537.36 (KHTML, like Gecko) Chrome/95.0.4638.69 Safari/537.36"
167.172.65.58 - - [16/Mar/2026:18:01:50 +0800] "POST /xmlrpc.php HTTP/1.1" 200 415 "-" "Mozilla/5.0 (Windows NT 10.0; Win64; x64) AppleWebKit/537.36 (KHTML, like Gecko) Chrome/95.0.4638.69 Safari/537.36"
167.172.65.58 - - [16/Mar/2026:18:01:51 +0800] "POST /xmlrpc.php HTTP/1.1" 200 415 "-" "Mozilla/5.0 (Windows NT 10.0; Win64; x64) AppleWebKit/537.36 (KHTML, like Gecko) Chrome/95.0.4638.69 Safari/537.36"
167.172.65.58 - - [16/Mar/2026:18:01:51 +0800] "POST /xmlrpc.php HTTP/1.1" 200 415 "-" "Mozilla/5.0 (Windows NT 10.0; Win64; x64) AppleWebKit/537.36 (KHTML, like Gecko) Chrome/95.0.4638.69 Safari/537.36"
167.172.65.58 - - [16/Mar/2026:18:01:52 +0800] "POST /xmlrpc.php HTTP/1.1" 200 415 "-" "Mozilla/5.0 (Windows NT 10.0; Win64; x64) AppleWebKit/537.36 (KHTML, like Gecko) Chrome/95.0.4638.69 Safari/537.36"
167.172.65.58 - - [16/Mar/2026:18:01:53 +0800] "POST /xmlrpc.php HTTP/1.1" 200 415 "-" "Mozilla/5.0 (Windows NT 10.0; Win64; x64) AppleWebKit/537.36 (KHTML, like Gecko) Chrome/95.0.4638.69 Safari/537.36"
167.172.65.58 - - [16/Mar/2026:18:01:54 +0800] "POST /xmlrpc.php HTTP/1.1" 200 415 "-" "Mozilla/5.0 (Windows NT 10.0; Win64; x64) AppleWebKit/537.36 (KHTML, like Gecko) Chrome/95.0.4638.69 Safari/537.36"
167.172.65.58 - - [16/Mar/2026:18:01:54 +0800] "POST /xmlrpc.php HTTP/1.1" 200 415 "-" "Mozilla/5.0 (Windows NT 10.0; Win64; x64) AppleWebKit/537.36 (KHTML, like Gecko) Chrome/95.0.4638.69 Safari/537.36"
167.172.65.58 - - [16/Mar/2026:18:01:55 +0800] "POST /xmlrpc.php HTTP/1.1" 200 415 "-" "Mozilla/5.0 (Windows NT 10.0; Win64; x64) AppleWebKit/537.36 (KHTML, like Gecko) Chrome/95.0.4638.69 Safari/537.36"
167.172.65.58 - - [16/Mar/2026:18:01:56 +0800] "POST /xmlrpc.php HTTP/1.1" 200 415 "-" "Mozilla/5.0 (Windows NT 10.0; Win64; x64) AppleWebKit/537.36 (KHTML, like Gecko) Chrome/95.0.4638.69 Safari/537.36"
167.172.65.58 - - [16/Mar/2026:18:01:57 +0800] "POST /xmlrpc.php HTTP/1.1" 200 415 "-" "Mozilla/5.0 (Windows NT 10.0; Win64; x64) AppleWebKit/537.36 (KHTML, like Gecko) Chrome/95.0.4638.69 Safari/537.36"
167.172.65.58 - - [16/Mar/2026:18:01:58 +0800] "POST /xmlrpc.php HTTP/1.1" 200 415 "-" "Mozilla/5.0 (Windows NT 10.0; Win64; x64) AppleWebKit/537.36 (KHTML, like Gecko) Chrome/95.0.4638.69 Safari/537.36"
167.172.65.58 - - [16/Mar/2026:18:01:59 +0800] "POST /xmlrpc.php HTTP/1.1" 200 415 "-" "Mozilla/5.0 (Windows NT 10.0; Win64; x64) AppleWebKit/537.36 (KHTML, like Gecko) Chrome/95.0.4638.69 Safari/537.36"
167.172.65.58 - - [16/Mar/2026:18:01:59 +0800] "POST /xmlrpc.php HTTP/1.1" 200 415 "-" "Mozilla/5.0 (Windows NT 10.0; Win64; x64) AppleWebKit/537.36 (KHTML, like Gecko) Chrome/95.0.4638.69 Safari/537.36"
167.172.65.58 - - [16/Mar/2026:18:02:00 +0800] "POST /xmlrpc.php HTTP/1.1" 200 415 "-" "Mozilla/5.0 (Windows NT 10.0; Win64; x64) AppleWebKit/537.36 (KHTML, like Gecko) Chrome/95.0.4638.69 Safari/537.36"
167.172.65.58 - - [16/Mar/2026:18:02:01 +0800] "POST /xmlrpc.php HTTP/1.1" 200 415 "-" "Mozilla/5.0 (Windows NT 10.0; Win64; x64) AppleWebKit/537.36 (KHTML, like Gecko) Chrome/95.0.4638.69 Safari/537.36"
167.172.65.58 - - [16/Mar/2026:18:02:02 +0800] "POST /xmlrpc.php HTTP/1.1" 200 415 "-" "Mozilla/5.0 (Windows NT 10.0; Win64; x64) AppleWebKit/537.36 (KHTML, like Gecko) Chrome/95.0.4638.69 Safari/537.36"
167.172.65.58 - - [16/Mar/2026:18:02:02 +0800] "POST /xmlrpc.php HTTP/1.1" 200 415 "-" "Mozilla/5.0 (Windows NT 10.0; Win64; x64) AppleWebKit/537.36 (KHTML, like Gecko) Chrome/95.0.4638.69 Safari/537.36"
167.172.65.58 - - [16/Mar/2026:18:02:03 +0800] "POST /xmlrpc.php HTTP/1.1" 200 415 "-" "Mozilla/5.0 (Windows NT 10.0; Win64; x64) AppleWebKit/537.36 (KHTML, like Gecko) Chrome/95.0.4638.69 Safari/537.36"
167.172.65.58 - - [16/Mar/2026:18:02:04 +0800] "POST /xmlrpc.php HTTP/1.1" 200 415 "-" "Mozilla/5.0 (Windows NT 10.0; Win64; x64) AppleWebKit/537.36 (KHTML, like Gecko) Chrome/95.0.4638.69 Safari/537.36"
167.172.65.58 - - [16/Mar/2026:18:02:04 +0800] "POST /xmlrpc.php HTTP/1.1" 200 415 "-" "Mozilla/5.0 (Windows NT 10.0; Win64; x64) AppleWebKit/537.36 (KHTML, like Gecko) Chrome/95.0.4638.69 Safari/537.36"
167.172.65.58 - - [16/Mar/2026:18:02:06 +0800] "POST /xmlrpc.php HTTP/1.1" 200 415 "-" "Mozilla/5.0 (Windows NT 10.0; Win64; x64) AppleWebKit/537.36 (KHTML, like Gecko) Chrome/95.0.4638.69 Safari/537.36"
167.172.65.58 - - [16/Mar/2026:18:02:07 +0800] "POST /xmlrpc.php HTTP/1.1" 200 415 "-" "Mozilla/5.0 (Windows NT 10.0; Win64; x64) AppleWebKit/537.36 (KHTML, like Gecko) Chrome/95.0.4638.69 Safari/537.36"
167.172.65.58 - - [16/Mar/2026:18:02:07 +0800] "POST /xmlrpc.php HTTP/1.1" 200 415 "-" "Mozilla/5.0 (Windows NT 10.0; Win64; x64) AppleWebKit/537.36 (KHTML, like Gecko) Chrome/95.0.4638.69 Safari/537.36"
36.133.115.36 - - [16/Mar/2026:18:02:08 +0800] "POST /wp-cron.php?doing_wp_cron=1773655328.5495378971099853515625 HTTP/1.1" 200 31 "-" "WordPress/6.9; http://cqqizhou.com"
167.172.65.58 - - [16/Mar/2026:18:02:08 +0800] "POST /xmlrpc.php HTTP/1.1" 200 415 "-" "Mozilla/5.0 (Windows NT 10.0; Win64; x64) AppleWebKit/537.36 (KHTML, like Gecko) Chrome/95.0.4638.69 Safari/537.36"
167.172.65.58 - - [16/Mar/2026:18:02:09 +0800] "POST /xmlrpc.php HTTP/1.1" 200 415 "-" "Mozilla/5.0 (Windows NT 10.0; Win64; x64) AppleWebKit/537.36 (KHTML, like Gecko) Chrome/95.0.4638.69 Safari/537.36"
167.172.65.58 - - [16/Mar/2026:18:02:10 +0800] "POST /xmlrpc.php HTTP/1.1" 200 415 "-" "Mozilla/5.0 (Windows NT 10.0; Win64; x64) AppleWebKit/537.36 (KHTML, like Gecko) Chrome/95.0.4638.69 Safari/537.36"
167.172.65.58 - - [16/Mar/2026:18:02:10 +0800] "POST /xmlrpc.php HTTP/1.1" 200 415 "-" "Mozilla/5.0 (Windows NT 10.0; Win64; x64) AppleWebKit/537.36 (KHTML, like Gecko) Chrome/95.0.4638.69 Safari/537.36"
167.172.65.58 - - [16/Mar/2026:18:02:11 +0800] "POST /xmlrpc.php HTTP/1.1" 200 415 "-" "Mozilla/5.0 (Windows NT 10.0; Win64; x64) AppleWebKit/537.36 (KHTML, like Gecko) Chrome/95.0.4638.69 Safari/537.36"
167.172.65.58 - - [16/Mar/2026:18:02:12 +0800] "POST /xmlrpc.php HTTP/1.1" 200 415 "-" "Mozilla/5.0 (Windows NT 10.0; Win64; x64) AppleWebKit/537.36 (KHTML, like Gecko) Chrome/95.0.4638.69 Safari/537.36"
167.172.65.58 - - [16/Mar/2026:18:02:12 +0800] "POST /xmlrpc.php HTTP/1.1" 200 415 "-" "Mozilla/5.0 (Windows NT 10.0; Win64; x64) AppleWebKit/537.36 (KHTML, like Gecko) Chrome/95.0.4638.69 Safari/537.36"
167.172.65.58 - - [16/Mar/2026:18:02:13 +0800] "POST /xmlrpc.php HTTP/1.1" 200 415 "-" "Mozilla/5.0 (Windows NT 10.0; Win64; x64) AppleWebKit/537.36 (KHTML, like Gecko) Chrome/95.0.4638.69 Safari/537.36"
167.172.65.58 - - [16/Mar/2026:18:02:14 +0800] "POST /xmlrpc.php HTTP/1.1" 200 415 "-" "Mozilla/5.0 (Windows NT 10.0; Win64; x64) AppleWebKit/537.36 (KHTML, like Gecko) Chrome/95.0.4638.69 Safari/537.36"
167.172.65.58 - - [16/Mar/2026:18:02:15 +0800] "POST /xmlrpc.php HTTP/1.1" 200 415 "-" "Mozilla/5.0 (Windows NT 10.0; Win64; x64) AppleWebKit/537.36 (KHTML, like Gecko) Chrome/95.0.4638.69 Safari/537.36"
167.172.65.58 - - [16/Mar/2026:18:02:15 +0800] "POST /xmlrpc.php HTTP/1.1" 200 415 "-" "Mozilla/5.0 (Windows NT 10.0; Win64; x64) AppleWebKit/537.36 (KHTML, like Gecko) Chrome/95.0.4638.69 Safari/537.36"
167.172.65.58 - - [16/Mar/2026:18:02:16 +0800] "POST /xmlrpc.php HTTP/1.1" 200 415 "-" "Mozilla/5.0 (Windows NT 10.0; Win64; x64) AppleWebKit/537.36 (KHTML, like Gecko) Chrome/95.0.4638.69 Safari/537.36"
167.172.65.58 - - [16/Mar/2026:18:02:17 +0800] "POST /xmlrpc.php HTTP/1.1" 200 415 "-" "Mozilla/5.0 (Windows NT 10.0; Win64; x64) AppleWebKit/537.36 (KHTML, like Gecko) Chrome/95.0.4638.69 Safari/537.36"
167.172.65.58 - - [16/Mar/2026:18:02:17 +0800] "POST /xmlrpc.php HTTP/1.1" 200 415 "-" "Mozilla/5.0 (Windows NT 10.0; Win64; x64) AppleWebKit/537.36 (KHTML, like Gecko) Chrome/95.0.4638.69 Safari/537.36"
167.172.65.58 - - [16/Mar/2026:18:02:18 +0800] "POST /xmlrpc.php HTTP/1.1" 200 415 "-" "Mozilla/5.0 (Windows NT 10.0; Win64; x64) AppleWebKit/537.36 (KHTML, like Gecko) Chrome/95.0.4638.69 Safari/537.36"
167.172.65.58 - - [16/Mar/2026:18:02:19 +0800] "POST /xmlrpc.php HTTP/1.1" 200 415 "-" "Mozilla/5.0 (Windows NT 10.0; Win64; x64) AppleWebKit/537.36 (KHTML, like Gecko) Chrome/95.0.4638.69 Safari/537.36"
167.172.65.58 - - [16/Mar/2026:18:02:20 +0800] "POST /xmlrpc.php HTTP/1.1" 200 415 "-" "Mozilla/5.0 (Windows NT 10.0; Win64; x64) AppleWebKit/537.36 (KHTML, like Gecko) Chrome/95.0.4638.69 Safari/537.36"
167.172.65.58 - - [16/Mar/2026:18:02:20 +0800] "POST /xmlrpc.php HTTP/1.1" 200 415 "-" "Mozilla/5.0 (Windows NT 10.0; Win64; x64) AppleWebKit/537.36 (KHTML, like Gecko) Chrome/95.0.4638.69 Safari/537.36"
167.172.65.58 - - [16/Mar/2026:18:02:21 +0800] "POST /xmlrpc.php HTTP/1.1" 200 415 "-" "Mozilla/5.0 (Windows NT 10.0; Win64; x64) AppleWebKit/537.36 (KHTML, like Gecko) Chrome/95.0.4638.69 Safari/537.36"
167.172.65.58 - - [16/Mar/2026:18:02:22 +0800] "POST /xmlrpc.php HTTP/1.1" 200 415 "-" "Mozilla/5.0 (Windows NT 10.0; Win64; x64) AppleWebKit/537.36 (KHTML, like Gecko) Chrome/95.0.4638.69 Safari/537.36"
167.172.65.58 - - [16/Mar/2026:18:02:23 +0800] "POST /xmlrpc.php HTTP/1.1" 200 415 "-" "Mozilla/5.0 (Windows NT 10.0; Win64; x64) AppleWebKit/537.36 (KHTML, like Gecko) Chrome/95.0.4638.69 Safari/537.36"
167.172.65.58 - - [16/Mar/2026:18:02:23 +0800] "POST /xmlrpc.php HTTP/1.1" 200 415 "-" "Mozilla/5.0 (Windows NT 10.0; Win64; x64) AppleWebKit/537.36 (KHTML, like Gecko) Chrome/95.0.4638.69 Safari/537.36"
167.172.65.58 - - [16/Mar/2026:18:02:24 +0800] "POST /xmlrpc.php HTTP/1.1" 200 415 "-" "Mozilla/5.0 (Windows NT 10.0; Win64; x64) AppleWebKit/537.36 (KHTML, like Gecko) Chrome/95.0.4638.69 Safari/537.36"
167.172.65.58 - - [16/Mar/2026:18:02:25 +0800] "POST /xmlrpc.php HTTP/1.1" 200 415 "-" "Mozilla/5.0 (Windows NT 10.0; Win64; x64) AppleWebKit/537.36 (KHTML, like Gecko) Chrome/95.0.4638.69 Safari/537.36"
167.172.65.58 - - [16/Mar/2026:18:02:26 +0800] "POST /xmlrpc.php HTTP/1.1" 200 415 "-" "Mozilla/5.0 (Windows NT 10.0; Win64; x64) AppleWebKit/537.36 (KHTML, like Gecko) Chrome/95.0.4638.69 Safari/537.36"
167.172.65.58 - - [16/Mar/2026:18:02:26 +0800] "POST /xmlrpc.php HTTP/1.1" 200 415 "-" "Mozilla/5.0 (Windows NT 10.0; Win64; x64) AppleWebKit/537.36 (KHTML, like Gecko) Chrome/95.0.4638.69 Safari/537.36"
167.172.65.58 - - [16/Mar/2026:18:02:27 +0800] "POST /xmlrpc.php HTTP/1.1" 200 415 "-" "Mozilla/5.0 (Windows NT 10.0; Win64; x64) AppleWebKit/537.36 (KHTML, like Gecko) Chrome/95.0.4638.69 Safari/537.36"
167.172.65.58 - - [16/Mar/2026:18:02:28 +0800] "POST /xmlrpc.php HTTP/1.1" 200 415 "-" "Mozilla/5.0 (Windows NT 10.0; Win64; x64) AppleWebKit/537.36 (KHTML, like Gecko) Chrome/95.0.4638.69 Safari/537.36"
167.172.65.58 - - [16/Mar/2026:18:02:28 +0800] "POST /xmlrpc.php HTTP/1.1" 200 415 "-" "Mozilla/5.0 (Windows NT 10.0; Win64; x64) AppleWebKit/537.36 (KHTML, like Gecko) Chrome/95.0.4638.69 Safari/537.36"
167.172.65.58 - - [16/Mar/2026:18:02:29 +0800] "POST /xmlrpc.php HTTP/1.1" 200 415 "-" "Mozilla/5.0 (Windows NT 10.0; Win64; x64) AppleWebKit/537.36 (KHTML, like Gecko) Chrome/95.0.4638.69 Safari/537.36"
167.172.65.58 - - [16/Mar/2026:18:02:30 +0800] "POST /xmlrpc.php HTTP/1.1" 200 415 "-" "Mozilla/5.0 (Windows NT 10.0; Win64; x64) AppleWebKit/537.36 (KHTML, like Gecko) Chrome/95.0.4638.69 Safari/537.36"
167.172.65.58 - - [16/Mar/2026:18:02:31 +0800] "POST /xmlrpc.php HTTP/1.1" 200 415 "-" "Mozilla/5.0 (Windows NT 10.0; Win64; x64) AppleWebKit/537.36 (KHTML, like Gecko) Chrome/95.0.4638.69 Safari/537.36"
167.172.65.58 - - [16/Mar/2026:18:02:31 +0800] "POST /xmlrpc.php HTTP/1.1" 200 415 "-" "Mozilla/5.0 (Windows NT 10.0; Win64; x64) AppleWebKit/537.36 (KHTML, like Gecko) Chrome/95.0.4638.69 Safari/537.36"
167.172.65.58 - - [16/Mar/2026:18:02:32 +0800] "POST /xmlrpc.php HTTP/1.1" 200 415 "-" "Mozilla/5.0 (Windows NT 10.0; Win64; x64) AppleWebKit/537.36 (KHTML, like Gecko) Chrome/95.0.4638.69 Safari/537.36"
167.172.65.58 - - [16/Mar/2026:18:02:33 +0800] "POST /xmlrpc.php HTTP/1.1" 200 415 "-" "Mozilla/5.0 (Windows NT 10.0; Win64; x64) AppleWebKit/537.36 (KHTML, like Gecko) Chrome/95.0.4638.69 Safari/537.36"
167.172.65.58 - - [16/Mar/2026:18:02:33 +0800] "POST /xmlrpc.php HTTP/1.1" 200 415 "-" "Mozilla/5.0 (Windows NT 10.0; Win64; x64) AppleWebKit/537.36 (KHTML, like Gecko) Chrome/95.0.4638.69 Safari/537.36"
167.172.65.58 - - [16/Mar/2026:18:02:34 +0800] "POST /xmlrpc.php HTTP/1.1" 200 415 "-" "Mozilla/5.0 (Windows NT 10.0; Win64; x64) AppleWebKit/537.36 (KHTML, like Gecko) Chrome/95.0.4638.69 Safari/537.36"
167.172.65.58 - - [16/Mar/2026:18:02:35 +0800] "POST /xmlrpc.php HTTP/1.1" 200 415 "-" "Mozilla/5.0 (Windows NT 10.0; Win64; x64) AppleWebKit/537.36 (KHTML, like Gecko) Chrome/95.0.4638.69 Safari/537.36"
167.172.65.58 - - [16/Mar/2026:18:02:35 +0800] "POST /xmlrpc.php HTTP/1.1" 200 415 "-" "Mozilla/5.0 (Windows NT 10.0; Win64; x64) AppleWebKit/537.36 (KHTML, like Gecko) Chrome/95.0.4638.69 Safari/537.36"
167.172.65.58 - - [16/Mar/2026:18:02:36 +0800] "POST /xmlrpc.php HTTP/1.1" 200 415 "-" "Mozilla/5.0 (Windows NT 10.0; Win64; x64) AppleWebKit/537.36 (KHTML, like Gecko) Chrome/95.0.4638.69 Safari/537.36"
167.172.65.58 - - [16/Mar/2026:18:02:37 +0800] "POST /xmlrpc.php HTTP/1.1" 200 415 "-" "Mozilla/5.0 (Windows NT 10.0; Win64; x64) AppleWebKit/537.36 (KHTML, like Gecko) Chrome/95.0.4638.69 Safari/537.36"
167.172.65.58 - - [16/Mar/2026:18:02:38 +0800] "POST /xmlrpc.php HTTP/1.1" 200 415 "-" "Mozilla/5.0 (Windows NT 10.0; Win64; x64) AppleWebKit/537.36 (KHTML, like Gecko) Chrome/95.0.4638.69 Safari/537.36"
167.172.65.58 - - [16/Mar/2026:18:02:38 +0800] "POST /xmlrpc.php HTTP/1.1" 200 415 "-" "Mozilla/5.0 (Windows NT 10.0; Win64; x64) AppleWebKit/537.36 (KHTML, like Gecko) Chrome/95.0.4638.69 Safari/537.36"
167.172.65.58 - - [16/Mar/2026:18:02:39 +0800] "POST /xmlrpc.php HTTP/1.1" 200 415 "-" "Mozilla/5.0 (Windows NT 10.0; Win64; x64) AppleWebKit/537.36 (KHTML, like Gecko) Chrome/95.0.4638.69 Safari/537.36"
167.172.65.58 - - [16/Mar/2026:18:02:40 +0800] "POST /xmlrpc.php HTTP/1.1" 200 415 "-" "Mozilla/5.0 (Windows NT 10.0; Win64; x64) AppleWebKit/537.36 (KHTML, like Gecko) Chrome/95.0.4638.69 Safari/537.36"
167.172.65.58 - - [16/Mar/2026:18:02:40 +0800] "POST /xmlrpc.php HTTP/1.1" 200 415 "-" "Mozilla/5.0 (Windows NT 10.0; Win64; x64) AppleWebKit/537.36 (KHTML, like Gecko) Chrome/95.0.4638.69 Safari/537.36"
167.172.65.58 - - [16/Mar/2026:18:02:41 +0800] "POST /xmlrpc.php HTTP/1.1" 200 415 "-" "Mozilla/5.0 (Windows NT 10.0; Win64; x64) AppleWebKit/537.36 (KHTML, like Gecko) Chrome/95.0.4638.69 Safari/537.36"
167.172.65.58 - - [16/Mar/2026:18:02:42 +0800] "POST /xmlrpc.php HTTP/1.1" 200 415 "-" "Mozilla/5.0 (Windows NT 10.0; Win64; x64) AppleWebKit/537.36 (KHTML, like Gecko) Chrome/95.0.4638.69 Safari/537.36"
167.172.65.58 - - [16/Mar/2026:18:02:43 +0800] "POST /xmlrpc.php HTTP/1.1" 200 415 "-" "Mozilla/5.0 (Windows NT 10.0; Win64; x64) AppleWebKit/537.36 (KHTML, like Gecko) Chrome/95.0.4638.69 Safari/537.36"
167.172.65.58 - - [16/Mar/2026:18:02:43 +0800] "POST /xmlrpc.php HTTP/1.1" 200 415 "-" "Mozilla/5.0 (Windows NT 10.0; Win64; x64) AppleWebKit/537.36 (KHTML, like Gecko) Chrome/95.0.4638.69 Safari/537.36"
167.172.65.58 - - [16/Mar/2026:18:02:44 +0800] "POST /xmlrpc.php HTTP/1.1" 200 415 "-" "Mozilla/5.0 (Windows NT 10.0; Win64; x64) AppleWebKit/537.36 (KHTML, like Gecko) Chrome/95.0.4638.69 Safari/537.36"
167.172.65.58 - - [16/Mar/2026:18:02:45 +0800] "POST /xmlrpc.php HTTP/1.1" 200 415 "-" "Mozilla/5.0 (Windows NT 10.0; Win64; x64) AppleWebKit/537.36 (KHTML, like Gecko) Chrome/95.0.4638.69 Safari/537.36"
167.172.65.58 - - [16/Mar/2026:18:02:46 +0800] "POST /xmlrpc.php HTTP/1.1" 200 415 "-" "Mozilla/5.0 (Windows NT 10.0; Win64; x64) AppleWebKit/537.36 (KHTML, like Gecko) Chrome/95.0.4638.69 Safari/537.36"
167.172.65.58 - - [16/Mar/2026:18:02:46 +0800] "POST /xmlrpc.php HTTP/1.1" 200 415 "-" "Mozilla/5.0 (Windows NT 10.0; Win64; x64) AppleWebKit/537.36 (KHTML, like Gecko) Chrome/95.0.4638.69 Safari/537.36"
167.172.65.58 - - [16/Mar/2026:18:02:47 +0800] "POST /xmlrpc.php HTTP/1.1" 200 415 "-" "Mozilla/5.0 (Windows NT 10.0; Win64; x64) AppleWebKit/537.36 (KHTML, like Gecko) Chrome/95.0.4638.69 Safari/537.36"
167.172.65.58 - - [16/Mar/2026:18:02:48 +0800] "POST /xmlrpc.php HTTP/1.1" 200 415 "-" "Mozilla/5.0 (Windows NT 10.0; Win64; x64) AppleWebKit/537.36 (KHTML, like Gecko) Chrome/95.0.4638.69 Safari/537.36"
167.172.65.58 - - [16/Mar/2026:18:02:48 +0800] "POST /xmlrpc.php HTTP/1.1" 200 415 "-" "Mozilla/5.0 (Windows NT 10.0; Win64; x64) AppleWebKit/537.36 (KHTML, like Gecko) Chrome/95.0.4638.69 Safari/537.36"
167.172.65.58 - - [16/Mar/2026:18:02:49 +0800] "POST /xmlrpc.php HTTP/1.1" 200 415 "-" "Mozilla/5.0 (Windows NT 10.0; Win64; x64) AppleWebKit/537.36 (KHTML, like Gecko) Chrome/95.0.4638.69 Safari/537.36"
167.172.65.58 - - [16/Mar/2026:18:02:50 +0800] "POST /xmlrpc.php HTTP/1.1" 200 415 "-" "Mozilla/5.0 (Windows NT 10.0; Win64; x64) AppleWebKit/537.36 (KHTML, like Gecko) Chrome/95.0.4638.69 Safari/537.36"
167.172.65.58 - - [16/Mar/2026:18:02:50 +0800] "POST /xmlrpc.php HTTP/1.1" 200 415 "-" "Mozilla/5.0 (Windows NT 10.0; Win64; x64) AppleWebKit/537.36 (KHTML, like Gecko) Chrome/95.0.4638.69 Safari/537.36"
167.172.65.58 - - [16/Mar/2026:18:02:51 +0800] "POST /xmlrpc.php HTTP/1.1" 200 415 "-" "Mozilla/5.0 (Windows NT 10.0; Win64; x64) AppleWebKit/537.36 (KHTML, like Gecko) Chrome/95.0.4638.69 Safari/537.36"
167.172.65.58 - - [16/Mar/2026:18:02:52 +0800] "POST /xmlrpc.php HTTP/1.1" 200 415 "-" "Mozilla/5.0 (Windows NT 10.0; Win64; x64) AppleWebKit/537.36 (KHTML, like Gecko) Chrome/95.0.4638.69 Safari/537.36"
167.172.65.58 - - [16/Mar/2026:18:02:53 +0800] "POST /xmlrpc.php HTTP/1.1" 200 415 "-" "Mozilla/5.0 (Windows NT 10.0; Win64; x64) AppleWebKit/537.36 (KHTML, like Gecko) Chrome/95.0.4638.69 Safari/537.36"
167.172.65.58 - - [16/Mar/2026:18:02:53 +0800] "POST /xmlrpc.php HTTP/1.1" 200 415 "-" "Mozilla/5.0 (Windows NT 10.0; Win64; x64) AppleWebKit/537.36 (KHTML, like Gecko) Chrome/95.0.4638.69 Safari/537.36"
167.172.65.58 - - [16/Mar/2026:18:02:54 +0800] "POST /xmlrpc.php HTTP/1.1" 200 415 "-" "Mozilla/5.0 (Windows NT 10.0; Win64; x64) AppleWebKit/537.36 (KHTML, like Gecko) Chrome/95.0.4638.69 Safari/537.36"
167.172.65.58 - - [16/Mar/2026:18:02:55 +0800] "POST /xmlrpc.php HTTP/1.1" 200 415 "-" "Mozilla/5.0 (Windows NT 10.0; Win64; x64) AppleWebKit/537.36 (KHTML, like Gecko) Chrome/95.0.4638.69 Safari/537.36"
167.172.65.58 - - [16/Mar/2026:18:02:55 +0800] "POST /xmlrpc.php HTTP/1.1" 200 415 "-" "Mozilla/5.0 (Windows NT 10.0; Win64; x64) AppleWebKit/537.36 (KHTML, like Gecko) Chrome/95.0.4638.69 Safari/537.36"
36.133.115.36 - - [16/Mar/2026:18:04:29 +0800] "POST /wp-cron.php?doing_wp_cron=1773655469.2112998962402343750000 HTTP/1.1" 200 31 "-" "WordPress/6.9; http://cqqizhou.com"
110.249.201.170 - - [16/Mar/2026:18:04:29 +0800] "GET /robots.txt HTTP/1.1" 200 190 "-" "Mozilla/5.0 (Linux; Android 5.0) AppleWebKit/537.36 (KHTML, like Gecko) Mobile Safari/537.36 (compatible; Bytespider; https://zhanzhang.toutiao.com/)"
47.128.30.76 - - [16/Mar/2026:18:04:32 +0800] "GET /robots.txt HTTP/1.1" 200 190 "-" "Mozilla/5.0 (Linux; Android 5.0) AppleWebKit/537.36 (KHTML, like Gecko) Mobile Safari/537.36 (compatible; Bytespider; spider-feedback@bytedance.com)"
198.244.242.138 - - [16/Mar/2026:18:12:40 +0800] "GET /news/page/3 HTTP/1.1" 304 0 "-" "Mozilla/5.0 (compatible; AhrefsBot/7.0; +http://ahrefs.com/robot/)"
36.133.115.36 - - [16/Mar/2026:18:22:54 +0800] "POST /wp-cron.php?doing_wp_cron=1773656574.7024579048156738281250 HTTP/1.1" 200 31 "-" "WordPress/6.9; http://cqqizhou.com"
114.250.59.41 - - [16/Mar/2026:18:22:54 +0800] "GET /2164/ HTTP/1.1" 301 5 "-" "Mozilla/5.0 (iPhone; CPU iPhone OS 17_3 like Mac OS X) AppleWebKit/605.1.15 (KHTML, like Gecko) EdgiOS/120.0.2210.150 Version/17.0 Mobile/15E148 Safari/604.1"
114.250.59.41 - - [16/Mar/2026:18:22:55 +0800] "GET /news/2164 HTTP/1.1" 200 19735 "-" "Mozilla/5.0 (iPhone; CPU iPhone OS 17_3 like Mac OS X) AppleWebKit/605.1.15 (KHTML, like Gecko) EdgiOS/120.0.2210.150 Version/17.0 Mobile/15E148 Safari/604.1"
36.133.115.36 - - [16/Mar/2026:18:27:31 +0800] "POST /wp-cron.php?doing_wp_cron=1773656851.5423040390014648437500 HTTP/1.1" 200 31 "-" "WordPress/6.9; http://cqqizhou.com"
39.99.32.63 - - [16/Mar/2026:18:27:31 +0800] "GET / HTTP/1.1" 301 5 "http://www.baidu.com" "Mozilla/5.0 (X11; windows; windows x86_64; rv:37.0) Gecko/20170101 Firefox/35.1"
39.99.32.63 - - [16/Mar/2026:18:27:32 +0800] "GET / HTTP/1.1" 200 35258 "http://www.baidu.com" "Mozilla/5.0 (X11; windows; windows x86_64; rv:37.0) Gecko/20170101 Firefox/35.1"
39.99.32.63 - - [16/Mar/2026:18:27:33 +0800] "GET /robots.txt HTTP/1.1" 200 190 "http://www.baidu.com" "Mozilla/5.0 (X11; windows; windows x86_64; rv:37.0) Gecko/20170101 Firefox/35.1"
39.99.32.63 - - [16/Mar/2026:18:27:33 +0800] "GET /.svnfasfasdcccdada12312/cadsfacadada.php HTTP/1.1" 404 47 "http://www.baidu.com" "Mozilla/5.0 (X11; windows; windows x86_64; rv:37.0) Gecko/20170101 Firefox/35.1"
39.99.32.63 - - [16/Mar/2026:18:27:34 +0800] "GET /.gitdsesacsdasdadfasfads/ HTTP/1.1" 404 8951 "http://www.baidu.com" "Mozilla/5.0 (X11; windows; windows x86_64; rv:37.0) Gecko/20170101 Firefox/35.1"
36.133.115.36 - - [16/Mar/2026:18:28:55 +0800] "POST /wp-cron.php?doing_wp_cron=1773656935.5392870903015136718750 HTTP/1.1" 200 31 "-" "WordPress/6.9; http://cqqizhou.com"
114.250.59.118 - - [16/Mar/2026:18:28:55 +0800] "GET /logistics/ HTTP/1.1" 301 5 "-" "Mozilla/5.0 (iPhone; CPU iPhone OS 17_0_3 like Mac OS X) AppleWebKit/605.1.15 (KHTML, like Gecko) Version/17.0.1 Mobile/15E148 Safari/604.1"
114.250.59.118 - - [16/Mar/2026:18:28:57 +0800] "GET /logistics HTTP/1.1" 200 25346 "-" "Mozilla/5.0 (iPhone; CPU iPhone OS 17_0_3 like Mac OS X) AppleWebKit/605.1.15 (KHTML, like Gecko) Version/17.0.1 Mobile/15E148 Safari/604.1"
36.133.115.36 - - [16/Mar/2026:18:37:58 +0800] "POST /wp-cron.php?doing_wp_cron=1773657478.3729400634765625000000 HTTP/1.1" 200 31 "-" "WordPress/6.9; http://cqqizhou.com"
119.249.100.150 - - [16/Mar/2026:18:37:58 +0800] "GET /comments/feed HTTP/1.1" 200 703 "http://m.baidu.com/s?wd=myselfpi3" "pc"
36.133.115.36 - - [16/Mar/2026:18:38:09 +0800] "POST /wp-cron.php?doing_wp_cron=1773657489.5684659481048583984375 HTTP/1.1" 200 31 "-" "WordPress/6.9; http://cqqizhou.com"
149.86.227.60 - - [16/Mar/2026:18:38:11 +0800] "GET / HTTP/1.1" 200 157152 "-" "Mozilla/5.0"
91.84.124.42 - - [16/Mar/2026:18:49:36 +0800] "GET / HTTP/1.0" 200 158789 "http://cqqizhou.com/" "Mozilla/5.0 (Windows NT 10.0; Win64; x64) AppleWebKit/537.36 (KHTML, like Gecko) Chrome/131.0.0.0 Safari/537.36"
198.244.168.135 - - [16/Mar/2026:19:00:58 +0800] "GET /news/2440 HTTP/1.1" 200 25639 "-" "Mozilla/5.0 (compatible; AhrefsBot/7.0; +http://ahrefs.com/robot/)"
36.133.115.36 - - [16/Mar/2026:19:06:24 +0800] "POST /wp-cron.php?doing_wp_cron=1773659184.9001948833465576171875 HTTP/1.1" 200 31 "-" "WordPress/6.9; http://cqqizhou.com"
39.156.172.14 - - [16/Mar/2026:19:06:24 +0800] "GET /2165/ HTTP/1.1" 301 5 "-" "Mozilla/5.0 (Windows NT 10.0; Win64; x64) AppleWebKit/537.36 (KHTML, like Gecko) Chrome/121.0.0.0 Safari/537.36 Edg/121.0.0.0 Trailer/93.3.3695.30"
39.156.172.14 - - [16/Mar/2026:19:06:25 +0800] "GET /news/2165 HTTP/1.1" 200 27063 "-" "Mozilla/5.0 (Windows NT 10.0; Win64; x64) AppleWebKit/537.36 (KHTML, like Gecko) Chrome/121.0.0.0 Safari/537.36 Edg/121.0.0.0 Trailer/93.3.3695.30"
36.133.115.36 - - [16/Mar/2026:19:08:30 +0800] "POST /wp-cron.php?doing_wp_cron=1773659310.0024969577789306640625 HTTP/1.1" 200 31 "-" "WordPress/6.9; http://cqqizhou.com"
43.166.244.66 - - [16/Mar/2026:19:08:30 +0800] "GET / HTTP/1.1" 200 34829 "-" "Mozilla/5.0 (iPhone; CPU iPhone OS 13_2_3 like Mac OS X) AppleWebKit/605.1.15 (KHTML, like Gecko) Version/13.0.3 Mobile/15E148 Safari/604.1"
36.133.115.36 - - [16/Mar/2026:19:09:33 +0800] "POST /wp-cron.php?doing_wp_cron=1773659373.4001169204711914062500 HTTP/1.1" 200 31 "-" "WordPress/6.9; http://cqqizhou.com"
114.250.48.146 - - [16/Mar/2026:19:09:33 +0800] "GET /process/processing HTTP/1.1" 301 5 "-" "Mozilla/5.0 (Windows NT 10.0; Win64; x64) AppleWebKit/537.36 (KHTML, like Gecko) Chrome/121.0.0.0 Safari/537.36 Edg/121.0.0.0"
114.250.48.146 - - [16/Mar/2026:19:09:37 +0800] "GET /services/processing HTTP/1.1" 200 23041 "-" "Mozilla/5.0 (Windows NT 10.0; Win64; x64) AppleWebKit/537.36 (KHTML, like Gecko) Chrome/121.0.0.0 Safari/537.36 Edg/121.0.0.0"
36.133.115.36 - - [16/Mar/2026:19:10:26 +0800] "POST /wp-cron.php?doing_wp_cron=1773659426.9445700645446777343750 HTTP/1.1" 200 31 "-" "WordPress/6.9; http://cqqizhou.com"
182.32.248.137 - - [16/Mar/2026:19:10:26 +0800] "GET / HTTP/1.1" 301 5 "-" "Go-http-client/1.1"
144.52.243.252 - - [16/Mar/2026:19:10:27 +0800] "GET / HTTP/1.1" 200 35258 "http://xa5.shaanxi.cn.antiddos.cspt.fullcone.cn" "Go-http-client/1.1"
205.169.39.45 - - [16/Mar/2026:19:10:49 +0800] "GET / HTTP/1.1" 301 5 "-" "Mozilla/5.0 (Windows NT 10.0; Win64; x64) AppleWebKit/537.36 (KHTML, like Gecko) Chrome/117.0.5938.132 Safari/537.36"
205.169.39.45 - - [16/Mar/2026:19:10:50 +0800] "GET / HTTP/1.1" 200 35258 "-" "Mozilla/5.0 (Windows NT 10.0; Win64; x64) AppleWebKit/537.36 (KHTML, like Gecko) Chrome/117.0.5938.132 Safari/537.36"
205.169.39.45 - - [16/Mar/2026:19:10:53 +0800] "GET /wp-content/uploads/2025/07/1751425283-qizhou.kf_.qq_.com_.webp HTTP/1.1" 200 16864 "http://cqqizhou.com/" "Mozilla/5.0 (Windows NT 10.0; Win64; x64) AppleWebKit/537.36 (KHTML, like Gecko) Chrome/117.0.5938.132 Safari/537.36"
205.169.39.45 - - [16/Mar/2026:19:10:56 +0800] "GET /wp-content/uploads/2025/07/1750174127-Marketing1920x800_3.webp HTTP/1.1" 200 52790 "http://cqqizhou.com/wp-content/uploads/elementor/css/post-1666.css?ver=1772713926" "Mozilla/5.0 (Windows NT 10.0; Win64; x64) AppleWebKit/537.36 (KHTML, like Gecko) Chrome/117.0.5938.132 Safari/537.36"
205.169.39.45 - - [16/Mar/2026:19:10:57 +0800] "GET /wp-content/uploads/2026/03/1772790791-%E5%B0%81%E9%9D%A2%E5%A4%B4%E5%9B%BEArticle_images_W900%C3%97500px2026.webp HTTP/1.1" 200 52968 "http://cqqizhou.com/" "Mozilla/5.0 (Windows NT 10.0; Win64; x64) AppleWebKit/537.36 (KHTML, like Gecko) Chrome/117.0.5938.132 Safari/537.36"
205.169.39.45 - - [16/Mar/2026:19:10:57 +0800] "GET /wp-content/uploads/2025/07/1753454299-Article_images_W900px.webp HTTP/1.1" 200 52418 "http://cqqizhou.com/" "Mozilla/5.0 (Windows NT 10.0; Win64; x64) AppleWebKit/537.36 (KHTML, like Gecko) Chrome/117.0.5938.132 Safari/537.36"
205.169.39.45 - - [16/Mar/2026:19:10:57 +0800] "GET /wp-content/uploads/2026/02/1770617354-Article_images_W900px.webp HTTP/1.1" 200 13634 "http://cqqizhou.com/" "Mozilla/5.0 (Windows NT 10.0; Win64; x64) AppleWebKit/537.36 (KHTML, like Gecko) Chrome/117.0.5938.132 Safari/537.36"
205.169.39.45 - - [16/Mar/2026:19:10:58 +0800] "GET /wp-content/uploads/2026/02/1772086672-%E5%BC%80%E5%B7%A5%E5%A4%A7%E5%90%89%E5%B0%81%E9%9D%A2%E5%A4%B4%E5%9B%BEArticle_images_W900%C3%97500px.webp HTTP/1.1" 200 99110 "http://cqqizhou.com/" "Mozilla/5.0 (Windows NT 10.0; Win64; x64) AppleWebKit/537.36 (KHTML, like Gecko) Chrome/117.0.5938.132 Safari/537.36"
205.169.39.45 - - [16/Mar/2026:19:10:58 +0800] "GET /wp-content/uploads/2026/03/1772713922-Article_images_W900px.webp HTTP/1.1" 200 41304 "http://cqqizhou.com/" "Mozilla/5.0 (Windows NT 10.0; Win64; x64) AppleWebKit/537.36 (KHTML, like Gecko) Chrome/117.0.5938.132 Safari/537.36"
205.169.39.45 - - [16/Mar/2026:19:10:59 +0800] "GET /wp-content/uploads/2025/12/1765268955-qizhou_Slider1_3840%C3%972160_20251210-scaled.webp HTTP/1.1" 200 152162 "http://cqqizhou.com/" "Mozilla/5.0 (Windows NT 10.0; Win64; x64) AppleWebKit/537.36 (KHTML, like Gecko) Chrome/117.0.5938.132 Safari/537.36"
205.169.39.45 - - [16/Mar/2026:19:10:59 +0800] "GET /wp-content/uploads/revslider/slider-1/1750861156-logistics_Slider_3840%C3%972160_20250625191356-scaled-50x100.webp HTTP/1.1" 200 1416 "http://cqqizhou.com/" "Mozilla/5.0 (Windows NT 10.0; Win64; x64) AppleWebKit/537.36 (KHTML, like Gecko) Chrome/117.0.5938.132 Safari/537.36"
205.169.39.45 - - [16/Mar/2026:19:10:59 +0800] "GET /wp-content/uploads/2026/01/1768276119-qizhoujiagong_Slider_3840%C3%972160_20260113-scaled-50x100.webp HTTP/1.1" 200 976 "http://cqqizhou.com/" "Mozilla/5.0 (Windows NT 10.0; Win64; x64) AppleWebKit/537.36 (KHTML, like Gecko) Chrome/117.0.5938.132 Safari/537.36"
205.169.39.45 - - [16/Mar/2026:19:10:59 +0800] "GET /wp-content/uploads/2025/07/1753453127-%E4%BD%99%E5%8D%B7product_Single600%C3%97284.webp HTTP/1.1" 200 18744 "http://cqqizhou.com/" "Mozilla/5.0 (Windows NT 10.0; Win64; x64) AppleWebKit/537.36 (KHTML, like Gecko) Chrome/117.0.5938.132 Safari/537.36"
205.169.39.45 - - [16/Mar/2026:19:10:59 +0800] "GET /wp-content/uploads/2025/07/1753456770-%E7%83%AD%E9%95%80%E9%94%8C%E5%8D%B7product_Single600.webp HTTP/1.1" 200 27502 "http://cqqizhou.com/" "Mozilla/5.0 (Windows NT 10.0; Win64; x64) AppleWebKit/537.36 (KHTML, like Gecko) Chrome/117.0.5938.132 Safari/537.36"
205.169.39.45 - - [16/Mar/2026:19:10:59 +0800] "GET /wp-content/uploads/2025/07/1753453096-%E5%8F%8C%E7%9B%B8%E9%92%A2product_Single600%C3%97284.webp HTTP/1.1" 200 14562 "http://cqqizhou.com/" "Mozilla/5.0 (Windows NT 10.0; Win64; x64) AppleWebKit/537.36 (KHTML, like Gecko) Chrome/117.0.5938.132 Safari/537.36"
205.169.39.45 - - [16/Mar/2026:19:11:00 +0800] "GET /wp-content/uploads/2026/01/1768276119-qizhoujiagong_Slider_3840%C3%972160_20260113-scaled-50x100.webp HTTP/1.1" 200 976 "http://cqqizhou.com/" "Mozilla/5.0 (Windows NT 10.0; Win64; x64) AppleWebKit/537.36 (KHTML, like Gecko) Chrome/117.0.5938.132 Safari/537.36"
205.169.39.45 - - [16/Mar/2026:19:11:00 +0800] "GET /wp-content/uploads/2025/07/1753456723-%E5%8F%8C%E7%9B%B8%E9%92%A2roduct_Single600.webp HTTP/1.1" 200 22790 "http://cqqizhou.com/" "Mozilla/5.0 (Windows NT 10.0; Win64; x64) AppleWebKit/537.36 (KHTML, like Gecko) Chrome/117.0.5938.132 Safari/537.36"
205.169.39.45 - - [16/Mar/2026:19:11:00 +0800] "GET /wp-content/uploads/revslider/slider-1/1750861156-logistics_Slider_3840%C3%972160_20250625191356-scaled-50x100.webp HTTP/1.1" 200 1416 "http://cqqizhou.com/" "Mozilla/5.0 (Windows NT 10.0; Win64; x64) AppleWebKit/537.36 (KHTML, like Gecko) Chrome/117.0.5938.132 Safari/537.36"
205.169.39.45 - - [16/Mar/2026:19:11:00 +0800] "GET /wp-json/sliderrevolution/sliders/1?srengine=7&slideid=4 HTTP/1.1" 200 2580 "http://cqqizhou.com/" "Mozilla/5.0 (Windows NT 10.0; Win64; x64) AppleWebKit/537.36 (KHTML, like Gecko) Chrome/117.0.5938.132 Safari/537.36"
205.169.39.45 - - [16/Mar/2026:19:11:01 +0800] "GET /wp-json/sliderrevolution/sliders/1?srengine=7&slideid=2 HTTP/1.1" 200 2000 "http://cqqizhou.com/" "Mozilla/5.0 (Windows NT 10.0; Win64; x64) AppleWebKit/537.36 (KHTML, like Gecko) Chrome/117.0.5938.132 Safari/537.36"
205.169.39.45 - - [16/Mar/2026:19:11:01 +0800] "GET /wp-content/uploads/2026/01/1768276119-qizhoujiagong_Slider_3840%C3%972160_20260113-scaled.webp HTTP/1.1" 200 131696 "http://cqqizhou.com/" "Mozilla/5.0 (Windows NT 10.0; Win64; x64) AppleWebKit/537.36 (KHTML, like Gecko) Chrome/117.0.5938.132 Safari/537.36"
205.169.39.45 - - [16/Mar/2026:19:11:01 +0800] "GET /wp-content/uploads/revslider/slider-1/1750861156-logistics_Slider_3840%C3%972160_20250625191356-scaled.webp HTTP/1.1" 200 197360 "http://cqqizhou.com/" "Mozilla/5.0 (Windows NT 10.0; Win64; x64) AppleWebKit/537.36 (KHTML, like Gecko) Chrome/117.0.5938.132 Safari/537.36"
205.169.39.45 - - [16/Mar/2026:19:11:08 +0800] "GET /wp-content/uploads/2025/12/1765268955-qizhou_Slider1_3840%C3%972160_20251210-scaled-50x100.webp HTTP/1.1" 200 1812 "http://cqqizhou.com/" "Mozilla/5.0 (X11; Linux x86_64) AppleWebKit/537.36 (KHTML, like Gecko) HeadlessChrome/127.0.6533.119 Safari/537.36"
220.181.108.112 - - [16/Mar/2026:19:13:10 +0800] "GET /news/2164 HTTP/1.1" 200 23732 "-" "Mozilla/5.0 (compatible; Baiduspider/2.0; +http://www.baidu.com/search/spider.html)"
116.179.37.147 - - [16/Mar/2026:19:13:13 +0800] "GET /wp-content/uploads/2025/07/1753454089-Article_images_W900px.webp HTTP/1.1" 200 27552 "http://cqqizhou.com/news/2164" "Mozilla/5.0 (compatible; Baiduspider-render/2.0; +http://www.baidu.com/search/spider.html)"
36.133.115.36 - - [16/Mar/2026:19:14:36 +0800] "POST /wp-cron.php?doing_wp_cron=1773659676.7071440219879150390625 HTTP/1.1" 200 31 "-" "WordPress/6.9; http://cqqizhou.com"
159.223.58.121 - - [16/Mar/2026:19:14:36 +0800] "GET /sftp-config.json HTTP/1.1" 404 8950 "-" "Mozilla/5.0 (Macintosh; Intel Mac OS X 10.15; rv:77.0) Gecko/20100101 Firefox/77.0"
159.223.58.121 - - [16/Mar/2026:19:14:37 +0800] "GET /.vscode/sftp.json HTTP/1.1" 404 8950 "-" "Mozilla/5.0 (Macintosh; Intel Mac OS X 10.15; rv:77.0) Gecko/20100101 Firefox/77.0"
159.223.58.121 - - [16/Mar/2026:19:14:38 +0800] "GET /.vscode/ftp-config.json HTTP/1.1" 404 8950 "-" "Mozilla/5.0 (Macintosh; Intel Mac OS X 10.15; rv:77.0) Gecko/20100101 Firefox/77.0"
159.223.58.121 - - [16/Mar/2026:19:14:39 +0800] "GET /.vscode/ftp-sync.json HTTP/1.1" 404 8950 "-" "Mozilla/5.0 (Macintosh; Intel Mac OS X 10.15; rv:77.0) Gecko/20100101 Firefox/77.0"
159.223.58.121 - - [16/Mar/2026:19:14:40 +0800] "GET /.sftp-config.json HTTP/1.1" 404 8948 "-" "Mozilla/5.0 (Macintosh; Intel Mac OS X 10.15; rv:77.0) Gecko/20100101 Firefox/77.0"
159.223.58.121 - - [16/Mar/2026:19:14:41 +0800] "GET /ftp-sync.json HTTP/1.1" 404 8949 "-" "Mozilla/5.0 (Macintosh; Intel Mac OS X 10.15; rv:77.0) Gecko/20100101 Firefox/77.0"
159.223.58.121 - - [16/Mar/2026:19:14:42 +0800] "GET /.ftp-sync.json HTTP/1.1" 404 8950 "-" "Mozilla/5.0 (Macintosh; Intel Mac OS X 10.15; rv:77.0) Gecko/20100101 Firefox/77.0"
159.223.58.121 - - [16/Mar/2026:19:14:43 +0800] "GET /ftp-config.json HTTP/1.1" 404 8950 "-" "Mozilla/5.0 (Macintosh; Intel Mac OS X 10.15; rv:77.0) Gecko/20100101 Firefox/77.0"
159.223.58.121 - - [16/Mar/2026:19:14:44 +0800] "GET /.ftp-config.json HTTP/1.1" 404 8951 "-" "Mozilla/5.0 (Macintosh; Intel Mac OS X 10.15; rv:77.0) Gecko/20100101 Firefox/77.0"
36.133.115.36 - - [16/Mar/2026:19:15:41 +0800] "POST /wp-cron.php?doing_wp_cron=1773659741.6487760543823242187500 HTTP/1.1" 200 31 "-" "WordPress/6.9; http://cqqizhou.com"
176.65.149.234 - - [16/Mar/2026:19:15:42 +0800] "GET / HTTP/1.1" 200 157152 "-" "Mozilla/1.0"
36.133.115.36 - - [16/Mar/2026:19:24:32 +0800] "POST /wp-cron.php?doing_wp_cron=1773660272.1802721023559570312500 HTTP/1.1" 200 31 "-" "WordPress/6.9; http://cqqizhou.com"
114.250.44.38 - - [16/Mar/2026:19:24:32 +0800] "GET / HTTP/1.1" 200 34829 "-" "Mozilla/5.0 (iPhone; CPU iPhone OS 17_1 like Mac OS X) AppleWebKit/605.1.15 (KHTML, like Gecko) EdgiOS/118.0.2088.68 Version/17.0 Mobile/15E148 Safari/604.1"
36.133.115.36 - - [16/Mar/2026:19:39:46 +0800] "POST /wp-cron.php?doing_wp_cron=1773661186.8844299316406250000000 HTTP/1.1" 200 31 "-" "WordPress/6.9; http://cqqizhou.com"
121.43.116.91 - - [16/Mar/2026:19:39:46 +0800] "GET / HTTP/1.0" 301 0 "-" "-"
121.43.116.91 - - [16/Mar/2026:19:39:57 +0800] "GET / HTTP/1.0" 301 0 "-" "-"
121.43.116.91 - - [16/Mar/2026:19:39:57 +0800] "GET /nmaplowercheck1773661188 HTTP/1.1" 404 31365 "-" "Mozilla/5.0 (compatible; Nmap Scripting Engine; https://nmap.org/book/nse.html)"
121.43.116.91 - - [16/Mar/2026:19:39:57 +0800] "POST /sdk HTTP/1.1" 404 31365 "-" "Mozilla/5.0 (compatible; Nmap Scripting Engine; https://nmap.org/book/nse.html)"
121.43.116.91 - - [16/Mar/2026:19:39:58 +0800] "GET /evox/about HTTP/1.1" 404 31365 "-" "Mozilla/5.0 (compatible; Nmap Scripting Engine; https://nmap.org/book/nse.html)"
121.43.116.91 - - [16/Mar/2026:19:39:58 +0800] "GET /HNAP1 HTTP/1.1" 404 31365 "-" "Mozilla/5.0 (compatible; Nmap Scripting Engine; https://nmap.org/book/nse.html)"
36.133.115.36 - - [16/Mar/2026:19:40:17 +0800] "POST /wp-cron.php?doing_wp_cron=1773661217.7798941135406494140625 HTTP/1.1" 200 31 "-" "WordPress/6.9; http://cqqizhou.com"
121.43.116.91 - - [16/Mar/2026:19:40:17 +0800] "GET / HTTP/1.0" 301 0 "-" "-"
121.43.116.91 - - [16/Mar/2026:19:40:18 +0800] "GET / HTTP/1.1" 301 5 "-" "-"
54.38.147.231 - - [16/Mar/2026:19:54:49 +0800] "GET /news/tag/%E7%89%A9%E6%B5%81 HTTP/1.1" 304 0 "-" "Mozilla/5.0 (compatible; AhrefsBot/7.0; +http://ahrefs.com/robot/)"
36.133.115.36 - - [16/Mar/2026:19:59:28 +0800] "POST /wp-cron.php?doing_wp_cron=1773662368.1120510101318359375000 HTTP/1.1" 200 31 "-" "WordPress/6.9; http://cqqizhou.com"
43.130.116.87 - - [16/Mar/2026:19:59:28 +0800] "GET / HTTP/1.1" 200 34829 "-" "Mozilla/5.0 (iPhone; CPU iPhone OS 13_2_3 like Mac OS X) AppleWebKit/605.1.15 (KHTML, like Gecko) Version/13.0.3 Mobile/15E148 Safari/604.1"
36.133.115.36 - - [16/Mar/2026:20:15:47 +0800] "POST /wp-cron.php?doing_wp_cron=1773663347.1390719413757324218750 HTTP/1.1" 200 31 "-" "WordPress/6.9; http://cqqizhou.com"
45.156.129.172 - - [16/Mar/2026:20:15:47 +0800] "GET /sugar_version.json HTTP/1.1" 404 8950 "-" "Mozilla/5.0 AppleWebKit/537.36 (KHTML, like Gecko) Chrome/123.0.6312.86 Safari/537.36 BitSightBot/1.0"
36.133.115.36 - - [16/Mar/2026:20:16:20 +0800] "POST /wp-cron.php?doing_wp_cron=1773663380.3145730495452880859375 HTTP/1.1" 200 31 "-" "WordPress/6.9; http://cqqizhou.com"
45.156.129.172 - - [16/Mar/2026:20:16:20 +0800] "GET /solr/ HTTP/1.1" 404 8948 "-" "Mozilla/5.0 AppleWebKit/537.36 (KHTML, like Gecko) Chrome/123.0.6312.86 Safari/537.36 BitSightBot/1.0"
45.156.129.172 - - [16/Mar/2026:20:16:46 +0800] "GET /admin/ HTTP/1.1" 302 5 "-" "Mozilla/5.0 AppleWebKit/537.36 (KHTML, like Gecko) Chrome/123.0.6312.86 Safari/537.36 BitSightBot/1.0"
36.133.115.36 - - [16/Mar/2026:20:17:10 +0800] "POST /wp-cron.php?doing_wp_cron=1773663430.6532568931579589843750 HTTP/1.1" 200 31 "-" "WordPress/6.9; http://cqqizhou.com"
45.156.129.172 - - [16/Mar/2026:20:17:10 +0800] "GET /jasperserverTest/login.html HTTP/1.1" 404 8948 "-" "Mozilla/5.0 AppleWebKit/537.36 (KHTML, like Gecko) Chrome/123.0.6312.86 Safari/537.36 BitSightBot/1.0"
45.156.129.172 - - [16/Mar/2026:20:17:17 +0800] "GET /api/session/properties HTTP/1.1" 404 8950 "-" "Mozilla/5.0 AppleWebKit/537.36 (KHTML, like Gecko) Chrome/123.0.6312.86 Safari/537.36 BitSightBot/1.0"
45.156.129.172 - - [16/Mar/2026:20:17:24 +0800] "GET /WebInterface/ HTTP/1.1" 404 8950 "-" "Mozilla/5.0 AppleWebKit/537.36 (KHTML, like Gecko) Chrome/123.0.6312.86 Safari/537.36 BitSightBot/1.0"
45.156.129.172 - - [16/Mar/2026:20:17:34 +0800] "GET /login/login HTTP/1.1" 404 8951 "-" "Mozilla/5.0 AppleWebKit/537.36 (KHTML, like Gecko) Chrome/123.0.6312.86 Safari/537.36 BitSightBot/1.0"
45.156.129.172 - - [16/Mar/2026:20:17:53 +0800] "GET /xmldata?item=all HTTP/1.1" 404 8950 "-" "Mozilla/5.0 AppleWebKit/537.36 (KHTML, like Gecko) Chrome/123.0.6312.86 Safari/537.36 BitSightBot/1.0"
36.133.115.36 - - [16/Mar/2026:20:18:30 +0800] "POST /wp-cron.php?doing_wp_cron=1773663510.7273039817810058593750 HTTP/1.1" 200 31 "-" "WordPress/6.9; http://cqqizhou.com"
45.156.129.172 - - [16/Mar/2026:20:18:30 +0800] "GET / HTTP/1.1" 301 5 "-" "Mozilla/5.0 AppleWebKit/537.36 (KHTML, like Gecko) Chrome/123.0.6312.86 Safari/537.36 BitSightBot/1.0"
45.156.129.172 - - [16/Mar/2026:20:18:36 +0800] "GET /partymgr/control/main HTTP/1.1" 404 8949 "-" "Mozilla/5.0 AppleWebKit/537.36 (KHTML, like Gecko) Chrome/123.0.6312.86 Safari/537.36 BitSightBot/1.0"
45.156.129.172 - - [16/Mar/2026:20:19:01 +0800] "GET /ssi.cgi/Login.htm HTTP/1.1" 404 8949 "-" "Mozilla/5.0 AppleWebKit/537.36 (KHTML, like Gecko) Chrome/123.0.6312.86 Safari/537.36 BitSightBot/1.0"
36.133.115.36 - - [16/Mar/2026:20:19:20 +0800] "POST /wp-cron.php?doing_wp_cron=1773663560.3964729309082031250000 HTTP/1.1" 200 31 "-" "WordPress/6.9; http://cqqizhou.com"
216.244.66.245 - - [16/Mar/2026:20:19:20 +0800] "GET /robots.txt HTTP/1.1" 200 390 "-" "Mozilla/5.0 (compatible; DotBot/1.2; +https://opensiteexplorer.org/dotbot; help@moz.com)"
216.244.66.245 - - [16/Mar/2026:20:25:04 +0800] "GET /news/2214 HTTP/1.1" 200 86381 "-" "Mozilla/5.0 (compatible; DotBot/1.2; +https://opensiteexplorer.org/dotbot; help@moz.com)"
36.133.115.36 - - [16/Mar/2026:20:29:29 +0800] "POST /wp-cron.php?doing_wp_cron=1773664169.6236619949340820312500 HTTP/1.1" 200 31 "-" "WordPress/6.9; http://cqqizhou.com"
20.14.74.210 - - [16/Mar/2026:20:29:29 +0800] "GET /druid/index.html HTTP/1.1" 404 8949 "-" "Mozilla/5.0 zgrab/0.x"
36.133.115.36 - - [16/Mar/2026:20:32:33 +0800] "POST /wp-cron.php?doing_wp_cron=1773664353.2768108844757080078125 HTTP/1.1" 200 31 "-" "WordPress/6.9; http://cqqizhou.com"
112.124.11.25 - - [16/Mar/2026:20:32:33 +0800] "GET / HTTP/1.1" 301 5 "-" "Mozilla/5.0 (Windows NT 10.0; Win64; x64) AppleWebKit/537.36 (KHTML, like Gecko) Chrome/59.0.3071.115 Safari/537.36"
36.133.115.36 - - [16/Mar/2026:20:33:08 +0800] "POST /wp-cron.php?doing_wp_cron=1773664388.7677700519561767578125 HTTP/1.1" 200 31 "-" "WordPress/6.9; http://cqqizhou.com"
120.233.240.39 - - [16/Mar/2026:20:33:08 +0800] "GET /news/2155 HTTP/1.1" 200 25205 "-" "Mozilla/5.0 (Linux; Android 6.0; Nexus 5 Build/MRA58N) AppleWebKit/537.36 (KHTML, like Gecko) Chrome/99.0.4844.51 Mobile Safari/537.36 MicroMessenger/7.0.1"
120.233.240.39 - - [16/Mar/2026:20:33:09 +0800] "GET /wp-content/uploads/2025/07/1753453986-Article_images_W900px.webp HTTP/1.1" 200 57364 "http://cqqizhou.com/news/2155" "Mozilla/5.0 (Linux; Android 6.0; Nexus 5 Build/MRA58N) AppleWebKit/537.36 (KHTML, like Gecko) Chrome/99.0.4844.51 Mobile Safari/537.36 MicroMessenger/7.0.1"
36.133.115.36 - - [16/Mar/2026:20:45:04 +0800] "POST /wp-cron.php?doing_wp_cron=1773665104.0328059196472167968750 HTTP/1.1" 200 31 "-" "WordPress/6.9; http://cqqizhou.com"
39.170.134.125 - - [16/Mar/2026:20:45:04 +0800] "GET /services/ HTTP/1.1" 301 5 "-" "Mozilla/5.0 (Macintosh; Intel Mac OS X 10_15_7) AppleWebKit/537.36 (KHTML, like Gecko) Chrome/129.0.0.0 Safari/537.36"
39.170.134.125 - - [16/Mar/2026:20:45:04 +0800] "GET http://cqqizhou.com/services HTTP/1.1" 200 26224 "-" "Mozilla/5.0 (Macintosh; Intel Mac OS X 10_15_7) AppleWebKit/537.36 (KHTML, like Gecko) Chrome/129.0.0.0 Safari/537.36"
36.133.115.36 - - [16/Mar/2026:21:04:01 +0800] "POST /wp-cron.php?doing_wp_cron=1773666241.2126839160919189453125 HTTP/1.1" 200 31 "-" "WordPress/6.9; http://cqqizhou.com"
216.244.66.245 - - [16/Mar/2026:21:04:01 +0800] "GET /robots.txt HTTP/1.1" 200 390 "-" "Mozilla/5.0 (compatible; DotBot/1.2; +https://opensiteexplorer.org/dotbot; help@moz.com)"
36.133.115.36 - - [16/Mar/2026:21:05:46 +0800] "POST /wp-cron.php?doing_wp_cron=1773666346.4245080947875976562500 HTTP/1.1" 200 31 "-" "WordPress/6.9; http://cqqizhou.com"
110.249.202.36 - - [16/Mar/2026:21:05:46 +0800] "GET /robots.txt HTTP/1.1" 200 190 "-" "Mozilla/5.0 (Linux; Android 5.0) AppleWebKit/537.36 (KHTML, like Gecko) Mobile Safari/537.36 (compatible; Bytespider; https://zhanzhang.toutiao.com/)"
36.133.115.36 - - [16/Mar/2026:21:10:19 +0800] "POST /wp-cron.php?doing_wp_cron=1773666619.7149560451507568359375 HTTP/1.1" 200 31 "-" "WordPress/6.9; http://cqqizhou.com"
216.244.66.245 - - [16/Mar/2026:21:10:19 +0800] "GET /uncategorized/ HTTP/1.1" 301 5 "-" "Mozilla/5.0 (compatible; DotBot/1.2; +https://opensiteexplorer.org/dotbot; help@moz.com)"
36.133.115.36 - - [16/Mar/2026:21:11:20 +0800] "POST /wp-cron.php?doing_wp_cron=1773666680.7766430377960205078125 HTTP/1.1" 200 31 "-" "WordPress/6.9; http://cqqizhou.com"
183.228.217.1 - - [16/Mar/2026:21:11:20 +0800] "GET / HTTP/1.1" 200 34828 "https://m.baidu.com/" "Mozilla/5.0 (Linux; Android 16; PGEM10 Build/BP2A.250605.015; wv) AppleWebKit/537.36 (KHTML, like Gecko) Version/4.0 Chrome/97.0.4692.98 Mobile Safari/537.36 T7/15.32 SP-engine/2.81.0 matrixstyle/0 lite baiduboxapp/6.88.0.10 (Baidu; P1 16) NABar/1.0"
183.228.217.1 - - [16/Mar/2026:21:11:22 +0800] "GET /about/ HTTP/1.1" 301 5 "https://m.baidu.com/" "Mozilla/5.0 (Linux; Android 16; PGEM10 Build/BP2A.250605.015; wv) AppleWebKit/537.36 (KHTML, like Gecko) Version/4.0 Chrome/97.0.4692.98 Mobile Safari/537.36 T7/15.32 SP-engine/2.81.0 matrixstyle/0 lite baiduboxapp/6.88.0.10 (Baidu; P1 16) NABar/1.0"
183.228.217.1 - - [16/Mar/2026:21:11:23 +0800] "GET /about HTTP/1.1" 200 24160 "https://m.baidu.com/" "Mozilla/5.0 (Linux; Android 16; PGEM10 Build/BP2A.250605.015; wv) AppleWebKit/537.36 (KHTML, like Gecko) Version/4.0 Chrome/97.0.4692.98 Mobile Safari/537.36 T7/15.32 SP-engine/2.81.0 matrixstyle/0 lite baiduboxapp/6.88.0.10 (Baidu; P1 16) NABar/1.0"
36.133.115.36 - - [16/Mar/2026:21:14:45 +0800] "POST /wp-cron.php?doing_wp_cron=1773666885.7528300285339355468750 HTTP/1.1" 200 31 "-" "WordPress/6.9; http://cqqizhou.com"
185.244.104.207 - - [16/Mar/2026:21:14:46 +0800] "GET / HTTP/1.1" 200 157152 "-" "Mozilla/5.0"
36.133.115.36 - - [16/Mar/2026:21:31:57 +0800] "POST /wp-cron.php?doing_wp_cron=1773667917.7385830879211425781250 HTTP/1.1" 200 31 "-" "WordPress/6.9; http://cqqizhou.com"
204.76.203.18 - - [16/Mar/2026:21:31:59 +0800] "GET / HTTP/1.1" 200 157152 "-" "-"
204.76.203.18 - - [16/Mar/2026:21:32:00 +0800] "GET / HTTP/1.1" 200 96149 "-" "-"
204.76.203.18 - - [16/Mar/2026:21:32:01 +0800] "GET / HTTP/1.1" 499 0 "-" "-"
36.133.115.36 - - [16/Mar/2026:21:34:11 +0800] "POST /wp-cron.php?doing_wp_cron=1773668051.1592419147491455078125 HTTP/1.1" 200 31 "-" "WordPress/6.9; http://cqqizhou.com"
198.244.240.118 - - [16/Mar/2026:21:34:11 +0800] "GET /2339/ HTTP/1.1" 301 5 "-" "Mozilla/5.0 (compatible; AhrefsBot/7.0; +http://ahrefs.com/robot/)"
36.133.115.36 - - [16/Mar/2026:21:39:38 +0800] "POST /wp-cron.php?doing_wp_cron=1773668378.8723599910736083984375 HTTP/1.1" 200 31 "-" "WordPress/6.9; http://cqqizhou.com"
49.51.233.46 - - [16/Mar/2026:21:39:38 +0800] "GET / HTTP/1.1" 301 5 "-" "Mozilla/5.0 (iPhone; CPU iPhone OS 13_2_3 like Mac OS X) AppleWebKit/605.1.15 (KHTML, like Gecko) Version/13.0.3 Mobile/15E148 Safari/604.1"
49.51.233.46 - - [16/Mar/2026:21:39:43 +0800] "GET / HTTP/1.1" 200 34829 "http://www.cqqizhou.com" "Mozilla/5.0 (iPhone; CPU iPhone OS 13_2_3 like Mac OS X) AppleWebKit/605.1.15 (KHTML, like Gecko) Version/13.0.3 Mobile/15E148 Safari/604.1"
43.166.130.123 - - [16/Mar/2026:21:39:51 +0800] "GET / HTTP/1.1" 301 5 "-" "Mozilla/5.0 (iPhone; CPU iPhone OS 13_2_3 like Mac OS X) AppleWebKit/605.1.15 (KHTML, like Gecko) Version/13.0.3 Mobile/15E148 Safari/604.1"
43.166.130.123 - - [16/Mar/2026:21:39:57 +0800] "GET / HTTP/1.1" 200 34828 "http://36.133.115.36" "Mozilla/5.0 (iPhone; CPU iPhone OS 13_2_3 like Mac OS X) AppleWebKit/605.1.15 (KHTML, like Gecko) Version/13.0.3 Mobile/15E148 Safari/604.1"
36.133.115.36 - - [16/Mar/2026:22:14:01 +0800] "POST /wp-cron.php?doing_wp_cron=1773670441.3454411029815673828125 HTTP/1.1" 200 31 "-" "WordPress/6.9; http://cqqizhou.com"
220.181.108.175 - - [16/Mar/2026:22:14:01 +0800] "GET /wp-content/uploads/2025/07/1750945616-honor300%A1%C1206_4.webp HTTP/1.1" 404 31365 "-" "Mozilla/5.0 (compatible; Baiduspider/2.0; +http://www.baidu.com/search/spider.html)"
36.133.115.36 - - [16/Mar/2026:22:14:09 +0800] "POST /wp-cron.php?doing_wp_cron=1773670449.4906299114227294921875 HTTP/1.1" 200 31 "-" "WordPress/6.9; http://cqqizhou.com"
220.181.108.144 - - [16/Mar/2026:22:14:09 +0800] "GET /wp-content/uploads/2025/07/1750945444-honor300%A1%C1206_2.webp HTTP/1.1" 404 31365 "-" "Mozilla/5.0 (compatible; Baiduspider/2.0; +http://www.baidu.com/search/spider.html)"
220.181.108.92 - - [16/Mar/2026:22:14:17 +0800] "GET /wp-content/uploads/2025/07/1750945514-honor300%A1%C1206_3.webp HTTP/1.1" 404 31365 "-" "Mozilla/5.0 (compatible; Baiduspider/2.0; +http://www.baidu.com/search/spider.html)"
36.133.115.36 - - [16/Mar/2026:22:19:24 +0800] "POST /wp-cron.php?doing_wp_cron=1773670764.6734709739685058593750 HTTP/1.1" 200 31 "-" "WordPress/6.9; http://cqqizhou.com"
220.181.108.110 - - [16/Mar/2026:22:19:24 +0800] "GET /wp-content/uploads/2025/07/1750945417-honor300%A1%C1206_1.webp HTTP/1.1" 404 31365 "-" "Mozilla/5.0 (compatible; Baiduspider/2.0; +http://www.baidu.com/search/spider.html)"
220.181.108.166 - - [16/Mar/2026:22:19:37 +0800] "GET /wp-content/uploads/2025/07/1750945637-honor300%A1%C1206_5.webp HTTP/1.1" 404 31365 "-" "Mozilla/5.0 (compatible; Baiduspider/2.0; +http://www.baidu.com/search/spider.html)"
220.181.108.155 - - [16/Mar/2026:22:19:37 +0800] "GET /wp-content/uploads/2025/07/1750945650-honor300%A1%C1206_6.webp HTTP/1.1" 404 31365 "-" "Mozilla/5.0 (compatible; Baiduspider/2.0; +http://www.baidu.com/search/spider.html)"
36.133.115.36 - - [16/Mar/2026:22:22:31 +0800] "POST /wp-cron.php?doing_wp_cron=1773670951.6097478866577148437500 HTTP/1.1" 200 31 "-" "WordPress/6.9; http://cqqizhou.com"
149.86.227.60 - - [16/Mar/2026:22:22:32 +0800] "GET / HTTP/1.1" 200 157152 "-" "Mozilla/5.0"
36.133.115.36 - - [16/Mar/2026:22:24:34 +0800] "POST /wp-cron.php?doing_wp_cron=1773671074.1307621002197265625000 HTTP/1.1" 200 31 "-" "WordPress/6.9; http://cqqizhou.com"
114.250.59.109 - - [16/Mar/2026:22:24:34 +0800] "GET /2361/ HTTP/1.1" 301 5 "-" "Mozilla/5.0 (Linux; Android 10; K) AppleWebKit/537.36 (KHTML, like Gecko) Chrome/122.0.0.0 Mobile Safari/537.36"
114.250.59.109 - - [16/Mar/2026:22:24:36 +0800] "GET /news/2361 HTTP/1.1" 200 21102 "-" "Mozilla/5.0 (Linux; Android 10; K) AppleWebKit/537.36 (KHTML, like Gecko) Chrome/122.0.0.0 Mobile Safari/537.36"
36.133.115.36 - - [16/Mar/2026:22:27:48 +0800] "POST /wp-cron.php?doing_wp_cron=1773671268.0153219699859619140625 HTTP/1.1" 200 31 "-" "WordPress/6.9; http://cqqizhou.com"
