File: /home/logs/cqqizhou_access_2026-03-16.log
120.245.64.14 - - [16/Mar/2026:00:04:39 +0800] "GET /news/2164 HTTP/1.1" 200 23732 "-" "Mozilla/5.0 (Windows NT 10.0; Win64; x64) AppleWebKit/537.36 (KHTML, like Gecko) Chrome/101.0.4951.67 Safari/537.36"
36.133.115.36 - - [16/Mar/2026:00:08:05 +0800] "POST /wp-cron.php?doing_wp_cron=1773590885.0355429649353027343750 HTTP/1.1" 200 31 "-" "WordPress/6.9; http://cqqizhou.com"
79.135.105.70 - - [16/Mar/2026:00:08:05 +0800] "POST /wp-login.php HTTP/1.1" 200 9491 "-" "Mozilla/5.0"
36.133.115.36 - - [16/Mar/2026:00:10:11 +0800] "POST /wp-cron.php?doing_wp_cron=1773591011.3957939147949218750000 HTTP/1.1" 200 31 "-" "WordPress/6.9; http://cqqizhou.com"
152.32.189.137 - - [16/Mar/2026:00:10:11 +0800] "GET /version HTTP/1.1" 301 5 "-" "-"
152.32.189.137 - - [16/Mar/2026:00:10:12 +0800] "GET / HTTP/1.1" 200 157152 "-" "-"
152.32.189.137 - - [16/Mar/2026:00:10:13 +0800] "GET / HTTP/1.1" 200 157152 "-" "-"
152.32.189.137 - - [16/Mar/2026:00:10:14 +0800] "GET /v1 HTTP/1.1" 301 5 "-" "-"
152.32.189.137 - - [16/Mar/2026:00:10:15 +0800] "GET / HTTP/1.1" 200 157152 "-" "-"
152.32.189.137 - - [16/Mar/2026:00:10:19 +0800] "GET / HTTP/1.1" 200 157152 "-" "Mozilla/5.0 (Windows NT 6.1) AppleWebKit/537.36 (KHTML, like Gecko) Chrome/49.0.2623.112 Safari/537.36"
36.133.115.36 - - [16/Mar/2026:00:14:33 +0800] "POST /wp-cron.php?doing_wp_cron=1773591273.6446599960327148437500 HTTP/1.1" 200 31 "-" "WordPress/6.9; http://cqqizhou.com"
183.214.197.151 - - [16/Mar/2026:00:14:33 +0800] "GET /2162/ HTTP/1.1" 301 5 "-" "Mozilla/5.0 (Macintosh; Intel Mac OS X 10_14_6) AppleWebKit/537.36 (KHTML, like Gecko) Chrome/104.0.0.0 Safari/537.36"
183.214.197.151 - - [16/Mar/2026:00:14:33 +0800] "GET http://cqqizhou.com/news/2162 HTTP/1.1" 200 21606 "-" "Mozilla/5.0 (Macintosh; Intel Mac OS X 10_14_6) AppleWebKit/537.36 (KHTML, like Gecko) Chrome/104.0.0.0 Safari/537.36"
36.133.115.36 - - [16/Mar/2026:00:27:54 +0800] "POST /wp-cron.php?doing_wp_cron=1773592074.3755829334259033203125 HTTP/1.1" 200 31 "-" "WordPress/6.9; http://cqqizhou.com"
43.153.85.46 - - [16/Mar/2026:00:27:54 +0800] "GET / HTTP/1.1" 200 34830 "-" "Mozilla/5.0 (iPhone; CPU iPhone OS 13_2_3 like Mac OS X) AppleWebKit/605.1.15 (KHTML, like Gecko) Version/13.0.3 Mobile/15E148 Safari/604.1"
116.95.117.125 - - [16/Mar/2026:00:28:00 +0800] "GET /news/2165 HTTP/1.1" 200 27063 "-" "Mozilla/5.0 (Windows NT 10.0; Win64; x64) AppleWebKit/537.36 (KHTML, like Gecko) Chrome/99.0.4844.51 Safari/537.36"
36.133.115.36 - - [16/Mar/2026:00:31:59 +0800] "POST /wp-cron.php?doing_wp_cron=1773592319.8319408893585205078125 HTTP/1.1" 200 31 "-" "WordPress/6.9; http://cqqizhou.com"
61.170.160.100 - - [16/Mar/2026:00:31:59 +0800] "GET /2160/ HTTP/1.1" 301 5 "-" "Mozilla/5.0 (Windows NT 10.0; Win64; x64) AppleWebKit/537.36 (KHTML, like Gecko) Chrome/101.0.4951.67 Safari/537.36"
61.170.160.100 - - [16/Mar/2026:00:32:05 +0800] "GET /news/2160 HTTP/1.1" 200 29614 "-" "Mozilla/5.0 (Windows NT 10.0; Win64; x64) AppleWebKit/537.36 (KHTML, like Gecko) Chrome/101.0.4951.67 Safari/537.36"
117.147.22.228 - - [16/Mar/2026:00:32:05 +0800] "GET /2160/ HTTP/1.1" 301 5 "-" "Mozilla/5.0 (Windows NT 10.0; Win64; x64) AppleWebKit/537.36 (KHTML, like Gecko) Chrome/101.0.4951.67 Safari/537.36"
117.147.22.228 - - [16/Mar/2026:00:32:06 +0800] "GET /news/2160 HTTP/1.1" 200 29614 "-" "Mozilla/5.0 (Windows NT 10.0; Win64; x64) AppleWebKit/537.36 (KHTML, like Gecko) Chrome/101.0.4951.67 Safari/537.36"
54.39.136.74 - - [16/Mar/2026:00:44:47 +0800] "GET /news/2514 HTTP/1.1" 304 0 "-" "Mozilla/5.0 (compatible; AhrefsBot/7.0; +http://ahrefs.com/robot/)"
36.133.115.36 - - [16/Mar/2026:00:55:32 +0800] "POST /wp-cron.php?doing_wp_cron=1773593732.9052519798278808593750 HTTP/1.1" 200 31 "-" "WordPress/6.9; http://cqqizhou.com"
216.244.66.245 - - [16/Mar/2026:00:55:32 +0800] "GET /robots.txt HTTP/1.1" 200 390 "-" "Mozilla/5.0 (compatible; DotBot/1.2; +https://opensiteexplorer.org/dotbot; help@moz.com)"
115.60.243.20 - - [16/Mar/2026:00:56:45 +0800] "GET /news/2215 HTTP/1.1" 200 24140 "-" "Mozilla/5.0 (Macintosh; Intel Mac OS X 10_15_7) AppleWebKit/537.36 (KHTML, like Gecko) Chrome/123.0.0.0 Safari/537.36"
36.133.115.36 - - [16/Mar/2026:01:01:03 +0800] "POST /wp-cron.php?doing_wp_cron=1773594063.1524770259857177734375 HTTP/1.1" 200 31 "-" "WordPress/6.9; http://cqqizhou.com"
216.244.66.245 - - [16/Mar/2026:01:01:03 +0800] "GET /media/5 HTTP/1.1" 200 119692 "-" "Mozilla/5.0 (compatible; DotBot/1.2; +https://opensiteexplorer.org/dotbot; help@moz.com)"
36.133.115.36 - - [16/Mar/2026:01:01:11 +0800] "POST /wp-cron.php?doing_wp_cron=1773594071.3467230796813964843750 HTTP/1.1" 200 31 "-" "WordPress/6.9; http://cqqizhou.com"
216.244.66.245 - - [16/Mar/2026:01:01:11 +0800] "GET /2164/ HTTP/1.1" 301 5 "-" "Mozilla/5.0 (compatible; DotBot/1.2; +https://opensiteexplorer.org/dotbot; help@moz.com)"
36.133.115.36 - - [16/Mar/2026:01:26:41 +0800] "POST /wp-cron.php?doing_wp_cron=1773595601.8430650234222412109375 HTTP/1.1" 200 31 "-" "WordPress/6.9; http://cqqizhou.com"
159.26.108.31 - - [16/Mar/2026:01:26:41 +0800] "POST /wp-login.php HTTP/1.1" 200 9491 "-" "Mozilla/5.0"
36.133.115.36 - - [16/Mar/2026:01:29:14 +0800] "POST /wp-cron.php?doing_wp_cron=1773595754.6010429859161376953125 HTTP/1.1" 200 31 "-" "WordPress/6.9; http://cqqizhou.com"
115.159.33.43 - - [16/Mar/2026:01:29:14 +0800] "GET / HTTP/1.1" 301 5 "-" "Mozilla/5.0 (Windows NT 10.0; Win64; x64) AppleWebKit/537.36 (KHTML, like Gecko) Chrome/79.0.3945.117 Safari/537.36"
36.133.115.36 - - [16/Mar/2026:01:41:06 +0800] "POST /wp-cron.php?doing_wp_cron=1773596466.0970270633697509765625 HTTP/1.1" 200 31 "-" "WordPress/6.9; http://cqqizhou.com"
216.244.66.245 - - [16/Mar/2026:01:41:06 +0800] "GET /robots.txt HTTP/1.1" 200 390 "-" "Mozilla/5.0 (compatible; DotBot/1.2; +https://opensiteexplorer.org/dotbot; help@moz.com)"
36.133.115.36 - - [16/Mar/2026:01:41:10 +0800] "POST /wp-cron.php?doing_wp_cron=1773596470.4973719120025634765625 HTTP/1.1" 200 31 "-" "WordPress/6.9; http://cqqizhou.com"
43.135.142.37 - - [16/Mar/2026:01:41:10 +0800] "GET / HTTP/1.1" 200 34829 "-" "Mozilla/5.0 (iPhone; CPU iPhone OS 13_2_3 like Mac OS X) AppleWebKit/605.1.15 (KHTML, like Gecko) Version/13.0.3 Mobile/15E148 Safari/604.1"
216.244.66.245 - - [16/Mar/2026:01:48:45 +0800] "GET /news/2505 HTTP/1.1" 200 77566 "-" "Mozilla/5.0 (compatible; DotBot/1.2; +https://opensiteexplorer.org/dotbot; help@moz.com)"
207.46.13.87 - - [16/Mar/2026:01:55:43 +0800] "GET /news/2165 HTTP/1.1" 200 27063 "-" "Mozilla/5.0 AppleWebKit/537.36 (KHTML, like Gecko; compatible; bingbot/2.0; +http://www.bing.com/bingbot.htm) Chrome/116.0.1938.76 Safari/537.36"
36.133.115.36 - - [16/Mar/2026:01:56:37 +0800] "POST /wp-cron.php?doing_wp_cron=1773597397.6159980297088623046875 HTTP/1.1" 200 31 "-" "WordPress/6.9; http://cqqizhou.com"
146.70.237.155 - - [16/Mar/2026:01:56:37 +0800] "POST /wp-login.php HTTP/1.1" 200 9491 "-" "Mozilla/5.0"
54.39.136.185 - - [16/Mar/2026:02:05:20 +0800] "GET /news/portfolio-category/dual-phase-steel HTTP/1.1" 304 0 "-" "Mozilla/5.0 (compatible; AhrefsBot/7.0; +http://ahrefs.com/robot/)"
36.133.115.36 - - [16/Mar/2026:02:15:13 +0800] "POST /wp-cron.php?doing_wp_cron=1773598513.7171831130981445312500 HTTP/1.1" 200 31 "-" "WordPress/6.9; http://cqqizhou.com"
43.157.181.189 - - [16/Mar/2026:02:15:13 +0800] "GET / HTTP/1.1" 301 5 "-" "Mozilla/5.0 (iPhone; CPU iPhone OS 13_2_3 like Mac OS X) AppleWebKit/605.1.15 (KHTML, like Gecko) Version/13.0.3 Mobile/15E148 Safari/604.1"
43.157.181.189 - - [16/Mar/2026:02:15:17 +0800] "GET / HTTP/1.1" 200 34829 "http://36.133.115.36" "Mozilla/5.0 (iPhone; CPU iPhone OS 13_2_3 like Mac OS X) AppleWebKit/605.1.15 (KHTML, like Gecko) Version/13.0.3 Mobile/15E148 Safari/604.1"
114.119.152.86 - - [16/Mar/2026:02:15:36 +0800] "GET /robots.txt HTTP/1.1" 200 190 "-" "Mozilla/5.0 (compatible;PetalBot;+https://webmaster.petalsearch.com/site/petalbot)"
36.133.115.36 - - [16/Mar/2026:02:29:40 +0800] "POST /wp-cron.php?doing_wp_cron=1773599380.9426989555358886718750 HTTP/1.1" 200 31 "-" "WordPress/6.9; http://cqqizhou.com"
216.244.66.245 - - [16/Mar/2026:02:29:40 +0800] "GET /robots.txt HTTP/1.1" 200 390 "-" "Mozilla/5.0 (compatible; DotBot/1.2; +https://opensiteexplorer.org/dotbot; help@moz.com)"
204.76.203.206 - - [16/Mar/2026:02:34:00 +0800] "GET / HTTP/1.1" 499 0 "-" "Mozilla/5.0 (Windows NT 10.0; Win64; x64) AppleWebKit/537.36 (KHTML, like Gecko) Chrome/90.0.4430.85 Safari/537.36 Edg/90.0.818.46"
36.133.115.36 - - [16/Mar/2026:02:40:29 +0800] "POST /wp-cron.php?doing_wp_cron=1773600029.0483739376068115234375 HTTP/1.1" 200 31 "-" "WordPress/6.9; http://cqqizhou.com"
110.183.36.113 - - [16/Mar/2026:02:40:29 +0800] "GET /contacts/ HTTP/1.1" 301 5 "-" "Mozilla/5.0 (Windows NT 10.0; Win64; x64) AppleWebKit/537.36 (KHTML, like Gecko) Chrome/136.0.0.0 Safari/537.36"
110.183.36.113 - - [16/Mar/2026:02:40:29 +0800] "GET http://cqqizhou.com/contacts HTTP/1.1" 200 21758 "-" "Mozilla/5.0 (Windows NT 10.0; Win64; x64) AppleWebKit/537.36 (KHTML, like Gecko) Chrome/136.0.0.0 Safari/537.36"
112.9.4.247 - - [16/Mar/2026:02:40:31 +0800] "GET /contacts/ HTTP/1.1" 301 5 "-" "Mozilla/5.0 (Windows NT 10.0; Win64; x64) AppleWebKit/537.36 (KHTML, like Gecko) Chrome/136.0.0.0 Safari/537.36"
112.9.4.247 - - [16/Mar/2026:02:40:31 +0800] "GET http://cqqizhou.com/contacts HTTP/1.1" 200 21758 "-" "Mozilla/5.0 (Windows NT 10.0; Win64; x64) AppleWebKit/537.36 (KHTML, like Gecko) Chrome/136.0.0.0 Safari/537.36"
36.133.115.36 - - [16/Mar/2026:02:45:18 +0800] "POST /wp-cron.php?doing_wp_cron=1773600317.9640300273895263671875 HTTP/1.1" 200 31 "-" "WordPress/6.9; http://cqqizhou.com"
212.30.60.2 - - [16/Mar/2026:02:45:18 +0800] "POST /wp-login.php HTTP/1.1" 200 9491 "-" "Mozilla/5.0"
36.133.115.36 - - [16/Mar/2026:02:51:30 +0800] "POST /wp-cron.php?doing_wp_cron=1773600690.5843839645385742187500 HTTP/1.1" 200 31 "-" "WordPress/6.9; http://cqqizhou.com"
149.86.227.60 - - [16/Mar/2026:02:51:31 +0800] "GET / HTTP/1.1" 200 157152 "-" "Mozilla/5.0"
36.133.115.36 - - [16/Mar/2026:03:00:49 +0800] "POST /wp-cron.php?doing_wp_cron=1773601249.9399569034576416015625 HTTP/1.1" 200 31 "-" "WordPress/6.9; http://cqqizhou.com"
146.70.237.155 - - [16/Mar/2026:03:00:49 +0800] "POST /wp-login.php HTTP/1.1" 200 9491 "-" "Mozilla/5.0"
36.133.115.36 - - [16/Mar/2026:03:03:37 +0800] "POST /wp-cron.php?doing_wp_cron=1773601417.6617949008941650390625 HTTP/1.1" 200 31 "-" "WordPress/6.9; http://cqqizhou.com"
34.26.72.98 - - [16/Mar/2026:03:03:37 +0800] "HEAD /wordpress/ HTTP/1.1" 404 0 "-" "Mozilla/5.0 (Linux; Android 14; Samsung SM-A546B) AppleWebKit/537.36 (KHTML, like Gecko) Chrome/126.0.6478.14 Mobile Safari/537.36"
34.26.72.98 - - [16/Mar/2026:03:03:38 +0800] "HEAD /blog/ HTTP/1.1" 404 0 "-" "Mozilla/5.0 (Windows NT 11.0; Win64; x64) AppleWebKit/537.36 (KHTML, like Gecko) Chrome/128.0.6540.18 Safari/537.36"
34.26.72.98 - - [16/Mar/2026:03:03:38 +0800] "HEAD / HTTP/1.1" 200 0 "-" "Mozilla/5.0 (Macintosh; Intel Mac OS X 13_5) AppleWebKit/605.1.15 (KHTML, like Gecko) Version/16.5 Safari/605.1.15"
34.26.72.98 - - [16/Mar/2026:03:03:39 +0800] "HEAD /old/ HTTP/1.1" 404 0 "-" "Mozilla/5.0 (Linux; Android 14; SM-A146P) AppleWebKit/537.36 (KHTML, like Gecko) SamsungBrowser/25.0 Chrome/123.0.6312.120 Mobile Safari/537.36"
34.26.72.98 - - [16/Mar/2026:03:03:40 +0800] "HEAD /backup/ HTTP/1.1" 404 0 "-" "Mozilla/5.0 (Windows NT 10.0; Win64; x64; rv:127.0) Gecko/20100101 Firefox/127.0"
34.26.72.98 - - [16/Mar/2026:03:03:41 +0800] "HEAD /wp/ HTTP/1.1" 404 0 "-" "Mozilla/5.0 (X11; Fedora; Linux x86_64; rv:125.0) Gecko/20100101 Firefox/125.0"
34.26.72.98 - - [16/Mar/2026:03:03:42 +0800] "HEAD /new/ HTTP/1.1" 301 0 "-" "Mozilla/5.0 (Linux; Android 14; Xiaomi 14 Pro) AppleWebKit/537.36 (KHTML, like Gecko) Chrome/126.0.6478.33 Mobile Safari/537.36"
34.26.72.98 - - [16/Mar/2026:03:03:43 +0800] "HEAD /news HTTP/1.1" 200 0 "http://cqqizhou.com/new/" "Mozilla/5.0 (Linux; Android 14; Xiaomi 14 Pro) AppleWebKit/537.36 (KHTML, like Gecko) Chrome/126.0.6478.33 Mobile Safari/537.36"
42.83.147.53 - - [16/Mar/2026:03:14:44 +0800] "GET / HTTP/1.1" 200 35258 "-" "Mozilla/5.0 (Windows NT 6.1; Win64; x64) AppleWebKit/537.36 (KHTML, like Gecko)Chrome/74.0.3729.169 Safari/537.36"
36.133.115.36 - - [16/Mar/2026:03:15:41 +0800] "POST /wp-cron.php?doing_wp_cron=1773602141.6706490516662597656250 HTTP/1.1" 200 31 "-" "WordPress/6.9; http://cqqizhou.com"
130.195.245.20 - - [16/Mar/2026:03:15:41 +0800] "POST /wp-login.php HTTP/1.1" 200 9491 "-" "Mozilla/5.0"
36.133.115.36 - - [16/Mar/2026:03:20:53 +0800] "POST /wp-cron.php?doing_wp_cron=1773602453.7075500488281250000000 HTTP/1.1" 200 31 "-" "WordPress/6.9; http://cqqizhou.com"
216.244.66.245 - - [16/Mar/2026:03:20:53 +0800] "GET /robots.txt HTTP/1.1" 200 390 "-" "Mozilla/5.0 (compatible; DotBot/1.2; +https://opensiteexplorer.org/dotbot; help@moz.com)"
51.161.65.220 - - [16/Mar/2026:03:24:49 +0800] "GET /news/portfolio-category/cold-rolled-coil HTTP/1.1" 304 0 "-" "Mozilla/5.0 (compatible; AhrefsBot/7.0; +http://ahrefs.com/robot/)"
36.133.115.36 - - [16/Mar/2026:03:29:28 +0800] "POST /wp-cron.php?doing_wp_cron=1773602968.6546480655670166015625 HTTP/1.1" 200 31 "-" "WordPress/6.9; http://cqqizhou.com"
216.244.66.245 - - [16/Mar/2026:03:29:28 +0800] "GET /portfolio/duplex-stainless-steel/ HTTP/1.1" 301 5 "-" "Mozilla/5.0 (compatible; DotBot/1.2; +https://opensiteexplorer.org/dotbot; help@moz.com)"
146.70.142.90 - - [16/Mar/2026:03:30:01 +0800] "POST /wp-login.php HTTP/1.1" 200 9491 "-" "Mozilla/5.0"
36.133.115.36 - - [16/Mar/2026:03:38:13 +0800] "POST /wp-cron.php?doing_wp_cron=1773603493.2231059074401855468750 HTTP/1.1" 200 31 "-" "WordPress/6.9; http://cqqizhou.com"
176.65.149.234 - - [16/Mar/2026:03:38:13 +0800] "GET / HTTP/1.1" 200 157152 "-" "Mozilla/1.0"
36.133.115.36 - - [16/Mar/2026:03:46:03 +0800] "POST /wp-cron.php?doing_wp_cron=1773603962.9850530624389648437500 HTTP/1.1" 200 31 "-" "WordPress/6.9; http://cqqizhou.com"
31.57.219.162 - - [16/Mar/2026:03:46:03 +0800] "POST /wp-login.php HTTP/1.1" 200 9491 "-" "Mozilla/5.0"
36.133.115.36 - - [16/Mar/2026:03:53:38 +0800] "POST /wp-cron.php?doing_wp_cron=1773604418.8018569946289062500000 HTTP/1.1" 200 31 "-" "WordPress/6.9; http://cqqizhou.com"
39.104.209.38 - - [16/Mar/2026:03:53:38 +0800] "GET / HTTP/1.0" 301 0 "-" "-"
36.133.115.36 - - [16/Mar/2026:04:01:53 +0800] "POST /wp-cron.php?doing_wp_cron=1773604912.9917190074920654296875 HTTP/1.1" 200 31 "-" "WordPress/6.9; http://cqqizhou.com"
149.50.216.240 - - [16/Mar/2026:04:01:53 +0800] "POST /wp-login.php HTTP/1.1" 200 9491 "-" "Mozilla/5.0"
36.133.115.36 - - [16/Mar/2026:04:08:18 +0800] "POST /wp-cron.php?doing_wp_cron=1773605298.7073969841003417968750 HTTP/1.1" 200 31 "-" "WordPress/6.9; http://cqqizhou.com"
216.244.66.245 - - [16/Mar/2026:04:08:18 +0800] "GET /robots.txt HTTP/1.1" 200 390 "-" "Mozilla/5.0 (compatible; DotBot/1.2; +https://opensiteexplorer.org/dotbot; help@moz.com)"
216.244.66.245 - - [16/Mar/2026:04:17:01 +0800] "GET /news/2464 HTTP/1.1" 200 83546 "-" "Mozilla/5.0 (compatible; DotBot/1.2; +https://opensiteexplorer.org/dotbot; help@moz.com)"
36.133.115.36 - - [16/Mar/2026:04:17:23 +0800] "POST /wp-cron.php?doing_wp_cron=1773605843.3162319660186767578125 HTTP/1.1" 200 31 "-" "WordPress/6.9; http://cqqizhou.com"
216.244.66.245 - - [16/Mar/2026:04:17:23 +0800] "GET /industry/ HTTP/1.1" 301 5 "-" "Mozilla/5.0 (compatible; DotBot/1.2; +https://opensiteexplorer.org/dotbot; help@moz.com)"
120.217.68.201 - - [16/Mar/2026:04:46:54 +0800] "GET http://cqqizhou.com/wp-content/uploads/2026/01/1769511379-Article_images_W900%C3%97500px202601271.webp HTTP/1.1" 200 67912 "http://cqqizhou.com/" "Mozilla/5.0 (Windows NT 10.0; Win64; x64) AppleWebKit/537.36 (KHTML, like Gecko) Chrome/124.0.0.0 Safari/537.36"
124.221.55.134 - - [16/Mar/2026:04:47:09 +0800] "GET /wp-content/uploads/2026/01/1769511379-Article_images_W900%C3%97500px202601271.webp HTTP/1.1" 200 67912 "http://cqqizhou.com/" "Mozilla/5.0 (Windows NT 10.0; Win64; x64) AppleWebKit/537.36 (KHTML, like Gecko) Chrome/124.0.0.0 Safari/537.36"
36.133.115.36 - - [16/Mar/2026:04:47:35 +0800] "POST /wp-cron.php?doing_wp_cron=1773607655.0765700340270996093750 HTTP/1.1" 200 31 "-" "WordPress/6.9; http://cqqizhou.com"
159.26.108.132 - - [16/Mar/2026:04:47:35 +0800] "POST /wp-login.php HTTP/1.1" 200 9491 "-" "Mozilla/5.0"
51.222.95.151 - - [16/Mar/2026:04:53:20 +0800] "GET /news/portfolio-category/pickled-coil HTTP/1.1" 304 0 "-" "Mozilla/5.0 (compatible; AhrefsBot/7.0; +http://ahrefs.com/robot/)"
36.133.115.36 - - [16/Mar/2026:05:00:39 +0800] "POST /wp-cron.php?doing_wp_cron=1773608439.1399490833282470703125 HTTP/1.1" 200 31 "-" "WordPress/6.9; http://cqqizhou.com"
5.61.209.96 - - [16/Mar/2026:05:00:39 +0800] "GET /SDK/webLanguage HTTP/1.1" 301 5 "-" "Mozilla/5.0 (Windows NT 10.0; Win64; x64) AppleWebKit/537.36 (KHTML, like Gecko) Chrome/90.0.4430.85 Safari/537.36 Edg/90.0.818.46"
180.153.236.74 - - [16/Mar/2026:05:02:08 +0800] "GET / HTTP/1.1" 200 35258 "http://cqqizhou.com/" "User-Agent:Mozilla/5.0 (Windows NT 10.0; Win64; x64) AppleWebKit/537.36 (KHTML, like Gecko) Chrome/140.0.0.0 Safari/537.36 Edg/140.0.0.0; 360Spider"
204.76.203.206 - - [16/Mar/2026:05:05:53 +0800] "GET / HTTP/1.1" 499 0 "-" "Mozilla/5.0 (Windows NT 10.0; Win64; x64) AppleWebKit/537.36 (KHTML, like Gecko) Chrome/90.0.4430.85 Safari/537.36 Edg/90.0.818.46"
36.133.115.36 - - [16/Mar/2026:05:15:57 +0800] "POST /wp-cron.php?doing_wp_cron=1773609357.3245179653167724609375 HTTP/1.1" 200 31 "-" "WordPress/6.9; http://cqqizhou.com"
31.57.219.162 - - [16/Mar/2026:05:15:57 +0800] "POST /wp-login.php HTTP/1.1" 200 9491 "-" "Mozilla/5.0"
8.39.54.150 - - [16/Mar/2026:05:24:02 +0800] "GET / HTTP/1.1" 200 35258 "-" "Mozilla/5.0 (X11; Linux x86_64) AppleWebKit/537.36 (KHTML, like Gecko) Chrome/139.0.0.0 Safari/537.36"
8.39.54.150 - - [16/Mar/2026:05:24:34 +0800] "GET /services HTTP/1.1" 200 26224 "-" "Mozilla/5.0 (X11; Linux x86_64) AppleWebKit/537.36 (KHTML, like Gecko) Chrome/139.0.0.0 Safari/537.36"
8.39.54.150 - - [16/Mar/2026:05:24:35 +0800] "GET /company-news HTTP/1.1" 200 25880 "-" "Mozilla/5.0 (X11; Linux x86_64) AppleWebKit/537.36 (KHTML, like Gecko) Chrome/139.0.0.0 Safari/537.36"
8.39.54.150 - - [16/Mar/2026:05:24:35 +0800] "GET /about HTTP/1.1" 200 24498 "-" "Mozilla/5.0 (X11; Linux x86_64) AppleWebKit/537.36 (KHTML, like Gecko) Chrome/139.0.0.0 Safari/537.36"
8.39.54.150 - - [16/Mar/2026:05:24:36 +0800] "GET /contacts HTTP/1.1" 200 21758 "-" "Mozilla/5.0 (X11; Linux x86_64) AppleWebKit/537.36 (KHTML, like Gecko) Chrome/139.0.0.0 Safari/537.36"
36.133.115.36 - - [16/Mar/2026:05:24:37 +0800] "POST /wp-cron.php?doing_wp_cron=1773609877.1821138858795166015625 HTTP/1.1" 200 31 "-" "WordPress/6.9; http://cqqizhou.com"
8.39.54.150 - - [16/Mar/2026:05:24:37 +0800] "GET /contacts/ HTTP/1.1" 301 5 "-" "Mozilla/5.0 (X11; Linux x86_64) AppleWebKit/537.36 (KHTML, like Gecko) Chrome/139.0.0.0 Safari/537.36"
8.39.54.150 - - [16/Mar/2026:05:24:37 +0800] "GET /wp-content/uploads/elementor/thumbs/1751373145-About_Qizhoudalou_W800px-r91b70ok8huvvdr4ynxnf302e8ie3iydlh6ag9ew82.webp HTTP/1.1" 200 37938 "-" "Mozilla/5.0 (X11; Linux x86_64) AppleWebKit/537.36 (KHTML, like Gecko) Chrome/139.0.0.0 Safari/537.36"
8.39.54.150 - - [16/Mar/2026:05:24:37 +0800] "GET /company-news/page/2 HTTP/1.1" 200 24454 "-" "Mozilla/5.0 (X11; Linux x86_64) AppleWebKit/537.36 (KHTML, like Gecko) Chrome/139.0.0.0 Safari/537.36"
36.133.115.36 - - [16/Mar/2026:05:33:54 +0800] "POST /wp-cron.php?doing_wp_cron=1773610434.8958179950714111328125 HTTP/1.1" 200 31 "-" "WordPress/6.9; http://cqqizhou.com"
159.26.105.19 - - [16/Mar/2026:05:33:54 +0800] "POST /wp-login.php HTTP/1.1" 200 9491 "-" "Mozilla/5.0"
36.133.115.36 - - [16/Mar/2026:05:37:20 +0800] "POST /wp-cron.php?doing_wp_cron=1773610640.4627220630645751953125 HTTP/1.1" 200 31 "-" "WordPress/6.9; http://cqqizhou.com"
43.133.187.11 - - [16/Mar/2026:05:37:20 +0800] "GET / HTTP/1.1" 200 34829 "-" "Mozilla/5.0 (iPhone; CPU iPhone OS 13_2_3 like Mac OS X) AppleWebKit/605.1.15 (KHTML, like Gecko) Version/13.0.3 Mobile/15E148 Safari/604.1"
36.133.115.36 - - [16/Mar/2026:05:52:29 +0800] "POST /wp-cron.php?doing_wp_cron=1773611549.1244099140167236328125 HTTP/1.1" 200 31 "-" "WordPress/6.9; http://cqqizhou.com"
79.135.105.198 - - [16/Mar/2026:05:52:29 +0800] "POST /wp-login.php HTTP/1.1" 200 9491 "-" "Mozilla/5.0"
74.7.227.44 - - [16/Mar/2026:05:53:34 +0800] "GET / HTTP/1.1" 200 35258 "http://www.carplz.com" "Mozilla/5.0 AppleWebKit/537.36 (KHTML, like Gecko; compatible; GPTBot/1.3; +https://openai.com/gptbot)"
36.133.115.36 - - [16/Mar/2026:05:54:06 +0800] "POST /wp-cron.php?doing_wp_cron=1773611646.1182420253753662109375 HTTP/1.1" 200 31 "-" "WordPress/6.9; http://cqqizhou.com"
74.7.227.44 - - [16/Mar/2026:05:54:06 +0800] "GET /wp-json/oembed/1.0/embed?url=http%3A%2F%2Fcqqizhou.com%2F HTTP/1.1" 200 1130 "http://cqqizhou.com/" "Mozilla/5.0 AppleWebKit/537.36 (KHTML, like Gecko; compatible; GPTBot/1.3; +https://openai.com/gptbot)"
74.7.227.44 - - [16/Mar/2026:05:54:08 +0800] "GET /media HTTP/1.1" 200 31828 "http://cqqizhou.com/" "Mozilla/5.0 AppleWebKit/537.36 (KHTML, like Gecko; compatible; GPTBot/1.3; +https://openai.com/gptbot)"
74.7.227.44 - - [16/Mar/2026:05:54:10 +0800] "GET /news/portfolio/hot-dip-galvanized-coil HTTP/1.1" 200 22409 "http://cqqizhou.com/" "Mozilla/5.0 AppleWebKit/537.36 (KHTML, like Gecko; compatible; GPTBot/1.3; +https://openai.com/gptbot)"
74.7.227.44 - - [16/Mar/2026:05:54:13 +0800] "GET /news/2514 HTTP/1.1" 200 19997 "http://cqqizhou.com/" "Mozilla/5.0 AppleWebKit/537.36 (KHTML, like Gecko; compatible; GPTBot/1.3; +https://openai.com/gptbot)"
74.7.227.44 - - [16/Mar/2026:05:54:15 +0800] "GET /services HTTP/1.1" 200 26224 "http://cqqizhou.com/" "Mozilla/5.0 AppleWebKit/537.36 (KHTML, like Gecko; compatible; GPTBot/1.3; +https://openai.com/gptbot)"
74.7.227.44 - - [16/Mar/2026:05:54:17 +0800] "GET /company-news HTTP/1.1" 200 25880 "http://cqqizhou.com/" "Mozilla/5.0 AppleWebKit/537.36 (KHTML, like Gecko; compatible; GPTBot/1.3; +https://openai.com/gptbot)"
74.7.227.44 - - [16/Mar/2026:05:54:18 +0800] "GET /news HTTP/1.1" 200 25828 "http://cqqizhou.com/" "Mozilla/5.0 AppleWebKit/537.36 (KHTML, like Gecko; compatible; GPTBot/1.3; +https://openai.com/gptbot)"
74.7.227.44 - - [16/Mar/2026:05:54:20 +0800] "GET /contacts HTTP/1.1" 200 21758 "http://cqqizhou.com/" "Mozilla/5.0 AppleWebKit/537.36 (KHTML, like Gecko; compatible; GPTBot/1.3; +https://openai.com/gptbot)"
36.133.115.36 - - [16/Mar/2026:05:54:22 +0800] "POST /wp-cron.php?doing_wp_cron=1773611662.4044671058654785156250 HTTP/1.1" 200 31 "-" "WordPress/6.9; http://cqqizhou.com"
74.7.227.44 - - [16/Mar/2026:05:54:22 +0800] "GET /club/ HTTP/1.1" 301 5 "http://cqqizhou.com/" "Mozilla/5.0 AppleWebKit/537.36 (KHTML, like Gecko; compatible; GPTBot/1.3; +https://openai.com/gptbot)"
74.7.227.44 - - [16/Mar/2026:05:54:22 +0800] "GET /club HTTP/1.1" 200 13076 "http://cqqizhou.com/club/" "Mozilla/5.0 AppleWebKit/537.36 (KHTML, like Gecko; compatible; GPTBot/1.3; +https://openai.com/gptbot)"
74.7.227.44 - - [16/Mar/2026:05:54:24 +0800] "GET /about HTTP/1.1" 200 24498 "http://cqqizhou.com/" "Mozilla/5.0 AppleWebKit/537.36 (KHTML, like Gecko; compatible; GPTBot/1.3; +https://openai.com/gptbot)"
74.7.227.44 - - [16/Mar/2026:05:54:25 +0800] "GET /feed HTTP/1.1" 200 58125 "http://cqqizhou.com/" "Mozilla/5.0 AppleWebKit/537.36 (KHTML, like Gecko; compatible; GPTBot/1.3; +https://openai.com/gptbot)"
74.7.227.44 - - [16/Mar/2026:05:54:27 +0800] "GET /wp-content/uploads/2026/02/1772086672-%E5%BC%80%E5%B7%A5%E5%A4%A7%E5%90%89%E5%B0%81%E9%9D%A2%E5%A4%B4%E5%9B%BEArticle_images_W900%C3%97500px.webp HTTP/1.1" 200 99110 "http://cqqizhou.com/" "Mozilla/5.0 AppleWebKit/537.36 (KHTML, like Gecko; compatible; GPTBot/1.3; +https://openai.com/gptbot)"
74.7.227.44 - - [16/Mar/2026:05:54:28 +0800] "GET /wp-content/uploads/2026/02/1772086672-%E5%BC%80%E5%B7%A5%E5%A4%A7%E5%90%89%E5%B0%81%E9%9D%A2%E5%A4%B4%E5%9B%BEArticle_images_W900%C3%97500px-300x167.webp HTTP/1.1" 200 21246 "http://cqqizhou.com/media" "Mozilla/5.0 AppleWebKit/537.36 (KHTML, like Gecko; compatible; GPTBot/1.3; +https://openai.com/gptbot)"
74.7.227.44 - - [16/Mar/2026:05:54:29 +0800] "GET /wp-content/uploads/2026/03/1772790791-%E5%B0%81%E9%9D%A2%E5%A4%B4%E5%9B%BEArticle_images_W900%C3%97500px2026.webp HTTP/1.1" 200 52968 "http://cqqizhou.com/" "Mozilla/5.0 AppleWebKit/537.36 (KHTML, like Gecko; compatible; GPTBot/1.3; +https://openai.com/gptbot)"
74.7.227.44 - - [16/Mar/2026:05:54:29 +0800] "GET /wp-content/uploads/2026/03/1772713922-Article_images_W900px.webp HTTP/1.1" 200 41304 "http://cqqizhou.com/" "Mozilla/5.0 AppleWebKit/537.36 (KHTML, like Gecko; compatible; GPTBot/1.3; +https://openai.com/gptbot)"
74.7.227.44 - - [16/Mar/2026:05:54:30 +0800] "GET /wp-content/uploads/2026/03/1772713922-Article_images_W900px-300x167.webp HTTP/1.1" 200 10326 "http://cqqizhou.com/media" "Mozilla/5.0 AppleWebKit/537.36 (KHTML, like Gecko; compatible; GPTBot/1.3; +https://openai.com/gptbot)"
74.7.227.44 - - [16/Mar/2026:05:54:31 +0800] "GET /news/2388 HTTP/1.1" 200 24584 "http://cqqizhou.com/company-news" "Mozilla/5.0 AppleWebKit/537.36 (KHTML, like Gecko; compatible; GPTBot/1.3; +https://openai.com/gptbot)"
74.7.227.44 - - [16/Mar/2026:05:54:32 +0800] "GET /news/2464 HTTP/1.1" 200 23648 "http://cqqizhou.com/company-news" "Mozilla/5.0 AppleWebKit/537.36 (KHTML, like Gecko; compatible; GPTBot/1.3; +https://openai.com/gptbot)"
74.7.227.44 - - [16/Mar/2026:05:54:33 +0800] "GET /news/2505 HTTP/1.1" 200 20665 "http://cqqizhou.com/" "Mozilla/5.0 AppleWebKit/537.36 (KHTML, like Gecko; compatible; GPTBot/1.3; +https://openai.com/gptbot)"
74.7.227.44 - - [16/Mar/2026:05:54:33 +0800] "GET /news/2502 HTTP/1.1" 200 24674 "http://cqqizhou.com/" "Mozilla/5.0 AppleWebKit/537.36 (KHTML, like Gecko; compatible; GPTBot/1.3; +https://openai.com/gptbot)"
74.7.227.44 - - [16/Mar/2026:05:54:34 +0800] "GET /news/2440 HTTP/1.1" 200 25639 "http://cqqizhou.com/company-news" "Mozilla/5.0 AppleWebKit/537.36 (KHTML, like Gecko; compatible; GPTBot/1.3; +https://openai.com/gptbot)"
74.7.227.44 - - [16/Mar/2026:05:54:34 +0800] "GET /news/2496 HTTP/1.1" 200 28100 "http://cqqizhou.com/" "Mozilla/5.0 AppleWebKit/537.36 (KHTML, like Gecko; compatible; GPTBot/1.3; +https://openai.com/gptbot)"
74.7.227.44 - - [16/Mar/2026:05:54:35 +0800] "GET /news/2361 HTTP/1.1" 200 25126 "http://cqqizhou.com/company-news" "Mozilla/5.0 AppleWebKit/537.36 (KHTML, like Gecko; compatible; GPTBot/1.3; +https://openai.com/gptbot)"
74.7.227.44 - - [16/Mar/2026:05:54:35 +0800] "GET /news/2354 HTTP/1.1" 200 24473 "http://cqqizhou.com/company-news" "Mozilla/5.0 AppleWebKit/537.36 (KHTML, like Gecko; compatible; GPTBot/1.3; +https://openai.com/gptbot)"
74.7.227.44 - - [16/Mar/2026:05:54:36 +0800] "GET /news/2518 HTTP/1.1" 200 24149 "http://cqqizhou.com/" "Mozilla/5.0 AppleWebKit/537.36 (KHTML, like Gecko; compatible; GPTBot/1.3; +https://openai.com/gptbot)"
74.7.227.44 - - [16/Mar/2026:05:54:36 +0800] "GET /work-safety HTTP/1.1" 200 23741 "http://cqqizhou.com/" "Mozilla/5.0 AppleWebKit/537.36 (KHTML, like Gecko; compatible; GPTBot/1.3; +https://openai.com/gptbot)"
74.7.227.44 - - [16/Mar/2026:05:54:37 +0800] "GET /contacts/ HTTP/1.1" 301 5 "http://cqqizhou.com/" "Mozilla/5.0 AppleWebKit/537.36 (KHTML, like Gecko; compatible; GPTBot/1.3; +https://openai.com/gptbot)"
74.7.227.44 - - [16/Mar/2026:05:54:38 +0800] "GET /contacts HTTP/1.1" 200 21758 "http://cqqizhou.com/contacts/" "Mozilla/5.0 AppleWebKit/537.36 (KHTML, like Gecko; compatible; GPTBot/1.3; +https://openai.com/gptbot)"
74.7.227.44 - - [16/Mar/2026:05:54:38 +0800] "GET /news/portfolio/duplex-stainless-steel HTTP/1.1" 200 22245 "http://cqqizhou.com/" "Mozilla/5.0 AppleWebKit/537.36 (KHTML, like Gecko; compatible; GPTBot/1.3; +https://openai.com/gptbot)"
74.7.227.44 - - [16/Mar/2026:05:54:39 +0800] "GET /bug HTTP/1.1" 200 12829 "http://cqqizhou.com/" "Mozilla/5.0 AppleWebKit/537.36 (KHTML, like Gecko; compatible; GPTBot/1.3; +https://openai.com/gptbot)"
74.7.227.44 - - [16/Mar/2026:05:54:40 +0800] "GET /wp-content/uploads/2026/02/1772086671-20262263Article_images_W900px.webp HTTP/1.1" 200 63422 "http://cqqizhou.com/news/2505" "Mozilla/5.0 AppleWebKit/537.36 (KHTML, like Gecko; compatible; GPTBot/1.3; +https://openai.com/gptbot)"
74.7.227.44 - - [16/Mar/2026:05:54:40 +0800] "GET /wp-content/uploads/2026/02/1772086673-20262262Article_images_W900px.webp HTTP/1.1" 200 56740 "http://cqqizhou.com/news/2505" "Mozilla/5.0 AppleWebKit/537.36 (KHTML, like Gecko; compatible; GPTBot/1.3; +https://openai.com/gptbot)"
74.7.227.44 - - [16/Mar/2026:05:54:41 +0800] "GET /wp-content/uploads/2026/02/1772086673-20262261Article_images_W900px.webp HTTP/1.1" 200 53642 "http://cqqizhou.com/news/2505" "Mozilla/5.0 AppleWebKit/537.36 (KHTML, like Gecko; compatible; GPTBot/1.3; +https://openai.com/gptbot)"
74.7.227.44 - - [16/Mar/2026:05:54:41 +0800] "GET /news/2420 HTTP/1.1" 200 23630 "http://cqqizhou.com/news/2496" "Mozilla/5.0 AppleWebKit/537.36 (KHTML, like Gecko; compatible; GPTBot/1.3; +https://openai.com/gptbot)"
74.7.227.44 - - [16/Mar/2026:05:54:42 +0800] "GET /news/portfolio/remaining-rolls HTTP/1.1" 200 22254 "http://cqqizhou.com/" "Mozilla/5.0 AppleWebKit/537.36 (KHTML, like Gecko; compatible; GPTBot/1.3; +https://openai.com/gptbot)"
74.7.227.44 - - [16/Mar/2026:05:54:42 +0800] "GET /logistics HTTP/1.1" 200 25691 "http://cqqizhou.com/" "Mozilla/5.0 AppleWebKit/537.36 (KHTML, like Gecko; compatible; GPTBot/1.3; +https://openai.com/gptbot)"
74.7.227.44 - - [16/Mar/2026:05:54:44 +0800] "GET /2388/ HTTP/1.1" 301 5 "http://cqqizhou.com/services" "Mozilla/5.0 AppleWebKit/537.36 (KHTML, like Gecko; compatible; GPTBot/1.3; +https://openai.com/gptbot)"
74.7.227.44 - - [16/Mar/2026:05:54:44 +0800] "GET /news/2388 HTTP/1.1" 200 24584 "http://cqqizhou.com/2388/" "Mozilla/5.0 AppleWebKit/537.36 (KHTML, like Gecko; compatible; GPTBot/1.3; +https://openai.com/gptbot)"
74.7.227.44 - - [16/Mar/2026:05:54:45 +0800] "GET /wp-content/uploads/2026/03/1772790943-1Article_images_W900px.webp HTTP/1.1" 200 35332 "http://cqqizhou.com/news/2518" "Mozilla/5.0 AppleWebKit/537.36 (KHTML, like Gecko; compatible; GPTBot/1.3; +https://openai.com/gptbot)"
74.7.227.44 - - [16/Mar/2026:05:54:45 +0800] "GET /wp-content/uploads/2026/03/1772790943-6Article_images_W900px.webp HTTP/1.1" 200 57278 "http://cqqizhou.com/news/2518" "Mozilla/5.0 AppleWebKit/537.36 (KHTML, like Gecko; compatible; GPTBot/1.3; +https://openai.com/gptbot)"
74.7.227.44 - - [16/Mar/2026:05:54:46 +0800] "GET /wp-content/uploads/2026/03/1772790943-2Article_images_W900px.webp HTTP/1.1" 200 45662 "http://cqqizhou.com/news/2518" "Mozilla/5.0 AppleWebKit/537.36 (KHTML, like Gecko; compatible; GPTBot/1.3; +https://openai.com/gptbot)"
74.7.227.44 - - [16/Mar/2026:05:54:46 +0800] "GET /wp-content/uploads/2026/03/1772790943-5Article_images_W900px.webp HTTP/1.1" 200 57476 "http://cqqizhou.com/news/2518" "Mozilla/5.0 AppleWebKit/537.36 (KHTML, like Gecko; compatible; GPTBot/1.3; +https://openai.com/gptbot)"
74.7.227.44 - - [16/Mar/2026:05:54:47 +0800] "GET /wp-content/uploads/2026/03/1772790943-3Article_images_W900px.webp HTTP/1.1" 200 37622 "http://cqqizhou.com/news/2518" "Mozilla/5.0 AppleWebKit/537.36 (KHTML, like Gecko; compatible; GPTBot/1.3; +https://openai.com/gptbot)"
74.7.227.44 - - [16/Mar/2026:05:54:47 +0800] "GET /news/2373 HTTP/1.1" 200 26412 "http://cqqizhou.com/work-safety" "Mozilla/5.0 AppleWebKit/537.36 (KHTML, like Gecko; compatible; GPTBot/1.3; +https://openai.com/gptbot)"
74.7.227.44 - - [16/Mar/2026:05:54:48 +0800] "GET /news/2418 HTTP/1.1" 200 27534 "http://cqqizhou.com/work-safety" "Mozilla/5.0 AppleWebKit/537.36 (KHTML, like Gecko; compatible; GPTBot/1.3; +https://openai.com/gptbot)"
74.7.227.44 - - [16/Mar/2026:05:54:49 +0800] "GET /club HTTP/1.1" 200 13076 "http://cqqizhou.com/club/" "Mozilla/5.0 AppleWebKit/537.36 (KHTML, like Gecko; compatible; GPTBot/1.3; +https://openai.com/gptbot)"
74.7.227.44 - - [16/Mar/2026:05:54:49 +0800] "GET /news/portfolio/pickled-coil HTTP/1.1" 200 22261 "http://cqqizhou.com/news/portfolio/remaining-rolls" "Mozilla/5.0 AppleWebKit/537.36 (KHTML, like Gecko; compatible; GPTBot/1.3; +https://openai.com/gptbot)"
74.7.227.44 - - [16/Mar/2026:05:54:50 +0800] "GET /news/portfolio HTTP/1.1" 200 20714 "http://cqqizhou.com/news/portfolio/hot-dip-galvanized-coil" "Mozilla/5.0 AppleWebKit/537.36 (KHTML, like Gecko; compatible; GPTBot/1.3; +https://openai.com/gptbot)"
74.7.227.44 - - [16/Mar/2026:05:54:50 +0800] "GET /news/portfolio/%e5%86%b7%e8%bd%a7%e6%9d%bf HTTP/1.1" 200 22182 "http://cqqizhou.com/" "Mozilla/5.0 AppleWebKit/537.36 (KHTML, like Gecko; compatible; GPTBot/1.3; +https://openai.com/gptbot)"
74.7.227.44 - - [16/Mar/2026:05:54:52 +0800] "GET /media/2 HTTP/1.1" 200 26184 "http://cqqizhou.com/media" "Mozilla/5.0 AppleWebKit/537.36 (KHTML, like Gecko; compatible; GPTBot/1.3; +https://openai.com/gptbot)"
74.7.227.44 - - [16/Mar/2026:05:54:53 +0800] "GET /media/4 HTTP/1.1" 200 26107 "http://cqqizhou.com/media" "Mozilla/5.0 AppleWebKit/537.36 (KHTML, like Gecko; compatible; GPTBot/1.3; +https://openai.com/gptbot)"
74.7.227.44 - - [16/Mar/2026:05:54:55 +0800] "GET /media/3 HTTP/1.1" 200 26177 "http://cqqizhou.com/media" "Mozilla/5.0 AppleWebKit/537.36 (KHTML, like Gecko; compatible; GPTBot/1.3; +https://openai.com/gptbot)"
74.7.227.44 - - [16/Mar/2026:05:54:55 +0800] "GET /news/portfolio-category/hot-dip-galvanized-coil HTTP/1.1" 200 21240 "http://cqqizhou.com/" "Mozilla/5.0 AppleWebKit/537.36 (KHTML, like Gecko; compatible; GPTBot/1.3; +https://openai.com/gptbot)"
74.7.227.44 - - [16/Mar/2026:05:54:57 +0800] "GET /media/5 HTTP/1.1" 200 26167 "http://cqqizhou.com/media" "Mozilla/5.0 AppleWebKit/537.36 (KHTML, like Gecko; compatible; GPTBot/1.3; +https://openai.com/gptbot)"
74.7.227.44 - - [16/Mar/2026:05:54:58 +0800] "GET /process/processing HTTP/1.1" 301 5 "http://cqqizhou.com/services" "Mozilla/5.0 AppleWebKit/537.36 (KHTML, like Gecko; compatible; GPTBot/1.3; +https://openai.com/gptbot)"
74.7.227.44 - - [16/Mar/2026:05:54:58 +0800] "GET /services/processing HTTP/1.1" 200 23041 "http://cqqizhou.com/process/processing" "Mozilla/5.0 AppleWebKit/537.36 (KHTML, like Gecko; compatible; GPTBot/1.3; +https://openai.com/gptbot)"
74.7.227.44 - - [16/Mar/2026:05:54:59 +0800] "GET /news/portfolio-category/cold-rolled-coil HTTP/1.1" 200 21196 "http://cqqizhou.com/" "Mozilla/5.0 AppleWebKit/537.36 (KHTML, like Gecko; compatible; GPTBot/1.3; +https://openai.com/gptbot)"
74.7.227.44 - - [16/Mar/2026:05:54:59 +0800] "GET /news/portfolio-category/dual-phase-steel HTTP/1.1" 200 21187 "http://cqqizhou.com/" "Mozilla/5.0 AppleWebKit/537.36 (KHTML, like Gecko; compatible; GPTBot/1.3; +https://openai.com/gptbot)"
74.7.227.44 - - [16/Mar/2026:05:55:00 +0800] "GET /news/portfolio/%e5%86%b7%e8%bd%a7%e5%8d%b7 HTTP/1.1" 200 22184 "http://cqqizhou.com/news/portfolio/pickled-coil" "Mozilla/5.0 AppleWebKit/537.36 (KHTML, like Gecko; compatible; GPTBot/1.3; +https://openai.com/gptbot)"
74.7.227.44 - - [16/Mar/2026:05:55:00 +0800] "GET /news/portfolio-category/remaining-rolls HTTP/1.1" 200 21202 "http://cqqizhou.com/" "Mozilla/5.0 AppleWebKit/537.36 (KHTML, like Gecko; compatible; GPTBot/1.3; +https://openai.com/gptbot)"
74.7.227.44 - - [16/Mar/2026:05:55:01 +0800] "GET /news/portfolio-category/pickled-coil HTTP/1.1" 200 21219 "http://cqqizhou.com/news/portfolio" "Mozilla/5.0 AppleWebKit/537.36 (KHTML, like Gecko; compatible; GPTBot/1.3; +https://openai.com/gptbot)"
74.7.227.44 - - [16/Mar/2026:05:55:02 +0800] "GET /media/ HTTP/1.1" 301 5 "http://cqqizhou.com/media/2" "Mozilla/5.0 AppleWebKit/537.36 (KHTML, like Gecko; compatible; GPTBot/1.3; +https://openai.com/gptbot)"
74.7.227.44 - - [16/Mar/2026:05:55:02 +0800] "GET /media HTTP/1.1" 200 31828 "http://cqqizhou.com/media/" "Mozilla/5.0 AppleWebKit/537.36 (KHTML, like Gecko; compatible; GPTBot/1.3; +https://openai.com/gptbot)"
74.7.227.44 - - [16/Mar/2026:05:55:03 +0800] "GET /news/page/2 HTTP/1.1" 200 26322 "http://cqqizhou.com/news" "Mozilla/5.0 AppleWebKit/537.36 (KHTML, like Gecko; compatible; GPTBot/1.3; +https://openai.com/gptbot)"
74.7.227.44 - - [16/Mar/2026:05:55:03 +0800] "GET /news/page/3 HTTP/1.1" 200 24910 "http://cqqizhou.com/news" "Mozilla/5.0 AppleWebKit/537.36 (KHTML, like Gecko; compatible; GPTBot/1.3; +https://openai.com/gptbot)"
74.7.227.44 - - [16/Mar/2026:05:55:04 +0800] "GET /company-news/page/2 HTTP/1.1" 200 24454 "http://cqqizhou.com/company-news" "Mozilla/5.0 AppleWebKit/537.36 (KHTML, like Gecko; compatible; GPTBot/1.3; +https://openai.com/gptbot)"
74.7.227.44 - - [16/Mar/2026:05:55:06 +0800] "GET /news/portfolio-tag/pangang HTTP/1.1" 200 21221 "http://cqqizhou.com/news/portfolio/%e5%86%b7%e8%bd%a7%e6%9d%bf" "Mozilla/5.0 AppleWebKit/537.36 (KHTML, like Gecko; compatible; GPTBot/1.3; +https://openai.com/gptbot)"
36.133.115.36 - - [16/Mar/2026:05:55:08 +0800] "POST /wp-cron.php?doing_wp_cron=1773611708.1149129867553710937500 HTTP/1.1" 200 31 "-" "WordPress/6.9; http://cqqizhou.com"
74.7.227.44 - - [16/Mar/2026:05:55:08 +0800] "GET /services/qzgyl@cq-qizhou.com HTTP/1.1" 404 8949 "http://cqqizhou.com/process/processing" "Mozilla/5.0 AppleWebKit/537.36 (KHTML, like Gecko; compatible; GPTBot/1.3; +https://openai.com/gptbot)"
74.7.227.44 - - [16/Mar/2026:05:55:08 +0800] "GET /services/processing HTTP/1.1" 200 23041 "http://cqqizhou.com/process/processing" "Mozilla/5.0 AppleWebKit/537.36 (KHTML, like Gecko; compatible; GPTBot/1.3; +https://openai.com/gptbot)"
74.7.227.44 - - [16/Mar/2026:05:55:09 +0800] "GET /news/portfolio-tag/ansteel-thyssen HTTP/1.1" 200 22613 "http://cqqizhou.com/news/portfolio/hot-dip-galvanized-coil" "Mozilla/5.0 AppleWebKit/537.36 (KHTML, like Gecko; compatible; GPTBot/1.3; +https://openai.com/gptbot)"
74.7.227.44 - - [16/Mar/2026:05:55:10 +0800] "GET /wp-json/oembed/1.0/embed?url=http%3A%2F%2Fcqqizhou.com%2Fnews%2Fportfolio%2Fhot-dip-galvanized-coil HTTP/1.1" 200 1239 "http://cqqizhou.com/news/portfolio/hot-dip-galvanized-coil" "Mozilla/5.0 AppleWebKit/537.36 (KHTML, like Gecko; compatible; GPTBot/1.3; +https://openai.com/gptbot)"
74.7.227.44 - - [16/Mar/2026:05:55:11 +0800] "GET /wp-json/oembed/1.0/embed?url=http%3A%2F%2Fcqqizhou.com%2Fnews%2Fportfolio%2Fduplex-stainless-steel HTTP/1.1" 200 1238 "http://cqqizhou.com/news/portfolio/duplex-stainless-steel" "Mozilla/5.0 AppleWebKit/537.36 (KHTML, like Gecko; compatible; GPTBot/1.3; +https://openai.com/gptbot)"
74.7.227.44 - - [16/Mar/2026:05:55:12 +0800] "GET /wp-json/oembed/1.0/embed?url=http%3A%2F%2Fcqqizhou.com%2Fnews%2Fportfolio%2Fremaining-rolls HTTP/1.1" 200 1228 "http://cqqizhou.com/news/portfolio/remaining-rolls" "Mozilla/5.0 AppleWebKit/537.36 (KHTML, like Gecko; compatible; GPTBot/1.3; +https://openai.com/gptbot)"
74.7.227.44 - - [16/Mar/2026:05:55:13 +0800] "GET /wp-json/oembed/1.0/embed?url=http%3A%2F%2Fcqqizhou.com%2Fnews%2Fportfolio%2Fpickled-coil HTTP/1.1" 200 1222 "http://cqqizhou.com/news/portfolio/pickled-coil" "Mozilla/5.0 AppleWebKit/537.36 (KHTML, like Gecko; compatible; GPTBot/1.3; +https://openai.com/gptbot)"
74.7.227.44 - - [16/Mar/2026:05:55:14 +0800] "GET /wp-json/oembed/1.0/embed?url=http%3A%2F%2Fcqqizhou.com%2Fservices%2Fprocessing HTTP/1.1" 200 1154 "http://cqqizhou.com/process/processing" "Mozilla/5.0 AppleWebKit/537.36 (KHTML, like Gecko; compatible; GPTBot/1.3; +https://openai.com/gptbot)"
74.7.227.44 - - [16/Mar/2026:05:55:15 +0800] "GET /wp-json/oembed/1.0/embed?url=http%3A%2F%2Fcqqizhou.com%2Fnews%2F2361 HTTP/1.1" 200 1301 "http://cqqizhou.com/news/2361" "Mozilla/5.0 AppleWebKit/537.36 (KHTML, like Gecko; compatible; GPTBot/1.3; +https://openai.com/gptbot)"
74.7.227.44 - - [16/Mar/2026:05:55:16 +0800] "GET /wp-json/oembed/1.0/embed?url=http%3A%2F%2Fcqqizhou.com%2Fnews%2F2518 HTTP/1.1" 200 1339 "http://cqqizhou.com/news/2518" "Mozilla/5.0 AppleWebKit/537.36 (KHTML, like Gecko; compatible; GPTBot/1.3; +https://openai.com/gptbot)"
74.7.227.44 - - [16/Mar/2026:05:55:17 +0800] "GET /wp-content/uploads/2025/08/1755826456-DSC01841.webp HTTP/1.1" 200 87046 "http://cqqizhou.com/news/page/2" "Mozilla/5.0 AppleWebKit/537.36 (KHTML, like Gecko; compatible; GPTBot/1.3; +https://openai.com/gptbot)"
74.7.227.44 - - [16/Mar/2026:05:55:17 +0800] "GET /wp-content/uploads/2025/08/1755826390-DSC01765.webp HTTP/1.1" 200 71514 "http://cqqizhou.com/news/page/2" "Mozilla/5.0 AppleWebKit/537.36 (KHTML, like Gecko; compatible; GPTBot/1.3; +https://openai.com/gptbot)"
74.7.227.44 - - [16/Mar/2026:05:55:18 +0800] "GET /wp-content/uploads/2025/09/1756868614-20250903104654_74_5.webp HTTP/1.1" 200 47858 "http://cqqizhou.com/news/page/2" "Mozilla/5.0 AppleWebKit/537.36 (KHTML, like Gecko; compatible; GPTBot/1.3; +https://openai.com/gptbot)"
74.7.227.44 - - [16/Mar/2026:05:55:18 +0800] "GET /news/2052 HTTP/1.1" 200 25798 "http://cqqizhou.com/news/page/3" "Mozilla/5.0 AppleWebKit/537.36 (KHTML, like Gecko; compatible; GPTBot/1.3; +https://openai.com/gptbot)"
74.7.227.44 - - [16/Mar/2026:05:55:19 +0800] "GET /news/2231 HTTP/1.1" 200 23682 "http://cqqizhou.com/news/page/2" "Mozilla/5.0 AppleWebKit/537.36 (KHTML, like Gecko; compatible; GPTBot/1.3; +https://openai.com/gptbot)"
74.7.227.44 - - [16/Mar/2026:05:55:19 +0800] "GET /news/2162 HTTP/1.1" 200 21606 "http://cqqizhou.com/news/page/3" "Mozilla/5.0 AppleWebKit/537.36 (KHTML, like Gecko; compatible; GPTBot/1.3; +https://openai.com/gptbot)"
74.7.227.44 - - [16/Mar/2026:05:55:20 +0800] "GET /news/2155 HTTP/1.1" 200 29216 "http://cqqizhou.com/news/page/3" "Mozilla/5.0 AppleWebKit/537.36 (KHTML, like Gecko; compatible; GPTBot/1.3; +https://openai.com/gptbot)"
74.7.227.44 - - [16/Mar/2026:05:55:20 +0800] "GET /news/2215 HTTP/1.1" 200 24140 "http://cqqizhou.com/news/page/2" "Mozilla/5.0 AppleWebKit/537.36 (KHTML, like Gecko; compatible; GPTBot/1.3; +https://openai.com/gptbot)"
74.7.227.44 - - [16/Mar/2026:05:55:21 +0800] "GET /news/2339 HTTP/1.1" 200 24688 "http://cqqizhou.com/news/page/2" "Mozilla/5.0 AppleWebKit/537.36 (KHTML, like Gecko; compatible; GPTBot/1.3; +https://openai.com/gptbot)"
74.7.227.44 - - [16/Mar/2026:05:55:21 +0800] "GET /news/2214 HTTP/1.1" 200 25950 "http://cqqizhou.com/news/page/2" "Mozilla/5.0 AppleWebKit/537.36 (KHTML, like Gecko; compatible; GPTBot/1.3; +https://openai.com/gptbot)"
74.7.227.44 - - [16/Mar/2026:05:55:22 +0800] "GET /news/2164 HTTP/1.1" 200 23732 "http://cqqizhou.com/news/page/3" "Mozilla/5.0 AppleWebKit/537.36 (KHTML, like Gecko; compatible; GPTBot/1.3; +https://openai.com/gptbot)"
74.7.227.44 - - [16/Mar/2026:05:55:23 +0800] "GET /news/2153 HTTP/1.1" 200 24479 "http://cqqizhou.com/news/page/3" "Mozilla/5.0 AppleWebKit/537.36 (KHTML, like Gecko; compatible; GPTBot/1.3; +https://openai.com/gptbot)"
74.7.227.44 - - [16/Mar/2026:05:55:23 +0800] "GET /news/2159 HTTP/1.1" 200 28811 "http://cqqizhou.com/news/page/3" "Mozilla/5.0 AppleWebKit/537.36 (KHTML, like Gecko; compatible; GPTBot/1.3; +https://openai.com/gptbot)"
74.7.227.44 - - [16/Mar/2026:05:55:24 +0800] "GET /news/2163 HTTP/1.1" 200 24006 "http://cqqizhou.com/news/page/3" "Mozilla/5.0 AppleWebKit/537.36 (KHTML, like Gecko; compatible; GPTBot/1.3; +https://openai.com/gptbot)"
74.7.227.44 - - [16/Mar/2026:05:55:24 +0800] "GET /news/2165 HTTP/1.1" 200 27063 "http://cqqizhou.com/news/page/2" "Mozilla/5.0 AppleWebKit/537.36 (KHTML, like Gecko; compatible; GPTBot/1.3; +https://openai.com/gptbot)"
74.7.227.44 - - [16/Mar/2026:05:55:25 +0800] "GET /news/2160 HTTP/1.1" 200 29614 "http://cqqizhou.com/news/page/3" "Mozilla/5.0 AppleWebKit/537.36 (KHTML, like Gecko; compatible; GPTBot/1.3; +https://openai.com/gptbot)"
74.7.227.44 - - [16/Mar/2026:05:55:25 +0800] "GET /wp-content/uploads/2025/09/1756868585-20250903104658_78_5.webp HTTP/1.1" 200 39636 "http://cqqizhou.com/news/2231" "Mozilla/5.0 AppleWebKit/537.36 (KHTML, like Gecko; compatible; GPTBot/1.3; +https://openai.com/gptbot)"
74.7.227.44 - - [16/Mar/2026:05:55:28 +0800] "GET /news/page/1 HTTP/1.1" 301 5 "http://cqqizhou.com/news/page/2" "Mozilla/5.0 AppleWebKit/537.36 (KHTML, like Gecko; compatible; GPTBot/1.3; +https://openai.com/gptbot)"
74.7.227.44 - - [16/Mar/2026:05:55:28 +0800] "GET /news HTTP/1.1" 200 25828 "http://cqqizhou.com/news/page/1" "Mozilla/5.0 AppleWebKit/537.36 (KHTML, like Gecko; compatible; GPTBot/1.3; +https://openai.com/gptbot)"
74.7.227.44 - - [16/Mar/2026:05:55:29 +0800] "GET /wp-json/oembed/1.0/embed?url=http%3A%2F%2Fcqqizhou.com%2Fnews%2F2420 HTTP/1.1" 200 1258 "http://cqqizhou.com/news/2420" "Mozilla/5.0 AppleWebKit/537.36 (KHTML, like Gecko; compatible; GPTBot/1.3; +https://openai.com/gptbot)"
74.7.227.44 - - [16/Mar/2026:05:55:30 +0800] "GET /wp-json/oembed/1.0/embed?url=http%3A%2F%2Fcqqizhou.com%2Fnews%2F2155 HTTP/1.1" 200 1289 "http://cqqizhou.com/news/2155" "Mozilla/5.0 AppleWebKit/537.36 (KHTML, like Gecko; compatible; GPTBot/1.3; +https://openai.com/gptbot)"
74.7.227.44 - - [16/Mar/2026:05:55:31 +0800] "GET /wp-json/oembed/1.0/embed?url=http%3A%2F%2Fcqqizhou.com%2Fnews%2F2164 HTTP/1.1" 200 1265 "http://cqqizhou.com/news/2164" "Mozilla/5.0 AppleWebKit/537.36 (KHTML, like Gecko; compatible; GPTBot/1.3; +https://openai.com/gptbot)"
74.7.227.44 - - [16/Mar/2026:05:55:32 +0800] "GET /wp-json/oembed/1.0/embed?url=http%3A%2F%2Fcqqizhou.com%2Fnews%2F2354 HTTP/1.1" 200 1307 "http://cqqizhou.com/news/2354" "Mozilla/5.0 AppleWebKit/537.36 (KHTML, like Gecko; compatible; GPTBot/1.3; +https://openai.com/gptbot)"
74.7.227.44 - - [16/Mar/2026:05:55:33 +0800] "GET /wp-json/oembed/1.0/embed?url=http%3A%2F%2Fcqqizhou.com%2Fnews%2F2153 HTTP/1.1" 200 1284 "http://cqqizhou.com/news/2153" "Mozilla/5.0 AppleWebKit/537.36 (KHTML, like Gecko; compatible; GPTBot/1.3; +https://openai.com/gptbot)"
74.7.227.44 - - [16/Mar/2026:05:55:34 +0800] "GET /company-news/page/1 HTTP/1.1" 301 5 "http://cqqizhou.com/company-news/page/2" "Mozilla/5.0 AppleWebKit/537.36 (KHTML, like Gecko; compatible; GPTBot/1.3; +https://openai.com/gptbot)"
74.7.227.44 - - [16/Mar/2026:05:55:34 +0800] "GET /company-news HTTP/1.1" 200 25880 "http://cqqizhou.com/company-news/page/1" "Mozilla/5.0 AppleWebKit/537.36 (KHTML, like Gecko; compatible; GPTBot/1.3; +https://openai.com/gptbot)"
74.7.227.44 - - [16/Mar/2026:05:55:36 +0800] "GET /wp-json/oembed/1.0/embed?url=http%3A%2F%2Fcqqizhou.com%2Fnews%2F2214 HTTP/1.1" 200 1278 "http://cqqizhou.com/news/2214" "Mozilla/5.0 AppleWebKit/537.36 (KHTML, like Gecko; compatible; GPTBot/1.3; +https://openai.com/gptbot)"
74.7.227.44 - - [16/Mar/2026:05:55:37 +0800] "GET /wp-json/oembed/1.0/embed?url=http%3A%2F%2Fcqqizhou.com%2Fnews%2F2464 HTTP/1.1" 200 1297 "http://cqqizhou.com/news/2464" "Mozilla/5.0 AppleWebKit/537.36 (KHTML, like Gecko; compatible; GPTBot/1.3; +https://openai.com/gptbot)"
74.7.227.44 - - [16/Mar/2026:05:55:37 +0800] "GET /wp-json/oembed/1.0/embed?url=http%3A%2F%2Fcqqizhou.com%2Fnews%2F2215 HTTP/1.1" 200 1267 "http://cqqizhou.com/news/2215" "Mozilla/5.0 AppleWebKit/537.36 (KHTML, like Gecko; compatible; GPTBot/1.3; +https://openai.com/gptbot)"
74.7.227.44 - - [16/Mar/2026:05:55:38 +0800] "GET /wp-json/oembed/1.0/embed?url=http%3A%2F%2Fcqqizhou.com%2Fnews%2F2165 HTTP/1.1" 200 1266 "http://cqqizhou.com/news/2165" "Mozilla/5.0 AppleWebKit/537.36 (KHTML, like Gecko; compatible; GPTBot/1.3; +https://openai.com/gptbot)"
74.7.227.44 - - [16/Mar/2026:05:55:39 +0800] "GET /wp-json/oembed/1.0/embed?url=http%3A%2F%2Fcqqizhou.com%2Fnews%2F2163 HTTP/1.1" 200 1270 "http://cqqizhou.com/news/2163" "Mozilla/5.0 AppleWebKit/537.36 (KHTML, like Gecko; compatible; GPTBot/1.3; +https://openai.com/gptbot)"
74.7.227.44 - - [16/Mar/2026:05:55:40 +0800] "GET /wp-json/oembed/1.0/embed?url=http%3A%2F%2Fcqqizhou.com%2Fnews%2F2388 HTTP/1.1" 200 1336 "http://cqqizhou.com/news/2388" "Mozilla/5.0 AppleWebKit/537.36 (KHTML, like Gecko; compatible; GPTBot/1.3; +https://openai.com/gptbot)"
74.7.227.44 - - [16/Mar/2026:05:55:41 +0800] "GET /wp-json/oembed/1.0/embed?url=http%3A%2F%2Fcqqizhou.com%2Fnews%2F2514 HTTP/1.1" 200 1327 "http://cqqizhou.com/news/2514" "Mozilla/5.0 AppleWebKit/537.36 (KHTML, like Gecko; compatible; GPTBot/1.3; +https://openai.com/gptbot)"
74.7.227.44 - - [16/Mar/2026:05:55:42 +0800] "GET /wp-json/oembed/1.0/embed?url=http%3A%2F%2Fcqqizhou.com%2Fnews%2F2339 HTTP/1.1" 200 1299 "http://cqqizhou.com/news/2339" "Mozilla/5.0 AppleWebKit/537.36 (KHTML, like Gecko; compatible; GPTBot/1.3; +https://openai.com/gptbot)"
74.7.227.44 - - [16/Mar/2026:05:55:43 +0800] "GET /wp-json/oembed/1.0/embed?url=http%3A%2F%2Fcqqizhou.com%2Fnews%2F2162 HTTP/1.1" 200 1297 "http://cqqizhou.com/news/2162" "Mozilla/5.0 AppleWebKit/537.36 (KHTML, like Gecko; compatible; GPTBot/1.3; +https://openai.com/gptbot)"
74.7.227.44 - - [16/Mar/2026:05:55:44 +0800] "GET /wp-json/oembed/1.0/embed?url=http%3A%2F%2Fcqqizhou.com%2Fnews%2F2052 HTTP/1.1" 200 1265 "http://cqqizhou.com/news/2052" "Mozilla/5.0 AppleWebKit/537.36 (KHTML, like Gecko; compatible; GPTBot/1.3; +https://openai.com/gptbot)"
74.7.227.44 - - [16/Mar/2026:05:55:45 +0800] "GET /wp-json/oembed/1.0/embed?url=http%3A%2F%2Fcqqizhou.com%2Fnews%2F2440 HTTP/1.1" 200 1307 "http://cqqizhou.com/news/2440" "Mozilla/5.0 AppleWebKit/537.36 (KHTML, like Gecko; compatible; GPTBot/1.3; +https://openai.com/gptbot)"
74.7.227.44 - - [16/Mar/2026:05:55:46 +0800] "GET /wp-json/oembed/1.0/embed?url=http%3A%2F%2Fcqqizhou.com%2Fnews%2F2373 HTTP/1.1" 200 1300 "http://cqqizhou.com/news/2373" "Mozilla/5.0 AppleWebKit/537.36 (KHTML, like Gecko; compatible; GPTBot/1.3; +https://openai.com/gptbot)"
74.7.227.44 - - [16/Mar/2026:05:55:47 +0800] "GET /wp-json/oembed/1.0/embed?url=http%3A%2F%2Fcqqizhou.com%2Fnews%2F2505 HTTP/1.1" 200 1343 "http://cqqizhou.com/news/2505" "Mozilla/5.0 AppleWebKit/537.36 (KHTML, like Gecko; compatible; GPTBot/1.3; +https://openai.com/gptbot)"
