114.119.151.63 - - [16/Mar/2026:13:12:53 +0800] "GET /wp-sitemap.xml HTTP/1.1" 501 253 "-" "Mozilla/5.0 (Linux; Android 7.0;) AppleWebKit/537.36 (KHTML, like Gecko) Mobile Safari/537.36 (compatible; PetalBot;+https://webmaster.petalsearch.com/site/petalbot)"
36.133.115.36 - - [16/Mar/2026:13:15:08 +0800] "POST /wp-cron.php?doing_wp_cron=1773638108.7833950519561767578125 HTTP/1.1" 200 31 "-" "WordPress/6.9; http://cqqizhou.com"
142.44.228.14 - - [16/Mar/2026:13:15:08 +0800] "GET /portfolio/%E5%86%B7%E8%BD%A7%E5%8D%B7/ HTTP/1.1" 301 5 "-" "Mozilla/5.0 (compatible; AhrefsBot/7.0; +http://ahrefs.com/robot/)"
216.244.66.245 - - [16/Mar/2026:13:17:54 +0800] "GET /news/2160 HTTP/1.1" 200 97863 "-" "Mozilla/5.0 (compatible; DotBot/1.2; +https://opensiteexplorer.org/dotbot; help@moz.com)"
36.133.115.36 - - [16/Mar/2026:13:17:55 +0800] "POST /wp-cron.php?doing_wp_cron=1773638275.5439081192016601562500 HTTP/1.1" 200 31 "-" "WordPress/6.9; http://cqqizhou.com"
89.42.231.241 - - [16/Mar/2026:13:17:55 +0800] "GET / HTTP/1.1" 200 157152 "-" "Mozilla/5.0"
216.244.66.245 - - [16/Mar/2026:13:18:02 +0800] "GET /news/page/1 HTTP/1.1" 301 5 "-" "Mozilla/5.0 (compatible; DotBot/1.2; +https://opensiteexplorer.org/dotbot; help@moz.com)"
36.133.115.36 - - [16/Mar/2026:13:18:10 +0800] "POST /wp-cron.php?doing_wp_cron=1773638290.3478350639343261718750 HTTP/1.1" 200 31 "-" "WordPress/6.9; http://cqqizhou.com"
216.244.66.245 - - [16/Mar/2026:13:18:10 +0800] "GET /portfolio/ HTTP/1.1" 404 31365 "-" "Mozilla/5.0 (compatible; DotBot/1.2; +https://opensiteexplorer.org/dotbot; help@moz.com)"
36.133.115.36 - - [16/Mar/2026:13:37:58 +0800] "POST /wp-cron.php?doing_wp_cron=1773639478.5206179618835449218750 HTTP/1.1" 200 31 "-" "WordPress/6.9; http://cqqizhou.com"
112.38.200.216 - - [16/Mar/2026:13:37:58 +0800] "GET /contacts/ HTTP/1.1" 301 5 "-" "Mozilla/5.0 (Windows NT 10.0; Win64; x64) AppleWebKit/537.36 (KHTML, like Gecko) Chrome/136.0.0.0 Safari/537.36"
112.38.200.216 - - [16/Mar/2026:13:37:58 +0800] "GET http://cqqizhou.com/contacts HTTP/1.1" 200 21758 "-" "Mozilla/5.0 (Windows NT 10.0; Win64; x64) AppleWebKit/537.36 (KHTML, like Gecko) Chrome/136.0.0.0 Safari/537.36"
36.133.115.36 - - [16/Mar/2026:13:49:39 +0800] "POST /wp-cron.php?doing_wp_cron=1773640179.5338749885559082031250 HTTP/1.1" 200 31 "-" "WordPress/6.9; http://cqqizhou.com"
49.51.196.42 - - [16/Mar/2026:13:49:39 +0800] "GET / HTTP/1.1" 200 34829 "-" "Mozilla/5.0 (iPhone; CPU iPhone OS 13_2_3 like Mac OS X) AppleWebKit/605.1.15 (KHTML, like Gecko) Version/13.0.3 Mobile/15E148 Safari/604.1"
36.133.115.36 - - [16/Mar/2026:14:02:41 +0800] "POST /wp-cron.php?doing_wp_cron=1773640961.8727350234985351562500 HTTP/1.1" 200 31 "-" "WordPress/6.9; http://cqqizhou.com"
106.227.49.113 - - [16/Mar/2026:14:02:41 +0800] "GET / HTTP/1.1" 301 5 "-" "Mozilla/5.0 (iPhone; CPU iPhone OS 13_2_3 like Mac OS X) AppleWebKit/605.1.15 (KHTML, like Gecko) Version/13.0.3 Mobile/15E148 Safari/604.1"
106.227.49.113 - - [16/Mar/2026:14:02:44 +0800] "GET / HTTP/1.1" 200 34829 "http://www.cqqizhou.com" "Mozilla/5.0 (iPhone; CPU iPhone OS 13_2_3 like Mac OS X) AppleWebKit/605.1.15 (KHTML, like Gecko) Version/13.0.3 Mobile/15E148 Safari/604.1"
51.222.95.143 - - [16/Mar/2026:14:09:47 +0800] "GET /news/2153 HTTP/1.1" 304 0 "-" "Mozilla/5.0 (compatible; AhrefsBot/7.0; +http://ahrefs.com/robot/)"
36.133.115.36 - - [16/Mar/2026:14:13:34 +0800] "POST /wp-cron.php?doing_wp_cron=1773641614.5211811065673828125000 HTTP/1.1" 200 31 "-" "WordPress/6.9; http://cqqizhou.com"
149.86.227.60 - - [16/Mar/2026:14:13:35 +0800] "GET / HTTP/1.1" 200 157152 "-" "Mozilla/5.0"
36.133.115.36 - - [16/Mar/2026:14:15:29 +0800] "POST /wp-cron.php?doing_wp_cron=1773641729.5281970500946044921875 HTTP/1.1" 200 31 "-" "WordPress/6.9; http://cqqizhou.com"
14.108.233.57 - - [16/Mar/2026:14:15:29 +0800] "GET / HTTP/1.1" 200 34829 "-" "Mozilla/5.0 (Linux; Android 9.0; E3_WA Build/PPR1.180610.011) AppleWebKit/537.36 (KHTML, like Gecko) Chrome/56.0.2924.87 Mobile Safari/537.36"
14.108.233.57 - - [16/Mar/2026:14:15:30 +0800] "GET /wp-content/uploads/2025/07/1751425283-qizhou.kf_.qq_.com_.webp HTTP/1.1" 200 16864 "http://cqqizhou.com/" "Mozilla/5.0 (Linux; Android 9.0; E3_WA Build/PPR1.180610.011) AppleWebKit/537.36 (KHTML, like Gecko) Chrome/56.0.2924.87 Mobile Safari/537.36"
14.108.233.57 - - [16/Mar/2026:14:15:30 +0800] "GET /wp-content/uploads/2025/07/1753456723-%E5%8F%8C%E7%9B%B8%E9%92%A2roduct_Single600.webp HTTP/1.1" 200 22790 "http://cqqizhou.com/" "Mozilla/5.0 (Linux; Android 9.0; E3_WA Build/PPR1.180610.011) AppleWebKit/537.36 (KHTML, like Gecko) Chrome/56.0.2924.87 Mobile Safari/537.36"
14.108.233.57 - - [16/Mar/2026:14:15:30 +0800] "GET /wp-content/uploads/2025/07/1753453096-%E5%8F%8C%E7%9B%B8%E9%92%A2product_Single600%C3%97284.webp HTTP/1.1" 200 14562 "http://cqqizhou.com/" "Mozilla/5.0 (Linux; Android 9.0; E3_WA Build/PPR1.180610.011) AppleWebKit/537.36 (KHTML, like Gecko) Chrome/56.0.2924.87 Mobile Safari/537.36"
14.108.233.57 - - [16/Mar/2026:14:15:30 +0800] "GET /wp-content/uploads/2025/07/1753456770-%E7%83%AD%E9%95%80%E9%94%8C%E5%8D%B7product_Single600.webp HTTP/1.1" 200 27502 "http://cqqizhou.com/" "Mozilla/5.0 (Linux; Android 9.0; E3_WA Build/PPR1.180610.011) AppleWebKit/537.36 (KHTML, like Gecko) Chrome/56.0.2924.87 Mobile Safari/537.36"
14.108.233.57 - - [16/Mar/2026:14:15:30 +0800] "GET /wp-content/uploads/2025/07/1753453127-%E4%BD%99%E5%8D%B7product_Single600%C3%97284.webp HTTP/1.1" 200 18744 "http://cqqizhou.com/" "Mozilla/5.0 (Linux; Android 9.0; E3_WA Build/PPR1.180610.011) AppleWebKit/537.36 (KHTML, like Gecko) Chrome/56.0.2924.87 Mobile Safari/537.36"
14.108.233.57 - - [16/Mar/2026:14:15:30 +0800] "GET /wp-content/uploads/2026/03/1772790791-%E5%B0%81%E9%9D%A2%E5%A4%B4%E5%9B%BEArticle_images_W900%C3%97500px2026.webp HTTP/1.1" 200 52968 "http://cqqizhou.com/" "Mozilla/5.0 (Linux; Android 9.0; E3_WA Build/PPR1.180610.011) AppleWebKit/537.36 (KHTML, like Gecko) Chrome/56.0.2924.87 Mobile Safari/537.36"
14.108.233.57 - - [16/Mar/2026:14:15:30 +0800] "GET /wp-content/uploads/2026/03/1772713922-Article_images_W900px.webp HTTP/1.1" 200 41304 "http://cqqizhou.com/" "Mozilla/5.0 (Linux; Android 9.0; E3_WA Build/PPR1.180610.011) AppleWebKit/537.36 (KHTML, like Gecko) Chrome/56.0.2924.87 Mobile Safari/537.36"
14.108.233.57 - - [16/Mar/2026:14:15:30 +0800] "GET /wp-content/uploads/2026/02/1772086672-%E5%BC%80%E5%B7%A5%E5%A4%A7%E5%90%89%E5%B0%81%E9%9D%A2%E5%A4%B4%E5%9B%BEArticle_images_W900%C3%97500px.webp HTTP/1.1" 200 99110 "http://cqqizhou.com/" "Mozilla/5.0 (Linux; Android 9.0; E3_WA Build/PPR1.180610.011) AppleWebKit/537.36 (KHTML, like Gecko) Chrome/56.0.2924.87 Mobile Safari/537.36"
14.108.233.57 - - [16/Mar/2026:14:15:30 +0800] "GET /wp-content/uploads/2025/07/1753454299-Article_images_W900px.webp HTTP/1.1" 200 52418 "http://cqqizhou.com/" "Mozilla/5.0 (Linux; Android 9.0; E3_WA Build/PPR1.180610.011) AppleWebKit/537.36 (KHTML, like Gecko) Chrome/56.0.2924.87 Mobile Safari/537.36"
14.108.233.57 - - [16/Mar/2026:14:15:30 +0800] "GET /wp-content/uploads/2026/02/1770617354-Article_images_W900px.webp HTTP/1.1" 200 13634 "http://cqqizhou.com/" "Mozilla/5.0 (Linux; Android 9.0; E3_WA Build/PPR1.180610.011) AppleWebKit/537.36 (KHTML, like Gecko) Chrome/56.0.2924.87 Mobile Safari/537.36"
36.133.115.36 - - [16/Mar/2026:14:19:51 +0800] "POST /wp-cron.php?doing_wp_cron=1773641991.5214428901672363281250 HTTP/1.1" 200 31 "-" "WordPress/6.9; http://cqqizhou.com"
14.108.233.57 - - [16/Mar/2026:14:19:51 +0800] "GET / HTTP/1.1" 200 34829 "-" "Mozilla/5.0 (Linux; Android 9.0; E3_WA Build/PPR1.180610.011) AppleWebKit/537.36 (KHTML, like Gecko) Chrome/56.0.2924.87 Mobile Safari/537.36"
14.108.233.57 - - [16/Mar/2026:14:20:41 +0800] "GET / HTTP/1.1" 200 35258 "-" "Mozilla/5.0 (X11; Linux x86_64) AppleWebKit/537.36 (KHTML, like Gecko) Chrome/56.0.2924.87 Safari/537.36"
14.108.233.57 - - [16/Mar/2026:14:20:42 +0800] "GET /wp-content/uploads/2025/07/1751425283-qizhou.kf_.qq_.com_.webp HTTP/1.1" 304 0 "http://cqqizhou.com/" "Mozilla/5.0 (X11; Linux x86_64) AppleWebKit/537.36 (KHTML, like Gecko) Chrome/56.0.2924.87 Safari/537.36"
14.108.233.57 - - [16/Mar/2026:14:20:42 +0800] "GET /wp-content/uploads/2025/07/1753456723-%E5%8F%8C%E7%9B%B8%E9%92%A2roduct_Single600.webp HTTP/1.1" 304 0 "http://cqqizhou.com/" "Mozilla/5.0 (X11; Linux x86_64) AppleWebKit/537.36 (KHTML, like Gecko) Chrome/56.0.2924.87 Safari/537.36"
14.108.233.57 - - [16/Mar/2026:14:20:42 +0800] "GET /wp-content/uploads/2025/07/1753453096-%E5%8F%8C%E7%9B%B8%E9%92%A2product_Single600%C3%97284.webp HTTP/1.1" 304 0 "http://cqqizhou.com/" "Mozilla/5.0 (X11; Linux x86_64) AppleWebKit/537.36 (KHTML, like Gecko) Chrome/56.0.2924.87 Safari/537.36"
14.108.233.57 - - [16/Mar/2026:14:20:42 +0800] "GET /wp-content/uploads/2025/07/1753456770-%E7%83%AD%E9%95%80%E9%94%8C%E5%8D%B7product_Single600.webp HTTP/1.1" 304 0 "http://cqqizhou.com/" "Mozilla/5.0 (X11; Linux x86_64) AppleWebKit/537.36 (KHTML, like Gecko) Chrome/56.0.2924.87 Safari/537.36"
14.108.233.57 - - [16/Mar/2026:14:20:42 +0800] "GET /wp-content/uploads/2025/07/1753453127-%E4%BD%99%E5%8D%B7product_Single600%C3%97284.webp HTTP/1.1" 304 0 "http://cqqizhou.com/" "Mozilla/5.0 (X11; Linux x86_64) AppleWebKit/537.36 (KHTML, like Gecko) Chrome/56.0.2924.87 Safari/537.36"
14.108.233.57 - - [16/Mar/2026:14:20:42 +0800] "GET /wp-content/uploads/2026/03/1772790791-%E5%B0%81%E9%9D%A2%E5%A4%B4%E5%9B%BEArticle_images_W900%C3%97500px2026.webp HTTP/1.1" 304 0 "http://cqqizhou.com/" "Mozilla/5.0 (X11; Linux x86_64) AppleWebKit/537.36 (KHTML, like Gecko) Chrome/56.0.2924.87 Safari/537.36"
14.108.233.57 - - [16/Mar/2026:14:20:42 +0800] "GET /wp-content/uploads/2026/03/1772713922-Article_images_W900px.webp HTTP/1.1" 304 0 "http://cqqizhou.com/" "Mozilla/5.0 (X11; Linux x86_64) AppleWebKit/537.36 (KHTML, like Gecko) Chrome/56.0.2924.87 Safari/537.36"
14.108.233.57 - - [16/Mar/2026:14:20:42 +0800] "GET /wp-content/uploads/2026/02/1772086672-%E5%BC%80%E5%B7%A5%E5%A4%A7%E5%90%89%E5%B0%81%E9%9D%A2%E5%A4%B4%E5%9B%BEArticle_images_W900%C3%97500px.webp HTTP/1.1" 304 0 "http://cqqizhou.com/" "Mozilla/5.0 (X11; Linux x86_64) AppleWebKit/537.36 (KHTML, like Gecko) Chrome/56.0.2924.87 Safari/537.36"
14.108.233.57 - - [16/Mar/2026:14:20:42 +0800] "GET /wp-content/uploads/2025/07/1753454299-Article_images_W900px.webp HTTP/1.1" 304 0 "http://cqqizhou.com/" "Mozilla/5.0 (X11; Linux x86_64) AppleWebKit/537.36 (KHTML, like Gecko) Chrome/56.0.2924.87 Safari/537.36"
14.108.233.57 - - [16/Mar/2026:14:20:42 +0800] "GET /wp-content/uploads/2026/02/1770617354-Article_images_W900px.webp HTTP/1.1" 304 0 "http://cqqizhou.com/" "Mozilla/5.0 (X11; Linux x86_64) AppleWebKit/537.36 (KHTML, like Gecko) Chrome/56.0.2924.87 Safari/537.36"
36.133.115.36 - - [16/Mar/2026:14:42:53 +0800] "POST /wp-cron.php?doing_wp_cron=1773643373.1040120124816894531250 HTTP/1.1" 200 31 "-" "WordPress/6.9; http://cqqizhou.com"
71.6.232.30 - - [16/Mar/2026:14:42:53 +0800] "GET / HTTP/1.1" 301 5 "-" "Mozilla/5.0 (Windows NT 10.0; Win64; x64) AppleWebKit/537.36 (KHTML, like Gecko) Chrome/134.0.0.0 Safari/537.36"
176.65.148.214 - - [16/Mar/2026:14:43:04 +0800] "GET /upgrade_handle.php?cmd=writeuploaddir&uploaddir=%27%3Bur payload lol%3B%27 HTTP/1.1" 404 27 "-" "echoisbest"
36.133.115.36 - - [16/Mar/2026:14:44:07 +0800] "POST /wp-cron.php?doing_wp_cron=1773643447.0630838871002197265625 HTTP/1.1" 200 31 "-" "WordPress/6.9; http://cqqizhou.com"
216.244.66.245 - - [16/Mar/2026:14:44:07 +0800] "GET /robots.txt HTTP/1.1" 200 390 "-" "Mozilla/5.0 (compatible; DotBot/1.2; +https://opensiteexplorer.org/dotbot; help@moz.com)"
36.133.115.36 - - [16/Mar/2026:14:50:53 +0800] "POST /wp-cron.php?doing_wp_cron=1773643853.4548850059509277343750 HTTP/1.1" 200 31 "-" "WordPress/6.9; http://cqqizhou.com"
216.244.66.245 - - [16/Mar/2026:14:50:53 +0800] "GET /services/ HTTP/1.1" 301 5 "-" "Mozilla/5.0 (compatible; DotBot/1.2; +https://opensiteexplorer.org/dotbot; help@moz.com)"
216.244.66.245 - - [16/Mar/2026:14:53:09 +0800] "GET /wp-content/uploads/2025/11/1762864370-QZ_Photo-1.webp HTTP/1.1" 200 162970 "-" "Mozilla/5.0 (compatible; DotBot/1.2; +https://opensiteexplorer.org/dotbot; help@moz.com)"
36.133.115.36 - - [16/Mar/2026:14:57:58 +0800] "POST /wp-cron.php?doing_wp_cron=1773644278.7508471012115478515625 HTTP/1.1" 200 31 "-" "WordPress/6.9; http://cqqizhou.com"
202.139.216.168 - - [16/Mar/2026:14:57:58 +0800] "GET / HTTP/1.1" 301 5 "-" "Mozilla/5.0 (Windows NT 10.0; Win64; x64) AppleWebKit/537.36 (KHTML, like Gecko) Chrome/88.0.4240.193 Safari/537.36"
202.139.216.168 - - [16/Mar/2026:14:58:02 +0800] "GET / HTTP/1.1" 200 158811 "-" "Mozilla/5.0 (Windows NT 10.0; Win64; x64) AppleWebKit/537.36 (KHTML, like Gecko) Chrome/88.0.4240.193 Safari/537.36"
202.139.216.168 - - [16/Mar/2026:14:58:03 +0800] "GET //wp-includes/wlwmanifest.xml HTTP/1.1" 301 5 "-" "Mozilla/5.0 (Windows NT 10.0; Win64; x64) AppleWebKit/537.36 (KHTML, like Gecko) Chrome/88.0.4240.193 Safari/537.36"
202.139.216.168 - - [16/Mar/2026:14:58:04 +0800] "GET //xmlrpc.php?rsd HTTP/1.1" 200 700 "-" "Mozilla/5.0 (Windows NT 10.0; Win64; x64) AppleWebKit/537.36 (KHTML, like Gecko) Chrome/88.0.4240.193 Safari/537.36"
202.139.216.168 - - [16/Mar/2026:14:58:05 +0800] "GET //?author=1 HTTP/1.1" 301 5 "-" "Mozilla/5.0 (Windows NT 10.0; Win64; x64) AppleWebKit/537.36 (KHTML, like Gecko) Chrome/88.0.4240.193 Safari/537.36"
202.139.216.168 - - [16/Mar/2026:14:58:06 +0800] "GET //?author=2 HTTP/1.1" 301 5 "-" "Mozilla/5.0 (Windows NT 10.0; Win64; x64) AppleWebKit/537.36 (KHTML, like Gecko) Chrome/88.0.4240.193 Safari/537.36"
202.139.216.168 - - [16/Mar/2026:14:58:07 +0800] "GET //?author=3 HTTP/1.1" 301 5 "-" "Mozilla/5.0 (Windows NT 10.0; Win64; x64) AppleWebKit/537.36 (KHTML, like Gecko) Chrome/88.0.4240.193 Safari/537.36"
36.133.115.36 - - [16/Mar/2026:14:58:08 +0800] "POST /wp-cron.php?doing_wp_cron=1773644288.5851089954376220703125 HTTP/1.1" 200 31 "-" "WordPress/6.9; http://cqqizhou.com"
202.139.216.168 - - [16/Mar/2026:14:58:08 +0800] "GET //wp-json/wp/v2/users/ HTTP/1.1" 200 502 "-" "Mozilla/5.0 (Windows NT 10.0; Win64; x64) AppleWebKit/537.36 (KHTML, like Gecko) Chrome/88.0.4240.193 Safari/537.36"
202.139.216.168 - - [16/Mar/2026:14:58:09 +0800] "GET //wp-json/oembed/1.0/embed?url=http://cqqizhou.com/ HTTP/1.1" 200 2221 "-" "Mozilla/5.0 (Windows NT 10.0; Win64; x64) AppleWebKit/537.36 (KHTML, like Gecko) Chrome/88.0.4240.193 Safari/537.36"
202.139.216.168 - - [16/Mar/2026:14:58:10 +0800] "POST //xmlrpc.php HTTP/1.1" 200 415 "-" "Mozilla/5.0 (Windows NT 10.0; Win64; x64) AppleWebKit/537.36 (KHTML, like Gecko) Chrome/88.0.4240.193 Safari/537.36"
202.139.216.168 - - [16/Mar/2026:14:58:11 +0800] "POST //xmlrpc.php HTTP/1.1" 200 415 "-" "Mozilla/5.0 (Windows NT 10.0; Win64; x64) AppleWebKit/537.36 (KHTML, like Gecko) Chrome/88.0.4240.193 Safari/537.36"
202.139.216.168 - - [16/Mar/2026:14:58:12 +0800] "POST //xmlrpc.php HTTP/1.1" 200 415 "-" "Mozilla/5.0 (Windows NT 10.0; Win64; x64) AppleWebKit/537.36 (KHTML, like Gecko) Chrome/88.0.4240.193 Safari/537.36"
202.139.216.168 - - [16/Mar/2026:14:58:13 +0800] "POST //xmlrpc.php HTTP/1.1" 200 415 "-" "Mozilla/5.0 (Windows NT 10.0; Win64; x64) AppleWebKit/537.36 (KHTML, like Gecko) Chrome/88.0.4240.193 Safari/537.36"
202.139.216.168 - - [16/Mar/2026:14:58:14 +0800] "POST //xmlrpc.php HTTP/1.1" 200 415 "-" "Mozilla/5.0 (Windows NT 10.0; Win64; x64) AppleWebKit/537.36 (KHTML, like Gecko) Chrome/88.0.4240.193 Safari/537.36"
202.139.216.168 - - [16/Mar/2026:14:58:15 +0800] "POST //xmlrpc.php HTTP/1.1" 200 415 "-" "Mozilla/5.0 (Windows NT 10.0; Win64; x64) AppleWebKit/537.36 (KHTML, like Gecko) Chrome/88.0.4240.193 Safari/537.36"
202.139.216.168 - - [16/Mar/2026:14:58:16 +0800] "POST //xmlrpc.php HTTP/1.1" 200 415 "-" "Mozilla/5.0 (Windows NT 10.0; Win64; x64) AppleWebKit/537.36 (KHTML, like Gecko) Chrome/88.0.4240.193 Safari/537.36"
202.139.216.168 - - [16/Mar/2026:14:58:17 +0800] "POST //xmlrpc.php HTTP/1.1" 200 415 "-" "Mozilla/5.0 (Windows NT 10.0; Win64; x64) AppleWebKit/537.36 (KHTML, like Gecko) Chrome/88.0.4240.193 Safari/537.36"
202.139.216.168 - - [16/Mar/2026:14:58:18 +0800] "POST //xmlrpc.php HTTP/1.1" 200 415 "-" "Mozilla/5.0 (Windows NT 10.0; Win64; x64) AppleWebKit/537.36 (KHTML, like Gecko) Chrome/88.0.4240.193 Safari/537.36"
202.139.216.168 - - [16/Mar/2026:14:58:19 +0800] "POST //xmlrpc.php HTTP/1.1" 200 415 "-" "Mozilla/5.0 (Windows NT 10.0; Win64; x64) AppleWebKit/537.36 (KHTML, like Gecko) Chrome/88.0.4240.193 Safari/537.36"
202.139.216.168 - - [16/Mar/2026:14:58:20 +0800] "POST //xmlrpc.php HTTP/1.1" 200 415 "-" "Mozilla/5.0 (Windows NT 10.0; Win64; x64) AppleWebKit/537.36 (KHTML, like Gecko) Chrome/88.0.4240.193 Safari/537.36"
202.139.216.168 - - [16/Mar/2026:14:58:21 +0800] "POST //xmlrpc.php HTTP/1.1" 200 415 "-" "Mozilla/5.0 (Windows NT 10.0; Win64; x64) AppleWebKit/537.36 (KHTML, like Gecko) Chrome/88.0.4240.193 Safari/537.36"
202.139.216.168 - - [16/Mar/2026:14:58:21 +0800] "POST //xmlrpc.php HTTP/1.1" 200 415 "-" "Mozilla/5.0 (Windows NT 10.0; Win64; x64) AppleWebKit/537.36 (KHTML, like Gecko) Chrome/88.0.4240.193 Safari/537.36"
202.139.216.168 - - [16/Mar/2026:14:58:23 +0800] "POST //xmlrpc.php HTTP/1.1" 200 415 "-" "Mozilla/5.0 (Windows NT 10.0; Win64; x64) AppleWebKit/537.36 (KHTML, like Gecko) Chrome/88.0.4240.193 Safari/537.36"
202.139.216.168 - - [16/Mar/2026:14:58:24 +0800] "POST //xmlrpc.php HTTP/1.1" 200 415 "-" "Mozilla/5.0 (Windows NT 10.0; Win64; x64) AppleWebKit/537.36 (KHTML, like Gecko) Chrome/88.0.4240.193 Safari/537.36"
202.139.216.168 - - [16/Mar/2026:14:58:25 +0800] "POST //xmlrpc.php HTTP/1.1" 200 415 "-" "Mozilla/5.0 (Windows NT 10.0; Win64; x64) AppleWebKit/537.36 (KHTML, like Gecko) Chrome/88.0.4240.193 Safari/537.36"
202.139.216.168 - - [16/Mar/2026:14:58:25 +0800] "POST //xmlrpc.php HTTP/1.1" 200 415 "-" "Mozilla/5.0 (Windows NT 10.0; Win64; x64) AppleWebKit/537.36 (KHTML, like Gecko) Chrome/88.0.4240.193 Safari/537.36"
202.139.216.168 - - [16/Mar/2026:14:58:27 +0800] "POST //xmlrpc.php HTTP/1.1" 200 415 "-" "Mozilla/5.0 (Windows NT 10.0; Win64; x64) AppleWebKit/537.36 (KHTML, like Gecko) Chrome/88.0.4240.193 Safari/537.36"
202.139.216.168 - - [16/Mar/2026:14:58:28 +0800] "POST //xmlrpc.php HTTP/1.1" 200 415 "-" "Mozilla/5.0 (Windows NT 10.0; Win64; x64) AppleWebKit/537.36 (KHTML, like Gecko) Chrome/88.0.4240.193 Safari/537.36"
202.139.216.168 - - [16/Mar/2026:14:58:28 +0800] "POST //xmlrpc.php HTTP/1.1" 200 415 "-" "Mozilla/5.0 (Windows NT 10.0; Win64; x64) AppleWebKit/537.36 (KHTML, like Gecko) Chrome/88.0.4240.193 Safari/537.36"
202.139.216.168 - - [16/Mar/2026:14:58:29 +0800] "POST //xmlrpc.php HTTP/1.1" 200 415 "-" "Mozilla/5.0 (Windows NT 10.0; Win64; x64) AppleWebKit/537.36 (KHTML, like Gecko) Chrome/88.0.4240.193 Safari/537.36"
202.139.216.168 - - [16/Mar/2026:14:58:30 +0800] "POST //xmlrpc.php HTTP/1.1" 200 415 "-" "Mozilla/5.0 (Windows NT 10.0; Win64; x64) AppleWebKit/537.36 (KHTML, like Gecko) Chrome/88.0.4240.193 Safari/537.36"
202.139.216.168 - - [16/Mar/2026:14:58:32 +0800] "POST //xmlrpc.php HTTP/1.1" 200 415 "-" "Mozilla/5.0 (Windows NT 10.0; Win64; x64) AppleWebKit/537.36 (KHTML, like Gecko) Chrome/88.0.4240.193 Safari/537.36"
202.139.216.168 - - [16/Mar/2026:14:58:32 +0800] "POST //xmlrpc.php HTTP/1.1" 200 415 "-" "Mozilla/5.0 (Windows NT 10.0; Win64; x64) AppleWebKit/537.36 (KHTML, like Gecko) Chrome/88.0.4240.193 Safari/537.36"
202.139.216.168 - - [16/Mar/2026:14:58:33 +0800] "POST //xmlrpc.php HTTP/1.1" 200 415 "-" "Mozilla/5.0 (Windows NT 10.0; Win64; x64) AppleWebKit/537.36 (KHTML, like Gecko) Chrome/88.0.4240.193 Safari/537.36"
202.139.216.168 - - [16/Mar/2026:14:58:34 +0800] "POST //xmlrpc.php HTTP/1.1" 200 415 "-" "Mozilla/5.0 (Windows NT 10.0; Win64; x64) AppleWebKit/537.36 (KHTML, like Gecko) Chrome/88.0.4240.193 Safari/537.36"
202.139.216.168 - - [16/Mar/2026:14:58:35 +0800] "POST //xmlrpc.php HTTP/1.1" 200 415 "-" "Mozilla/5.0 (Windows NT 10.0; Win64; x64) AppleWebKit/537.36 (KHTML, like Gecko) Chrome/88.0.4240.193 Safari/537.36"
202.139.216.168 - - [16/Mar/2026:14:58:36 +0800] "POST //xmlrpc.php HTTP/1.1" 200 415 "-" "Mozilla/5.0 (Windows NT 10.0; Win64; x64) AppleWebKit/537.36 (KHTML, like Gecko) Chrome/88.0.4240.193 Safari/537.36"
202.139.216.168 - - [16/Mar/2026:14:58:37 +0800] "POST //xmlrpc.php HTTP/1.1" 200 415 "-" "Mozilla/5.0 (Windows NT 10.0; Win64; x64) AppleWebKit/537.36 (KHTML, like Gecko) Chrome/88.0.4240.193 Safari/537.36"
202.139.216.168 - - [16/Mar/2026:14:58:38 +0800] "POST //xmlrpc.php HTTP/1.1" 200 415 "-" "Mozilla/5.0 (Windows NT 10.0; Win64; x64) AppleWebKit/537.36 (KHTML, like Gecko) Chrome/88.0.4240.193 Safari/537.36"
202.139.216.168 - - [16/Mar/2026:14:58:39 +0800] "POST //xmlrpc.php HTTP/1.1" 200 415 "-" "Mozilla/5.0 (Windows NT 10.0; Win64; x64) AppleWebKit/537.36 (KHTML, like Gecko) Chrome/88.0.4240.193 Safari/537.36"
202.139.216.168 - - [16/Mar/2026:14:58:40 +0800] "POST //xmlrpc.php HTTP/1.1" 200 415 "-" "Mozilla/5.0 (Windows NT 10.0; Win64; x64) AppleWebKit/537.36 (KHTML, like Gecko) Chrome/88.0.4240.193 Safari/537.36"
202.139.216.168 - - [16/Mar/2026:14:58:41 +0800] "POST //xmlrpc.php HTTP/1.1" 200 415 "-" "Mozilla/5.0 (Windows NT 10.0; Win64; x64) AppleWebKit/537.36 (KHTML, like Gecko) Chrome/88.0.4240.193 Safari/537.36"
202.139.216.168 - - [16/Mar/2026:14:58:42 +0800] "POST //xmlrpc.php HTTP/1.1" 200 415 "-" "Mozilla/5.0 (Windows NT 10.0; Win64; x64) AppleWebKit/537.36 (KHTML, like Gecko) Chrome/88.0.4240.193 Safari/537.36"
202.139.216.168 - - [16/Mar/2026:14:58:43 +0800] "POST //xmlrpc.php HTTP/1.1" 200 415 "-" "Mozilla/5.0 (Windows NT 10.0; Win64; x64) AppleWebKit/537.36 (KHTML, like Gecko) Chrome/88.0.4240.193 Safari/537.36"
202.139.216.168 - - [16/Mar/2026:14:58:43 +0800] "POST //xmlrpc.php HTTP/1.1" 200 415 "-" "Mozilla/5.0 (Windows NT 10.0; Win64; x64) AppleWebKit/537.36 (KHTML, like Gecko) Chrome/88.0.4240.193 Safari/537.36"
202.139.216.168 - - [16/Mar/2026:14:58:44 +0800] "POST //xmlrpc.php HTTP/1.1" 200 415 "-" "Mozilla/5.0 (Windows NT 10.0; Win64; x64) AppleWebKit/537.36 (KHTML, like Gecko) Chrome/88.0.4240.193 Safari/537.36"
202.139.216.168 - - [16/Mar/2026:14:58:45 +0800] "POST //xmlrpc.php HTTP/1.1" 200 415 "-" "Mozilla/5.0 (Windows NT 10.0; Win64; x64) AppleWebKit/537.36 (KHTML, like Gecko) Chrome/88.0.4240.193 Safari/537.36"
202.139.216.168 - - [16/Mar/2026:14:58:46 +0800] "POST //xmlrpc.php HTTP/1.1" 200 415 "-" "Mozilla/5.0 (Windows NT 10.0; Win64; x64) AppleWebKit/537.36 (KHTML, like Gecko) Chrome/88.0.4240.193 Safari/537.36"
202.139.216.168 - - [16/Mar/2026:14:58:47 +0800] "POST //xmlrpc.php HTTP/1.1" 200 415 "-" "Mozilla/5.0 (Windows NT 10.0; Win64; x64) AppleWebKit/537.36 (KHTML, like Gecko) Chrome/88.0.4240.193 Safari/537.36"
202.139.216.168 - - [16/Mar/2026:14:58:48 +0800] "POST //xmlrpc.php HTTP/1.1" 200 415 "-" "Mozilla/5.0 (Windows NT 10.0; Win64; x64) AppleWebKit/537.36 (KHTML, like Gecko) Chrome/88.0.4240.193 Safari/537.36"
202.139.216.168 - - [16/Mar/2026:14:58:49 +0800] "POST //xmlrpc.php HTTP/1.1" 200 415 "-" "Mozilla/5.0 (Windows NT 10.0; Win64; x64) AppleWebKit/537.36 (KHTML, like Gecko) Chrome/88.0.4240.193 Safari/537.36"
36.133.115.36 - - [16/Mar/2026:15:08:33 +0800] "POST /wp-cron.php?doing_wp_cron=1773644913.2149109840393066406250 HTTP/1.1" 200 31 "-" "WordPress/6.9; http://cqqizhou.com"
66.249.73.8 - - [16/Mar/2026:15:08:33 +0800] "GET /media/4 HTTP/1.1" 200 26034 "-" "Mozilla/5.0 (Linux; Android 6.0.1; Nexus 5X Build/MMB29P) AppleWebKit/537.36 (KHTML, like Gecko) Chrome/145.0.7632.116 Mobile Safari/537.36 (compatible; Googlebot/2.1; +http://www.google.com/bot.html)"
180.153.236.232 - - [16/Mar/2026:15:14:15 +0800] "GET / HTTP/1.1" 200 35258 "http://cqqizhou.com" "Mozilla/5.0 (Windows NT 10.0; Win64; x64) AppleWebKit/537.36 (KHTML, like Gecko) Chrome/140.0.0.0 Safari/537.36 Edg/140.0.0.0; 360Spider"
36.133.115.36 - - [16/Mar/2026:15:16:10 +0800] "POST /wp-cron.php?doing_wp_cron=1773645370.2275280952453613281250 HTTP/1.1" 200 31 "-" "WordPress/6.9; http://cqqizhou.com"
13.89.125.231 - - [16/Mar/2026:15:16:10 +0800] "GET /actuator/health HTTP/1.1" 404 8948 "-" "Mozilla/5.0 zgrab/0.x"
36.133.115.36 - - [16/Mar/2026:15:18:49 +0800] "POST /wp-cron.php?doing_wp_cron=1773645528.9858040809631347656250 HTTP/1.1" 200 31 "-" "WordPress/6.9; http://cqqizhou.com"
49.51.183.75 - - [16/Mar/2026:15:18:49 +0800] "GET / HTTP/1.1" 200 34829 "-" "Mozilla/5.0 (iPhone; CPU iPhone OS 13_2_3 like Mac OS X) AppleWebKit/605.1.15 (KHTML, like Gecko) Version/13.0.3 Mobile/15E148 Safari/604.1"
36.133.115.36 - - [16/Mar/2026:15:37:08 +0800] "POST /wp-cron.php?doing_wp_cron=1773646628.0052649974822998046875 HTTP/1.1" 200 31 "-" "WordPress/6.9; http://cqqizhou.com"
216.244.66.245 - - [16/Mar/2026:15:37:08 +0800] "GET /robots.txt HTTP/1.1" 200 390 "-" "Mozilla/5.0 (compatible; DotBot/1.2; +https://opensiteexplorer.org/dotbot; help@moz.com)"
36.133.115.36 - - [16/Mar/2026:15:41:15 +0800] "POST /wp-cron.php?doing_wp_cron=1773646874.9656240940093994140625 HTTP/1.1" 200 31 "-" "WordPress/6.9; http://cqqizhou.com"
120.26.111.102 - - [16/Mar/2026:15:41:15 +0800] "GET /api/v1/deal/auth?country=cn&language=zh-CN HTTP/1.1" 404 8950 "-" "Mozilla/5.0 (Windows NT 10.0; Win64; x64) AppleWebKit/537.36 (KHTML, like Gecko) Chrome/91.0.4472.124 Safari/537.36"
216.244.66.245 - - [16/Mar/2026:15:43:18 +0800] "GET /news/portfolio/pickled-coil HTTP/1.1" 200 79605 "-" "Mozilla/5.0 (compatible; DotBot/1.2; +https://opensiteexplorer.org/dotbot; help@moz.com)"
36.133.115.36 - - [16/Mar/2026:15:44:06 +0800] "POST /wp-cron.php?doing_wp_cron=1773647046.0744450092315673828125 HTTP/1.1" 200 31 "-" "WordPress/6.9; http://cqqizhou.com"
216.244.66.245 - - [16/Mar/2026:15:44:06 +0800] "GET /process/processing HTTP/1.1" 301 5 "-" "Mozilla/5.0 (compatible; DotBot/1.2; +https://opensiteexplorer.org/dotbot; help@moz.com)"
54.39.210.22 - - [16/Mar/2026:15:51:43 +0800] "GET /news/2164 HTTP/1.1" 304 0 "-" "Mozilla/5.0 (compatible; AhrefsBot/7.0; +http://ahrefs.com/robot/)"
154.30.16.16 - - [16/Mar/2026:15:51:45 +0800] "GET / HTTP/1.1" 200 35258 "-" "Mozilla/5.0 (Windows NT 10.0; WOW64; rv:82.0) Gecko/20100101 Firefox/82.0"
36.133.115.36 - - [16/Mar/2026:16:22:44 +0800] "POST /wp-cron.php?doing_wp_cron=1773649364.0882439613342285156250 HTTP/1.1" 200 31 "-" "WordPress/6.9; http://cqqizhou.com"
216.244.66.245 - - [16/Mar/2026:16:22:44 +0800] "GET /robots.txt HTTP/1.1" 200 390 "-" "Mozilla/5.0 (compatible; DotBot/1.2; +https://opensiteexplorer.org/dotbot; help@moz.com)"
36.133.115.36 - - [16/Mar/2026:16:23:33 +0800] "POST /wp-cron.php?doing_wp_cron=1773649413.1937050819396972656250 HTTP/1.1" 200 31 "-" "WordPress/6.9; http://cqqizhou.com"
66.249.73.7 - - [16/Mar/2026:16:23:33 +0800] "GET /logistics HTTP/1.1" 200 25346 "-" "Mozilla/5.0 (Linux; Android 6.0.1; Nexus 5X Build/MMB29P) AppleWebKit/537.36 (KHTML, like Gecko) Chrome/145.0.7632.116 Mobile Safari/537.36 (compatible; Googlebot/2.1; +http://www.google.com/bot.html)"
80.85.245.37 - - [16/Mar/2026:16:25:14 +0800] "GET / HTTP/1.1" 200 35258 "-" "Mozilla/5.0 (Windows NT 10.0; Win64; x64) AppleWebKit/537.36 (KHTML, like Gecko) Chrome/120.0.0.0 Safari/537.36"
36.133.115.36 - - [16/Mar/2026:16:25:51 +0800] "POST /wp-cron.php?doing_wp_cron=1773649551.8922679424285888671875 HTTP/1.1" 200 31 "-" "WordPress/6.9; http://cqqizhou.com"
43.153.135.208 - - [16/Mar/2026:16:25:51 +0800] "GET / HTTP/1.1" 301 5 "-" "Mozilla/5.0 (iPhone; CPU iPhone OS 13_2_3 like Mac OS X) AppleWebKit/605.1.15 (KHTML, like Gecko) Version/13.0.3 Mobile/15E148 Safari/604.1"
43.153.135.208 - - [16/Mar/2026:16:25:53 +0800] "GET / HTTP/1.1" 200 34829 "http://www.cqqizhou.com" "Mozilla/5.0 (iPhone; CPU iPhone OS 13_2_3 like Mac OS X) AppleWebKit/605.1.15 (KHTML, like Gecko) Version/13.0.3 Mobile/15E148 Safari/604.1"
36.133.115.36 - - [16/Mar/2026:16:28:48 +0800] "POST /wp-cron.php?doing_wp_cron=1773649728.8445389270782470703125 HTTP/1.1" 200 31 "-" "WordPress/6.9; http://cqqizhou.com"
216.244.66.245 - - [16/Mar/2026:16:28:48 +0800] "GET /media/ HTTP/1.1" 301 5 "-" "Mozilla/5.0 (compatible; DotBot/1.2; +https://opensiteexplorer.org/dotbot; help@moz.com)"
34.78.53.251 - - [16/Mar/2026:16:38:17 +0800] "OPTIONS / HTTP/1.0" 405 150 "-" "-"
36.133.115.36 - - [16/Mar/2026:16:40:31 +0800] "POST /wp-cron.php?doing_wp_cron=1773650431.9110040664672851562500 HTTP/1.1" 200 31 "-" "WordPress/6.9; http://cqqizhou.com"
206.168.34.41 - - [16/Mar/2026:16:40:31 +0800] "GET / HTTP/1.1" 301 5 "-" "Mozilla/5.0 (compatible; CensysInspect/1.1; +https://about.censys.io/)"
206.168.34.41 - - [16/Mar/2026:16:40:38 +0800] "GET /sitemap.xml HTTP/1.1" 200 534 "-" "Mozilla/5.0 (compatible; CensysInspect/1.1; +https://about.censys.io/)"
206.168.34.41 - - [16/Mar/2026:16:40:40 +0800] "GET /p0omapgn3 HTTP/1.1" 404 8948 "-" "Mozilla/5.0 (compatible; CensysInspect/1.1; +https://about.censys.io/)"
111.10.180.180 - - [16/Mar/2026:16:56:09 +0800] "GET /news/2155 HTTP/1.1" 200 29216 "https://cn.bing.com/" "Mozilla/5.0 (Windows NT 10.0; Win64; x64) AppleWebKit/537.36 (KHTML, like Gecko) Chrome/116.0.0.0 Safari/537.36 Edg/116.0.1938.69"
111.10.180.180 - - [16/Mar/2026:16:56:10 +0800] "GET /wp-content/uploads/2025/07/1753453986-Article_images_W900px.webp HTTP/1.1" 200 57364 "http://cqqizhou.com/news/2155" "Mozilla/5.0 (Windows NT 10.0; Win64; x64) AppleWebKit/537.36 (KHTML, like Gecko) Chrome/116.0.0.0 Safari/537.36 Edg/116.0.1938.69"
111.10.180.180 - - [16/Mar/2026:16:56:10 +0800] "GET /wp-content/uploads/2026/01/1770349139-202624Article_images_W900%C3%97500px20260-.webp HTTP/1.1" 200 58006 "http://cqqizhou.com/news/2155" "Mozilla/5.0 (Windows NT 10.0; Win64; x64) AppleWebKit/537.36 (KHTML, like Gecko) Chrome/116.0.0.0 Safari/537.36 Edg/116.0.1938.69"
111.10.180.180 - - [16/Mar/2026:16:56:10 +0800] "GET /wp-content/uploads/2025/07/1753454089-Article_images_W900px.webp HTTP/1.1" 200 27552 "http://cqqizhou.com/news/2155" "Mozilla/5.0 (Windows NT 10.0; Win64; x64) AppleWebKit/537.36 (KHTML, like Gecko) Chrome/116.0.0.0 Safari/537.36 Edg/116.0.1938.69"
111.10.180.180 - - [16/Mar/2026:16:56:10 +0800] "GET /wp-content/uploads/2025/07/1751425283-qizhou.kf_.qq_.com_.webp HTTP/1.1" 200 16864 "http://cqqizhou.com/news/2155" "Mozilla/5.0 (Windows NT 10.0; Win64; x64) AppleWebKit/537.36 (KHTML, like Gecko) Chrome/116.0.0.0 Safari/537.36 Edg/116.0.1938.69"
111.10.180.180 - - [16/Mar/2026:16:56:10 +0800] "GET /wp-content/uploads/2025/07/1753410289-News2000%C3%97400_202571.webp HTTP/1.1" 200 17830 "http://cqqizhou.com/news/2155" "Mozilla/5.0 (Windows NT 10.0; Win64; x64) AppleWebKit/537.36 (KHTML, like Gecko) Chrome/116.0.0.0 Safari/537.36 Edg/116.0.1938.69"
36.133.115.36 - - [16/Mar/2026:17:01:20 +0800] "POST /wp-cron.php?doing_wp_cron=1773651680.3359870910644531250000 HTTP/1.1" 200 31 "-" "WordPress/6.9; http://cqqizhou.com"
51.195.215.250 - - [16/Mar/2026:17:01:20 +0800] "GET /club/ HTTP/1.1" 301 5 "-" "Mozilla/5.0 (compatible; AhrefsBot/7.0; +http://ahrefs.com/robot/)"
36.133.115.36 - - [16/Mar/2026:17:09:46 +0800] "POST /wp-cron.php?doing_wp_cron=1773652186.2449679374694824218750 HTTP/1.1" 200 31 "-" "WordPress/6.9; http://cqqizhou.com"
185.244.104.207 - - [16/Mar/2026:17:09:46 +0800] "GET / HTTP/1.1" 200 157152 "-" "Mozilla/5.0"
36.133.115.36 - - [16/Mar/2026:17:12:11 +0800] "POST /wp-cron.php?doing_wp_cron=1773652331.5341739654541015625000 HTTP/1.1" 200 31 "-" "WordPress/6.9; http://cqqizhou.com"
43.159.143.139 - - [16/Mar/2026:17:12:11 +0800] "GET / HTTP/1.1" 301 5 "-" "Mozilla/5.0 (iPhone; CPU iPhone OS 13_2_3 like Mac OS X) AppleWebKit/605.1.15 (KHTML, like Gecko) Version/13.0.3 Mobile/15E148 Safari/604.1"
43.159.143.139 - - [16/Mar/2026:17:12:13 +0800] "GET / HTTP/1.1" 200 34829 "http://36.133.115.36" "Mozilla/5.0 (iPhone; CPU iPhone OS 13_2_3 like Mac OS X) AppleWebKit/605.1.15 (KHTML, like Gecko) Version/13.0.3 Mobile/15E148 Safari/604.1"
36.133.115.36 - - [16/Mar/2026:17:13:10 +0800] "POST /wp-cron.php?doing_wp_cron=1773652390.9062020778656005859375 HTTP/1.1" 200 31 "-" "WordPress/6.9; http://cqqizhou.com"
220.181.108.92 - - [16/Mar/2026:17:13:10 +0800] "GET /wp-json/oembed/1.0/embed?url=http%3A%2F%2Fcqqizhou.com%2Fbug%2F HTTP/1.1" 200 1140 "-" "Mozilla/5.0 (compatible; Baiduspider/2.0; +http://www.baidu.com/search/spider.html)"
124.129.88.65 - - [16/Mar/2026:17:16:19 +0800] "GET / HTTP/1.1" 200 35258 "-" "Mozilla/5.0 (Macintosh; Intel Mac OS X 10_15_7) AppleWebKit/537.36 (KHTML, like Gecko) Chrome/106.0.0.0 Safari/537.36"
36.133.115.36 - - [16/Mar/2026:17:28:52 +0800] "POST /wp-cron.php?doing_wp_cron=1773653332.3477261066436767578125 HTTP/1.1" 200 31 "-" "WordPress/6.9; http://cqqizhou.com"
119.84.246.117 - - [16/Mar/2026:17:28:52 +0800] "GET / HTTP/1.1" 301 5 "-" "Mozilla/5.0 (Windows NT 6.1; WOW64) AppleWebKit/535.11 (KHTML, like Gecko) Chrome/17.0.963.84 Safari/535.11 SE 2.X MetaSr 1.0"
119.84.246.117 - - [16/Mar/2026:17:28:52 +0800] "GET / HTTP/1.1" 200 158811 "-" "Mozilla/5.0 (Windows NT 6.1; WOW64) AppleWebKit/535.11 (KHTML, like Gecko) Chrome/17.0.963.84 Safari/535.11 SE 2.X MetaSr 1.0"
119.84.246.117 - - [16/Mar/2026:17:28:53 +0800] "GET / HTTP/1.1" 301 5 "-" "Mozilla/5.0 (Windows NT 6.1; WOW64; rv:14.0) Gecko/20100101 Firefox/14.0.1"
119.84.246.117 - - [16/Mar/2026:17:28:53 +0800] "GET / HTTP/1.1" 200 158811 "-" "Mozilla/5.0 (Windows NT 6.1; WOW64; rv:14.0) Gecko/20100101 Firefox/14.0.1"
119.84.246.117 - - [16/Mar/2026:17:28:54 +0800] "GET / HTTP/1.1" 301 5 "-" "Mozilla/5.0 (Windows NT 6.1; WOW64; rv:12.0) Gecko/20100101 Firefox/12.0"
119.84.246.117 - - [16/Mar/2026:17:28:54 +0800] "GET / HTTP/1.1" 200 158811 "-" "Mozilla/5.0 (Windows NT 6.1; WOW64; rv:12.0) Gecko/20100101 Firefox/12.0"
36.133.115.36 - - [16/Mar/2026:17:36:54 +0800] "POST /wp-cron.php?doing_wp_cron=1773653814.0970690250396728515625 HTTP/1.1" 200 31 "-" "WordPress/6.9; http://cqqizhou.com"
119.84.246.117 - - [16/Mar/2026:17:36:54 +0800] "GET / HTTP/1.1" 301 5 "-" "-"
119.84.246.117 - - [16/Mar/2026:17:36:54 +0800] "GET / HTTP/1.1" 200 158811 "-" "-"
119.84.246.117 - - [16/Mar/2026:17:36:56 +0800] "GET / HTTP/1.1" 301 5 "-" "Mozilla/5.0 (Windows NT 6.1; WOW64) AppleWebKit/537.1 (KHTML, like Gecko) Chrome/21.0.1180.89 Safari/537.1"
119.84.246.117 - - [16/Mar/2026:17:36:56 +0800] "GET / HTTP/1.1" 200 35258 "-" "Mozilla/5.0 (Windows NT 6.1; WOW64) AppleWebKit/537.1 (KHTML, like Gecko) Chrome/21.0.1180.89 Safari/537.1"
119.84.246.117 - - [16/Mar/2026:17:36:56 +0800] "GET /wp-content/uploads/2025/07/1751425283-qizhou.kf_.qq_.com_.webp HTTP/1.1" 200 16864 "http://cqqizhou.com/" "Mozilla/5.0 (Windows NT 6.1; WOW64) AppleWebKit/537.1 (KHTML, like Gecko) Chrome/21.0.1180.89 Safari/537.1"
119.84.246.117 - - [16/Mar/2026:17:36:56 +0800] "GET /wp-content/uploads/2025/07/1753456723-%E5%8F%8C%E7%9B%B8%E9%92%A2roduct_Single600.webp HTTP/1.1" 200 22790 "http://cqqizhou.com/" "Mozilla/5.0 (Windows NT 6.1; WOW64) AppleWebKit/537.1 (KHTML, like Gecko) Chrome/21.0.1180.89 Safari/537.1"
119.84.246.117 - - [16/Mar/2026:17:36:56 +0800] "GET /wp-content/uploads/2025/07/1753453096-%E5%8F%8C%E7%9B%B8%E9%92%A2product_Single600%C3%97284.webp HTTP/1.1" 200 14562 "http://cqqizhou.com/" "Mozilla/5.0 (Windows NT 6.1; WOW64) AppleWebKit/537.1 (KHTML, like Gecko) Chrome/21.0.1180.89 Safari/537.1"
119.84.246.117 - - [16/Mar/2026:17:36:56 +0800] "GET /wp-content/uploads/2025/07/1753456770-%E7%83%AD%E9%95%80%E9%94%8C%E5%8D%B7product_Single600.webp HTTP/1.1" 200 27502 "http://cqqizhou.com/" "Mozilla/5.0 (Windows NT 6.1; WOW64) AppleWebKit/537.1 (KHTML, like Gecko) Chrome/21.0.1180.89 Safari/537.1"
119.84.246.117 - - [16/Mar/2026:17:36:56 +0800] "GET /wp-content/uploads/2025/07/1753453127-%E4%BD%99%E5%8D%B7product_Single600%C3%97284.webp HTTP/1.1" 200 18744 "http://cqqizhou.com/" "Mozilla/5.0 (Windows NT 6.1; WOW64) AppleWebKit/537.1 (KHTML, like Gecko) Chrome/21.0.1180.89 Safari/537.1"
119.84.246.117 - - [16/Mar/2026:17:36:56 +0800] "GET /wp-content/uploads/2026/03/1772790791-%E5%B0%81%E9%9D%A2%E5%A4%B4%E5%9B%BEArticle_images_W900%C3%97500px2026.webp HTTP/1.1" 200 52968 "http://cqqizhou.com/" "Mozilla/5.0 (Windows NT 6.1; WOW64) AppleWebKit/537.1 (KHTML, like Gecko) Chrome/21.0.1180.89 Safari/537.1"
119.84.246.117 - - [16/Mar/2026:17:36:56 +0800] "GET /wp-content/uploads/2026/03/1772713922-Article_images_W900px.webp HTTP/1.1" 200 41304 "http://cqqizhou.com/" "Mozilla/5.0 (Windows NT 6.1; WOW64) AppleWebKit/537.1 (KHTML, like Gecko) Chrome/21.0.1180.89 Safari/537.1"
119.84.246.117 - - [16/Mar/2026:17:36:56 +0800] "GET /wp-content/uploads/2026/02/1772086672-%E5%BC%80%E5%B7%A5%E5%A4%A7%E5%90%89%E5%B0%81%E9%9D%A2%E5%A4%B4%E5%9B%BEArticle_images_W900%C3%97500px.webp HTTP/1.1" 200 99110 "http://cqqizhou.com/" "Mozilla/5.0 (Windows NT 6.1; WOW64) AppleWebKit/537.1 (KHTML, like Gecko) Chrome/21.0.1180.89 Safari/537.1"
119.84.246.117 - - [16/Mar/2026:17:36:56 +0800] "GET /wp-content/uploads/2025/07/1753454299-Article_images_W900px.webp HTTP/1.1" 200 52418 "http://cqqizhou.com/" "Mozilla/5.0 (Windows NT 6.1; WOW64) AppleWebKit/537.1 (KHTML, like Gecko) Chrome/21.0.1180.89 Safari/537.1"
119.84.246.117 - - [16/Mar/2026:17:36:56 +0800] "GET /wp-content/uploads/2026/02/1770617354-Article_images_W900px.webp HTTP/1.1" 200 13634 "http://cqqizhou.com/" "Mozilla/5.0 (Windows NT 6.1; WOW64) AppleWebKit/537.1 (KHTML, like Gecko) Chrome/21.0.1180.89 Safari/537.1"
36.133.115.36 - - [16/Mar/2026:17:42:07 +0800] "POST /wp-cron.php?doing_wp_cron=1773654127.0957949161529541015625 HTTP/1.1" 200 31 "-" "WordPress/6.9; http://cqqizhou.com"
27.124.17.174 - - [16/Mar/2026:17:42:07 +0800] "GET /configPath.soap HTTP/1.1" 404 8949 "-" "Mozilla/5.0 (Windows NT 5.1) AppleWebKit/537.36 (KHTML, like Gecko) Chrome/41.0.2224.3 Safari/537.36"
167.172.65.58 - - [16/Mar/2026:17:48:48 +0800] "GET / HTTP/1.1" 200 158811 "-" "Mozilla/5.0 (Windows NT 10.0; Win64; x64) AppleWebKit/537.36 (KHTML, like Gecko) Chrome/95.0.4638.69 Safari/537.36"
167.172.65.58 - - [16/Mar/2026:17:48:48 +0800] "GET /wp-includes/ID3/license.txt HTTP/1.1" 200 1396 "-" "Mozilla/5.0 (Windows NT 10.0; Win64; x64) AppleWebKit/537.36 (KHTML, like Gecko) Chrome/95.0.4638.69 Safari/537.36"
36.133.115.36 - - [16/Mar/2026:17:48:49 +0800] "POST /wp-cron.php?doing_wp_cron=1773654529.4280910491943359375000 HTTP/1.1" 200 31 "-" "WordPress/6.9; http://cqqizhou.com"
167.172.65.58 - - [16/Mar/2026:17:48:49 +0800] "GET /feed/ HTTP/1.1" 301 5 "-" "Mozilla/5.0 (Windows NT 10.0; Win64; x64) AppleWebKit/537.36 (KHTML, like Gecko) Chrome/95.0.4638.69 Safari/537.36"
167.172.65.58 - - [16/Mar/2026:17:48:50 +0800] "GET /xmlrpc.php?rsd HTTP/1.1" 200 700 "-" "Mozilla/5.0 (Windows NT 10.0; Win64; x64) AppleWebKit/537.36 (KHTML, like Gecko) Chrome/95.0.4638.69 Safari/537.36"
167.172.65.58 - - [16/Mar/2026:17:48:50 +0800] "GET /?author=1 HTTP/1.1" 301 5 "-" "Mozilla/5.0 (Windows NT 10.0; Win64; x64) AppleWebKit/537.36 (KHTML, like Gecko) Chrome/95.0.4638.69 Safari/537.36"
167.172.65.58 - - [16/Mar/2026:17:48:51 +0800] "GET /?author=2 HTTP/1.1" 404 31365 "-" "Mozilla/5.0 (Windows NT 10.0; Win64; x64) AppleWebKit/537.36 (KHTML, like Gecko) Chrome/95.0.4638.69 Safari/537.36"
167.172.65.58 - - [16/Mar/2026:17:48:52 +0800] "GET /wp-json/wp/v2/users/ HTTP/1.1" 200 502 "-" "Mozilla/5.0 (Windows NT 10.0; Win64; x64) AppleWebKit/537.36 (KHTML, like Gecko) Chrome/95.0.4638.69 Safari/537.36"
167.172.65.58 - - [16/Mar/2026:17:48:53 +0800] "GET /wp-json/oembed/1.0/embed?url=http://cqqizhou.com HTTP/1.1" 200 2221 "-" "Mozilla/5.0 (Windows NT 10.0; Win64; x64) AppleWebKit/537.36 (KHTML, like Gecko) Chrome/95.0.4638.69 Safari/537.36"
167.172.65.58 - - [16/Mar/2026:17:48:53 +0800] "POST /xmlrpc.php HTTP/1.1" 200 415 "-" "Mozilla/5.0 (Windows NT 10.0; Win64; x64) AppleWebKit/537.36 (KHTML, like Gecko) Chrome/95.0.4638.69 Safari/537.36"
167.172.65.58 - - [16/Mar/2026:17:48:54 +0800] "POST /xmlrpc.php HTTP/1.1" 200 415 "-" "Mozilla/5.0 (Windows NT 10.0; Win64; x64) AppleWebKit/537.36 (KHTML, like Gecko) Chrome/95.0.4638.69 Safari/537.36"
167.172.65.58 - - [16/Mar/2026:17:48:55 +0800] "POST /xmlrpc.php HTTP/1.1" 200 415 "-" "Mozilla/5.0 (Windows NT 10.0; Win64; x64) AppleWebKit/537.36 (KHTML, like Gecko) Chrome/95.0.4638.69 Safari/537.36"
167.172.65.58 - - [16/Mar/2026:17:48:56 +0800] "POST /xmlrpc.php HTTP/1.1" 200 415 "-" "Mozilla/5.0 (Windows NT 10.0; Win64; x64) AppleWebKit/537.36 (KHTML, like Gecko) Chrome/95.0.4638.69 Safari/537.36"
167.172.65.58 - - [16/Mar/2026:17:48:56 +0800] "POST /xmlrpc.php HTTP/1.1" 200 415 "-" "Mozilla/5.0 (Windows NT 10.0; Win64; x64) AppleWebKit/537.36 (KHTML, like Gecko) Chrome/95.0.4638.69 Safari/537.36"
167.172.65.58 - - [16/Mar/2026:17:48:57 +0800] "POST /xmlrpc.php HTTP/1.1" 200 415 "-" "Mozilla/5.0 (Windows NT 10.0; Win64; x64) AppleWebKit/537.36 (KHTML, like Gecko) Chrome/95.0.4638.69 Safari/537.36"
167.172.65.58 - - [16/Mar/2026:17:48:58 +0800] "POST /xmlrpc.php HTTP/1.1" 200 415 "-" "Mozilla/5.0 (Windows NT 10.0; Win64; x64) AppleWebKit/537.36 (KHTML, like Gecko) Chrome/95.0.4638.69 Safari/537.36"
167.172.65.58 - - [16/Mar/2026:17:48:58 +0800] "POST /xmlrpc.php HTTP/1.1" 200 415 "-" "Mozilla/5.0 (Windows NT 10.0; Win64; x64) AppleWebKit/537.36 (KHTML, like Gecko) Chrome/95.0.4638.69 Safari/537.36"
167.172.65.58 - - [16/Mar/2026:17:48:59 +0800] "POST /xmlrpc.php HTTP/1.1" 200 415 "-" "Mozilla/5.0 (Windows NT 10.0; Win64; x64) AppleWebKit/537.36 (KHTML, like Gecko) Chrome/95.0.4638.69 Safari/537.36"
167.172.65.58 - - [16/Mar/2026:17:49:00 +0800] "POST /xmlrpc.php HTTP/1.1" 200 415 "-" "Mozilla/5.0 (Windows NT 10.0; Win64; x64) AppleWebKit/537.36 (KHTML, like Gecko) Chrome/95.0.4638.69 Safari/537.36"
167.172.65.58 - - [16/Mar/2026:17:49:01 +0800] "POST /xmlrpc.php HTTP/1.1" 200 415 "-" "Mozilla/5.0 (Windows NT 10.0; Win64; x64) AppleWebKit/537.36 (KHTML, like Gecko) Chrome/95.0.4638.69 Safari/537.36"
167.172.65.58 - - [16/Mar/2026:17:49:02 +0800] "POST /xmlrpc.php HTTP/1.1" 200 415 "-" "Mozilla/5.0 (Windows NT 10.0; Win64; x64) AppleWebKit/537.36 (KHTML, like Gecko) Chrome/95.0.4638.69 Safari/537.36"
167.172.65.58 - - [16/Mar/2026:17:49:02 +0800] "POST /xmlrpc.php HTTP/1.1" 200 415 "-" "Mozilla/5.0 (Windows NT 10.0; Win64; x64) AppleWebKit/537.36 (KHTML, like Gecko) Chrome/95.0.4638.69 Safari/537.36"
167.172.65.58 - - [16/Mar/2026:17:49:03 +0800] "POST /xmlrpc.php HTTP/1.1" 200 415 "-" "Mozilla/5.0 (Windows NT 10.0; Win64; x64) AppleWebKit/537.36 (KHTML, like Gecko) Chrome/95.0.4638.69 Safari/537.36"
167.172.65.58 - - [16/Mar/2026:17:49:04 +0800] "POST /xmlrpc.php HTTP/1.1" 200 415 "-" "Mozilla/5.0 (Windows NT 10.0; Win64; x64) AppleWebKit/537.36 (KHTML, like Gecko) Chrome/95.0.4638.69 Safari/537.36"
167.172.65.58 - - [16/Mar/2026:17:49:04 +0800] "POST /xmlrpc.php HTTP/1.1" 200 415 "-" "Mozilla/5.0 (Windows NT 10.0; Win64; x64) AppleWebKit/537.36 (KHTML, like Gecko) Chrome/95.0.4638.69 Safari/537.36"
167.172.65.58 - - [16/Mar/2026:17:49:05 +0800] "POST /xmlrpc.php HTTP/1.1" 200 415 "-" "Mozilla/5.0 (Windows NT 10.0; Win64; x64) AppleWebKit/537.36 (KHTML, like Gecko) Chrome/95.0.4638.69 Safari/537.36"
167.172.65.58 - - [16/Mar/2026:17:49:06 +0800] "POST /xmlrpc.php HTTP/1.1" 200 415 "-" "Mozilla/5.0 (Windows NT 10.0; Win64; x64) AppleWebKit/537.36 (KHTML, like Gecko) Chrome/95.0.4638.69 Safari/537.36"
167.172.65.58 - - [16/Mar/2026:17:49:07 +0800] "POST /xmlrpc.php HTTP/1.1" 200 415 "-" "Mozilla/5.0 (Windows NT 10.0; Win64; x64) AppleWebKit/537.36 (KHTML, like Gecko) Chrome/95.0.4638.69 Safari/537.36"
167.172.65.58 - - [16/Mar/2026:17:49:07 +0800] "POST /xmlrpc.php HTTP/1.1" 200 415 "-" "Mozilla/5.0 (Windows NT 10.0; Win64; x64) AppleWebKit/537.36 (KHTML, like Gecko) Chrome/95.0.4638.69 Safari/537.36"
36.133.115.36 - - [16/Mar/2026:17:49:08 +0800] "POST /wp-cron.php?doing_wp_cron=1773654548.6290979385375976562500 HTTP/1.1" 200 31 "-" "WordPress/6.9; http://cqqizhou.com"
167.172.65.58 - - [16/Mar/2026:17:49:08 +0800] "POST /xmlrpc.php HTTP/1.1" 200 415 "-" "Mozilla/5.0 (Windows NT 10.0; Win64; x64) AppleWebKit/537.36 (KHTML, like Gecko) Chrome/95.0.4638.69 Safari/537.36"
167.172.65.58 - - [16/Mar/2026:17:49:09 +0800] "POST /xmlrpc.php HTTP/1.1" 200 415 "-" "Mozilla/5.0 (Windows NT 10.0; Win64; x64) AppleWebKit/537.36 (KHTML, like Gecko) Chrome/95.0.4638.69 Safari/537.36"
167.172.65.58 - - [16/Mar/2026:17:49:10 +0800] "POST /xmlrpc.php HTTP/1.1" 200 415 "-" "Mozilla/5.0 (Windows NT 10.0; Win64; x64) AppleWebKit/537.36 (KHTML, like Gecko) Chrome/95.0.4638.69 Safari/537.36"
167.172.65.58 - - [16/Mar/2026:17:49:10 +0800] "POST /xmlrpc.php HTTP/1.1" 200 415 "-" "Mozilla/5.0 (Windows NT 10.0; Win64; x64) AppleWebKit/537.36 (KHTML, like Gecko) Chrome/95.0.4638.69 Safari/537.36"
167.172.65.58 - - [16/Mar/2026:17:49:11 +0800] "POST /xmlrpc.php HTTP/1.1" 200 415 "-" "Mozilla/5.0 (Windows NT 10.0; Win64; x64) AppleWebKit/537.36 (KHTML, like Gecko) Chrome/95.0.4638.69 Safari/537.36"
167.172.65.58 - - [16/Mar/2026:17:49:12 +0800] "POST /xmlrpc.php HTTP/1.1" 200 415 "-" "Mozilla/5.0 (Windows NT 10.0; Win64; x64) AppleWebKit/537.36 (KHTML, like Gecko) Chrome/95.0.4638.69 Safari/537.36"
167.172.65.58 - - [16/Mar/2026:17:49:13 +0800] "POST /xmlrpc.php HTTP/1.1" 200 415 "-" "Mozilla/5.0 (Windows NT 10.0; Win64; x64) AppleWebKit/537.36 (KHTML, like Gecko) Chrome/95.0.4638.69 Safari/537.36"
167.172.65.58 - - [16/Mar/2026:17:49:13 +0800] "POST /xmlrpc.php HTTP/1.1" 200 415 "-" "Mozilla/5.0 (Windows NT 10.0; Win64; x64) AppleWebKit/537.36 (KHTML, like Gecko) Chrome/95.0.4638.69 Safari/537.36"
167.172.65.58 - - [16/Mar/2026:17:49:14 +0800] "POST /xmlrpc.php HTTP/1.1" 200 415 "-" "Mozilla/5.0 (Windows NT 10.0; Win64; x64) AppleWebKit/537.36 (KHTML, like Gecko) Chrome/95.0.4638.69 Safari/537.36"
167.172.65.58 - - [16/Mar/2026:17:49:15 +0800] "POST /xmlrpc.php HTTP/1.1" 200 415 "-" "Mozilla/5.0 (Windows NT 10.0; Win64; x64) AppleWebKit/537.36 (KHTML, like Gecko) Chrome/95.0.4638.69 Safari/537.36"
167.172.65.58 - - [16/Mar/2026:17:49:16 +0800] "POST /xmlrpc.php HTTP/1.1" 200 415 "-" "Mozilla/5.0 (Windows NT 10.0; Win64; x64) AppleWebKit/537.36 (KHTML, like Gecko) Chrome/95.0.4638.69 Safari/537.36"
167.172.65.58 - - [16/Mar/2026:17:49:16 +0800] "POST /xmlrpc.php HTTP/1.1" 200 415 "-" "Mozilla/5.0 (Windows NT 10.0; Win64; x64) AppleWebKit/537.36 (KHTML, like Gecko) Chrome/95.0.4638.69 Safari/537.36"
167.172.65.58 - - [16/Mar/2026:17:49:17 +0800] "POST /xmlrpc.php HTTP/1.1" 200 415 "-" "Mozilla/5.0 (Windows NT 10.0; Win64; x64) AppleWebKit/537.36 (KHTML, like Gecko) Chrome/95.0.4638.69 Safari/537.36"
167.172.65.58 - - [16/Mar/2026:17:49:18 +0800] "POST /xmlrpc.php HTTP/1.1" 200 415 "-" "Mozilla/5.0 (Windows NT 10.0; Win64; x64) AppleWebKit/537.36 (KHTML, like Gecko) Chrome/95.0.4638.69 Safari/537.36"
167.172.65.58 - - [16/Mar/2026:17:49:18 +0800] "POST /xmlrpc.php HTTP/1.1" 200 415 "-" "Mozilla/5.0 (Windows NT 10.0; Win64; x64) AppleWebKit/537.36 (KHTML, like Gecko) Chrome/95.0.4638.69 Safari/537.36"
167.172.65.58 - - [16/Mar/2026:17:49:19 +0800] "POST /xmlrpc.php HTTP/1.1" 200 415 "-" "Mozilla/5.0 (Windows NT 10.0; Win64; x64) AppleWebKit/537.36 (KHTML, like Gecko) Chrome/95.0.4638.69 Safari/537.36"
167.172.65.58 - - [16/Mar/2026:17:49:20 +0800] "POST /xmlrpc.php HTTP/1.1" 200 415 "-" "Mozilla/5.0 (Windows NT 10.0; Win64; x64) AppleWebKit/537.36 (KHTML, like Gecko) Chrome/95.0.4638.69 Safari/537.36"
167.172.65.58 - - [16/Mar/2026:17:49:20 +0800] "POST /xmlrpc.php HTTP/1.1" 200 415 "-" "Mozilla/5.0 (Windows NT 10.0; Win64; x64) AppleWebKit/537.36 (KHTML, like Gecko) Chrome/95.0.4638.69 Safari/537.36"
167.172.65.58 - - [16/Mar/2026:17:49:21 +0800] "POST /xmlrpc.php HTTP/1.1" 200 415 "-" "Mozilla/5.0 (Windows NT 10.0; Win64; x64) AppleWebKit/537.36 (KHTML, like Gecko) Chrome/95.0.4638.69 Safari/537.36"
167.172.65.58 - - [16/Mar/2026:17:49:22 +0800] "POST /xmlrpc.php HTTP/1.1" 200 415 "-" "Mozilla/5.0 (Windows NT 10.0; Win64; x64) AppleWebKit/537.36 (KHTML, like Gecko) Chrome/95.0.4638.69 Safari/537.36"
167.172.65.58 - - [16/Mar/2026:17:49:23 +0800] "POST /xmlrpc.php HTTP/1.1" 200 415 "-" "Mozilla/5.0 (Windows NT 10.0; Win64; x64) AppleWebKit/537.36 (KHTML, like Gecko) Chrome/95.0.4638.69 Safari/537.36"
167.172.65.58 - - [16/Mar/2026:17:49:23 +0800] "POST /xmlrpc.php HTTP/1.1" 200 415 "-" "Mozilla/5.0 (Windows NT 10.0; Win64; x64) AppleWebKit/537.36 (KHTML, like Gecko) Chrome/95.0.4638.69 Safari/537.36"
167.172.65.58 - - [16/Mar/2026:17:49:24 +0800] "POST /xmlrpc.php HTTP/1.1" 200 415 "-" "Mozilla/5.0 (Windows NT 10.0; Win64; x64) AppleWebKit/537.36 (KHTML, like Gecko) Chrome/95.0.4638.69 Safari/537.36"
167.172.65.58 - - [16/Mar/2026:17:49:25 +0800] "POST /xmlrpc.php HTTP/1.1" 200 415 "-" "Mozilla/5.0 (Windows NT 10.0; Win64; x64) AppleWebKit/537.36 (KHTML, like Gecko) Chrome/95.0.4638.69 Safari/537.36"
167.172.65.58 - - [16/Mar/2026:17:49:26 +0800] "POST /xmlrpc.php HTTP/1.1" 200 415 "-" "Mozilla/5.0 (Windows NT 10.0; Win64; x64) AppleWebKit/537.36 (KHTML, like Gecko) Chrome/95.0.4638.69 Safari/537.36"
167.172.65.58 - - [16/Mar/2026:17:49:26 +0800] "POST /xmlrpc.php HTTP/1.1" 200 415 "-" "Mozilla/5.0 (Windows NT 10.0; Win64; x64) AppleWebKit/537.36 (KHTML, like Gecko) Chrome/95.0.4638.69 Safari/537.36"
167.172.65.58 - - [16/Mar/2026:17:49:27 +0800] "POST /xmlrpc.php HTTP/1.1" 200 415 "-" "Mozilla/5.0 (Windows NT 10.0; Win64; x64) AppleWebKit/537.36 (KHTML, like Gecko) Chrome/95.0.4638.69 Safari/537.36"
167.172.65.58 - - [16/Mar/2026:17:49:28 +0800] "POST /xmlrpc.php HTTP/1.1" 200 415 "-" "Mozilla/5.0 (Windows NT 10.0; Win64; x64) AppleWebKit/537.36 (KHTML, like Gecko) Chrome/95.0.4638.69 Safari/537.36"
167.172.65.58 - - [16/Mar/2026:17:49:28 +0800] "POST /xmlrpc.php HTTP/1.1" 200 415 "-" "Mozilla/5.0 (Windows NT 10.0; Win64; x64) AppleWebKit/537.36 (KHTML, like Gecko) Chrome/95.0.4638.69 Safari/537.36"
167.172.65.58 - - [16/Mar/2026:17:49:29 +0800] "POST /xmlrpc.php HTTP/1.1" 200 415 "-" "Mozilla/5.0 (Windows NT 10.0; Win64; x64) AppleWebKit/537.36 (KHTML, like Gecko) Chrome/95.0.4638.69 Safari/537.36"
