183.252.26.57 - - [15/Mar/2026:13:24:49 +0800] "GET /contacts/ HTTP/1.1" 301 5 "-" "Mozilla/5.0 (Windows NT 10.0; Win64; x64) AppleWebKit/537.36 (KHTML, like Gecko) Chrome/136.0.0.0 Safari/537.36"
183.252.26.57 - - [15/Mar/2026:13:24:49 +0800] "GET http://cqqizhou.com/contacts HTTP/1.1" 200 21758 "-" "Mozilla/5.0 (Windows NT 10.0; Win64; x64) AppleWebKit/537.36 (KHTML, like Gecko) Chrome/136.0.0.0 Safari/537.36"
36.133.115.36 - - [15/Mar/2026:13:27:53 +0800] "POST /wp-cron.php?doing_wp_cron=1773552473.5620610713958740234375 HTTP/1.1" 200 31 "-" "WordPress/6.9; http://cqqizhou.com"
149.86.227.60 - - [15/Mar/2026:13:27:54 +0800] "GET / HTTP/1.1" 200 157152 "-" "Mozilla/5.0"
36.133.115.36 - - [15/Mar/2026:13:32:08 +0800] "POST /wp-cron.php?doing_wp_cron=1773552728.8724639415740966796875 HTTP/1.1" 200 31 "-" "WordPress/6.9; http://cqqizhou.com"
40.77.167.52 - - [15/Mar/2026:13:32:08 +0800] "GET /?s= HTTP/1.1" 200 19976 "-" "Mozilla/5.0 AppleWebKit/537.36 (KHTML, like Gecko; compatible; bingbot/2.0; +http://www.bing.com/bingbot.htm) Chrome/116.0.1938.76 Safari/537.36"
36.133.115.36 - - [15/Mar/2026:13:42:51 +0800] "POST /wp-cron.php?doing_wp_cron=1773553371.5591249465942382812500 HTTP/1.1" 200 31 "-" "WordPress/6.9; http://cqqizhou.com"
167.114.139.165 - - [15/Mar/2026:13:42:51 +0800] "GET /feed HTTP/1.1" 304 0 "-" "Mozilla/5.0 (compatible; AhrefsBot/7.0; +http://ahrefs.com/robot/)"
36.133.115.36 - - [15/Mar/2026:13:43:31 +0800] "POST /wp-cron.php?doing_wp_cron=1773553411.2854568958282470703125 HTTP/1.1" 200 31 "-" "WordPress/6.9; http://cqqizhou.com"
216.244.66.245 - - [15/Mar/2026:13:43:31 +0800] "GET /robots.txt HTTP/1.1" 200 390 "-" "Mozilla/5.0 (compatible; DotBot/1.2; +https://opensiteexplorer.org/dotbot; help@moz.com)"
36.133.115.36 - - [15/Mar/2026:13:47:40 +0800] "POST /wp-cron.php?doing_wp_cron=1773553659.9897949695587158203125 HTTP/1.1" 200 31 "-" "WordPress/6.9; http://cqqizhou.com"
62.169.136.20 - - [15/Mar/2026:13:47:40 +0800] "GET /wp-login.php HTTP/1.1" 200 2853 "-" "Mozilla/5.0"
62.169.136.20 - - [15/Mar/2026:13:48:01 +0800] "GET /?author=1 HTTP/1.1" 301 5 "-" "Mozilla/5.0"
62.169.136.20 - - [15/Mar/2026:13:48:02 +0800] "GET /?author=2 HTTP/1.1" 404 8950 "-" "Mozilla/5.0"
36.133.115.36 - - [15/Mar/2026:13:49:51 +0800] "POST /wp-cron.php?doing_wp_cron=1773553791.5614619255065917968750 HTTP/1.1" 200 31 "-" "WordPress/6.9; http://cqqizhou.com"
216.244.66.245 - - [15/Mar/2026:13:49:52 +0800] "GET /media/3 HTTP/1.1" 200 119541 "-" "Mozilla/5.0 (compatible; DotBot/1.2; +https://opensiteexplorer.org/dotbot; help@moz.com)"
36.133.115.36 - - [15/Mar/2026:14:06:43 +0800] "POST /wp-cron.php?doing_wp_cron=1773554803.7494289875030517578125 HTTP/1.1" 200 31 "-" "WordPress/6.9; http://cqqizhou.com"
176.65.149.234 - - [15/Mar/2026:14:06:44 +0800] "GET / HTTP/1.1" 200 157152 "-" "Mozilla/1.0"
36.133.115.36 - - [15/Mar/2026:14:08:47 +0800] "POST /wp-cron.php?doing_wp_cron=1773554927.0770089626312255859375 HTTP/1.1" 200 31 "-" "WordPress/6.9; http://cqqizhou.com"
183.250.153.103 - - [15/Mar/2026:14:08:47 +0800] "GET /contacts/ HTTP/1.1" 301 5 "-" "Mozilla/5.0 (Windows NT 10.0; Win64; x64) AppleWebKit/537.36 (KHTML, like Gecko) Chrome/136.0.0.0 Safari/537.36"
183.250.153.103 - - [15/Mar/2026:14:08:47 +0800] "GET http://cqqizhou.com/contacts HTTP/1.1" 200 21758 "-" "Mozilla/5.0 (Windows NT 10.0; Win64; x64) AppleWebKit/537.36 (KHTML, like Gecko) Chrome/136.0.0.0 Safari/537.36"
106.225.223.208 - - [15/Mar/2026:14:34:52 +0800] "GET /news/portfolio/%E5%86%B7%E8%BD%A7%E6%9D%BF HTTP/1.1" 200 22182 "-" "Mozilla/5.0 (Macintosh; Intel Mac OS X 10_15_7) AppleWebKit/537.36 (KHTML, like Gecko) Chrome/120.0.0.0 Safari/537.36"
183.134.11.16 - - [15/Mar/2026:14:34:53 +0800] "GET /news/portfolio/%E5%86%B7%E8%BD%A7%E6%9D%BF HTTP/1.1" 200 22182 "-" "Mozilla/5.0 (Macintosh; Intel Mac OS X 10_15_7) AppleWebKit/537.36 (KHTML, like Gecko) Chrome/128.0.0.0 Safari/537.36"
36.133.115.36 - - [15/Mar/2026:14:46:05 +0800] "POST /wp-cron.php?doing_wp_cron=1773557165.8534519672393798828125 HTTP/1.1" 200 31 "-" "WordPress/6.9; http://cqqizhou.com"
66.132.153.124 - - [15/Mar/2026:14:46:05 +0800] "GET / HTTP/1.1" 301 5 "-" "Mozilla/5.0 (compatible; CensysInspect/1.1; +https://about.censys.io/)"
66.132.153.124 - - [15/Mar/2026:14:46:09 +0800] "GET / HTTP/1.1" 200 35258 "-" "Mozilla/5.0 (compatible; CensysInspect/1.1; +https://about.censys.io/)"
36.133.115.36 - - [15/Mar/2026:14:48:39 +0800] "POST /wp-cron.php?doing_wp_cron=1773557319.6709148883819580078125 HTTP/1.1" 200 31 "-" "WordPress/6.9; http://cqqizhou.com"
34.206.76.135 - - [15/Mar/2026:14:48:39 +0800] "GET / HTTP/1.1" 301 5 "-" "Mozilla/5.0 (X11; Linux x86_64) AppleWebKit/537.36 (KHTML, like Gecko) Chrome/112.0.0.0 Safari/537.36"
34.206.76.135 - - [15/Mar/2026:14:48:41 +0800] "GET / HTTP/1.1" 200 35258 "-" "Mozilla/5.0 (X11; Linux x86_64) AppleWebKit/537.36 (KHTML, like Gecko) Chrome/112.0.0.0 Safari/537.36"
36.133.115.36 - - [15/Mar/2026:14:55:16 +0800] "POST /wp-cron.php?doing_wp_cron=1773557716.4703791141510009765625 HTTP/1.1" 200 31 "-" "WordPress/6.9; http://cqqizhou.com"
15.235.27.120 - - [15/Mar/2026:14:55:16 +0800] "GET /robots.txt HTTP/1.1" 200 190 "-" "Mozilla/5.0 (compatible; AhrefsBot/7.0; +http://ahrefs.com/robot/)"
36.133.115.36 - - [15/Mar/2026:15:03:45 +0800] "POST /wp-cron.php?doing_wp_cron=1773558225.1650218963623046875000 HTTP/1.1" 200 31 "-" "WordPress/6.9; http://cqqizhou.com"
182.32.248.137 - - [15/Mar/2026:15:03:45 +0800] "GET / HTTP/1.1" 301 5 "-" "Go-http-client/1.1"
144.52.243.252 - - [15/Mar/2026:15:03:45 +0800] "GET / HTTP/1.1" 200 35258 "http://xa5.shaanxi.cn.antiddos.cspt.fullcone.cn" "Go-http-client/1.1"
184.105.139.67 - - [15/Mar/2026:15:10:38 +0800] "GET / HTTP/1.1" 499 0 "-" "Mozilla/5.0 (Windows NT 6.1; WOW64; rv:54.0) Gecko/20100101 Firefox/54.0"
36.133.115.36 - - [15/Mar/2026:15:10:39 +0800] "POST /wp-cron.php?doing_wp_cron=1773558639.3539619445800781250000 HTTP/1.1" 200 31 "-" "WordPress/6.9; http://cqqizhou.com"
36.133.115.36 - - [15/Mar/2026:15:17:02 +0800] "POST /wp-cron.php?doing_wp_cron=1773559022.6480860710144042968750 HTTP/1.1" 200 31 "-" "WordPress/6.9; http://cqqizhou.com"
103.155.161.5 - - [15/Mar/2026:15:17:02 +0800] "GET / HTTP/1.1" 301 5 "-" "Go-http-client/1.1"
103.155.161.5 - - [15/Mar/2026:15:17:03 +0800] "GET / HTTP/1.1" 200 35258 "http://36.133.115.36" "Go-http-client/1.1"
36.133.115.36 - - [15/Mar/2026:15:19:48 +0800] "POST /wp-cron.php?doing_wp_cron=1773559188.0906090736389160156250 HTTP/1.1" 200 31 "-" "WordPress/6.9; http://cqqizhou.com"
216.244.66.245 - - [15/Mar/2026:15:19:48 +0800] "GET /robots.txt HTTP/1.1" 200 390 "-" "Mozilla/5.0 (compatible; DotBot/1.2; +https://opensiteexplorer.org/dotbot; help@moz.com)"
216.244.66.245 - - [15/Mar/2026:15:25:34 +0800] "GET /news/portfolio-tag/ansteel-thyssen HTTP/1.1" 200 84945 "-" "Mozilla/5.0 (compatible; DotBot/1.2; +https://opensiteexplorer.org/dotbot; help@moz.com)"
36.133.115.36 - - [15/Mar/2026:15:54:20 +0800] "POST /wp-cron.php?doing_wp_cron=1773561260.7524230480194091796875 HTTP/1.1" 200 31 "-" "WordPress/6.9; http://cqqizhou.com"
36.133.108.125 - - [15/Mar/2026:15:54:20 +0800] "HEAD /SDK/webLanguage HTTP/1.1" 404 0 "-" "Mozilla/5.0 (Macintosh; U; Intel Mac OS X 10_6_6; en-gb) AppleWebKit/533.20.25 (KHTML, like Gecko) Version/5.0.4 Safari/533.20.27"
36.133.115.36 - - [15/Mar/2026:16:04:50 +0800] "POST /wp-cron.php?doing_wp_cron=1773561890.4995329380035400390625 HTTP/1.1" 200 31 "-" "WordPress/6.9; http://cqqizhou.com"
216.244.66.245 - - [15/Mar/2026:16:04:50 +0800] "GET /robots.txt HTTP/1.1" 200 390 "-" "Mozilla/5.0 (compatible; DotBot/1.2; +https://opensiteexplorer.org/dotbot; help@moz.com)"
157.20.32.164 - - [15/Mar/2026:16:09:15 +0800] "GET / HTTP/1.1" 200 35258 "-" "Python/3.14 aiohttp/3.13.3"
36.133.115.36 - - [15/Mar/2026:16:10:51 +0800] "POST /wp-cron.php?doing_wp_cron=1773562251.2097299098968505859375 HTTP/1.1" 200 31 "-" "WordPress/6.9; http://cqqizhou.com"
216.244.66.245 - - [15/Mar/2026:16:10:51 +0800] "GET /portfolio/%E5%86%B7%E8%BD%A7%E6%9D%BF/ HTTP/1.1" 301 5 "-" "Mozilla/5.0 (compatible; DotBot/1.2; +https://opensiteexplorer.org/dotbot; help@moz.com)"
148.113.128.145 - - [15/Mar/2026:16:15:11 +0800] "GET /services/processing HTTP/1.1" 304 0 "-" "Mozilla/5.0 (compatible; AhrefsBot/7.0; +http://ahrefs.com/robot/)"
36.133.115.36 - - [15/Mar/2026:16:20:17 +0800] "POST /wp-cron.php?doing_wp_cron=1773562817.0259010791778564453125 HTTP/1.1" 200 31 "-" "WordPress/6.9; http://cqqizhou.com"
31.57.219.162 - - [15/Mar/2026:16:20:17 +0800] "POST /wp-login.php HTTP/1.1" 200 9491 "-" "Mozilla/5.0"
36.133.115.36 - - [15/Mar/2026:16:36:21 +0800] "POST /wp-cron.php?doing_wp_cron=1773563781.7130150794982910156250 HTTP/1.1" 200 31 "-" "WordPress/6.9; http://cqqizhou.com"
62.169.136.4 - - [15/Mar/2026:16:36:21 +0800] "POST /wp-login.php HTTP/1.1" 200 9491 "-" "Mozilla/5.0"
36.133.115.36 - - [15/Mar/2026:16:55:56 +0800] "POST /wp-cron.php?doing_wp_cron=1773564956.9437499046325683593750 HTTP/1.1" 200 31 "-" "WordPress/6.9; http://cqqizhou.com"
149.86.227.60 - - [15/Mar/2026:16:55:57 +0800] "GET / HTTP/1.1" 200 157152 "-" "Mozilla/5.0"
36.133.115.36 - - [15/Mar/2026:17:19:54 +0800] "POST /wp-cron.php?doing_wp_cron=1773566394.1671369075775146484375 HTTP/1.1" 200 31 "-" "WordPress/6.9; http://cqqizhou.com"
43.157.22.57 - - [15/Mar/2026:17:19:54 +0800] "GET / HTTP/1.1" 301 5 "-" "Mozilla/5.0 (iPhone; CPU iPhone OS 13_2_3 like Mac OS X) AppleWebKit/605.1.15 (KHTML, like Gecko) Version/13.0.3 Mobile/15E148 Safari/604.1"
43.157.22.57 - - [15/Mar/2026:17:19:56 +0800] "GET / HTTP/1.1" 200 34828 "http://36.133.115.36" "Mozilla/5.0 (iPhone; CPU iPhone OS 13_2_3 like Mac OS X) AppleWebKit/605.1.15 (KHTML, like Gecko) Version/13.0.3 Mobile/15E148 Safari/604.1"
36.133.115.36 - - [15/Mar/2026:17:21:19 +0800] "POST /wp-cron.php?doing_wp_cron=1773566479.9476339817047119140625 HTTP/1.1" 200 31 "-" "WordPress/6.9; http://cqqizhou.com"
143.20.253.1 - - [15/Mar/2026:17:21:19 +0800] "GET /comments/feed/ HTTP/1.1" 301 5 "-" "Mozilla/5.0 (Macintosh; Intel Mac OS X 10_15_7) AppleWebKit/537.36 (KHTML, like Gecko) Chrome/135.0.0.0 Safari/537.36"
143.20.253.15 - - [15/Mar/2026:17:21:21 +0800] "GET /comments/feed HTTP/1.1" 200 703 "-" "Mozilla/5.0 (Macintosh; Intel Mac OS X 10_15_7) AppleWebKit/537.36 (KHTML, like Gecko) Chrome/135.0.0.0 Safari/537.36"
4.181.54.4 - - [15/Mar/2026:17:23:33 +0800] "GET /news/2505 HTTP/1.1" 200 20665 "-" "Mozilla/5.0 (Windows NT 10.0; Win64; x64) AppleWebKit/537.36 (KHTML, like Gecko) Chrome/131.0.0.0 Safari/537.36 Edg/131.0.0.0"
36.133.115.36 - - [15/Mar/2026:17:26:33 +0800] "POST /wp-cron.php?doing_wp_cron=1773566793.5861020088195800781250 HTTP/1.1" 200 31 "-" "WordPress/6.9; http://cqqizhou.com"
222.191.253.60 - - [15/Mar/2026:17:26:33 +0800] "POST /hello.world?%ADd+allow_url_include%3d1+%ADd+auto_prepend_file%3dphp://input HTTP/1.1" 404 31365 "-" "libredtail-http"
222.191.253.60 - - [15/Mar/2026:17:26:35 +0800] "POST /?%ADd+allow_url_include%3d1+%ADd+auto_prepend_file%3dphp://input HTTP/1.1" 200 157152 "-" "libredtail-http"
222.191.253.60 - - [15/Mar/2026:17:26:35 +0800] "GET /vendor/phpunit/phpunit/src/Util/PHP/eval-stdin.php HTTP/1.1" 404 27 "-" "libredtail-http"
222.191.253.60 - - [15/Mar/2026:17:26:35 +0800] "GET /vendor/phpunit/phpunit/Util/PHP/eval-stdin.php HTTP/1.1" 404 27 "-" "libredtail-http"
222.191.253.60 - - [15/Mar/2026:17:26:36 +0800] "GET /vendor/phpunit/src/Util/PHP/eval-stdin.php HTTP/1.1" 404 27 "-" "libredtail-http"
149.22.82.93 - - [15/Mar/2026:17:26:36 +0800] "POST /wp-login.php HTTP/1.1" 200 9491 "-" "Mozilla/5.0"
222.191.253.60 - - [15/Mar/2026:17:26:36 +0800] "GET /vendor/phpunit/Util/PHP/eval-stdin.php HTTP/1.1" 404 27 "-" "libredtail-http"
222.191.253.60 - - [15/Mar/2026:17:26:37 +0800] "GET /vendor/phpunit/phpunit/LICENSE/eval-stdin.php HTTP/1.1" 404 27 "-" "libredtail-http"
222.191.253.60 - - [15/Mar/2026:17:26:37 +0800] "GET /vendor/vendor/phpunit/phpunit/src/Util/PHP/eval-stdin.php HTTP/1.1" 404 27 "-" "libredtail-http"
222.191.253.60 - - [15/Mar/2026:17:26:38 +0800] "GET /phpunit/phpunit/src/Util/PHP/eval-stdin.php HTTP/1.1" 404 27 "-" "libredtail-http"
222.191.253.60 - - [15/Mar/2026:17:26:38 +0800] "GET /phpunit/phpunit/Util/PHP/eval-stdin.php HTTP/1.1" 404 27 "-" "libredtail-http"
222.191.253.60 - - [15/Mar/2026:17:26:39 +0800] "GET /phpunit/src/Util/PHP/eval-stdin.php HTTP/1.1" 404 27 "-" "libredtail-http"
222.191.253.60 - - [15/Mar/2026:17:26:39 +0800] "GET /phpunit/Util/PHP/eval-stdin.php HTTP/1.1" 404 27 "-" "libredtail-http"
222.191.253.60 - - [15/Mar/2026:17:26:40 +0800] "GET /lib/phpunit/phpunit/src/Util/PHP/eval-stdin.php HTTP/1.1" 404 27 "-" "libredtail-http"
222.191.253.60 - - [15/Mar/2026:17:26:40 +0800] "GET /lib/phpunit/phpunit/Util/PHP/eval-stdin.php HTTP/1.1" 404 27 "-" "libredtail-http"
222.191.253.60 - - [15/Mar/2026:17:26:41 +0800] "GET /lib/phpunit/src/Util/PHP/eval-stdin.php HTTP/1.1" 404 27 "-" "libredtail-http"
222.191.253.60 - - [15/Mar/2026:17:26:41 +0800] "GET /lib/phpunit/Util/PHP/eval-stdin.php HTTP/1.1" 404 27 "-" "libredtail-http"
222.191.253.60 - - [15/Mar/2026:17:26:42 +0800] "GET /lib/vendor/phpunit/phpunit/src/Util/PHP/eval-stdin.php HTTP/1.1" 404 27 "-" "libredtail-http"
222.191.253.60 - - [15/Mar/2026:17:26:42 +0800] "GET /laravel/vendor/phpunit/phpunit/src/Util/PHP/eval-stdin.php HTTP/1.1" 404 27 "-" "libredtail-http"
222.191.253.60 - - [15/Mar/2026:17:26:43 +0800] "GET /www/vendor/phpunit/phpunit/src/Util/PHP/eval-stdin.php HTTP/1.1" 404 27 "-" "libredtail-http"
222.191.253.60 - - [15/Mar/2026:17:26:43 +0800] "GET /ws/vendor/phpunit/phpunit/src/Util/PHP/eval-stdin.php HTTP/1.1" 404 27 "-" "libredtail-http"
222.191.253.60 - - [15/Mar/2026:17:26:44 +0800] "GET /yii/vendor/phpunit/phpunit/src/Util/PHP/eval-stdin.php HTTP/1.1" 404 27 "-" "libredtail-http"
222.191.253.60 - - [15/Mar/2026:17:26:44 +0800] "GET /zend/vendor/phpunit/phpunit/src/Util/PHP/eval-stdin.php HTTP/1.1" 404 27 "-" "libredtail-http"
222.191.253.60 - - [15/Mar/2026:17:26:45 +0800] "GET /ws/ec/vendor/phpunit/phpunit/src/Util/PHP/eval-stdin.php HTTP/1.1" 404 27 "-" "libredtail-http"
222.191.253.60 - - [15/Mar/2026:17:26:45 +0800] "GET /V2/vendor/phpunit/phpunit/src/Util/PHP/eval-stdin.php HTTP/1.1" 404 27 "-" "libredtail-http"
222.191.253.60 - - [15/Mar/2026:17:26:46 +0800] "GET /tests/vendor/phpunit/phpunit/src/Util/PHP/eval-stdin.php HTTP/1.1" 404 27 "-" "libredtail-http"
222.191.253.60 - - [15/Mar/2026:17:26:46 +0800] "GET /test/vendor/phpunit/phpunit/src/Util/PHP/eval-stdin.php HTTP/1.1" 404 27 "-" "libredtail-http"
222.191.253.60 - - [15/Mar/2026:17:26:47 +0800] "GET /testing/vendor/phpunit/phpunit/src/Util/PHP/eval-stdin.php HTTP/1.1" 404 27 "-" "libredtail-http"
222.191.253.60 - - [15/Mar/2026:17:26:47 +0800] "GET /api/vendor/phpunit/phpunit/src/Util/PHP/eval-stdin.php HTTP/1.1" 404 27 "-" "libredtail-http"
222.191.253.60 - - [15/Mar/2026:17:26:48 +0800] "GET /demo/vendor/phpunit/phpunit/src/Util/PHP/eval-stdin.php HTTP/1.1" 404 27 "-" "libredtail-http"
222.191.253.60 - - [15/Mar/2026:17:26:48 +0800] "GET /cms/vendor/phpunit/phpunit/src/Util/PHP/eval-stdin.php HTTP/1.1" 404 27 "-" "libredtail-http"
222.191.253.60 - - [15/Mar/2026:17:26:49 +0800] "GET /crm/vendor/phpunit/phpunit/src/Util/PHP/eval-stdin.php HTTP/1.1" 404 27 "-" "libredtail-http"
222.191.253.60 - - [15/Mar/2026:17:26:49 +0800] "GET /admin/vendor/phpunit/phpunit/src/Util/PHP/eval-stdin.php HTTP/1.1" 404 27 "-" "libredtail-http"
222.191.253.60 - - [15/Mar/2026:17:26:50 +0800] "GET /backup/vendor/phpunit/phpunit/src/Util/PHP/eval-stdin.php HTTP/1.1" 404 27 "-" "libredtail-http"
222.191.253.60 - - [15/Mar/2026:17:26:50 +0800] "GET /blog/vendor/phpunit/phpunit/src/Util/PHP/eval-stdin.php HTTP/1.1" 404 27 "-" "libredtail-http"
222.191.253.60 - - [15/Mar/2026:17:26:51 +0800] "GET /workspace/drupal/vendor/phpunit/phpunit/src/Util/PHP/eval-stdin.php HTTP/1.1" 404 27 "-" "libredtail-http"
222.191.253.60 - - [15/Mar/2026:17:26:51 +0800] "GET /panel/vendor/phpunit/phpunit/src/Util/PHP/eval-stdin.php HTTP/1.1" 404 27 "-" "libredtail-http"
222.191.253.60 - - [15/Mar/2026:17:26:52 +0800] "GET /public/vendor/phpunit/phpunit/src/Util/PHP/eval-stdin.php HTTP/1.1" 404 27 "-" "libredtail-http"
222.191.253.60 - - [15/Mar/2026:17:26:52 +0800] "GET /apps/vendor/phpunit/phpunit/src/Util/PHP/eval-stdin.php HTTP/1.1" 404 27 "-" "libredtail-http"
222.191.253.60 - - [15/Mar/2026:17:26:53 +0800] "GET /app/vendor/phpunit/phpunit/src/Util/PHP/eval-stdin.php HTTP/1.1" 404 27 "-" "libredtail-http"
222.191.253.60 - - [15/Mar/2026:17:26:54 +0800] "GET /index.php?s=/index/\x5Cthink\x5Capp/invokefunction&function=call_user_func_array&vars[0]=md5&vars[1][]=Hello HTTP/1.1" 200 65981 "-" "libredtail-http"
222.191.253.60 - - [15/Mar/2026:17:26:54 +0800] "GET /public/index.php?s=/index/\x5Cthink\x5Capp/invokefunction&function=call_user_func_array&vars[0]=md5&vars[1][]=Hello HTTP/1.1" 404 27 "-" "libredtail-http"
222.191.253.60 - - [15/Mar/2026:17:26:56 +0800] "GET /index.php?lang=../../../../../../../../usr/local/lib/php/pearcmd&+config-create+/&/<?echo(md5(\x22hi\x22));?>+/tmp/index1.php HTTP/1.1" 200 157152 "-" "libredtail-http"
222.191.253.60 - - [15/Mar/2026:17:26:57 +0800] "GET /index.php?lang=../../../../../../../../tmp/index1 HTTP/1.1" 200 157152 "-" "libredtail-http"
222.191.253.60 - - [15/Mar/2026:17:26:58 +0800] "GET /containers/json HTTP/1.1" 301 5 "-" "libredtail-http"
222.191.253.60 - - [15/Mar/2026:17:26:59 +0800] "GET /containers/json HTTP/1.1" 301 5 "-" "libredtail-http"
74.177.109.165 - - [15/Mar/2026:17:30:28 +0800] "GET /club HTTP/1.1" 200 13076 "-" "Mozilla/5.0 (Windows NT 10.0; Win64; x64) AppleWebKit/537.36 (KHTML, like Gecko) Chrome/131.0.0.0 Safari/537.36 Edg/131.0.0.0"
36.133.115.36 - - [15/Mar/2026:17:33:01 +0800] "POST /wp-cron.php?doing_wp_cron=1773567181.4954540729522705078125 HTTP/1.1" 200 31 "-" "WordPress/6.9; http://cqqizhou.com"
121.237.36.27 - - [15/Mar/2026:17:33:01 +0800] "GET / HTTP/1.1" 301 5 "-" "Mozilla/5.0 (X11; U; Linux x86_64; fr; rv:1.7.12) Gecko/20050922 Fedora/1.0.7-1.1.fc4 Firefox/1.0.7"
36.133.115.36 - - [15/Mar/2026:17:37:13 +0800] "POST /wp-cron.php?doing_wp_cron=1773567433.1385989189147949218750 HTTP/1.1" 200 31 "-" "WordPress/6.9; http://cqqizhou.com"
47.128.31.13 - - [15/Mar/2026:17:37:13 +0800] "GET /robots.txt HTTP/1.1" 200 190 "-" "Mozilla/5.0 (Linux; Android 5.0) AppleWebKit/537.36 (KHTML, like Gecko) Mobile Safari/537.36 (compatible; Bytespider; spider-feedback@bytedance.com)"
36.133.115.36 - - [15/Mar/2026:17:56:59 +0800] "POST /wp-cron.php?doing_wp_cron=1773568619.9303500652313232421875 HTTP/1.1" 200 31 "-" "WordPress/6.9; http://cqqizhou.com"
114.119.139.43 - - [15/Mar/2026:17:56:59 +0800] "GET /wp-sitemap.xml HTTP/1.1" 501 253 "-" "Mozilla/5.0 (Linux; Android 7.0;) AppleWebKit/537.36 (KHTML, like Gecko) Mobile Safari/537.36 (compatible; PetalBot;+https://webmaster.petalsearch.com/site/petalbot)"
36.133.115.36 - - [15/Mar/2026:18:01:11 +0800] "POST /wp-cron.php?doing_wp_cron=1773568871.5244159698486328125000 HTTP/1.1" 200 31 "-" "WordPress/6.9; http://cqqizhou.com"
114.119.136.76 - - [15/Mar/2026:18:01:11 +0800] "GET /wp-sitemap.xml HTTP/1.1" 501 253 "-" "Mozilla/5.0 (Linux; Android 7.0;) AppleWebKit/537.36 (KHTML, like Gecko) Mobile Safari/537.36 (compatible; PetalBot;+https://webmaster.petalsearch.com/site/petalbot)"
36.133.115.36 - - [15/Mar/2026:18:32:19 +0800] "POST /wp-cron.php?doing_wp_cron=1773570738.9752070903778076171875 HTTP/1.1" 200 31 "-" "WordPress/6.9; http://cqqizhou.com"
216.244.66.245 - - [15/Mar/2026:18:32:19 +0800] "GET /robots.txt HTTP/1.1" 200 390 "-" "Mozilla/5.0 (compatible; DotBot/1.2; +https://opensiteexplorer.org/dotbot; help@moz.com)"
216.244.66.245 - - [15/Mar/2026:18:37:35 +0800] "GET /news/2486 HTTP/1.1" 200 85086 "-" "Mozilla/5.0 (compatible; DotBot/1.2; +https://opensiteexplorer.org/dotbot; help@moz.com)"
36.133.115.36 - - [15/Mar/2026:19:18:54 +0800] "POST /wp-cron.php?doing_wp_cron=1773573534.7705299854278564453125 HTTP/1.1" 200 31 "-" "WordPress/6.9; http://cqqizhou.com"
216.244.66.245 - - [15/Mar/2026:19:18:54 +0800] "GET /robots.txt HTTP/1.1" 200 390 "-" "Mozilla/5.0 (compatible; DotBot/1.2; +https://opensiteexplorer.org/dotbot; help@moz.com)"
216.244.66.245 - - [15/Mar/2026:19:24:42 +0800] "GET /contacts HTTP/1.1" 200 79106 "-" "Mozilla/5.0 (compatible; DotBot/1.2; +https://opensiteexplorer.org/dotbot; help@moz.com)"
36.133.115.36 - - [15/Mar/2026:19:28:48 +0800] "POST /wp-cron.php?doing_wp_cron=1773574128.4550809860229492187500 HTTP/1.1" 200 31 "-" "WordPress/6.9; http://cqqizhou.com"
119.84.246.117 - - [15/Mar/2026:19:28:48 +0800] "GET / HTTP/1.1" 301 5 "-" "Mozilla/5.0 (Windows NT 6.1; WOW64; rv:12.0) Gecko/20100101 Firefox/12.0"
119.84.246.117 - - [15/Mar/2026:19:28:48 +0800] "GET / HTTP/1.1" 200 158811 "-" "Mozilla/5.0 (Windows NT 6.1; WOW64; rv:12.0) Gecko/20100101 Firefox/12.0"
119.84.246.117 - - [15/Mar/2026:19:28:49 +0800] "GET / HTTP/1.1" 301 5 "-" "Mozilla/5.0 (Windows NT 6.1) AppleWebKit/535.11 (KHTML, like Gecko) Chrome/17.0.963.84 Safari/535.11 LBBROWSER"
119.84.246.117 - - [15/Mar/2026:19:28:49 +0800] "GET / HTTP/1.1" 200 158811 "-" "Mozilla/5.0 (Windows NT 6.1) AppleWebKit/535.11 (KHTML, like Gecko) Chrome/17.0.963.84 Safari/535.11 LBBROWSER"
119.84.246.117 - - [15/Mar/2026:19:28:50 +0800] "GET / HTTP/1.1" 301 5 "-" "Mozilla/5.0 (Windows; U; Windows NT 5.2) AppleWebKit/525.13 (KHTML, like Gecko) Chrome/0.2.149.27 Safari/525.13"
119.84.246.117 - - [15/Mar/2026:19:28:50 +0800] "GET / HTTP/1.1" 200 158811 "-" "Mozilla/5.0 (Windows; U; Windows NT 5.2) AppleWebKit/525.13 (KHTML, like Gecko) Chrome/0.2.149.27 Safari/525.13"
36.133.115.36 - - [15/Mar/2026:19:34:28 +0800] "POST /wp-cron.php?doing_wp_cron=1773574468.7661020755767822265625 HTTP/1.1" 200 31 "-" "WordPress/6.9; http://cqqizhou.com"
37.120.137.248 - - [15/Mar/2026:19:34:28 +0800] "POST /wp-login.php HTTP/1.1" 200 9491 "-" "Mozilla/5.0"
36.133.115.36 - - [15/Mar/2026:19:36:26 +0800] "POST /wp-cron.php?doing_wp_cron=1773574585.9804890155792236328125 HTTP/1.1" 200 31 "-" "WordPress/6.9; http://cqqizhou.com"
119.84.246.117 - - [15/Mar/2026:19:36:26 +0800] "GET / HTTP/1.1" 301 5 "-" "-"
119.84.246.117 - - [15/Mar/2026:19:36:26 +0800] "GET / HTTP/1.1" 200 158811 "-" "-"
119.84.246.117 - - [15/Mar/2026:19:36:28 +0800] "GET / HTTP/1.1" 301 5 "-" "Mozilla/5.0 (Windows NT 6.1) AppleWebKit/535.11 (KHTML, like Gecko) Chrome/17.0.963.84 Safari/535.11 LBBROWSER"
119.84.246.117 - - [15/Mar/2026:19:36:28 +0800] "GET / HTTP/1.1" 200 35258 "-" "Mozilla/5.0 (Windows NT 6.1) AppleWebKit/535.11 (KHTML, like Gecko) Chrome/17.0.963.84 Safari/535.11 LBBROWSER"
119.84.246.117 - - [15/Mar/2026:19:36:28 +0800] "GET /wp-content/uploads/2025/07/1753456723-%E5%8F%8C%E7%9B%B8%E9%92%A2roduct_Single600.webp HTTP/1.1" 200 22790 "http://cqqizhou.com/" "Mozilla/5.0 (Windows NT 6.1) AppleWebKit/535.11 (KHTML, like Gecko) Chrome/17.0.963.84 Safari/535.11 LBBROWSER"
119.84.246.117 - - [15/Mar/2026:19:36:28 +0800] "GET /wp-content/uploads/2025/07/1751425283-qizhou.kf_.qq_.com_.webp HTTP/1.1" 200 16864 "http://cqqizhou.com/" "Mozilla/5.0 (Windows NT 6.1) AppleWebKit/535.11 (KHTML, like Gecko) Chrome/17.0.963.84 Safari/535.11 LBBROWSER"
119.84.246.117 - - [15/Mar/2026:19:36:28 +0800] "GET /wp-content/uploads/2025/07/1753453096-%E5%8F%8C%E7%9B%B8%E9%92%A2product_Single600%C3%97284.webp HTTP/1.1" 200 14562 "http://cqqizhou.com/" "Mozilla/5.0 (Windows NT 6.1) AppleWebKit/535.11 (KHTML, like Gecko) Chrome/17.0.963.84 Safari/535.11 LBBROWSER"
119.84.246.117 - - [15/Mar/2026:19:36:28 +0800] "GET /wp-content/uploads/2025/07/1753453127-%E4%BD%99%E5%8D%B7product_Single600%C3%97284.webp HTTP/1.1" 200 18744 "http://cqqizhou.com/" "Mozilla/5.0 (Windows NT 6.1) AppleWebKit/535.11 (KHTML, like Gecko) Chrome/17.0.963.84 Safari/535.11 LBBROWSER"
119.84.246.117 - - [15/Mar/2026:19:36:28 +0800] "GET /wp-content/uploads/2025/07/1753456770-%E7%83%AD%E9%95%80%E9%94%8C%E5%8D%B7product_Single600.webp HTTP/1.1" 200 27502 "http://cqqizhou.com/" "Mozilla/5.0 (Windows NT 6.1) AppleWebKit/535.11 (KHTML, like Gecko) Chrome/17.0.963.84 Safari/535.11 LBBROWSER"
119.84.246.117 - - [15/Mar/2026:19:36:28 +0800] "GET /wp-content/uploads/2026/02/1772086672-%E5%BC%80%E5%B7%A5%E5%A4%A7%E5%90%89%E5%B0%81%E9%9D%A2%E5%A4%B4%E5%9B%BEArticle_images_W900%C3%97500px.webp HTTP/1.1" 200 99110 "http://cqqizhou.com/" "Mozilla/5.0 (Windows NT 6.1) AppleWebKit/535.11 (KHTML, like Gecko) Chrome/17.0.963.84 Safari/535.11 LBBROWSER"
119.84.246.117 - - [15/Mar/2026:19:36:28 +0800] "GET /wp-content/uploads/2026/03/1772713922-Article_images_W900px.webp HTTP/1.1" 200 41304 "http://cqqizhou.com/" "Mozilla/5.0 (Windows NT 6.1) AppleWebKit/535.11 (KHTML, like Gecko) Chrome/17.0.963.84 Safari/535.11 LBBROWSER"
119.84.246.117 - - [15/Mar/2026:19:36:28 +0800] "GET /wp-content/uploads/2026/03/1772790791-%E5%B0%81%E9%9D%A2%E5%A4%B4%E5%9B%BEArticle_images_W900%C3%97500px2026.webp HTTP/1.1" 200 52968 "http://cqqizhou.com/" "Mozilla/5.0 (Windows NT 6.1) AppleWebKit/535.11 (KHTML, like Gecko) Chrome/17.0.963.84 Safari/535.11 LBBROWSER"
119.84.246.117 - - [15/Mar/2026:19:36:28 +0800] "GET /wp-content/uploads/2025/07/1753454299-Article_images_W900px.webp HTTP/1.1" 200 52418 "http://cqqizhou.com/" "Mozilla/5.0 (Windows NT 6.1) AppleWebKit/535.11 (KHTML, like Gecko) Chrome/17.0.963.84 Safari/535.11 LBBROWSER"
119.84.246.117 - - [15/Mar/2026:19:36:28 +0800] "GET /wp-content/uploads/2026/02/1770617354-Article_images_W900px.webp HTTP/1.1" 200 13634 "http://cqqizhou.com/" "Mozilla/5.0 (Windows NT 6.1) AppleWebKit/535.11 (KHTML, like Gecko) Chrome/17.0.963.84 Safari/535.11 LBBROWSER"
36.133.115.36 - - [15/Mar/2026:19:51:10 +0800] "POST /wp-cron.php?doing_wp_cron=1773575470.2223958969116210937500 HTTP/1.1" 200 31 "-" "WordPress/6.9; http://cqqizhou.com"
138.199.33.233 - - [15/Mar/2026:19:51:10 +0800] "POST /wp-login.php HTTP/1.1" 200 9491 "-" "Mozilla/5.0"
220.181.108.146 - - [15/Mar/2026:19:53:55 +0800] "GET /news/2153 HTTP/1.1" 200 24479 "-" "Mozilla/5.0 (compatible; Baiduspider/2.0; +http://www.baidu.com/search/spider.html)"
36.133.115.36 - - [15/Mar/2026:19:58:09 +0800] "POST /wp-cron.php?doing_wp_cron=1773575889.4666020870208740234375 HTTP/1.1" 200 31 "-" "WordPress/6.9; http://cqqizhou.com"
116.62.82.176 - - [15/Mar/2026:19:58:09 +0800] "GET /appShow/app/homepage/cityModule HTTP/1.1" 404 8950 "-" "Mozilla/5.0 (Windows NT 10.0; Win64; x64) AppleWebKit/537.36 (KHTML, like Gecko) Chrome/91.0.4472.124 Safari/537.36"
36.133.115.36 - - [15/Mar/2026:20:05:22 +0800] "POST /wp-cron.php?doing_wp_cron=1773576322.4107110500335693359375 HTTP/1.1" 200 31 "-" "WordPress/6.9; http://cqqizhou.com"
43.130.139.136 - - [15/Mar/2026:20:05:22 +0800] "GET / HTTP/1.1" 200 34829 "-" "Mozilla/5.0 (iPhone; CPU iPhone OS 13_2_3 like Mac OS X) AppleWebKit/605.1.15 (KHTML, like Gecko) Version/13.0.3 Mobile/15E148 Safari/604.1"
36.133.115.36 - - [15/Mar/2026:20:06:18 +0800] "POST /wp-cron.php?doing_wp_cron=1773576378.6318318843841552734375 HTTP/1.1" 200 31 "-" "WordPress/6.9; http://cqqizhou.com"
146.70.194.23 - - [15/Mar/2026:20:06:18 +0800] "POST /wp-login.php HTTP/1.1" 200 9491 "-" "Mozilla/5.0"
167.114.139.227 - - [15/Mar/2026:20:18:14 +0800] "GET / HTTP/1.1" 200 35258 "-" "Mozilla/5.0 (compatible; AhrefsBot/7.0; +http://ahrefs.com/robot/)"
194.5.82.154 - - [15/Mar/2026:20:20:42 +0800] "GET /.well-known/core.php HTTP/1.1" 404 47 "-" "Mozilla/5.0 (Windows NT 10.0; Win64; x64) AppleWebKit/537.36 (KHTML, like Gecko) Chrome/58.0.3029.110 Safari/537.3"
194.5.82.154 - - [15/Mar/2026:20:20:43 +0800] "GET /wp-content/users.php HTTP/1.1" 404 47 "-" "Mozilla/5.0 (Windows NT 10.0; Win64; x64) AppleWebKit/537.36 (KHTML, like Gecko) Chrome/58.0.3029.110 Safari/537.3"
194.5.82.154 - - [15/Mar/2026:20:20:43 +0800] "GET /wp-content/wp-activate.php HTTP/1.1" 404 47 "-" "Mozilla/5.0 (Windows NT 10.0; Win64; x64) AppleWebKit/537.36 (KHTML, like Gecko) Chrome/58.0.3029.110 Safari/537.3"
194.5.82.154 - - [15/Mar/2026:20:20:43 +0800] "GET /num.php HTTP/1.1" 404 47 "-" "Mozilla/5.0 (Windows NT 10.0; Win64; x64) AppleWebKit/537.36 (KHTML, like Gecko) Chrome/58.0.3029.110 Safari/537.3"
194.5.82.154 - - [15/Mar/2026:20:20:43 +0800] "GET /app.php HTTP/1.1" 404 47 "-" "Mozilla/5.0 (Windows NT 10.0; Win64; x64) AppleWebKit/537.36 (KHTML, like Gecko) Chrome/58.0.3029.110 Safari/537.3"
194.5.82.154 - - [15/Mar/2026:20:20:44 +0800] "GET /wp-includes/php-compat/ HTTP/1.1" 403 548 "-" "Mozilla/5.0 (Windows NT 10.0; Win64; x64) AppleWebKit/537.36 (KHTML, like Gecko) Chrome/58.0.3029.110 Safari/537.3"
194.5.82.154 - - [15/Mar/2026:20:20:44 +0800] "GET /wp-includes/js/codemirror/config.php HTTP/1.1" 404 47 "-" "Mozilla/5.0 (Windows NT 10.0; Win64; x64) AppleWebKit/537.36 (KHTML, like Gecko) Chrome/58.0.3029.110 Safari/537.3"
194.5.82.154 - - [15/Mar/2026:20:20:44 +0800] "GET /wp-content/test.php HTTP/1.1" 404 47 "-" "Mozilla/5.0 (Windows NT 10.0; Win64; x64) AppleWebKit/537.36 (KHTML, like Gecko) Chrome/58.0.3029.110 Safari/537.3"
194.5.82.154 - - [15/Mar/2026:20:20:44 +0800] "GET /wp-includes/header.php HTTP/1.1" 404 47 "-" "Mozilla/5.0 (Windows NT 10.0; Win64; x64) AppleWebKit/537.36 (KHTML, like Gecko) Chrome/58.0.3029.110 Safari/537.3"
194.5.82.154 - - [15/Mar/2026:20:20:44 +0800] "GET /wp-includes/block-bindings/system_core.php HTTP/1.1" 404 47 "-" "Mozilla/5.0 (Windows NT 10.0; Win64; x64) AppleWebKit/537.36 (KHTML, like Gecko) Chrome/58.0.3029.110 Safari/537.3"
194.5.82.154 - - [15/Mar/2026:20:20:45 +0800] "GET /system_core.php HTTP/1.1" 404 47 "-" "Mozilla/5.0 (Windows NT 10.0; Win64; x64) AppleWebKit/537.36 (KHTML, like Gecko) Chrome/58.0.3029.110 Safari/537.3"
194.5.82.154 - - [15/Mar/2026:20:20:45 +0800] "GET /rip.php HTTP/1.1" 404 47 "-" "Mozilla/5.0 (Windows NT 10.0; Win64; x64) AppleWebKit/537.36 (KHTML, like Gecko) Chrome/58.0.3029.110 Safari/537.3"
194.5.82.154 - - [15/Mar/2026:20:20:45 +0800] "GET /wp-content/uploads/admin.php HTTP/1.1" 404 47 "-" "Mozilla/5.0 (Windows NT 10.0; Win64; x64) AppleWebKit/537.36 (KHTML, like Gecko) Chrome/58.0.3029.110 Safari/537.3"
194.5.82.154 - - [15/Mar/2026:20:20:45 +0800] "GET /wp-content/plugins/pwnd/pwnd.php HTTP/1.1" 404 47 "-" "Mozilla/5.0 (Windows NT 10.0; Win64; x64) AppleWebKit/537.36 (KHTML, like Gecko) Chrome/58.0.3029.110 Safari/537.3"
194.5.82.154 - - [15/Mar/2026:20:20:45 +0800] "GET /admin.php HTTP/1.1" 404 47 "-" "Mozilla/5.0 (Windows NT 10.0; Win64; x64) AppleWebKit/537.36 (KHTML, like Gecko) Chrome/58.0.3029.110 Safari/537.3"
194.5.82.154 - - [15/Mar/2026:20:20:46 +0800] "GET /upload/zczv.php HTTP/1.1" 404 47 "-" "Mozilla/5.0 (Windows NT 10.0; Win64; x64) AppleWebKit/537.36 (KHTML, like Gecko) Chrome/58.0.3029.110 Safari/537.3"
194.5.82.154 - - [15/Mar/2026:20:20:46 +0800] "GET /wp-content/ HTTP/1.1" 200 31 "-" "Mozilla/5.0 (Windows NT 10.0; Win64; x64) AppleWebKit/537.36 (KHTML, like Gecko) Chrome/58.0.3029.110 Safari/537.3"
194.5.82.154 - - [15/Mar/2026:20:20:46 +0800] "GET /filemanager.php HTTP/1.1" 404 47 "-" "Mozilla/5.0 (Windows NT 10.0; Win64; x64) AppleWebKit/537.36 (KHTML, like Gecko) Chrome/58.0.3029.110 Safari/537.3"
36.133.115.36 - - [15/Mar/2026:20:20:47 +0800] "POST /wp-cron.php?doing_wp_cron=1773577247.4925351142883300781250 HTTP/1.1" 200 31 "-" "WordPress/6.9; http://cqqizhou.com"
194.5.82.154 - - [15/Mar/2026:20:20:47 +0800] "GET /admin/ HTTP/1.1" 302 5 "-" "Mozilla/5.0 (Windows NT 10.0; Win64; x64) AppleWebKit/537.36 (KHTML, like Gecko) Chrome/58.0.3029.110 Safari/537.3"
194.5.82.154 - - [15/Mar/2026:20:20:51 +0800] "GET /wp-admin/ HTTP/1.1" 499 0 "http://cqqizhou.com/admin/" "Mozilla/5.0 (Windows NT 10.0; Win64; x64) AppleWebKit/537.36 (KHTML, like Gecko) Chrome/58.0.3029.110 Safari/537.3"
36.133.115.36 - - [15/Mar/2026:20:28:31 +0800] "POST /wp-cron.php?doing_wp_cron=1773577711.0120570659637451171875 HTTP/1.1" 200 31 "-" "WordPress/6.9; http://cqqizhou.com"
43.166.130.123 - - [15/Mar/2026:20:28:31 +0800] "GET / HTTP/1.1" 200 34829 "-" "Mozilla/5.0 (iPhone; CPU iPhone OS 13_2_3 like Mac OS X) AppleWebKit/605.1.15 (KHTML, like Gecko) Version/13.0.3 Mobile/15E148 Safari/604.1"
36.133.115.36 - - [15/Mar/2026:20:49:05 +0800] "POST /wp-cron.php?doing_wp_cron=1773578945.3504788875579833984375 HTTP/1.1" 200 31 "-" "WordPress/6.9; http://cqqizhou.com"
112.34.110.136 - - [15/Mar/2026:20:49:05 +0800] "GET / HTTP/1.1" 301 5 "http://www.baidu.com/" "Mozilla/5.0 (iPhone; CPU iPhone OS 16_6 like Mac OS X) AppleWebKit/605.1.15     (KHTML, like Gecko) Version/16.6 Mobile/15E148 Safari/604.1"
112.34.110.139 - - [15/Mar/2026:20:49:06 +0800] "GET / HTTP/1.1" 200 34829 "http://www.baidu.com/" "Mozilla/5.0 (iPhone; CPU iPhone OS 16_6 like Mac OS X) AppleWebKit/605.1.15     (KHTML, like Gecko) Version/16.6 Mobile/15E148 Safari/604.1"
36.133.115.36 - - [15/Mar/2026:20:52:00 +0800] "POST /wp-cron.php?doing_wp_cron=1773579120.8669629096984863281250 HTTP/1.1" 200 31 "-" "WordPress/6.9; http://cqqizhou.com"
216.244.66.245 - - [15/Mar/2026:20:52:00 +0800] "GET /robots.txt HTTP/1.1" 200 390 "-" "Mozilla/5.0 (compatible; DotBot/1.2; +https://opensiteexplorer.org/dotbot; help@moz.com)"
52.167.144.136 - - [15/Mar/2026:20:54:52 +0800] "GET /wp-content/uploads/revslider/slider-1/1750861156-logistics_Slider_3840%C3%972160_20250625191356-scaled.webp HTTP/1.1" 200 197360 "-" "Mozilla/5.0 AppleWebKit/537.36 (KHTML, like Gecko; compatible; bingbot/2.0; +http://www.bing.com/bingbot.htm) Chrome/116.0.1938.76 Safari/537.36"
36.133.115.36 - - [15/Mar/2026:20:58:20 +0800] "POST /wp-cron.php?doing_wp_cron=1773579500.8307929039001464843750 HTTP/1.1" 200 31 "-" "WordPress/6.9; http://cqqizhou.com"
216.244.66.245 - - [15/Mar/2026:20:58:20 +0800] "GET /2159/ HTTP/1.1" 301 5 "-" "Mozilla/5.0 (compatible; DotBot/1.2; +https://opensiteexplorer.org/dotbot; help@moz.com)"
36.133.115.36 - - [15/Mar/2026:21:26:03 +0800] "POST /wp-cron.php?doing_wp_cron=1773581163.3574240207672119140625 HTTP/1.1" 200 31 "-" "WordPress/6.9; http://cqqizhou.com"
149.86.227.60 - - [15/Mar/2026:21:26:04 +0800] "GET / HTTP/1.1" 200 157152 "-" "Mozilla/5.0"
36.133.115.36 - - [15/Mar/2026:21:28:39 +0800] "POST /wp-cron.php?doing_wp_cron=1773581318.9950668811798095703125 HTTP/1.1" 200 31 "-" "WordPress/6.9; http://cqqizhou.com"
79.127.184.27 - - [15/Mar/2026:21:28:39 +0800] "POST /wp-login.php HTTP/1.1" 200 9491 "-" "Mozilla/5.0"
36.133.115.36 - - [15/Mar/2026:21:46:00 +0800] "POST /wp-cron.php?doing_wp_cron=1773582360.3371579647064208984375 HTTP/1.1" 200 31 "-" "WordPress/6.9; http://cqqizhou.com"
43.130.72.177 - - [15/Mar/2026:21:46:00 +0800] "GET / HTTP/1.1" 301 5 "-" "Mozilla/5.0 (iPhone; CPU iPhone OS 13_2_3 like Mac OS X) AppleWebKit/605.1.15 (KHTML, like Gecko) Version/13.0.3 Mobile/15E148 Safari/604.1"
43.130.72.177 - - [15/Mar/2026:21:46:03 +0800] "GET / HTTP/1.1" 200 34829 "http://36.133.115.36" "Mozilla/5.0 (iPhone; CPU iPhone OS 13_2_3 like Mac OS X) AppleWebKit/605.1.15 (KHTML, like Gecko) Version/13.0.3 Mobile/15E148 Safari/604.1"
36.133.115.36 - - [15/Mar/2026:21:59:37 +0800] "POST /wp-cron.php?doing_wp_cron=1773583177.1336679458618164062500 HTTP/1.1" 200 31 "-" "WordPress/6.9; http://cqqizhou.com"
104.248.240.171 - - [15/Mar/2026:21:59:37 +0800] "GET / HTTP/1.0" 301 0 "-" "-"
104.248.240.171 - - [15/Mar/2026:21:59:38 +0800] "GET /odinhttpcall1773583169 HTTP/1.1" 404 31365 "-" "Mozilla/5.0 (compatible; Odin; https://docs.getodin.com/)"
104.248.240.171 - - [15/Mar/2026:21:59:38 +0800] "POST /sdk HTTP/1.1" 404 31365 "-" "Mozilla/5.0 (compatible; Odin; https://docs.getodin.com/)"
104.248.240.171 - - [15/Mar/2026:21:59:39 +0800] "GET / HTTP/1.0" 301 0 "-" "-"
104.248.240.171 - - [15/Mar/2026:21:59:45 +0800] "GET / HTTP/1.0" 301 0 "-" "-"
104.248.240.171 - - [15/Mar/2026:21:59:46 +0800] "GET / HTTP/1.1" 301 5 "-" "-"
159.65.114.238 - - [15/Mar/2026:21:59:47 +0800] "GET /solr/admin/info/system HTTP/1.1" 301 5 "-" "Go-http-client/1.1"
164.90.161.49 - - [15/Mar/2026:21:59:48 +0800] "GET /cgi-bin/authLogin.cgi HTTP/1.1" 301 5 "-" "Go-http-client/1.1"
161.35.25.112 - - [15/Mar/2026:21:59:48 +0800] "GET /query?q=SHOW+DIAGNOSTICS HTTP/1.1" 301 5 "-" "Go-http-client/1.1"
157.230.106.255 - - [15/Mar/2026:21:59:48 +0800] "GET / HTTP/1.1" 301 5 "-" "Mozilla/5.0 (compatible; Odin; https://docs.getodin.com/)"
165.227.168.43 - - [15/Mar/2026:21:59:49 +0800] "GET /v2/_catalog HTTP/1.1" 301 5 "-" "Go-http-client/1.1"
164.90.161.49 - - [15/Mar/2026:21:59:49 +0800] "GET /cgi-bin/authLogin.cgi HTTP/1.1" 404 31365 "http://36.133.115.36:80/cgi-bin/authLogin.cgi" "Go-http-client/1.1"
159.65.114.238 - - [15/Mar/2026:21:59:49 +0800] "GET /solr/admin/info/system HTTP/1.1" 404 31365 "http://36.133.115.36:80/solr/admin/info/system" "Go-http-client/1.1"
165.227.168.43 - - [15/Mar/2026:21:59:50 +0800] "GET /v2/_catalog HTTP/1.1" 404 31365 "http://36.133.115.36:80/v2/_catalog" "Go-http-client/1.1"
161.35.25.112 - - [15/Mar/2026:21:59:50 +0800] "GET /query?q=SHOW+DIAGNOSTICS HTTP/1.1" 404 31365 "http://36.133.115.36:80/query?q=SHOW+DIAGNOSTICS" "Go-http-client/1.1"
157.230.106.255 - - [15/Mar/2026:21:59:51 +0800] "GET / HTTP/1.1" 200 35258 "http://36.133.115.36" "Mozilla/5.0 (compatible; Odin; https://docs.getodin.com/)"
159.65.114.238 - - [15/Mar/2026:21:59:51 +0800] "GET /solr/admin/info/system HTTP/1.1" 301 5 "-" "Go-http-client/1.1"
159.65.114.238 - - [15/Mar/2026:21:59:52 +0800] "GET /solr/admin/info/system HTTP/1.1" 404 31365 "http://36.133.115.36:80/solr/admin/info/system" "Go-http-client/1.1"
159.65.114.238 - - [15/Mar/2026:21:59:53 +0800] "GET /solr/admin/cores?action=STATUS&wt=json HTTP/1.1" 301 5 "-" "Go-http-client/1.1"
159.65.114.238 - - [15/Mar/2026:21:59:56 +0800] "GET /solr/admin/cores?action=STATUS&wt=json HTTP/1.1" 301 5 "-" "Go-http-client/1.1"
159.65.114.238 - - [15/Mar/2026:21:59:58 +0800] "GET /solr/admin/cores?action=STATUS&wt=json HTTP/1.1" 404 31365 "http://36.133.115.36:80/solr/admin/cores?action=STATUS&wt=json" "Go-http-client/1.1"
36.133.115.36 - - [15/Mar/2026:22:01:12 +0800] "POST /wp-cron.php?doing_wp_cron=1773583272.0271730422973632812500 HTTP/1.1" 200 31 "-" "WordPress/6.9; http://cqqizhou.com"
154.47.22.82 - - [15/Mar/2026:22:01:12 +0800] "POST /wp-login.php HTTP/1.1" 200 9491 "-" "Mozilla/5.0"
54.39.6.94 - - [15/Mar/2026:22:08:57 +0800] "GET /news/portfolio-category/remaining-rolls HTTP/1.1" 304 0 "-" "Mozilla/5.0 (compatible; AhrefsBot/7.0; +http://ahrefs.com/robot/)"
36.133.115.36 - - [15/Mar/2026:22:16:58 +0800] "POST /wp-cron.php?doing_wp_cron=1773584218.8035418987274169921875 HTTP/1.1" 200 31 "-" "WordPress/6.9; http://cqqizhou.com"
149.22.89.98 - - [15/Mar/2026:22:16:58 +0800] "POST /wp-login.php HTTP/1.1" 200 9491 "-" "Mozilla/5.0"
47.114.89.255 - - [15/Mar/2026:22:18:10 +0800] "POST /asset/js/fileupload/server/php/index.php HTTP/1.1" 404 47 "-" "Mozilla/5.0 (Windows NT 10.0; Win64; x64)"
36.133.115.36 - - [15/Mar/2026:22:26:07 +0800] "POST /wp-cron.php?doing_wp_cron=1773584767.5729949474334716796875 HTTP/1.1" 200 31 "-" "WordPress/6.9; http://cqqizhou.com"
51.75.128.94 - - [15/Mar/2026:22:26:07 +0800] "GET /robots.txt HTTP/1.1" 200 390 "-" "Mozilla/5.0 (compatible; MJ12bot/v1.4.8; http://mj12bot.com/)"
51.75.128.94 - - [15/Mar/2026:22:26:11 +0800] "GET /portfolio-tag/%E9%9E%8D%E9%92%A2%E8%92%82%E6%A3%AE/ HTTP/1.1" 404 8950 "-" "Mozilla/5.0 (compatible; MJ12bot/v1.4.8; http://mj12bot.com/)"
51.75.128.94 - - [15/Mar/2026:22:26:14 +0800] "GET /portfolio/%E5%86%B7%E8%BD%A7%E5%8D%B7/ HTTP/1.1" 301 5 "-" "Mozilla/5.0 (compatible; MJ12bot/v1.4.8; http://mj12bot.com/)"
51.75.128.94 - - [15/Mar/2026:22:26:21 +0800] "GET /news/portfolio/%E5%86%B7%E8%BD%A7%E5%8D%B7 HTTP/1.1" 200 22184 "-" "Mozilla/5.0 (compatible; MJ12bot/v1.4.8; http://mj12bot.com/)"
51.75.128.94 - - [15/Mar/2026:22:26:28 +0800] "GET /portfolio/%E5%86%B7%E8%BD%A7%E6%9D%BF/ HTTP/1.1" 301 5 "-" "Mozilla/5.0 (compatible; MJ12bot/v1.4.8; http://mj12bot.com/)"
51.75.128.94 - - [15/Mar/2026:22:26:39 +0800] "GET /news/portfolio/%E5%86%B7%E8%BD%A7%E6%9D%BF HTTP/1.1" 200 22182 "-" "Mozilla/5.0 (compatible; MJ12bot/v1.4.8; http://mj12bot.com/)"
51.75.128.94 - - [15/Mar/2026:22:26:50 +0800] "GET /tag/%E5%8D%9A%E8%81%94%E8%BE%BE/ HTTP/1.1" 404 8947 "-" "Mozilla/5.0 (compatible; MJ12bot/v1.4.8; http://mj12bot.com/)"
51.75.128.94 - - [15/Mar/2026:22:27:04 +0800] "GET /tag/%E7%89%A9%E6%B5%81/ HTTP/1.1" 404 8950 "-" "Mozilla/5.0 (compatible; MJ12bot/v1.4.8; http://mj12bot.com/)"
36.133.115.36 - - [15/Mar/2026:22:33:56 +0800] "POST /wp-cron.php?doing_wp_cron=1773585236.2361650466918945312500 HTTP/1.1" 200 31 "-" "WordPress/6.9; http://cqqizhou.com"
116.179.32.72 - - [15/Mar/2026:22:33:56 +0800] "GET /2153/ HTTP/1.1" 301 5 "-" "Mozilla/5.0 (compatible; Baiduspider/2.0; +http://www.baidu.com/search/spider.html)"
116.179.32.97 - - [15/Mar/2026:22:33:56 +0800] "GET /news/2153 HTTP/1.1" 200 24479 "-" "Mozilla/5.0 (compatible; Baiduspider/2.0; +http://www.baidu.com/search/spider.html)"
47.103.139.221 - - [15/Mar/2026:22:38:04 +0800] "POST /static/assets/global/plugins/jquery-file-upload/server/php/index.php HTTP/1.1" 404 47 "-" "Mozilla/5.0 (Windows NT 10.0; Win64; x64)"
36.133.115.36 - - [15/Mar/2026:22:38:36 +0800] "POST /wp-cron.php?doing_wp_cron=1773585516.7185640335083007812500 HTTP/1.1" 200 31 "-" "WordPress/6.9; http://cqqizhou.com"
52.90.148.15 - - [15/Mar/2026:22:38:36 +0800] "GET / HTTP/1.1" 301 5 "-" "Mozilla/5.0 (Windows NT 10.0; Win64; x64) AppleWebKit/537.36 (KHTML, like Gecko) Chrome/136.0.0.0 Safari/537.36"
36.133.115.36 - - [15/Mar/2026:22:41:48 +0800] "POST /wp-cron.php?doing_wp_cron=1773585708.3971118927001953125000 HTTP/1.1" 200 31 "-" "WordPress/6.9; http://cqqizhou.com"
66.249.73.9 - - [15/Mar/2026:22:41:48 +0800] "GET /robots.txt HTTP/1.1" 200 190 "-" "Mozilla/5.0 (compatible; Googlebot/2.1; +http://www.google.com/bot.html)"
36.133.115.36 - - [15/Mar/2026:22:48:49 +0800] "POST /wp-cron.php?doing_wp_cron=1773586129.0513958930969238281250 HTTP/1.1" 200 31 "-" "WordPress/6.9; http://cqqizhou.com"
74.7.227.44 - - [15/Mar/2026:22:48:49 +0800] "GET /wp-sitemap.xml HTTP/1.1" 501 253 "-" "Mozilla/5.0 AppleWebKit/537.36 (KHTML, like Gecko; compatible; GPTBot/1.3; +https://openai.com/gptbot)"
36.133.115.36 - - [15/Mar/2026:22:49:31 +0800] "POST /wp-cron.php?doing_wp_cron=1773586171.0852510929107666015625 HTTP/1.1" 200 31 "-" "WordPress/6.9; http://cqqizhou.com"
79.135.105.98 - - [15/Mar/2026:22:49:31 +0800] "POST /wp-login.php HTTP/1.1" 200 9491 "-" "Mozilla/5.0"
36.133.115.36 - - [15/Mar/2026:22:57:16 +0800] "POST /wp-cron.php?doing_wp_cron=1773586636.8073430061340332031250 HTTP/1.1" 200 31 "-" "WordPress/6.9; http://cqqizhou.com"
43.135.172.89 - - [15/Mar/2026:22:57:16 +0800] "GET / HTTP/1.1" 301 5 "-" "Mozilla/5.0 (iPhone; CPU iPhone OS 13_2_3 like Mac OS X) AppleWebKit/605.1.15 (KHTML, like Gecko) Version/13.0.3 Mobile/15E148 Safari/604.1"
43.135.172.89 - - [15/Mar/2026:22:57:19 +0800] "GET / HTTP/1.1" 200 34829 "http://www.cqqizhou.com" "Mozilla/5.0 (iPhone; CPU iPhone OS 13_2_3 like Mac OS X) AppleWebKit/605.1.15 (KHTML, like Gecko) Version/13.0.3 Mobile/15E148 Safari/604.1"
120.230.99.17 - - [15/Mar/2026:22:57:27 +0800] "GET /2153/ HTTP/1.1" 301 5 "-" "Mozilla/5.0 (Macintosh; Intel Mac OS X 10_14_6) AppleWebKit/537.36 (KHTML, like Gecko) Chrome/104.0.0.0 Safari/537.36"
120.230.99.17 - - [15/Mar/2026:22:57:27 +0800] "GET http://cqqizhou.com/news/2153 HTTP/1.1" 200 24479 "-" "Mozilla/5.0 (Macintosh; Intel Mac OS X 10_14_6) AppleWebKit/537.36 (KHTML, like Gecko) Chrome/104.0.0.0 Safari/537.36"
36.133.115.36 - - [15/Mar/2026:23:04:57 +0800] "POST /wp-cron.php?doing_wp_cron=1773587097.2380170822143554687500 HTTP/1.1" 200 31 "-" "WordPress/6.9; http://cqqizhou.com"
37.191.127.11 - - [15/Mar/2026:23:04:57 +0800] "POST /wp-login.php HTTP/1.1" 200 9491 "-" "Mozilla/5.0"
123.189.58.249 - - [15/Mar/2026:23:06:26 +0800] "GET http://cqqizhou.com/news/2418 HTTP/1.1" 200 27534 "-" "Mozilla/5.0 (Macintosh; Intel Mac OS X 10_15_7) AppleWebKit/537.36 (KHTML, like Gecko) Chrome/120.0.0.0 Safari/537.36"
36.133.115.36 - - [15/Mar/2026:23:13:44 +0800] "POST /wp-cron.php?doing_wp_cron=1773587624.8934779167175292968750 HTTP/1.1" 200 31 "-" "WordPress/6.9; http://cqqizhou.com"
216.244.66.245 - - [15/Mar/2026:23:13:44 +0800] "GET /robots.txt HTTP/1.1" 200 390 "-" "Mozilla/5.0 (compatible; DotBot/1.2; +https://opensiteexplorer.org/dotbot; help@moz.com)"
15.235.98.205 - - [15/Mar/2026:23:19:02 +0800] "GET /news/portfolio-category/hot-dip-galvanized-coil HTTP/1.1" 304 0 "-" "Mozilla/5.0 (compatible; AhrefsBot/7.0; +http://ahrefs.com/robot/)"
139.226.122.164 - - [15/Mar/2026:23:21:04 +0800] "GET /news/2214 HTTP/1.1" 200 25950 "-" "Mozilla/5.0 (Macintosh; Intel Mac OS X 10_15_7) AppleWebKit/537.36 (KHTML, like Gecko) Chrome/136.0.0.0 Safari/537.36"
36.133.115.36 - - [15/Mar/2026:23:21:25 +0800] "POST /wp-cron.php?doing_wp_cron=1773588085.9371778964996337890625 HTTP/1.1" 200 31 "-" "WordPress/6.9; http://cqqizhou.com"
31.57.219.162 - - [15/Mar/2026:23:21:25 +0800] "POST /wp-login.php HTTP/1.1" 200 9491 "-" "Mozilla/5.0"
216.244.66.245 - - [15/Mar/2026:23:21:31 +0800] "GET /2163/ HTTP/1.1" 301 5 "-" "Mozilla/5.0 (compatible; DotBot/1.2; +https://opensiteexplorer.org/dotbot; help@moz.com)"
104.28.214.116 - - [15/Mar/2026:23:33:49 +0800] "GET /style.php HTTP/1.1" 404 47 "-" "Go-http-client/1.1"
104.28.214.116 - - [15/Mar/2026:23:33:49 +0800] "GET /wp-content/style.php HTTP/1.1" 404 47 "-" "Go-http-client/1.1"
104.28.214.116 - - [15/Mar/2026:23:33:50 +0800] "GET /wp-content/themes/style.php HTTP/1.1" 404 47 "-" "Go-http-client/1.1"
104.28.214.116 - - [15/Mar/2026:23:33:50 +0800] "GET /wp-admin/style.php HTTP/1.1" 404 47 "-" "Go-http-client/1.1"
104.28.214.116 - - [15/Mar/2026:23:33:50 +0800] "GET /wp-includes/style.php HTTP/1.1" 404 47 "-" "Go-http-client/1.1"
104.28.214.116 - - [15/Mar/2026:23:33:50 +0800] "GET /chosen.php?p= HTTP/1.1" 404 47 "-" "Go-http-client/1.1"
104.28.214.116 - - [15/Mar/2026:23:33:51 +0800] "GET /file.php HTTP/1.1" 404 47 "-" "Go-http-client/1.1"
104.28.214.116 - - [15/Mar/2026:23:33:52 +0800] "GET /flower.php HTTP/1.1" 404 47 "-" "Go-http-client/1.1"
104.28.214.116 - - [15/Mar/2026:23:33:52 +0800] "GET /gifclass.php HTTP/1.1" 404 47 "-" "Go-http-client/1.1"
104.28.214.116 - - [15/Mar/2026:23:33:53 +0800] "GET /bless.php HTTP/1.1" 404 47 "-" "Go-http-client/1.1"
104.28.214.116 - - [15/Mar/2026:23:33:53 +0800] "GET /class-t.api.php HTTP/1.1" 404 47 "-" "Go-http-client/1.1"
104.28.214.116 - - [15/Mar/2026:23:33:53 +0800] "GET /blurbs.php HTTP/1.1" 404 47 "-" "Go-http-client/1.1"
104.28.214.116 - - [15/Mar/2026:23:33:53 +0800] "GET /akcc.php HTTP/1.1" 404 47 "-" "Go-http-client/1.1"
104.28.214.116 - - [15/Mar/2026:23:33:54 +0800] "GET /abcd.php HTTP/1.1" 404 47 "-" "Go-http-client/1.1"
104.28.214.116 - - [15/Mar/2026:23:33:54 +0800] "GET /shelp.php HTTP/1.1" 404 47 "-" "Go-http-client/1.1"
104.28.214.116 - - [15/Mar/2026:23:33:55 +0800] "GET /cord.php HTTP/1.1" 404 47 "-" "Go-http-client/1.1"
104.28.214.116 - - [15/Mar/2026:23:33:58 +0800] "GET /dex.php HTTP/1.1" 404 47 "-" "Go-http-client/1.1"
36.133.115.36 - - [15/Mar/2026:23:33:59 +0800] "POST /wp-cron.php?doing_wp_cron=1773588839.8994588851928710937500 HTTP/1.1" 200 31 "-" "WordPress/6.9; http://cqqizhou.com"
104.28.214.116 - - [15/Mar/2026:23:33:59 +0800] "GET /wp-admin/admin-ajax.php HTTP/1.1" 400 11 "-" "Go-http-client/1.1"
104.28.214.116 - - [15/Mar/2026:23:34:00 +0800] "GET /file2.php HTTP/1.1" 404 47 "-" "Go-http-client/1.1"
104.28.214.116 - - [15/Mar/2026:23:34:00 +0800] "GET //zwso.php HTTP/1.1" 404 47 "-" "Go-http-client/1.1"
104.28.214.116 - - [15/Mar/2026:23:34:00 +0800] "GET /wp-admin/zwso.php HTTP/1.1" 404 47 "-" "Go-http-client/1.1"
104.28.214.116 - - [15/Mar/2026:23:34:02 +0800] "GET /wp-content/plugins/hellopress/wp_mna.php HTTP/1.1" 404 47 "-" "Go-http-client/1.1"
104.28.214.116 - - [15/Mar/2026:23:34:03 +0800] "GET /bolt.php HTTP/1.1" 404 47 "-" "Go-http-client/1.1"
104.28.214.116 - - [15/Mar/2026:23:34:03 +0800] "GET /shlo.php HTTP/1.1" 404 47 "-" "Go-http-client/1.1"
104.28.214.116 - - [15/Mar/2026:23:34:04 +0800] "GET /133.php HTTP/1.1" 404 47 "-" "Go-http-client/1.1"
104.28.214.116 - - [15/Mar/2026:23:34:04 +0800] "GET /ahax.php HTTP/1.1" 404 47 "-" "Go-http-client/1.1"
104.28.214.116 - - [15/Mar/2026:23:34:04 +0800] "GET /php8.php HTTP/1.1" 404 47 "-" "Go-http-client/1.1"
104.28.214.116 - - [15/Mar/2026:23:34:04 +0800] "GET /lufix1.php HTTP/1.1" 404 47 "-" "Go-http-client/1.1"
104.28.214.116 - - [15/Mar/2026:23:34:05 +0800] "GET /witmm.php HTTP/1.1" 404 47 "-" "Go-http-client/1.1"
104.28.214.116 - - [15/Mar/2026:23:34:05 +0800] "GET /wp-admin/css/index.php HTTP/1.1" 404 47 "-" "Go-http-client/1.1"
104.28.214.116 - - [15/Mar/2026:23:34:06 +0800] "GET /wp-content/plugins/index.php HTTP/1.1" 200 31 "-" "Go-http-client/1.1"
104.28.214.116 - - [15/Mar/2026:23:34:06 +0800] "GET /wp-content/index.php HTTP/1.1" 200 31 "-" "Go-http-client/1.1"
104.28.214.116 - - [15/Mar/2026:23:34:06 +0800] "GET /ioxi-o.php HTTP/1.1" 404 47 "-" "Go-http-client/1.1"
104.28.214.116 - - [15/Mar/2026:23:34:07 +0800] "GET /222.php HTTP/1.1" 404 47 "-" "Go-http-client/1.1"
104.28.214.116 - - [15/Mar/2026:23:34:07 +0800] "GET /files.php HTTP/1.1" 404 47 "-" "Go-http-client/1.1"
104.28.214.116 - - [15/Mar/2026:23:34:07 +0800] "GET /wp-editor.php HTTP/1.1" 404 47 "-" "Go-http-client/1.1"
104.28.214.116 - - [15/Mar/2026:23:34:09 +0800] "GET /txets.php HTTP/1.1" 404 47 "-" "Go-http-client/1.1"
104.28.214.116 - - [15/Mar/2026:23:34:09 +0800] "GET /wp-content/txets.php HTTP/1.1" 404 47 "-" "Go-http-client/1.1"
104.28.214.116 - - [15/Mar/2026:23:34:10 +0800] "GET /wp-admin/txets.php HTTP/1.1" 404 47 "-" "Go-http-client/1.1"
104.28.214.116 - - [15/Mar/2026:23:34:10 +0800] "GET /postnews.php HTTP/1.1" 404 47 "-" "Go-http-client/1.1"
104.28.214.116 - - [15/Mar/2026:23:34:11 +0800] "GET /wp-content/postnews.php HTTP/1.1" 404 47 "-" "Go-http-client/1.1"
104.28.214.116 - - [15/Mar/2026:23:34:11 +0800] "GET /wp-admin/postnews.php HTTP/1.1" 404 47 "-" "Go-http-client/1.1"
