HEX
Server: nginx/1.16.1
System: Linux ecs-04358622 4.19.90-2107.6.0.0100.oe1.bclinux.x86_64 #1 SMP Wed Dec 1 19:59:44 CST 2021 x86_64
User: nginx (994)
PHP: 8.0.0
Disabled: NONE
Upload Files
File: /home/logs/cqqizhou_access_2026-02-20.log
36.133.115.36 - - [20/Feb/2026:00:11:10 +0800] "POST /wp-cron.php?doing_wp_cron=1771517470.3805270195007324218750 HTTP/1.1" 200 31 "-" "WordPress/6.9; http://cqqizhou.com"
211.158.235.100 - - [20/Feb/2026:00:11:10 +0800] "HEAD /news/2339 HTTP/1.1" 200 0 "-" "okhttp/3.12.12 SP-engine/3.55.0 Dalvik/2.1.0 (Linux; U; Android 14; V2133A Build/UP1A.231005.007) baiduboxapp/15.48.0.10 (Baidu; P1 14)"
211.158.235.100 - - [20/Feb/2026:00:11:24 +0800] "HEAD /about HTTP/1.1" 200 0 "-" "okhttp/3.12.12 SP-engine/3.55.0 Dalvik/2.1.0 (Linux; U; Android 14; V2133A Build/UP1A.231005.007) baiduboxapp/15.48.0.10 (Baidu; P1 14)"
211.158.235.100 - - [20/Feb/2026:00:11:24 +0800] "HEAD / HTTP/1.1" 200 0 "-" "okhttp/3.12.12 SP-engine/3.55.0 Dalvik/2.1.0 (Linux; U; Android 14; V2133A Build/UP1A.231005.007) baiduboxapp/15.48.0.10 (Baidu; P1 14)"
36.133.115.36 - - [20/Feb/2026:00:16:24 +0800] "POST /wp-cron.php?doing_wp_cron=1771517784.3254721164703369140625 HTTP/1.1" 200 31 "-" "WordPress/6.9; http://cqqizhou.com"
87.120.191.67 - - [20/Feb/2026:00:16:24 +0800] "POST / HTTP/1.1" 200 34805 "-" "Mozilla/5.0 (Windows NT 10.0; Win64; x64) AppleWebKit/537.36"
36.133.115.36 - - [20/Feb/2026:00:22:11 +0800] "POST /wp-cron.php?doing_wp_cron=1771518131.8770918846130371093750 HTTP/1.1" 200 31 "-" "WordPress/6.9; http://cqqizhou.com"
43.167.236.228 - - [20/Feb/2026:00:22:11 +0800] "GET / HTTP/1.1" 301 5 "-" "Mozilla/5.0 (iPhone; CPU iPhone OS 13_2_3 like Mac OS X) AppleWebKit/605.1.15 (KHTML, like Gecko) Version/13.0.3 Mobile/15E148 Safari/604.1"
43.167.236.228 - - [20/Feb/2026:00:22:14 +0800] "GET / HTTP/1.1" 200 34807 "http://36.133.115.36" "Mozilla/5.0 (iPhone; CPU iPhone OS 13_2_3 like Mac OS X) AppleWebKit/605.1.15 (KHTML, like Gecko) Version/13.0.3 Mobile/15E148 Safari/604.1"
36.133.115.36 - - [20/Feb/2026:00:25:24 +0800] "POST /wp-cron.php?doing_wp_cron=1771518324.3442950248718261718750 HTTP/1.1" 200 31 "-" "WordPress/6.9; http://cqqizhou.com"
180.184.79.125 - - [20/Feb/2026:00:25:24 +0800] "GET /news/2339 HTTP/1.1" 200 20641 "-" "Mozilla/5.0 (Linux; Android 10; V1950A; wv) AppleWebKit/537.36 (KHTML, like Gecko) Chrome/62.0.3202.84 Mobile Safari/537.36 VivoBrowser/20.2.3.0"
36.133.115.36 - - [20/Feb/2026:00:26:48 +0800] "POST /wp-cron.php?doing_wp_cron=1771518408.5457870960235595703125 HTTP/1.1" 200 31 "-" "WordPress/6.9; http://cqqizhou.com"
66.249.73.230 - - [20/Feb/2026:00:26:48 +0800] "GET /logistics HTTP/1.1" 200 25052 "-" "Mozilla/5.0 (Linux; Android 6.0.1; Nexus 5X Build/MMB29P) AppleWebKit/537.36 (KHTML, like Gecko) Chrome/144.0.7559.132 Mobile Safari/537.36 (compatible; Googlebot/2.1; +http://www.google.com/bot.html)"
36.133.115.36 - - [20/Feb/2026:00:46:19 +0800] "POST /wp-cron.php?doing_wp_cron=1771519579.3680250644683837890625 HTTP/1.1" 200 31 "-" "WordPress/6.9; http://cqqizhou.com"
49.51.243.95 - - [20/Feb/2026:00:46:19 +0800] "GET /feed HTTP/1.1" 200 64746 "-" "Mozilla/5.0 (iPhone; CPU iPhone OS 13_2_3 like Mac OS X) AppleWebKit/605.1.15 (KHTML, like Gecko) Version/13.0.3 Mobile/15E148 Safari/604.1"
36.133.115.36 - - [20/Feb/2026:00:53:09 +0800] "POST /wp-cron.php?doing_wp_cron=1771519989.8892800807952880859375 HTTP/1.1" 200 31 "-" "WordPress/6.9; http://cqqizhou.com"
27.219.144.250 - - [20/Feb/2026:00:53:09 +0800] "GET /portfolio-category/cold-rolled-coil/ HTTP/1.1" 404 8949 "-" "Mozilla/5.0 (Macintosh; Intel Mac OS X 10_15_7) AppleWebKit/537.36 (KHTML, like Gecko) Chrome/120.0.0.0 Safari/537.36"
36.133.115.36 - - [20/Feb/2026:00:55:55 +0800] "POST /wp-cron.php?doing_wp_cron=1771520155.4199020862579345703125 HTTP/1.1" 200 31 "-" "WordPress/6.9; http://cqqizhou.com"
43.133.220.37 - - [20/Feb/2026:00:55:55 +0800] "GET /news/portfolio/%e5%86%b7%e8%bd%a7%e6%9d%bf HTTP/1.1" 200 18824 "-" "Mozilla/5.0 (iPhone; CPU iPhone OS 13_2_3 like Mac OS X) AppleWebKit/605.1.15 (KHTML, like Gecko) Version/13.0.3 Mobile/15E148 Safari/604.1"
36.133.115.36 - - [20/Feb/2026:00:56:49 +0800] "POST /wp-cron.php?doing_wp_cron=1771520209.8755269050598144531250 HTTP/1.1" 200 31 "-" "WordPress/6.9; http://cqqizhou.com"
66.249.73.230 - - [20/Feb/2026:00:56:49 +0800] "GET /2373/ HTTP/1.1" 301 5 "-" "Mozilla/5.0 (Linux; Android 6.0.1; Nexus 5X Build/MMB29P) AppleWebKit/537.36 (KHTML, like Gecko) Chrome/144.0.7559.132 Mobile Safari/537.36 (compatible; Googlebot/2.1; +http://www.google.com/bot.html)"
66.249.73.230 - - [20/Feb/2026:00:56:51 +0800] "GET /news/2373 HTTP/1.1" 200 22388 "-" "Mozilla/5.0 (Linux; Android 6.0.1; Nexus 5X Build/MMB29P) AppleWebKit/537.36 (KHTML, like Gecko) Chrome/144.0.7559.132 Mobile Safari/537.36 (compatible; Googlebot/2.1; +http://www.google.com/bot.html)"
36.133.115.36 - - [20/Feb/2026:01:02:34 +0800] "POST /wp-cron.php?doing_wp_cron=1771520554.9353339672088623046875 HTTP/1.1" 200 31 "-" "WordPress/6.9; http://cqqizhou.com"
115.210.133.168 - - [20/Feb/2026:01:02:34 +0800] "GET /2418/ HTTP/1.1" 301 5 "-" "Mozilla/5.0 (Windows NT 10.0; Win64; x64) AppleWebKit/537.36 (KHTML, like Gecko) Chrome/110.0.0.0 Safari/537.36"
115.210.133.168 - - [20/Feb/2026:01:02:35 +0800] "GET /news/2418 HTTP/1.1" 200 27446 "-" "Mozilla/5.0 (Windows NT 10.0; Win64; x64) AppleWebKit/537.36 (KHTML, like Gecko) Chrome/110.0.0.0 Safari/537.36"
111.25.18.144 - - [20/Feb/2026:01:02:37 +0800] "GET /2418/ HTTP/1.1" 301 5 "-" "Mozilla/5.0 (Windows NT 10.0; Win64; x64) AppleWebKit/537.36 (KHTML, like Gecko) Chrome/110.0.0.0 Safari/537.36"
36.133.115.36 - - [20/Feb/2026:01:04:18 +0800] "POST /wp-cron.php?doing_wp_cron=1771520658.2905969619750976562500 HTTP/1.1" 200 31 "-" "WordPress/6.9; http://cqqizhou.com"
66.249.73.230 - - [20/Feb/2026:01:04:18 +0800] "GET / HTTP/1.1" 200 34807 "-" "Mozilla/5.0 (Linux; Android 6.0.1; Nexus 5X Build/MMB29P) AppleWebKit/537.36 (KHTML, like Gecko) Chrome/144.0.7559.132 Mobile Safari/537.36 (compatible; Googlebot/2.1; +http://www.google.com/bot.html)"
164.52.24.178 - - [20/Feb/2026:01:04:38 +0800] "GET / HTTP/1.1" 301 5 "-" "Mozilla/5.0 (Windows NT 10.0; Win64; x64) AppleWebKit/537.36 (KHTML, like Gecko) Chrome/143.0.0.0 Safari/537.36"
164.52.24.178 - - [20/Feb/2026:01:04:56 +0800] "GET / HTTP/1.1" 200 109791 "-" "Mozilla/5.0 (Windows NT 10.0; Win64; x64) AppleWebKit/537.36 (KHTML, like Gecko) Chrome/143.0.0.0 Safari/537.36"
92.222.104.192 - - [20/Feb/2026:01:08:56 +0800] "GET / HTTP/1.1" 200 35253 "-" "Mozilla/5.0 (compatible; AhrefsBot/7.0; +http://ahrefs.com/robot/)"
20.188.56.166 - - [20/Feb/2026:01:09:57 +0800] "GET /wp-content/plugins/hellopress/wp_filemanager.php HTTP/1.1" 404 27 "-" "-"
20.188.56.166 - - [20/Feb/2026:01:09:57 +0800] "GET /tfm.php HTTP/1.1" 404 27 "-" "-"
20.188.56.166 - - [20/Feb/2026:01:09:57 +0800] "GET /wp-blogs.php HTTP/1.1" 404 27 "-" "-"
20.188.56.166 - - [20/Feb/2026:01:09:57 +0800] "GET /amp.php HTTP/1.1" 404 27 "-" "-"
20.188.56.166 - - [20/Feb/2026:01:09:58 +0800] "GET /666.php HTTP/1.1" 404 27 "-" "-"
20.188.56.166 - - [20/Feb/2026:01:09:58 +0800] "GET /asax.php HTTP/1.1" 404 27 "-" "-"
20.188.56.166 - - [20/Feb/2026:01:09:58 +0800] "GET /init.php HTTP/1.1" 404 27 "-" "-"
20.188.56.166 - - [20/Feb/2026:01:09:58 +0800] "GET /bootstrap.php HTTP/1.1" 404 27 "-" "-"
20.188.56.166 - - [20/Feb/2026:01:09:59 +0800] "GET /sc.php HTTP/1.1" 404 27 "-" "-"
20.188.56.166 - - [20/Feb/2026:01:09:59 +0800] "GET /term.php HTTP/1.1" 404 27 "-" "-"
20.188.56.166 - - [20/Feb/2026:01:09:59 +0800] "GET /global.php HTTP/1.1" 404 27 "-" "-"
20.188.56.166 - - [20/Feb/2026:01:09:59 +0800] "GET /black.php HTTP/1.1" 404 27 "-" "-"
20.188.56.166 - - [20/Feb/2026:01:09:59 +0800] "GET /222.php HTTP/1.1" 404 27 "-" "-"
20.188.56.166 - - [20/Feb/2026:01:10:00 +0800] "GET /t.php HTTP/1.1" 404 27 "-" "-"
20.188.56.166 - - [20/Feb/2026:01:10:00 +0800] "GET /lib.php HTTP/1.1" 404 27 "-" "-"
20.188.56.166 - - [20/Feb/2026:01:10:00 +0800] "GET /asus.php HTTP/1.1" 404 27 "-" "-"
20.188.56.166 - - [20/Feb/2026:01:10:00 +0800] "GET /dox.php HTTP/1.1" 404 27 "-" "-"
20.188.56.166 - - [20/Feb/2026:01:10:01 +0800] "GET /s.php HTTP/1.1" 404 27 "-" "-"
20.188.56.166 - - [20/Feb/2026:01:10:01 +0800] "GET /file.php HTTP/1.1" 404 27 "-" "-"
20.188.56.166 - - [20/Feb/2026:01:10:01 +0800] "GET /bolt.php HTTP/1.1" 404 27 "-" "-"
20.188.56.166 - - [20/Feb/2026:01:10:01 +0800] "GET /166.php HTTP/1.1" 404 27 "-" "-"
20.188.56.166 - - [20/Feb/2026:01:10:01 +0800] "GET /wen.php HTTP/1.1" 404 27 "-" "-"
20.188.56.166 - - [20/Feb/2026:01:10:02 +0800] "GET /wp-act.php HTTP/1.1" 404 27 "-" "-"
20.188.56.166 - - [20/Feb/2026:01:10:02 +0800] "GET /ff1.php HTTP/1.1" 404 27 "-" "-"
20.188.56.166 - - [20/Feb/2026:01:10:02 +0800] "GET /66.php HTTP/1.1" 404 27 "-" "-"
20.188.56.166 - - [20/Feb/2026:01:10:02 +0800] "GET /ws66.php HTTP/1.1" 404 27 "-" "-"
20.188.56.166 - - [20/Feb/2026:01:10:03 +0800] "GET /bgymj.php HTTP/1.1" 404 27 "-" "-"
20.188.56.166 - - [20/Feb/2026:01:10:03 +0800] "GET /24.php HTTP/1.1" 404 27 "-" "-"
20.188.56.166 - - [20/Feb/2026:01:10:03 +0800] "GET /h02ugyh.php HTTP/1.1" 404 27 "-" "-"
20.188.56.166 - - [20/Feb/2026:01:10:03 +0800] "GET /a4.php HTTP/1.1" 404 27 "-" "-"
20.188.56.166 - - [20/Feb/2026:01:10:03 +0800] "GET /inputs.php HTTP/1.1" 404 27 "-" "-"
20.188.56.166 - - [20/Feb/2026:01:10:04 +0800] "GET /gfd.php HTTP/1.1" 404 27 "-" "-"
20.188.56.166 - - [20/Feb/2026:01:10:04 +0800] "GET /wp-content/radio.php HTTP/1.1" 404 27 "-" "-"
20.188.56.166 - - [20/Feb/2026:01:10:04 +0800] "GET /wefile.php HTTP/1.1" 404 27 "-" "-"
20.188.56.166 - - [20/Feb/2026:01:10:04 +0800] "GET /55.php HTTP/1.1" 404 27 "-" "-"
20.188.56.166 - - [20/Feb/2026:01:10:05 +0800] "GET /vx.php HTTP/1.1" 404 27 "-" "-"
20.188.56.166 - - [20/Feb/2026:01:10:05 +0800] "GET /edit-tags.php HTTP/1.1" 404 27 "-" "-"
20.188.56.166 - - [20/Feb/2026:01:10:05 +0800] "GET /ioxi-o.php HTTP/1.1" 404 27 "-" "-"
20.188.56.166 - - [20/Feb/2026:01:10:05 +0800] "GET /155.php HTTP/1.1" 404 27 "-" "-"
20.188.56.166 - - [20/Feb/2026:01:10:05 +0800] "GET /core.php HTTP/1.1" 404 27 "-" "-"
20.188.56.166 - - [20/Feb/2026:01:10:06 +0800] "GET /ccs.php HTTP/1.1" 404 27 "-" "-"
20.188.56.166 - - [20/Feb/2026:01:10:06 +0800] "GET /apk.php HTTP/1.1" 404 27 "-" "-"
20.188.56.166 - - [20/Feb/2026:01:10:06 +0800] "GET /bnm.php HTTP/1.1" 404 27 "-" "-"
20.188.56.166 - - [20/Feb/2026:01:10:06 +0800] "GET /gettest.php HTTP/1.1" 404 27 "-" "-"
20.188.56.166 - - [20/Feb/2026:01:10:07 +0800] "GET /edit.php HTTP/1.1" 404 27 "-" "-"
20.188.56.166 - - [20/Feb/2026:01:10:07 +0800] "GET /sid3.php HTTP/1.1" 404 27 "-" "-"
20.188.56.166 - - [20/Feb/2026:01:10:07 +0800] "GET /abc.php HTTP/1.1" 404 27 "-" "-"
20.188.56.166 - - [20/Feb/2026:01:10:07 +0800] "GET /admin-footer.php HTTP/1.1" 404 27 "-" "-"
20.188.56.166 - - [20/Feb/2026:01:10:08 +0800] "GET /wp-p2r3q9c8k4.php HTTP/1.1" 404 27 "-" "-"
20.188.56.166 - - [20/Feb/2026:01:10:08 +0800] "GET /jga.php HTTP/1.1" 404 27 "-" "-"
20.188.56.166 - - [20/Feb/2026:01:10:08 +0800] "GET /tool.php HTTP/1.1" 404 27 "-" "-"
20.188.56.166 - - [20/Feb/2026:01:10:08 +0800] "GET /ms.php HTTP/1.1" 404 27 "-" "-"
20.188.56.166 - - [20/Feb/2026:01:10:09 +0800] "GET /xxw.php HTTP/1.1" 404 27 "-" "-"
20.188.56.166 - - [20/Feb/2026:01:10:09 +0800] "GET /callback.php HTTP/1.1" 404 27 "-" "-"
20.188.56.166 - - [20/Feb/2026:01:10:09 +0800] "GET /logs.php HTTP/1.1" 404 27 "-" "-"
20.188.56.166 - - [20/Feb/2026:01:10:09 +0800] "GET /aboutc.php HTTP/1.1" 404 27 "-" "-"
20.188.56.166 - - [20/Feb/2026:01:10:10 +0800] "GET /ajax.php HTTP/1.1" 404 27 "-" "-"
20.188.56.166 - - [20/Feb/2026:01:10:10 +0800] "GET /xr.php HTTP/1.1" 404 27 "-" "-"
20.188.56.166 - - [20/Feb/2026:01:10:10 +0800] "GET /ff.php HTTP/1.1" 404 27 "-" "-"
20.188.56.166 - - [20/Feb/2026:01:10:10 +0800] "GET /aaa.php HTTP/1.1" 404 27 "-" "-"
20.188.56.166 - - [20/Feb/2026:01:10:11 +0800] "GET /RIP.php HTTP/1.1" 404 27 "-" "-"
20.188.56.166 - - [20/Feb/2026:01:10:11 +0800] "GET /knme.php HTTP/1.1" 404 27 "-" "-"
20.188.56.166 - - [20/Feb/2026:01:10:11 +0800] "GET /ws71.php HTTP/1.1" 404 27 "-" "-"
20.188.56.166 - - [20/Feb/2026:01:10:11 +0800] "GET /ws67.php HTTP/1.1" 404 27 "-" "-"
20.188.56.166 - - [20/Feb/2026:01:10:12 +0800] "GET /momo.php HTTP/1.1" 404 27 "-" "-"
36.133.115.36 - - [20/Feb/2026:01:15:01 +0800] "POST /wp-cron.php?doing_wp_cron=1771521301.7087309360504150390625 HTTP/1.1" 200 31 "-" "WordPress/6.9; http://cqqizhou.com"
5.61.209.92 - - [20/Feb/2026:01:15:01 +0800] "GET /SDK/webLanguage HTTP/1.1" 301 5 "-" "Mozilla/5.0 (Windows NT 10.0; Win64; x64) AppleWebKit/537.36 (KHTML, like Gecko) Chrome/90.0.4430.85 Safari/537.36 Edg/90.0.818.46"
36.133.115.36 - - [20/Feb/2026:01:16:32 +0800] "POST /wp-cron.php?doing_wp_cron=1771521392.8946239948272705078125 HTTP/1.1" 200 31 "-" "WordPress/6.9; http://cqqizhou.com"
43.165.67.57 - - [20/Feb/2026:01:16:32 +0800] "GET /news/portfolio-category/hot-dip-galvanized-coil HTTP/1.1" 200 17827 "-" "Mozilla/5.0 (iPhone; CPU iPhone OS 13_2_3 like Mac OS X) AppleWebKit/605.1.15 (KHTML, like Gecko) Version/13.0.3 Mobile/15E148 Safari/604.1"
17.246.15.174 - - [20/Feb/2026:01:16:33 +0800] "GET /contacts HTTP/1.1" 200 21637 "-" "Mozilla/5.0 (Macintosh; Intel Mac OS X 10_15_7) AppleWebKit/605.1.15 (KHTML, like Gecko) Version/17.4 Safari/605.1.15 (Applebot/0.1; +http://www.apple.com/go/applebot)"
36.133.115.36 - - [20/Feb/2026:01:24:31 +0800] "POST /wp-cron.php?doing_wp_cron=1771521871.6364290714263916015625 HTTP/1.1" 200 31 "-" "WordPress/6.9; http://cqqizhou.com"
51.68.111.216 - - [20/Feb/2026:01:24:31 +0800] "GET /robots.txt HTTP/1.1" 200 190 "-" "Mozilla/5.0 (compatible; MJ12bot/v2.0.4; http://mj12bot.com/)"
51.68.111.216 - - [20/Feb/2026:01:24:32 +0800] "GET / HTTP/1.1" 200 35253 "-" "Mozilla/5.0 (compatible; MJ12bot/v2.0.4; http://mj12bot.com/)"
36.133.115.36 - - [20/Feb/2026:01:25:39 +0800] "POST /wp-cron.php?doing_wp_cron=1771521938.9807889461517333984375 HTTP/1.1" 200 31 "-" "WordPress/6.9; http://cqqizhou.com"
170.106.113.235 - - [20/Feb/2026:01:25:39 +0800] "GET /news/portfolio/remaining-rolls HTTP/1.1" 200 18793 "-" "Mozilla/5.0 (iPhone; CPU iPhone OS 13_2_3 like Mac OS X) AppleWebKit/605.1.15 (KHTML, like Gecko) Version/13.0.3 Mobile/15E148 Safari/604.1"
36.133.115.36 - - [20/Feb/2026:01:26:53 +0800] "POST /wp-cron.php?doing_wp_cron=1771522013.5231831073760986328125 HTTP/1.1" 200 31 "-" "WordPress/6.9; http://cqqizhou.com"
115.159.33.43 - - [20/Feb/2026:01:26:53 +0800] "GET / HTTP/1.1" 301 5 "-" "Mozilla/5.0 (Windows NT 10.0; Win64; x64) AppleWebKit/537.36 (KHTML, like Gecko) Chrome/79.0.3945.117 Safari/537.36"
36.133.115.36 - - [20/Feb/2026:01:36:26 +0800] "POST /wp-cron.php?doing_wp_cron=1771522586.9091329574584960937500 HTTP/1.1" 200 31 "-" "WordPress/6.9; http://cqqizhou.com"
43.157.153.236 - - [20/Feb/2026:01:36:26 +0800] "GET /news/2496 HTTP/1.1" 200 24086 "-" "Mozilla/5.0 (iPhone; CPU iPhone OS 13_2_3 like Mac OS X) AppleWebKit/605.1.15 (KHTML, like Gecko) Version/13.0.3 Mobile/15E148 Safari/604.1"
220.181.108.147 - - [20/Feb/2026:01:36:58 +0800] "GET /wp-content/uploads/2025/07/1753453127-%D3%E0%BE%EDproduct_Single600%A1%C1284.webp HTTP/1.1" 404 31365 "-" "Mozilla/5.0 (compatible; Baiduspider/2.0; +http://www.baidu.com/search/spider.html)"
220.181.108.110 - - [20/Feb/2026:01:36:59 +0800] "GET /wp-content/uploads/2025/07/1753456723-%CB%AB%CF%E0%B8%D6roduct_Single600.webp HTTP/1.1" 404 31365 "-" "Mozilla/5.0 (compatible; Baiduspider/2.0; +http://www.baidu.com/search/spider.html)"
220.181.108.156 - - [20/Feb/2026:01:36:59 +0800] "GET /wp-content/uploads/2025/07/1753456770-%C8%C8%B6%C6%D0%BF%BE%EDproduct_Single600.webp HTTP/1.1" 404 31365 "-" "Mozilla/5.0 (compatible; Baiduspider/2.0; +http://www.baidu.com/search/spider.html)"
220.181.108.80 - - [20/Feb/2026:01:37:00 +0800] "GET /wp-content/uploads/2025/07/1753453096-%CB%AB%CF%E0%B8%D6product_Single600%A1%C1284.webp HTTP/1.1" 404 31365 "-" "Mozilla/5.0 (compatible; Baiduspider/2.0; +http://www.baidu.com/search/spider.html)"
36.133.115.36 - - [20/Feb/2026:01:38:29 +0800] "POST /wp-cron.php?doing_wp_cron=1771522709.6720199584960937500000 HTTP/1.1" 200 31 "-" "WordPress/6.9; http://cqqizhou.com"
17.246.23.14 - - [20/Feb/2026:01:38:29 +0800] "GET /portfolio/remaining-rolls/ HTTP/1.1" 301 5 "-" "Mozilla/5.0 (Macintosh; Intel Mac OS X 10_15_7) AppleWebKit/605.1.15 (KHTML, like Gecko) Version/17.4 Safari/605.1.15 (Applebot/0.1; +http://www.apple.com/go/applebot)"
17.246.23.14 - - [20/Feb/2026:01:38:29 +0800] "GET /news/portfolio/remaining-rolls HTTP/1.1" 200 22265 "-" "Mozilla/5.0 (Macintosh; Intel Mac OS X 10_15_7) AppleWebKit/605.1.15 (KHTML, like Gecko) Version/17.4 Safari/605.1.15 (Applebot/0.1; +http://www.apple.com/go/applebot)"
92.222.104.192 - - [20/Feb/2026:01:38:59 +0800] "GET /news/2339 HTTP/1.1" 304 0 "-" "Mozilla/5.0 (compatible; AhrefsBot/7.0; +http://ahrefs.com/robot/)"
36.133.115.36 - - [20/Feb/2026:01:41:48 +0800] "POST /wp-cron.php?doing_wp_cron=1771522908.3783791065216064453125 HTTP/1.1" 200 31 "-" "WordPress/6.9; http://cqqizhou.com"
66.249.73.230 - - [20/Feb/2026:01:41:48 +0800] "GET /2418/ HTTP/1.1" 301 5 "-" "Mozilla/5.0 (Linux; Android 6.0.1; Nexus 5X Build/MMB29P) AppleWebKit/537.36 (KHTML, like Gecko) Chrome/144.0.7559.132 Mobile Safari/537.36 (compatible; Googlebot/2.1; +http://www.google.com/bot.html)"
66.249.73.232 - - [20/Feb/2026:01:41:49 +0800] "GET /news/2418 HTTP/1.1" 200 23391 "-" "Mozilla/5.0 (Linux; Android 6.0.1; Nexus 5X Build/MMB29P) AppleWebKit/537.36 (KHTML, like Gecko) Chrome/144.0.7559.132 Mobile Safari/537.36 (compatible; Googlebot/2.1; +http://www.google.com/bot.html)"
48.192.92.23 - - [20/Feb/2026:01:42:40 +0800] "GET /contacts HTTP/1.1" 200 21637 "-" "Mozilla/5.0 (Windows NT 10.0; Win64; x64) AppleWebKit/537.36 (KHTML, like Gecko) Chrome/131.0.0.0 Safari/537.36 Edg/131.0.0.0"
36.133.115.36 - - [20/Feb/2026:01:46:58 +0800] "POST /wp-cron.php?doing_wp_cron=1771523218.1083168983459472656250 HTTP/1.1" 200 31 "-" "WordPress/6.9; http://cqqizhou.com"
43.164.197.177 - - [20/Feb/2026:01:46:58 +0800] "GET /news/2486 HTTP/1.1" 200 20019 "-" "Mozilla/5.0 (iPhone; CPU iPhone OS 13_2_3 like Mac OS X) AppleWebKit/605.1.15 (KHTML, like Gecko) Version/13.0.3 Mobile/15E148 Safari/604.1"
36.133.115.36 - - [20/Feb/2026:01:51:54 +0800] "POST /wp-cron.php?doing_wp_cron=1771523514.2251920700073242187500 HTTP/1.1" 200 31 "-" "WordPress/6.9; http://cqqizhou.com"
17.241.219.73 - - [20/Feb/2026:01:51:54 +0800] "GET /robots.txt HTTP/1.1" 200 190 "-" "Mozilla/5.0 (Macintosh; Intel Mac OS X 10_15_7) AppleWebKit/605.1.15 (KHTML, like Gecko) Version/17.4 Safari/605.1.15 (Applebot/0.1; +http://www.apple.com/go/applebot)"
17.241.219.73 - - [20/Feb/2026:01:51:54 +0800] "GET /news/2502 HTTP/1.1" 200 24663 "-" "Mozilla/5.0 (Macintosh; Intel Mac OS X 10_15_7) AppleWebKit/605.1.15 (KHTML, like Gecko) Version/17.4 Safari/605.1.15 (Applebot/0.1; +http://www.apple.com/go/applebot)"
36.133.115.36 - - [20/Feb/2026:01:56:35 +0800] "POST /wp-cron.php?doing_wp_cron=1771523795.5006730556488037109375 HTTP/1.1" 200 31 "-" "WordPress/6.9; http://cqqizhou.com"
43.154.140.188 - - [20/Feb/2026:01:56:35 +0800] "GET /news/portfolio/duplex-stainless-steel HTTP/1.1" 200 18774 "-" "Mozilla/5.0 (iPhone; CPU iPhone OS 13_2_3 like Mac OS X) AppleWebKit/605.1.15 (KHTML, like Gecko) Version/13.0.3 Mobile/15E148 Safari/604.1"
36.133.115.36 - - [20/Feb/2026:01:57:25 +0800] "POST /wp-cron.php?doing_wp_cron=1771523845.1395978927612304687500 HTTP/1.1" 200 31 "-" "WordPress/6.9; http://cqqizhou.com"
121.196.222.241 - - [20/Feb/2026:01:57:25 +0800] "GET / HTTP/1.0" 301 0 "-" "-"
121.196.222.241 - - [20/Feb/2026:01:57:35 +0800] "GET / HTTP/1.0" 301 0 "-" "-"
121.196.222.241 - - [20/Feb/2026:01:57:35 +0800] "GET /nmaplowercheck1771523847 HTTP/1.1" 404 31365 "-" "Mozilla/5.0 (compatible; Nmap Scripting Engine; https://nmap.org/book/nse.html)"
121.196.222.241 - - [20/Feb/2026:01:57:36 +0800] "POST /sdk HTTP/1.1" 404 31365 "-" "Mozilla/5.0 (compatible; Nmap Scripting Engine; https://nmap.org/book/nse.html)"
121.196.222.241 - - [20/Feb/2026:01:57:36 +0800] "GET /HNAP1 HTTP/1.1" 404 31365 "-" "Mozilla/5.0 (compatible; Nmap Scripting Engine; https://nmap.org/book/nse.html)"
121.196.222.241 - - [20/Feb/2026:01:57:36 +0800] "GET /evox/about HTTP/1.1" 404 31365 "-" "Mozilla/5.0 (compatible; Nmap Scripting Engine; https://nmap.org/book/nse.html)"
121.196.222.241 - - [20/Feb/2026:01:57:56 +0800] "GET / HTTP/1.0" 301 0 "-" "-"
121.196.222.241 - - [20/Feb/2026:01:57:56 +0800] "GET / HTTP/1.1" 301 5 "-" "-"
36.133.115.36 - - [20/Feb/2026:02:06:20 +0800] "POST /wp-cron.php?doing_wp_cron=1771524380.8004400730133056640625 HTTP/1.1" 200 31 "-" "WordPress/6.9; http://cqqizhou.com"
43.130.74.193 - - [20/Feb/2026:02:06:20 +0800] "GET /about HTTP/1.1" 200 24154 "-" "Mozilla/5.0 (iPhone; CPU iPhone OS 13_2_3 like Mac OS X) AppleWebKit/605.1.15 (KHTML, like Gecko) Version/13.0.3 Mobile/15E148 Safari/604.1"
36.133.115.36 - - [20/Feb/2026:02:07:14 +0800] "POST /wp-cron.php?doing_wp_cron=1771524434.7523090839385986328125 HTTP/1.1" 200 31 "-" "WordPress/6.9; http://cqqizhou.com"
15.235.96.119 - - [20/Feb/2026:02:07:14 +0800] "GET /robots.txt HTTP/1.1" 200 190 "-" "Mozilla/5.0 (compatible; AhrefsBot/7.0; +http://ahrefs.com/robot/)"
176.31.139.18 - - [20/Feb/2026:02:07:20 +0800] "GET /portfolio/%E5%86%B7%E8%BD%A7%E5%8D%B7/ HTTP/1.1" 301 5 "-" "Mozilla/5.0 (compatible; AhrefsBot/7.0; +http://ahrefs.com/robot/)"
36.133.115.36 - - [20/Feb/2026:02:09:51 +0800] "POST /wp-cron.php?doing_wp_cron=1771524591.8680241107940673828125 HTTP/1.1" 200 31 "-" "WordPress/6.9; http://cqqizhou.com"
110.245.167.89 - - [20/Feb/2026:02:09:51 +0800] "GET /contacts/ HTTP/1.1" 301 5 "-" "Mozilla/5.0 (Windows NT 10.0; Win64; x64) AppleWebKit/537.36 (KHTML, like Gecko) Chrome/136.0.0.0 Safari/537.36"
110.245.167.89 - - [20/Feb/2026:02:09:52 +0800] "GET http://cqqizhou.com/contacts HTTP/1.1" 200 21637 "-" "Mozilla/5.0 (Windows NT 10.0; Win64; x64) AppleWebKit/537.36 (KHTML, like Gecko) Chrome/136.0.0.0 Safari/537.36"
36.133.115.36 - - [20/Feb/2026:02:16:40 +0800] "POST /wp-cron.php?doing_wp_cron=1771525000.4552369117736816406250 HTTP/1.1" 200 31 "-" "WordPress/6.9; http://cqqizhou.com"
43.166.253.94 - - [20/Feb/2026:02:16:40 +0800] "GET /news/portfolio HTTP/1.1" 200 17122 "-" "Mozilla/5.0 (iPhone; CPU iPhone OS 13_2_3 like Mac OS X) AppleWebKit/605.1.15 (KHTML, like Gecko) Version/13.0.3 Mobile/15E148 Safari/604.1"
36.133.115.36 - - [20/Feb/2026:02:19:18 +0800] "POST /wp-cron.php?doing_wp_cron=1771525158.5305509567260742187500 HTTP/1.1" 200 31 "-" "WordPress/6.9; http://cqqizhou.com"
66.249.73.232 - - [20/Feb/2026:02:19:18 +0800] "GET /news/portfolio/duplex-stainless-steel HTTP/1.1" 200 18774 "-" "Mozilla/5.0 (Linux; Android 6.0.1; Nexus 5X Build/MMB29P) AppleWebKit/537.36 (KHTML, like Gecko) Chrome/144.0.7559.132 Mobile Safari/537.36 (compatible; Googlebot/2.1; +http://www.google.com/bot.html)"
36.133.115.36 - - [20/Feb/2026:02:26:55 +0800] "POST /wp-cron.php?doing_wp_cron=1771525615.2764348983764648437500 HTTP/1.1" 200 31 "-" "WordPress/6.9; http://cqqizhou.com"
170.106.65.93 - - [20/Feb/2026:02:26:55 +0800] "GET /club/ HTTP/1.1" 301 5 "-" "Mozilla/5.0 (iPhone; CPU iPhone OS 13_2_3 like Mac OS X) AppleWebKit/605.1.15 (KHTML, like Gecko) Version/13.0.3 Mobile/15E148 Safari/604.1"
170.106.65.93 - - [20/Feb/2026:02:26:58 +0800] "GET /club HTTP/1.1" 200 11903 "http://cqqizhou.com/club/" "Mozilla/5.0 (iPhone; CPU iPhone OS 13_2_3 like Mac OS X) AppleWebKit/605.1.15 (KHTML, like Gecko) Version/13.0.3 Mobile/15E148 Safari/604.1"
5.9.120.8 - - [20/Feb/2026:02:27:04 +0800] "GET /robots.txt HTTP/1.1" 200 190 "-" "Mozilla/5.0 (compatible; SERankingBacklinksBot/1.0; +https://seranking.com/backlinks-crawler)"
5.9.120.8 - - [20/Feb/2026:02:27:05 +0800] "GET /wp-sitemap.xml HTTP/1.1" 501 253 "-" "Mozilla/5.0 (compatible; SERankingBacklinksBot/1.0; +https://seranking.com/backlinks-crawler)"
36.133.115.36 - - [20/Feb/2026:02:34:06 +0800] "POST /wp-cron.php?doing_wp_cron=1771526046.8393750190734863281250 HTTP/1.1" 200 31 "-" "WordPress/6.9; http://cqqizhou.com"
176.31.139.30 - - [20/Feb/2026:02:34:06 +0800] "GET /media/5 HTTP/1.1" 200 26171 "-" "Mozilla/5.0 (compatible; AhrefsBot/7.0; +http://ahrefs.com/robot/)"
36.133.115.36 - - [20/Feb/2026:02:36:49 +0800] "POST /wp-cron.php?doing_wp_cron=1771526209.5273659229278564453125 HTTP/1.1" 200 31 "-" "WordPress/6.9; http://cqqizhou.com"
43.167.157.80 - - [20/Feb/2026:02:36:49 +0800] "GET /work-safety HTTP/1.1" 200 18965 "-" "Mozilla/5.0 (iPhone; CPU iPhone OS 13_2_3 like Mac OS X) AppleWebKit/605.1.15 (KHTML, like Gecko) Version/13.0.3 Mobile/15E148 Safari/604.1"
17.241.75.83 - - [20/Feb/2026:02:42:42 +0800] "GET /news/2496 HTTP/1.1" 200 28093 "-" "Mozilla/5.0 (Macintosh; Intel Mac OS X 10_15_7) AppleWebKit/605.1.15 (KHTML, like Gecko) Version/17.4 Safari/605.1.15 (Applebot/0.1; +http://www.apple.com/go/applebot)"
36.133.115.36 - - [20/Feb/2026:02:46:27 +0800] "POST /wp-cron.php?doing_wp_cron=1771526787.4412429332733154296875 HTTP/1.1" 200 31 "-" "WordPress/6.9; http://cqqizhou.com"
43.153.122.30 - - [20/Feb/2026:02:46:27 +0800] "GET /wp-content/uploads/2026/02/1770341652-2026251Article_images_W900 HTTP/1.1" 404 8949 "-" "Mozilla/5.0 (iPhone; CPU iPhone OS 13_2_3 like Mac OS X) AppleWebKit/605.1.15 (KHTML, like Gecko) Version/13.0.3 Mobile/15E148 Safari/604.1"
36.133.115.36 - - [20/Feb/2026:02:56:48 +0800] "POST /wp-cron.php?doing_wp_cron=1771527408.5765500068664550781250 HTTP/1.1" 200 31 "-" "WordPress/6.9; http://cqqizhou.com"
66.249.73.231 - - [20/Feb/2026:02:56:48 +0800] "GET /services HTTP/1.1" 200 25875 "-" "Mozilla/5.0 (Linux; Android 6.0.1; Nexus 5X Build/MMB29P) AppleWebKit/537.36 (KHTML, like Gecko) Chrome/144.0.7559.132 Mobile Safari/537.36 (compatible; Googlebot/2.1; +http://www.google.com/bot.html)"
36.133.115.36 - - [20/Feb/2026:03:03:26 +0800] "POST /wp-cron.php?doing_wp_cron=1771527806.5222120285034179687500 HTTP/1.1" 200 31 "-" "WordPress/6.9; http://cqqizhou.com"
176.65.132.94 - - [20/Feb/2026:03:03:28 +0800] "POST / HTTP/1.1" 200 34807 "-" "Mozilla/5.0 (Windows NT 10.0; Win64; x64) AppleWebKit/537.36"
92.222.108.106 - - [20/Feb/2026:03:07:45 +0800] "GET /news/2231 HTTP/1.1" 304 0 "-" "Mozilla/5.0 (compatible; AhrefsBot/7.0; +http://ahrefs.com/robot/)"
49.51.166.228 - - [20/Feb/2026:03:08:25 +0800] "GET /wp-content/uploads/2025/07/1750649193-qizhou1920x1080_5.webp HTTP/1.1" 200 110214 "-" "Mozilla/5.0 (iPhone; CPU iPhone OS 13_2_3 like Mac OS X) AppleWebKit/605.1.15 (KHTML, like Gecko) Version/13.0.3 Mobile/15E148 Safari/604.1"
36.133.115.36 - - [20/Feb/2026:03:16:38 +0800] "POST /wp-cron.php?doing_wp_cron=1771528598.0780210494995117187500 HTTP/1.1" 200 31 "-" "WordPress/6.9; http://cqqizhou.com"
110.80.135.11 - - [20/Feb/2026:03:16:38 +0800] "GET / HTTP/1.1" 301 5 "-" "-"
110.80.135.11 - - [20/Feb/2026:03:16:38 +0800] "GET / HTTP/1.1" 200 158728 "-" "-"
43.165.135.242 - - [20/Feb/2026:03:16:43 +0800] "GET / HTTP/1.1" 200 34807 "-" "Mozilla/5.0 (iPhone; CPU iPhone OS 13_2_3 like Mac OS X) AppleWebKit/605.1.15 (KHTML, like Gecko) Version/13.0.3 Mobile/15E148 Safari/604.1"
36.133.115.36 - - [20/Feb/2026:03:17:32 +0800] "POST /wp-cron.php?doing_wp_cron=1771528652.0950798988342285156250 HTTP/1.1" 200 31 "-" "WordPress/6.9; http://cqqizhou.com"
43.159.138.217 - - [20/Feb/2026:03:17:32 +0800] "GET /wp-content/uploads/2025/07/1753451773- HTTP/1.1" 404 8949 "-" "Mozilla/5.0 (iPhone; CPU iPhone OS 13_2_3 like Mac OS X) AppleWebKit/605.1.15 (KHTML, like Gecko) Version/13.0.3 Mobile/15E148 Safari/604.1"
36.133.115.36 - - [20/Feb/2026:03:23:23 +0800] "POST /wp-cron.php?doing_wp_cron=1771529003.3651309013366699218750 HTTP/1.1" 200 31 "-" "WordPress/6.9; http://cqqizhou.com"
114.237.68.45 - - [20/Feb/2026:03:23:23 +0800] "GET /contacts/ HTTP/1.1" 301 5 "-" "Mozilla/5.0 (Windows NT 10.0; Win64; x64) AppleWebKit/537.36 (KHTML, like Gecko) Chrome/136.0.0.0 Safari/537.36"
114.237.68.45 - - [20/Feb/2026:03:23:23 +0800] "GET http://cqqizhou.com/contacts HTTP/1.1" 200 21637 "-" "Mozilla/5.0 (Windows NT 10.0; Win64; x64) AppleWebKit/537.36 (KHTML, like Gecko) Chrome/136.0.0.0 Safari/537.36"
27.115.124.6 - - [20/Feb/2026:03:23:39 +0800] "GET / HTTP/1.1" 200 34807 "-" "Mozilla/5.0 (Linux; Android 10; HUAWEI P30 Pro) AppleWebKit/537.36 (KHTML, like Gecko) Chrome/89.0.4389.105 Mobile Safari/537.36"
27.115.124.70 - - [20/Feb/2026:03:23:40 +0800] "GET /wp-content/uploads/2025/07/1751425283-qizhou.kf_.qq_.com_.webp HTTP/1.1" 200 16864 "http://cqqizhou.com/" "Mozilla/5.0 (Linux; Android 10; HUAWEI P30 Pro) AppleWebKit/537.36 (KHTML, like Gecko) Chrome/89.0.4389.105 Mobile Safari/537.36"
27.115.124.53 - - [20/Feb/2026:03:23:40 +0800] "GET /wp-content/uploads/2025/07/1753456723-%E5%8F%8C%E7%9B%B8%E9%92%A2roduct_Single600.webp HTTP/1.1" 200 22790 "http://cqqizhou.com/" "Mozilla/5.0 (Linux; Android 10; HUAWEI P30 Pro) AppleWebKit/537.36 (KHTML, like Gecko) Chrome/89.0.4389.105 Mobile Safari/537.36"
27.115.124.109 - - [20/Feb/2026:03:23:40 +0800] "GET /wp-content/uploads/2025/07/1753453096-%E5%8F%8C%E7%9B%B8%E9%92%A2product_Single600%C3%97284.webp HTTP/1.1" 200 14562 "http://cqqizhou.com/" "Mozilla/5.0 (Linux; Android 10; HUAWEI P30 Pro) AppleWebKit/537.36 (KHTML, like Gecko) Chrome/89.0.4389.105 Mobile Safari/537.36"
27.115.124.70 - - [20/Feb/2026:03:23:40 +0800] "GET /wp-content/uploads/2025/07/1753453127-%E4%BD%99%E5%8D%B7product_Single600%C3%97284.webp HTTP/1.1" 200 18744 "http://cqqizhou.com/" "Mozilla/5.0 (Linux; Android 10; HUAWEI P30 Pro) AppleWebKit/537.36 (KHTML, like Gecko) Chrome/89.0.4389.105 Mobile Safari/537.36"
27.115.124.118 - - [20/Feb/2026:03:23:40 +0800] "GET /wp-content/uploads/2025/07/1753456770-%E7%83%AD%E9%95%80%E9%94%8C%E5%8D%B7product_Single600.webp HTTP/1.1" 200 27502 "http://cqqizhou.com/" "Mozilla/5.0 (Linux; Android 10; HUAWEI P30 Pro) AppleWebKit/537.36 (KHTML, like Gecko) Chrome/89.0.4389.105 Mobile Safari/537.36"
27.115.124.109 - - [20/Feb/2026:03:23:40 +0800] "GET /wp-content/uploads/2025/07/1753454299-Article_images_W900px-768x432.webp HTTP/1.1" 200 53850 "http://cqqizhou.com/" "Mozilla/5.0 (Linux; Android 10; HUAWEI P30 Pro) AppleWebKit/537.36 (KHTML, like Gecko) Chrome/89.0.4389.105 Mobile Safari/537.36"
27.115.124.45 - - [20/Feb/2026:03:23:40 +0800] "GET /wp-content/uploads/2026/02/1770341652-2026251Article_images_W900%C3%97500px-768x427.webp HTTP/1.1" 200 42638 "http://cqqizhou.com/" "Mozilla/5.0 (Linux; Android 10; HUAWEI P30 Pro) AppleWebKit/537.36 (KHTML, like Gecko) Chrome/89.0.4389.105 Mobile Safari/537.36"
27.115.124.70 - - [20/Feb/2026:03:23:40 +0800] "GET /wp-content/uploads/2026/02/1770617354-Article_images_W900px-768x479.webp HTTP/1.1" 200 14746 "http://cqqizhou.com/" "Mozilla/5.0 (Linux; Android 10; HUAWEI P30 Pro) AppleWebKit/537.36 (KHTML, like Gecko) Chrome/89.0.4389.105 Mobile Safari/537.36"
27.115.124.53 - - [20/Feb/2026:03:23:40 +0800] "GET /wp-content/uploads/2026/02/1770617948-Article_images_W900%C3%97500px-768x432.webp HTTP/1.1" 200 41870 "http://cqqizhou.com/" "Mozilla/5.0 (Linux; Android 10; HUAWEI P30 Pro) AppleWebKit/537.36 (KHTML, like Gecko) Chrome/89.0.4389.105 Mobile Safari/537.36"
27.115.124.6 - - [20/Feb/2026:03:23:40 +0800] "GET /wp-content/uploads/2026/01/1770349139-202624Article_images_W900%C3%97500px20260--768x427.webp HTTP/1.1" 200 56936 "http://cqqizhou.com/" "Mozilla/5.0 (Linux; Android 10; HUAWEI P30 Pro) AppleWebKit/537.36 (KHTML, like Gecko) Chrome/89.0.4389.105 Mobile Safari/537.36"
27.115.124.118 - - [20/Feb/2026:03:23:47 +0800] "GET /logistics HTTP/1.1" 200 25052 "-" "Mozilla/5.0 (Linux; Android 11; V2055A) AppleWebKit/537.36 (KHTML, like Gecko) Chrome/91.0.4472.101 Mobile Safari/537.36"
123.6.49.12 - - [20/Feb/2026:03:23:47 +0800] "GET /about HTTP/1.1" 200 24154 "-" "Mozilla/5.0 (Linux; Android 10; HUAWEI P30 Pro) AppleWebKit/537.36 (KHTML, like Gecko) Chrome/89.0.4389.105 Mobile Safari/537.36"
27.115.124.53 - - [20/Feb/2026:03:23:47 +0800] "GET /wp-content/uploads/2026/01/1767696162-qizhoutruck3-768x173.webp HTTP/1.1" 200 22082 "http://cqqizhou.com/logistics" "Mozilla/5.0 (Linux; Android 11; V2055A) AppleWebKit/537.36 (KHTML, like Gecko) Chrome/91.0.4472.101 Mobile Safari/537.36"
27.115.124.53 - - [20/Feb/2026:03:23:47 +0800] "GET /wp-content/uploads/logistics/Conatiner-5.webp HTTP/1.1" 200 63396 "http://cqqizhou.com/logistics" "Mozilla/5.0 (Linux; Android 11; V2055A) AppleWebKit/537.36 (KHTML, like Gecko) Chrome/91.0.4472.101 Mobile Safari/537.36"
27.115.124.70 - - [20/Feb/2026:03:23:47 +0800] "GET /wp-content/uploads/2025/11/1762864381-QZ_Photo-7-768x512.webp HTTP/1.1" 200 62708 "http://cqqizhou.com/logistics" "Mozilla/5.0 (Linux; Android 11; V2055A) AppleWebKit/537.36 (KHTML, like Gecko) Chrome/91.0.4472.101 Mobile Safari/537.36"
27.115.124.53 - - [20/Feb/2026:03:23:47 +0800] "GET /wp-content/uploads/2025/12/1765862012-DSC20251216131140-768x432.webp HTTP/1.1" 200 74070 "http://cqqizhou.com/logistics" "Mozilla/5.0 (Linux; Android 11; V2055A) AppleWebKit/537.36 (KHTML, like Gecko) Chrome/91.0.4472.101 Mobile Safari/537.36"
27.115.124.6 - - [20/Feb/2026:03:23:48 +0800] "GET /wp-content/uploads/2025/07/1751425283-qizhou.kf_.qq_.com_.webp HTTP/1.1" 200 16864 "http://cqqizhou.com/logistics" "Mozilla/5.0 (Linux; Android 11; V2055A) AppleWebKit/537.36 (KHTML, like Gecko) Chrome/91.0.4472.101 Mobile Safari/537.36"
123.6.49.47 - - [20/Feb/2026:03:23:48 +0800] "GET /services HTTP/1.1" 200 25874 "-" "Mozilla/5.0 (Linux; U; Android 8.1.0; zh-cn; MI 8 Build/OPM1.171019.011) AppleWebKit/537.36 (KHTML, like Gecko) Version/4.0 Chrome/57.0.2987.108 Mobile Safari/537.36"
27.115.124.70 - - [20/Feb/2026:03:23:48 +0800] "GET /wp-content/uploads/2026/01/1767696142-aojiaqiao20260104.webp HTTP/1.1" 200 184988 "http://cqqizhou.com/wp-content/uploads/elementor/css/post-1959.css?ver=1770622950" "Mozilla/5.0 (Linux; Android 11; V2055A) AppleWebKit/537.36 (KHTML, like Gecko) Chrome/91.0.4472.101 Mobile Safari/537.36"
123.6.49.12 - - [20/Feb/2026:03:23:48 +0800] "GET /wp-content/uploads/elementor/thumbs/1751373145-About_Qizhoudalou_W800px-r91b70ok8huvvdr4ynxnf302e8ie3iydlh6ag9ew82.webp HTTP/1.1" 200 37938 "http://cqqizhou.com/about" "Mozilla/5.0 (Linux; Android 10; HUAWEI P30 Pro) AppleWebKit/537.36 (KHTML, like Gecko) Chrome/89.0.4389.105 Mobile Safari/537.36"
123.6.49.50 - - [20/Feb/2026:03:23:48 +0800] "GET /wp-content/uploads/elementor/thumbs/1751209300-Hello-Qizhou3-r91b71mdtei8mab1rr8x739cnvi1mafuaga3vbed3o.webp HTTP/1.1" 200 39120 "http://cqqizhou.com/about" "Mozilla/5.0 (Linux; Android 10; HUAWEI P30 Pro) AppleWebKit/537.36 (KHTML, like Gecko) Chrome/89.0.4389.105 Mobile Safari/537.36"
123.6.49.44 - - [20/Feb/2026:03:23:48 +0800] "GET /wp-content/uploads/2025/07/1750649803-qizhou800x500_2.webp HTTP/1.1" 200 63616 "http://cqqizhou.com/about" "Mozilla/5.0 (Linux; Android 10; HUAWEI P30 Pro) AppleWebKit/537.36 (KHTML, like Gecko) Chrome/89.0.4389.105 Mobile Safari/537.36"
123.6.49.12 - - [20/Feb/2026:03:23:48 +0800] "GET /wp-content/uploads/2025/07/1750945444-honor300%C3%97206_2.webp HTTP/1.1" 200 71296 "http://cqqizhou.com/about" "Mozilla/5.0 (Linux; Android 10; HUAWEI P30 Pro) AppleWebKit/537.36 (KHTML, like Gecko) Chrome/89.0.4389.105 Mobile Safari/537.36"
123.6.49.50 - - [20/Feb/2026:03:23:48 +0800] "GET /wp-content/uploads/2025/07/1750945417-honor300%C3%97206_1.webp HTTP/1.1" 200 57666 "http://cqqizhou.com/about" "Mozilla/5.0 (Linux; Android 10; HUAWEI P30 Pro) AppleWebKit/537.36 (KHTML, like Gecko) Chrome/89.0.4389.105 Mobile Safari/537.36"
123.6.49.15 - - [20/Feb/2026:03:23:48 +0800] "GET /wp-content/uploads/2025/07/1750945616-honor300%C3%97206_4.webp HTTP/1.1" 200 33814 "http://cqqizhou.com/about" "Mozilla/5.0 (Linux; Android 10; HUAWEI P30 Pro) AppleWebKit/537.36 (KHTML, like Gecko) Chrome/89.0.4389.105 Mobile Safari/537.36"
123.6.49.44 - - [20/Feb/2026:03:23:48 +0800] "GET /wp-content/uploads/2025/07/1750945514-honor300%C3%97206_3.webp HTTP/1.1" 200 74124 "http://cqqizhou.com/about" "Mozilla/5.0 (Linux; Android 10; HUAWEI P30 Pro) AppleWebKit/537.36 (KHTML, like Gecko) Chrome/89.0.4389.105 Mobile Safari/537.36"
123.6.49.12 - - [20/Feb/2026:03:23:48 +0800] "GET /wp-content/uploads/2025/07/1750945650-honor300%C3%97206_6.webp HTTP/1.1" 200 66306 "http://cqqizhou.com/about" "Mozilla/5.0 (Linux; Android 10; HUAWEI P30 Pro) AppleWebKit/537.36 (KHTML, like Gecko) Chrome/89.0.4389.105 Mobile Safari/537.36"
123.6.49.15 - - [20/Feb/2026:03:23:48 +0800] "GET /wp-content/uploads/2025/07/1750671800-partner1_200x50.webp HTTP/1.1" 200 2244 "http://cqqizhou.com/about" "Mozilla/5.0 (Linux; Android 10; HUAWEI P30 Pro) AppleWebKit/537.36 (KHTML, like Gecko) Chrome/89.0.4389.105 Mobile Safari/537.36"
123.6.49.44 - - [20/Feb/2026:03:23:48 +0800] "GET /wp-content/uploads/2025/07/1750945637-honor300%C3%97206_5.webp HTTP/1.1" 200 77368 "http://cqqizhou.com/about" "Mozilla/5.0 (Linux; Android 10; HUAWEI P30 Pro) AppleWebKit/537.36 (KHTML, like Gecko) Chrome/89.0.4389.105 Mobile Safari/537.36"
123.6.49.50 - - [20/Feb/2026:03:23:48 +0800] "GET /wp-content/uploads/2025/07/1750671801-partner2_200x50.webp HTTP/1.1" 200 3946 "http://cqqizhou.com/about" "Mozilla/5.0 (Linux; Android 10; HUAWEI P30 Pro) AppleWebKit/537.36 (KHTML, like Gecko) Chrome/89.0.4389.105 Mobile Safari/537.36"
123.6.49.50 - - [20/Feb/2026:03:23:48 +0800] "GET /wp-content/uploads/2025/07/1751829518-Precision-processing-services800x500.webp HTTP/1.1" 200 28964 "http://cqqizhou.com/services" "Mozilla/5.0 (Linux; U; Android 8.1.0; zh-cn; MI 8 Build/OPM1.171019.011) AppleWebKit/537.36 (KHTML, like Gecko) Version/4.0 Chrome/57.0.2987.108 Mobile Safari/537.36"
123.6.49.44 - - [20/Feb/2026:03:23:48 +0800] "GET /wp-content/uploads/2025/07/1750671803-partner3_200x50.webp HTTP/1.1" 200 4414 "http://cqqizhou.com/about" "Mozilla/5.0 (Linux; Android 10; HUAWEI P30 Pro) AppleWebKit/537.36 (KHTML, like Gecko) Chrome/89.0.4389.105 Mobile Safari/537.36"
123.6.49.50 - - [20/Feb/2026:03:23:48 +0800] "GET /wp-content/uploads/2025/07/1750671805-partner4_200x50.webp HTTP/1.1" 200 2390 "http://cqqizhou.com/about" "Mozilla/5.0 (Linux; Android 10; HUAWEI P30 Pro) AppleWebKit/537.36 (KHTML, like Gecko) Chrome/89.0.4389.105 Mobile Safari/537.36"
123.6.49.18 - - [20/Feb/2026:03:23:48 +0800] "GET /wp-content/uploads/2025/12/1764853157-ISO3-214x300.webp HTTP/1.1" 200 13896 "http://cqqizhou.com/services" "Mozilla/5.0 (Linux; U; Android 8.1.0; zh-cn; MI 8 Build/OPM1.171019.011) AppleWebKit/537.36 (KHTML, like Gecko) Version/4.0 Chrome/57.0.2987.108 Mobile Safari/537.36"
123.6.49.47 - - [20/Feb/2026:03:23:48 +0800] "GET /wp-content/uploads/2025/12/1764853155-ISO2-214x300.webp HTTP/1.1" 200 12682 "http://cqqizhou.com/services" "Mozilla/5.0 (Linux; U; Android 8.1.0; zh-cn; MI 8 Build/OPM1.171019.011) AppleWebKit/537.36 (KHTML, like Gecko) Version/4.0 Chrome/57.0.2987.108 Mobile Safari/537.36"
123.6.49.12 - - [20/Feb/2026:03:23:48 +0800] "GET /wp-content/uploads/2025/07/1750671806-partner5_200x50.webp HTTP/1.1" 200 2840 "http://cqqizhou.com/about" "Mozilla/5.0 (Linux; Android 10; HUAWEI P30 Pro) AppleWebKit/537.36 (KHTML, like Gecko) Chrome/89.0.4389.105 Mobile Safari/537.36"
123.6.49.44 - - [20/Feb/2026:03:23:48 +0800] "GET /wp-content/uploads/2025/12/1764853152-ISO1-214x300.webp HTTP/1.1" 200 13812 "http://cqqizhou.com/services" "Mozilla/5.0 (Linux; U; Android 8.1.0; zh-cn; MI 8 Build/OPM1.171019.011) AppleWebKit/537.36 (KHTML, like Gecko) Version/4.0 Chrome/57.0.2987.108 Mobile Safari/537.36"
123.6.49.15 - - [20/Feb/2026:03:23:48 +0800] "GET /wp-content/uploads/2025/07/1750671808-partner6_200x50.webp HTTP/1.1" 200 3004 "http://cqqizhou.com/about" "Mozilla/5.0 (Linux; Android 10; HUAWEI P30 Pro) AppleWebKit/537.36 (KHTML, like Gecko) Chrome/89.0.4389.105 Mobile Safari/537.36"
123.6.49.50 - - [20/Feb/2026:03:23:48 +0800] "GET /wp-content/uploads/2025/07/1751829454-Smart-warehousing800x500.webp HTTP/1.1" 200 79504 "http://cqqizhou.com/services" "Mozilla/5.0 (Linux; U; Android 8.1.0; zh-cn; MI 8 Build/OPM1.171019.011) AppleWebKit/537.36 (KHTML, like Gecko) Version/4.0 Chrome/57.0.2987.108 Mobile Safari/537.36"
123.6.49.18 - - [20/Feb/2026:03:23:48 +0800] "GET /wp-content/uploads/2025/07/1751425283-qizhou.kf_.qq_.com_.webp HTTP/1.1" 200 16864 "http://cqqizhou.com/services" "Mozilla/5.0 (Linux; U; Android 8.1.0; zh-cn; MI 8 Build/OPM1.171019.011) AppleWebKit/537.36 (KHTML, like Gecko) Version/4.0 Chrome/57.0.2987.108 Mobile Safari/537.36"
123.6.49.44 - - [20/Feb/2026:03:23:48 +0800] "GET /wp-content/uploads/2025/07/1751425283-qizhou.kf_.qq_.com_.webp HTTP/1.1" 200 16864 "http://cqqizhou.com/about" "Mozilla/5.0 (Linux; Android 10; HUAWEI P30 Pro) AppleWebKit/537.36 (KHTML, like Gecko) Chrome/89.0.4389.105 Mobile Safari/537.36"
123.6.49.44 - - [20/Feb/2026:03:23:48 +0800] "GET /wp-content/uploads/2025/06/1750755307-qizhoucangku2000x400_2025624.webp HTTP/1.1" 200 45470 "http://cqqizhou.com/about" "Mozilla/5.0 (Linux; Android 10; HUAWEI P30 Pro) AppleWebKit/537.36 (KHTML, like Gecko) Chrome/89.0.4389.105 Mobile Safari/537.36"
123.6.49.18 - - [20/Feb/2026:03:23:48 +0800] "GET /wp-content/uploads/2025/07/1750174127-Marketing1920x800_3.webp HTTP/1.1" 200 52790 "http://cqqizhou.com/wp-content/uploads/elementor/css/post-1659.css?ver=1770618632" "Mozilla/5.0 (Linux; U; Android 8.1.0; zh-cn; MI 8 Build/OPM1.171019.011) AppleWebKit/537.36 (KHTML, like Gecko) Version/4.0 Chrome/57.0.2987.108 Mobile Safari/537.36"
36.133.115.36 - - [20/Feb/2026:03:24:21 +0800] "POST /wp-cron.php?doing_wp_cron=1771529061.3733220100402832031250 HTTP/1.1" 200 31 "-" "WordPress/6.9; http://cqqizhou.com"
123.6.49.15 - - [20/Feb/2026:03:24:21 +0800] "GET / HTTP/1.1" 200 34806 "-" "Mozilla/5.0 (Linux; Android 11; V2055A) AppleWebKit/537.36 (KHTML, like Gecko) Chrome/91.0.4472.101 Mobile Safari/537.36"
123.6.49.15 - - [20/Feb/2026:03:24:23 +0800] "GET /wp-content/uploads/2025/07/1751425283-qizhou.kf_.qq_.com_.webp HTTP/1.1" 200 16864 "http://cqqizhou.com/" "Mozilla/5.0 (Linux; Android 11; V2055A) AppleWebKit/537.36 (KHTML, like Gecko) Chrome/91.0.4472.101 Mobile Safari/537.36"
123.6.49.15 - - [20/Feb/2026:03:24:23 +0800] "GET /wp-content/uploads/2025/07/1753456723-%E5%8F%8C%E7%9B%B8%E9%92%A2roduct_Single600.webp HTTP/1.1" 200 22790 "http://cqqizhou.com/" "Mozilla/5.0 (Linux; Android 11; V2055A) AppleWebKit/537.36 (KHTML, like Gecko) Chrome/91.0.4472.101 Mobile Safari/537.36"
123.6.49.15 - - [20/Feb/2026:03:24:23 +0800] "GET /wp-content/uploads/2025/07/1753453096-%E5%8F%8C%E7%9B%B8%E9%92%A2product_Single600%C3%97284.webp HTTP/1.1" 200 14562 "http://cqqizhou.com/" "Mozilla/5.0 (Linux; Android 11; V2055A) AppleWebKit/537.36 (KHTML, like Gecko) Chrome/91.0.4472.101 Mobile Safari/537.36"
123.6.49.15 - - [20/Feb/2026:03:24:23 +0800] "GET /wp-content/uploads/2025/07/1753456770-%E7%83%AD%E9%95%80%E9%94%8C%E5%8D%B7product_Single600.webp HTTP/1.1" 200 27502 "http://cqqizhou.com/" "Mozilla/5.0 (Linux; Android 11; V2055A) AppleWebKit/537.36 (KHTML, like Gecko) Chrome/91.0.4472.101 Mobile Safari/537.36"
123.6.49.15 - - [20/Feb/2026:03:24:23 +0800] "GET /wp-content/uploads/2025/07/1753453127-%E4%BD%99%E5%8D%B7product_Single600%C3%97284.webp HTTP/1.1" 200 18744 "http://cqqizhou.com/" "Mozilla/5.0 (Linux; Android 11; V2055A) AppleWebKit/537.36 (KHTML, like Gecko) Chrome/91.0.4472.101 Mobile Safari/537.36"
123.6.49.15 - - [20/Feb/2026:03:24:23 +0800] "GET /wp-content/uploads/2025/07/1753454299-Article_images_W900px-768x432.webp HTTP/1.1" 200 53850 "http://cqqizhou.com/" "Mozilla/5.0 (Linux; Android 11; V2055A) AppleWebKit/537.36 (KHTML, like Gecko) Chrome/91.0.4472.101 Mobile Safari/537.36"
123.6.49.12 - - [20/Feb/2026:03:24:23 +0800] "GET /wp-content/uploads/2026/01/1770349139-202624Article_images_W900%C3%97500px20260--768x427.webp HTTP/1.1" 200 56936 "http://cqqizhou.com/" "Mozilla/5.0 (Linux; Android 11; V2055A) AppleWebKit/537.36 (KHTML, like Gecko) Chrome/91.0.4472.101 Mobile Safari/537.36"
123.6.49.50 - - [20/Feb/2026:03:24:23 +0800] "GET /wp-content/uploads/2026/02/1770617948-Article_images_W900%C3%97500px-768x432.webp HTTP/1.1" 200 41870 "http://cqqizhou.com/" "Mozilla/5.0 (Linux; Android 11; V2055A) AppleWebKit/537.36 (KHTML, like Gecko) Chrome/91.0.4472.101 Mobile Safari/537.36"
123.6.49.47 - - [20/Feb/2026:03:24:23 +0800] "GET /wp-content/uploads/2026/02/1770617354-Article_images_W900px-768x479.webp HTTP/1.1" 200 14746 "http://cqqizhou.com/" "Mozilla/5.0 (Linux; Android 11; V2055A) AppleWebKit/537.36 (KHTML, like Gecko) Chrome/91.0.4472.101 Mobile Safari/537.36"
123.6.49.50 - - [20/Feb/2026:03:24:23 +0800] "GET /wp-content/uploads/2026/02/1770341652-2026251Article_images_W900%C3%97500px-768x427.webp HTTP/1.1" 200 42638 "http://cqqizhou.com/" "Mozilla/5.0 (Linux; Android 11; V2055A) AppleWebKit/537.36 (KHTML, like Gecko) Chrome/91.0.4472.101 Mobile Safari/537.36"
36.133.115.36 - - [20/Feb/2026:03:26:32 +0800] "POST /wp-cron.php?doing_wp_cron=1771529192.2782690525054931640625 HTTP/1.1" 200 31 "-" "WordPress/6.9; http://cqqizhou.com"
43.159.128.155 - - [20/Feb/2026:03:26:32 +0800] "GET /wp-json/oembed/1.0/embed?url=http%3A%2F%2Fcqqizhou.com%2Fclub HTTP/1.1" 200 1142 "-" "Mozilla/5.0 (iPhone; CPU iPhone OS 13_2_3 like Mac OS X) AppleWebKit/605.1.15 (KHTML, like Gecko) Version/13.0.3 Mobile/15E148 Safari/604.1"
17.246.19.54 - - [20/Feb/2026:03:26:50 +0800] "GET /news/2475 HTTP/1.1" 200 26743 "-" "Mozilla/5.0 (Macintosh; Intel Mac OS X 10_15_7) AppleWebKit/605.1.15 (KHTML, like Gecko) Version/17.4 Safari/605.1.15 (Applebot/0.1; +http://www.apple.com/go/applebot)"
36.133.115.36 - - [20/Feb/2026:03:31:06 +0800] "POST /wp-cron.php?doing_wp_cron=1771529466.0762310028076171875000 HTTP/1.1" 200 31 "-" "WordPress/6.9; http://cqqizhou.com"
87.120.191.67 - - [20/Feb/2026:03:31:06 +0800] "POST / HTTP/1.1" 200 34807 "-" "Mozilla/5.0 (Windows NT 10.0; Win64; x64) AppleWebKit/537.36"
36.133.108.119 - - [20/Feb/2026:03:35:22 +0800] "HEAD /lib/phpunit/phpunit/src/Util/PHP/eval-stdin.php HTTP/1.1" 404 0 "-" "Mozilla/5.0 (Macintosh; U; Intel Mac OS X 10_5_8; zh-cn) AppleWebKit/533.18.1 (KHTML, like Gecko) Version/5.0.2 Safari/533.18.5"
36.133.115.36 - - [20/Feb/2026:03:36:09 +0800] "POST /wp-cron.php?doing_wp_cron=1771529769.5975580215454101562500 HTTP/1.1" 200 31 "-" "WordPress/6.9; http://cqqizhou.com"
5.9.120.8 - - [20/Feb/2026:03:36:09 +0800] "GET /robots.txt HTTP/1.1" 200 190 "-" "Mozilla/5.0 (compatible; SERankingBacklinksBot/1.0; +https://seranking.com/backlinks-crawler)"
5.9.120.8 - - [20/Feb/2026:03:36:10 +0800] "GET /bug HTTP/1.1" 200 12862 "-" "Mozilla/5.0 (compatible; SERankingBacklinksBot/1.0; +https://seranking.com/backlinks-crawler)"
5.9.120.8 - - [20/Feb/2026:03:36:14 +0800] "GET /robots.txt HTTP/1.1" 200 190 "-" "Mozilla/5.0 (compatible; SERankingBacklinksBot/1.0; +https://seranking.com/backlinks-crawler)"
5.9.120.8 - - [20/Feb/2026:03:36:15 +0800] "GET /robots.txt HTTP/1.1" 200 190 "-" "Mozilla/5.0 (compatible; SERankingBacklinksBot/1.0; +https://seranking.com/backlinks-crawler)"
5.9.120.8 - - [20/Feb/2026:03:36:16 +0800] "GET /robots.txt HTTP/1.1" 200 190 "-" "Mozilla/5.0 (compatible; SERankingBacklinksBot/1.0; +https://seranking.com/backlinks-crawler)"
5.9.120.8 - - [20/Feb/2026:03:36:16 +0800] "GET /robots.txt HTTP/1.1" 200 190 "-" "Mozilla/5.0 (compatible; SERankingBacklinksBot/1.0; +https://seranking.com/backlinks-crawler)"
5.9.120.8 - - [20/Feb/2026:03:36:17 +0800] "GET /robots.txt HTTP/1.1" 200 190 "-" "Mozilla/5.0 (compatible; SERankingBacklinksBot/1.0; +https://seranking.com/backlinks-crawler)"
5.9.120.8 - - [20/Feb/2026:03:36:18 +0800] "GET /news HTTP/1.1" 200 25849 "-" "Mozilla/5.0 (compatible; SERankingBacklinksBot/1.0; +https://seranking.com/backlinks-crawler)"
5.9.120.8 - - [20/Feb/2026:03:36:21 +0800] "GET /about HTTP/1.1" 200 24506 "-" "Mozilla/5.0 (compatible; SERankingBacklinksBot/1.0; +https://seranking.com/backlinks-crawler)"
5.9.120.8 - - [20/Feb/2026:03:36:26 +0800] "GET /club/ HTTP/1.1" 301 5 "-" "Mozilla/5.0 (compatible; SERankingBacklinksBot/1.0; +https://seranking.com/backlinks-crawler)"
5.9.120.8 - - [20/Feb/2026:03:36:26 +0800] "GET /club HTTP/1.1" 200 13078 "-" "Mozilla/5.0 (compatible; SERankingBacklinksBot/1.0; +https://seranking.com/backlinks-crawler)"
5.9.120.8 - - [20/Feb/2026:03:36:30 +0800] "GET /media HTTP/1.1" 200 31806 "-" "Mozilla/5.0 (compatible; SERankingBacklinksBot/1.0; +https://seranking.com/backlinks-crawler)"
5.9.120.8 - - [20/Feb/2026:03:36:34 +0800] "GET /contacts HTTP/1.1" 200 21637 "-" "Mozilla/5.0 (compatible; SERankingBacklinksBot/1.0; +https://seranking.com/backlinks-crawler)"
5.9.120.8 - - [20/Feb/2026:03:36:38 +0800] "GET /industry HTTP/1.1" 200 24256 "-" "Mozilla/5.0 (compatible; SERankingBacklinksBot/1.0; +https://seranking.com/backlinks-crawler)"
5.9.120.8 - - [20/Feb/2026:03:36:42 +0800] "GET /services HTTP/1.1" 200 26228 "-" "Mozilla/5.0 (compatible; SERankingBacklinksBot/1.0; +https://seranking.com/backlinks-crawler)"
5.9.120.8 - - [20/Feb/2026:03:36:46 +0800] "GET /contacts/ HTTP/1.1" 301 5 "-" "Mozilla/5.0 (compatible; SERankingBacklinksBot/1.0; +https://seranking.com/backlinks-crawler)"
5.9.120.8 - - [20/Feb/2026:03:36:47 +0800] "GET /contacts HTTP/1.1" 200 21637 "-" "Mozilla/5.0 (compatible; SERankingBacklinksBot/1.0; +https://seranking.com/backlinks-crawler)"
5.9.120.8 - - [20/Feb/2026:03:36:50 +0800] "GET /logistics HTTP/1.1" 200 30909 "-" "Mozilla/5.0 (compatible; SERankingBacklinksBot/1.0; +https://seranking.com/backlinks-crawler)"
5.9.120.8 - - [20/Feb/2026:03:36:54 +0800] "GET /news/2475 HTTP/1.1" 200 26743 "-" "Mozilla/5.0 (compatible; SERankingBacklinksBot/1.0; +https://seranking.com/backlinks-crawler)"
5.9.120.8 - - [20/Feb/2026:03:36:58 +0800] "GET /news/2483 HTTP/1.1" 200 24331 "-" "Mozilla/5.0 (compatible; SERankingBacklinksBot/1.0; +https://seranking.com/backlinks-crawler)"
5.9.120.8 - - [20/Feb/2026:03:37:01 +0800] "GET /news/2486 HTTP/1.1" 200 24039 "-" "Mozilla/5.0 (compatible; SERankingBacklinksBot/1.0; +https://seranking.com/backlinks-crawler)"
