223.244.35.77 - - [31/Jan/2026:14:36:07 +0800] "GET / HTTP/1.1" 200 34752 "http://www.cqqizhou.com" "Mozilla/5.0 (iPhone; CPU iPhone OS 13_2_3 like Mac OS X) AppleWebKit/605.1.15 (KHTML, like Gecko) Version/13.0.3 Mobile/15E148 Safari/604.1"
36.133.115.36 - - [31/Jan/2026:14:49:50 +0800] "POST /wp-cron.php?doing_wp_cron=1769842190.2791769504547119140625 HTTP/1.1" 200 31 "-" "WordPress/6.9; http://cqqizhou.com"
52.167.144.181 - - [31/Jan/2026:14:49:50 +0800] "GET /?s= HTTP/1.1" 200 19824 "-" "Mozilla/5.0 AppleWebKit/537.36 (KHTML, like Gecko; compatible; bingbot/2.0; +http://www.bing.com/bingbot.htm) Chrome/116.0.1938.76 Safari/537.36"
36.133.115.36 - - [31/Jan/2026:14:49:55 +0800] "POST /wp-cron.php HTTP/1.1" 200 31 "-" "WordPress/6.9; http://cqqizhou.com"
36.133.115.36 - - [31/Jan/2026:14:49:56 +0800] "GET / HTTP/1.1" 200 35186 "-" "WordPress/6.9; http://cqqizhou.com"
36.133.115.36 - - [31/Jan/2026:14:49:56 +0800] "GET / HTTP/1.1" 200 35186 "-" "WordPress/6.9; http://cqqizhou.com"
36.133.115.36 - - [31/Jan/2026:14:49:56 +0800] "GET / HTTP/1.1" 200 35186 "-" "WordPress/6.9; http://cqqizhou.com"
36.133.115.36 - - [31/Jan/2026:14:54:25 +0800] "POST /wp-cron.php?doing_wp_cron=1769842465.0833179950714111328125 HTTP/1.1" 200 31 "-" "WordPress/6.9; http://cqqizhou.com"
103.217.190.151 - - [31/Jan/2026:14:54:25 +0800] "GET /index.php/admin/Login/index.html HTTP/1.1" 301 5 "-" "Mozilla/5.0 (Windows NT 10.0; WOW64; rv:48.0) Gecko/20100101 Firefox/48.0"
103.217.190.151 - - [31/Jan/2026:14:54:25 +0800] "GET /admin/Login/index.html HTTP/1.1" 404 8951 "-" "Mozilla/5.0 (Windows NT 10.0; WOW64; rv:48.0) Gecko/20100101 Firefox/48.0"
36.133.115.36 - - [31/Jan/2026:14:56:37 +0800] "POST /wp-cron.php?doing_wp_cron=1769842597.3008830547332763671875 HTTP/1.1" 200 31 "-" "WordPress/6.9; http://cqqizhou.com"
176.65.148.66 - - [31/Jan/2026:14:56:37 +0800] "HEAD / HTTP/1.1" 200 0 "-" "Mozilla/5.0 (compatible; Let's Encrypt validation server; +https://www.letsencrypt.org  )"
176.65.148.66 - - [31/Jan/2026:14:56:39 +0800] "GET / HTTP/1.1" 200 157284 "-" "Mozilla/5.0 (compatible; Let's Encrypt validation server; +https://www.letsencrypt.org  )"
176.65.148.66 - - [31/Jan/2026:14:56:41 +0800] "HEAD /_next HTTP/1.1" 301 0 "-" "Mozilla/5.0 (compatible; Let's Encrypt validation server; +https://www.letsencrypt.org  )"
176.65.148.66 - - [31/Jan/2026:14:56:44 +0800] "POST / HTTP/1.1" 200 34752 "-" "Mozilla/5.0 (compatible; Let's Encrypt validation server; +https://www.letsencrypt.org  )"
176.65.148.66 - - [31/Jan/2026:14:56:46 +0800] "POST /_next HTTP/1.1" 404 8951 "-" "Mozilla/5.0 (compatible; Let's Encrypt validation server; +https://www.letsencrypt.org  )"
47.114.89.255 - - [31/Jan/2026:14:59:22 +0800] "GET /admin/webuploader/server/preview.php HTTP/1.1" 404 47 "-" "Mozilla/5.0 (Windows NT 10.0; Win64; x64)"
47.114.89.255 - - [31/Jan/2026:14:59:22 +0800] "GET /admin/webuploader/server/fileupload.php HTTP/1.1" 404 47 "-" "Mozilla/5.0 (Windows NT 10.0; Win64; x64)"
36.133.115.36 - - [31/Jan/2026:15:02:18 +0800] "POST /wp-cron.php?doing_wp_cron=1769842938.0256159305572509765625 HTTP/1.1" 200 31 "-" "WordPress/6.9; http://cqqizhou.com"
185.191.171.6 - - [31/Jan/2026:15:02:18 +0800] "GET /robots.txt HTTP/1.1" 200 190 "-" "Mozilla/5.0 (compatible; SemrushBot/7~bl; +http://www.semrush.com/bot.html)"
185.191.171.6 - - [31/Jan/2026:15:02:20 +0800] "GET /2052/ HTTP/1.1" 200 25565 "-" "Mozilla/5.0 (compatible; SemrushBot/7~bl; +http://www.semrush.com/bot.html)"
36.133.115.36 - - [31/Jan/2026:15:10:30 +0800] "POST /wp-cron.php?doing_wp_cron=1769843430.9559290409088134765625 HTTP/1.1" 200 31 "-" "WordPress/6.9; http://cqqizhou.com"
204.76.203.219 - - [31/Jan/2026:15:10:30 +0800] "GET / HTTP/1.1" 200 34752 "-" "Mozilla/5.0 (Windows NT 10.0; Win64; x64) AppleWebKit/537.36 (KHTML, like Gecko) Chrome/90.0.4430.85 Safari/537.36 Edg/90.0.818.46"
36.133.115.36 - - [31/Jan/2026:15:34:37 +0800] "POST /wp-cron.php?doing_wp_cron=1769844877.4456219673156738281250 HTTP/1.1" 200 31 "-" "WordPress/6.9; http://cqqizhou.com"
117.72.204.78 - - [31/Jan/2026:15:34:37 +0800] "GET / HTTP/1.1" 301 5 "-" "Go-http-client/1.1"
117.72.204.78 - - [31/Jan/2026:15:34:37 +0800] "GET / HTTP/1.1" 200 35186 "http://36.133.115.36" "Go-http-client/1.1"
36.133.115.36 - - [31/Jan/2026:15:37:59 +0800] "POST /wp-cron.php?doing_wp_cron=1769845079.3689999580383300781250 HTTP/1.1" 200 31 "-" "WordPress/6.9; http://cqqizhou.com"
145.239.69.44 - - [31/Jan/2026:15:37:59 +0800] "GET /robots.txt HTTP/1.1" 200 390 "-" "Mozilla/5.0 (compatible; MJ12bot/v1.4.8; http://mj12bot.com/)"
145.239.69.44 - - [31/Jan/2026:15:38:01 +0800] "GET /tag/%E5%8D%9A%E8%81%94%E8%BE%BE/ HTTP/1.1" 200 20930 "-" "Mozilla/5.0 (compatible; MJ12bot/v1.4.8; http://mj12bot.com/)"
145.239.69.44 - - [31/Jan/2026:15:38:04 +0800] "GET /tag/%E7%89%A9%E6%B5%81/ HTTP/1.1" 200 20912 "-" "Mozilla/5.0 (compatible; MJ12bot/v1.4.8; http://mj12bot.com/)"
36.133.115.36 - - [31/Jan/2026:15:38:21 +0800] "POST /wp-cron.php?doing_wp_cron=1769845101.2055830955505371093750 HTTP/1.1" 200 31 "-" "WordPress/6.9; http://cqqizhou.com"
137.184.25.215 - - [31/Jan/2026:15:38:21 +0800] "POST /xmlrpc.php HTTP/1.1" 200 217 "-" "Mozilla/5.0 (Windows NT 10.0; Win64; x64) AppleWebKit/537.36 (KHTML, like Gecko) Chrome/142.0.0.0 Safari/537.36"
36.133.115.36 - - [31/Jan/2026:15:51:36 +0800] "POST /wp-cron.php?doing_wp_cron=1769845896.3114659786224365234375 HTTP/1.1" 200 31 "-" "WordPress/6.9; http://cqqizhou.com"
40.77.167.65 - - [31/Jan/2026:15:51:36 +0800] "GET /?s=2026 HTTP/1.1" 200 18700 "-" "Mozilla/5.0 AppleWebKit/537.36 (KHTML, like Gecko; compatible; bingbot/2.0; +http://www.bing.com/bingbot.htm) Chrome/116.0.1938.76 Safari/537.36"
205.169.39.12 - - [31/Jan/2026:15:55:25 +0800] "GET / HTTP/1.1" 200 35186 "-" "Mozilla/5.0 (Windows NT 10.0; Win64; x64) AppleWebKit/537.36 (KHTML, like Gecko) Chrome/117.0.5938.132 Safari/537.36"
205.169.39.12 - - [31/Jan/2026:15:55:29 +0800] "GET /wp-content/uploads/2025/07/1751425283-qizhou.kf_.qq_.com_.webp HTTP/1.1" 200 16864 "http://cqqizhou.com/" "Mozilla/5.0 (Windows NT 10.0; Win64; x64) AppleWebKit/537.36 (KHTML, like Gecko) Chrome/117.0.5938.132 Safari/537.36"
205.169.39.12 - - [31/Jan/2026:15:55:32 +0800] "GET /wp-content/uploads/2025/07/1750174127-Marketing1920x800_3.webp HTTP/1.1" 200 52790 "http://cqqizhou.com/wp-content/uploads/elementor/css/post-1666.css?ver=1769183108" "Mozilla/5.0 (Windows NT 10.0; Win64; x64) AppleWebKit/537.36 (KHTML, like Gecko) Chrome/117.0.5938.132 Safari/537.36"
205.169.39.12 - - [31/Jan/2026:15:55:37 +0800] "GET /wp-content/uploads/2025/07/1753453096-%E5%8F%8C%E7%9B%B8%E9%92%A2product_Single600%C3%97284.webp HTTP/1.1" 200 14562 "http://cqqizhou.com/" "Mozilla/5.0 (Windows NT 10.0; Win64; x64) AppleWebKit/537.36 (KHTML, like Gecko) Chrome/117.0.5938.132 Safari/537.36"
205.169.39.12 - - [31/Jan/2026:15:55:37 +0800] "GET /wp-content/uploads/2025/07/1753453127-%E4%BD%99%E5%8D%B7product_Single600%C3%97284.webp HTTP/1.1" 200 18744 "http://cqqizhou.com/" "Mozilla/5.0 (Windows NT 10.0; Win64; x64) AppleWebKit/537.36 (KHTML, like Gecko) Chrome/117.0.5938.132 Safari/537.36"
205.169.39.12 - - [31/Jan/2026:15:55:37 +0800] "GET /wp-content/uploads/2025/07/1753456723-%E5%8F%8C%E7%9B%B8%E9%92%A2roduct_Single600.webp HTTP/1.1" 200 22790 "http://cqqizhou.com/" "Mozilla/5.0 (Windows NT 10.0; Win64; x64) AppleWebKit/537.36 (KHTML, like Gecko) Chrome/117.0.5938.132 Safari/537.36"
205.169.39.12 - - [31/Jan/2026:15:55:37 +0800] "GET /wp-content/uploads/2025/07/1753456770-%E7%83%AD%E9%95%80%E9%94%8C%E5%8D%B7product_Single600.webp HTTP/1.1" 200 27502 "http://cqqizhou.com/" "Mozilla/5.0 (Windows NT 10.0; Win64; x64) AppleWebKit/537.36 (KHTML, like Gecko) Chrome/117.0.5938.132 Safari/537.36"
205.169.39.12 - - [31/Jan/2026:15:55:37 +0800] "GET /wp-content/uploads/2025/07/1753454089-Article_images_W900px.webp HTTP/1.1" 200 27552 "http://cqqizhou.com/" "Mozilla/5.0 (Windows NT 10.0; Win64; x64) AppleWebKit/537.36 (KHTML, like Gecko) Chrome/117.0.5938.132 Safari/537.36"
205.169.39.12 - - [31/Jan/2026:15:55:37 +0800] "GET /wp-content/uploads/2026/01/1769511379-Article_images_W900%C3%97500px202601271.webp HTTP/1.1" 200 67912 "http://cqqizhou.com/" "Mozilla/5.0 (Windows NT 10.0; Win64; x64) AppleWebKit/537.36 (KHTML, like Gecko) Chrome/117.0.5938.132 Safari/537.36"
205.169.39.12 - - [31/Jan/2026:15:55:37 +0800] "GET /wp-content/uploads/2026/01/1768527483-Article_images_W900%C3%97500px202601161.webp HTTP/1.1" 200 33780 "http://cqqizhou.com/" "Mozilla/5.0 (Windows NT 10.0; Win64; x64) AppleWebKit/537.36 (KHTML, like Gecko) Chrome/117.0.5938.132 Safari/537.36"
205.169.39.12 - - [31/Jan/2026:15:55:38 +0800] "GET /wp-content/uploads/2026/01/1767691466-Article_images_W900%C3%97500px202601061.webp HTTP/1.1" 200 56014 "http://cqqizhou.com/" "Mozilla/5.0 (Windows NT 10.0; Win64; x64) AppleWebKit/537.36 (KHTML, like Gecko) Chrome/117.0.5938.132 Safari/537.36"
205.169.39.12 - - [31/Jan/2026:15:55:39 +0800] "GET /wp-content/uploads/revslider/slider-1/1750861156-logistics_Slider_3840%C3%972160_20250625191356-scaled-2048x1152.webp HTTP/1.1" 200 121796 "http://cqqizhou.com/" "Mozilla/5.0 (Windows NT 10.0; Win64; x64) AppleWebKit/537.36 (KHTML, like Gecko) Chrome/117.0.5938.132 Safari/537.36"
205.169.39.12 - - [31/Jan/2026:15:55:39 +0800] "GET /wp-content/uploads/2025/12/1765268955-qizhou_Slider1_3840%C3%972160_20251210-scaled.webp HTTP/1.1" 200 152162 "http://cqqizhou.com/" "Mozilla/5.0 (X11; Linux x86_64) AppleWebKit/537.36 (KHTML, like Gecko) HeadlessChrome/127.0.6533.119 Safari/537.36"
205.169.39.12 - - [31/Jan/2026:15:55:39 +0800] "GET /wp-content/uploads/revslider/slider-1/1750861156-logistics_Slider_3840%C3%972160_20250625191356-scaled-50x100.webp HTTP/1.1" 200 1416 "http://cqqizhou.com/" "Mozilla/5.0 (X11; Linux x86_64) AppleWebKit/537.36 (KHTML, like Gecko) HeadlessChrome/127.0.6533.119 Safari/537.36"
205.169.39.12 - - [31/Jan/2026:15:55:39 +0800] "GET /wp-content/uploads/2026/01/1768276119-qizhoujiagong_Slider_3840%C3%972160_20260113-scaled-50x100.webp HTTP/1.1" 200 976 "http://cqqizhou.com/" "Mozilla/5.0 (X11; Linux x86_64) AppleWebKit/537.36 (KHTML, like Gecko) HeadlessChrome/127.0.6533.119 Safari/537.36"
36.133.115.36 - - [31/Jan/2026:15:55:40 +0800] "POST /wp-cron.php?doing_wp_cron=1769846140.4165389537811279296875 HTTP/1.1" 200 31 "-" "WordPress/6.9; http://cqqizhou.com"
205.169.39.12 - - [31/Jan/2026:15:55:40 +0800] "GET /wp-json/sliderrevolution/sliders/1?srengine=7&slideid=2 HTTP/1.1" 200 2000 "http://cqqizhou.com/" "Mozilla/5.0 (X11; Linux x86_64) AppleWebKit/537.36 (KHTML, like Gecko) HeadlessChrome/127.0.6533.119 Safari/537.36"
205.169.39.12 - - [31/Jan/2026:15:55:40 +0800] "GET /wp-content/uploads/revslider/slider-1/1750861156-logistics_Slider_3840%C3%972160_20250625191356-scaled.webp HTTP/1.1" 200 197360 "http://cqqizhou.com/" "Mozilla/5.0 (X11; Linux x86_64) AppleWebKit/537.36 (KHTML, like Gecko) HeadlessChrome/127.0.6533.119 Safari/537.36"
205.169.39.12 - - [31/Jan/2026:15:55:41 +0800] "GET /wp-json/sliderrevolution/sliders/1?srengine=7&slideid=4 HTTP/1.1" 200 2580 "http://cqqizhou.com/" "Mozilla/5.0 (X11; Linux x86_64) AppleWebKit/537.36 (KHTML, like Gecko) HeadlessChrome/127.0.6533.119 Safari/537.36"
205.169.39.12 - - [31/Jan/2026:15:55:43 +0800] "GET /wp-content/uploads/2026/01/1768276119-qizhoujiagong_Slider_3840%C3%972160_20260113-scaled.webp HTTP/1.1" 200 131696 "http://cqqizhou.com/" "Mozilla/5.0 (X11; Linux x86_64) AppleWebKit/537.36 (KHTML, like Gecko) HeadlessChrome/127.0.6533.119 Safari/537.36"
36.133.115.36 - - [31/Jan/2026:16:01:45 +0800] "POST /wp-cron.php?doing_wp_cron=1769846505.3421330451965332031250 HTTP/1.1" 200 31 "-" "WordPress/6.9; http://cqqizhou.com"
93.174.93.12 - - [31/Jan/2026:16:01:45 +0800] "GET / HTTP/1.0" 301 0 "-" "msnbot/1.1 ( http://search.msn.com/msnbot.htm)"
36.133.115.36 - - [31/Jan/2026:16:05:51 +0800] "POST /wp-cron.php?doing_wp_cron=1769846751.5587151050567626953125 HTTP/1.1" 200 31 "-" "WordPress/6.9; http://cqqizhou.com"
5.61.209.92 - - [31/Jan/2026:16:05:51 +0800] "GET /SDK/webLanguage HTTP/1.1" 301 5 "-" "Mozilla/5.0 (Windows NT 10.0; Win64; x64) AppleWebKit/537.36 (KHTML, like Gecko) Chrome/90.0.4430.85 Safari/537.36 Edg/90.0.818.46"
36.133.115.36 - - [31/Jan/2026:16:08:06 +0800] "POST /wp-cron.php?doing_wp_cron=1769846886.5611810684204101562500 HTTP/1.1" 200 31 "-" "WordPress/6.9; http://cqqizhou.com"
204.76.203.219 - - [31/Jan/2026:16:08:06 +0800] "GET / HTTP/1.1" 200 34752 "-" "Mozilla/5.0 (Windows NT 10.0; Win64; x64) AppleWebKit/537.36 (KHTML, like Gecko) Chrome/90.0.4430.85 Safari/537.36 Edg/90.0.818.46"
36.133.115.36 - - [31/Jan/2026:16:16:53 +0800] "POST /wp-cron.php?doing_wp_cron=1769847413.6050970554351806640625 HTTP/1.1" 200 31 "-" "WordPress/6.9; http://cqqizhou.com"
43.159.143.190 - - [31/Jan/2026:16:16:53 +0800] "GET / HTTP/1.1" 301 5 "-" "Mozilla/5.0 (iPhone; CPU iPhone OS 13_2_3 like Mac OS X) AppleWebKit/605.1.15 (KHTML, like Gecko) Version/13.0.3 Mobile/15E148 Safari/604.1"
43.159.143.190 - - [31/Jan/2026:16:16:57 +0800] "GET / HTTP/1.1" 200 34752 "http://www.cqqizhou.com" "Mozilla/5.0 (iPhone; CPU iPhone OS 13_2_3 like Mac OS X) AppleWebKit/605.1.15 (KHTML, like Gecko) Version/13.0.3 Mobile/15E148 Safari/604.1"
36.133.115.36 - - [31/Jan/2026:16:24:27 +0800] "POST /wp-cron.php?doing_wp_cron=1769847867.3134880065917968750000 HTTP/1.1" 200 31 "-" "WordPress/6.9; http://cqqizhou.com"
87.121.84.51 - - [31/Jan/2026:16:24:27 +0800] "GET / HTTP/1.0" 301 0 "-" "Mozilla/5.0 (X11; Linux x86_64; rv:140.0) Gecko/20100101 Firefox/140.0"
36.133.115.36 - - [31/Jan/2026:16:31:16 +0800] "POST /wp-cron.php?doing_wp_cron=1769848276.7998499870300292968750 HTTP/1.1" 200 31 "-" "WordPress/6.9; http://cqqizhou.com"
64.62.197.212 - - [31/Jan/2026:16:31:16 +0800] "GET / HTTP/1.1" 301 5 "-" "Mozilla/5.0 (Windows NT 6.1; ) AppleWebKit/537.36 (KHTML, like Gecko) Chrome/122.0.6261.156 Not(A:Brand/24 YaBrowser/24.4.1.901 Yowser/2.5  Safari/537.36"
36.133.115.36 - - [31/Jan/2026:16:33:11 +0800] "POST /wp-cron.php?doing_wp_cron=1769848391.5962920188903808593750 HTTP/1.1" 200 31 "-" "WordPress/6.9; http://cqqizhou.com"
64.62.197.212 - - [31/Jan/2026:16:33:11 +0800] "GET /webui/ HTTP/1.1" 404 8951 "-" "Mozilla/5.0 (Macintosh; Intel Mac OS X 10_15_7) AppleWebKit/537.36 (KHTML, like Gecko) Chrome/114.0.0.0 Safari/537.36"
64.62.197.217 - - [31/Jan/2026:16:33:46 +0800] "GET / HTTP/1.1" 499 0 "-" "Mozilla/5.0 (Macintosh; Intel Mac OS X 10_15_7) AppleWebKit/537.36 (KHTML, like Gecko) Chrome/114.0.0.0 Safari/537.36"
36.133.115.36 - - [31/Jan/2026:16:36:33 +0800] "POST /wp-cron.php?doing_wp_cron=1769848593.1773719787597656250000 HTTP/1.1" 200 31 "-" "WordPress/6.9; http://cqqizhou.com"
64.62.197.212 - - [31/Jan/2026:16:36:33 +0800] "GET /geoserver/web/ HTTP/1.1" 404 8951 "-" "Mozilla/5.0 (Windows NT 6.1; ) AppleWebKit/537.36 (KHTML, like Gecko) Chrome/122.0.6261.156 Not(A:Brand/24 YaBrowser/24.4.1.901 Yowser/2.5  Safari/537.36"
36.133.115.36 - - [31/Jan/2026:16:51:09 +0800] "POST /wp-cron.php?doing_wp_cron=1769849469.4174330234527587890625 HTTP/1.1" 200 31 "-" "WordPress/6.9; http://cqqizhou.com"
220.181.108.167 - - [31/Jan/2026:16:51:09 +0800] "GET / HTTP/1.1" 301 5 "-" "Mozilla/5.0 (compatible; Baiduspider/2.0; +http://www.baidu.com/search/spider.html)"
116.179.32.70 - - [31/Jan/2026:16:51:09 +0800] "GET / HTTP/1.1" 301 5 "-" "Mozilla/5.0 (Linux;u;Android 4.2.2;zh-cn;) AppleWebKit/534.46 (KHTML,like Gecko) Version/5.1 Mobile Safari/10600.6.3 (compatible; Baiduspider/2.0; +http://www.baidu.com/search/spider.html)"
220.181.108.111 - - [31/Jan/2026:16:51:09 +0800] "GET / HTTP/1.1" 200 35186 "-" "Mozilla/5.0 (compatible; Baiduspider/2.0; +http://www.baidu.com/search/spider.html)"
116.179.32.109 - - [31/Jan/2026:16:51:10 +0800] "GET / HTTP/1.1" 200 34752 "-" "Mozilla/5.0 (Linux;u;Android 4.2.2;zh-cn;) AppleWebKit/534.46 (KHTML,like Gecko) Version/5.1 Mobile Safari/10600.6.3 (compatible; Baiduspider/2.0; +http://www.baidu.com/search/spider.html)"
119.249.100.240 - - [31/Jan/2026:16:51:24 +0800] "GET /robots.txt HTTP/1.1" 301 5 "-" "Mozilla/5.0 (Windows NT 10.0; WOW64) AppleWebKit/537.36 (KHTML, like Gecko) Chrome/48.0.2564.116 Safari/537.36"
220.181.51.88 - - [31/Jan/2026:16:51:25 +0800] "GET /robots.txt HTTP/1.1" 301 5 "-" "Mozilla/5.0 (Windows NT 10.0; WOW64) AppleWebKit/537.36 (KHTML, like Gecko) Chrome/48.0.2564.116 Safari/537.36"
119.249.100.50 - - [31/Jan/2026:16:51:25 +0800] "GET /robots.txt HTTP/1.1" 200 190 "-" "Mozilla/5.0 (Windows NT 10.0; WOW64) AppleWebKit/537.36 (KHTML, like Gecko) Chrome/48.0.2564.116 Safari/537.36"
220.181.51.85 - - [31/Jan/2026:16:51:25 +0800] "GET /robots.txt HTTP/1.1" 200 190 "-" "Mozilla/5.0 (Windows NT 10.0; WOW64) AppleWebKit/537.36 (KHTML, like Gecko) Chrome/48.0.2564.116 Safari/537.36"
40.77.167.58 - - [31/Jan/2026:16:51:41 +0800] "GET /2373/ HTTP/1.1" 200 26214 "-" "Mozilla/5.0 AppleWebKit/537.36 (KHTML, like Gecko; compatible; bingbot/2.0; +http://www.bing.com/bingbot.htm) Chrome/116.0.1938.76 Safari/537.36"
36.133.115.36 - - [31/Jan/2026:16:52:25 +0800] "POST /wp-cron.php?doing_wp_cron=1769849545.9287419319152832031250 HTTP/1.1" 200 31 "-" "WordPress/6.9; http://cqqizhou.com"
54.37.252.229 - - [31/Jan/2026:16:52:25 +0800] "GET /robots.txt HTTP/1.1" 200 390 "-" "Mozilla/5.0 (compatible; MJ12bot/v1.4.8; http://mj12bot.com/)"
54.37.252.229 - - [31/Jan/2026:16:52:28 +0800] "GET /tag/%E5%8D%9A%E8%81%94%E8%BE%BE HTTP/1.1" 301 5 "-" "Mozilla/5.0 (compatible; MJ12bot/v1.4.8; http://mj12bot.com/)"
54.37.252.229 - - [31/Jan/2026:16:52:30 +0800] "GET /tag/%E5%8D%9A%E8%81%94%E8%BE%BE/ HTTP/1.1" 200 20948 "-" "Mozilla/5.0 (compatible; MJ12bot/v1.4.8; http://mj12bot.com/)"
54.37.252.229 - - [31/Jan/2026:16:52:32 +0800] "GET /tag/%E7%89%A9%E6%B5%81 HTTP/1.1" 301 5 "-" "Mozilla/5.0 (compatible; MJ12bot/v1.4.8; http://mj12bot.com/)"
54.37.252.229 - - [31/Jan/2026:16:52:34 +0800] "GET /tag/%E7%89%A9%E6%B5%81/ HTTP/1.1" 200 20931 "-" "Mozilla/5.0 (compatible; MJ12bot/v1.4.8; http://mj12bot.com/)"
36.133.115.36 - - [31/Jan/2026:16:55:01 +0800] "POST /wp-cron.php?doing_wp_cron=1769849701.6934950351715087890625 HTTP/1.1" 200 31 "-" "WordPress/6.9; http://cqqizhou.com"
204.76.203.219 - - [31/Jan/2026:16:55:01 +0800] "GET / HTTP/1.1" 200 34752 "-" "Mozilla/5.0 (Windows NT 10.0; Win64; x64) AppleWebKit/537.36 (KHTML, like Gecko) Chrome/90.0.4430.85 Safari/537.36 Edg/90.0.818.46"
36.133.115.36 - - [31/Jan/2026:17:09:40 +0800] "POST /wp-cron.php?doing_wp_cron=1769850580.4704511165618896484375 HTTP/1.1" 200 31 "-" "WordPress/6.9; http://cqqizhou.com"
206.168.34.223 - - [31/Jan/2026:17:09:40 +0800] "GET / HTTP/1.1" 301 5 "-" "Mozilla/5.0 (compatible; CensysInspect/1.1; +https://about.censys.io/)"
206.168.34.223 - - [31/Jan/2026:17:09:47 +0800] "GET /security.txt HTTP/1.1" 404 8951 "-" "Mozilla/5.0 (compatible; CensysInspect/1.1; +https://about.censys.io/)"
36.133.115.36 - - [31/Jan/2026:17:10:57 +0800] "POST /wp-cron.php?doing_wp_cron=1769850657.8342220783233642578125 HTTP/1.1" 200 31 "-" "WordPress/6.9; http://cqqizhou.com"
172.202.118.31 - - [31/Jan/2026:17:10:57 +0800] "GET /druid/index.html HTTP/1.1" 404 8951 "-" "Mozilla/5.0 zgrab/0.x"
36.133.115.36 - - [31/Jan/2026:17:23:58 +0800] "POST /wp-cron.php?doing_wp_cron=1769851438.9368619918823242187500 HTTP/1.1" 200 31 "-" "WordPress/6.9; http://cqqizhou.com"
34.79.180.31 - - [31/Jan/2026:17:23:58 +0800] "GET / HTTP/1.1" 301 5 "-" "python-requests/2.32.5"
36.133.115.36 - - [31/Jan/2026:17:25:13 +0800] "POST /wp-cron.php?doing_wp_cron=1769851513.7343120574951171875000 HTTP/1.1" 200 31 "-" "WordPress/6.9; http://cqqizhou.com"
123.168.163.15 - - [31/Jan/2026:17:25:13 +0800] "GET / HTTP/1.1" 301 5 "-" "Go-http-client/1.1"
123.168.163.15 - - [31/Jan/2026:17:25:13 +0800] "GET / HTTP/1.1" 200 35186 "http://xa4.shaanxi.cn.antiddos.cspt.fullcone.cn" "Go-http-client/1.1"
36.133.115.36 - - [31/Jan/2026:17:32:26 +0800] "POST /wp-cron.php?doing_wp_cron=1769851946.6832571029663085937500 HTTP/1.1" 200 31 "-" "WordPress/6.9; http://cqqizhou.com"
204.76.203.18 - - [31/Jan/2026:17:32:27 +0800] "GET / HTTP/1.1" 200 157284 "-" "-"
204.76.203.18 - - [31/Jan/2026:17:32:30 +0800] "GET / HTTP/1.1" 200 157284 "-" "-"
204.76.203.18 - - [31/Jan/2026:17:32:34 +0800] "GET / HTTP/1.1" 200 157284 "-" "-"
204.76.203.18 - - [31/Jan/2026:17:32:36 +0800] "GET / HTTP/1.1" 200 157284 "-" "-"
204.76.203.18 - - [31/Jan/2026:17:33:38 +0800] "GET / HTTP/1.1" 200 109837 "-" "-"
36.133.115.36 - - [31/Jan/2026:17:45:51 +0800] "POST /wp-cron.php?doing_wp_cron=1769852751.8898949623107910156250 HTTP/1.1" 200 31 "-" "WordPress/6.9; http://cqqizhou.com"
43.157.181.189 - - [31/Jan/2026:17:45:51 +0800] "GET / HTTP/1.1" 200 34752 "-" "Mozilla/5.0 (iPhone; CPU iPhone OS 13_2_3 like Mac OS X) AppleWebKit/605.1.15 (KHTML, like Gecko) Version/13.0.3 Mobile/15E148 Safari/604.1"
36.133.115.36 - - [31/Jan/2026:17:51:50 +0800] "POST /wp-cron.php?doing_wp_cron=1769853110.7471659183502197265625 HTTP/1.1" 200 31 "-" "WordPress/6.9; http://cqqizhou.com"
36.133.108.119 - - [31/Jan/2026:17:51:50 +0800] "HEAD /mifs/c/windows/api/v2/device/registration HTTP/1.1" 404 0 "-" "Mozilla/5.0 (iPad; CPU OS 6_0 like Mac OS X) AppleWebKit/536.26 (KHTML, like Gecko) Version/6.0 Mobile/10A5355d Safari/8536.25"
36.133.115.36 - - [31/Jan/2026:17:52:44 +0800] "POST /wp-cron.php?doing_wp_cron=1769853164.5564210414886474609375 HTTP/1.1" 200 31 "-" "WordPress/6.9; http://cqqizhou.com"
204.76.203.219 - - [31/Jan/2026:17:52:44 +0800] "GET / HTTP/1.1" 200 34752 "-" "Mozilla/5.0 (Windows NT 10.0; Win64; x64) AppleWebKit/537.36 (KHTML, like Gecko) Chrome/90.0.4430.85 Safari/537.36 Edg/90.0.818.46"
36.133.115.36 - - [31/Jan/2026:17:59:17 +0800] "POST /wp-cron.php?doing_wp_cron=1769853557.8970201015472412109375 HTTP/1.1" 200 31 "-" "WordPress/6.9; http://cqqizhou.com"
103.203.57.3 - - [31/Jan/2026:17:59:17 +0800] "GET / HTTP/1.1" 301 5 "-" "Mozilla/5.0 zgrab/0.x"
47.114.89.255 - - [31/Jan/2026:18:04:31 +0800] "GET /admin/webuploader/server/preview.php HTTP/1.1" 404 47 "-" "Mozilla/5.0 (Windows NT 10.0; Win64; x64)"
47.114.89.255 - - [31/Jan/2026:18:04:31 +0800] "GET /admin/webuploader/server/fileupload.php HTTP/1.1" 404 47 "-" "Mozilla/5.0 (Windows NT 10.0; Win64; x64)"
36.133.115.36 - - [31/Jan/2026:18:05:40 +0800] "POST /wp-cron.php?doing_wp_cron=1769853940.9079549312591552734375 HTTP/1.1" 200 31 "-" "WordPress/6.9; http://cqqizhou.com"
193.142.147.209 - - [31/Jan/2026:18:05:41 +0800] "POST / HTTP/1.1" 200 34752 "-" "Mozilla/5.0 (Windows NT 10.0; Win64; x64) AppleWebKit/537.36"
36.133.115.36 - - [31/Jan/2026:18:06:45 +0800] "POST /wp-cron.php?doing_wp_cron=1769854005.2325170040130615234375 HTTP/1.1" 200 31 "-" "WordPress/6.9; http://cqqizhou.com"
68.178.164.217 - - [31/Jan/2026:18:06:45 +0800] "POST /xmlrpc.php HTTP/1.1" 200 217 "-" "Mozilla/5.0 (Windows NT 10.0; Win64; x64) AppleWebKit/537.43 (KHTML, like Gecko) Chrome/134.0.0.0 Safari/537.36 OPR/119.0.0.0"
36.133.115.36 - - [31/Jan/2026:18:10:26 +0800] "POST /wp-cron.php?doing_wp_cron=1769854226.3658800125122070312500 HTTP/1.1" 200 31 "-" "WordPress/6.9; http://cqqizhou.com"
89.42.231.200 - - [31/Jan/2026:18:10:26 +0800] "GET /SDK/webLanguage HTTP/1.1" 301 5 "-" "Mozilla/5.0 (Windows NT 10.0; Win64; x64) AppleWebKit/537.36 (KHTML, like Gecko) Chrome/90.0.4430.85 Safari/537.36 Edg/90.0.818.46"
36.133.115.36 - - [31/Jan/2026:18:11:35 +0800] "POST /wp-cron.php?doing_wp_cron=1769854295.2666609287261962890625 HTTP/1.1" 200 31 "-" "WordPress/6.9; http://cqqizhou.com"
52.167.144.170 - - [31/Jan/2026:18:11:35 +0800] "GET /news/page/2/ HTTP/1.1" 200 25482 "-" "Mozilla/5.0 AppleWebKit/537.36 (KHTML, like Gecko; compatible; bingbot/2.0; +http://www.bing.com/bingbot.htm) Chrome/116.0.1938.76 Safari/537.36"
36.133.115.36 - - [31/Jan/2026:18:15:44 +0800] "POST /wp-cron.php?doing_wp_cron=1769854544.9292349815368652343750 HTTP/1.1" 200 31 "-" "WordPress/6.9; http://cqqizhou.com"
3.134.148.59 - - [31/Jan/2026:18:15:44 +0800] "GET / HTTP/1.1" 301 5 "-" "cypex.ai/scanning Mozilla/5.0 (Macintosh; Intel Mac OS X 10_15_7) Chrome/126.0.0.0 Safari/537.36"
36.133.115.36 - - [31/Jan/2026:18:16:09 +0800] "POST /wp-cron.php?doing_wp_cron=1769854569.5955870151519775390625 HTTP/1.1" 200 31 "-" "WordPress/6.9; http://cqqizhou.com"
204.76.203.69 - - [31/Jan/2026:18:16:09 +0800] "GET / HTTP/1.1" 301 5 "-" "Mozilla/5.0 (Windows NT 10.0; Win64; x64) AppleWebKit/537.36 (KHTML, like Gecko) Chrome/90.0.4430.85 Safari/537.36 Edg/90.0.818.46"
36.133.115.36 - - [31/Jan/2026:18:17:29 +0800] "POST /wp-cron.php?doing_wp_cron=1769854649.3768990039825439453125 HTTP/1.1" 200 31 "-" "WordPress/6.9; http://cqqizhou.com"
3.134.148.59 - - [31/Jan/2026:18:17:29 +0800] "GET / HTTP/1.1" 301 5 "-" "cypex.ai/scanning Mozilla/5.0 (Macintosh; Intel Mac OS X 10_15_7) Chrome/126.0.0.0 Safari/537.36"
36.133.115.36 - - [31/Jan/2026:18:24:58 +0800] "POST /wp-cron.php?doing_wp_cron=1769855098.3310561180114746093750 HTTP/1.1" 200 31 "-" "WordPress/6.9; http://cqqizhou.com"
51.75.119.75 - - [31/Jan/2026:18:24:58 +0800] "GET /robots.txt HTTP/1.1" 200 390 "-" "Mozilla/5.0 (compatible; MJ12bot/v1.4.8; http://mj12bot.com/)"
51.75.119.75 - - [31/Jan/2026:18:25:00 +0800] "GET /portfolio-tag/%E9%9E%8D%E9%92%A2%E8%92%82%E6%A3%AE/ HTTP/1.1" 404 8949 "-" "Mozilla/5.0 (compatible; MJ12bot/v1.4.8; http://mj12bot.com/)"
51.75.119.75 - - [31/Jan/2026:18:25:03 +0800] "GET /portfolio/%E5%86%B7%E8%BD%A7%E5%8D%B7/ HTTP/1.1" 404 8951 "-" "Mozilla/5.0 (compatible; MJ12bot/v1.4.8; http://mj12bot.com/)"
51.75.119.75 - - [31/Jan/2026:18:25:05 +0800] "GET /portfolio/%E5%86%B7%E8%BD%A7%E6%9D%BF/ HTTP/1.1" 404 8951 "-" "Mozilla/5.0 (compatible; MJ12bot/v1.4.8; http://mj12bot.com/)"
36.133.115.36 - - [31/Jan/2026:18:31:32 +0800] "POST /wp-cron.php?doing_wp_cron=1769855492.6095240116119384765625 HTTP/1.1" 200 31 "-" "WordPress/6.9; http://cqqizhou.com"
204.76.203.69 - - [31/Jan/2026:18:31:33 +0800] "GET / HTTP/1.1" 200 157284 "-" "-"
36.133.115.36 - - [31/Jan/2026:18:39:49 +0800] "POST /wp-cron.php?doing_wp_cron=1769855989.4652349948883056640625 HTTP/1.1" 200 31 "-" "WordPress/6.9; http://cqqizhou.com"
188.165.217.198 - - [31/Jan/2026:18:39:49 +0800] "GET /robots.txt HTTP/1.1" 200 390 "-" "Mozilla/5.0 (compatible; MJ12bot/v1.4.8; http://mj12bot.com/)"
36.133.115.36 - - [31/Jan/2026:18:41:15 +0800] "POST /wp-cron.php?doing_wp_cron=1769856075.7723560333251953125000 HTTP/1.1" 200 31 "-" "WordPress/6.9; http://cqqizhou.com"
5.61.209.92 - - [31/Jan/2026:18:41:15 +0800] "GET /SDK/webLanguage HTTP/1.1" 301 5 "-" "Mozilla/5.0 (Windows NT 10.0; Win64; x64) AppleWebKit/537.36 (KHTML, like Gecko) Chrome/90.0.4430.85 Safari/537.36 Edg/90.0.818.46"
36.133.115.36 - - [31/Jan/2026:18:44:19 +0800] "POST /wp-cron.php?doing_wp_cron=1769856259.3433740139007568359375 HTTP/1.1" 200 31 "-" "WordPress/6.9; http://cqqizhou.com"
204.76.203.219 - - [31/Jan/2026:18:44:19 +0800] "GET / HTTP/1.1" 200 34752 "-" "Mozilla/5.0 (Windows NT 10.0; Win64; x64) AppleWebKit/537.36 (KHTML, like Gecko) Chrome/90.0.4430.85 Safari/537.36 Edg/90.0.818.46"
188.165.217.198 - - [31/Jan/2026:18:45:42 +0800] "GET /tag/%E5%8D%9A%E8%81%94%E8%BE%BE/ HTTP/1.1" 200 20948 "-" "Mozilla/5.0 (compatible; MJ12bot/v1.4.8; http://mj12bot.com/)"
188.165.217.198 - - [31/Jan/2026:18:46:59 +0800] "GET /tag/%E7%89%A9%E6%B5%81/ HTTP/1.1" 200 20931 "-" "Mozilla/5.0 (compatible; MJ12bot/v1.4.8; http://mj12bot.com/)"
36.133.115.36 - - [31/Jan/2026:18:47:35 +0800] "POST /wp-cron.php?doing_wp_cron=1769856455.8484470844268798828125 HTTP/1.1" 200 31 "-" "WordPress/6.9; http://cqqizhou.com"
157.55.39.195 - - [31/Jan/2026:18:47:35 +0800] "GET /portfolio/duplex-stainless-steel/ HTTP/1.1" 404 8951 "-" "Mozilla/5.0 AppleWebKit/537.36 (KHTML, like Gecko; compatible; bingbot/2.0; +http://www.bing.com/bingbot.htm) Chrome/116.0.1938.76 Safari/537.36"
104.200.30.32 - - [31/Jan/2026:18:48:01 +0800] "GET / HTTP/1.1" 301 5 "-" "ANK-WALK Internet Research Project - see https://your-domain.com"
104.200.30.32 - - [31/Jan/2026:18:48:02 +0800] "GET / HTTP/1.1" 200 35186 "http://36.133.115.36:80" "ANK-WALK Internet Research Project - see https://your-domain.com"
36.133.115.36 - - [31/Jan/2026:18:49:37 +0800] "POST /wp-cron.php?doing_wp_cron=1769856577.2680499553680419921875 HTTP/1.1" 200 31 "-" "WordPress/6.9; http://cqqizhou.com"
111.45.1.69 - - [31/Jan/2026:18:49:37 +0800] "GET /wp-json/oembed/1.0/embed?url=http://cqqizhou.com/2162/ HTTP/1.1" 200 1296 "-" "Mozilla/5.0 (Linux; Android 6.0.1; SOV33 Build/35.0.D.0.326) AppleWebKit/537.36 (KHTML, like Gecko) Chrome/49.0.2623.91 Mobile Safari/537.36"
36.133.115.36 - - [31/Jan/2026:18:50:19 +0800] "POST /wp-cron.php?doing_wp_cron=1769856619.6320021152496337890625 HTTP/1.1" 200 31 "-" "WordPress/6.9; http://cqqizhou.com"
51.75.119.75 - - [31/Jan/2026:18:50:19 +0800] "GET /robots.txt HTTP/1.1" 200 390 "-" "Mozilla/5.0 (compatible; MJ12bot/v1.4.8; http://mj12bot.com/)"
51.75.119.75 - - [31/Jan/2026:18:50:22 +0800] "GET /portfolio-tag/%E9%9E%8D%E9%92%A2%E8%92%82%E6%A3%AE/ HTTP/1.1" 404 8951 "-" "Mozilla/5.0 (compatible; MJ12bot/v1.4.8; http://mj12bot.com/)"
51.75.119.75 - - [31/Jan/2026:18:50:24 +0800] "GET /portfolio/%E5%86%B7%E8%BD%A7%E5%8D%B7/ HTTP/1.1" 404 8951 "-" "Mozilla/5.0 (compatible; MJ12bot/v1.4.8; http://mj12bot.com/)"
51.75.119.75 - - [31/Jan/2026:18:50:27 +0800] "GET /portfolio/%E5%86%B7%E8%BD%A7%E6%9D%BF/ HTTP/1.1" 404 8951 "-" "Mozilla/5.0 (compatible; MJ12bot/v1.4.8; http://mj12bot.com/)"
36.133.115.36 - - [31/Jan/2026:19:17:17 +0800] "POST /wp-cron.php?doing_wp_cron=1769858237.1864390373229980468750 HTTP/1.1" 200 31 "-" "WordPress/6.9; http://cqqizhou.com"
36.133.108.121 - - [31/Jan/2026:19:17:17 +0800] "HEAD / HTTP/1.1" 301 0 "-" "Mozilla/5.0 (Windows; U; Windows NT 5.1; ru-RU) AppleWebKit/533.19.4 (KHTML, like Gecko) Version/5.0.3 Safari/533.19.4"
36.133.115.36 - - [31/Jan/2026:19:22:12 +0800] "POST /wp-cron.php?doing_wp_cron=1769858532.8362250328063964843750 HTTP/1.1" 200 31 "-" "WordPress/6.9; http://cqqizhou.com"
54.176.184.156 - - [31/Jan/2026:19:22:12 +0800] "GET / HTTP/1.1" 301 5 "-" "Mozilla/5.0 (Macintosh; Intel Mac OS X 10_11_5) AppleWebKit/537.36 (KHTML, like Gecko) Chrome/50.0.2661.102 Safari/537.36"
36.133.115.36 - - [31/Jan/2026:19:39:48 +0800] "POST /wp-cron.php?doing_wp_cron=1769859588.1310110092163085937500 HTTP/1.1" 200 31 "-" "WordPress/6.9; http://cqqizhou.com"
204.76.203.219 - - [31/Jan/2026:19:39:48 +0800] "GET / HTTP/1.1" 200 34752 "-" "Mozilla/5.0 (Windows NT 10.0; Win64; x64) AppleWebKit/537.36 (KHTML, like Gecko) Chrome/90.0.4430.85 Safari/537.36 Edg/90.0.818.46"
36.133.115.36 - - [31/Jan/2026:20:00:10 +0800] "POST /wp-cron.php?doing_wp_cron=1769860810.8164870738983154296875 HTTP/1.1" 200 31 "-" "WordPress/6.9; http://cqqizhou.com"
43.166.1.243 - - [31/Jan/2026:20:00:10 +0800] "GET / HTTP/1.1" 200 34751 "-" "Mozilla/5.0 (iPhone; CPU iPhone OS 13_2_3 like Mac OS X) AppleWebKit/605.1.15 (KHTML, like Gecko) Version/13.0.3 Mobile/15E148 Safari/604.1"
36.133.115.36 - - [31/Jan/2026:20:07:27 +0800] "POST /wp-cron.php?doing_wp_cron=1769861247.6567060947418212890625 HTTP/1.1" 200 31 "-" "WordPress/6.9; http://cqqizhou.com"
43.153.47.201 - - [31/Jan/2026:20:07:27 +0800] "GET / HTTP/1.1" 301 5 "-" "Mozilla/5.0 (iPhone; CPU iPhone OS 13_2_3 like Mac OS X) AppleWebKit/605.1.15 (KHTML, like Gecko) Version/13.0.3 Mobile/15E148 Safari/604.1"
43.153.47.201 - - [31/Jan/2026:20:07:30 +0800] "GET / HTTP/1.1" 200 34751 "http://36.133.115.36" "Mozilla/5.0 (iPhone; CPU iPhone OS 13_2_3 like Mac OS X) AppleWebKit/605.1.15 (KHTML, like Gecko) Version/13.0.3 Mobile/15E148 Safari/604.1"
36.133.115.36 - - [31/Jan/2026:20:12:08 +0800] "POST /wp-cron.php?doing_wp_cron=1769861528.0210530757904052734375 HTTP/1.1" 200 31 "-" "WordPress/6.9; http://cqqizhou.com"
54.37.86.225 - - [31/Jan/2026:20:12:08 +0800] "GET /robots.txt HTTP/1.1" 200 390 "-" "Mozilla/5.0 (compatible; MJ12bot/v1.4.8; http://mj12bot.com/)"
54.37.86.225 - - [31/Jan/2026:20:12:10 +0800] "GET /portfolio/%E5%86%B7%E8%BD%A7%E5%8D%B7/ HTTP/1.1" 404 8949 "-" "Mozilla/5.0 (compatible; MJ12bot/v1.4.8; http://mj12bot.com/)"
78.153.140.203 - - [31/Jan/2026:20:12:21 +0800] "GET /.env HTTP/1.1" 404 31367 "-" "Mozilla/5.0 (Macintosh; U; PPC Mac OS X; en) AppleWebKit/522.11 (KHTML, like Gecko) Version/3.0.2 Safari/522.12"
78.153.140.203 - - [31/Jan/2026:20:12:23 +0800] "GET /admin/.env HTTP/1.1" 404 31367 "-" "Dalvik/2.1.0 (Linux; U; Android 8.0.0; SM-N950U Build/R16NW)"
78.153.140.203 - - [31/Jan/2026:20:12:25 +0800] "GET /api/.env HTTP/1.1" 404 31367 "-" "Mozilla/5.0 (Linux; U; Android 4.1.2; en-gb; GT-N7100 Build/JZO54K) AppleWebKit/534.30 (KHTML, like Gecko) Version/4.0 Mobile Safari/534.30"
78.153.140.203 - - [31/Jan/2026:20:12:28 +0800] "GET /app/.env HTTP/1.1" 404 31367 "-" "Mozilla/5.0 (iPad; U; CPU OS 4_3 like Mac OS X; en-us) AppleWebKit/533.17.9 (KHTML, like Gecko) Version/5.0.2 Mobile/8F191 Safari/6533.18.5 electricmobilesimulator"
78.153.140.203 - - [31/Jan/2026:20:12:29 +0800] "GET /backend/.env HTTP/1.1" 404 31367 "-" "Mozilla/5.0 (Windows; U; Windows NT 5.0; en-US; rv:1.7.9) Gecko/20050711 Firefox/1.0.5"
78.153.140.203 - - [31/Jan/2026:20:12:31 +0800] "GET /demo/.env HTTP/1.1" 404 31367 "-" "Mozilla/5.0 (Windows NT 6.3; WOW64; rv:55.0) Gecko/20100101 Firefox/55.0"
78.153.140.203 - - [31/Jan/2026:20:12:33 +0800] "GET /dev/.env HTTP/1.1" 404 31367 "-" "Mozilla/5.0 (Windows NT 6.2; ARM; Trident/7.0; Touch; rv:11.0; WPDesktop; Lumia 625) like Gecko"
78.153.140.203 - - [31/Jan/2026:20:12:34 +0800] "GET /staging/.env HTTP/1.1" 404 31367 "-" "Opera/10.61 (J2ME/MIDP; Opera Mini/5.1.21219/19.999; en-US; rv:1.9.3a5) WebKit/534.5 Presto/2.6.30"
78.153.140.203 - - [31/Jan/2026:20:12:36 +0800] "GET /mail/.env HTTP/1.1" 404 31367 "-" "Mozilla/5.0 (Macintosh; U; Intel Mac OS X 10_6_6; ko-kr) AppleWebKit/533.19.4 (KHTML, like Gecko) Version/5.0.3 Safari/533.19.4"
78.153.140.203 - - [31/Jan/2026:20:12:38 +0800] "GET /m/.env HTTP/1.1" 404 31367 "-" "Mozilla/5.0 (Windows NT 6.1) AppleWebKit/537.36 (KHTML, like Gecko) Chrome/51.0.2704.63 Safari/537.36"
78.153.140.203 - - [31/Jan/2026:20:12:39 +0800] "GET /remote/.env HTTP/1.1" 404 31367 "-" "Mozilla/5.0 (iPad; CPU OS 10_2_1 like Mac OS X) AppleWebKit/602.4.3 (KHTML, like Gecko) Version/10.0 Mobile/14D15 Safari/602.1"
78.153.140.203 - - [31/Jan/2026:20:12:41 +0800] "GET /webmail/.env HTTP/1.1" 404 31367 "-" "Mozilla/5.0 (Linux; Android 4.4.4; SM-T113 Build/KTU84P) AppleWebKit/537.36 (KHTML, like Gecko) Chrome/40.0.2214.109 Safari/537.36"
78.153.140.203 - - [31/Jan/2026:20:12:43 +0800] "GET /server/.env HTTP/1.1" 404 31367 "-" "Mozilla/5.0 (X11; Linux x86_64) AppleWebKit/537.36 (KHTML, like Gecko) Chrome/56.0.2924.76 Safari/537.36"
78.153.140.203 - - [31/Jan/2026:20:12:44 +0800] "GET /vpn/.env HTTP/1.1" 404 31367 "-" "Mozilla/5.0 (Linux; U; Android 4.4.2; zh-cn; GT-I9500 Build/KOT49H) AppleWebKit/537.36 (KHTML, like Gecko)Version/4.0 MQQBrowser/5.0 QQ-Manager Mobile Safari/537.36"
78.153.140.203 - - [31/Jan/2026:20:12:46 +0800] "GET /secure/.env HTTP/1.1" 404 31367 "-" "Mozilla/5.0 (Macintosh; Intel Mac OS X 10_12) AppleWebKit/604.4.7 (KHTML, like Gecko) Version/10.0 Safari/602.1.31"
78.153.140.203 - - [31/Jan/2026:20:12:48 +0800] "GET /shop/.env HTTP/1.1" 404 31367 "-" "Mozilla/5.0 (Windows NT 6.0; Win64; x64) AppleWebKit/537.36 (KHTML, like Gecko) Chrome/54.0.2840.99 Safari/537.36"
78.153.140.203 - - [31/Jan/2026:20:12:50 +0800] "GET /cloud/.env HTTP/1.1" 404 31367 "-" "Mozilla/5.0 (X11; U; Linux x86_64; en-AU) AppleWebKit/534.35 (KHTML, like Gecko) Chrome/11.0.696.65 Safari/534.35 Puffin/3.9174IT"
78.153.140.203 - - [31/Jan/2026:20:12:52 +0800] "GET /portal/.env HTTP/1.1" 404 31367 "-" "Mozilla/5.0 (iPhone; U; CPU OS 3_2 like Mac OS X; en-us) AppleWebKit/531.21.10 (KHTML, like Gecko) Version/4.0.4 Mobile/7B334b Safari/531.21.10"
78.153.140.203 - - [31/Jan/2026:20:12:54 +0800] "GET /host/.env HTTP/1.1" 404 31367 "-" "Mozilla/5.0 (X11; U; Linux x86_64; en-US) AppleWebKit/532.2 (KHTML, like Gecko) Chrome/4.0.223.2 Safari/532.2"
78.153.140.203 - - [31/Jan/2026:20:12:56 +0800] "GET /support/.env HTTP/1.1" 404 31367 "-" "Mozilla/5.0 (Windows; U; Windows NT 6.1; zh-CN; rv:1.9.2.3) Gecko/20100401 Firefox/3.6.3 (.NET CLR 3.5.30729)"
78.153.140.203 - - [31/Jan/2026:20:12:57 +0800] "GET /pop/.env HTTP/1.1" 404 31367 "-" "Mozilla/4.0 (compatible; MSIE 7.0; Windows; Windows NT 5.1) BrokenLinkCheck.com/1.1"
78.153.140.203 - - [31/Jan/2026:20:13:00 +0800] "GET /store/.env HTTP/1.1" 404 31367 "-" "Mozilla/5.0 (Windows NT 6.3; rv:49.0) Gecko/20100101 Firefox/49.0"
78.153.140.203 - - [31/Jan/2026:20:13:03 +0800] "GET /cdn/.env HTTP/1.1" 404 31367 "-" "Opera/9.02 (Windows NT 5.2; U; de)"
78.153.140.203 - - [31/Jan/2026:20:13:04 +0800] "GET /dashboard/.env HTTP/1.1" 404 31367 "-" "Mozilla/5.0 (Linux; U; Android 2.3.6; en-us; SGH-T989 Build/GINGERBREAD) AppleWebKit/533.1 (KHTML, like Gecko) Version/4.0 Mobile Safari/533.1"
78.153.140.203 - - [31/Jan/2026:20:13:07 +0800] "GET /test/.env HTTP/1.1" 404 31367 "-" "Mozilla/5.0 (Linux; U; Android 2.3.4; fr-fr; HTC Desire Build/GRJ22) AppleWebKit/533.1 (KHTML, like Gecko) Version/4.0 Mobile Safari/533.1"
36.133.115.36 - - [31/Jan/2026:20:13:08 +0800] "POST /wp-cron.php?doing_wp_cron=1769861588.8187079429626464843750 HTTP/1.1" 200 31 "-" "WordPress/6.9; http://cqqizhou.com"
78.153.140.203 - - [31/Jan/2026:20:13:08 +0800] "GET /smtp/.env HTTP/1.1" 404 31367 "-" "Mozilla/5.0 (Linux; Android 7.1.1; Z982 Build/NMF26V) AppleWebKit/537.36 (KHTML, like Gecko) Chrome/58.0.3029.83 Mobile Safari/537.36"
78.153.140.203 - - [31/Jan/2026:20:13:10 +0800] "GET /ftp/.env HTTP/1.1" 404 31367 "-" "Mozilla/5.0 (Windows NT 6.2; WOW64) AppleWebKit/537.36 (KHTML, like Gecko) Chrome/41.0.2272.104 AOL/9.8 AOLBuild/4346.18.US Safari/537.36"
78.153.140.203 - - [31/Jan/2026:20:13:12 +0800] "GET /wiki/.env HTTP/1.1" 404 31367 "-" "Mozilla/4.0 (compatible; MSIE 5.0; Windows XP) Opera 6.04  [en]"
78.153.140.203 - - [31/Jan/2026:20:13:14 +0800] "GET /help/.env HTTP/1.1" 404 31367 "-" "Mozilla/5.0 (Macintosh; Intel Mac OS X 10.6; rv:40.0) Gecko/20100101 Firefox/40.0"
78.153.140.203 - - [31/Jan/2026:20:13:15 +0800] "GET /blog/.env HTTP/1.1" 404 31367 "-" "Mozilla/5.0 (Macintosh; Intel Mac OS X 10.6; rv:2.0.1) Gecko/20100101 Firefox/4.0.1"
36.133.115.36 - - [31/Jan/2026:20:23:16 +0800] "POST /wp-cron.php?doing_wp_cron=1769862196.7214710712432861328125 HTTP/1.1" 200 31 "-" "WordPress/6.9; http://cqqizhou.com"
155.133.142.66 - - [31/Jan/2026:20:23:16 +0800] "POST /xmlrpc.php HTTP/1.1" 200 217 "-" "Mozilla/5.0 (Windows NT 10.0; WOW64; rv:142.0) Gecko/20100101 Firefox/142.0"
36.133.115.36 - - [31/Jan/2026:20:37:52 +0800] "POST /wp-cron.php?doing_wp_cron=1769863072.6959650516510009765625 HTTP/1.1" 200 31 "-" "WordPress/6.9; http://cqqizhou.com"
45.78.235.64 - - [31/Jan/2026:20:37:52 +0800] "POST /hello.world?%ADd+allow_url_include%3d1+%ADd+auto_prepend_file%3dphp://input HTTP/1.1" 404 31367 "-" "libredtail-http"
45.78.235.64 - - [31/Jan/2026:20:37:54 +0800] "POST /?%ADd+allow_url_include%3d1+%ADd+auto_prepend_file%3dphp://input HTTP/1.1" 200 157284 "-" "libredtail-http"
45.78.235.64 - - [31/Jan/2026:20:37:54 +0800] "GET /vendor/phpunit/phpunit/src/Util/PHP/eval-stdin.php HTTP/1.1" 404 27 "-" "libredtail-http"
45.78.235.64 - - [31/Jan/2026:20:37:55 +0800] "GET /vendor/phpunit/phpunit/Util/PHP/eval-stdin.php HTTP/1.1" 404 27 "-" "libredtail-http"
45.78.235.64 - - [31/Jan/2026:20:37:55 +0800] "GET /vendor/phpunit/src/Util/PHP/eval-stdin.php HTTP/1.1" 404 27 "-" "libredtail-http"
45.78.235.64 - - [31/Jan/2026:20:37:55 +0800] "GET /vendor/phpunit/Util/PHP/eval-stdin.php HTTP/1.1" 404 27 "-" "libredtail-http"
45.78.235.64 - - [31/Jan/2026:20:37:56 +0800] "GET /vendor/phpunit/phpunit/LICENSE/eval-stdin.php HTTP/1.1" 404 27 "-" "libredtail-http"
45.78.235.64 - - [31/Jan/2026:20:37:56 +0800] "GET /vendor/vendor/phpunit/phpunit/src/Util/PHP/eval-stdin.php HTTP/1.1" 404 27 "-" "libredtail-http"
45.78.235.64 - - [31/Jan/2026:20:37:56 +0800] "GET /phpunit/phpunit/src/Util/PHP/eval-stdin.php HTTP/1.1" 404 27 "-" "libredtail-http"
45.78.235.64 - - [31/Jan/2026:20:37:57 +0800] "GET /phpunit/phpunit/Util/PHP/eval-stdin.php HTTP/1.1" 404 27 "-" "libredtail-http"
45.78.235.64 - - [31/Jan/2026:20:37:57 +0800] "GET /phpunit/src/Util/PHP/eval-stdin.php HTTP/1.1" 404 27 "-" "libredtail-http"
45.78.235.64 - - [31/Jan/2026:20:37:57 +0800] "GET /phpunit/Util/PHP/eval-stdin.php HTTP/1.1" 404 27 "-" "libredtail-http"
45.78.235.64 - - [31/Jan/2026:20:37:58 +0800] "GET /lib/phpunit/phpunit/src/Util/PHP/eval-stdin.php HTTP/1.1" 404 27 "-" "libredtail-http"
45.78.235.64 - - [31/Jan/2026:20:37:58 +0800] "GET /lib/phpunit/phpunit/Util/PHP/eval-stdin.php HTTP/1.1" 404 27 "-" "libredtail-http"
45.78.235.64 - - [31/Jan/2026:20:37:58 +0800] "GET /lib/phpunit/src/Util/PHP/eval-stdin.php HTTP/1.1" 404 27 "-" "libredtail-http"
45.78.235.64 - - [31/Jan/2026:20:37:59 +0800] "GET /lib/phpunit/Util/PHP/eval-stdin.php HTTP/1.1" 404 27 "-" "libredtail-http"
45.78.235.64 - - [31/Jan/2026:20:37:59 +0800] "GET /lib/vendor/phpunit/phpunit/src/Util/PHP/eval-stdin.php HTTP/1.1" 404 27 "-" "libredtail-http"
45.78.235.64 - - [31/Jan/2026:20:37:59 +0800] "GET /laravel/vendor/phpunit/phpunit/src/Util/PHP/eval-stdin.php HTTP/1.1" 404 27 "-" "libredtail-http"
45.78.235.64 - - [31/Jan/2026:20:38:00 +0800] "GET /www/vendor/phpunit/phpunit/src/Util/PHP/eval-stdin.php HTTP/1.1" 404 27 "-" "libredtail-http"
45.78.235.64 - - [31/Jan/2026:20:38:01 +0800] "GET /ws/vendor/phpunit/phpunit/src/Util/PHP/eval-stdin.php HTTP/1.1" 404 27 "-" "libredtail-http"
45.78.235.64 - - [31/Jan/2026:20:38:01 +0800] "GET /yii/vendor/phpunit/phpunit/src/Util/PHP/eval-stdin.php HTTP/1.1" 404 27 "-" "libredtail-http"
45.78.235.64 - - [31/Jan/2026:20:38:01 +0800] "GET /zend/vendor/phpunit/phpunit/src/Util/PHP/eval-stdin.php HTTP/1.1" 404 27 "-" "libredtail-http"
45.78.235.64 - - [31/Jan/2026:20:38:02 +0800] "GET /ws/ec/vendor/phpunit/phpunit/src/Util/PHP/eval-stdin.php HTTP/1.1" 404 27 "-" "libredtail-http"
45.78.235.64 - - [31/Jan/2026:20:38:02 +0800] "GET /V2/vendor/phpunit/phpunit/src/Util/PHP/eval-stdin.php HTTP/1.1" 404 27 "-" "libredtail-http"
45.78.235.64 - - [31/Jan/2026:20:38:02 +0800] "GET /tests/vendor/phpunit/phpunit/src/Util/PHP/eval-stdin.php HTTP/1.1" 404 27 "-" "libredtail-http"
45.78.235.64 - - [31/Jan/2026:20:38:03 +0800] "GET /test/vendor/phpunit/phpunit/src/Util/PHP/eval-stdin.php HTTP/1.1" 404 27 "-" "libredtail-http"
45.78.235.64 - - [31/Jan/2026:20:38:03 +0800] "GET /testing/vendor/phpunit/phpunit/src/Util/PHP/eval-stdin.php HTTP/1.1" 404 27 "-" "libredtail-http"
45.78.235.64 - - [31/Jan/2026:20:38:04 +0800] "GET /api/vendor/phpunit/phpunit/src/Util/PHP/eval-stdin.php HTTP/1.1" 404 27 "-" "libredtail-http"
45.78.235.64 - - [31/Jan/2026:20:38:05 +0800] "GET /demo/vendor/phpunit/phpunit/src/Util/PHP/eval-stdin.php HTTP/1.1" 404 27 "-" "libredtail-http"
45.78.235.64 - - [31/Jan/2026:20:38:05 +0800] "GET /cms/vendor/phpunit/phpunit/src/Util/PHP/eval-stdin.php HTTP/1.1" 404 27 "-" "libredtail-http"
45.78.235.64 - - [31/Jan/2026:20:38:06 +0800] "GET /crm/vendor/phpunit/phpunit/src/Util/PHP/eval-stdin.php HTTP/1.1" 404 27 "-" "libredtail-http"
45.78.235.64 - - [31/Jan/2026:20:38:07 +0800] "GET /admin/vendor/phpunit/phpunit/src/Util/PHP/eval-stdin.php HTTP/1.1" 404 27 "-" "libredtail-http"
45.78.235.64 - - [31/Jan/2026:20:38:07 +0800] "GET /backup/vendor/phpunit/phpunit/src/Util/PHP/eval-stdin.php HTTP/1.1" 404 27 "-" "libredtail-http"
45.78.235.64 - - [31/Jan/2026:20:38:07 +0800] "GET /blog/vendor/phpunit/phpunit/src/Util/PHP/eval-stdin.php HTTP/1.1" 404 27 "-" "libredtail-http"
45.78.235.64 - - [31/Jan/2026:20:38:08 +0800] "GET /workspace/drupal/vendor/phpunit/phpunit/src/Util/PHP/eval-stdin.php HTTP/1.1" 404 27 "-" "libredtail-http"
45.78.235.64 - - [31/Jan/2026:20:38:08 +0800] "GET /panel/vendor/phpunit/phpunit/src/Util/PHP/eval-stdin.php HTTP/1.1" 404 27 "-" "libredtail-http"
45.78.235.64 - - [31/Jan/2026:20:38:09 +0800] "GET /public/vendor/phpunit/phpunit/src/Util/PHP/eval-stdin.php HTTP/1.1" 404 27 "-" "libredtail-http"
45.78.235.64 - - [31/Jan/2026:20:38:09 +0800] "GET /apps/vendor/phpunit/phpunit/src/Util/PHP/eval-stdin.php HTTP/1.1" 404 27 "-" "libredtail-http"
45.78.235.64 - - [31/Jan/2026:20:38:09 +0800] "GET /app/vendor/phpunit/phpunit/src/Util/PHP/eval-stdin.php HTTP/1.1" 404 27 "-" "libredtail-http"
36.133.115.36 - - [31/Jan/2026:20:38:11 +0800] "POST /wp-cron.php?doing_wp_cron=1769863091.4330639839172363281250 HTTP/1.1" 200 31 "-" "WordPress/6.9; http://cqqizhou.com"
45.78.235.64 - - [31/Jan/2026:20:38:11 +0800] "GET /index.php?s=/index/\x5Cthink\x5Capp/invokefunction&function=call_user_func_array&vars[0]=md5&vars[1][]=Hello HTTP/1.1" 200 65267 "-" "libredtail-http"
45.78.235.64 - - [31/Jan/2026:20:38:11 +0800] "GET /public/index.php?s=/index/\x5Cthink\x5Capp/invokefunction&function=call_user_func_array&vars[0]=md5&vars[1][]=Hello HTTP/1.1" 404 27 "-" "libredtail-http"
45.78.235.64 - - [31/Jan/2026:20:38:13 +0800] "GET /index.php?lang=../../../../../../../../usr/local/lib/php/pearcmd&+config-create+/&/<?echo(md5(\x22hi\x22));?>+/tmp/index1.php HTTP/1.1" 200 157284 "-" "libredtail-http"
45.78.235.64 - - [31/Jan/2026:20:38:14 +0800] "GET /index.php?lang=../../../../../../../../tmp/index1 HTTP/1.1" 200 157284 "-" "libredtail-http"
45.78.235.64 - - [31/Jan/2026:20:38:15 +0800] "GET /containers/json HTTP/1.1" 301 5 "-" "libredtail-http"
45.78.235.64 - - [31/Jan/2026:20:38:16 +0800] "GET /containers/json HTTP/1.1" 301 5 "-" "libredtail-http"
36.133.115.36 - - [31/Jan/2026:20:39:24 +0800] "POST /wp-cron.php?doing_wp_cron=1769863164.0827879905700683593750 HTTP/1.1" 200 31 "-" "WordPress/6.9; http://cqqizhou.com"
204.76.203.219 - - [31/Jan/2026:20:39:24 +0800] "GET / HTTP/1.1" 200 34751 "-" "Mozilla/5.0 (Windows NT 10.0; Win64; x64) AppleWebKit/537.36 (KHTML, like Gecko) Chrome/90.0.4430.85 Safari/537.36 Edg/90.0.818.46"
36.133.115.36 - - [31/Jan/2026:20:42:41 +0800] "POST /wp-cron.php?doing_wp_cron=1769863361.1409459114074707031250 HTTP/1.1" 200 31 "-" "WordPress/6.9; http://cqqizhou.com"
104.236.115.66 - - [31/Jan/2026:20:42:41 +0800] "GET / HTTP/1.1" 301 5 "-" "Mozilla/5.0 (Windows NT 10.0; Win64; x64) AppleWebKit/537.36 (KHTML, like Gecko) Chrome/108.0.0.0 Safari/537.36"
104.236.115.66 - - [31/Jan/2026:20:42:55 +0800] "GET /form.html HTTP/1.1" 404 8951 "-" "curl/8.1.2"
104.236.115.66 - - [31/Jan/2026:20:42:57 +0800] "GET /upl.php HTTP/1.1" 404 47 "-" "Mozilla/5.0"
104.236.115.66 - - [31/Jan/2026:20:43:01 +0800] "GET /t4 HTTP/1.1" 404 8951 "-" "Mozilla/5.0"
104.236.115.66 - - [31/Jan/2026:20:43:03 +0800] "GET /geoip/ HTTP/1.1" 404 8951 "-" "Mozilla/5.0 (Windows NT 10.0; Win64; x64) AppleWebKit/537.36 (KHTML, like Gecko) Chrome/108.0.0.0 Safari/537.36"
104.236.115.66 - - [31/Jan/2026:20:43:05 +0800] "GET /1.php HTTP/1.1" 404 47 "-" "Mozilla/5.0 (Windows NT 10.0; Win64; x64) AppleWebKit/537.36 (KHTML, like Gecko) Chrome/108.0.0.0 Safari/537.36"
104.236.115.66 - - [31/Jan/2026:20:43:16 +0800] "GET /password.php HTTP/1.1" 404 47 "-" "Mozilla/5.0 (Windows NT 10.0; Win64; x64) AppleWebKit/537.36 (KHTML, like Gecko) Chrome/108.0.0.0 Safari/537.36"
36.133.115.36 - - [31/Jan/2026:20:53:07 +0800] "POST /wp-cron.php?doing_wp_cron=1769863987.5861010551452636718750 HTTP/1.1" 200 31 "-" "WordPress/6.9; http://cqqizhou.com"
183.115.62.171 - - [31/Jan/2026:20:53:07 +0800] "HEAD /invoker/EJBInvokerServlet HTTP/1.1" 404 0 "-" "Mozilla/5.0 (Windows NT 5.1) AppleWebKit/537.36 (KHTML, like Gecko) Chrome/44.0.2403.155 Safari/537.36"
183.115.62.171 - - [31/Jan/2026:20:53:09 +0800] "HEAD /jmx-console/HtmlAdaptor?action=inspectMBean&name=jboss.system:type=ServerInfo HTTP/1.1" 404 0 "-" "Mozilla/5.0 (Windows NT 5.1) AppleWebKit/537.36 (KHTML, like Gecko) Chrome/44.0.2403.155 Safari/537.36"
183.115.62.171 - - [31/Jan/2026:20:53:11 +0800] "HEAD /invoker/JMXInvokerServlet HTTP/1.1" 404 0 "-" "Mozilla/5.0 (Windows NT 5.1) AppleWebKit/537.36 (KHTML, like Gecko) Chrome/44.0.2403.155 Safari/537.36"
183.115.62.171 - - [31/Jan/2026:20:53:12 +0800] "HEAD /web-console/ServerInfo.jsp HTTP/1.1" 404 0 "-" "Mozilla/5.0 (Windows NT 5.1) AppleWebKit/537.36 (KHTML, like Gecko) Chrome/44.0.2403.155 Safari/537.36"
36.133.115.36 - - [31/Jan/2026:20:55:09 +0800] "POST /wp-cron.php?doing_wp_cron=1769864109.5045070648193359375000 HTTP/1.1" 200 31 "-" "WordPress/6.9; http://cqqizhou.com"
66.249.74.134 - - [31/Jan/2026:20:55:09 +0800] "GET /robots.txt HTTP/1.1" 200 190 "-" "Mozilla/5.0 (compatible; Googlebot/2.1; +http://www.google.com/bot.html)"
36.133.115.36 - - [31/Jan/2026:21:12:48 +0800] "POST /wp-cron.php?doing_wp_cron=1769865168.3555080890655517578125 HTTP/1.1" 200 31 "-" "WordPress/6.9; http://cqqizhou.com"
74.7.242.33 - - [31/Jan/2026:21:12:48 +0800] "GET /wp-sitemap.xml HTTP/1.1" 501 253 "-" "Mozilla/5.0 AppleWebKit/537.36 (KHTML, like Gecko; compatible; GPTBot/1.3; +https://openai.com/gptbot)"
74.7.241.155 - - [31/Jan/2026:21:12:49 +0800] "GET /robots.txt HTTP/1.1" 200 190 "-" "Mozilla/5.0 (Macintosh; Intel Mac OS X 10_15_7) AppleWebKit/537.36 (KHTML, like Gecko) Chrome/131.0.0.0 Safari/537.36; compatible; OAI-SearchBot/1.3; robots.txt; +https://openai.com/searchbot"
36.133.115.36 - - [31/Jan/2026:21:23:30 +0800] "POST /wp-cron.php?doing_wp_cron=1769865810.6911220550537109375000 HTTP/1.1" 200 31 "-" "WordPress/6.9; http://cqqizhou.com"
182.42.105.85 - - [31/Jan/2026:21:23:30 +0800] "GET / HTTP/1.1" 200 34751 "-" "Mozilla/5.0 (iPhone; CPU iPhone OS 13_2_3 like Mac OS X) AppleWebKit/605.1.15 (KHTML, like Gecko) Version/13.0.3 Mobile/15E148 Safari/604.1"
36.133.115.36 - - [31/Jan/2026:21:30:03 +0800] "POST /wp-cron.php?doing_wp_cron=1769866203.0171089172363281250000 HTTP/1.1" 200 31 "-" "WordPress/6.9; http://cqqizhou.com"
204.76.203.219 - - [31/Jan/2026:21:30:03 +0800] "GET / HTTP/1.1" 200 34751 "-" "Mozilla/5.0 (Windows NT 10.0; Win64; x64) AppleWebKit/537.36 (KHTML, like Gecko) Chrome/90.0.4430.85 Safari/537.36 Edg/90.0.818.46"
