14.108.234.163 - - [31/Jan/2026:11:28:49 +0800] "GET /wp-json/elementor/v1/checklist/user-progress HTTP/1.1" 200 222 "http://cqqizhou.com/wp-admin/post.php?post=2239&action=elementor" "Mozilla/5.0 (Windows NT 10.0; Win64; x64) AppleWebKit/537.36 (KHTML, like Gecko) Chrome/143.0.0.0 Safari/537.36 Edg/143.0.0.0"
14.108.234.163 - - [31/Jan/2026:11:28:50 +0800] "POST /wp-admin/admin-ajax.php HTTP/1.1" 200 107 "http://cqqizhou.com/wp-admin/post.php?post=2239&action=elementor" "Mozilla/5.0 (Windows NT 10.0; Win64; x64) AppleWebKit/537.36 (KHTML, like Gecko) Chrome/143.0.0.0 Safari/537.36 Edg/143.0.0.0"
14.108.234.163 - - [31/Jan/2026:11:28:54 +0800] "POST /wp-admin/admin-ajax.php HTTP/1.1" 200 178 "http://cqqizhou.com/wp-admin/post.php?post=2239&action=elementor" "Mozilla/5.0 (Windows NT 10.0; Win64; x64) AppleWebKit/537.36 (KHTML, like Gecko) Chrome/143.0.0.0 Safari/537.36 Edg/143.0.0.0"
14.108.234.163 - - [31/Jan/2026:11:29:02 +0800] "POST /wp-admin/admin-ajax.php HTTP/1.1" 200 744 "http://cqqizhou.com/wp-admin/edit-tags.php?taxonomy=category" "Mozilla/5.0 (Windows NT 10.0; Win64; x64) AppleWebKit/537.36 (KHTML, like Gecko) Chrome/143.0.0.0 Safari/537.36 Edg/143.0.0.0"
43.165.65.180 - - [31/Jan/2026:11:29:04 +0800] "GET /wp-content/uploads/2025/11/1762826323-Contacts2000x400_20251111.webp HTTP/1.1" 200 15144 "-" "Mozilla/5.0 (iPhone; CPU iPhone OS 13_2_3 like Mac OS X) AppleWebKit/605.1.15 (KHTML, like Gecko) Version/13.0.3 Mobile/15E148 Safari/604.1"
14.108.234.163 - - [31/Jan/2026:11:29:06 +0800] "POST /wp-admin/admin-ajax.php HTTP/1.1" 200 107 "http://cqqizhou.com/wp-admin/post.php?post=2239&action=elementor" "Mozilla/5.0 (Windows NT 10.0; Win64; x64) AppleWebKit/537.36 (KHTML, like Gecko) Chrome/143.0.0.0 Safari/537.36 Edg/143.0.0.0"
36.133.115.36 - - [31/Jan/2026:11:29:12 +0800] "POST /wp-cron.php?doing_wp_cron=1769830152.0429000854492187500000 HTTP/1.1" 200 31 "-" "WordPress/6.9; http://cqqizhou.com"
14.108.234.163 - - [31/Jan/2026:11:29:12 +0800] "GET /wp-json/elementor/v1/checklist/user-progress HTTP/1.1" 200 222 "http://cqqizhou.com/wp-admin/post.php?post=2239&action=elementor" "Mozilla/5.0 (Windows NT 10.0; Win64; x64) AppleWebKit/537.36 (KHTML, like Gecko) Chrome/143.0.0.0 Safari/537.36 Edg/143.0.0.0"
14.108.234.163 - - [31/Jan/2026:11:29:19 +0800] "POST /wp-admin/admin-ajax.php HTTP/1.1" 200 177 "http://cqqizhou.com/wp-admin/post.php?post=2239&action=elementor" "Mozilla/5.0 (Windows NT 10.0; Win64; x64) AppleWebKit/537.36 (KHTML, like Gecko) Chrome/143.0.0.0 Safari/537.36 Edg/143.0.0.0"
43.166.255.122 - - [31/Jan/2026:11:29:20 +0800] "GET /logistics/ HTTP/1.1" 200 24977 "-" "Mozilla/5.0 (iPhone; CPU iPhone OS 13_2_3 like Mac OS X) AppleWebKit/605.1.15 (KHTML, like Gecko) Version/13.0.3 Mobile/15E148 Safari/604.1"
14.108.234.163 - - [31/Jan/2026:11:29:21 +0800] "POST /wp-admin/admin-ajax.php HTTP/1.1" 200 107 "http://cqqizhou.com/wp-admin/post.php?post=2239&action=elementor" "Mozilla/5.0 (Windows NT 10.0; Win64; x64) AppleWebKit/537.36 (KHTML, like Gecko) Chrome/143.0.0.0 Safari/537.36 Edg/143.0.0.0"
14.108.234.163 - - [31/Jan/2026:11:29:26 +0800] "GET /wp-json/elementor/v1/checklist/user-progress HTTP/1.1" 200 222 "http://cqqizhou.com/wp-admin/post.php?post=2239&action=elementor" "Mozilla/5.0 (Windows NT 10.0; Win64; x64) AppleWebKit/537.36 (KHTML, like Gecko) Chrome/143.0.0.0 Safari/537.36 Edg/143.0.0.0"
14.108.234.163 - - [31/Jan/2026:11:29:27 +0800] "POST /wp-admin/admin-ajax.php HTTP/1.1" 200 489 "http://cqqizhou.com/wp-admin/post.php?post=2239&action=elementor" "Mozilla/5.0 (Windows NT 10.0; Win64; x64) AppleWebKit/537.36 (KHTML, like Gecko) Chrome/143.0.0.0 Safari/537.36 Edg/143.0.0.0"
14.108.234.163 - - [31/Jan/2026:11:29:27 +0800] "GET /wp-json/elementor/v1/checklist/user-progress HTTP/1.1" 200 222 "http://cqqizhou.com/wp-admin/post.php?post=2239&action=elementor" "Mozilla/5.0 (Windows NT 10.0; Win64; x64) AppleWebKit/537.36 (KHTML, like Gecko) Chrome/143.0.0.0 Safari/537.36 Edg/143.0.0.0"
14.108.234.163 - - [31/Jan/2026:11:29:29 +0800] "GET /media/?preview_id=2239&preview_nonce=e32e8485f7&preview=true HTTP/1.1" 200 34654 "http://cqqizhou.com/wp-admin/post.php?post=2239&action=elementor" "Mozilla/5.0 (Windows NT 10.0; Win64; x64) AppleWebKit/537.36 (KHTML, like Gecko) Chrome/143.0.0.0 Safari/537.36 Edg/143.0.0.0"
14.108.234.163 - - [31/Jan/2026:11:29:29 +0800] "POST /wp-admin/admin-ajax.php HTTP/1.1" 200 78 "http://cqqizhou.com/wp-admin/edit-tags.php?taxonomy=category" "Mozilla/5.0 (Windows NT 10.0; Win64; x64) AppleWebKit/537.36 (KHTML, like Gecko) Chrome/143.0.0.0 Safari/537.36 Edg/143.0.0.0"
14.108.234.163 - - [31/Jan/2026:11:29:37 +0800] "POST /wp-admin/admin-ajax.php HTTP/1.1" 200 107 "http://cqqizhou.com/wp-admin/post.php?post=2239&action=elementor" "Mozilla/5.0 (Windows NT 10.0; Win64; x64) AppleWebKit/537.36 (KHTML, like Gecko) Chrome/143.0.0.0 Safari/537.36 Edg/143.0.0.0"
14.108.234.163 - - [31/Jan/2026:11:29:54 +0800] "POST /wp-admin/admin-ajax.php HTTP/1.1" 200 78 "http://cqqizhou.com/wp-admin/admin.php?page=wpjam-shortcodes" "Mozilla/5.0 (Windows NT 10.0; Win64; x64) AppleWebKit/537.36 (KHTML, like Gecko) Chrome/143.0.0.0 Safari/537.36 Edg/143.0.0.0"
36.133.115.36 - - [31/Jan/2026:11:30:20 +0800] "POST /wp-cron.php?doing_wp_cron=1769830219.9656219482421875000000 HTTP/1.1" 200 31 "-" "WordPress/6.9; http://cqqizhou.com"
14.108.234.163 - - [31/Jan/2026:11:30:20 +0800] "GET /wp-json/elementor/v1/checklist/user-progress HTTP/1.1" 200 222 "http://cqqizhou.com/wp-admin/post.php?post=2239&action=elementor" "Mozilla/5.0 (Windows NT 10.0; Win64; x64) AppleWebKit/537.36 (KHTML, like Gecko) Chrome/143.0.0.0 Safari/537.36 Edg/143.0.0.0"
14.108.234.163 - - [31/Jan/2026:11:30:21 +0800] "POST /wp-admin/admin-ajax.php HTTP/1.1" 200 489 "http://cqqizhou.com/wp-admin/post.php?post=2239&action=elementor" "Mozilla/5.0 (Windows NT 10.0; Win64; x64) AppleWebKit/537.36 (KHTML, like Gecko) Chrome/143.0.0.0 Safari/537.36 Edg/143.0.0.0"
14.108.234.163 - - [31/Jan/2026:11:30:21 +0800] "GET /wp-json/elementor/v1/checklist/user-progress HTTP/1.1" 200 222 "http://cqqizhou.com/wp-admin/post.php?post=2239&action=elementor" "Mozilla/5.0 (Windows NT 10.0; Win64; x64) AppleWebKit/537.36 (KHTML, like Gecko) Chrome/143.0.0.0 Safari/537.36 Edg/143.0.0.0"
14.108.234.163 - - [31/Jan/2026:11:30:23 +0800] "GET /media/?preview_id=2239&preview_nonce=e32e8485f7&preview=true HTTP/1.1" 200 34653 "http://cqqizhou.com/wp-admin/post.php?post=2239&action=elementor" "Mozilla/5.0 (Windows NT 10.0; Win64; x64) AppleWebKit/537.36 (KHTML, like Gecko) Chrome/143.0.0.0 Safari/537.36 Edg/143.0.0.0"
14.108.234.163 - - [31/Jan/2026:11:30:30 +0800] "POST /wp-admin/admin-ajax.php HTTP/1.1" 200 78 "http://cqqizhou.com/wp-admin/edit-tags.php?taxonomy=category" "Mozilla/5.0 (Windows NT 10.0; Win64; x64) AppleWebKit/537.36 (KHTML, like Gecko) Chrome/143.0.0.0 Safari/537.36 Edg/143.0.0.0"
36.133.115.36 - - [31/Jan/2026:11:31:38 +0800] "POST /wp-cron.php?doing_wp_cron=1769830298.9302229881286621093750 HTTP/1.1" 200 31 "-" "WordPress/6.9; http://cqqizhou.com"
14.108.234.163 - - [31/Jan/2026:11:31:38 +0800] "POST /wp-admin/admin-ajax.php HTTP/1.1" 200 107 "http://cqqizhou.com/wp-admin/post.php?post=2239&action=elementor" "Mozilla/5.0 (Windows NT 10.0; Win64; x64) AppleWebKit/537.36 (KHTML, like Gecko) Chrome/143.0.0.0 Safari/537.36 Edg/143.0.0.0"
14.108.234.163 - - [31/Jan/2026:11:31:55 +0800] "POST /wp-admin/admin-ajax.php HTTP/1.1" 200 78 "http://cqqizhou.com/wp-admin/admin.php?page=wpjam-shortcodes" "Mozilla/5.0 (Windows NT 10.0; Win64; x64) AppleWebKit/537.36 (KHTML, like Gecko) Chrome/143.0.0.0 Safari/537.36 Edg/143.0.0.0"
36.133.115.36 - - [31/Jan/2026:11:32:31 +0800] "POST /wp-cron.php?doing_wp_cron=1769830351.9137480258941650390625 HTTP/1.1" 200 31 "-" "WordPress/6.9; http://cqqizhou.com"
14.108.234.163 - - [31/Jan/2026:11:32:31 +0800] "POST /wp-admin/admin-ajax.php HTTP/1.1" 200 78 "http://cqqizhou.com/wp-admin/edit-tags.php?taxonomy=category" "Mozilla/5.0 (Windows NT 10.0; Win64; x64) AppleWebKit/537.36 (KHTML, like Gecko) Chrome/143.0.0.0 Safari/537.36 Edg/143.0.0.0"
193.142.147.209 - - [31/Jan/2026:11:33:02 +0800] "POST / HTTP/1.1" 200 34752 "-" "Mozilla/5.0 (Windows NT 10.0; Win64; x64) AppleWebKit/537.36"
36.133.115.36 - - [31/Jan/2026:11:33:10 +0800] "POST /wp-cron.php?doing_wp_cron=1769830390.3309769630432128906250 HTTP/1.1" 200 31 "-" "WordPress/6.9; http://cqqizhou.com"
24.199.87.153 - - [31/Jan/2026:11:33:10 +0800] "POST /xmlrpc.php HTTP/1.1" 200 217 "-" "Mozilla/5.0 (Windows NT 10.0) AppleWebKit/537.36 (KHTML, like Gecko) Chrome/141.0.0.0 Safari/537.36"
14.108.234.163 - - [31/Jan/2026:11:33:32 +0800] "POST /wp-admin/admin-ajax.php HTTP/1.1" 200 78 "http://cqqizhou.com/wp-admin/edit-tags.php?taxonomy=category" "Mozilla/5.0 (Windows NT 10.0; Win64; x64) AppleWebKit/537.36 (KHTML, like Gecko) Chrome/143.0.0.0 Safari/537.36 Edg/143.0.0.0"
14.108.234.163 - - [31/Jan/2026:11:33:39 +0800] "POST /wp-admin/admin-ajax.php HTTP/1.1" 200 107 "http://cqqizhou.com/wp-admin/post.php?post=2239&action=elementor" "Mozilla/5.0 (Windows NT 10.0; Win64; x64) AppleWebKit/537.36 (KHTML, like Gecko) Chrome/143.0.0.0 Safari/537.36 Edg/143.0.0.0"
14.108.234.163 - - [31/Jan/2026:11:33:56 +0800] "POST /wp-admin/admin-ajax.php HTTP/1.1" 200 78 "http://cqqizhou.com/wp-admin/admin.php?page=wpjam-shortcodes" "Mozilla/5.0 (Windows NT 10.0; Win64; x64) AppleWebKit/537.36 (KHTML, like Gecko) Chrome/143.0.0.0 Safari/537.36 Edg/143.0.0.0"
36.133.115.36 - - [31/Jan/2026:11:35:33 +0800] "POST /wp-cron.php?doing_wp_cron=1769830533.9290459156036376953125 HTTP/1.1" 200 31 "-" "WordPress/6.9; http://cqqizhou.com"
14.108.234.163 - - [31/Jan/2026:11:35:33 +0800] "POST /wp-admin/admin-ajax.php HTTP/1.1" 200 78 "http://cqqizhou.com/wp-admin/edit-tags.php?taxonomy=category" "Mozilla/5.0 (Windows NT 10.0; Win64; x64) AppleWebKit/537.36 (KHTML, like Gecko) Chrome/143.0.0.0 Safari/537.36 Edg/143.0.0.0"
14.108.234.163 - - [31/Jan/2026:11:35:40 +0800] "POST /wp-admin/admin-ajax.php HTTP/1.1" 200 107 "http://cqqizhou.com/wp-admin/post.php?post=2239&action=elementor" "Mozilla/5.0 (Windows NT 10.0; Win64; x64) AppleWebKit/537.36 (KHTML, like Gecko) Chrome/143.0.0.0 Safari/537.36 Edg/143.0.0.0"
43.135.211.148 - - [31/Jan/2026:11:35:56 +0800] "GET /wp-content/uploads/2026/01/1767696162-qizhoutruck3-300x67.webp HTTP/1.1" 200 7208 "-" "Mozilla/5.0 (iPhone; CPU iPhone OS 13_2_3 like Mac OS X) AppleWebKit/605.1.15 (KHTML, like Gecko) Version/13.0.3 Mobile/15E148 Safari/604.1"
14.108.234.163 - - [31/Jan/2026:11:35:57 +0800] "POST /wp-admin/admin-ajax.php HTTP/1.1" 200 78 "http://cqqizhou.com/wp-admin/admin.php?page=wpjam-shortcodes" "Mozilla/5.0 (Windows NT 10.0; Win64; x64) AppleWebKit/537.36 (KHTML, like Gecko) Chrome/143.0.0.0 Safari/537.36 Edg/143.0.0.0"
36.133.115.36 - - [31/Jan/2026:11:37:22 +0800] "POST /wp-cron.php?doing_wp_cron=1769830642.4346179962158203125000 HTTP/1.1" 200 31 "-" "WordPress/6.9; http://cqqizhou.com"
43.157.82.252 - - [31/Jan/2026:11:37:22 +0800] "GET /bug HTTP/1.1" 301 5 "-" "Mozilla/5.0 (iPhone; CPU iPhone OS 13_2_3 like Mac OS X) AppleWebKit/605.1.15 (KHTML, like Gecko) Version/13.0.3 Mobile/15E148 Safari/604.1"
43.157.82.252 - - [31/Jan/2026:11:37:25 +0800] "GET /bug/ HTTP/1.1" 200 11657 "http://36.133.115.36/bug" "Mozilla/5.0 (iPhone; CPU iPhone OS 13_2_3 like Mac OS X) AppleWebKit/605.1.15 (KHTML, like Gecko) Version/13.0.3 Mobile/15E148 Safari/604.1"
14.108.234.163 - - [31/Jan/2026:11:37:34 +0800] "POST /wp-admin/admin-ajax.php HTTP/1.1" 200 78 "http://cqqizhou.com/wp-admin/edit-tags.php?taxonomy=category" "Mozilla/5.0 (Windows NT 10.0; Win64; x64) AppleWebKit/537.36 (KHTML, like Gecko) Chrome/143.0.0.0 Safari/537.36 Edg/143.0.0.0"
14.108.234.163 - - [31/Jan/2026:11:37:41 +0800] "POST /wp-admin/admin-ajax.php HTTP/1.1" 200 107 "http://cqqizhou.com/wp-admin/post.php?post=2239&action=elementor" "Mozilla/5.0 (Windows NT 10.0; Win64; x64) AppleWebKit/537.36 (KHTML, like Gecko) Chrome/143.0.0.0 Safari/537.36 Edg/143.0.0.0"
204.76.203.219 - - [31/Jan/2026:11:37:58 +0800] "GET / HTTP/1.1" 200 34752 "-" "Mozilla/5.0 (Windows NT 10.0; Win64; x64) AppleWebKit/537.36 (KHTML, like Gecko) Chrome/90.0.4430.85 Safari/537.36 Edg/90.0.818.46"
36.133.115.36 - - [31/Jan/2026:11:39:36 +0800] "POST /wp-cron.php?doing_wp_cron=1769830775.9746620655059814453125 HTTP/1.1" 200 31 "-" "WordPress/6.9; http://cqqizhou.com"
14.108.234.163 - - [31/Jan/2026:11:39:36 +0800] "POST /wp-admin/admin-ajax.php HTTP/1.1" 200 78 "http://cqqizhou.com/wp-admin/edit-tags.php?taxonomy=category" "Mozilla/5.0 (Windows NT 10.0; Win64; x64) AppleWebKit/537.36 (KHTML, like Gecko) Chrome/143.0.0.0 Safari/537.36 Edg/143.0.0.0"
14.108.234.163 - - [31/Jan/2026:11:39:42 +0800] "POST /wp-admin/admin-ajax.php HTTP/1.1" 200 107 "http://cqqizhou.com/wp-admin/post.php?post=2239&action=elementor" "Mozilla/5.0 (Windows NT 10.0; Win64; x64) AppleWebKit/537.36 (KHTML, like Gecko) Chrome/143.0.0.0 Safari/537.36 Edg/143.0.0.0"
36.133.115.36 - - [31/Jan/2026:11:41:36 +0800] "POST /wp-cron.php?doing_wp_cron=1769830896.9101300239562988281250 HTTP/1.1" 200 31 "-" "WordPress/6.9; http://cqqizhou.com"
14.108.234.163 - - [31/Jan/2026:11:41:36 +0800] "POST /wp-admin/admin-ajax.php HTTP/1.1" 200 78 "http://cqqizhou.com/wp-admin/edit-tags.php?taxonomy=category" "Mozilla/5.0 (Windows NT 10.0; Win64; x64) AppleWebKit/537.36 (KHTML, like Gecko) Chrome/143.0.0.0 Safari/537.36 Edg/143.0.0.0"
14.108.234.163 - - [31/Jan/2026:11:41:43 +0800] "POST /wp-admin/admin-ajax.php HTTP/1.1" 200 107 "http://cqqizhou.com/wp-admin/post.php?post=2239&action=elementor" "Mozilla/5.0 (Windows NT 10.0; Win64; x64) AppleWebKit/537.36 (KHTML, like Gecko) Chrome/143.0.0.0 Safari/537.36 Edg/143.0.0.0"
20.65.194.132 - - [31/Jan/2026:11:42:01 +0800] "GET /developmentserver/metadatauploader HTTP/1.1" 404 8951 "-" "Mozilla/5.0 zgrab/0.x"
36.133.115.36 - - [31/Jan/2026:11:42:37 +0800] "POST /wp-cron.php?doing_wp_cron=1769830957.9175438880920410156250 HTTP/1.1" 200 31 "-" "WordPress/6.9; http://cqqizhou.com"
14.108.234.163 - - [31/Jan/2026:11:42:37 +0800] "POST /wp-admin/admin-ajax.php HTTP/1.1" 200 78 "http://cqqizhou.com/wp-admin/edit-tags.php?taxonomy=category" "Mozilla/5.0 (Windows NT 10.0; Win64; x64) AppleWebKit/537.36 (KHTML, like Gecko) Chrome/143.0.0.0 Safari/537.36 Edg/143.0.0.0"
36.133.115.36 - - [31/Jan/2026:11:43:44 +0800] "POST /wp-cron.php?doing_wp_cron=1769831024.9455010890960693359375 HTTP/1.1" 200 31 "-" "WordPress/6.9; http://cqqizhou.com"
14.108.234.163 - - [31/Jan/2026:11:43:44 +0800] "POST /wp-admin/admin-ajax.php HTTP/1.1" 200 107 "http://cqqizhou.com/wp-admin/post.php?post=2239&action=elementor" "Mozilla/5.0 (Windows NT 10.0; Win64; x64) AppleWebKit/537.36 (KHTML, like Gecko) Chrome/143.0.0.0 Safari/537.36 Edg/143.0.0.0"
14.108.234.163 - - [31/Jan/2026:11:43:52 +0800] "POST /wp-admin/admin-ajax.php HTTP/1.1" 200 78 "http://cqqizhou.com/wp-admin/edit-tags.php?taxonomy=category" "Mozilla/5.0 (Windows NT 10.0; Win64; x64) AppleWebKit/537.36 (KHTML, like Gecko) Chrome/143.0.0.0 Safari/537.36 Edg/143.0.0.0"
36.133.115.36 - - [31/Jan/2026:11:44:08 +0800] "POST /wp-cron.php?doing_wp_cron=1769831048.2024168968200683593750 HTTP/1.1" 200 31 "-" "WordPress/6.9; http://cqqizhou.com"
14.108.234.163 - - [31/Jan/2026:11:44:08 +0800] "GET /wp-admin/widgets.php HTTP/1.1" 200 178889 "http://cqqizhou.com/wp-admin/edit-tags.php?taxonomy=category" "Mozilla/5.0 (Windows NT 10.0; Win64; x64) AppleWebKit/537.36 (KHTML, like Gecko) Chrome/143.0.0.0 Safari/537.36 Edg/143.0.0.0"
14.108.234.163 - - [31/Jan/2026:11:44:08 +0800] "GET /wp-admin/load-styles.php?c=0&dir=ltr&load%5Bchunk_0%5D=dashicons,admin-bar,wp-components,wp-widgets,wp-preferences,wp-block-editor,wp-reusable-blocks,wp-patterns,wp-editor,common,form&load%5Bchunk_1%5D=s,wp-reset-editor-styles,wp-block-library,wp-block-editor-content,wp-editor-classic-layout-styles,wp-edit-blocks,wp-edit-widgets&load%5Bchunk_2%5D=,wp-format-library,admin-menu,dashboard,list-tables,edit,revisions,media,themes,about,nav-menus,wp-pointer,widgets,site-icon,l10&load%5Bchunk_3%5D=n,buttons,media-views,wp-color-picker,editor-buttons,wp-auth-check,classic-theme-styles,wp-commands,wp-jquery-ui-dialog&ver=6.9 HTTP/1.1" 200 193993 "http://cqqizhou.com/wp-admin/widgets.php" "Mozilla/5.0 (Windows NT 10.0; Win64; x64) AppleWebKit/537.36 (KHTML, like Gecko) Chrome/143.0.0.0 Safari/537.36 Edg/143.0.0.0"
14.108.234.163 - - [31/Jan/2026:11:44:08 +0800] "GET /wp-admin/load-styles.php?c=0&dir=ltr&load%5Bchunk_0%5D=code-editor&ver=6.9 HTTP/1.1" 200 518 "http://cqqizhou.com/wp-admin/widgets.php" "Mozilla/5.0 (Windows NT 10.0; Win64; x64) AppleWebKit/537.36 (KHTML, like Gecko) Chrome/143.0.0.0 Safari/537.36 Edg/143.0.0.0"
14.108.234.163 - - [31/Jan/2026:11:44:08 +0800] "GET /?action=kirki-styles&editor=1&ver=4.0 HTTP/1.1" 200 210 "http://cqqizhou.com/wp-admin/widgets.php" "Mozilla/5.0 (Windows NT 10.0; Win64; x64) AppleWebKit/537.36 (KHTML, like Gecko) Chrome/143.0.0.0 Safari/537.36 Edg/143.0.0.0"
51.68.111.204 - - [31/Jan/2026:11:44:09 +0800] "GET /robots.txt HTTP/1.1" 200 190 "-" "Mozilla/5.0 (compatible; MJ12bot/v2.0.4; http://mj12bot.com/)"
51.68.111.204 - - [31/Jan/2026:11:44:09 +0800] "GET / HTTP/1.1" 200 35186 "-" "Mozilla/5.0 (compatible; MJ12bot/v2.0.4; http://mj12bot.com/)"
14.108.234.163 - - [31/Jan/2026:11:44:40 +0800] "POST /wp-admin/admin-ajax.php HTTP/1.1" 200 78 "http://cqqizhou.com/wp-admin/admin.php?page=wpjam-shortcodes" "Mozilla/5.0 (Windows NT 10.0; Win64; x64) AppleWebKit/537.36 (KHTML, like Gecko) Chrome/143.0.0.0 Safari/537.36 Edg/143.0.0.0"
14.108.234.163 - - [31/Jan/2026:11:44:45 +0800] "POST /wp-json/wp/v2/users/me?_locale=user HTTP/1.1" 200 990 "http://cqqizhou.com/wp-admin/widgets.php" "Mozilla/5.0 (Windows NT 10.0; Win64; x64) AppleWebKit/537.36 (KHTML, like Gecko) Chrome/143.0.0.0 Safari/537.36 Edg/143.0.0.0"
14.108.234.163 - - [31/Jan/2026:11:44:45 +0800] "OPTIONS /wp-json/wp/v2/settings?_locale=user HTTP/1.1" 200 1301 "http://cqqizhou.com/wp-admin/widgets.php" "Mozilla/5.0 (Windows NT 10.0; Win64; x64) AppleWebKit/537.36 (KHTML, like Gecko) Chrome/143.0.0.0 Safari/537.36 Edg/143.0.0.0"
14.108.234.163 - - [31/Jan/2026:11:44:45 +0800] "GET /wp-json/wp/v2/types?context=view&_locale=user HTTP/1.1" 200 893 "http://cqqizhou.com/wp-admin/widgets.php" "Mozilla/5.0 (Windows NT 10.0; Win64; x64) AppleWebKit/537.36 (KHTML, like Gecko) Chrome/143.0.0.0 Safari/537.36 Edg/143.0.0.0"
14.108.234.163 - - [31/Jan/2026:11:44:46 +0800] "OPTIONS /wp-json/wp/v2/settings?_locale=user HTTP/1.1" 200 1301 "http://cqqizhou.com/wp-admin/widgets.php" "Mozilla/5.0 (Windows NT 10.0; Win64; x64) AppleWebKit/537.36 (KHTML, like Gecko) Chrome/143.0.0.0 Safari/537.36 Edg/143.0.0.0"
14.108.234.163 - - [31/Jan/2026:11:44:46 +0800] "GET /wp-json/wp/v2/block-renderer/core/archives?context=edit&attributes%5BdisplayAsDropdown%5D=false&attributes%5BshowLabel%5D=true&attributes%5BshowPostCounts%5D=false&attributes%5Btype%5D=monthly&_locale=user HTTP/1.1" 200 193 "http://cqqizhou.com/wp-admin/widgets.php" "Mozilla/5.0 (Windows NT 10.0; Win64; x64) AppleWebKit/537.36 (KHTML, like Gecko) Chrome/143.0.0.0 Safari/537.36 Edg/143.0.0.0"
14.108.234.163 - - [31/Jan/2026:11:44:46 +0800] "GET /wp-json/wp/v2/taxonomies?context=view&_locale=user HTTP/1.1" 200 401 "http://cqqizhou.com/wp-admin/widgets.php" "Mozilla/5.0 (Windows NT 10.0; Win64; x64) AppleWebKit/537.36 (KHTML, like Gecko) Chrome/143.0.0.0 Safari/537.36 Edg/143.0.0.0"
14.108.234.163 - - [31/Jan/2026:11:44:46 +0800] "GET /wp-json/wp/v2/block-renderer/core/latest-comments?context=edit&attributes%5BcommentsToShow%5D=5&attributes%5BdisplayAvatar%5D=false&attributes%5BdisplayDate%5D=false&attributes%5BdisplayExcerpt%5D=false&_locale=site HTTP/1.1" 200 145 "http://cqqizhou.com/wp-admin/widgets.php" "Mozilla/5.0 (Windows NT 10.0; Win64; x64) AppleWebKit/537.36 (KHTML, like Gecko) Chrome/143.0.0.0 Safari/537.36 Edg/143.0.0.0"
14.108.234.163 - - [31/Jan/2026:11:44:46 +0800] "GET /wp-json/wp/v2/taxonomies?context=edit&per_page=100&_locale=user HTTP/1.1" 200 1742 "http://cqqizhou.com/wp-admin/widgets.php" "Mozilla/5.0 (Windows NT 10.0; Win64; x64) AppleWebKit/537.36 (KHTML, like Gecko) Chrome/143.0.0.0 Safari/537.36 Edg/143.0.0.0"
14.108.234.163 - - [31/Jan/2026:11:44:46 +0800] "GET /wp-json/wp/v2/posts?context=edit&order=desc&orderby=date&per_page=5&_embed=author%2Cwp%3Afeaturedmedia&ignore_sticky=true&_locale=user HTTP/1.1" 200 19116 "http://cqqizhou.com/wp-admin/widgets.php" "Mozilla/5.0 (Windows NT 10.0; Win64; x64) AppleWebKit/537.36 (KHTML, like Gecko) Chrome/143.0.0.0 Safari/537.36 Edg/143.0.0.0"
14.108.234.163 - - [31/Jan/2026:11:44:47 +0800] "GET /wp-json/wp/v2/settings?_locale=user HTTP/1.1" 200 347 "http://cqqizhou.com/wp-admin/widgets.php" "Mozilla/5.0 (Windows NT 10.0; Win64; x64) AppleWebKit/537.36 (KHTML, like Gecko) Chrome/143.0.0.0 Safari/537.36 Edg/143.0.0.0"
14.108.234.163 - - [31/Jan/2026:11:44:47 +0800] "GET /wp-json/wp/v2/categories?context=view&per_page=100&hide_empty=true&_locale=user HTTP/1.1" 200 496 "http://cqqizhou.com/wp-admin/widgets.php" "Mozilla/5.0 (Windows NT 10.0; Win64; x64) AppleWebKit/537.36 (KHTML, like Gecko) Chrome/143.0.0.0 Safari/537.36 Edg/143.0.0.0"
14.108.234.163 - - [31/Jan/2026:11:45:01 +0800] "POST /wp-json/wp/v2/users/me?_locale=user HTTP/1.1" 200 992 "http://cqqizhou.com/wp-admin/widgets.php" "Mozilla/5.0 (Windows NT 10.0; Win64; x64) AppleWebKit/537.36 (KHTML, like Gecko) Chrome/143.0.0.0 Safari/537.36 Edg/143.0.0.0"
14.108.234.163 - - [31/Jan/2026:11:45:10 +0800] "GET /wp-admin/customize.php?autofocus%5Bpanel%5D=widgets&return=%2Fwp-admin%2Fwidgets.php HTTP/1.1" 200 349154 "http://cqqizhou.com/wp-admin/widgets.php" "Mozilla/5.0 (Windows NT 10.0; Win64; x64) AppleWebKit/537.36 (KHTML, like Gecko) Chrome/143.0.0.0 Safari/537.36 Edg/143.0.0.0"
14.108.234.163 - - [31/Jan/2026:11:45:10 +0800] "GET /wp-admin/load-styles.php?c=0&dir=ltr&load%5Bchunk_0%5D=dashicons,common,forms,admin-menu,dashboard,list-tables,edit,revisions,media,themes,about,nav-menus,wp-pointer,widgets,site-icon&load%5Bchunk_1%5D=,l10n,buttons,customize-controls,customize-widgets,wp-block-library,classic-theme-styles,wp-components,wp-commands,media-views,w&load%5Bchunk_2%5D=p-widgets,wp-preferences,wp-block-editor,wp-reusable-blocks,wp-patterns,wp-editor,wp-reset-editor-styles,wp-block-editor-content&load%5Bchunk_3%5D=,wp-editor-classic-layout-styles,wp-edit-blocks,wp-customize-widgets,wp-block-directory,wp-format-library,customize-nav-menus,co&load%5Bchunk_4%5D=de-editor&ver=6.9 HTTP/1.1" 200 196424 "http://cqqizhou.com/wp-admin/customize.php?autofocus%5Bpanel%5D=widgets&return=%2Fwp-admin%2Fwidgets.php" "Mozilla/5.0 (Windows NT 10.0; Win64; x64) AppleWebKit/537.36 (KHTML, like Gecko) Chrome/143.0.0.0 Safari/537.36 Edg/143.0.0.0"
14.108.234.163 - - [31/Jan/2026:11:45:10 +0800] "GET /wp-admin/load-styles.php?c=0&dir=ltr&load%5Bchunk_0%5D=editor-buttons&ver=6.9 HTTP/1.1" 200 5844 "http://cqqizhou.com/wp-admin/customize.php?autofocus%5Bpanel%5D=widgets&return=%2Fwp-admin%2Fwidgets.php" "Mozilla/5.0 (Windows NT 10.0; Win64; x64) AppleWebKit/537.36 (KHTML, like Gecko) Chrome/143.0.0.0 Safari/537.36 Edg/143.0.0.0"
14.108.234.163 - - [31/Jan/2026:11:45:10 +0800] "GET /wp-admin/load-scripts.php?c=0&load%5Bchunk_0%5D=jquery-core,jquery-migrate,wp-hooks,underscore,customize-base,wp-dom-ready&ver=6.9 HTTP/1.1" 200 45522 "http://cqqizhou.com/wp-admin/customize.php?autofocus%5Bpanel%5D=widgets&return=%2Fwp-admin%2Fwidgets.php" "Mozilla/5.0 (Windows NT 10.0; Win64; x64) AppleWebKit/537.36 (KHTML, like Gecko) Chrome/143.0.0.0 Safari/537.36 Edg/143.0.0.0"
14.108.234.163 - - [31/Jan/2026:11:45:10 +0800] "GET /wp-admin/load-scripts.php?c=0&load%5Bchunk_0%5D=heartbeat,customize-widgets&ver=6.9 HTTP/1.1" 200 9899 "http://cqqizhou.com/wp-admin/customize.php?autofocus%5Bpanel%5D=widgets&return=%2Fwp-admin%2Fwidgets.php" "Mozilla/5.0 (Windows NT 10.0; Win64; x64) AppleWebKit/537.36 (KHTML, like Gecko) Chrome/143.0.0.0 Safari/537.36 Edg/143.0.0.0"
36.133.115.36 - - [31/Jan/2026:11:45:12 +0800] "POST /wp-cron.php?doing_wp_cron=1769831112.4134190082550048828125 HTTP/1.1" 200 31 "-" "WordPress/6.9; http://cqqizhou.com"
14.108.234.163 - - [31/Jan/2026:11:45:12 +0800] "OPTIONS /wp-json/wp/v2/settings?_locale=user HTTP/1.1" 200 1301 "http://cqqizhou.com/wp-admin/customize.php?autofocus%5Bpanel%5D=widgets&return=%2Fwp-admin%2Fwidgets.php" "Mozilla/5.0 (Windows NT 10.0; Win64; x64) AppleWebKit/537.36 (KHTML, like Gecko) Chrome/143.0.0.0 Safari/537.36 Edg/143.0.0.0"
14.108.234.163 - - [31/Jan/2026:11:45:13 +0800] "GET /wp-json/wp/v2/widget-types?context=edit&per_page=100&_locale=user HTTP/1.1" 200 1298 "http://cqqizhou.com/wp-admin/customize.php?autofocus%5Bpanel%5D=widgets&return=%2Fwp-admin%2Fwidgets.php" "Mozilla/5.0 (Windows NT 10.0; Win64; x64) AppleWebKit/537.36 (KHTML, like Gecko) Chrome/143.0.0.0 Safari/537.36 Edg/143.0.0.0"
14.108.234.163 - - [31/Jan/2026:11:45:14 +0800] "GET /?customize_changeset_uuid=7b94a0f5-43f5-4101-bd3f-a42a6e169545&customize_theme=qizhou&customize_messenger_channel=preview-0 HTTP/1.1" 200 63146 "http://cqqizhou.com/wp-admin/customize.php?autofocus%5Bpanel%5D=widgets&return=%2Fwp-admin%2Fwidgets.php" "Mozilla/5.0 (Windows NT 10.0; Win64; x64) AppleWebKit/537.36 (KHTML, like Gecko) Chrome/143.0.0.0 Safari/537.36 Edg/143.0.0.0"
14.108.234.163 - - [31/Jan/2026:11:45:15 +0800] "GET /wp-content/uploads/2025/07/1753456723-%E5%8F%8C%E7%9B%B8%E9%92%A2roduct_Single600.webp HTTP/1.1" 200 22790 "http://cqqizhou.com/?customize_changeset_uuid=7b94a0f5-43f5-4101-bd3f-a42a6e169545&customize_theme=qizhou&customize_messenger_channel=preview-0" "Mozilla/5.0 (Windows NT 10.0; Win64; x64) AppleWebKit/537.36 (KHTML, like Gecko) Chrome/143.0.0.0 Safari/537.36 Edg/143.0.0.0"
14.108.234.163 - - [31/Jan/2026:11:45:15 +0800] "GET /wp-content/uploads/2025/07/1753453096-%E5%8F%8C%E7%9B%B8%E9%92%A2product_Single600%C3%97284.webp HTTP/1.1" 200 14562 "http://cqqizhou.com/?customize_changeset_uuid=7b94a0f5-43f5-4101-bd3f-a42a6e169545&customize_theme=qizhou&customize_messenger_channel=preview-0" "Mozilla/5.0 (Windows NT 10.0; Win64; x64) AppleWebKit/537.36 (KHTML, like Gecko) Chrome/143.0.0.0 Safari/537.36 Edg/143.0.0.0"
14.108.234.163 - - [31/Jan/2026:11:45:15 +0800] "GET /wp-content/uploads/2025/07/1753456770-%E7%83%AD%E9%95%80%E9%94%8C%E5%8D%B7product_Single600.webp HTTP/1.1" 200 27502 "http://cqqizhou.com/?customize_changeset_uuid=7b94a0f5-43f5-4101-bd3f-a42a6e169545&customize_theme=qizhou&customize_messenger_channel=preview-0" "Mozilla/5.0 (Windows NT 10.0; Win64; x64) AppleWebKit/537.36 (KHTML, like Gecko) Chrome/143.0.0.0 Safari/537.36 Edg/143.0.0.0"
14.108.234.163 - - [31/Jan/2026:11:45:15 +0800] "GET /wp-content/uploads/2025/07/1753453127-%E4%BD%99%E5%8D%B7product_Single600%C3%97284.webp HTTP/1.1" 200 18744 "http://cqqizhou.com/?customize_changeset_uuid=7b94a0f5-43f5-4101-bd3f-a42a6e169545&customize_theme=qizhou&customize_messenger_channel=preview-0" "Mozilla/5.0 (Windows NT 10.0; Win64; x64) AppleWebKit/537.36 (KHTML, like Gecko) Chrome/143.0.0.0 Safari/537.36 Edg/143.0.0.0"
14.108.234.163 - - [31/Jan/2026:11:45:16 +0800] "GET /wp-json/sliderrevolution/sliders/1?srengine=7&slideid=4 HTTP/1.1" 200 2580 "http://cqqizhou.com/?customize_changeset_uuid=7b94a0f5-43f5-4101-bd3f-a42a6e169545&customize_theme=qizhou&customize_messenger_channel=preview-0" "Mozilla/5.0 (Windows NT 10.0; Win64; x64) AppleWebKit/537.36 (KHTML, like Gecko) Chrome/143.0.0.0 Safari/537.36 Edg/143.0.0.0"
14.108.234.163 - - [31/Jan/2026:11:45:16 +0800] "GET /wp-json/sliderrevolution/sliders/1?srengine=7&slideid=2 HTTP/1.1" 200 2000 "http://cqqizhou.com/?customize_changeset_uuid=7b94a0f5-43f5-4101-bd3f-a42a6e169545&customize_theme=qizhou&customize_messenger_channel=preview-0" "Mozilla/5.0 (Windows NT 10.0; Win64; x64) AppleWebKit/537.36 (KHTML, like Gecko) Chrome/143.0.0.0 Safari/537.36 Edg/143.0.0.0"
14.108.234.163 - - [31/Jan/2026:11:45:16 +0800] "GET /wp-content/uploads/2026/01/1768276119-qizhoujiagong_Slider_3840%C3%972160_20260113-scaled.webp HTTP/1.1" 200 131696 "http://cqqizhou.com/?customize_changeset_uuid=7b94a0f5-43f5-4101-bd3f-a42a6e169545&customize_theme=qizhou&customize_messenger_channel=preview-0" "Mozilla/5.0 (Windows NT 10.0; Win64; x64) AppleWebKit/537.36 (KHTML, like Gecko) Chrome/143.0.0.0 Safari/537.36 Edg/143.0.0.0"
14.108.234.163 - - [31/Jan/2026:11:45:23 +0800] "GET /wp-json/elementor/v1/checklist/user-progress HTTP/1.1" 200 222 "http://cqqizhou.com/wp-admin/post.php?post=2239&action=elementor" "Mozilla/5.0 (Windows NT 10.0; Win64; x64) AppleWebKit/537.36 (KHTML, like Gecko) Chrome/143.0.0.0 Safari/537.36 Edg/143.0.0.0"
14.108.234.163 - - [31/Jan/2026:11:45:23 +0800] "POST /wp-admin/admin-ajax.php HTTP/1.1" 200 107 "http://cqqizhou.com/wp-admin/post.php?post=2239&action=elementor" "Mozilla/5.0 (Windows NT 10.0; Win64; x64) AppleWebKit/537.36 (KHTML, like Gecko) Chrome/143.0.0.0 Safari/537.36 Edg/143.0.0.0"
14.108.234.163 - - [31/Jan/2026:11:45:38 +0800] "POST /wp-admin/admin-ajax.php HTTP/1.1" 200 107 "http://cqqizhou.com/wp-admin/post.php?post=2239&action=elementor" "Mozilla/5.0 (Windows NT 10.0; Win64; x64) AppleWebKit/537.36 (KHTML, like Gecko) Chrome/143.0.0.0 Safari/537.36 Edg/143.0.0.0"
14.108.234.163 - - [31/Jan/2026:11:45:40 +0800] "POST /wp-admin/admin-ajax.php HTTP/1.1" 200 78 "http://cqqizhou.com/wp-admin/admin.php?page=wpjam-shortcodes" "Mozilla/5.0 (Windows NT 10.0; Win64; x64) AppleWebKit/537.36 (KHTML, like Gecko) Chrome/143.0.0.0 Safari/537.36 Edg/143.0.0.0"
14.108.234.163 - - [31/Jan/2026:11:45:53 +0800] "POST /wp-admin/admin-ajax.php HTTP/1.1" 200 107 "http://cqqizhou.com/wp-admin/post.php?post=2239&action=elementor" "Mozilla/5.0 (Windows NT 10.0; Win64; x64) AppleWebKit/537.36 (KHTML, like Gecko) Chrome/143.0.0.0 Safari/537.36 Edg/143.0.0.0"
14.108.234.163 - - [31/Jan/2026:11:45:55 +0800] "POST /wp-admin/admin-ajax.php HTTP/1.1" 200 169 "http://cqqizhou.com/wp-admin/post.php?post=2239&action=elementor" "Mozilla/5.0 (Windows NT 10.0; Win64; x64) AppleWebKit/537.36 (KHTML, like Gecko) Chrome/143.0.0.0 Safari/537.36 Edg/143.0.0.0"
14.108.234.163 - - [31/Jan/2026:11:45:55 +0800] "POST /wp-admin/admin-ajax.php HTTP/1.1" 200 325 "http://cqqizhou.com/wp-admin/post.php?post=2239&action=elementor" "Mozilla/5.0 (Windows NT 10.0; Win64; x64) AppleWebKit/537.36 (KHTML, like Gecko) Chrome/143.0.0.0 Safari/537.36 Edg/143.0.0.0"
43.166.251.233 - - [31/Jan/2026:11:45:56 +0800] "GET /logistics/ HTTP/1.1" 200 24976 "-" "Mozilla/5.0 (iPhone; CPU iPhone OS 13_2_3 like Mac OS X) AppleWebKit/605.1.15 (KHTML, like Gecko) Version/13.0.3 Mobile/15E148 Safari/604.1"
14.108.234.163 - - [31/Jan/2026:11:45:59 +0800] "POST /wp-admin/admin-ajax.php HTTP/1.1" 200 210 "http://cqqizhou.com/wp-admin/post.php?post=2239&action=elementor" "Mozilla/5.0 (Windows NT 10.0; Win64; x64) AppleWebKit/537.36 (KHTML, like Gecko) Chrome/143.0.0.0 Safari/537.36 Edg/143.0.0.0"
14.108.234.163 - - [31/Jan/2026:11:46:06 +0800] "POST /wp-admin/admin-ajax.php HTTP/1.1" 200 210 "http://cqqizhou.com/wp-admin/post.php?post=2239&action=elementor" "Mozilla/5.0 (Windows NT 10.0; Win64; x64) AppleWebKit/537.36 (KHTML, like Gecko) Chrome/143.0.0.0 Safari/537.36 Edg/143.0.0.0"
36.133.115.36 - - [31/Jan/2026:11:46:08 +0800] "POST /wp-cron.php?doing_wp_cron=1769831168.4370090961456298828125 HTTP/1.1" 200 31 "-" "WordPress/6.9; http://cqqizhou.com"
14.108.234.163 - - [31/Jan/2026:11:46:08 +0800] "POST /wp-admin/admin-ajax.php HTTP/1.1" 200 107 "http://cqqizhou.com/wp-admin/post.php?post=2239&action=elementor" "Mozilla/5.0 (Windows NT 10.0; Win64; x64) AppleWebKit/537.36 (KHTML, like Gecko) Chrome/143.0.0.0 Safari/537.36 Edg/143.0.0.0"
14.108.234.163 - - [31/Jan/2026:11:46:09 +0800] "POST /wp-admin/admin-ajax.php HTTP/1.1" 200 370 "http://cqqizhou.com/wp-admin/post.php?post=2239&action=elementor" "Mozilla/5.0 (Windows NT 10.0; Win64; x64) AppleWebKit/537.36 (KHTML, like Gecko) Chrome/143.0.0.0 Safari/537.36 Edg/143.0.0.0"
14.108.234.163 - - [31/Jan/2026:11:46:12 +0800] "GET /wp-json/elementor/v1/checklist/user-progress HTTP/1.1" 200 222 "http://cqqizhou.com/wp-admin/post.php?post=2239&action=elementor" "Mozilla/5.0 (Windows NT 10.0; Win64; x64) AppleWebKit/537.36 (KHTML, like Gecko) Chrome/143.0.0.0 Safari/537.36 Edg/143.0.0.0"
14.108.234.163 - - [31/Jan/2026:11:46:12 +0800] "POST /wp-admin/admin-ajax.php HTTP/1.1" 200 487 "http://cqqizhou.com/wp-admin/post.php?post=2239&action=elementor" "Mozilla/5.0 (Windows NT 10.0; Win64; x64) AppleWebKit/537.36 (KHTML, like Gecko) Chrome/143.0.0.0 Safari/537.36 Edg/143.0.0.0"
14.108.234.163 - - [31/Jan/2026:11:46:13 +0800] "GET /wp-json/elementor/v1/checklist/user-progress HTTP/1.1" 200 222 "http://cqqizhou.com/wp-admin/post.php?post=2239&action=elementor" "Mozilla/5.0 (Windows NT 10.0; Win64; x64) AppleWebKit/537.36 (KHTML, like Gecko) Chrome/143.0.0.0 Safari/537.36 Edg/143.0.0.0"
14.108.234.163 - - [31/Jan/2026:11:46:15 +0800] "GET /media/?preview_id=2239&preview_nonce=e32e8485f7&preview=true HTTP/1.1" 200 34709 "http://cqqizhou.com/wp-admin/post.php?post=2239&action=elementor" "Mozilla/5.0 (Windows NT 10.0; Win64; x64) AppleWebKit/537.36 (KHTML, like Gecko) Chrome/143.0.0.0 Safari/537.36 Edg/143.0.0.0"
14.108.234.163 - - [31/Jan/2026:11:46:21 +0800] "GET /wp-json/elementor/v1/checklist/user-progress HTTP/1.1" 200 222 "http://cqqizhou.com/wp-admin/post.php?post=2239&action=elementor" "Mozilla/5.0 (Windows NT 10.0; Win64; x64) AppleWebKit/537.36 (KHTML, like Gecko) Chrome/143.0.0.0 Safari/537.36 Edg/143.0.0.0"
43.153.86.78 - - [31/Jan/2026:11:46:29 +0800] "GET /wp-content/uploads/2026/01/1767696162-qizhoutruck3-768x173.webp HTTP/1.1" 200 22082 "-" "Mozilla/5.0 (iPhone; CPU iPhone OS 13_2_3 like Mac OS X) AppleWebKit/605.1.15 (KHTML, like Gecko) Version/13.0.3 Mobile/15E148 Safari/604.1"
14.108.234.163 - - [31/Jan/2026:11:46:41 +0800] "POST /wp-admin/admin-ajax.php HTTP/1.1" 200 78 "http://cqqizhou.com/wp-admin/admin.php?page=wpjam-shortcodes" "Mozilla/5.0 (Windows NT 10.0; Win64; x64) AppleWebKit/537.36 (KHTML, like Gecko) Chrome/143.0.0.0 Safari/537.36 Edg/143.0.0.0"
36.133.115.36 - - [31/Jan/2026:11:55:02 +0800] "POST /wp-cron.php?doing_wp_cron=1769831702.1509759426116943359375 HTTP/1.1" 200 31 "-" "WordPress/6.9; http://cqqizhou.com"
43.157.158.178 - - [31/Jan/2026:11:55:02 +0800] "GET / HTTP/1.1" 200 34750 "-" "Mozilla/5.0 (iPhone; CPU iPhone OS 13_2_3 like Mac OS X) AppleWebKit/605.1.15 (KHTML, like Gecko) Version/13.0.3 Mobile/15E148 Safari/604.1"
36.133.115.36 - - [31/Jan/2026:11:58:34 +0800] "POST /wp-cron.php?doing_wp_cron=1769831914.2388720512390136718750 HTTP/1.1" 200 31 "-" "WordPress/6.9; http://cqqizhou.com"
43.153.36.110 - - [31/Jan/2026:11:58:34 +0800] "GET / HTTP/1.1" 200 34750 "-" "Mozilla/5.0 (iPhone; CPU iPhone OS 13_2_3 like Mac OS X) AppleWebKit/605.1.15 (KHTML, like Gecko) Version/13.0.3 Mobile/15E148 Safari/604.1"
43.130.60.195 - - [31/Jan/2026:12:06:07 +0800] "GET /wp-content/uploads/2025/12/1764853157-ISO3-731x1024.webp HTTP/1.1" 200 105856 "-" "Mozilla/5.0 (iPhone; CPU iPhone OS 13_2_3 like Mac OS X) AppleWebKit/605.1.15 (KHTML, like Gecko) Version/13.0.3 Mobile/15E148 Safari/604.1"
36.133.115.36 - - [31/Jan/2026:12:06:41 +0800] "POST /wp-cron.php?doing_wp_cron=1769832401.1738059520721435546875 HTTP/1.1" 200 31 "-" "WordPress/6.9; http://cqqizhou.com"
43.130.100.35 - - [31/Jan/2026:12:06:41 +0800] "GET /2388/ HTTP/1.1" 200 20356 "-" "Mozilla/5.0 (iPhone; CPU iPhone OS 13_2_3 like Mac OS X) AppleWebKit/605.1.15 (KHTML, like Gecko) Version/13.0.3 Mobile/15E148 Safari/604.1"
36.133.115.36 - - [31/Jan/2026:12:13:06 +0800] "POST /wp-cron.php?doing_wp_cron=1769832786.9123980998992919921875 HTTP/1.1" 200 31 "-" "WordPress/6.9; http://cqqizhou.com"
147.185.132.24 - - [31/Jan/2026:12:13:06 +0800] "GET / HTTP/1.0" 301 0 "-" "Hello from Palo Alto Networks, find out more about our scans in https://docs-cortex.paloaltonetworks.com/r/1/Cortex-Xpanse/Scanning-activity"
43.159.139.164 - - [31/Jan/2026:12:16:35 +0800] "GET /wp-content/uploads/2025/07/1751829454-Smart-warehousing800x500.webp HTTP/1.1" 200 79504 "-" "Mozilla/5.0 (iPhone; CPU iPhone OS 13_2_3 like Mac OS X) AppleWebKit/605.1.15 (KHTML, like Gecko) Version/13.0.3 Mobile/15E148 Safari/604.1"
36.133.115.36 - - [31/Jan/2026:12:17:04 +0800] "POST /wp-cron.php?doing_wp_cron=1769833024.3921170234680175781250 HTTP/1.1" 200 31 "-" "WordPress/6.9; http://cqqizhou.com"
43.130.131.18 - - [31/Jan/2026:12:17:04 +0800] "GET /contacts/ HTTP/1.1" 200 18565 "-" "Mozilla/5.0 (iPhone; CPU iPhone OS 13_2_3 like Mac OS X) AppleWebKit/605.1.15 (KHTML, like Gecko) Version/13.0.3 Mobile/15E148 Safari/604.1"
36.133.115.36 - - [31/Jan/2026:12:26:01 +0800] "POST /wp-cron.php?doing_wp_cron=1769833561.2146461009979248046875 HTTP/1.1" 200 31 "-" "WordPress/6.9; http://cqqizhou.com"
43.153.135.208 - - [31/Jan/2026:12:26:01 +0800] "GET /2354/ HTTP/1.1" 200 20244 "-" "Mozilla/5.0 (iPhone; CPU iPhone OS 13_2_3 like Mac OS X) AppleWebKit/605.1.15 (KHTML, like Gecko) Version/13.0.3 Mobile/15E148 Safari/604.1"
43.173.1.69 - - [31/Jan/2026:12:26:10 +0800] "GET /wp-content/uploads/logistics/Conatiner-5.webp HTTP/1.1" 200 63396 "-" "Mozilla/5.0 (iPhone; CPU iPhone OS 13_2_3 like Mac OS X) AppleWebKit/605.1.15 (KHTML, like Gecko) Version/13.0.3 Mobile/15E148 Safari/604.1"
36.133.115.36 - - [31/Jan/2026:12:28:05 +0800] "POST /wp-cron.php?doing_wp_cron=1769833685.5650908946990966796875 HTTP/1.1" 200 31 "-" "WordPress/6.9; http://cqqizhou.com"
204.76.203.219 - - [31/Jan/2026:12:28:05 +0800] "GET / HTTP/1.1" 200 34752 "-" "Mozilla/5.0 (Windows NT 10.0; Win64; x64) AppleWebKit/537.36 (KHTML, like Gecko) Chrome/90.0.4430.85 Safari/537.36 Edg/90.0.818.46"
66.249.74.135 - - [31/Jan/2026:12:29:00 +0800] "GET /wp-content/uploads/2026/01/1767691466-Article_images_W900%C3%97500px202601061.webp HTTP/1.1" 200 56014 "-" "Googlebot-Image/1.0"
36.133.115.36 - - [31/Jan/2026:12:32:48 +0800] "POST /wp-cron.php?doing_wp_cron=1769833968.8461170196533203125000 HTTP/1.1" 200 31 "-" "WordPress/6.9; http://cqqizhou.com"
14.186.204.99 - - [31/Jan/2026:12:32:48 +0800] "GET /2163/ HTTP/1.1" 200 23686 "-" "Mozilla/5.0 (X11; Ubuntu; Linux x86_64) AppleWebKit/537.36 (KHTML, like Gecko) Chrome/55.0.2919.83 Safari/537.36"
36.133.115.36 - - [31/Jan/2026:12:35:40 +0800] "POST /wp-cron.php?doing_wp_cron=1769834140.5266239643096923828125 HTTP/1.1" 200 31 "-" "WordPress/6.9; http://cqqizhou.com"
43.157.156.190 - - [31/Jan/2026:12:35:40 +0800] "GET /bug/ HTTP/1.1" 200 11657 "-" "Mozilla/5.0 (iPhone; CPU iPhone OS 13_2_3 like Mac OS X) AppleWebKit/605.1.15 (KHTML, like Gecko) Version/13.0.3 Mobile/15E148 Safari/604.1"
36.133.115.36 - - [31/Jan/2026:12:40:49 +0800] "POST /wp-cron.php?doing_wp_cron=1769834449.8815391063690185546875 HTTP/1.1" 200 31 "-" "WordPress/6.9; http://cqqizhou.com"
14.224.211.105 - - [31/Jan/2026:12:40:49 +0800] "GET /2215/ HTTP/1.1" 200 23865 "-" "Mozilla/5.0 (Macintosh; Intel Mac OS X 10_15_3) AppleWebKit/537.36 (KHTML, like Gecko) Chrome/99.0.4844.84 Safari/537.36"
36.133.115.36 - - [31/Jan/2026:12:46:05 +0800] "POST /wp-cron.php?doing_wp_cron=1769834765.5492560863494873046875 HTTP/1.1" 200 31 "-" "WordPress/6.9; http://cqqizhou.com"
43.135.145.73 - - [31/Jan/2026:12:46:05 +0800] "GET /wp-content/uploads/2026/01/1767534398-6.8 HTTP/1.1" 404 8951 "-" "Mozilla/5.0 (iPhone; CPU iPhone OS 13_2_3 like Mac OS X) AppleWebKit/605.1.15 (KHTML, like Gecko) Version/13.0.3 Mobile/15E148 Safari/604.1"
36.133.115.36 - - [31/Jan/2026:12:48:52 +0800] "POST /wp-cron.php?doing_wp_cron=1769834932.4825749397277832031250 HTTP/1.1" 200 31 "-" "WordPress/6.9; http://cqqizhou.com"
167.94.138.198 - - [31/Jan/2026:12:48:52 +0800] "GET / HTTP/1.1" 301 5 "-" "Mozilla/5.0 (compatible; CensysInspect/1.1; +https://about.censys.io/)"
36.133.115.36 - - [31/Jan/2026:12:49:54 +0800] "POST /wp-cron.php?doing_wp_cron=1769834994.9521839618682861328125 HTTP/1.1" 200 31 "-" "WordPress/6.9; http://cqqizhou.com"
167.94.138.198 - - [31/Jan/2026:12:49:54 +0800] "GET /wiki HTTP/1.1" 404 8952 "-" "Mozilla/5.0 (compatible; CensysInspect/1.1; +https://about.censys.io/)"
36.133.115.36 - - [31/Jan/2026:12:51:41 +0800] "POST /wp-cron.php?doing_wp_cron=1769835101.3121480941772460937500 HTTP/1.1" 200 31 "-" "WordPress/6.9; http://cqqizhou.com"
113.57.185.2 - - [31/Jan/2026:12:51:41 +0800] "GET / HTTP/1.1" 301 5 "-" "Mozilla/5.064213590 Mozilla/5.0 (Windows NT 6.1) AppleWebKit/537.36 (KHTML, like Gecko) Chrome/68.0.3440.106 Safari/537.36"
14.135.74.101 - - [31/Jan/2026:12:51:42 +0800] "GET / HTTP/1.1" 200 35186 "-" "Mozilla/5.064213590 Mozilla/5.0 (Windows NT 6.1) AppleWebKit/537.36 (KHTML, like Gecko) Chrome/68.0.3440.106 Safari/537.36"
36.133.115.36 - - [31/Jan/2026:12:55:06 +0800] "POST /wp-cron.php?doing_wp_cron=1769835306.8336820602416992187500 HTTP/1.1" 200 31 "-" "WordPress/6.9; http://cqqizhou.com"
162.62.132.25 - - [31/Jan/2026:12:55:06 +0800] "GET / HTTP/1.1" 200 34752 "-" "Mozilla/5.0 (iPhone; CPU iPhone OS 13_2_3 like Mac OS X) AppleWebKit/605.1.15 (KHTML, like Gecko) Version/13.0.3 Mobile/15E148 Safari/604.1"
180.153.236.43 - - [31/Jan/2026:12:57:52 +0800] "GET / HTTP/1.1" 200 35186 "http://cqqizhou.com" "User-Agent:Mozilla/5.0 (Windows NT 10.0; Win64; x64) AppleWebKit/537.36 (KHTML, like Gecko) Chrome/140.0.0.0 Safari/537.36 Edg/140.0.0.0; 360Spider"
36.133.115.36 - - [31/Jan/2026:13:03:55 +0800] "POST /wp-cron.php?doing_wp_cron=1769835835.0905048847198486328125 HTTP/1.1" 200 31 "-" "WordPress/6.9; http://cqqizhou.com"
85.90.208.132 - - [31/Jan/2026:13:03:55 +0800] "GET /2159/ HTTP/1.1" 200 28484 "http://cqqizhou.com/" "Mozilla/5.0 (Macintosh; Intel Mac OS X 12_5) AppleWebKit/537.36 (KHTML, like Gecko) Chrome/114.0.0.0 Safari/537.36 Vivaldi/5.3.2679.68"
85.90.208.132 - - [31/Jan/2026:13:03:56 +0800] "GET /wp-admin/admin-ajax.php HTTP/1.1" 400 11 "http://cqqizhou.com/2159/" "Mozilla/5.0 (Windows NT 6.3; Win64; x64) AppleWebKit/537.36 (KHTML, like Gecko) Chrome/103.0.0.0 Safari/537.36"
85.90.208.132 - - [31/Jan/2026:13:03:59 +0800] "GET /wp-admin/admin-ajax.php?action=register HTTP/1.1" 400 11 "http://cqqizhou.com/wp-admin/admin-ajax.php" "Mozilla/5.0 (Windows NT 6.3; Win64; x64) AppleWebKit/537.36 (KHTML, like Gecko) Chrome/103.0.0.0 Safari/537.36"
36.133.115.36 - - [31/Jan/2026:13:09:55 +0800] "POST /wp-cron.php?doing_wp_cron=1769836195.8664860725402832031250 HTTP/1.1" 200 31 "-" "WordPress/6.9; http://cqqizhou.com"
43.166.244.251 - - [31/Jan/2026:13:09:55 +0800] "GET /2464/ HTTP/1.1" 200 19446 "-" "Mozilla/5.0 (iPhone; CPU iPhone OS 13_2_3 like Mac OS X) AppleWebKit/605.1.15 (KHTML, like Gecko) Version/13.0.3 Mobile/15E148 Safari/604.1"
36.133.115.36 - - [31/Jan/2026:13:13:02 +0800] "POST /wp-cron.php?doing_wp_cron=1769836382.1571059226989746093750 HTTP/1.1" 200 31 "-" "WordPress/6.9; http://cqqizhou.com"
223.157.183.11 - - [31/Jan/2026:13:13:02 +0800] "GET /contacts/ HTTP/1.1" 200 21544 "-" "Mozilla/5.0 (Windows NT 10.0; Win64; x64) AppleWebKit/537.36 (KHTML, like Gecko) Chrome/136.0.0.0 Safari/537.36"
120.239.242.247 - - [31/Jan/2026:13:13:09 +0800] "GET /contacts/ HTTP/1.1" 200 21561 "-" "Mozilla/5.0 (Windows NT 10.0; Win64; x64) AppleWebKit/537.36 (KHTML, like Gecko) Chrome/136.0.0.0 Safari/537.36"
119.248.89.129 - - [31/Jan/2026:13:13:32 +0800] "GET /contacts/ HTTP/1.1" 200 21561 "-" "Mozilla/5.0 (Windows NT 10.0; Win64; x64) AppleWebKit/537.36 (KHTML, like Gecko) Chrome/136.0.0.0 Safari/537.36"
139.170.67.171 - - [31/Jan/2026:13:13:45 +0800] "GET /contacts/ HTTP/1.1" 499 0 "-" "Mozilla/5.0 (Windows NT 10.0; Win64; x64) AppleWebKit/537.36 (KHTML, like Gecko) Chrome/136.0.0.0 Safari/537.36"
223.11.218.226 - - [31/Jan/2026:13:13:57 +0800] "GET /contacts/ HTTP/1.1" 200 21561 "http://cqqizhou.com/contacts/" "Mozilla/5.0 (Windows NT 10.0; Win64; x64) AppleWebKit/537.36 (KHTML, like Gecko) Chrome/136.0.0.0 Safari/537.36"
36.133.115.36 - - [31/Jan/2026:13:14:38 +0800] "POST /wp-cron.php?doing_wp_cron=1769836478.3945078849792480468750 HTTP/1.1" 200 31 "-" "WordPress/6.9; http://cqqizhou.com"
43.153.49.151 - - [31/Jan/2026:13:14:38 +0800] "GET / HTTP/1.1" 200 34752 "-" "Mozilla/5.0 (iPhone; CPU iPhone OS 13_2_3 like Mac OS X) AppleWebKit/605.1.15 (KHTML, like Gecko) Version/13.0.3 Mobile/15E148 Safari/604.1"
36.133.115.36 - - [31/Jan/2026:13:18:19 +0800] "POST /wp-cron.php?doing_wp_cron=1769836699.8541328907012939453125 HTTP/1.1" 200 31 "-" "WordPress/6.9; http://cqqizhou.com"
93.174.93.12 - - [31/Jan/2026:13:18:19 +0800] "GET / HTTP/1.0" 301 0 "-" "Googlebot-News"
36.133.115.36 - - [31/Jan/2026:13:22:54 +0800] "POST /wp-cron.php?doing_wp_cron=1769836974.0945949554443359375000 HTTP/1.1" 200 31 "-" "WordPress/6.9; http://cqqizhou.com"
103.39.132.40 - - [31/Jan/2026:13:22:54 +0800] "POST /xmlrpc.php HTTP/1.1" 200 217 "-" "Mozilla/5.0 (Windows NT 10.0) AppleWebKit/537.36 (KHTML, like Gecko) Chrome/137.0.0.0 Safari/537.36"
36.133.115.36 - - [31/Jan/2026:13:24:12 +0800] "POST /wp-cron.php?doing_wp_cron=1769837052.2539379596710205078125 HTTP/1.1" 200 31 "-" "WordPress/6.9; http://cqqizhou.com"
121.29.51.28 - - [31/Jan/2026:13:24:12 +0800] "GET / HTTP/1.1" 200 34752 "-" "Dalvik/2.1.0 (Linux; U; Android 9.0; ZTE BA520 Build/MRA58K)"
36.133.115.36 - - [31/Jan/2026:13:25:29 +0800] "POST /wp-cron.php?doing_wp_cron=1769837129.8640201091766357421875 HTTP/1.1" 200 31 "-" "WordPress/6.9; http://cqqizhou.com"
204.76.203.219 - - [31/Jan/2026:13:25:29 +0800] "GET / HTTP/1.1" 200 34752 "-" "Mozilla/5.0 (Windows NT 10.0; Win64; x64) AppleWebKit/537.36 (KHTML, like Gecko) Chrome/90.0.4430.85 Safari/537.36 Edg/90.0.818.46"
36.133.115.36 - - [31/Jan/2026:13:31:49 +0800] "POST /wp-cron.php?doing_wp_cron=1769837509.0331220626831054687500 HTTP/1.1" 200 31 "-" "WordPress/6.9; http://cqqizhou.com"
114.119.137.224 - - [31/Jan/2026:13:31:49 +0800] "GET /wp-sitemap.xml HTTP/1.1" 501 253 "-" "Mozilla/5.0 (Linux; Android 7.0;) AppleWebKit/537.36 (KHTML, like Gecko) Mobile Safari/537.36 (compatible; PetalBot;+https://webmaster.petalsearch.com/site/petalbot)"
36.133.115.36 - - [31/Jan/2026:13:32:49 +0800] "POST /wp-cron.php?doing_wp_cron=1769837569.0117158889770507812500 HTTP/1.1" 200 31 "-" "WordPress/6.9; http://cqqizhou.com"
43.130.106.18 - - [31/Jan/2026:13:32:49 +0800] "GET / HTTP/1.1" 301 5 "-" "Mozilla/5.0 (iPhone; CPU iPhone OS 13_2_3 like Mac OS X) AppleWebKit/605.1.15 (KHTML, like Gecko) Version/13.0.3 Mobile/15E148 Safari/604.1"
43.130.106.18 - - [31/Jan/2026:13:32:51 +0800] "GET / HTTP/1.1" 200 34752 "http://36.133.115.36" "Mozilla/5.0 (iPhone; CPU iPhone OS 13_2_3 like Mac OS X) AppleWebKit/605.1.15 (KHTML, like Gecko) Version/13.0.3 Mobile/15E148 Safari/604.1"
36.133.115.36 - - [31/Jan/2026:13:36:50 +0800] "POST /wp-cron.php?doing_wp_cron=1769837810.4406440258026123046875 HTTP/1.1" 200 31 "-" "WordPress/6.9; http://cqqizhou.com"
114.119.144.65 - - [31/Jan/2026:13:36:50 +0800] "GET /wp-sitemap.xml HTTP/1.1" 501 253 "-" "Mozilla/5.0 (Linux; Android 7.0;) AppleWebKit/537.36 (KHTML, like Gecko) Mobile Safari/537.36 (compatible; PetalBot;+https://webmaster.petalsearch.com/site/petalbot)"
36.133.115.36 - - [31/Jan/2026:13:40:13 +0800] "POST /wp-cron.php?doing_wp_cron=1769838013.9660658836364746093750 HTTP/1.1" 200 31 "-" "WordPress/6.9; http://cqqizhou.com"
51.68.32.135 - - [31/Jan/2026:13:40:14 +0800] "GET /robots.txt HTTP/1.1" 200 390 "-" "Mozilla/5.0 (compatible; MJ12bot/v1.4.8; http://mj12bot.com/)"
51.68.32.135 - - [31/Jan/2026:13:40:16 +0800] "GET /2475/ HTTP/1.1" 200 26533 "-" "Mozilla/5.0 (compatible; MJ12bot/v1.4.8; http://mj12bot.com/)"
195.184.76.169 - - [31/Jan/2026:13:40:49 +0800] "GET / HTTP/1.1" 301 5 "-" "Mozilla/5.0 (X11; Ubuntu; Linux x86_64; rv:134.0) Gecko/20100101 Firefox/134.0"
36.133.115.36 - - [31/Jan/2026:13:41:49 +0800] "POST /wp-cron.php?doing_wp_cron=1769838109.7407219409942626953125 HTTP/1.1" 200 31 "-" "WordPress/6.9; http://cqqizhou.com"
114.119.150.37 - - [31/Jan/2026:13:41:49 +0800] "GET /wp-sitemap.xml HTTP/1.1" 501 253 "-" "Mozilla/5.0 (Linux; Android 7.0;) AppleWebKit/537.36 (KHTML, like Gecko) Mobile Safari/537.36 (compatible; PetalBot;+https://webmaster.petalsearch.com/site/petalbot)"
36.133.115.36 - - [31/Jan/2026:13:52:05 +0800] "POST /wp-cron.php?doing_wp_cron=1769838725.4050900936126708984375 HTTP/1.1" 200 31 "-" "WordPress/6.9; http://cqqizhou.com"
116.179.32.141 - - [31/Jan/2026:13:52:05 +0800] "GET /wp-json/oembed/1.0/embed?url=http%3A%2F%2Fcqqizhou.com%2F2418%2F HTTP/1.1" 200 1307 "-" "Mozilla/5.0 (compatible; Baiduspider/2.0; +http://www.baidu.com/search/spider.html)"
36.133.115.36 - - [31/Jan/2026:14:20:25 +0800] "POST /wp-cron.php?doing_wp_cron=1769840425.2180960178375244140625 HTTP/1.1" 200 31 "-" "WordPress/6.9; http://cqqizhou.com"
204.76.203.219 - - [31/Jan/2026:14:20:25 +0800] "GET / HTTP/1.1" 200 34752 "-" "Mozilla/5.0 (Windows NT 10.0; Win64; x64) AppleWebKit/537.36 (KHTML, like Gecko) Chrome/90.0.4430.85 Safari/537.36 Edg/90.0.818.46"
36.133.115.36 - - [31/Jan/2026:14:29:32 +0800] "POST /wp-cron.php?doing_wp_cron=1769840972.1812200546264648437500 HTTP/1.1" 200 31 "-" "WordPress/6.9; http://cqqizhou.com"
35.203.211.166 - - [31/Jan/2026:14:29:32 +0800] "GET /wp-login.php HTTP/1.1" 200 9053 "-" "Hello from Palo Alto Networks, find out more about our scans in https://docs-cortex.paloaltonetworks.com/r/1/Cortex-Xpanse/Scanning-activity"
212.34.138.212 - - [31/Jan/2026:14:29:51 +0800] "GET /hello-world/ HTTP/1.1" 404 8951 "-" "Mozilla/4.0 (compatible; MSIE 6.0; Windows NT 5.1; SV1)"
212.34.138.212 - - [31/Jan/2026:14:29:51 +0800] "GET /privet-mir/ HTTP/1.1" 404 8951 "-" "Mozilla/4.0 (compatible; MSIE 6.0; Windows NT 5.1; SV1)"
36.133.115.36 - - [31/Jan/2026:14:36:05 +0800] "POST /wp-cron.php?doing_wp_cron=1769841365.5938279628753662109375 HTTP/1.1" 200 31 "-" "WordPress/6.9; http://cqqizhou.com"
223.244.35.77 - - [31/Jan/2026:14:36:05 +0800] "GET / HTTP/1.1" 301 5 "-" "Mozilla/5.0 (iPhone; CPU iPhone OS 13_2_3 like Mac OS X) AppleWebKit/605.1.15 (KHTML, like Gecko) Version/13.0.3 Mobile/15E148 Safari/604.1"
