47.114.89.255 - - [31/Jan/2026:02:16:39 +0800] "GET /static/admin/webuploader/server/preview.php HTTP/1.1" 404 47 "-" "Mozilla/5.0 (Windows NT 10.0; Win64; x64)"
47.114.89.255 - - [31/Jan/2026:02:16:39 +0800] "GET /static/admin/webuploader/server/fileupload.php HTTP/1.1" 404 47 "-" "Mozilla/5.0 (Windows NT 10.0; Win64; x64)"
36.133.115.36 - - [31/Jan/2026:02:31:25 +0800] "POST /wp-cron.php?doing_wp_cron=1769797885.8469269275665283203125 HTTP/1.1" 200 31 "-" "WordPress/6.9; http://cqqizhou.com"
204.76.203.219 - - [31/Jan/2026:02:31:25 +0800] "GET / HTTP/1.1" 200 34722 "-" "Mozilla/5.0 (Windows NT 10.0; Win64; x64) AppleWebKit/537.36 (KHTML, like Gecko) Chrome/90.0.4430.85 Safari/537.36 Edg/90.0.818.46"
36.133.115.36 - - [31/Jan/2026:02:32:53 +0800] "POST /wp-cron.php?doing_wp_cron=1769797973.0761508941650390625000 HTTP/1.1" 200 31 "-" "WordPress/6.9; http://cqqizhou.com"
193.142.147.209 - - [31/Jan/2026:02:32:54 +0800] "POST / HTTP/1.1" 200 34720 "-" "Mozilla/5.0 (Windows NT 10.0; Win64; x64) AppleWebKit/537.36"
20.89.56.154 - - [31/Jan/2026:02:58:35 +0800] "GET /wp-content/plugins/hellopress/wp_filemanager.php HTTP/1.1" 404 27 "-" "-"
36.133.115.36 - - [31/Jan/2026:02:58:36 +0800] "POST /wp-cron.php?doing_wp_cron=1769799516.3928449153900146484375 HTTP/1.1" 200 31 "-" "WordPress/6.9; http://cqqizhou.com"
20.89.56.154 - - [31/Jan/2026:02:58:36 +0800] "GET /sa.php7 HTTP/1.1" 404 31367 "-" "-"
20.89.56.154 - - [31/Jan/2026:02:58:36 +0800] "GET /gettest.php HTTP/1.1" 404 27 "-" "-"
20.89.56.154 - - [31/Jan/2026:02:58:36 +0800] "GET /menu.php HTTP/1.1" 404 27 "-" "-"
20.89.56.154 - - [31/Jan/2026:02:58:36 +0800] "GET /bjfl.php HTTP/1.1" 404 27 "-" "-"
20.89.56.154 - - [31/Jan/2026:02:58:37 +0800] "GET /sko.php HTTP/1.1" 404 27 "-" "-"
20.89.56.154 - - [31/Jan/2026:02:58:37 +0800] "GET /obfuscate.php HTTP/1.1" 404 27 "-" "-"
20.89.56.154 - - [31/Jan/2026:02:58:37 +0800] "GET /img.php HTTP/1.1" 404 27 "-" "-"
20.89.56.154 - - [31/Jan/2026:02:58:37 +0800] "GET /co.php HTTP/1.1" 404 27 "-" "-"
20.89.56.154 - - [31/Jan/2026:02:58:37 +0800] "GET /iswfg.php HTTP/1.1" 404 27 "-" "-"
20.89.56.154 - - [31/Jan/2026:02:58:37 +0800] "GET /acxx.php?p= HTTP/1.1" 404 27 "-" "-"
20.89.56.154 - - [31/Jan/2026:02:58:37 +0800] "GET /black.php HTTP/1.1" 404 27 "-" "-"
20.89.56.154 - - [31/Jan/2026:02:58:37 +0800] "GET /up.php HTTP/1.1" 404 27 "-" "-"
20.89.56.154 - - [31/Jan/2026:02:58:37 +0800] "GET /wikindex.php HTTP/1.1" 404 27 "-" "-"
20.89.56.154 - - [31/Jan/2026:02:58:38 +0800] "GET /tool.php HTTP/1.1" 404 27 "-" "-"
20.89.56.154 - - [31/Jan/2026:02:58:38 +0800] "GET /py.php HTTP/1.1" 404 27 "-" "-"
20.89.56.154 - - [31/Jan/2026:02:58:38 +0800] "GET /155.php HTTP/1.1" 404 27 "-" "-"
20.89.56.154 - - [31/Jan/2026:02:58:38 +0800] "GET /sym404.php HTTP/1.1" 404 27 "-" "-"
20.89.56.154 - - [31/Jan/2026:02:58:38 +0800] "GET /iko.php HTTP/1.1" 404 27 "-" "-"
20.89.56.154 - - [31/Jan/2026:02:58:38 +0800] "GET /wefile.php HTTP/1.1" 404 27 "-" "-"
20.89.56.154 - - [31/Jan/2026:02:58:38 +0800] "GET /gfd.php HTTP/1.1" 404 27 "-" "-"
20.89.56.154 - - [31/Jan/2026:02:58:39 +0800] "GET /xmlrpc.php HTTP/1.1" 405 53 "-" "-"
20.89.56.154 - - [31/Jan/2026:02:58:39 +0800] "GET /bnm.php HTTP/1.1" 404 27 "-" "-"
20.89.56.154 - - [31/Jan/2026:02:58:39 +0800] "GET /edit-tags.php HTTP/1.1" 404 27 "-" "-"
20.89.56.154 - - [31/Jan/2026:02:58:39 +0800] "GET /vx.php HTTP/1.1" 404 27 "-" "-"
20.89.56.154 - - [31/Jan/2026:02:58:40 +0800] "GET /lkj.php HTTP/1.1" 404 27 "-" "-"
20.89.56.154 - - [31/Jan/2026:02:58:40 +0800] "GET /ioxi-o.php HTTP/1.1" 404 27 "-" "-"
20.89.56.154 - - [31/Jan/2026:02:58:40 +0800] "GET /wp-admin/js/wp-conflg.php?p= HTTP/1.1" 404 27 "-" "-"
20.89.56.154 - - [31/Jan/2026:02:58:40 +0800] "GET /about/function.php HTTP/1.1" 404 27 "-" "-"
20.89.56.154 - - [31/Jan/2026:02:58:40 +0800] "GET /wp-includes/block-patterns/index.php HTTP/1.1" 404 27 "-" "-"
20.89.56.154 - - [31/Jan/2026:02:58:40 +0800] "GET /wp-admin/maint/about.php HTTP/1.1" 404 27 "-" "-"
20.89.56.154 - - [31/Jan/2026:02:58:40 +0800] "GET /readme.php?p= HTTP/1.1" 404 27 "-" "-"
20.89.56.154 - - [31/Jan/2026:02:58:40 +0800] "GET /wp-includes/js/codemirror/index.php HTTP/1.1" 404 27 "-" "-"
20.89.56.154 - - [31/Jan/2026:02:58:40 +0800] "GET /classwithtostring.php HTTP/1.1" 404 27 "-" "-"
20.89.56.154 - - [31/Jan/2026:02:58:41 +0800] "GET /1.php HTTP/1.1" 404 27 "-" "-"
20.89.56.154 - - [31/Jan/2026:02:58:41 +0800] "GET /.well-known/index.php HTTP/1.1" 404 27 "-" "-"
20.89.56.154 - - [31/Jan/2026:02:58:41 +0800] "GET /alfa.php HTTP/1.1" 404 27 "-" "-"
20.89.56.154 - - [31/Jan/2026:02:58:41 +0800] "GET /wp-includes/images/wp-login.php HTTP/1.1" 404 27 "-" "-"
20.89.56.154 - - [31/Jan/2026:02:58:41 +0800] "GET /atx.php HTTP/1.1" 404 27 "-" "-"
20.89.56.154 - - [31/Jan/2026:02:58:41 +0800] "GET /inputs.php HTTP/1.1" 404 27 "-" "-"
20.89.56.154 - - [31/Jan/2026:02:58:41 +0800] "GET /wp-content/radio.php HTTP/1.1" 404 27 "-" "-"
20.89.56.154 - - [31/Jan/2026:02:58:41 +0800] "GET /404.php HTTP/1.1" 404 27 "-" "-"
20.89.56.154 - - [31/Jan/2026:02:58:42 +0800] "GET /footer.php HTTP/1.1" 404 27 "-" "-"
20.89.56.154 - - [31/Jan/2026:02:58:42 +0800] "GET /global.php HTTP/1.1" 404 27 "-" "-"
20.89.56.154 - - [31/Jan/2026:02:58:42 +0800] "GET /core.php HTTP/1.1" 404 27 "-" "-"
20.89.56.154 - - [31/Jan/2026:02:58:42 +0800] "GET /thoms.php HTTP/1.1" 404 27 "-" "-"
20.89.56.154 - - [31/Jan/2026:02:58:42 +0800] "GET /irc.js.php HTTP/1.1" 404 27 "-" "-"
36.133.115.36 - - [31/Jan/2026:03:00:48 +0800] "POST /wp-cron.php?doing_wp_cron=1769799648.4652960300445556640625 HTTP/1.1" 200 31 "-" "WordPress/6.9; http://cqqizhou.com"
43.128.156.124 - - [31/Jan/2026:03:00:48 +0800] "GET / HTTP/1.1" 301 5 "-" "Mozilla/5.0 (iPhone; CPU iPhone OS 13_2_3 like Mac OS X) AppleWebKit/605.1.15 (KHTML, like Gecko) Version/13.0.3 Mobile/15E148 Safari/604.1"
43.128.156.124 - - [31/Jan/2026:03:00:50 +0800] "GET / HTTP/1.1" 200 34721 "http://36.133.115.36" "Mozilla/5.0 (iPhone; CPU iPhone OS 13_2_3 like Mac OS X) AppleWebKit/605.1.15 (KHTML, like Gecko) Version/13.0.3 Mobile/15E148 Safari/604.1"
36.133.115.36 - - [31/Jan/2026:03:16:36 +0800] "POST /wp-cron.php?doing_wp_cron=1769800596.0891420841217041015625 HTTP/1.1" 200 31 "-" "WordPress/6.9; http://cqqizhou.com"
43.153.36.110 - - [31/Jan/2026:03:16:36 +0800] "GET / HTTP/1.1" 200 34721 "-" "Mozilla/5.0 (iPhone; CPU iPhone OS 13_2_3 like Mac OS X) AppleWebKit/605.1.15 (KHTML, like Gecko) Version/13.0.3 Mobile/15E148 Safari/604.1"
36.133.115.36 - - [31/Jan/2026:03:27:51 +0800] "POST /wp-cron.php?doing_wp_cron=1769801271.6390089988708496093750 HTTP/1.1" 200 31 "-" "WordPress/6.9; http://cqqizhou.com"
204.76.203.219 - - [31/Jan/2026:03:27:51 +0800] "GET / HTTP/1.1" 200 34722 "-" "Mozilla/5.0 (Windows NT 10.0; Win64; x64) AppleWebKit/537.36 (KHTML, like Gecko) Chrome/90.0.4430.85 Safari/537.36 Edg/90.0.818.46"
34.56.120.33 - - [31/Jan/2026:03:30:14 +0800] "HEAD / HTTP/1.1" 200 0 "-" "Mozilla/5.0 (Windows NT 10.0; Win64; x64) AppleWebKit/537.36 (KHTML, like Gecko) Chrome/125.0.6422.112 Safari/537.36 Brave/1.63.120"
36.133.115.36 - - [31/Jan/2026:03:30:15 +0800] "POST /wp-cron.php?doing_wp_cron=1769801415.1364879608154296875000 HTTP/1.1" 200 31 "-" "WordPress/6.9; http://cqqizhou.com"
34.56.120.33 - - [31/Jan/2026:03:30:15 +0800] "HEAD /old/ HTTP/1.1" 404 0 "-" "Mozilla/5.0 (iPhone; CPU iPhone OS 17_5 like Mac OS X) AppleWebKit/605.1.15 (KHTML, like Gecko) Version/17.5 Mobile/15E148 Safari/604.1"
34.56.120.33 - - [31/Jan/2026:03:30:16 +0800] "HEAD /backup/ HTTP/1.1" 404 0 "-" "Mozilla/5.0 (Macintosh; Intel Mac OS X 14_5) AppleWebKit/605.1.15 (KHTML, like Gecko) Version/17.5 Safari/605.1.15"
34.56.120.33 - - [31/Jan/2026:03:30:16 +0800] "HEAD /wp/ HTTP/1.1" 404 0 "-" "Mozilla/5.0 (iPad; CPU OS 17_4 like Mac OS X) AppleWebKit/605.1.15 (KHTML, like Gecko) Version/17.4 Mobile/15E148 Safari/604.1"
34.56.120.33 - - [31/Jan/2026:03:30:17 +0800] "HEAD /new/ HTTP/1.1" 301 0 "-" "Mozilla/5.0 (Windows NT 10.0; WOW64) AppleWebKit/537.36 (KHTML, like Gecko) Chrome/118.0.5993.90 Safari/537.36"
34.56.120.33 - - [31/Jan/2026:03:30:18 +0800] "HEAD /news/ HTTP/1.1" 200 0 "http://cqqizhou.com/new/" "Mozilla/5.0 (Windows NT 10.0; WOW64) AppleWebKit/537.36 (KHTML, like Gecko) Chrome/118.0.5993.90 Safari/537.36"
34.56.120.33 - - [31/Jan/2026:03:30:18 +0800] "HEAD /wordpress/ HTTP/1.1" 404 0 "-" "Mozilla/5.0 (X11; Linux x86_64) AppleWebKit/537.36 (KHTML, like Gecko) Chrome/125.0.6422.76 Safari/537.36"
34.56.120.33 - - [31/Jan/2026:03:30:19 +0800] "HEAD /blog/ HTTP/1.1" 404 0 "-" "Mozilla/5.0 (iPhone; CPU iPhone OS 17_5 like Mac OS X) AppleWebKit/605.1.15 (KHTML, like Gecko) Version/17.5 Mobile/15E148 Safari/604.1"
36.133.115.36 - - [31/Jan/2026:03:31:57 +0800] "POST /wp-cron.php?doing_wp_cron=1769801517.9453439712524414062500 HTTP/1.1" 200 31 "-" "WordPress/6.9; http://cqqizhou.com"
43.157.52.37 - - [31/Jan/2026:03:31:57 +0800] "GET /portfolio/duplex-stainless-steel/ HTTP/1.1" 404 8950 "-" "Mozilla/5.0 (iPhone; CPU iPhone OS 13_2_3 like Mac OS X) AppleWebKit/605.1.15 (KHTML, like Gecko) Version/13.0.3 Mobile/15E148 Safari/604.1"
36.133.115.36 - - [31/Jan/2026:03:33:38 +0800] "POST /wp-cron.php?doing_wp_cron=1769801618.7493979930877685546875 HTTP/1.1" 200 31 "-" "WordPress/6.9; http://cqqizhou.com"
51.91.242.106 - - [31/Jan/2026:03:33:38 +0800] "GET /robots.txt HTTP/1.1" 200 390 "-" "Mozilla/5.0 (compatible; MJ12bot/v1.4.8; http://mj12bot.com/)"
51.91.242.106 - - [31/Jan/2026:03:33:41 +0800] "GET /portfolio/%E5%86%B7%E8%BD%A7%E5%8D%B7/ HTTP/1.1" 404 8950 "-" "Mozilla/5.0 (compatible; MJ12bot/v1.4.8; http://mj12bot.com/)"
36.133.115.36 - - [31/Jan/2026:03:35:43 +0800] "POST /wp-cron.php?doing_wp_cron=1769801743.4782969951629638671875 HTTP/1.1" 200 31 "-" "WordPress/6.9; http://cqqizhou.com"
43.157.95.131 - - [31/Jan/2026:03:35:43 +0800] "GET /services HTTP/1.1" 301 5 "-" "Mozilla/5.0 (iPhone; CPU iPhone OS 13_2_3 like Mac OS X) AppleWebKit/605.1.15 (KHTML, like Gecko) Version/13.0.3 Mobile/15E148 Safari/604.1"
43.157.95.131 - - [31/Jan/2026:03:35:47 +0800] "GET /services/ HTTP/1.1" 200 25829 "http://cqqizhou.com/services" "Mozilla/5.0 (iPhone; CPU iPhone OS 13_2_3 like Mac OS X) AppleWebKit/605.1.15 (KHTML, like Gecko) Version/13.0.3 Mobile/15E148 Safari/604.1"
36.133.115.36 - - [31/Jan/2026:03:45:40 +0800] "POST /wp-cron.php?doing_wp_cron=1769802340.2128949165344238281250 HTTP/1.1" 200 31 "-" "WordPress/6.9; http://cqqizhou.com"
43.159.149.56 - - [31/Jan/2026:03:45:40 +0800] "GET /logistics HTTP/1.1" 301 5 "-" "Mozilla/5.0 (iPhone; CPU iPhone OS 13_2_3 like Mac OS X) AppleWebKit/605.1.15 (KHTML, like Gecko) Version/13.0.3 Mobile/15E148 Safari/604.1"
43.159.149.56 - - [31/Jan/2026:03:45:46 +0800] "GET /logistics/ HTTP/1.1" 200 24991 "http://cqqizhou.com/logistics" "Mozilla/5.0 (iPhone; CPU iPhone OS 13_2_3 like Mac OS X) AppleWebKit/605.1.15 (KHTML, like Gecko) Version/13.0.3 Mobile/15E148 Safari/604.1"
36.133.115.36 - - [31/Jan/2026:03:49:32 +0800] "POST /wp-cron.php?doing_wp_cron=1769802572.7547459602355957031250 HTTP/1.1" 200 31 "-" "WordPress/6.9; http://cqqizhou.com"
192.36.109.75 - - [31/Jan/2026:03:49:32 +0800] "GET / HTTP/1.1" 200 34722 "-" "Mozilla/5.0 (Linux; U; Android 13; sk-sk; Xiaomi 11T Pro Build/TKQ1.220829.002) AppleWebKit/537.36 (KHTML, like Gecko) Version/4.0 Chrome/112.0.5615.136 Mobile Safari/537.36 XiaoMi/MiuiBrowser/14.4.0-g"
192.36.109.73 - - [31/Jan/2026:03:49:34 +0800] "GET /portfolio-category/hot-dip-galvanized-coil/ HTTP/1.1" 301 5 "-" "Mozilla/5.0 (Linux; U; Android 13; sk-sk; Xiaomi 11T Pro Build/TKQ1.220829.002) AppleWebKit/537.36 (KHTML, like Gecko) Version/4.0 Chrome/112.0.5615.136 Mobile Safari/537.36 XiaoMi/MiuiBrowser/14.4.0-g"
192.36.109.96 - - [31/Jan/2026:03:49:35 +0800] "GET /portfolio/hot-dip-galvanized-coil/ HTTP/1.1" 404 8951 "http://cqqizhou.com/portfolio-category/hot-dip-galvanized-coil/" "Mozilla/5.0 (Linux; U; Android 13; sk-sk; Xiaomi 11T Pro Build/TKQ1.220829.002) AppleWebKit/537.36 (KHTML, like Gecko) Version/4.0 Chrome/112.0.5615.136 Mobile Safari/537.36 XiaoMi/MiuiBrowser/14.4.0-g"
192.36.109.117 - - [31/Jan/2026:03:49:36 +0800] "GET /portfolio/%e5%86%b7%e8%bd%a7%e6%9d%bf/ HTTP/1.1" 404 8951 "-" "Mozilla/5.0 (Linux; U; Android 13; sk-sk; Xiaomi 11T Pro Build/TKQ1.220829.002) AppleWebKit/537.36 (KHTML, like Gecko) Version/4.0 Chrome/112.0.5615.136 Mobile Safari/537.36 XiaoMi/MiuiBrowser/14.4.0-g"
192.36.109.70 - - [31/Jan/2026:03:49:38 +0800] "GET /portfolio-category/cold-rolled-coil/ HTTP/1.1" 404 8951 "-" "Mozilla/5.0 (Linux; U; Android 13; sk-sk; Xiaomi 11T Pro Build/TKQ1.220829.002) AppleWebKit/537.36 (KHTML, like Gecko) Version/4.0 Chrome/112.0.5615.136 Mobile Safari/537.36 XiaoMi/MiuiBrowser/14.4.0-g"
36.133.115.36 - - [31/Jan/2026:03:51:59 +0800] "POST /wp-cron.php?doing_wp_cron=1769802718.9980390071868896484375 HTTP/1.1" 200 31 "-" "WordPress/6.9; http://cqqizhou.com"
74.7.241.155 - - [31/Jan/2026:03:51:59 +0800] "GET /robots.txt HTTP/1.1" 200 190 "-" "Mozilla/5.0 (Macintosh; Intel Mac OS X 10_15_7) AppleWebKit/537.36 (KHTML, like Gecko) Chrome/131.0.0.0 Safari/537.36; compatible; OAI-SearchBot/1.3; robots.txt; +https://openai.com/searchbot"
74.7.243.207 - - [31/Jan/2026:03:52:00 +0800] "GET /wp-sitemap.xml HTTP/1.1" 501 253 "-" "Mozilla/5.0 AppleWebKit/537.36 (KHTML, like Gecko; compatible; GPTBot/1.3; +https://openai.com/gptbot)"
205.169.39.3 - - [31/Jan/2026:03:52:56 +0800] "GET / HTTP/1.1" 200 35164 "-" "Mozilla/5.0 (Windows NT 10.0; Win64; x64) AppleWebKit/537.36 (KHTML, like Gecko) Chrome/117.0.5938.132 Safari/537.36"
205.169.39.3 - - [31/Jan/2026:03:53:01 +0800] "GET /wp-content/uploads/2025/07/1751425283-qizhou.kf_.qq_.com_.webp HTTP/1.1" 200 16864 "http://cqqizhou.com/" "Mozilla/5.0 (Windows NT 10.0; Win64; x64) AppleWebKit/537.36 (KHTML, like Gecko) Chrome/117.0.5938.132 Safari/537.36"
205.169.39.3 - - [31/Jan/2026:03:53:03 +0800] "GET /wp-content/uploads/2025/07/1750174127-Marketing1920x800_3.webp HTTP/1.1" 200 52790 "http://cqqizhou.com/wp-content/uploads/elementor/css/post-1666.css?ver=1769183108" "Mozilla/5.0 (Windows NT 10.0; Win64; x64) AppleWebKit/537.36 (KHTML, like Gecko) Chrome/117.0.5938.132 Safari/537.36"
205.169.39.3 - - [31/Jan/2026:03:53:04 +0800] "GET /wp-content/uploads/2025/07/1753453096-%E5%8F%8C%E7%9B%B8%E9%92%A2product_Single600%C3%97284.webp HTTP/1.1" 200 14562 "http://cqqizhou.com/" "Mozilla/5.0 (Windows NT 10.0; Win64; x64) AppleWebKit/537.36 (KHTML, like Gecko) Chrome/117.0.5938.132 Safari/537.36"
205.169.39.3 - - [31/Jan/2026:03:53:04 +0800] "GET /wp-content/uploads/2025/07/1753453127-%E4%BD%99%E5%8D%B7product_Single600%C3%97284.webp HTTP/1.1" 200 18744 "http://cqqizhou.com/" "Mozilla/5.0 (Windows NT 10.0; Win64; x64) AppleWebKit/537.36 (KHTML, like Gecko) Chrome/117.0.5938.132 Safari/537.36"
205.169.39.3 - - [31/Jan/2026:03:53:04 +0800] "GET /wp-content/uploads/2025/07/1753456723-%E5%8F%8C%E7%9B%B8%E9%92%A2roduct_Single600.webp HTTP/1.1" 200 22790 "http://cqqizhou.com/" "Mozilla/5.0 (Windows NT 10.0; Win64; x64) AppleWebKit/537.36 (KHTML, like Gecko) Chrome/117.0.5938.132 Safari/537.36"
205.169.39.3 - - [31/Jan/2026:03:53:04 +0800] "GET /wp-content/uploads/2025/07/1753456770-%E7%83%AD%E9%95%80%E9%94%8C%E5%8D%B7product_Single600.webp HTTP/1.1" 200 27502 "http://cqqizhou.com/" "Mozilla/5.0 (Windows NT 10.0; Win64; x64) AppleWebKit/537.36 (KHTML, like Gecko) Chrome/117.0.5938.132 Safari/537.36"
205.169.39.3 - - [31/Jan/2026:03:53:05 +0800] "GET /wp-content/uploads/2026/01/1769511379-Article_images_W900%C3%97500px202601271.webp HTTP/1.1" 200 67912 "http://cqqizhou.com/" "Mozilla/5.0 (Windows NT 10.0; Win64; x64) AppleWebKit/537.36 (KHTML, like Gecko) Chrome/117.0.5938.132 Safari/537.36"
205.169.39.3 - - [31/Jan/2026:03:53:05 +0800] "GET /wp-content/uploads/2026/01/1768527483-Article_images_W900%C3%97500px202601161.webp HTTP/1.1" 200 33780 "http://cqqizhou.com/" "Mozilla/5.0 (Windows NT 10.0; Win64; x64) AppleWebKit/537.36 (KHTML, like Gecko) Chrome/117.0.5938.132 Safari/537.36"
205.169.39.3 - - [31/Jan/2026:03:53:05 +0800] "GET /wp-content/uploads/2026/01/1767691466-Article_images_W900%C3%97500px202601061.webp HTTP/1.1" 200 56014 "http://cqqizhou.com/" "Mozilla/5.0 (Windows NT 10.0; Win64; x64) AppleWebKit/537.36 (KHTML, like Gecko) Chrome/117.0.5938.132 Safari/537.36"
205.169.39.3 - - [31/Jan/2026:03:53:05 +0800] "GET /wp-content/uploads/2025/12/1766647832-Article_images_W900%C3%97500px20251225.webp HTTP/1.1" 200 44582 "http://cqqizhou.com/" "Mozilla/5.0 (Windows NT 10.0; Win64; x64) AppleWebKit/537.36 (KHTML, like Gecko) Chrome/117.0.5938.132 Safari/537.36"
205.169.39.3 - - [31/Jan/2026:03:53:05 +0800] "GET /wp-content/uploads/2025/12/1765268955-qizhou_Slider1_3840%C3%972160_20251210-scaled.webp HTTP/1.1" 200 152162 "http://cqqizhou.com/" "Mozilla/5.0 (Windows NT 10.0; Win64; x64) AppleWebKit/537.36 (KHTML, like Gecko) Chrome/117.0.5938.132 Safari/537.36"
205.169.39.3 - - [31/Jan/2026:03:53:06 +0800] "GET /wp-content/uploads/revslider/slider-1/1750861156-logistics_Slider_3840%C3%972160_20250625191356-scaled-2048x1152.webp HTTP/1.1" 200 121796 "http://cqqizhou.com/" "Mozilla/5.0 (Windows NT 10.0; Win64; x64) AppleWebKit/537.36 (KHTML, like Gecko) Chrome/117.0.5938.132 Safari/537.36"
205.169.39.3 - - [31/Jan/2026:03:53:06 +0800] "GET /wp-content/uploads/2026/01/1768276119-qizhoujiagong_Slider_3840%C3%972160_20260113-scaled-50x100.webp HTTP/1.1" 200 976 "http://cqqizhou.com/" "Mozilla/5.0 (Windows NT 10.0; Win64; x64) AppleWebKit/537.36 (KHTML, like Gecko) Chrome/117.0.5938.132 Safari/537.36"
205.169.39.3 - - [31/Jan/2026:03:53:06 +0800] "GET /wp-content/uploads/revslider/slider-1/1750861156-logistics_Slider_3840%C3%972160_20250625191356-scaled-50x100.webp HTTP/1.1" 200 1416 "http://cqqizhou.com/" "Mozilla/5.0 (Windows NT 10.0; Win64; x64) AppleWebKit/537.36 (KHTML, like Gecko) Chrome/117.0.5938.132 Safari/537.36"
205.169.39.3 - - [31/Jan/2026:03:53:06 +0800] "GET /wp-content/uploads/2026/01/1768276119-qizhoujiagong_Slider_3840%C3%972160_20260113-scaled-50x100.webp HTTP/1.1" 200 976 "http://cqqizhou.com/" "Mozilla/5.0 (Windows NT 10.0; Win64; x64) AppleWebKit/537.36 (KHTML, like Gecko) Chrome/117.0.5938.132 Safari/537.36"
205.169.39.3 - - [31/Jan/2026:03:53:06 +0800] "GET /wp-content/uploads/revslider/slider-1/1750861156-logistics_Slider_3840%C3%972160_20250625191356-scaled-50x100.webp HTTP/1.1" 200 1416 "http://cqqizhou.com/" "Mozilla/5.0 (Windows NT 10.0; Win64; x64) AppleWebKit/537.36 (KHTML, like Gecko) Chrome/117.0.5938.132 Safari/537.36"
205.169.39.3 - - [31/Jan/2026:03:53:07 +0800] "GET /wp-json/sliderrevolution/sliders/1?srengine=7&slideid=2 HTTP/1.1" 200 2000 "http://cqqizhou.com/" "Mozilla/5.0 (Windows NT 10.0; Win64; x64) AppleWebKit/537.36 (KHTML, like Gecko) Chrome/117.0.5938.132 Safari/537.36"
36.133.115.36 - - [31/Jan/2026:03:53:07 +0800] "POST /wp-cron.php?doing_wp_cron=1769802787.0333418846130371093750 HTTP/1.1" 200 31 "-" "WordPress/6.9; http://cqqizhou.com"
205.169.39.3 - - [31/Jan/2026:03:53:07 +0800] "GET /wp-json/sliderrevolution/sliders/1?srengine=7&slideid=4 HTTP/1.1" 200 2580 "http://cqqizhou.com/" "Mozilla/5.0 (Windows NT 10.0; Win64; x64) AppleWebKit/537.36 (KHTML, like Gecko) Chrome/117.0.5938.132 Safari/537.36"
205.169.39.3 - - [31/Jan/2026:03:53:07 +0800] "GET /wp-content/uploads/2026/01/1768276119-qizhoujiagong_Slider_3840%C3%972160_20260113-scaled.webp HTTP/1.1" 200 131696 "http://cqqizhou.com/" "Mozilla/5.0 (Windows NT 10.0; Win64; x64) AppleWebKit/537.36 (KHTML, like Gecko) Chrome/117.0.5938.132 Safari/537.36"
205.169.39.3 - - [31/Jan/2026:03:53:07 +0800] "GET /wp-content/uploads/revslider/slider-1/1750861156-logistics_Slider_3840%C3%972160_20250625191356-scaled.webp HTTP/1.1" 200 197360 "http://cqqizhou.com/" "Mozilla/5.0 (Windows NT 10.0; Win64; x64) AppleWebKit/537.36 (KHTML, like Gecko) Chrome/117.0.5938.132 Safari/537.36"
146.247.236.54 - - [31/Jan/2026:03:55:31 +0800] "GET / HTTP/1.1" 200 35164 "-" "Mozilla/5.0 (X11; CrOS x86_64 14541.0.0) AppleWebKit/537.36 (KHTML, like Gecko) Chrome/121.0.0.0 Safari/537.3"
36.133.115.36 - - [31/Jan/2026:03:55:32 +0800] "POST /wp-cron.php?doing_wp_cron=1769802932.7297000885009765625000 HTTP/1.1" 200 31 "-" "WordPress/6.9; http://cqqizhou.com"
83.140.110.35 - - [31/Jan/2026:03:55:32 +0800] "GET /portfolio-category/hot-dip-galvanized-coil/ HTTP/1.1" 301 5 "-" "Mozilla/5.0 (X11; CrOS x86_64 14541.0.0) AppleWebKit/537.36 (KHTML, like Gecko) Chrome/121.0.0.0 Safari/537.3"
192.121.122.150 - - [31/Jan/2026:03:55:34 +0800] "GET /portfolio/hot-dip-galvanized-coil/ HTTP/1.1" 404 8952 "http://cqqizhou.com/portfolio-category/hot-dip-galvanized-coil/" "Mozilla/5.0 (X11; CrOS x86_64 14541.0.0) AppleWebKit/537.36 (KHTML, like Gecko) Chrome/121.0.0.0 Safari/537.3"
178.73.243.228 - - [31/Jan/2026:03:55:35 +0800] "GET /portfolio/%e5%86%b7%e8%bd%a7%e6%9d%bf/ HTTP/1.1" 404 8951 "-" "Mozilla/5.0 (X11; CrOS x86_64 14541.0.0) AppleWebKit/537.36 (KHTML, like Gecko) Chrome/121.0.0.0 Safari/537.3"
192.121.134.59 - - [31/Jan/2026:03:55:36 +0800] "GET /portfolio-category/cold-rolled-coil/ HTTP/1.1" 404 8951 "-" "Mozilla/5.0 (X11; CrOS x86_64 14541.0.0) AppleWebKit/537.36 (KHTML, like Gecko) Chrome/121.0.0.0 Safari/537.3"
36.133.115.36 - - [31/Jan/2026:04:01:44 +0800] "POST /wp-cron.php?doing_wp_cron=1769803304.0310349464416503906250 HTTP/1.1" 200 31 "-" "WordPress/6.9; http://cqqizhou.com"
43.130.154.56 - - [31/Jan/2026:04:01:44 +0800] "GET /wp-content/uploads/2025/12/1765268955-qizhou_Slider1_3840 HTTP/1.1" 404 8951 "-" "Mozilla/5.0 (iPhone; CPU iPhone OS 13_2_3 like Mac OS X) AppleWebKit/605.1.15 (KHTML, like Gecko) Version/13.0.3 Mobile/15E148 Safari/604.1"
36.133.115.36 - - [31/Jan/2026:04:05:26 +0800] "POST /wp-cron.php?doing_wp_cron=1769803526.0787520408630371093750 HTTP/1.1" 200 31 "-" "WordPress/6.9; http://cqqizhou.com"
43.166.238.12 - - [31/Jan/2026:04:05:26 +0800] "GET /wp-content/uploads/revslider/slider-1/1750861156-logistics_Slider_3840 HTTP/1.1" 404 8951 "-" "Mozilla/5.0 (iPhone; CPU iPhone OS 13_2_3 like Mac OS X) AppleWebKit/605.1.15 (KHTML, like Gecko) Version/13.0.3 Mobile/15E148 Safari/604.1"
66.249.74.135 - - [31/Jan/2026:04:13:58 +0800] "GET /wp-content/uploads/logistics/Conatiner-5.webp HTTP/1.1" 200 63396 "-" "Googlebot-Image/1.0"
36.133.115.36 - - [31/Jan/2026:04:16:24 +0800] "POST /wp-cron.php?doing_wp_cron=1769804184.3243739604949951171875 HTTP/1.1" 200 31 "-" "WordPress/6.9; http://cqqizhou.com"
159.69.28.178 - - [31/Jan/2026:04:16:24 +0800] "POST /xmlrpc.php HTTP/1.1" 200 217 "-" "Mozilla/5.0 (Windows NT 10.0; rv:142.0) Gecko/20100101 Firefox/142.0"
36.133.115.36 - - [31/Jan/2026:04:18:56 +0800] "POST /wp-cron.php?doing_wp_cron=1769804336.4925549030303955078125 HTTP/1.1" 200 31 "-" "WordPress/6.9; http://cqqizhou.com"
170.106.113.235 - - [31/Jan/2026:04:18:56 +0800] "GET / HTTP/1.1" 200 34721 "-" "Mozilla/5.0 (iPhone; CPU iPhone OS 13_2_3 like Mac OS X) AppleWebKit/605.1.15 (KHTML, like Gecko) Version/13.0.3 Mobile/15E148 Safari/604.1"
42.236.17.51 - - [31/Jan/2026:04:20:13 +0800] "GET / HTTP/1.1" 200 35164 "http://cqqizhou.com/" "User-Agent:Mozilla/5.0 (Windows NT 10.0; Win64; x64) AppleWebKit/537.36 (KHTML, like Gecko) Chrome/140.0.0.0 Safari/537.36 Edg/140.0.0.0; 360Spider"
36.133.115.36 - - [31/Jan/2026:04:21:16 +0800] "POST /wp-cron.php?doing_wp_cron=1769804476.4317159652709960937500 HTTP/1.1" 200 31 "-" "WordPress/6.9; http://cqqizhou.com"
121.41.166.225 - - [31/Jan/2026:04:21:16 +0800] "GET / HTTP/1.1" 301 5 "-" "Mozilla/5.0 (Windows NT 10.0; Win64; x64) AppleWebKit/537.36 (KHTML, like Gecko) Chrome/59.0.3071.115 Safari/537.36"
36.133.115.36 - - [31/Jan/2026:04:24:25 +0800] "POST /wp-cron.php?doing_wp_cron=1769804665.3175261020660400390625 HTTP/1.1" 200 31 "-" "WordPress/6.9; http://cqqizhou.com"
204.76.203.219 - - [31/Jan/2026:04:24:25 +0800] "GET / HTTP/1.1" 200 34721 "-" "Mozilla/5.0 (Windows NT 10.0; Win64; x64) AppleWebKit/537.36 (KHTML, like Gecko) Chrome/90.0.4430.85 Safari/537.36 Edg/90.0.818.46"
36.133.115.36 - - [31/Jan/2026:04:26:17 +0800] "POST /wp-cron.php?doing_wp_cron=1769804777.7703850269317626953125 HTTP/1.1" 200 31 "-" "WordPress/6.9; http://cqqizhou.com"
43.156.204.134 - - [31/Jan/2026:04:26:17 +0800] "GET /feed/ HTTP/1.1" 200 53125 "-" "Mozilla/5.0 (iPhone; CPU iPhone OS 13_2_3 like Mac OS X) AppleWebKit/605.1.15 (KHTML, like Gecko) Version/13.0.3 Mobile/15E148 Safari/604.1"
36.133.115.36 - - [31/Jan/2026:04:31:53 +0800] "POST /wp-cron.php?doing_wp_cron=1769805112.9981949329376220703125 HTTP/1.1" 200 31 "-" "WordPress/6.9; http://cqqizhou.com"
116.179.32.207 - - [31/Jan/2026:04:31:53 +0800] "GET /portfolio-tag/ansteel-thyssen/ HTTP/1.1" 404 8950 "-" "Mozilla/5.0 (compatible; Baiduspider/2.0; +http://www.baidu.com/search/spider.html)"
36.133.115.36 - - [31/Jan/2026:04:37:16 +0800] "POST /wp-cron.php?doing_wp_cron=1769805436.9059970378875732421875 HTTP/1.1" 200 31 "-" "WordPress/6.9; http://cqqizhou.com"
43.156.168.214 - - [31/Jan/2026:04:37:16 +0800] "GET /comments/feed/ HTTP/1.1" 200 704 "-" "Mozilla/5.0 (iPhone; CPU iPhone OS 13_2_3 like Mac OS X) AppleWebKit/605.1.15 (KHTML, like Gecko) Version/13.0.3 Mobile/15E148 Safari/604.1"
36.133.115.36 - - [31/Jan/2026:04:41:26 +0800] "POST /wp-cron.php?doing_wp_cron=1769805686.4921479225158691406250 HTTP/1.1" 200 31 "-" "WordPress/6.9; http://cqqizhou.com"
193.142.147.209 - - [31/Jan/2026:04:41:26 +0800] "POST / HTTP/1.1" 200 34722 "-" "Mozilla/5.0 (Windows NT 10.0; Win64; x64) AppleWebKit/537.36"
36.133.115.36 - - [31/Jan/2026:04:45:28 +0800] "POST /wp-cron.php?doing_wp_cron=1769805928.8043758869171142578125 HTTP/1.1" 200 31 "-" "WordPress/6.9; http://cqqizhou.com"
124.156.226.179 - - [31/Jan/2026:04:45:28 +0800] "GET /about/ HTTP/1.1" 200 24103 "-" "Mozilla/5.0 (iPhone; CPU iPhone OS 13_2_3 like Mac OS X) AppleWebKit/605.1.15 (KHTML, like Gecko) Version/13.0.3 Mobile/15E148 Safari/604.1"
36.133.115.36 - - [31/Jan/2026:04:55:56 +0800] "POST /wp-cron.php?doing_wp_cron=1769806556.2342429161071777343750 HTTP/1.1" 200 31 "-" "WordPress/6.9; http://cqqizhou.com"
43.128.156.124 - - [31/Jan/2026:04:55:56 +0800] "GET /wp-json/ HTTP/1.1" 200 19895 "-" "Mozilla/5.0 (iPhone; CPU iPhone OS 13_2_3 like Mac OS X) AppleWebKit/605.1.15 (KHTML, like Gecko) Version/13.0.3 Mobile/15E148 Safari/604.1"
43.157.191.20 - - [31/Jan/2026:05:06:53 +0800] "GET /wp-content/plugins/ HTTP/1.1" 200 31 "-" "Mozilla/5.0 (iPhone; CPU iPhone OS 13_2_3 like Mac OS X) AppleWebKit/605.1.15 (KHTML, like Gecko) Version/13.0.3 Mobile/15E148 Safari/604.1"
36.133.115.36 - - [31/Jan/2026:05:13:24 +0800] "POST /wp-cron.php?doing_wp_cron=1769807604.7018170356750488281250 HTTP/1.1" 200 31 "-" "WordPress/6.9; http://cqqizhou.com"
204.76.203.69 - - [31/Jan/2026:05:13:25 +0800] "GET / HTTP/1.1" 200 157321 "-" "-"
36.133.115.36 - - [31/Jan/2026:05:15:49 +0800] "POST /wp-cron.php?doing_wp_cron=1769807749.8128240108489990234375 HTTP/1.1" 200 31 "-" "WordPress/6.9; http://cqqizhou.com"
124.156.226.179 - - [31/Jan/2026:05:15:49 +0800] "GET / HTTP/1.1" 200 34722 "-" "Mozilla/5.0 (iPhone; CPU iPhone OS 13_2_3 like Mac OS X) AppleWebKit/605.1.15 (KHTML, like Gecko) Version/13.0.3 Mobile/15E148 Safari/604.1"
36.133.115.36 - - [31/Jan/2026:05:17:14 +0800] "POST /wp-cron.php?doing_wp_cron=1769807834.4023549556732177734375 HTTP/1.1" 200 31 "-" "WordPress/6.9; http://cqqizhou.com"
204.76.203.219 - - [31/Jan/2026:05:17:14 +0800] "GET / HTTP/1.1" 200 34722 "-" "Mozilla/5.0 (Windows NT 10.0; Win64; x64) AppleWebKit/537.36 (KHTML, like Gecko) Chrome/90.0.4430.85 Safari/537.36 Edg/90.0.818.46"
36.133.115.36 - - [31/Jan/2026:05:26:17 +0800] "POST /wp-cron.php?doing_wp_cron=1769808377.0224049091339111328125 HTTP/1.1" 200 31 "-" "WordPress/6.9; http://cqqizhou.com"
43.130.3.122 - - [31/Jan/2026:05:26:17 +0800] "GET /wp-content/uploads/2026/01/1767691467-Article_images_W900 HTTP/1.1" 404 8951 "-" "Mozilla/5.0 (iPhone; CPU iPhone OS 13_2_3 like Mac OS X) AppleWebKit/605.1.15 (KHTML, like Gecko) Version/13.0.3 Mobile/15E148 Safari/604.1"
36.133.115.36 - - [31/Jan/2026:05:28:00 +0800] "POST /wp-cron.php?doing_wp_cron=1769808480.4407389163970947265625 HTTP/1.1" 200 31 "-" "WordPress/6.9; http://cqqizhou.com"
5.61.209.92 - - [31/Jan/2026:05:28:00 +0800] "GET /SDK/webLanguage HTTP/1.1" 301 5 "-" "Mozilla/5.0 (Windows NT 10.0; Win64; x64) AppleWebKit/537.36 (KHTML, like Gecko) Chrome/90.0.4430.85 Safari/537.36 Edg/90.0.818.46"
36.133.115.36 - - [31/Jan/2026:05:30:34 +0800] "POST /wp-cron.php?doing_wp_cron=1769808634.6013009548187255859375 HTTP/1.1" 200 31 "-" "WordPress/6.9; http://cqqizhou.com"
120.27.151.46 - - [31/Jan/2026:05:30:34 +0800] "GET / HTTP/1.1" 301 5 "-" "Mozilla/5.0 (Windows NT 10.0; Win64; x64) AppleWebKit/537.36 (KHTML, like Gecko) Chrome/59.0.3071.115 Safari/537.36"
124.156.225.181 - - [31/Jan/2026:05:35:06 +0800] "GET /wp-content/uploads/2025/07/1750649179-qizhou1920x1080_1.webp HTTP/1.1" 200 172154 "-" "Mozilla/5.0 (iPhone; CPU iPhone OS 13_2_3 like Mac OS X) AppleWebKit/605.1.15 (KHTML, like Gecko) Version/13.0.3 Mobile/15E148 Safari/604.1"
36.133.115.36 - - [31/Jan/2026:05:47:02 +0800] "POST /wp-cron.php?doing_wp_cron=1769809622.3565390110015869140625 HTTP/1.1" 200 31 "-" "WordPress/6.9; http://cqqizhou.com"
43.133.187.11 - - [31/Jan/2026:05:47:02 +0800] "GET / HTTP/1.1" 301 5 "-" "Mozilla/5.0 (iPhone; CPU iPhone OS 13_2_3 like Mac OS X) AppleWebKit/605.1.15 (KHTML, like Gecko) Version/13.0.3 Mobile/15E148 Safari/604.1"
43.133.187.11 - - [31/Jan/2026:05:47:03 +0800] "GET / HTTP/1.1" 200 34721 "http://www.cqqizhou.com" "Mozilla/5.0 (iPhone; CPU iPhone OS 13_2_3 like Mac OS X) AppleWebKit/605.1.15 (KHTML, like Gecko) Version/13.0.3 Mobile/15E148 Safari/604.1"
43.164.197.177 - - [31/Jan/2026:05:47:38 +0800] "GET /wp-content/uploads/2025/07/1750649189-qizhou1920x1080_4.webp HTTP/1.1" 200 83308 "-" "Mozilla/5.0 (iPhone; CPU iPhone OS 13_2_3 like Mac OS X) AppleWebKit/605.1.15 (KHTML, like Gecko) Version/13.0.3 Mobile/15E148 Safari/604.1"
121.41.168.253 - - [31/Jan/2026:06:00:39 +0800] "GET / HTTP/1.1" 200 35164 "-" "Mozilla/5.0 (Windows NT 10.0; Win64; x64) AppleWebKit/537.36 (KHTML, like Gecko) Chrome/59.0.3071.115 Safari/537.36"
36.133.115.36 - - [31/Jan/2026:06:07:37 +0800] "POST /wp-cron.php?doing_wp_cron=1769810857.6889140605926513671875 HTTP/1.1" 200 31 "-" "WordPress/6.9; http://cqqizhou.com"
204.76.203.219 - - [31/Jan/2026:06:07:37 +0800] "GET / HTTP/1.1" 200 34721 "-" "Mozilla/5.0 (Windows NT 10.0; Win64; x64) AppleWebKit/537.36 (KHTML, like Gecko) Chrome/90.0.4430.85 Safari/537.36 Edg/90.0.818.46"
36.133.115.36 - - [31/Jan/2026:06:09:26 +0800] "POST /wp-cron.php?doing_wp_cron=1769810966.8147559165954589843750 HTTP/1.1" 200 31 "-" "WordPress/6.9; http://cqqizhou.com"
176.65.149.17 - - [31/Jan/2026:06:09:26 +0800] "GET /.env.development HTTP/1.1" 404 8950 "-" "Mozilla/5.0 (compatible; Googlebot/2.1; +http://www.google.com/bot.html)"
36.133.115.36 - - [31/Jan/2026:06:10:48 +0800] "POST /wp-cron.php?doing_wp_cron=1769811048.6229619979858398437500 HTTP/1.1" 200 31 "-" "WordPress/6.9; http://cqqizhou.com"
43.153.85.46 - - [31/Jan/2026:06:10:48 +0800] "GET /portfolio-category/dual-phase-steel/ HTTP/1.1" 404 8950 "-" "Mozilla/5.0 (iPhone; CPU iPhone OS 13_2_3 like Mac OS X) AppleWebKit/605.1.15 (KHTML, like Gecko) Version/13.0.3 Mobile/15E148 Safari/604.1"
52.167.144.170 - - [31/Jan/2026:06:12:10 +0800] "GET /wp-content/uploads/2025/07/1750671806-partner5_200x50.webp HTTP/1.1" 200 2840 "-" "Mozilla/5.0 AppleWebKit/537.36 (KHTML, like Gecko; compatible; bingbot/2.0; +http://www.bing.com/bingbot.htm) Chrome/116.0.1938.76 Safari/537.36"
14.224.145.62 - - [31/Jan/2026:06:16:05 +0800] "GET /2214/ HTTP/1.1" 200 25753 "-" "Mozilla/5.0 (Windows NT 10.0; Win64; x64) AppleWebKit/537.36 (KHTML, like Gecko) Chrome/107.0.0.0 Safari/537.36"
36.133.115.36 - - [31/Jan/2026:06:16:17 +0800] "POST /wp-cron.php?doing_wp_cron=1769811377.6480910778045654296875 HTTP/1.1" 200 31 "-" "WordPress/6.9; http://cqqizhou.com"
51.38.227.70 - - [31/Jan/2026:06:16:17 +0800] "POST /xmlrpc.php HTTP/1.1" 200 217 "-" "Mozilla/5.0 (Windows NT 10.0; Win64; x64; rv:140.0) Gecko/20100101 Firefox/140.0"
36.133.115.36 - - [31/Jan/2026:06:21:00 +0800] "POST /wp-cron.php?doing_wp_cron=1769811660.0274438858032226562500 HTTP/1.1" 200 31 "-" "WordPress/6.9; http://cqqizhou.com"
66.249.74.136 - - [31/Jan/2026:06:21:00 +0800] "GET /portfolio/duplex-stainless-steel/ HTTP/1.1" 404 8949 "-" "Mozilla/5.0 (Linux; Android 6.0.1; Nexus 5X Build/MMB29P) AppleWebKit/537.36 (KHTML, like Gecko) Chrome/143.0.7499.192 Mobile Safari/537.36 (compatible; Googlebot/2.1; +http://www.google.com/bot.html)"
36.133.115.36 - - [31/Jan/2026:06:22:10 +0800] "POST /wp-cron.php?doing_wp_cron=1769811729.9903368949890136718750 HTTP/1.1" 200 31 "-" "WordPress/6.9; http://cqqizhou.com"
43.131.36.84 - - [31/Jan/2026:06:22:10 +0800] "GET /wp-content/uploads/2025/07/1753456723- HTTP/1.1" 404 8951 "-" "Mozilla/5.0 (iPhone; CPU iPhone OS 13_2_3 like Mac OS X) AppleWebKit/605.1.15 (KHTML, like Gecko) Version/13.0.3 Mobile/15E148 Safari/604.1"
36.133.115.36 - - [31/Jan/2026:06:30:24 +0800] "POST /wp-cron.php?doing_wp_cron=1769812224.9530920982360839843750 HTTP/1.1" 200 31 "-" "WordPress/6.9; http://cqqizhou.com"
124.156.157.91 - - [31/Jan/2026:06:30:24 +0800] "GET /media/ HTTP/1.1" 200 25017 "-" "Mozilla/5.0 (iPhone; CPU iPhone OS 13_2_3 like Mac OS X) AppleWebKit/605.1.15 (KHTML, like Gecko) Version/13.0.3 Mobile/15E148 Safari/604.1"
36.133.115.36 - - [31/Jan/2026:06:41:59 +0800] "POST /wp-cron.php?doing_wp_cron=1769812919.1529669761657714843750 HTTP/1.1" 200 31 "-" "WordPress/6.9; http://cqqizhou.com"
43.135.144.126 - - [31/Jan/2026:06:41:59 +0800] "GET /portfolio/%e5%86%b7%e8%bd%a7%e6%9d%bf/ HTTP/1.1" 404 8951 "-" "Mozilla/5.0 (iPhone; CPU iPhone OS 13_2_3 like Mac OS X) AppleWebKit/605.1.15 (KHTML, like Gecko) Version/13.0.3 Mobile/15E148 Safari/604.1"
207.46.13.150 - - [31/Jan/2026:06:45:27 +0800] "GET /wp-content/uploads/2025/07/1751829454-Smart-warehousing800x500.webp HTTP/1.1" 200 79504 "-" "Mozilla/5.0 AppleWebKit/537.36 (KHTML, like Gecko; compatible; bingbot/2.0; +http://www.bing.com/bingbot.htm) Chrome/116.0.1938.76 Safari/537.36"
49.51.52.250 - - [31/Jan/2026:06:51:39 +0800] "GET /material.html HTTP/1.1" 200 6459 "-" "Mozilla/5.0 (iPhone; CPU iPhone OS 13_2_3 like Mac OS X) AppleWebKit/605.1.15 (KHTML, like Gecko) Version/13.0.3 Mobile/15E148 Safari/604.1"
36.133.115.36 - - [31/Jan/2026:06:56:08 +0800] "POST /wp-cron.php?doing_wp_cron=1769813768.3737859725952148437500 HTTP/1.1" 200 31 "-" "WordPress/6.9; http://cqqizhou.com"
193.142.147.209 - - [31/Jan/2026:06:56:08 +0800] "POST / HTTP/1.1" 200 34722 "-" "Mozilla/5.0 (Windows NT 10.0; Win64; x64) AppleWebKit/537.36"
36.133.115.36 - - [31/Jan/2026:07:03:56 +0800] "POST /wp-cron.php?doing_wp_cron=1769814236.7893199920654296875000 HTTP/1.1" 200 31 "-" "WordPress/6.9; http://cqqizhou.com"
43.153.123.3 - - [31/Jan/2026:07:03:56 +0800] "GET /wp-admin/admin-ajax.php HTTP/1.1" 400 11 "-" "Mozilla/5.0 (iPhone; CPU iPhone OS 13_2_3 like Mac OS X) AppleWebKit/605.1.15 (KHTML, like Gecko) Version/13.0.3 Mobile/15E148 Safari/604.1"
36.133.115.36 - - [31/Jan/2026:07:04:26 +0800] "POST /wp-cron.php?doing_wp_cron=1769814266.2561988830566406250000 HTTP/1.1" 200 31 "-" "WordPress/6.9; http://cqqizhou.com"
204.76.203.219 - - [31/Jan/2026:07:04:26 +0800] "GET / HTTP/1.1" 200 34721 "-" "Mozilla/5.0 (Windows NT 10.0; Win64; x64) AppleWebKit/537.36 (KHTML, like Gecko) Chrome/90.0.4430.85 Safari/537.36 Edg/90.0.818.46"
124.156.157.91 - - [31/Jan/2026:07:09:53 +0800] "GET /wp-content/plugins/revslider/ HTTP/1.1" 200 31 "-" "Mozilla/5.0 (iPhone; CPU iPhone OS 13_2_3 like Mac OS X) AppleWebKit/605.1.15 (KHTML, like Gecko) Version/13.0.3 Mobile/15E148 Safari/604.1"
36.133.115.36 - - [31/Jan/2026:07:10:44 +0800] "POST /wp-cron.php?doing_wp_cron=1769814644.8765060901641845703125 HTTP/1.1" 200 31 "-" "WordPress/6.9; http://cqqizhou.com"
217.216.82.108 - - [31/Jan/2026:07:10:44 +0800] "POST /hello.world?%ADd+allow_url_include%3d1+%ADd+auto_prepend_file%3dphp://input HTTP/1.1" 404 31367 "-" "libredtail-http"
217.216.82.108 - - [31/Jan/2026:07:10:46 +0800] "POST /?%ADd+allow_url_include%3d1+%ADd+auto_prepend_file%3dphp://input HTTP/1.1" 200 157321 "-" "libredtail-http"
217.216.82.108 - - [31/Jan/2026:07:10:47 +0800] "GET /vendor/phpunit/phpunit/src/Util/PHP/eval-stdin.php HTTP/1.1" 404 27 "-" "libredtail-http"
217.216.82.108 - - [31/Jan/2026:07:10:48 +0800] "GET /vendor/phpunit/phpunit/Util/PHP/eval-stdin.php HTTP/1.1" 404 27 "-" "libredtail-http"
217.216.82.108 - - [31/Jan/2026:07:10:48 +0800] "GET /vendor/phpunit/src/Util/PHP/eval-stdin.php HTTP/1.1" 404 27 "-" "libredtail-http"
217.216.82.108 - - [31/Jan/2026:07:10:49 +0800] "GET /vendor/phpunit/Util/PHP/eval-stdin.php HTTP/1.1" 404 27 "-" "libredtail-http"
217.216.82.108 - - [31/Jan/2026:07:10:49 +0800] "GET /vendor/phpunit/phpunit/LICENSE/eval-stdin.php HTTP/1.1" 404 27 "-" "libredtail-http"
217.216.82.108 - - [31/Jan/2026:07:10:49 +0800] "GET /vendor/vendor/phpunit/phpunit/src/Util/PHP/eval-stdin.php HTTP/1.1" 404 27 "-" "libredtail-http"
217.216.82.108 - - [31/Jan/2026:07:10:50 +0800] "GET /phpunit/phpunit/src/Util/PHP/eval-stdin.php HTTP/1.1" 404 27 "-" "libredtail-http"
217.216.82.108 - - [31/Jan/2026:07:10:50 +0800] "GET /phpunit/phpunit/Util/PHP/eval-stdin.php HTTP/1.1" 404 27 "-" "libredtail-http"
217.216.82.108 - - [31/Jan/2026:07:10:50 +0800] "GET /phpunit/src/Util/PHP/eval-stdin.php HTTP/1.1" 404 27 "-" "libredtail-http"
217.216.82.108 - - [31/Jan/2026:07:10:51 +0800] "GET /phpunit/Util/PHP/eval-stdin.php HTTP/1.1" 404 27 "-" "libredtail-http"
217.216.82.108 - - [31/Jan/2026:07:10:51 +0800] "GET /lib/phpunit/phpunit/src/Util/PHP/eval-stdin.php HTTP/1.1" 404 27 "-" "libredtail-http"
217.216.82.108 - - [31/Jan/2026:07:10:51 +0800] "GET /lib/phpunit/phpunit/Util/PHP/eval-stdin.php HTTP/1.1" 404 27 "-" "libredtail-http"
217.216.82.108 - - [31/Jan/2026:07:10:52 +0800] "GET /lib/phpunit/src/Util/PHP/eval-stdin.php HTTP/1.1" 404 27 "-" "libredtail-http"
217.216.82.108 - - [31/Jan/2026:07:10:52 +0800] "GET /lib/phpunit/Util/PHP/eval-stdin.php HTTP/1.1" 404 27 "-" "libredtail-http"
217.216.82.108 - - [31/Jan/2026:07:10:53 +0800] "GET /lib/vendor/phpunit/phpunit/src/Util/PHP/eval-stdin.php HTTP/1.1" 404 27 "-" "libredtail-http"
217.216.82.108 - - [31/Jan/2026:07:10:53 +0800] "GET /laravel/vendor/phpunit/phpunit/src/Util/PHP/eval-stdin.php HTTP/1.1" 404 27 "-" "libredtail-http"
217.216.82.108 - - [31/Jan/2026:07:10:53 +0800] "GET /www/vendor/phpunit/phpunit/src/Util/PHP/eval-stdin.php HTTP/1.1" 404 27 "-" "libredtail-http"
217.216.82.108 - - [31/Jan/2026:07:10:54 +0800] "GET /ws/vendor/phpunit/phpunit/src/Util/PHP/eval-stdin.php HTTP/1.1" 404 27 "-" "libredtail-http"
217.216.82.108 - - [31/Jan/2026:07:10:54 +0800] "GET /yii/vendor/phpunit/phpunit/src/Util/PHP/eval-stdin.php HTTP/1.1" 404 27 "-" "libredtail-http"
217.216.82.108 - - [31/Jan/2026:07:10:54 +0800] "GET /zend/vendor/phpunit/phpunit/src/Util/PHP/eval-stdin.php HTTP/1.1" 404 27 "-" "libredtail-http"
217.216.82.108 - - [31/Jan/2026:07:10:55 +0800] "GET /ws/ec/vendor/phpunit/phpunit/src/Util/PHP/eval-stdin.php HTTP/1.1" 404 27 "-" "libredtail-http"
217.216.82.108 - - [31/Jan/2026:07:10:55 +0800] "GET /V2/vendor/phpunit/phpunit/src/Util/PHP/eval-stdin.php HTTP/1.1" 404 27 "-" "libredtail-http"
217.216.82.108 - - [31/Jan/2026:07:10:55 +0800] "GET /tests/vendor/phpunit/phpunit/src/Util/PHP/eval-stdin.php HTTP/1.1" 404 27 "-" "libredtail-http"
217.216.82.108 - - [31/Jan/2026:07:10:56 +0800] "GET /test/vendor/phpunit/phpunit/src/Util/PHP/eval-stdin.php HTTP/1.1" 404 27 "-" "libredtail-http"
217.216.82.108 - - [31/Jan/2026:07:10:56 +0800] "GET /testing/vendor/phpunit/phpunit/src/Util/PHP/eval-stdin.php HTTP/1.1" 404 27 "-" "libredtail-http"
217.216.82.108 - - [31/Jan/2026:07:10:57 +0800] "GET /api/vendor/phpunit/phpunit/src/Util/PHP/eval-stdin.php HTTP/1.1" 404 27 "-" "libredtail-http"
217.216.82.108 - - [31/Jan/2026:07:10:57 +0800] "GET /demo/vendor/phpunit/phpunit/src/Util/PHP/eval-stdin.php HTTP/1.1" 404 27 "-" "libredtail-http"
217.216.82.108 - - [31/Jan/2026:07:10:57 +0800] "GET /cms/vendor/phpunit/phpunit/src/Util/PHP/eval-stdin.php HTTP/1.1" 404 27 "-" "libredtail-http"
217.216.82.108 - - [31/Jan/2026:07:10:58 +0800] "GET /crm/vendor/phpunit/phpunit/src/Util/PHP/eval-stdin.php HTTP/1.1" 404 27 "-" "libredtail-http"
217.216.82.108 - - [31/Jan/2026:07:10:58 +0800] "GET /admin/vendor/phpunit/phpunit/src/Util/PHP/eval-stdin.php HTTP/1.1" 404 27 "-" "libredtail-http"
217.216.82.108 - - [31/Jan/2026:07:10:59 +0800] "GET /backup/vendor/phpunit/phpunit/src/Util/PHP/eval-stdin.php HTTP/1.1" 404 27 "-" "libredtail-http"
217.216.82.108 - - [31/Jan/2026:07:10:59 +0800] "GET /blog/vendor/phpunit/phpunit/src/Util/PHP/eval-stdin.php HTTP/1.1" 404 27 "-" "libredtail-http"
217.216.82.108 - - [31/Jan/2026:07:10:59 +0800] "GET /workspace/drupal/vendor/phpunit/phpunit/src/Util/PHP/eval-stdin.php HTTP/1.1" 404 27 "-" "libredtail-http"
217.216.82.108 - - [31/Jan/2026:07:10:59 +0800] "GET /panel/vendor/phpunit/phpunit/src/Util/PHP/eval-stdin.php HTTP/1.1" 404 27 "-" "libredtail-http"
217.216.82.108 - - [31/Jan/2026:07:11:00 +0800] "GET /public/vendor/phpunit/phpunit/src/Util/PHP/eval-stdin.php HTTP/1.1" 404 27 "-" "libredtail-http"
217.216.82.108 - - [31/Jan/2026:07:11:00 +0800] "GET /apps/vendor/phpunit/phpunit/src/Util/PHP/eval-stdin.php HTTP/1.1" 404 27 "-" "libredtail-http"
217.216.82.108 - - [31/Jan/2026:07:11:00 +0800] "GET /app/vendor/phpunit/phpunit/src/Util/PHP/eval-stdin.php HTTP/1.1" 404 27 "-" "libredtail-http"
217.216.82.108 - - [31/Jan/2026:07:11:01 +0800] "GET /index.php?s=/index/\x5Cthink\x5Capp/invokefunction&function=call_user_func_array&vars[0]=md5&vars[1][]=Hello HTTP/1.1" 200 65613 "-" "libredtail-http"
217.216.82.108 - - [31/Jan/2026:07:11:02 +0800] "GET /public/index.php?s=/index/\x5Cthink\x5Capp/invokefunction&function=call_user_func_array&vars[0]=md5&vars[1][]=Hello HTTP/1.1" 404 27 "-" "libredtail-http"
217.216.82.108 - - [31/Jan/2026:07:11:04 +0800] "GET /index.php?lang=../../../../../../../../usr/local/lib/php/pearcmd&+config-create+/&/<?echo(md5(\x22hi\x22));?>+/tmp/index1.php HTTP/1.1" 200 157321 "-" "libredtail-http"
217.216.82.108 - - [31/Jan/2026:07:11:06 +0800] "GET /index.php?lang=../../../../../../../../tmp/index1 HTTP/1.1" 200 157321 "-" "libredtail-http"
217.216.82.108 - - [31/Jan/2026:07:11:07 +0800] "GET /containers/json HTTP/1.1" 301 5 "-" "libredtail-http"
36.133.115.36 - - [31/Jan/2026:07:11:09 +0800] "POST /wp-cron.php?doing_wp_cron=1769814669.0675549507141113281250 HTTP/1.1" 200 31 "-" "WordPress/6.9; http://cqqizhou.com"
217.216.82.108 - - [31/Jan/2026:07:11:09 +0800] "GET /containers/json HTTP/1.1" 301 5 "-" "libredtail-http"
92.255.85.77 - - [31/Jan/2026:07:13:51 +0800] "GET / HTTP/1.0" 200 158958 "http://cqqizhou.com/" "Mozilla/5.0 (Windows NT 10.0; Win64; x64) AppleWebKit/537.36 (KHTML, like Gecko) Chrome/131.0.0.0 Safari/537.36"
92.255.85.77 - - [31/Jan/2026:07:13:52 +0800] "GET /contacts/ HTTP/1.0" 200 76844 "http://cqqizhou.com/contacts/" "Mozilla/5.0 (Windows NT 10.0; Win64; x64) AppleWebKit/537.36 (KHTML, like Gecko) Chrome/131.0.0.0 Safari/537.36"
36.133.115.36 - - [31/Jan/2026:07:13:54 +0800] "POST /wp-cron.php?doing_wp_cron=1769814834.2403640747070312500000 HTTP/1.1" 200 31 "-" "WordPress/6.9; http://cqqizhou.com"
92.255.85.77 - - [31/Jan/2026:07:13:55 +0800] "POST /contacts/ HTTP/1.0" 200 69473 "http://cqqizhou.com/contacts/" "Mozilla/5.0 (Windows NT 10.0; Win64; x64) AppleWebKit/537.36 (KHTML, like Gecko) Chrome/131.0.0.0 Safari/537.36"
123.57.13.121 - - [31/Jan/2026:07:15:37 +0800] "GET / HTTP/1.1" 200 35164 "-" "Mozilla/5.0 (Windows NT 10.0; Win64; x64) AppleWebKit/537.36 (KHTML, like Gecko) Chrome/104.0.0.0 Safari/537.36"
36.133.115.36 - - [31/Jan/2026:07:21:42 +0800] "POST /wp-cron.php?doing_wp_cron=1769815302.0063929557800292968750 HTTP/1.1" 200 31 "-" "WordPress/6.9; http://cqqizhou.com"
164.52.24.178 - - [31/Jan/2026:07:21:42 +0800] "GET / HTTP/1.1" 301 5 "-" "Mozilla/5.0 (Windows NT 10.0; Win64; x64) AppleWebKit/537.36 (KHTML, like Gecko) Chrome/143.0.0.0 Safari/537.36"
164.52.24.178 - - [31/Jan/2026:07:21:56 +0800] "GET / HTTP/1.1" 200 158980 "-" "Mozilla/5.0 (Windows NT 10.0; Win64; x64) AppleWebKit/537.36 (KHTML, like Gecko) Chrome/143.0.0.0 Safari/537.36"
36.133.115.36 - - [31/Jan/2026:07:22:20 +0800] "POST /wp-cron.php?doing_wp_cron=1769815340.4837090969085693359375 HTTP/1.1" 200 31 "-" "WordPress/6.9; http://cqqizhou.com"
43.157.168.43 - - [31/Jan/2026:07:22:20 +0800] "GET /wp-content/uploads/2025/07/1753410289-News2000 HTTP/1.1" 404 8949 "-" "Mozilla/5.0 (iPhone; CPU iPhone OS 13_2_3 like Mac OS X) AppleWebKit/605.1.15 (KHTML, like Gecko) Version/13.0.3 Mobile/15E148 Safari/604.1"
36.133.115.36 - - [31/Jan/2026:07:32:12 +0800] "POST /wp-cron.php?doing_wp_cron=1769815932.9044458866119384765625 HTTP/1.1" 200 31 "-" "WordPress/6.9; http://cqqizhou.com"
170.106.107.87 - - [31/Jan/2026:07:32:12 +0800] "GET /2418/ HTTP/1.1" 200 23297 "-" "Mozilla/5.0 (iPhone; CPU iPhone OS 13_2_3 like Mac OS X) AppleWebKit/605.1.15 (KHTML, like Gecko) Version/13.0.3 Mobile/15E148 Safari/604.1"
4.217.180.34 - - [31/Jan/2026:07:33:33 +0800] "GET /wp-content/plugins/hellopress/wp_filemanager.php HTTP/1.1" 404 27 "-" "-"
4.217.180.34 - - [31/Jan/2026:07:33:33 +0800] "GET /neshe.php HTTP/1.1" 404 27 "-" "-"
4.217.180.34 - - [31/Jan/2026:07:33:33 +0800] "GET /wp-site.php HTTP/1.1" 404 27 "-" "-"
4.217.180.34 - - [31/Jan/2026:07:33:33 +0800] "GET /environment.php HTTP/1.1" 404 27 "-" "-"
4.217.180.34 - - [31/Jan/2026:07:33:33 +0800] "GET /lala.php HTTP/1.1" 404 27 "-" "-"
4.217.180.34 - - [31/Jan/2026:07:33:33 +0800] "GET /menu.php HTTP/1.1" 404 27 "-" "-"
4.217.180.34 - - [31/Jan/2026:07:33:33 +0800] "GET /tmpls.php HTTP/1.1" 404 27 "-" "-"
4.217.180.34 - - [31/Jan/2026:07:33:33 +0800] "GET /wp-content/plugins/dummyyummy/wp-signup.php HTTP/1.1" 404 27 "-" "-"
4.217.180.34 - - [31/Jan/2026:07:33:34 +0800] "GET /item.php HTTP/1.1" 404 27 "-" "-"
4.217.180.34 - - [31/Jan/2026:07:33:34 +0800] "GET /test1.php HTTP/1.1" 404 27 "-" "-"
4.217.180.34 - - [31/Jan/2026:07:33:34 +0800] "GET /wp-themes.php HTTP/1.1" 404 27 "-" "-"
4.217.180.34 - - [31/Jan/2026:07:33:34 +0800] "GET /wp-includes/Text/about.php HTTP/1.1" 404 27 "-" "-"
4.217.180.34 - - [31/Jan/2026:07:33:34 +0800] "GET /indeex.php HTTP/1.1" 404 27 "-" "-"
4.217.180.34 - - [31/Jan/2026:07:33:34 +0800] "GET /wp-includes/fonts/index.php HTTP/1.1" 404 27 "-" "-"
4.217.180.34 - - [31/Jan/2026:07:33:34 +0800] "GET /503.php HTTP/1.1" 404 27 "-" "-"
4.217.180.34 - - [31/Jan/2026:07:33:34 +0800] "GET /html.php HTTP/1.1" 404 27 "-" "-"
4.217.180.34 - - [31/Jan/2026:07:33:34 +0800] "GET /custom-background.php HTTP/1.1" 404 27 "-" "-"
4.217.180.34 - - [31/Jan/2026:07:33:35 +0800] "GET /xmrlpc.php HTTP/1.1" 404 27 "-" "-"
4.217.180.34 - - [31/Jan/2026:07:33:35 +0800] "GET /img.php HTTP/1.1" 404 27 "-" "-"
4.217.180.34 - - [31/Jan/2026:07:33:35 +0800] "GET /css/radio.php HTTP/1.1" 404 27 "-" "-"
4.217.180.34 - - [31/Jan/2026:07:33:35 +0800] "GET //cwclass.php HTTP/1.1" 404 27 "-" "-"
4.217.180.34 - - [31/Jan/2026:07:33:35 +0800] "GET /0x.php HTTP/1.1" 404 27 "-" "-"
4.217.180.34 - - [31/Jan/2026:07:33:35 +0800] "GET /a2.php HTTP/1.1" 404 27 "-" "-"
36.133.115.36 - - [31/Jan/2026:07:33:35 +0800] "POST /wp-cron.php?doing_wp_cron=1769816015.7433300018310546875000 HTTP/1.1" 200 31 "-" "WordPress/6.9; http://cqqizhou.com"
89.42.231.200 - - [31/Jan/2026:07:33:35 +0800] "GET /SDK/webLanguage HTTP/1.1" 301 5 "-" "Mozilla/5.0 (Windows NT 10.0; Win64; x64) AppleWebKit/537.36 (KHTML, like Gecko) Chrome/90.0.4430.85 Safari/537.36 Edg/90.0.818.46"
4.217.180.34 - - [31/Jan/2026:07:33:35 +0800] "GET /m.php HTTP/1.1" 404 27 "-" "-"
4.217.180.34 - - [31/Jan/2026:07:33:35 +0800] "GET /oo.php HTTP/1.1" 404 27 "-" "-"
4.217.180.34 - - [31/Jan/2026:07:33:36 +0800] "GET /1.php HTTP/1.1" 404 27 "-" "-"
4.217.180.34 - - [31/Jan/2026:07:33:36 +0800] "GET /wp-admin/images/admin.php HTTP/1.1" 404 27 "-" "-"
4.217.180.34 - - [31/Jan/2026:07:33:36 +0800] "GET /az.php HTTP/1.1" 404 27 "-" "-"
4.217.180.34 - - [31/Jan/2026:07:33:36 +0800] "GET /x.php HTTP/1.1" 404 27 "-" "-"
4.217.180.34 - - [31/Jan/2026:07:33:36 +0800] "GET /gg.php HTTP/1.1" 404 27 "-" "-"
4.217.180.34 - - [31/Jan/2026:07:33:36 +0800] "GET /server.php HTTP/1.1" 404 27 "-" "-"
4.217.180.34 - - [31/Jan/2026:07:33:36 +0800] "GET /class19.php HTTP/1.1" 404 27 "-" "-"
4.217.180.34 - - [31/Jan/2026:07:33:36 +0800] "GET /yanz.php HTTP/1.1" 404 27 "-" "-"
4.217.180.34 - - [31/Jan/2026:07:33:37 +0800] "GET /wp-admin/js/index.php HTTP/1.1" 404 27 "-" "-"
4.217.180.34 - - [31/Jan/2026:07:33:37 +0800] "GET /wp-includes/images/wp-login.php HTTP/1.1" 404 27 "-" "-"
4.217.180.34 - - [31/Jan/2026:07:33:37 +0800] "GET /class.php HTTP/1.1" 404 27 "-" "-"
4.217.180.34 - - [31/Jan/2026:07:33:37 +0800] "GET /elp.php HTTP/1.1" 404 27 "-" "-"
4.217.180.34 - - [31/Jan/2026:07:33:37 +0800] "GET /sx.php HTTP/1.1" 404 27 "-" "-"
4.217.180.34 - - [31/Jan/2026:07:33:37 +0800] "GET /wp-admin/maint/index.php HTTP/1.1" 404 27 "-" "-"
4.217.180.34 - - [31/Jan/2026:07:33:37 +0800] "GET /dropdown.php HTTP/1.1" 404 27 "-" "-"
4.217.180.34 - - [31/Jan/2026:07:33:37 +0800] "GET /wp-admin/maint/admin.php HTTP/1.1" 404 27 "-" "-"
4.217.180.34 - - [31/Jan/2026:07:33:37 +0800] "GET /.well-known/index.php HTTP/1.1" 404 27 "-" "-"
4.217.180.34 - - [31/Jan/2026:07:33:38 +0800] "GET /priv.php HTTP/1.1" 404 27 "-" "-"
4.217.180.34 - - [31/Jan/2026:07:33:38 +0800] "GET /function.php HTTP/1.1" 404 27 "-" "-"
4.217.180.34 - - [31/Jan/2026:07:33:38 +0800] "GET /wp-includes/js/codemirror/index.php HTTP/1.1" 404 27 "-" "-"
4.217.180.34 - - [31/Jan/2026:07:33:39 +0800] "GET /wp-load.php HTTP/1.1" 200 5 "-" "-"
4.217.180.34 - - [31/Jan/2026:07:33:39 +0800] "GET /wsd.php HTTP/1.1" 404 27 "-" "-"
4.217.180.34 - - [31/Jan/2026:07:33:39 +0800] "GET /editor.php HTTP/1.1" 404 27 "-" "-"
