4.217.180.34 - - [31/Jan/2026:07:33:39 +0800] "GET /wp-content/index.php HTTP/1.1" 200 5 "-" "-"
4.217.180.34 - - [31/Jan/2026:07:33:39 +0800] "GET /wp-includes/SimplePie/wp-login.php HTTP/1.1" 404 27 "-" "-"
4.217.180.34 - - [31/Jan/2026:07:33:39 +0800] "GET /cong.php HTTP/1.1" 404 27 "-" "-"
4.217.180.34 - - [31/Jan/2026:07:33:39 +0800] "GET /wp-includes/assets/index.php HTTP/1.1" 404 27 "-" "-"
4.217.180.34 - - [31/Jan/2026:07:33:39 +0800] "GET /inputs.php HTTP/1.1" 404 27 "-" "-"
4.217.180.34 - - [31/Jan/2026:07:33:40 +0800] "GET /admin/index.php HTTP/1.1" 404 27 "-" "-"
4.217.180.34 - - [31/Jan/2026:07:33:40 +0800] "GET /wp-admin/js/wp-conflg.php HTTP/1.1" 404 27 "-" "-"
4.217.180.34 - - [31/Jan/2026:07:33:40 +0800] "GET /files.php HTTP/1.1" 404 27 "-" "-"
4.217.180.34 - - [31/Jan/2026:07:33:40 +0800] "GET /zwso.php HTTP/1.1" 404 27 "-" "-"
4.217.180.34 - - [31/Jan/2026:07:33:40 +0800] "GET /wp-admin/css/colors/blue/index.php HTTP/1.1" 404 27 "-" "-"
4.217.180.34 - - [31/Jan/2026:07:33:40 +0800] "GET /backup.php HTTP/1.1" 404 27 "-" "-"
4.217.180.34 - - [31/Jan/2026:07:33:40 +0800] "GET /wp-includes/block-patterns/index.php HTTP/1.1" 404 27 "-" "-"
4.217.180.34 - - [31/Jan/2026:07:33:40 +0800] "GET /06.php HTTP/1.1" 404 27 "-" "-"
4.217.180.34 - - [31/Jan/2026:07:33:41 +0800] "GET /size.php HTTP/1.1" 404 27 "-" "-"
4.217.180.34 - - [31/Jan/2026:07:33:41 +0800] "GET /vx.php HTTP/1.1" 404 27 "-" "-"
4.217.180.34 - - [31/Jan/2026:07:33:41 +0800] "GET /dev1s.php HTTP/1.1" 404 27 "-" "-"
4.217.180.34 - - [31/Jan/2026:07:33:41 +0800] "GET /zr.php HTTP/1.1" 404 27 "-" "-"
4.217.180.34 - - [31/Jan/2026:07:33:41 +0800] "GET /styles.php HTTP/1.1" 404 27 "-" "-"
4.217.180.34 - - [31/Jan/2026:07:33:41 +0800] "GET /file.php HTTP/1.1" 404 27 "-" "-"
4.217.180.34 - - [31/Jan/2026:07:33:41 +0800] "GET /revision.php HTTP/1.1" 404 27 "-" "-"
4.217.180.34 - - [31/Jan/2026:07:33:41 +0800] "GET /panel.php HTTP/1.1" 404 27 "-" "-"
4.217.180.34 - - [31/Jan/2026:07:33:41 +0800] "GET /wen.php HTTP/1.1" 404 27 "-" "-"
4.217.180.34 - - [31/Jan/2026:07:33:42 +0800] "GET /ioxi-o.php HTTP/1.1" 404 27 "-" "-"
4.217.180.34 - - [31/Jan/2026:07:33:42 +0800] "GET /gtc.php HTTP/1.1" 404 27 "-" "-"
4.217.180.34 - - [31/Jan/2026:07:33:42 +0800] "GET /mini.php HTTP/1.1" 404 27 "-" "-"
4.217.180.34 - - [31/Jan/2026:07:33:42 +0800] "GET /siteheads.php HTTP/1.1" 404 27 "-" "-"
4.217.180.34 - - [31/Jan/2026:07:33:42 +0800] "GET /okxh.php HTTP/1.1" 404 27 "-" "-"
4.217.180.34 - - [31/Jan/2026:07:33:42 +0800] "GET /content.php HTTP/1.1" 404 27 "-" "-"
4.217.180.34 - - [31/Jan/2026:07:33:42 +0800] "GET /wp-good.php HTTP/1.1" 404 27 "-" "-"
4.217.180.34 - - [31/Jan/2026:07:33:42 +0800] "GET /abcd.php HTTP/1.1" 404 27 "-" "-"
4.217.180.34 - - [31/Jan/2026:07:33:43 +0800] "GET /log.php HTTP/1.1" 404 27 "-" "-"
4.217.180.34 - - [31/Jan/2026:07:33:43 +0800] "GET /info.php HTTP/1.1" 200 29 "-" "-"
4.217.180.34 - - [31/Jan/2026:07:33:43 +0800] "GET /ar/mgsl.php HTTP/1.1" 404 27 "-" "-"
4.217.180.34 - - [31/Jan/2026:07:33:43 +0800] "GET /assets/as.php HTTP/1.1" 404 27 "-" "-"
4.217.180.34 - - [31/Jan/2026:07:33:43 +0800] "GET /12.php HTTP/1.1" 404 27 "-" "-"
4.217.180.34 - - [31/Jan/2026:07:33:44 +0800] "GET /yr.PHP HTTP/1.1" 404 31367 "-" "-"
4.217.180.34 - - [31/Jan/2026:07:33:44 +0800] "GET /dex.php HTTP/1.1" 404 27 "-" "-"
4.217.180.34 - - [31/Jan/2026:07:33:44 +0800] "GET /yas.php HTTP/1.1" 404 27 "-" "-"
4.217.180.34 - - [31/Jan/2026:07:33:44 +0800] "GET /up.php HTTP/1.1" 404 27 "-" "-"
4.217.180.34 - - [31/Jan/2026:07:33:45 +0800] "GET /ova.php HTTP/1.1" 404 27 "-" "-"
4.217.180.34 - - [31/Jan/2026:07:33:45 +0800] "GET /buy.php HTTP/1.1" 404 27 "-" "-"
4.217.180.34 - - [31/Jan/2026:07:33:45 +0800] "GET /wp-content/lock360.php HTTP/1.1" 404 27 "-" "-"
4.217.180.34 - - [31/Jan/2026:07:33:45 +0800] "GET /classwithtostring.php HTTP/1.1" 404 27 "-" "-"
4.217.180.34 - - [31/Jan/2026:07:33:45 +0800] "GET /acxx.php HTTP/1.1" 404 27 "-" "-"
4.217.180.34 - - [31/Jan/2026:07:33:45 +0800] "GET /includes/phpinfo.php HTTP/1.1" 404 27 "-" "-"
4.217.180.34 - - [31/Jan/2026:07:33:45 +0800] "GET /mk.php HTTP/1.1" 404 27 "-" "-"
4.217.180.34 - - [31/Jan/2026:07:33:45 +0800] "GET /zoo.php HTTP/1.1" 404 27 "-" "-"
4.217.180.34 - - [31/Jan/2026:07:33:45 +0800] "GET /33.php HTTP/1.1" 404 27 "-" "-"
4.217.180.34 - - [31/Jan/2026:07:33:46 +0800] "GET /js/sxx.php HTTP/1.1" 404 27 "-" "-"
4.217.180.34 - - [31/Jan/2026:07:33:46 +0800] "GET /mode.php HTTP/1.1" 404 27 "-" "-"
4.217.180.34 - - [31/Jan/2026:07:33:46 +0800] "GET /docs.php HTTP/1.1" 404 27 "-" "-"
4.217.180.34 - - [31/Jan/2026:07:33:46 +0800] "GET /abc.php HTTP/1.1" 404 27 "-" "-"
4.217.180.34 - - [31/Jan/2026:07:33:47 +0800] "GET /ioxi001.PhP7 HTTP/1.1" 404 31367 "-" "-"
4.217.180.34 - - [31/Jan/2026:07:33:47 +0800] "GET /wp-tot.php HTTP/1.1" 404 27 "-" "-"
4.217.180.34 - - [31/Jan/2026:07:33:47 +0800] "GET /mah/xBrain.php HTTP/1.1" 404 27 "-" "-"
4.217.180.34 - - [31/Jan/2026:07:33:47 +0800] "GET /ioxi.php HTTP/1.1" 404 27 "-" "-"
4.217.180.34 - - [31/Jan/2026:07:33:48 +0800] "GET /ans.php HTTP/1.1" 404 27 "-" "-"
4.217.180.34 - - [31/Jan/2026:07:33:48 +0800] "GET /ok.php HTTP/1.1" 404 27 "-" "-"
4.217.180.34 - - [31/Jan/2026:07:33:48 +0800] "GET /asasx.php HTTP/1.1" 404 27 "-" "-"
4.217.180.34 - - [31/Jan/2026:07:33:48 +0800] "GET /fileupload.php HTTP/1.1" 404 27 "-" "-"
4.217.180.34 - - [31/Jan/2026:07:33:48 +0800] "GET /ran.php HTTP/1.1" 404 27 "-" "-"
4.217.180.34 - - [31/Jan/2026:07:33:48 +0800] "GET /set.php HTTP/1.1" 404 27 "-" "-"
4.217.180.34 - - [31/Jan/2026:07:33:48 +0800] "GET /bs2.php HTTP/1.1" 404 27 "-" "-"
4.217.180.34 - - [31/Jan/2026:07:33:49 +0800] "GET /pegi.PhP8 HTTP/1.1" 404 31367 "-" "-"
4.217.180.34 - - [31/Jan/2026:07:33:49 +0800] "GET /gifclass.php HTTP/1.1" 404 27 "-" "-"
4.217.180.34 - - [31/Jan/2026:07:33:49 +0800] "GET /wp-admin/maint/about.php HTTP/1.1" 404 27 "-" "-"
4.217.180.34 - - [31/Jan/2026:07:33:50 +0800] "GET /manager.php HTTP/1.1" 404 27 "-" "-"
4.217.180.34 - - [31/Jan/2026:07:33:50 +0800] "GET /xx.php HTTP/1.1" 404 27 "-" "-"
4.217.180.34 - - [31/Jan/2026:07:33:50 +0800] "GET /about.php HTTP/1.1" 404 27 "-" "-"
4.217.180.34 - - [31/Jan/2026:07:33:50 +0800] "GET /zfile.php HTTP/1.1" 404 27 "-" "-"
4.217.180.34 - - [31/Jan/2026:07:33:50 +0800] "GET /ccou.php HTTP/1.1" 404 27 "-" "-"
4.217.180.34 - - [31/Jan/2026:07:33:50 +0800] "GET /as.php HTTP/1.1" 404 27 "-" "-"
4.217.180.34 - - [31/Jan/2026:07:33:50 +0800] "GET /autoload_classmap.php HTTP/1.1" 404 27 "-" "-"
4.217.180.34 - - [31/Jan/2026:07:33:50 +0800] "GET /.well-known/admin.php HTTP/1.1" 404 27 "-" "-"
4.217.180.34 - - [31/Jan/2026:07:33:51 +0800] "GET /ar.php HTTP/1.1" 404 27 "-" "-"
4.217.180.34 - - [31/Jan/2026:07:33:51 +0800] "GET /css/index.php HTTP/1.1" 404 27 "-" "-"
4.217.180.34 - - [31/Jan/2026:07:33:52 +0800] "GET /retu11.PhP7 HTTP/1.1" 404 31367 "-" "-"
36.133.115.36 - - [31/Jan/2026:07:36:00 +0800] "POST /wp-cron.php?doing_wp_cron=1769816159.9726779460906982421875 HTTP/1.1" 200 31 "-" "WordPress/6.9; http://cqqizhou.com"
66.249.74.134 - - [31/Jan/2026:07:36:00 +0800] "GET /2231/ HTTP/1.1" 200 19471 "-" "Mozilla/5.0 (Linux; Android 6.0.1; Nexus 5X Build/MMB29P) AppleWebKit/537.36 (KHTML, like Gecko) Chrome/143.0.7499.192 Mobile Safari/537.36 (compatible; Googlebot/2.1; +http://www.google.com/bot.html)"
36.133.115.36 - - [31/Jan/2026:07:59:19 +0800] "POST /wp-cron.php?doing_wp_cron=1769817559.1403319835662841796875 HTTP/1.1" 200 31 "-" "WordPress/6.9; http://cqqizhou.com"
204.76.203.219 - - [31/Jan/2026:07:59:19 +0800] "GET / HTTP/1.1" 200 34722 "-" "Mozilla/5.0 (Windows NT 10.0; Win64; x64) AppleWebKit/537.36 (KHTML, like Gecko) Chrome/90.0.4430.85 Safari/537.36 Edg/90.0.818.46"
36.133.115.36 - - [31/Jan/2026:08:03:55 +0800] "POST /wp-cron.php?doing_wp_cron=1769817835.8767170906066894531250 HTTP/1.1" 200 31 "-" "WordPress/6.9; http://cqqizhou.com"
58.50.205.180 - - [31/Jan/2026:08:03:55 +0800] "GET / HTTP/1.1" 301 5 "-" "Mozilla/5.0 (Windows NT 5.3; Win64; x64) AppleWebKit/537.36 (KHTML, like Gecko) Chrome/70.0.3939.88 Safari/537.36"
58.50.205.180 - - [31/Jan/2026:08:03:56 +0800] "GET / HTTP/1.1" 200 35164 "-" "Mozilla/5.0 (Windows NT 5.3; Win64; x64) AppleWebKit/537.36 (KHTML, like Gecko) Chrome/70.0.3939.88 Safari/537.36"
58.50.205.180 - - [31/Jan/2026:08:03:56 +0800] "GET /contacts/ HTTP/1.1" 200 21581 "-" "Mozilla/5.0 (Windows NT 7.7; Win64; x64) AppleWebKit/537.36 (KHTML, like Gecko) Chrome/70.0.2877.88 Safari/537.36"
36.133.115.36 - - [31/Jan/2026:08:04:37 +0800] "POST /wp-cron.php?doing_wp_cron=1769817877.5771620273590087890625 HTTP/1.1" 200 31 "-" "WordPress/6.9; http://cqqizhou.com"
134.209.145.63 - - [31/Jan/2026:08:04:37 +0800] "POST /xmlrpc.php HTTP/1.1" 200 217 "-" "Mozilla/5.0 (Windows NT 10.0) AppleWebKit/537.43 (KHTML, like Gecko) Chrome/140.0.0.0 Safari/537.36 OPR/124.0.0.0"
36.133.115.36 - - [31/Jan/2026:08:05:52 +0800] "POST /wp-cron.php?doing_wp_cron=1769817952.7581150531768798828125 HTTP/1.1" 200 31 "-" "WordPress/6.9; http://cqqizhou.com"
5.61.209.92 - - [31/Jan/2026:08:05:52 +0800] "GET /SDK/webLanguage HTTP/1.1" 301 5 "-" "Mozilla/5.0 (Windows NT 10.0; Win64; x64) AppleWebKit/537.36 (KHTML, like Gecko) Chrome/90.0.4430.85 Safari/537.36 Edg/90.0.818.46"
36.133.115.36 - - [31/Jan/2026:08:10:22 +0800] "POST /wp-cron.php?doing_wp_cron=1769818222.8758440017700195312500 HTTP/1.1" 200 31 "-" "WordPress/6.9; http://cqqizhou.com"
36.41.75.167 - - [31/Jan/2026:08:10:22 +0800] "GET / HTTP/1.1" 200 34723 "-" "Mozilla/5.0 (iPhone; CPU iPhone OS 13_2_3 like Mac OS X) AppleWebKit/605.1.15 (KHTML, like Gecko) Version/13.0.3 Mobile/15E148 Safari/604.1"
36.133.115.36 - - [31/Jan/2026:08:12:41 +0800] "POST /wp-cron.php?doing_wp_cron=1769818361.4143090248107910156250 HTTP/1.1" 200 31 "-" "WordPress/6.9; http://cqqizhou.com"
220.181.108.168 - - [31/Jan/2026:08:12:41 +0800] "GET /process/processing HTTP/1.1" 301 5 "-" "Mozilla/5.0 (compatible; Baiduspider/2.0; +http://www.baidu.com/search/spider.html)"
220.181.108.167 - - [31/Jan/2026:08:12:42 +0800] "GET /services/processing/ HTTP/1.1" 200 22963 "-" "Mozilla/5.0 (compatible; Baiduspider/2.0; +http://www.baidu.com/search/spider.html)"
207.46.13.54 - - [31/Jan/2026:08:12:58 +0800] "GET /2361/ HTTP/1.1" 200 24867 "-" "Mozilla/5.0 AppleWebKit/537.36 (KHTML, like Gecko; compatible; bingbot/2.0; +http://www.bing.com/bingbot.htm) Chrome/116.0.1938.76 Safari/537.36"
36.133.115.36 - - [31/Jan/2026:08:15:54 +0800] "POST /wp-cron.php?doing_wp_cron=1769818554.8313739299774169921875 HTTP/1.1" 200 31 "-" "WordPress/6.9; http://cqqizhou.com"
170.106.187.106 - - [31/Jan/2026:08:15:54 +0800] "GET /club/ HTTP/1.1" 200 11920 "-" "Mozilla/5.0 (iPhone; CPU iPhone OS 13_2_3 like Mac OS X) AppleWebKit/605.1.15 (KHTML, like Gecko) Version/13.0.3 Mobile/15E148 Safari/604.1"
36.133.115.36 - - [31/Jan/2026:08:20:44 +0800] "POST /wp-cron.php?doing_wp_cron=1769818844.1790409088134765625000 HTTP/1.1" 200 31 "-" "WordPress/6.9; http://cqqizhou.com"
124.156.157.91 - - [31/Jan/2026:08:20:44 +0800] "GET /2361/ HTTP/1.1" 200 20867 "-" "Mozilla/5.0 (iPhone; CPU iPhone OS 13_2_3 like Mac OS X) AppleWebKit/605.1.15 (KHTML, like Gecko) Version/13.0.3 Mobile/15E148 Safari/604.1"
43.135.130.202 - - [31/Jan/2026:08:29:31 +0800] "GET /wp-content/uploads/2025/12/1766064629-Article_images_20251218212623.webp HTTP/1.1" 200 20366 "-" "Mozilla/5.0 (iPhone; CPU iPhone OS 13_2_3 like Mac OS X) AppleWebKit/605.1.15 (KHTML, like Gecko) Version/13.0.3 Mobile/15E148 Safari/604.1"
36.133.115.36 - - [31/Jan/2026:08:49:16 +0800] "POST /wp-cron.php?doing_wp_cron=1769820556.1454429626464843750000 HTTP/1.1" 200 31 "-" "WordPress/6.9; http://cqqizhou.com"
162.142.125.222 - - [31/Jan/2026:08:49:16 +0800] "GET /robots.txt HTTP/1.1" 200 190 "-" "Mozilla/5.0 (compatible; CensysInspect/1.1; +https://about.censys.io/)"
162.142.125.222 - - [31/Jan/2026:08:49:19 +0800] "GET /cy3wy0lcyv61b51p HTTP/1.1" 404 8951 "-" "Mozilla/5.0 (compatible; CensysInspect/1.1; +https://about.censys.io/)"
36.133.115.36 - - [31/Jan/2026:08:51:00 +0800] "POST /wp-cron.php?doing_wp_cron=1769820660.5377669334411621093750 HTTP/1.1" 200 31 "-" "WordPress/6.9; http://cqqizhou.com"
66.249.74.134 - - [31/Jan/2026:08:51:00 +0800] "GET /services HTTP/1.1" 301 5 "-" "Mozilla/5.0 (Linux; Android 6.0.1; Nexus 5X Build/MMB29P) AppleWebKit/537.36 (KHTML, like Gecko) Chrome/143.0.7499.192 Mobile Safari/537.36 (compatible; Googlebot/2.1; +http://www.google.com/bot.html)"
66.249.74.135 - - [31/Jan/2026:08:51:01 +0800] "GET /services/ HTTP/1.1" 200 25828 "-" "Mozilla/5.0 (Linux; Android 6.0.1; Nexus 5X Build/MMB29P) AppleWebKit/537.36 (KHTML, like Gecko) Chrome/143.0.7499.192 Mobile Safari/537.36 (compatible; Googlebot/2.1; +http://www.google.com/bot.html)"
36.133.115.36 - - [31/Jan/2026:08:51:14 +0800] "POST /wp-cron.php?doing_wp_cron=1769820674.7491350173950195312500 HTTP/1.1" 200 31 "-" "WordPress/6.9; http://cqqizhou.com"
204.76.203.219 - - [31/Jan/2026:08:51:14 +0800] "GET / HTTP/1.1" 200 34724 "-" "Mozilla/5.0 (Windows NT 10.0; Win64; x64) AppleWebKit/537.36 (KHTML, like Gecko) Chrome/90.0.4430.85 Safari/537.36 Edg/90.0.818.46"
36.133.115.36 - - [31/Jan/2026:08:58:12 +0800] "POST /wp-cron.php?doing_wp_cron=1769821092.2957410812377929687500 HTTP/1.1" 200 31 "-" "WordPress/6.9; http://cqqizhou.com"
165.22.74.47 - - [31/Jan/2026:08:58:12 +0800] "GET /.env HTTP/1.1" 404 8951 "-" "Mozilla/5.0; Keydrop.io/1.0(onlyscans.com/about);"
165.22.74.47 - - [31/Jan/2026:08:58:13 +0800] "GET /.git/config HTTP/1.1" 404 8951 "-" "Mozilla/5.0; Keydrop.io/1.0(onlyscans.com/about);"
14.108.234.163 - - [31/Jan/2026:09:15:04 +0800] "GET /2162/ HTTP/1.1" 200 25060 "http://cqqizhou.com/news/page/2/" "Mozilla/5.0 (Windows NT 10.0; Win64; x64) AppleWebKit/537.36 (KHTML, like Gecko) Chrome/143.0.0.0 Safari/537.36 Edg/143.0.0.0"
14.108.234.163 - - [31/Jan/2026:09:15:06 +0800] "GET /wp-content/uploads/2025/07/1753454089-Article_images_W900px.webp HTTP/1.1" 200 27552 "http://cqqizhou.com/2162/" "Mozilla/5.0 (Windows NT 10.0; Win64; x64) AppleWebKit/537.36 (KHTML, like Gecko) Chrome/143.0.0.0 Safari/537.36 Edg/143.0.0.0"
14.108.234.163 - - [31/Jan/2026:09:15:06 +0800] "GET /wp-content/uploads/2025/07/1751425283-qizhou.kf_.qq_.com_.webp HTTP/1.1" 200 16864 "http://cqqizhou.com/2162/" "Mozilla/5.0 (Windows NT 10.0; Win64; x64) AppleWebKit/537.36 (KHTML, like Gecko) Chrome/143.0.0.0 Safari/537.36 Edg/143.0.0.0"
14.108.234.163 - - [31/Jan/2026:09:15:07 +0800] "GET /wp-content/uploads/2025/07/1753410289-News2000%C3%97400_202571.webp HTTP/1.1" 200 17830 "http://cqqizhou.com/2162/" "Mozilla/5.0 (Windows NT 10.0; Win64; x64) AppleWebKit/537.36 (KHTML, like Gecko) Chrome/143.0.0.0 Safari/537.36 Edg/143.0.0.0"
36.133.115.36 - - [31/Jan/2026:09:16:21 +0800] "POST /wp-cron.php?doing_wp_cron=1769822181.3935070037841796875000 HTTP/1.1" 200 31 "-" "WordPress/6.9; http://cqqizhou.com"
193.142.147.209 - - [31/Jan/2026:09:16:21 +0800] "POST / HTTP/1.1" 200 34723 "-" "Mozilla/5.0 (Windows NT 10.0; Win64; x64) AppleWebKit/537.36"
36.133.115.36 - - [31/Jan/2026:09:22:21 +0800] "POST /wp-cron.php?doing_wp_cron=1769822541.3193368911743164062500 HTTP/1.1" 200 31 "-" "WordPress/6.9; http://cqqizhou.com"
87.121.84.51 - - [31/Jan/2026:09:22:21 +0800] "GET / HTTP/1.0" 301 0 "-" "Mozilla/5.0 (X11; Linux x86_64; rv:140.0) Gecko/20100101 Firefox/140.0"
36.133.115.36 - - [31/Jan/2026:09:29:07 +0800] "POST /wp-cron.php?doing_wp_cron=1769822947.2318511009216308593750 HTTP/1.1" 200 31 "-" "WordPress/6.9; http://cqqizhou.com"
14.108.234.163 - - [31/Jan/2026:09:29:07 +0800] "GET /about/ HTTP/1.1" 200 30007 "http://cqqizhou.com/2162/" "Mozilla/5.0 (Windows NT 10.0; Win64; x64) AppleWebKit/537.36 (KHTML, like Gecko) Chrome/143.0.0.0 Safari/537.36 Edg/143.0.0.0"
14.108.234.163 - - [31/Jan/2026:09:29:07 +0800] "GET /wp-content/uploads/2025/07/1750649803-qizhou800x500_2.webp HTTP/1.1" 200 63616 "http://cqqizhou.com/about/" "Mozilla/5.0 (Windows NT 10.0; Win64; x64) AppleWebKit/537.36 (KHTML, like Gecko) Chrome/143.0.0.0 Safari/537.36 Edg/143.0.0.0"
14.108.234.163 - - [31/Jan/2026:09:29:07 +0800] "GET /wp-content/uploads/2025/07/1750945417-honor300%C3%97206_1.webp HTTP/1.1" 200 57666 "http://cqqizhou.com/about/" "Mozilla/5.0 (Windows NT 10.0; Win64; x64) AppleWebKit/537.36 (KHTML, like Gecko) Chrome/143.0.0.0 Safari/537.36 Edg/143.0.0.0"
14.108.234.163 - - [31/Jan/2026:09:29:07 +0800] "GET /wp-content/uploads/2025/07/1750945444-honor300%C3%97206_2.webp HTTP/1.1" 200 71296 "http://cqqizhou.com/about/" "Mozilla/5.0 (Windows NT 10.0; Win64; x64) AppleWebKit/537.36 (KHTML, like Gecko) Chrome/143.0.0.0 Safari/537.36 Edg/143.0.0.0"
14.108.234.163 - - [31/Jan/2026:09:29:07 +0800] "GET /wp-content/uploads/2025/07/1750671801-partner2_200x50.webp HTTP/1.1" 200 3946 "http://cqqizhou.com/about/" "Mozilla/5.0 (Windows NT 10.0; Win64; x64) AppleWebKit/537.36 (KHTML, like Gecko) Chrome/143.0.0.0 Safari/537.36 Edg/143.0.0.0"
14.108.234.163 - - [31/Jan/2026:09:29:07 +0800] "GET /wp-content/uploads/2025/07/1750671800-partner1_200x50.webp HTTP/1.1" 200 2244 "http://cqqizhou.com/about/" "Mozilla/5.0 (Windows NT 10.0; Win64; x64) AppleWebKit/537.36 (KHTML, like Gecko) Chrome/143.0.0.0 Safari/537.36 Edg/143.0.0.0"
14.108.234.163 - - [31/Jan/2026:09:29:07 +0800] "GET /wp-content/uploads/2025/07/1750671803-partner3_200x50.webp HTTP/1.1" 200 4414 "http://cqqizhou.com/about/" "Mozilla/5.0 (Windows NT 10.0; Win64; x64) AppleWebKit/537.36 (KHTML, like Gecko) Chrome/143.0.0.0 Safari/537.36 Edg/143.0.0.0"
14.108.234.163 - - [31/Jan/2026:09:29:07 +0800] "GET /wp-content/uploads/2025/07/1750671806-partner5_200x50.webp HTTP/1.1" 200 2840 "http://cqqizhou.com/about/" "Mozilla/5.0 (Windows NT 10.0; Win64; x64) AppleWebKit/537.36 (KHTML, like Gecko) Chrome/143.0.0.0 Safari/537.36 Edg/143.0.0.0"
14.108.234.163 - - [31/Jan/2026:09:29:07 +0800] "GET /wp-content/uploads/2025/07/1750671805-partner4_200x50.webp HTTP/1.1" 200 2390 "http://cqqizhou.com/about/" "Mozilla/5.0 (Windows NT 10.0; Win64; x64) AppleWebKit/537.36 (KHTML, like Gecko) Chrome/143.0.0.0 Safari/537.36 Edg/143.0.0.0"
14.108.234.163 - - [31/Jan/2026:09:29:07 +0800] "GET /wp-content/uploads/2025/07/1750671808-partner6_200x50.webp HTTP/1.1" 200 3004 "http://cqqizhou.com/about/" "Mozilla/5.0 (Windows NT 10.0; Win64; x64) AppleWebKit/537.36 (KHTML, like Gecko) Chrome/143.0.0.0 Safari/537.36 Edg/143.0.0.0"
14.108.234.163 - - [31/Jan/2026:09:29:07 +0800] "GET /wp-content/uploads/2025/06/1750755307-qizhoucangku2000x400_2025624.webp HTTP/1.1" 200 45470 "http://cqqizhou.com/about/" "Mozilla/5.0 (Windows NT 10.0; Win64; x64) AppleWebKit/537.36 (KHTML, like Gecko) Chrome/143.0.0.0 Safari/537.36 Edg/143.0.0.0"
14.108.234.163 - - [31/Jan/2026:09:29:07 +0800] "GET /wp-content/uploads/elementor/thumbs/1751373145-About_Qizhoudalou_W800px-r91b70ok8huvvdr4ynxnf302e8ie3iydlh6ag9ew82.webp HTTP/1.1" 200 37938 "http://cqqizhou.com/about/" "Mozilla/5.0 (Windows NT 10.0; Win64; x64) AppleWebKit/537.36 (KHTML, like Gecko) Chrome/143.0.0.0 Safari/537.36 Edg/143.0.0.0"
14.108.234.163 - - [31/Jan/2026:09:29:07 +0800] "GET /wp-content/uploads/elementor/thumbs/1751209300-Hello-Qizhou3-r91b71mdtei8mab1rr8x739cnvi1mafuaga3vbed3o.webp HTTP/1.1" 200 39120 "http://cqqizhou.com/about/" "Mozilla/5.0 (Windows NT 10.0; Win64; x64) AppleWebKit/537.36 (KHTML, like Gecko) Chrome/143.0.0.0 Safari/537.36 Edg/143.0.0.0"
14.108.234.163 - - [31/Jan/2026:09:29:07 +0800] "GET /wp-content/uploads/2025/07/1750649179-qizhou1920x1080_1.webp HTTP/1.1" 200 172154 "http://cqqizhou.com/about/" "Mozilla/5.0 (Windows NT 10.0; Win64; x64) AppleWebKit/537.36 (KHTML, like Gecko) Chrome/143.0.0.0 Safari/537.36 Edg/143.0.0.0"
14.108.234.163 - - [31/Jan/2026:09:29:07 +0800] "GET /wp-content/uploads/2025/07/1750649186-qizhou1920x1080_3.webp HTTP/1.1" 200 134070 "http://cqqizhou.com/about/" "Mozilla/5.0 (Windows NT 10.0; Win64; x64) AppleWebKit/537.36 (KHTML, like Gecko) Chrome/143.0.0.0 Safari/537.36 Edg/143.0.0.0"
14.108.234.163 - - [31/Jan/2026:09:29:07 +0800] "GET /wp-content/uploads/2025/07/1750649193-qizhou1920x1080_5.webp HTTP/1.1" 200 110214 "http://cqqizhou.com/about/" "Mozilla/5.0 (Windows NT 10.0; Win64; x64) AppleWebKit/537.36 (KHTML, like Gecko) Chrome/143.0.0.0 Safari/537.36 Edg/143.0.0.0"
14.108.234.163 - - [31/Jan/2026:09:29:07 +0800] "GET /wp-content/uploads/2025/07/1750649197-qizhou1920x1080_6.webp HTTP/1.1" 200 150354 "http://cqqizhou.com/about/" "Mozilla/5.0 (Windows NT 10.0; Win64; x64) AppleWebKit/537.36 (KHTML, like Gecko) Chrome/143.0.0.0 Safari/537.36 Edg/143.0.0.0"
14.108.234.163 - - [31/Jan/2026:09:29:07 +0800] "GET /wp-content/uploads/2025/07/1750649200-qizhou1920x1080_7.webp HTTP/1.1" 200 238866 "http://cqqizhou.com/about/" "Mozilla/5.0 (Windows NT 10.0; Win64; x64) AppleWebKit/537.36 (KHTML, like Gecko) Chrome/143.0.0.0 Safari/537.36 Edg/143.0.0.0"
14.108.234.163 - - [31/Jan/2026:09:29:07 +0800] "GET /wp-content/uploads/2025/07/1750649189-qizhou1920x1080_4.webp HTTP/1.1" 200 174962 "http://cqqizhou.com/about/" "Mozilla/5.0 (Windows NT 10.0; Win64; x64) AppleWebKit/537.36 (KHTML, like Gecko) Chrome/143.0.0.0 Safari/537.36 Edg/143.0.0.0"
14.108.234.163 - - [31/Jan/2026:09:29:07 +0800] "GET /wp-content/uploads/2025/07/1750649183-qizhou1920x1080_2.webp HTTP/1.1" 200 267936 "http://cqqizhou.com/about/" "Mozilla/5.0 (Windows NT 10.0; Win64; x64) AppleWebKit/537.36 (KHTML, like Gecko) Chrome/143.0.0.0 Safari/537.36 Edg/143.0.0.0"
14.108.234.163 - - [31/Jan/2026:09:29:07 +0800] "GET /wp-content/uploads/2025/07/1750649207-qizhou1920x1080_9.webp HTTP/1.1" 200 146108 "http://cqqizhou.com/about/" "Mozilla/5.0 (Windows NT 10.0; Win64; x64) AppleWebKit/537.36 (KHTML, like Gecko) Chrome/143.0.0.0 Safari/537.36 Edg/143.0.0.0"
14.108.234.163 - - [31/Jan/2026:09:29:07 +0800] "GET /wp-content/uploads/2025/07/1750649215-qizhou1920x1080_11.webp HTTP/1.1" 200 171642 "http://cqqizhou.com/about/" "Mozilla/5.0 (Windows NT 10.0; Win64; x64) AppleWebKit/537.36 (KHTML, like Gecko) Chrome/143.0.0.0 Safari/537.36 Edg/143.0.0.0"
14.108.234.163 - - [31/Jan/2026:09:29:07 +0800] "GET /wp-content/uploads/2025/07/1750649203-qizhou1920x1080_8.webp HTTP/1.1" 200 256782 "http://cqqizhou.com/about/" "Mozilla/5.0 (Windows NT 10.0; Win64; x64) AppleWebKit/537.36 (KHTML, like Gecko) Chrome/143.0.0.0 Safari/537.36 Edg/143.0.0.0"
14.108.234.163 - - [31/Jan/2026:09:29:07 +0800] "GET /wp-content/uploads/2025/07/1750649212-qizhou1920x1080_10.webp HTTP/1.1" 200 143362 "http://cqqizhou.com/about/" "Mozilla/5.0 (Windows NT 10.0; Win64; x64) AppleWebKit/537.36 (KHTML, like Gecko) Chrome/143.0.0.0 Safari/537.36 Edg/143.0.0.0"
14.108.234.163 - - [31/Jan/2026:09:29:09 +0800] "GET /wp-content/uploads/2025/07/1750945514-honor300%C3%97206_3.webp HTTP/1.1" 200 74124 "http://cqqizhou.com/about/" "Mozilla/5.0 (Windows NT 10.0; Win64; x64) AppleWebKit/537.36 (KHTML, like Gecko) Chrome/143.0.0.0 Safari/537.36 Edg/143.0.0.0"
36.133.115.36 - - [31/Jan/2026:09:41:25 +0800] "POST /wp-cron.php?doing_wp_cron=1769823685.2798418998718261718750 HTTP/1.1" 200 31 "-" "WordPress/6.9; http://cqqizhou.com"
14.108.234.163 - - [31/Jan/2026:09:41:25 +0800] "GET /wp-admin/ HTTP/1.1" 302 5 "-" "Mozilla/5.0 (Windows NT 10.0; Win64; x64) AppleWebKit/537.36 (KHTML, like Gecko) Chrome/143.0.0.0 Safari/537.36 Edg/143.0.0.0"
14.108.234.163 - - [31/Jan/2026:09:41:25 +0800] "GET /wp-login.php?redirect_to=http%3A%2F%2Fcqqizhou.com%2Fwp-admin%2F&reauth=1 HTTP/1.1" 200 2854 "-" "Mozilla/5.0 (Windows NT 10.0; Win64; x64) AppleWebKit/537.36 (KHTML, like Gecko) Chrome/143.0.0.0 Safari/537.36 Edg/143.0.0.0"
14.108.234.163 - - [31/Jan/2026:09:41:29 +0800] "POST /wp-login.php HTTP/1.1" 302 5 "http://cqqizhou.com/wp-login.php?redirect_to=http%3A%2F%2Fcqqizhou.com%2Fwp-admin%2F&reauth=1" "Mozilla/5.0 (Windows NT 10.0; Win64; x64) AppleWebKit/537.36 (KHTML, like Gecko) Chrome/143.0.0.0 Safari/537.36 Edg/143.0.0.0"
14.108.234.163 - - [31/Jan/2026:09:41:36 +0800] "GET /wp-admin/ HTTP/1.1" 200 83372 "http://cqqizhou.com/wp-login.php?redirect_to=http%3A%2F%2Fcqqizhou.com%2Fwp-admin%2F&reauth=1" "Mozilla/5.0 (Windows NT 10.0; Win64; x64) AppleWebKit/537.36 (KHTML, like Gecko) Chrome/143.0.0.0 Safari/537.36 Edg/143.0.0.0"
14.108.234.163 - - [31/Jan/2026:09:41:36 +0800] "GET /wp-admin/load-styles.php?c=0&dir=ltr&load%5Bchunk_0%5D=dashicons,admin-bar,site-health,common,forms,admin-menu,dashboard,list-tables,edit,revisions,media,themes,about,nav-menus,wp-poi&load%5Bchunk_1%5D=nter,widgets,site-icon,l10n,buttons,media-views,wp-color-picker,editor-buttons,wp-auth-check,wp-components,wp-commands&ver=6.9 HTTP/1.1" 200 132502 "http://cqqizhou.com/wp-admin/" "Mozilla/5.0 (Windows NT 10.0; Win64; x64) AppleWebKit/537.36 (KHTML, like Gecko) Chrome/143.0.0.0 Safari/537.36 Edg/143.0.0.0"
14.108.234.163 - - [31/Jan/2026:09:41:36 +0800] "GET /wp-admin/load-scripts.php?c=0&load%5Bchunk_0%5D=jquery-core,jquery-migrate,utils,wp-dom-ready,wp-hooks&ver=6.9 HTTP/1.1" 200 36948 "http://cqqizhou.com/wp-admin/" "Mozilla/5.0 (Windows NT 10.0; Win64; x64) AppleWebKit/537.36 (KHTML, like Gecko) Chrome/143.0.0.0 Safari/537.36 Edg/143.0.0.0"
14.108.234.163 - - [31/Jan/2026:09:41:36 +0800] "GET /wp-admin/load-scripts.php?c=0&load%5Bchunk_0%5D=hoverIntent&ver=6.9 HTTP/1.1" 200 719 "http://cqqizhou.com/wp-admin/" "Mozilla/5.0 (Windows NT 10.0; Win64; x64) AppleWebKit/537.36 (KHTML, like Gecko) Chrome/143.0.0.0 Safari/537.36 Edg/143.0.0.0"
14.108.234.163 - - [31/Jan/2026:09:41:46 +0800] "GET /wp-admin/edit.php HTTP/1.1" 200 84954 "http://cqqizhou.com/wp-admin/" "Mozilla/5.0 (Windows NT 10.0; Win64; x64) AppleWebKit/537.36 (KHTML, like Gecko) Chrome/143.0.0.0 Safari/537.36 Edg/143.0.0.0"
14.108.234.163 - - [31/Jan/2026:09:41:46 +0800] "GET /wp-content/uploads/2026/01/1769511379-Article_images_W900%C3%97500px202601271-150x150.webp HTTP/1.1" 200 7332 "http://cqqizhou.com/wp-admin/edit.php" "Mozilla/5.0 (Windows NT 10.0; Win64; x64) AppleWebKit/537.36 (KHTML, like Gecko) Chrome/143.0.0.0 Safari/537.36 Edg/143.0.0.0"
14.108.234.163 - - [31/Jan/2026:09:41:46 +0800] "GET /wp-admin/load-styles.php?c=0&dir=ltr&load%5Bchunk_0%5D=dashicons,admin-bar,common,forms,admin-menu,dashboard,list-tables,edit,revisions,media,themes,about,nav-menus,wp-pointer,widgets&load%5Bchunk_1%5D=,site-icon,l10n,buttons,media-views,wp-color-picker,editor-buttons,wp-auth-check,wp-components,wp-commands&ver=6.9 HTTP/1.1" 200 131375 "http://cqqizhou.com/wp-admin/edit.php" "Mozilla/5.0 (Windows NT 10.0; Win64; x64) AppleWebKit/537.36 (KHTML, like Gecko) Chrome/143.0.0.0 Safari/537.36 Edg/143.0.0.0"
14.108.234.163 - - [31/Jan/2026:09:41:46 +0800] "GET /wp-content/uploads/2026/01/1768527483-Article_images_W900%C3%97500px202601161-150x150.webp HTTP/1.1" 200 4408 "http://cqqizhou.com/wp-admin/edit.php" "Mozilla/5.0 (Windows NT 10.0; Win64; x64) AppleWebKit/537.36 (KHTML, like Gecko) Chrome/143.0.0.0 Safari/537.36 Edg/143.0.0.0"
14.108.234.163 - - [31/Jan/2026:09:41:46 +0800] "GET /wp-content/uploads/2026/01/1767691466-Article_images_W900%C3%97500px202601061-150x150.webp HTTP/1.1" 200 5520 "http://cqqizhou.com/wp-admin/edit.php" "Mozilla/5.0 (Windows NT 10.0; Win64; x64) AppleWebKit/537.36 (KHTML, like Gecko) Chrome/143.0.0.0 Safari/537.36 Edg/143.0.0.0"
14.108.234.163 - - [31/Jan/2026:09:41:46 +0800] "GET /wp-content/uploads/revslider/slider-1/1750861156-logistics_Slider_3840%C3%972160_20250625191356-scaled-150x150.webp HTTP/1.1" 200 4364 "http://cqqizhou.com/wp-admin/edit.php" "Mozilla/5.0 (Windows NT 10.0; Win64; x64) AppleWebKit/537.36 (KHTML, like Gecko) Chrome/143.0.0.0 Safari/537.36 Edg/143.0.0.0"
14.108.234.163 - - [31/Jan/2026:09:41:46 +0800] "GET /wp-content/uploads/2025/12/1766647832-Article_images_W900%C3%97500px20251225-150x150.webp HTTP/1.1" 200 6860 "http://cqqizhou.com/wp-admin/edit.php" "Mozilla/5.0 (Windows NT 10.0; Win64; x64) AppleWebKit/537.36 (KHTML, like Gecko) Chrome/143.0.0.0 Safari/537.36 Edg/143.0.0.0"
14.108.234.163 - - [31/Jan/2026:09:41:46 +0800] "GET /wp-content/uploads/2025/12/1765891153-Article20251216211543-150x150.webp HTTP/1.1" 200 7850 "http://cqqizhou.com/wp-admin/edit.php" "Mozilla/5.0 (Windows NT 10.0; Win64; x64) AppleWebKit/537.36 (KHTML, like Gecko) Chrome/143.0.0.0 Safari/537.36 Edg/143.0.0.0"
14.108.234.163 - - [31/Jan/2026:09:41:46 +0800] "GET /wp-content/uploads/2025/12/1766064629-Article_images_20251218212623-150x150.webp HTTP/1.1" 200 5072 "http://cqqizhou.com/wp-admin/edit.php" "Mozilla/5.0 (Windows NT 10.0; Win64; x64) AppleWebKit/537.36 (KHTML, like Gecko) Chrome/143.0.0.0 Safari/537.36 Edg/143.0.0.0"
14.108.234.163 - - [31/Jan/2026:09:41:46 +0800] "GET /wp-content/uploads/2025/12/1765891413-20251209103501-150x150.webp HTTP/1.1" 200 6446 "http://cqqizhou.com/wp-admin/edit.php" "Mozilla/5.0 (Windows NT 10.0; Win64; x64) AppleWebKit/537.36 (KHTML, like Gecko) Chrome/143.0.0.0 Safari/537.36 Edg/143.0.0.0"
14.108.234.163 - - [31/Jan/2026:09:41:46 +0800] "GET /wp-content/uploads/2025/09/1756868614-20250903104654_74_5-150x150.webp HTTP/1.1" 200 5712 "http://cqqizhou.com/wp-admin/edit.php" "Mozilla/5.0 (Windows NT 10.0; Win64; x64) AppleWebKit/537.36 (KHTML, like Gecko) Chrome/143.0.0.0 Safari/537.36 Edg/143.0.0.0"
14.108.234.163 - - [31/Jan/2026:09:41:46 +0800] "GET /wp-content/uploads/2025/08/1755826390-DSC01765-150x150.webp HTTP/1.1" 200 6586 "http://cqqizhou.com/wp-admin/edit.php" "Mozilla/5.0 (Windows NT 10.0; Win64; x64) AppleWebKit/537.36 (KHTML, like Gecko) Chrome/143.0.0.0 Safari/537.36 Edg/143.0.0.0"
14.108.234.163 - - [31/Jan/2026:09:41:46 +0800] "GET /wp-content/uploads/2025/08/1755826456-DSC01841-150x150.webp HTTP/1.1" 200 9850 "http://cqqizhou.com/wp-admin/edit.php" "Mozilla/5.0 (Windows NT 10.0; Win64; x64) AppleWebKit/537.36 (KHTML, like Gecko) Chrome/143.0.0.0 Safari/537.36 Edg/143.0.0.0"
14.108.234.163 - - [31/Jan/2026:09:41:46 +0800] "GET /wp-content/uploads/2025/07/1753454089-Article_images_W900px-150x150.webp HTTP/1.1" 200 5292 "http://cqqizhou.com/wp-admin/edit.php" "Mozilla/5.0 (Windows NT 10.0; Win64; x64) AppleWebKit/537.36 (KHTML, like Gecko) Chrome/143.0.0.0 Safari/537.36 Edg/143.0.0.0"
14.108.234.163 - - [31/Jan/2026:09:41:46 +0800] "GET /wp-content/uploads/2025/07/1753455746-DSC01472-150x150.webp HTTP/1.1" 200 4760 "http://cqqizhou.com/wp-admin/edit.php" "Mozilla/5.0 (Windows NT 10.0; Win64; x64) AppleWebKit/537.36 (KHTML, like Gecko) Chrome/143.0.0.0 Safari/537.36 Edg/143.0.0.0"
14.108.234.163 - - [31/Jan/2026:09:41:46 +0800] "GET /wp-content/uploads/2025/07/1753454299-Article_images_W900px-150x150.webp HTTP/1.1" 200 7416 "http://cqqizhou.com/wp-admin/edit.php" "Mozilla/5.0 (Windows NT 10.0; Win64; x64) AppleWebKit/537.36 (KHTML, like Gecko) Chrome/143.0.0.0 Safari/537.36 Edg/143.0.0.0"
14.108.234.163 - - [31/Jan/2026:09:41:46 +0800] "GET /wp-content/uploads/2025/07/1753453986-Article_images_W900px-150x150.webp HTTP/1.1" 200 7296 "http://cqqizhou.com/wp-admin/edit.php" "Mozilla/5.0 (Windows NT 10.0; Win64; x64) AppleWebKit/537.36 (KHTML, like Gecko) Chrome/143.0.0.0 Safari/537.36 Edg/143.0.0.0"
14.108.234.163 - - [31/Jan/2026:09:41:46 +0800] "GET /wp-content/uploads/2025/12/1766388806-Article_images_202507243-150x150.webp HTTP/1.1" 200 4890 "http://cqqizhou.com/wp-admin/edit.php" "Mozilla/5.0 (Windows NT 10.0; Win64; x64) AppleWebKit/537.36 (KHTML, like Gecko) Chrome/143.0.0.0 Safari/537.36 Edg/143.0.0.0"
14.108.234.163 - - [31/Jan/2026:09:41:47 +0800] "POST /wp-admin/admin-ajax.php HTTP/1.1" 200 78 "http://cqqizhou.com/wp-admin/edit.php" "Mozilla/5.0 (Windows NT 10.0; Win64; x64) AppleWebKit/537.36 (KHTML, like Gecko) Chrome/143.0.0.0 Safari/537.36 Edg/143.0.0.0"
14.108.234.163 - - [31/Jan/2026:09:41:51 +0800] "GET /wp-admin/post-new.php HTTP/1.1" 200 202986 "http://cqqizhou.com/wp-admin/edit.php" "Mozilla/5.0 (Windows NT 10.0; Win64; x64) AppleWebKit/537.36 (KHTML, like Gecko) Chrome/143.0.0.0 Safari/537.36 Edg/143.0.0.0"
14.108.234.163 - - [31/Jan/2026:09:41:51 +0800] "GET /wp-admin/load-styles.php?c=0&dir=ltr&load%5Bchunk_0%5D=dashicons,admin-bar,buttons,media-views,editor-buttons,wp-components,wp-preferences,wp-block-editor,wp-reusable-blocks,wp-patter&load%5Bchunk_1%5D=ns,wp-editor,common,forms,wp-reset-editor-styles,wp-block-library,wp-block-editor-content,wp-editor-classic-layout-styles,wp-edi&load%5Bchunk_2%5D=t-blocks,wp-commands,wp-edit-post,wp-block-directory,wp-format-library,admin-menu,dashboard,list-tables,edit,revisions,media,the&load%5Bchunk_3%5D=mes,about,nav-menus,wp-pointer,widgets,site-icon,l10n,wp-color-picker,wp-auth-check,classic-theme-styles,wp-jquery-ui-dialog&ver=6.9 HTTP/1.1" 200 191997 "http://cqqizhou.com/wp-admin/post-new.php" "Mozilla/5.0 (Windows NT 10.0; Win64; x64) AppleWebKit/537.36 (KHTML, like Gecko) Chrome/143.0.0.0 Safari/537.36 Edg/143.0.0.0"
14.108.234.163 - - [31/Jan/2026:09:41:51 +0800] "GET /?action=kirki-styles&editor=1&ver=4.0 HTTP/1.1" 200 210 "http://cqqizhou.com/wp-admin/post-new.php" "Mozilla/5.0 (Windows NT 10.0; Win64; x64) AppleWebKit/537.36 (KHTML, like Gecko) Chrome/143.0.0.0 Safari/537.36 Edg/143.0.0.0"
14.108.234.163 - - [31/Jan/2026:09:41:53 +0800] "OPTIONS /wp-json/wp/v2/settings?_locale=user HTTP/1.1" 200 1301 "http://cqqizhou.com/wp-admin/post-new.php" "Mozilla/5.0 (Windows NT 10.0; Win64; x64) AppleWebKit/537.36 (KHTML, like Gecko) Chrome/143.0.0.0 Safari/537.36 Edg/143.0.0.0"
14.108.234.163 - - [31/Jan/2026:09:41:53 +0800] "GET /wp-json/wp/v2/blocks?context=edit&per_page=100&page=1&_locale=user HTTP/1.1" 200 33 "http://cqqizhou.com/wp-admin/post-new.php" "Mozilla/5.0 (Windows NT 10.0; Win64; x64) AppleWebKit/537.36 (KHTML, like Gecko) Chrome/143.0.0.0 Safari/537.36 Edg/143.0.0.0"
14.108.234.163 - - [31/Jan/2026:09:41:53 +0800] "GET /wp-json/wp/v2/taxonomies?context=edit&per_page=100&_locale=user HTTP/1.1" 200 1742 "http://cqqizhou.com/wp-admin/post-new.php" "Mozilla/5.0 (Windows NT 10.0; Win64; x64) AppleWebKit/537.36 (KHTML, like Gecko) Chrome/143.0.0.0 Safari/537.36 Edg/143.0.0.0"
14.108.234.163 - - [31/Jan/2026:09:41:53 +0800] "GET /wp-json/wp/v2/users/1?context=view&_fields=id%2Cname&_locale=user HTTP/1.1" 200 54 "http://cqqizhou.com/wp-admin/post-new.php" "Mozilla/5.0 (Windows NT 10.0; Win64; x64) AppleWebKit/537.36 (KHTML, like Gecko) Chrome/143.0.0.0 Safari/537.36 Edg/143.0.0.0"
14.108.234.163 - - [31/Jan/2026:09:41:53 +0800] "GET /wp-json/wp/v2/comments?context=edit&post=2475&type=note&status=all&per_page=100&_locale=user HTTP/1.1" 200 33 "http://cqqizhou.com/wp-admin/post-new.php" "Mozilla/5.0 (Windows NT 10.0; Win64; x64) AppleWebKit/537.36 (KHTML, like Gecko) Chrome/143.0.0.0 Safari/537.36 Edg/143.0.0.0"
14.108.234.163 - - [31/Jan/2026:09:41:53 +0800] "GET /wp-json/wp/v2/pages/1665?context=edit&_locale=user HTTP/1.1" 200 763 "http://cqqizhou.com/wp-admin/post-new.php" "Mozilla/5.0 (Windows NT 10.0; Win64; x64) AppleWebKit/537.36 (KHTML, like Gecko) Chrome/143.0.0.0 Safari/537.36 Edg/143.0.0.0"
14.108.234.163 - - [31/Jan/2026:09:41:53 +0800] "GET /wp-json/wp/v2/wp_pattern_category?context=view&per_page=100&_fields=id%2Cname%2Cdescription%2Cslug&_locale=user HTTP/1.1" 200 33 "http://cqqizhou.com/wp-admin/post-new.php" "Mozilla/5.0 (Windows NT 10.0; Win64; x64) AppleWebKit/537.36 (KHTML, like Gecko) Chrome/143.0.0.0 Safari/537.36 Edg/143.0.0.0"
14.108.234.163 - - [31/Jan/2026:09:41:53 +0800] "OPTIONS /wp-json/wp/v2/posts?_locale=user HTTP/1.1" 200 2962 "http://cqqizhou.com/wp-admin/post-new.php" "Mozilla/5.0 (Windows NT 10.0; Win64; x64) AppleWebKit/537.36 (KHTML, like Gecko) Chrome/143.0.0.0 Safari/537.36 Edg/143.0.0.0"
14.108.234.163 - - [31/Jan/2026:09:41:53 +0800] "GET /wp-json/wp/v2/categories?context=view&per_page=100&orderby=name&order=asc&_fields=id%2Cname%2Cparent&page=1&_locale=user HTTP/1.1" 200 158 "http://cqqizhou.com/wp-admin/post-new.php" "Mozilla/5.0 (Windows NT 10.0; Win64; x64) AppleWebKit/537.36 (KHTML, like Gecko) Chrome/143.0.0.0 Safari/537.36 Edg/143.0.0.0"
14.108.234.163 - - [31/Jan/2026:09:41:53 +0800] "GET /wp-json/wp/v2/tags?context=view&per_page=10&orderby=count&order=desc&hide_empty=true&_fields=id%2Cname%2Ccount&_locale=user HTTP/1.1" 200 33 "http://cqqizhou.com/wp-admin/post-new.php" "Mozilla/5.0 (Windows NT 10.0; Win64; x64) AppleWebKit/537.36 (KHTML, like Gecko) Chrome/143.0.0.0 Safari/537.36 Edg/143.0.0.0"
14.108.234.163 - - [31/Jan/2026:09:41:54 +0800] "OPTIONS /wp-json/wp/v2/posts/?context=edit&_locale=user HTTP/1.1" 200 2962 "http://cqqizhou.com/wp-admin/post-new.php" "Mozilla/5.0 (Windows NT 10.0; Win64; x64) AppleWebKit/537.36 (KHTML, like Gecko) Chrome/143.0.0.0 Safari/537.36 Edg/143.0.0.0"
14.108.234.163 - - [31/Jan/2026:09:41:55 +0800] "GET /wp-json/wp/v2/block-patterns/patterns?_locale=user HTTP/1.1" 200 19854 "http://cqqizhou.com/wp-admin/post-new.php" "Mozilla/5.0 (Windows NT 10.0; Win64; x64) AppleWebKit/537.36 (KHTML, like Gecko) Chrome/143.0.0.0 Safari/537.36 Edg/143.0.0.0"
14.108.234.163 - - [31/Jan/2026:09:42:03 +0800] "POST /wp-admin/admin-ajax.php HTTP/1.1" 200 112 "http://cqqizhou.com/wp-admin/post-new.php" "Mozilla/5.0 (Windows NT 10.0; Win64; x64) AppleWebKit/537.36 (KHTML, like Gecko) Chrome/143.0.0.0 Safari/537.36 Edg/143.0.0.0"
36.133.115.36 - - [31/Jan/2026:09:42:13 +0800] "POST /wp-cron.php?doing_wp_cron=1769823733.0728189945220947265625 HTTP/1.1" 200 31 "-" "WordPress/6.9; http://cqqizhou.com"
14.108.234.163 - - [31/Jan/2026:09:42:13 +0800] "POST /wp-admin/admin-ajax.php HTTP/1.1" 200 112 "http://cqqizhou.com/wp-admin/post-new.php" "Mozilla/5.0 (Windows NT 10.0; Win64; x64) AppleWebKit/537.36 (KHTML, like Gecko) Chrome/143.0.0.0 Safari/537.36 Edg/143.0.0.0"
14.108.234.163 - - [31/Jan/2026:09:42:37 +0800] "POST /wp-admin/admin-ajax.php HTTP/1.1" 200 112 "http://cqqizhou.com/wp-admin/post-new.php" "Mozilla/5.0 (Windows NT 10.0; Win64; x64) AppleWebKit/537.36 (KHTML, like Gecko) Chrome/143.0.0.0 Safari/537.36 Edg/143.0.0.0"
14.108.234.163 - - [31/Jan/2026:09:42:47 +0800] "POST /wp-admin/admin-ajax.php HTTP/1.1" 200 112 "http://cqqizhou.com/wp-admin/post-new.php" "Mozilla/5.0 (Windows NT 10.0; Win64; x64) AppleWebKit/537.36 (KHTML, like Gecko) Chrome/143.0.0.0 Safari/537.36 Edg/143.0.0.0"
14.108.234.163 - - [31/Jan/2026:09:42:53 +0800] "POST /wp-json/wp/v2/posts/2475/autosaves?_locale=user HTTP/1.1" 200 4705 "http://cqqizhou.com/wp-admin/post-new.php" "Mozilla/5.0 (Windows NT 10.0; Win64; x64) AppleWebKit/537.36 (KHTML, like Gecko) Chrome/143.0.0.0 Safari/537.36 Edg/143.0.0.0"
36.133.115.36 - - [31/Jan/2026:09:43:30 +0800] "POST /wp-cron.php?doing_wp_cron=1769823810.8824090957641601562500 HTTP/1.1" 200 31 "-" "WordPress/6.9; http://cqqizhou.com"
14.108.234.163 - - [31/Jan/2026:09:43:30 +0800] "POST /wp-admin/admin-ajax.php HTTP/1.1" 200 112 "http://cqqizhou.com/wp-admin/post.php?post=2475&action=edit" "Mozilla/5.0 (Windows NT 10.0; Win64; x64) AppleWebKit/537.36 (KHTML, like Gecko) Chrome/143.0.0.0 Safari/537.36 Edg/143.0.0.0"
14.108.234.163 - - [31/Jan/2026:09:43:40 +0800] "POST /wp-admin/admin-ajax.php HTTP/1.1" 200 112 "http://cqqizhou.com/wp-admin/post.php?post=2475&action=edit" "Mozilla/5.0 (Windows NT 10.0; Win64; x64) AppleWebKit/537.36 (KHTML, like Gecko) Chrome/143.0.0.0 Safari/537.36 Edg/143.0.0.0"
85.90.208.132 - - [31/Jan/2026:09:43:49 +0800] "GET / HTTP/1.1" 200 35164 "-" "Mozilla/5.0 (Windows NT 10.0; Win64; x64) AppleWebKit/537.36 (KHTML, like Gecko) Chrome/114.0.0.0 Safari/537.36 OPR/89.0.4447.51"
85.90.208.132 - - [31/Jan/2026:09:43:51 +0800] "GET /wp-admin/admin-ajax.php HTTP/1.1" 400 11 "http://cqqizhou.com/" "Mozilla/5.0 (Windows NT 6.3; Win64; x64) AppleWebKit/537.36 (KHTML, like Gecko) Chrome/103.0.0.0 Safari/537.36"
85.90.208.132 - - [31/Jan/2026:09:43:52 +0800] "GET /wp-admin/admin-ajax.php?action=register HTTP/1.1" 400 11 "http://cqqizhou.com/wp-admin/admin-ajax.php" "Mozilla/5.0 (Windows NT 6.3; Win64; x64) AppleWebKit/537.36 (KHTML, like Gecko) Chrome/103.0.0.0 Safari/537.36"
36.133.115.36 - - [31/Jan/2026:09:44:30 +0800] "POST /wp-cron.php?doing_wp_cron=1769823870.5566689968109130859375 HTTP/1.1" 200 31 "-" "WordPress/6.9; http://cqqizhou.com"
14.108.234.163 - - [31/Jan/2026:09:44:30 +0800] "POST /wp-admin/admin-ajax.php HTTP/1.1" 200 112 "http://cqqizhou.com/wp-admin/post.php?post=2475&action=edit" "Mozilla/5.0 (Windows NT 10.0; Win64; x64) AppleWebKit/537.36 (KHTML, like Gecko) Chrome/143.0.0.0 Safari/537.36 Edg/143.0.0.0"
14.108.234.163 - - [31/Jan/2026:09:44:40 +0800] "POST /wp-admin/admin-ajax.php HTTP/1.1" 200 112 "http://cqqizhou.com/wp-admin/post.php?post=2475&action=edit" "Mozilla/5.0 (Windows NT 10.0; Win64; x64) AppleWebKit/537.36 (KHTML, like Gecko) Chrome/143.0.0.0 Safari/537.36 Edg/143.0.0.0"
14.108.234.163 - - [31/Jan/2026:09:44:50 +0800] "POST /wp-admin/admin-ajax.php HTTP/1.1" 200 112 "http://cqqizhou.com/wp-admin/post.php?post=2475&action=edit" "Mozilla/5.0 (Windows NT 10.0; Win64; x64) AppleWebKit/537.36 (KHTML, like Gecko) Chrome/143.0.0.0 Safari/537.36 Edg/143.0.0.0"
14.108.234.163 - - [31/Jan/2026:09:44:53 +0800] "POST /wp-json/wp/v2/posts/2475/autosaves?_locale=user HTTP/1.1" 200 4906 "http://cqqizhou.com/wp-admin/post.php?post=2475&action=edit" "Mozilla/5.0 (Windows NT 10.0; Win64; x64) AppleWebKit/537.36 (KHTML, like Gecko) Chrome/143.0.0.0 Safari/537.36 Edg/143.0.0.0"
14.108.234.163 - - [31/Jan/2026:09:45:00 +0800] "POST /wp-admin/admin-ajax.php HTTP/1.1" 200 112 "http://cqqizhou.com/wp-admin/post.php?post=2475&action=edit" "Mozilla/5.0 (Windows NT 10.0; Win64; x64) AppleWebKit/537.36 (KHTML, like Gecko) Chrome/143.0.0.0 Safari/537.36 Edg/143.0.0.0"
14.108.234.163 - - [31/Jan/2026:09:45:04 +0800] "GET /media/ HTTP/1.1" 200 33383 "http://cqqizhou.com/about/" "Mozilla/5.0 (Windows NT 10.0; Win64; x64) AppleWebKit/537.36 (KHTML, like Gecko) Chrome/143.0.0.0 Safari/537.36 Edg/143.0.0.0"
14.108.234.163 - - [31/Jan/2026:09:45:04 +0800] "GET /wp-content/uploads/2025/11/1762861549-%E5%85%A8%E6%99%AF%E5%90%AF%E8%88%9F%E5%9D%A4%E7%85%8C%E5%BA%93.webp HTTP/1.1" 200 18812 "http://cqqizhou.com/media/" "Mozilla/5.0 (Windows NT 10.0; Win64; x64) AppleWebKit/537.36 (KHTML, like Gecko) Chrome/143.0.0.0 Safari/537.36 Edg/143.0.0.0"
14.108.234.163 - - [31/Jan/2026:09:45:04 +0800] "GET /wp-content/uploads/2025/11/1762861550-%E4%B8%87%E5%98%89%E7%9B%9B%E5%BA%93%E5%85%A8%E6%99%AF%E5%9B%BE.webp HTTP/1.1" 200 24278 "http://cqqizhou.com/media/" "Mozilla/5.0 (Windows NT 10.0; Win64; x64) AppleWebKit/537.36 (KHTML, like Gecko) Chrome/143.0.0.0 Safari/537.36 Edg/143.0.0.0"
14.108.234.163 - - [31/Jan/2026:09:45:04 +0800] "GET /wp-content/uploads/media/qizhou_Brochure.webp HTTP/1.1" 200 26142 "http://cqqizhou.com/media/" "Mozilla/5.0 (Windows NT 10.0; Win64; x64) AppleWebKit/537.36 (KHTML, like Gecko) Chrome/143.0.0.0 Safari/537.36 Edg/143.0.0.0"
36.133.115.36 - - [31/Jan/2026:09:45:10 +0800] "POST /wp-cron.php?doing_wp_cron=1769823910.8841009140014648437500 HTTP/1.1" 200 31 "-" "WordPress/6.9; http://cqqizhou.com"
14.108.234.163 - - [31/Jan/2026:09:45:10 +0800] "POST /wp-admin/admin-ajax.php HTTP/1.1" 200 112 "http://cqqizhou.com/wp-admin/post.php?post=2475&action=edit" "Mozilla/5.0 (Windows NT 10.0; Win64; x64) AppleWebKit/537.36 (KHTML, like Gecko) Chrome/143.0.0.0 Safari/537.36 Edg/143.0.0.0"
14.108.234.163 - - [31/Jan/2026:09:45:10 +0800] "GET /2464/ HTTP/1.1" 200 27773 "http://cqqizhou.com/media/" "Mozilla/5.0 (Windows NT 10.0; Win64; x64) AppleWebKit/537.36 (KHTML, like Gecko) Chrome/143.0.0.0 Safari/537.36 Edg/143.0.0.0"
14.108.234.163 - - [31/Jan/2026:09:45:10 +0800] "GET /wp-content/uploads/2026/01/1769511379-Article_images_W900%C3%97500px202601271.webp HTTP/1.1" 200 67912 "http://cqqizhou.com/2464/" "Mozilla/5.0 (Windows NT 10.0; Win64; x64) AppleWebKit/537.36 (KHTML, like Gecko) Chrome/143.0.0.0 Safari/537.36 Edg/143.0.0.0"
14.108.234.163 - - [31/Jan/2026:09:45:10 +0800] "GET /wp-content/uploads/2026/01/1768527483-Article_images_W900%C3%97500px202601161.webp HTTP/1.1" 200 33780 "http://cqqizhou.com/2464/" "Mozilla/5.0 (Windows NT 10.0; Win64; x64) AppleWebKit/537.36 (KHTML, like Gecko) Chrome/143.0.0.0 Safari/537.36 Edg/143.0.0.0"
14.108.234.163 - - [31/Jan/2026:09:45:10 +0800] "GET /wp-content/uploads/2026/01/1769513871-Article_images_W900%C3%97500px202601273.webp HTTP/1.1" 200 61532 "http://cqqizhou.com/2464/" "Mozilla/5.0 (Windows NT 10.0; Win64; x64) AppleWebKit/537.36 (KHTML, like Gecko) Chrome/143.0.0.0 Safari/537.36 Edg/143.0.0.0"
14.108.234.163 - - [31/Jan/2026:09:45:10 +0800] "GET /wp-content/uploads/2025/12/1766647832-Article_images_W900%C3%97500px20251225.webp HTTP/1.1" 200 44582 "http://cqqizhou.com/2464/" "Mozilla/5.0 (Windows NT 10.0; Win64; x64) AppleWebKit/537.36 (KHTML, like Gecko) Chrome/143.0.0.0 Safari/537.36 Edg/143.0.0.0"
14.108.234.163 - - [31/Jan/2026:09:45:15 +0800] "GET /news/ HTTP/1.1" 200 28184 "http://cqqizhou.com/2464/" "Mozilla/5.0 (Windows NT 10.0; Win64; x64) AppleWebKit/537.36 (KHTML, like Gecko) Chrome/143.0.0.0 Safari/537.36 Edg/143.0.0.0"
14.108.234.163 - - [31/Jan/2026:09:45:15 +0800] "GET /wp-content/uploads/2026/01/1767691466-Article_images_W900%C3%97500px202601061.webp HTTP/1.1" 200 56014 "http://cqqizhou.com/news/" "Mozilla/5.0 (Windows NT 10.0; Win64; x64) AppleWebKit/537.36 (KHTML, like Gecko) Chrome/143.0.0.0 Safari/537.36 Edg/143.0.0.0"
14.108.234.163 - - [31/Jan/2026:09:45:15 +0800] "GET /wp-content/uploads/revslider/slider-1/1750861156-logistics_Slider_3840%C3%972160_20250625191356-scaled.webp HTTP/1.1" 200 197360 "http://cqqizhou.com/news/" "Mozilla/5.0 (Windows NT 10.0; Win64; x64) AppleWebKit/537.36 (KHTML, like Gecko) Chrome/143.0.0.0 Safari/537.36 Edg/143.0.0.0"
14.108.234.163 - - [31/Jan/2026:09:45:15 +0800] "GET /wp-content/uploads/2025/12/1765891413-20251209103501.webp HTTP/1.1" 200 24878 "http://cqqizhou.com/news/" "Mozilla/5.0 (Windows NT 10.0; Win64; x64) AppleWebKit/537.36 (KHTML, like Gecko) Chrome/143.0.0.0 Safari/537.36 Edg/143.0.0.0"
14.108.234.163 - - [31/Jan/2026:09:45:15 +0800] "GET /wp-content/uploads/2025/09/1756868614-20250903104654_74_5.webp HTTP/1.1" 200 47858 "http://cqqizhou.com/news/" "Mozilla/5.0 (Windows NT 10.0; Win64; x64) AppleWebKit/537.36 (KHTML, like Gecko) Chrome/143.0.0.0 Safari/537.36 Edg/143.0.0.0"
14.108.234.163 - - [31/Jan/2026:09:45:15 +0800] "GET /wp-content/uploads/2025/12/1765891153-Article20251216211543.webp HTTP/1.1" 200 43108 "http://cqqizhou.com/news/" "Mozilla/5.0 (Windows NT 10.0; Win64; x64) AppleWebKit/537.36 (KHTML, like Gecko) Chrome/143.0.0.0 Safari/537.36 Edg/143.0.0.0"
14.108.234.163 - - [31/Jan/2026:09:45:15 +0800] "GET /wp-content/uploads/2025/12/1766064629-Article_images_20251218212623.webp HTTP/1.1" 200 20366 "http://cqqizhou.com/news/" "Mozilla/5.0 (Windows NT 10.0; Win64; x64) AppleWebKit/537.36 (KHTML, like Gecko) Chrome/143.0.0.0 Safari/537.36 Edg/143.0.0.0"
14.108.234.163 - - [31/Jan/2026:09:45:15 +0800] "GET /wp-content/uploads/2025/08/1755826456-DSC01841.webp HTTP/1.1" 200 87046 "http://cqqizhou.com/news/" "Mozilla/5.0 (Windows NT 10.0; Win64; x64) AppleWebKit/537.36 (KHTML, like Gecko) Chrome/143.0.0.0 Safari/537.36 Edg/143.0.0.0"
14.108.234.163 - - [31/Jan/2026:09:45:22 +0800] "GET /news/page/3/ HTTP/1.1" 200 26123 "http://cqqizhou.com/news/" "Mozilla/5.0 (Windows NT 10.0; Win64; x64) AppleWebKit/537.36 (KHTML, like Gecko) Chrome/143.0.0.0 Safari/537.36 Edg/143.0.0.0"
14.108.234.163 - - [31/Jan/2026:09:45:22 +0800] "GET /wp-content/uploads/2025/07/1753453719-Article_images1_W900px.webp HTTP/1.1" 200 78234 "http://cqqizhou.com/news/page/3/" "Mozilla/5.0 (Windows NT 10.0; Win64; x64) AppleWebKit/537.36 (KHTML, like Gecko) Chrome/143.0.0.0 Safari/537.36 Edg/143.0.0.0"
14.108.234.163 - - [31/Jan/2026:09:45:28 +0800] "GET /news/page/2/ HTTP/1.1" 200 28041 "http://cqqizhou.com/news/page/3/" "Mozilla/5.0 (Windows NT 10.0; Win64; x64) AppleWebKit/537.36 (KHTML, like Gecko) Chrome/143.0.0.0 Safari/537.36 Edg/143.0.0.0"
14.108.234.163 - - [31/Jan/2026:09:45:28 +0800] "GET /wp-content/uploads/2025/08/1755826390-DSC01765.webp HTTP/1.1" 200 71514 "http://cqqizhou.com/news/page/2/" "Mozilla/5.0 (Windows NT 10.0; Win64; x64) AppleWebKit/537.36 (KHTML, like Gecko) Chrome/143.0.0.0 Safari/537.36 Edg/143.0.0.0"
14.108.234.163 - - [31/Jan/2026:09:45:28 +0800] "GET /wp-content/uploads/2025/07/1753455746-DSC01472.webp HTTP/1.1" 200 31854 "http://cqqizhou.com/news/page/2/" "Mozilla/5.0 (Windows NT 10.0; Win64; x64) AppleWebKit/537.36 (KHTML, like Gecko) Chrome/143.0.0.0 Safari/537.36 Edg/143.0.0.0"
14.108.234.163 - - [31/Jan/2026:09:45:28 +0800] "GET /wp-content/uploads/2025/07/1753453986-Article_images_W900px.webp HTTP/1.1" 200 57364 "http://cqqizhou.com/news/page/2/" "Mozilla/5.0 (Windows NT 10.0; Win64; x64) AppleWebKit/537.36 (KHTML, like Gecko) Chrome/143.0.0.0 Safari/537.36 Edg/143.0.0.0"
14.108.234.163 - - [31/Jan/2026:09:45:28 +0800] "GET /wp-content/uploads/2025/07/1753454299-Article_images_W900px.webp HTTP/1.1" 200 52418 "http://cqqizhou.com/news/page/2/" "Mozilla/5.0 (Windows NT 10.0; Win64; x64) AppleWebKit/537.36 (KHTML, like Gecko) Chrome/143.0.0.0 Safari/537.36 Edg/143.0.0.0"
14.108.234.163 - - [31/Jan/2026:09:45:28 +0800] "GET /wp-content/uploads/2025/12/1766388806-Article_images_202507243.webp HTTP/1.1" 200 38224 "http://cqqizhou.com/news/page/2/" "Mozilla/5.0 (Windows NT 10.0; Win64; x64) AppleWebKit/537.36 (KHTML, like Gecko) Chrome/143.0.0.0 Safari/537.36 Edg/143.0.0.0"
14.108.234.163 - - [31/Jan/2026:09:45:43 +0800] "POST /wp-admin/admin-ajax.php HTTP/1.1" 200 112 "http://cqqizhou.com/wp-admin/post.php?post=2475&action=edit" "Mozilla/5.0 (Windows NT 10.0; Win64; x64) AppleWebKit/537.36 (KHTML, like Gecko) Chrome/143.0.0.0 Safari/537.36 Edg/143.0.0.0"
14.108.234.163 - - [31/Jan/2026:09:45:53 +0800] "POST /wp-admin/admin-ajax.php HTTP/1.1" 200 112 "http://cqqizhou.com/wp-admin/post.php?post=2475&action=edit" "Mozilla/5.0 (Windows NT 10.0; Win64; x64) AppleWebKit/537.36 (KHTML, like Gecko) Chrome/143.0.0.0 Safari/537.36 Edg/143.0.0.0"
