14.108.234.163 - - [31/Jan/2026:09:55:30 +0800] "GET /wp-content/uploads/2025/07/1750671806-partner5_200x50.webp HTTP/1.1" 200 2840 "http://cqqizhou.com/wp-admin/post.php?post=2475&action=edit" "Mozilla/5.0 (Windows NT 10.0; Win64; x64) AppleWebKit/537.36 (KHTML, like Gecko) Chrome/143.0.0.0 Safari/537.36 Edg/143.0.0.0"
14.108.234.163 - - [31/Jan/2026:09:55:30 +0800] "GET /wp-content/uploads/2025/07/1750671803-partner3_200x50.webp HTTP/1.1" 200 4414 "http://cqqizhou.com/wp-admin/post.php?post=2475&action=edit" "Mozilla/5.0 (Windows NT 10.0; Win64; x64) AppleWebKit/537.36 (KHTML, like Gecko) Chrome/143.0.0.0 Safari/537.36 Edg/143.0.0.0"
14.108.234.163 - - [31/Jan/2026:09:55:30 +0800] "GET /wp-content/uploads/2025/07/1750671805-partner4_200x50.webp HTTP/1.1" 200 2390 "http://cqqizhou.com/wp-admin/post.php?post=2475&action=edit" "Mozilla/5.0 (Windows NT 10.0; Win64; x64) AppleWebKit/537.36 (KHTML, like Gecko) Chrome/143.0.0.0 Safari/537.36 Edg/143.0.0.0"
14.108.234.163 - - [31/Jan/2026:09:55:30 +0800] "GET /wp-content/uploads/2025/07/1750671801-partner2_200x50.webp HTTP/1.1" 200 3946 "http://cqqizhou.com/wp-admin/post.php?post=2475&action=edit" "Mozilla/5.0 (Windows NT 10.0; Win64; x64) AppleWebKit/537.36 (KHTML, like Gecko) Chrome/143.0.0.0 Safari/537.36 Edg/143.0.0.0"
14.108.234.163 - - [31/Jan/2026:09:55:30 +0800] "GET /wp-content/uploads/2025/07/1750671800-partner1_200x50.webp HTTP/1.1" 200 2244 "http://cqqizhou.com/wp-admin/post.php?post=2475&action=edit" "Mozilla/5.0 (Windows NT 10.0; Win64; x64) AppleWebKit/537.36 (KHTML, like Gecko) Chrome/143.0.0.0 Safari/537.36 Edg/143.0.0.0"
14.108.234.163 - - [31/Jan/2026:09:55:30 +0800] "GET /wp-content/uploads/2025/07/1750005875-qizhou_map2025616.webp HTTP/1.1" 200 348798 "http://cqqizhou.com/wp-admin/post.php?post=2475&action=edit" "Mozilla/5.0 (Windows NT 10.0; Win64; x64) AppleWebKit/537.36 (KHTML, like Gecko) Chrome/143.0.0.0 Safari/537.36 Edg/143.0.0.0"
14.108.234.163 - - [31/Jan/2026:09:55:30 +0800] "GET /wp-content/uploads/2025/07/1750945650-honor300%C3%97206_6.webp HTTP/1.1" 200 66306 "http://cqqizhou.com/wp-admin/post.php?post=2475&action=edit" "Mozilla/5.0 (Windows NT 10.0; Win64; x64) AppleWebKit/537.36 (KHTML, like Gecko) Chrome/143.0.0.0 Safari/537.36 Edg/143.0.0.0"
14.108.234.163 - - [31/Jan/2026:09:55:30 +0800] "GET /wp-content/uploads/2025/07/1750945637-honor300%C3%97206_5.webp HTTP/1.1" 200 77368 "http://cqqizhou.com/wp-admin/post.php?post=2475&action=edit" "Mozilla/5.0 (Windows NT 10.0; Win64; x64) AppleWebKit/537.36 (KHTML, like Gecko) Chrome/143.0.0.0 Safari/537.36 Edg/143.0.0.0"
14.108.234.163 - - [31/Jan/2026:09:55:30 +0800] "GET /wp-content/uploads/2025/07/1750945616-honor300%C3%97206_4.webp HTTP/1.1" 200 33814 "http://cqqizhou.com/wp-admin/post.php?post=2475&action=edit" "Mozilla/5.0 (Windows NT 10.0; Win64; x64) AppleWebKit/537.36 (KHTML, like Gecko) Chrome/143.0.0.0 Safari/537.36 Edg/143.0.0.0"
14.108.234.163 - - [31/Jan/2026:09:55:30 +0800] "GET /wp-content/uploads/2025/07/1750945514-honor300%C3%97206_3.webp HTTP/1.1" 200 74124 "http://cqqizhou.com/wp-admin/post.php?post=2475&action=edit" "Mozilla/5.0 (Windows NT 10.0; Win64; x64) AppleWebKit/537.36 (KHTML, like Gecko) Chrome/143.0.0.0 Safari/537.36 Edg/143.0.0.0"
14.108.234.163 - - [31/Jan/2026:09:55:30 +0800] "GET /wp-content/uploads/2025/07/1750945444-honor300%C3%97206_2.webp HTTP/1.1" 200 71296 "http://cqqizhou.com/wp-admin/post.php?post=2475&action=edit" "Mozilla/5.0 (Windows NT 10.0; Win64; x64) AppleWebKit/537.36 (KHTML, like Gecko) Chrome/143.0.0.0 Safari/537.36 Edg/143.0.0.0"
14.108.234.163 - - [31/Jan/2026:09:55:30 +0800] "GET /wp-content/uploads/2025/07/1750945417-honor300%C3%97206_1.webp HTTP/1.1" 200 57666 "http://cqqizhou.com/wp-admin/post.php?post=2475&action=edit" "Mozilla/5.0 (Windows NT 10.0; Win64; x64) AppleWebKit/537.36 (KHTML, like Gecko) Chrome/143.0.0.0 Safari/537.36 Edg/143.0.0.0"
14.108.234.163 - - [31/Jan/2026:09:55:30 +0800] "GET /wp-content/uploads/2025/07/1750656103-Visionr2000x800_20250623131702.webp HTTP/1.1" 200 57650 "http://cqqizhou.com/wp-admin/post.php?post=2475&action=edit" "Mozilla/5.0 (Windows NT 10.0; Win64; x64) AppleWebKit/537.36 (KHTML, like Gecko) Chrome/143.0.0.0 Safari/537.36 Edg/143.0.0.0"
14.108.234.163 - - [31/Jan/2026:09:55:30 +0800] "GET /wp-content/uploads/2025/07/1750649803-qizhou800x500_2.webp HTTP/1.1" 200 63616 "http://cqqizhou.com/wp-admin/post.php?post=2475&action=edit" "Mozilla/5.0 (Windows NT 10.0; Win64; x64) AppleWebKit/537.36 (KHTML, like Gecko) Chrome/143.0.0.0 Safari/537.36 Edg/143.0.0.0"
14.108.234.163 - - [31/Jan/2026:09:55:30 +0800] "GET /wp-content/uploads/2025/07/1750649212-qizhou1920x1080_10.webp HTTP/1.1" 200 143362 "http://cqqizhou.com/wp-admin/post.php?post=2475&action=edit" "Mozilla/5.0 (Windows NT 10.0; Win64; x64) AppleWebKit/537.36 (KHTML, like Gecko) Chrome/143.0.0.0 Safari/537.36 Edg/143.0.0.0"
14.108.234.163 - - [31/Jan/2026:09:55:30 +0800] "GET /wp-content/uploads/2025/07/1750649215-qizhou1920x1080_11.webp HTTP/1.1" 200 171642 "http://cqqizhou.com/wp-admin/post.php?post=2475&action=edit" "Mozilla/5.0 (Windows NT 10.0; Win64; x64) AppleWebKit/537.36 (KHTML, like Gecko) Chrome/143.0.0.0 Safari/537.36 Edg/143.0.0.0"
14.108.234.163 - - [31/Jan/2026:09:55:30 +0800] "GET /wp-content/uploads/2025/07/1750649207-qizhou1920x1080_9.webp HTTP/1.1" 200 146108 "http://cqqizhou.com/wp-admin/post.php?post=2475&action=edit" "Mozilla/5.0 (Windows NT 10.0; Win64; x64) AppleWebKit/537.36 (KHTML, like Gecko) Chrome/143.0.0.0 Safari/537.36 Edg/143.0.0.0"
14.108.234.163 - - [31/Jan/2026:09:55:30 +0800] "GET /wp-content/uploads/2025/07/1750649200-qizhou1920x1080_7.webp HTTP/1.1" 200 238866 "http://cqqizhou.com/wp-admin/post.php?post=2475&action=edit" "Mozilla/5.0 (Windows NT 10.0; Win64; x64) AppleWebKit/537.36 (KHTML, like Gecko) Chrome/143.0.0.0 Safari/537.36 Edg/143.0.0.0"
14.108.234.163 - - [31/Jan/2026:09:55:30 +0800] "GET /wp-content/uploads/2025/07/1750649193-qizhou1920x1080_5.webp HTTP/1.1" 200 110214 "http://cqqizhou.com/wp-admin/post.php?post=2475&action=edit" "Mozilla/5.0 (Windows NT 10.0; Win64; x64) AppleWebKit/537.36 (KHTML, like Gecko) Chrome/143.0.0.0 Safari/537.36 Edg/143.0.0.0"
14.108.234.163 - - [31/Jan/2026:09:55:30 +0800] "GET /wp-content/uploads/2025/07/1750649203-qizhou1920x1080_8.webp HTTP/1.1" 200 256782 "http://cqqizhou.com/wp-admin/post.php?post=2475&action=edit" "Mozilla/5.0 (Windows NT 10.0; Win64; x64) AppleWebKit/537.36 (KHTML, like Gecko) Chrome/143.0.0.0 Safari/537.36 Edg/143.0.0.0"
14.108.234.163 - - [31/Jan/2026:09:55:30 +0800] "GET /wp-content/uploads/2025/07/1750649197-qizhou1920x1080_6.webp HTTP/1.1" 200 150354 "http://cqqizhou.com/wp-admin/post.php?post=2475&action=edit" "Mozilla/5.0 (Windows NT 10.0; Win64; x64) AppleWebKit/537.36 (KHTML, like Gecko) Chrome/143.0.0.0 Safari/537.36 Edg/143.0.0.0"
14.108.234.163 - - [31/Jan/2026:09:55:31 +0800] "GET /wp-content/uploads/2025/07/1750649189-qizhou1920x1080_4.webp HTTP/1.1" 200 174962 "http://cqqizhou.com/wp-admin/post.php?post=2475&action=edit" "Mozilla/5.0 (Windows NT 10.0; Win64; x64) AppleWebKit/537.36 (KHTML, like Gecko) Chrome/143.0.0.0 Safari/537.36 Edg/143.0.0.0"
14.108.234.163 - - [31/Jan/2026:09:55:31 +0800] "GET /wp-content/uploads/2025/07/1750649183-qizhou1920x1080_2.webp HTTP/1.1" 200 267936 "http://cqqizhou.com/wp-admin/post.php?post=2475&action=edit" "Mozilla/5.0 (Windows NT 10.0; Win64; x64) AppleWebKit/537.36 (KHTML, like Gecko) Chrome/143.0.0.0 Safari/537.36 Edg/143.0.0.0"
14.108.234.163 - - [31/Jan/2026:09:55:31 +0800] "GET /wp-content/uploads/2025/07/1750649186-qizhou1920x1080_3.webp HTTP/1.1" 200 134070 "http://cqqizhou.com/wp-admin/post.php?post=2475&action=edit" "Mozilla/5.0 (Windows NT 10.0; Win64; x64) AppleWebKit/537.36 (KHTML, like Gecko) Chrome/143.0.0.0 Safari/537.36 Edg/143.0.0.0"
14.108.234.163 - - [31/Jan/2026:09:55:31 +0800] "GET /wp-content/uploads/2025/07/1750649179-qizhou1920x1080_1.webp HTTP/1.1" 200 172154 "http://cqqizhou.com/wp-admin/post.php?post=2475&action=edit" "Mozilla/5.0 (Windows NT 10.0; Win64; x64) AppleWebKit/537.36 (KHTML, like Gecko) Chrome/143.0.0.0 Safari/537.36 Edg/143.0.0.0"
14.108.234.163 - - [31/Jan/2026:09:55:31 +0800] "GET /wp-content/uploads/2025/07/1751209300-Hello-Qizhou3.webp HTTP/1.1" 200 174662 "http://cqqizhou.com/wp-admin/post.php?post=2475&action=edit" "Mozilla/5.0 (Windows NT 10.0; Win64; x64) AppleWebKit/537.36 (KHTML, like Gecko) Chrome/143.0.0.0 Safari/537.36 Edg/143.0.0.0"
14.108.234.163 - - [31/Jan/2026:09:55:31 +0800] "GET /wp-content/uploads/2025/07/1751373145-About_Qizhoudalou_W800px.webp HTTP/1.1" 200 115908 "http://cqqizhou.com/wp-admin/post.php?post=2475&action=edit" "Mozilla/5.0 (Windows NT 10.0; Win64; x64) AppleWebKit/537.36 (KHTML, like Gecko) Chrome/143.0.0.0 Safari/537.36 Edg/143.0.0.0"
14.108.234.163 - - [31/Jan/2026:09:55:31 +0800] "GET /wp-content/uploads/2025/07/1751829454-Smart-warehousing800x500.webp HTTP/1.1" 200 79504 "http://cqqizhou.com/wp-admin/post.php?post=2475&action=edit" "Mozilla/5.0 (Windows NT 10.0; Win64; x64) AppleWebKit/537.36 (KHTML, like Gecko) Chrome/143.0.0.0 Safari/537.36 Edg/143.0.0.0"
14.108.234.163 - - [31/Jan/2026:09:55:31 +0800] "GET /wp-content/uploads/2025/07/1751988544-Logistics-delivery_images_W900%C3%97300.webp HTTP/1.1" 200 26142 "http://cqqizhou.com/wp-admin/post.php?post=2475&action=edit" "Mozilla/5.0 (Windows NT 10.0; Win64; x64) AppleWebKit/537.36 (KHTML, like Gecko) Chrome/143.0.0.0 Safari/537.36 Edg/143.0.0.0"
14.108.234.163 - - [31/Jan/2026:09:55:31 +0800] "GET /wp-content/uploads/2025/07/1751967322-Storage-processing_images_W900%C3%97300.webp HTTP/1.1" 200 23120 "http://cqqizhou.com/wp-admin/post.php?post=2475&action=edit" "Mozilla/5.0 (Windows NT 10.0; Win64; x64) AppleWebKit/537.36 (KHTML, like Gecko) Chrome/143.0.0.0 Safari/537.36 Edg/143.0.0.0"
14.108.234.163 - - [31/Jan/2026:09:55:32 +0800] "POST /wp-admin/admin-ajax.php HTTP/1.1" 200 112 "http://cqqizhou.com/wp-admin/post.php?post=2475&action=edit" "Mozilla/5.0 (Windows NT 10.0; Win64; x64) AppleWebKit/537.36 (KHTML, like Gecko) Chrome/143.0.0.0 Safari/537.36 Edg/143.0.0.0"
14.108.234.163 - - [31/Jan/2026:09:55:38 +0800] "POST /wp-admin/admin-ajax.php HTTP/1.1" 200 2278 "http://cqqizhou.com/wp-admin/post.php?post=2475&action=edit" "Mozilla/5.0 (Windows NT 10.0; Win64; x64) AppleWebKit/537.36 (KHTML, like Gecko) Chrome/143.0.0.0 Safari/537.36 Edg/143.0.0.0"
14.108.234.163 - - [31/Jan/2026:09:55:38 +0800] "GET /wp-content/uploads/revslider/slider-1/1750861156-logistics_Slider_3840%C3%972160_20250625191356-scaled-300x169.webp HTTP/1.1" 200 8152 "http://cqqizhou.com/wp-admin/post.php?post=2475&action=edit" "Mozilla/5.0 (Windows NT 10.0; Win64; x64) AppleWebKit/537.36 (KHTML, like Gecko) Chrome/143.0.0.0 Safari/537.36 Edg/143.0.0.0"
14.108.234.163 - - [31/Jan/2026:09:55:38 +0800] "GET /wp-content/uploads/2025/07/1750174127-Marketing1920x800_3.webp HTTP/1.1" 200 52790 "http://cqqizhou.com/wp-admin/post.php?post=2475&action=edit" "Mozilla/5.0 (Windows NT 10.0; Win64; x64) AppleWebKit/537.36 (KHTML, like Gecko) Chrome/143.0.0.0 Safari/537.36 Edg/143.0.0.0"
14.108.234.163 - - [31/Jan/2026:09:55:38 +0800] "GET /wp-content/uploads/2025/06/1750649801-qizhou800x500_1.webp HTTP/1.1" 200 31270 "http://cqqizhou.com/wp-admin/post.php?post=2475&action=edit" "Mozilla/5.0 (Windows NT 10.0; Win64; x64) AppleWebKit/537.36 (KHTML, like Gecko) Chrome/143.0.0.0 Safari/537.36 Edg/143.0.0.0"
14.108.234.163 - - [31/Jan/2026:09:55:38 +0800] "GET /wp-content/uploads/2025/06/1750755307-qizhoucangku2000x400_2025624.webp HTTP/1.1" 200 45470 "http://cqqizhou.com/wp-admin/post.php?post=2475&action=edit" "Mozilla/5.0 (Windows NT 10.0; Win64; x64) AppleWebKit/537.36 (KHTML, like Gecko) Chrome/143.0.0.0 Safari/537.36 Edg/143.0.0.0"
14.108.234.163 - - [31/Jan/2026:09:55:38 +0800] "GET /wp-content/uploads/2025/06/1750005875-qizhou_map2025616.webp HTTP/1.1" 200 348798 "http://cqqizhou.com/wp-admin/post.php?post=2475&action=edit" "Mozilla/5.0 (Windows NT 10.0; Win64; x64) AppleWebKit/537.36 (KHTML, like Gecko) Chrome/143.0.0.0 Safari/537.36 Edg/143.0.0.0"
14.108.234.163 - - [31/Jan/2026:09:55:41 +0800] "POST /wp-json/wp/v2/posts/2475/autosaves?_locale=user HTTP/1.1" 200 5025 "http://cqqizhou.com/wp-admin/post.php?post=2475&action=edit" "Mozilla/5.0 (Windows NT 10.0; Win64; x64) AppleWebKit/537.36 (KHTML, like Gecko) Chrome/143.0.0.0 Safari/537.36 Edg/143.0.0.0"
14.108.234.163 - - [31/Jan/2026:09:55:42 +0800] "POST /wp-admin/admin-ajax.php HTTP/1.1" 200 112 "http://cqqizhou.com/wp-admin/post.php?post=2475&action=edit" "Mozilla/5.0 (Windows NT 10.0; Win64; x64) AppleWebKit/537.36 (KHTML, like Gecko) Chrome/143.0.0.0 Safari/537.36 Edg/143.0.0.0"
14.108.234.163 - - [31/Jan/2026:09:55:52 +0800] "POST /wp-admin/admin-ajax.php HTTP/1.1" 200 112 "http://cqqizhou.com/wp-admin/post.php?post=2475&action=edit" "Mozilla/5.0 (Windows NT 10.0; Win64; x64) AppleWebKit/537.36 (KHTML, like Gecko) Chrome/143.0.0.0 Safari/537.36 Edg/143.0.0.0"
14.108.234.163 - - [31/Jan/2026:09:56:02 +0800] "POST /wp-admin/admin-ajax.php HTTP/1.1" 200 112 "http://cqqizhou.com/wp-admin/post.php?post=2475&action=edit" "Mozilla/5.0 (Windows NT 10.0; Win64; x64) AppleWebKit/537.36 (KHTML, like Gecko) Chrome/143.0.0.0 Safari/537.36 Edg/143.0.0.0"
36.133.115.36 - - [31/Jan/2026:09:56:08 +0800] "POST /wp-cron.php?doing_wp_cron=1769824568.4316499233245849609375 HTTP/1.1" 200 31 "-" "WordPress/6.9; http://cqqizhou.com"
14.108.234.163 - - [31/Jan/2026:09:56:08 +0800] "GET /wp-json/wp/v2/media/2158?context=view&_locale=user HTTP/1.1" 200 1064 "http://cqqizhou.com/wp-admin/post.php?post=2475&action=edit" "Mozilla/5.0 (Windows NT 10.0; Win64; x64) AppleWebKit/537.36 (KHTML, like Gecko) Chrome/143.0.0.0 Safari/537.36 Edg/143.0.0.0"
14.108.234.163 - - [31/Jan/2026:09:56:08 +0800] "GET /wp-content/uploads/2025/07/1753454089-Article_images_W900px-150x150.webp HTTP/1.1" 200 5292 "http://cqqizhou.com/wp-admin/post.php?post=2475&action=edit" "Mozilla/5.0 (Windows NT 10.0; Win64; x64) AppleWebKit/537.36 (KHTML, like Gecko) Chrome/143.0.0.0 Safari/537.36 Edg/143.0.0.0"
14.108.234.163 - - [31/Jan/2026:09:56:12 +0800] "POST /wp-admin/admin-ajax.php HTTP/1.1" 200 112 "http://cqqizhou.com/wp-admin/post.php?post=2475&action=edit" "Mozilla/5.0 (Windows NT 10.0; Win64; x64) AppleWebKit/537.36 (KHTML, like Gecko) Chrome/143.0.0.0 Safari/537.36 Edg/143.0.0.0"
14.108.234.163 - - [31/Jan/2026:09:56:20 +0800] "GET /wp-json/wp/v2/categories?context=edit&exclude%5B0%5D=1&per_page=1&_locale=user HTTP/1.1" 200 348 "http://cqqizhou.com/wp-admin/post.php?post=2475&action=edit" "Mozilla/5.0 (Windows NT 10.0; Win64; x64) AppleWebKit/537.36 (KHTML, like Gecko) Chrome/143.0.0.0 Safari/537.36 Edg/143.0.0.0"
14.108.234.163 - - [31/Jan/2026:09:56:20 +0800] "GET /wp-json/wp/v2/tags?context=edit&per_page=1&_locale=user HTTP/1.1" 200 319 "http://cqqizhou.com/wp-admin/post.php?post=2475&action=edit" "Mozilla/5.0 (Windows NT 10.0; Win64; x64) AppleWebKit/537.36 (KHTML, like Gecko) Chrome/143.0.0.0 Safari/537.36 Edg/143.0.0.0"
14.108.234.163 - - [31/Jan/2026:09:56:20 +0800] "GET /wp-json/wp/v2/categories/1?context=edit&_locale=user HTTP/1.1" 200 334 "http://cqqizhou.com/wp-admin/post.php?post=2475&action=edit" "Mozilla/5.0 (Windows NT 10.0; Win64; x64) AppleWebKit/537.36 (KHTML, like Gecko) Chrome/143.0.0.0 Safari/537.36 Edg/143.0.0.0"
14.108.234.163 - - [31/Jan/2026:09:56:21 +0800] "GET /wp-json/wp/v2/taxonomies/post_tag?context=edit&_locale=user HTTP/1.1" 200 1048 "http://cqqizhou.com/wp-admin/post.php?post=2475&action=edit" "Mozilla/5.0 (Windows NT 10.0; Win64; x64) AppleWebKit/537.36 (KHTML, like Gecko) Chrome/143.0.0.0 Safari/537.36 Edg/143.0.0.0"
14.108.234.163 - - [31/Jan/2026:09:56:22 +0800] "POST /wp-admin/admin-ajax.php HTTP/1.1" 200 112 "http://cqqizhou.com/wp-admin/post.php?post=2475&action=edit" "Mozilla/5.0 (Windows NT 10.0; Win64; x64) AppleWebKit/537.36 (KHTML, like Gecko) Chrome/143.0.0.0 Safari/537.36 Edg/143.0.0.0"
14.108.234.163 - - [31/Jan/2026:09:56:23 +0800] "POST /wp-json/wp/v2/posts/2475?_locale=user HTTP/1.1" 200 5694 "http://cqqizhou.com/wp-admin/post.php?post=2475&action=edit" "Mozilla/5.0 (Windows NT 10.0; Win64; x64) AppleWebKit/537.36 (KHTML, like Gecko) Chrome/143.0.0.0 Safari/537.36 Edg/143.0.0.0"
14.108.234.163 - - [31/Jan/2026:09:56:24 +0800] "POST /wp-admin/post.php?post=2475&action=edit&meta-box-loader=1&meta-box-loader-nonce=518d06ab85&_locale=user HTTP/1.1" 302 5 "http://cqqizhou.com/wp-admin/post.php?post=2475&action=edit" "Mozilla/5.0 (Windows NT 10.0; Win64; x64) AppleWebKit/537.36 (KHTML, like Gecko) Chrome/143.0.0.0 Safari/537.36 Edg/143.0.0.0"
14.108.234.163 - - [31/Jan/2026:09:56:26 +0800] "GET /wp-admin/post.php?post=2475&action=edit&message=4 HTTP/1.1" 200 208440 "http://cqqizhou.com/wp-admin/post.php?post=2475&action=edit" "Mozilla/5.0 (Windows NT 10.0; Win64; x64) AppleWebKit/537.36 (KHTML, like Gecko) Chrome/143.0.0.0 Safari/537.36 Edg/143.0.0.0"
14.108.234.163 - - [31/Jan/2026:09:56:29 +0800] "GET /2475/ HTTP/1.1" 200 30217 "http://cqqizhou.com/wp-admin/post.php?post=2475&action=edit" "Mozilla/5.0 (Windows NT 10.0; Win64; x64) AppleWebKit/537.36 (KHTML, like Gecko) Chrome/143.0.0.0 Safari/537.36 Edg/143.0.0.0"
14.108.234.163 - - [31/Jan/2026:09:56:32 +0800] "POST /wp-admin/admin-ajax.php HTTP/1.1" 200 112 "http://cqqizhou.com/wp-admin/post.php?post=2475&action=edit" "Mozilla/5.0 (Windows NT 10.0; Win64; x64) AppleWebKit/537.36 (KHTML, like Gecko) Chrome/143.0.0.0 Safari/537.36 Edg/143.0.0.0"
14.108.234.163 - - [31/Jan/2026:09:56:49 +0800] "GET /news/ HTTP/1.1" 200 28210 "http://cqqizhou.com/2475/" "Mozilla/5.0 (Windows NT 10.0; Win64; x64) AppleWebKit/537.36 (KHTML, like Gecko) Chrome/143.0.0.0 Safari/537.36 Edg/143.0.0.0"
14.108.234.163 - - [31/Jan/2026:09:56:55 +0800] "POST /wp-admin/admin-ajax.php HTTP/1.1" 200 112 "http://cqqizhou.com/wp-admin/post.php?post=2475&action=edit" "Mozilla/5.0 (Windows NT 10.0; Win64; x64) AppleWebKit/537.36 (KHTML, like Gecko) Chrome/143.0.0.0 Safari/537.36 Edg/143.0.0.0"
14.108.234.163 - - [31/Jan/2026:09:57:05 +0800] "POST /wp-admin/admin-ajax.php HTTP/1.1" 200 112 "http://cqqizhou.com/wp-admin/post.php?post=2475&action=edit" "Mozilla/5.0 (Windows NT 10.0; Win64; x64) AppleWebKit/537.36 (KHTML, like Gecko) Chrome/143.0.0.0 Safari/537.36 Edg/143.0.0.0"
36.133.115.36 - - [31/Jan/2026:09:57:15 +0800] "POST /wp-cron.php?doing_wp_cron=1769824635.0201210975646972656250 HTTP/1.1" 200 31 "-" "WordPress/6.9; http://cqqizhou.com"
14.108.234.163 - - [31/Jan/2026:09:57:15 +0800] "POST /wp-admin/admin-ajax.php HTTP/1.1" 200 112 "http://cqqizhou.com/wp-admin/post.php?post=2475&action=edit" "Mozilla/5.0 (Windows NT 10.0; Win64; x64) AppleWebKit/537.36 (KHTML, like Gecko) Chrome/143.0.0.0 Safari/537.36 Edg/143.0.0.0"
14.108.234.163 - - [31/Jan/2026:09:57:25 +0800] "POST /wp-admin/admin-ajax.php HTTP/1.1" 200 112 "http://cqqizhou.com/wp-admin/post.php?post=2475&action=edit" "Mozilla/5.0 (Windows NT 10.0; Win64; x64) AppleWebKit/537.36 (KHTML, like Gecko) Chrome/143.0.0.0 Safari/537.36 Edg/143.0.0.0"
14.108.234.163 - - [31/Jan/2026:09:57:35 +0800] "POST /wp-admin/admin-ajax.php HTTP/1.1" 200 112 "http://cqqizhou.com/wp-admin/post.php?post=2475&action=edit" "Mozilla/5.0 (Windows NT 10.0; Win64; x64) AppleWebKit/537.36 (KHTML, like Gecko) Chrome/143.0.0.0 Safari/537.36 Edg/143.0.0.0"
14.108.234.163 - - [31/Jan/2026:09:57:42 +0800] "POST /wp-json/wp/v2/posts/2475/autosaves?_locale=user HTTP/1.1" 200 5098 "http://cqqizhou.com/wp-admin/post.php?post=2475&action=edit" "Mozilla/5.0 (Windows NT 10.0; Win64; x64) AppleWebKit/537.36 (KHTML, like Gecko) Chrome/143.0.0.0 Safari/537.36 Edg/143.0.0.0"
14.108.234.163 - - [31/Jan/2026:09:57:45 +0800] "POST /wp-admin/admin-ajax.php HTTP/1.1" 200 112 "http://cqqizhou.com/wp-admin/post.php?post=2475&action=edit" "Mozilla/5.0 (Windows NT 10.0; Win64; x64) AppleWebKit/537.36 (KHTML, like Gecko) Chrome/143.0.0.0 Safari/537.36 Edg/143.0.0.0"
14.108.234.163 - - [31/Jan/2026:09:57:55 +0800] "POST /wp-admin/admin-ajax.php HTTP/1.1" 200 112 "http://cqqizhou.com/wp-admin/post.php?post=2475&action=edit" "Mozilla/5.0 (Windows NT 10.0; Win64; x64) AppleWebKit/537.36 (KHTML, like Gecko) Chrome/143.0.0.0 Safari/537.36 Edg/143.0.0.0"
14.108.234.163 - - [31/Jan/2026:09:58:05 +0800] "POST /wp-admin/admin-ajax.php HTTP/1.1" 200 112 "http://cqqizhou.com/wp-admin/post.php?post=2475&action=edit" "Mozilla/5.0 (Windows NT 10.0; Win64; x64) AppleWebKit/537.36 (KHTML, like Gecko) Chrome/143.0.0.0 Safari/537.36 Edg/143.0.0.0"
36.133.115.36 - - [31/Jan/2026:09:58:15 +0800] "POST /wp-cron.php?doing_wp_cron=1769824695.0625679492950439453125 HTTP/1.1" 200 31 "-" "WordPress/6.9; http://cqqizhou.com"
14.108.234.163 - - [31/Jan/2026:09:58:15 +0800] "POST /wp-admin/admin-ajax.php HTTP/1.1" 200 112 "http://cqqizhou.com/wp-admin/post.php?post=2475&action=edit" "Mozilla/5.0 (Windows NT 10.0; Win64; x64) AppleWebKit/537.36 (KHTML, like Gecko) Chrome/143.0.0.0 Safari/537.36 Edg/143.0.0.0"
14.108.234.163 - - [31/Jan/2026:09:58:25 +0800] "POST /wp-admin/admin-ajax.php HTTP/1.1" 200 112 "http://cqqizhou.com/wp-admin/post.php?post=2475&action=edit" "Mozilla/5.0 (Windows NT 10.0; Win64; x64) AppleWebKit/537.36 (KHTML, like Gecko) Chrome/143.0.0.0 Safari/537.36 Edg/143.0.0.0"
14.108.234.163 - - [31/Jan/2026:09:58:35 +0800] "POST /wp-admin/admin-ajax.php HTTP/1.1" 200 112 "http://cqqizhou.com/wp-admin/post.php?post=2475&action=edit" "Mozilla/5.0 (Windows NT 10.0; Win64; x64) AppleWebKit/537.36 (KHTML, like Gecko) Chrome/143.0.0.0 Safari/537.36 Edg/143.0.0.0"
14.108.234.163 - - [31/Jan/2026:09:58:45 +0800] "POST /wp-admin/admin-ajax.php HTTP/1.1" 200 112 "http://cqqizhou.com/wp-admin/post.php?post=2475&action=edit" "Mozilla/5.0 (Windows NT 10.0; Win64; x64) AppleWebKit/537.36 (KHTML, like Gecko) Chrome/143.0.0.0 Safari/537.36 Edg/143.0.0.0"
14.108.234.163 - - [31/Jan/2026:09:58:55 +0800] "POST /wp-admin/admin-ajax.php HTTP/1.1" 200 112 "http://cqqizhou.com/wp-admin/post.php?post=2475&action=edit" "Mozilla/5.0 (Windows NT 10.0; Win64; x64) AppleWebKit/537.36 (KHTML, like Gecko) Chrome/143.0.0.0 Safari/537.36 Edg/143.0.0.0"
14.108.234.163 - - [31/Jan/2026:09:59:04 +0800] "GET /wp-json/wp/v2/tags?context=view&per_page=100&_fields=id%2Cname&search=b&_locale=user HTTP/1.1" 200 33 "http://cqqizhou.com/wp-admin/post.php?post=2475&action=edit" "Mozilla/5.0 (Windows NT 10.0; Win64; x64) AppleWebKit/537.36 (KHTML, like Gecko) Chrome/143.0.0.0 Safari/537.36 Edg/143.0.0.0"
14.108.234.163 - - [31/Jan/2026:09:59:05 +0800] "POST /wp-admin/admin-ajax.php HTTP/1.1" 200 112 "http://cqqizhou.com/wp-admin/post.php?post=2475&action=edit" "Mozilla/5.0 (Windows NT 10.0; Win64; x64) AppleWebKit/537.36 (KHTML, like Gecko) Chrome/143.0.0.0 Safari/537.36 Edg/143.0.0.0"
14.108.234.163 - - [31/Jan/2026:09:59:05 +0800] "GET /wp-json/wp/v2/tags?context=view&per_page=100&_fields=id%2Cname&search=b%27l%27d&_locale=user HTTP/1.1" 200 33 "http://cqqizhou.com/wp-admin/post.php?post=2475&action=edit" "Mozilla/5.0 (Windows NT 10.0; Win64; x64) AppleWebKit/537.36 (KHTML, like Gecko) Chrome/143.0.0.0 Safari/537.36 Edg/143.0.0.0"
14.108.234.163 - - [31/Jan/2026:09:59:06 +0800] "GET /wp-json/wp/v2/tags?context=view&per_page=100&_fields=id%2Cname&search=%E5%8D%9A%E8%81%94%E8%BE%BE&_locale=user HTTP/1.1" 200 33 "http://cqqizhou.com/wp-admin/post.php?post=2475&action=edit" "Mozilla/5.0 (Windows NT 10.0; Win64; x64) AppleWebKit/537.36 (KHTML, like Gecko) Chrome/143.0.0.0 Safari/537.36 Edg/143.0.0.0"
36.133.115.36 - - [31/Jan/2026:09:59:12 +0800] "POST /wp-cron.php?doing_wp_cron=1769824752.2558870315551757812500 HTTP/1.1" 200 31 "-" "WordPress/6.9; http://cqqizhou.com"
14.108.234.163 - - [31/Jan/2026:09:59:12 +0800] "POST /wp-json/wp/v2/tags?_locale=user HTTP/1.1" 201 667 "http://cqqizhou.com/wp-admin/post.php?post=2475&action=edit" "Mozilla/5.0 (Windows NT 10.0; Win64; x64) AppleWebKit/537.36 (KHTML, like Gecko) Chrome/143.0.0.0 Safari/537.36 Edg/143.0.0.0"
14.108.234.163 - - [31/Jan/2026:09:59:12 +0800] "GET /wp-json/wp/v2/tags?context=view&per_page=100&_fields=id%2Cname&include=37&_locale=user HTTP/1.1" 200 68 "http://cqqizhou.com/wp-admin/post.php?post=2475&action=edit" "Mozilla/5.0 (Windows NT 10.0; Win64; x64) AppleWebKit/537.36 (KHTML, like Gecko) Chrome/143.0.0.0 Safari/537.36 Edg/143.0.0.0"
14.108.234.163 - - [31/Jan/2026:09:59:12 +0800] "GET /wp-json/wp/v2/tags?context=view&per_page=100&_fields=id%2Cname&search=%E5%8D%9A%E8%81%94%E8%BE%BE&_locale=user HTTP/1.1" 200 68 "http://cqqizhou.com/wp-admin/post.php?post=2475&action=edit" "Mozilla/5.0 (Windows NT 10.0; Win64; x64) AppleWebKit/537.36 (KHTML, like Gecko) Chrome/143.0.0.0 Safari/537.36 Edg/143.0.0.0"
14.108.234.163 - - [31/Jan/2026:09:59:12 +0800] "GET /wp-json/wp/v2/tags?context=view&per_page=10&orderby=count&order=desc&hide_empty=true&_fields=id%2Cname%2Ccount&_locale=user HTTP/1.1" 200 33 "http://cqqizhou.com/wp-admin/post.php?post=2475&action=edit" "Mozilla/5.0 (Windows NT 10.0; Win64; x64) AppleWebKit/537.36 (KHTML, like Gecko) Chrome/143.0.0.0 Safari/537.36 Edg/143.0.0.0"
14.108.234.163 - - [31/Jan/2026:09:59:15 +0800] "POST /wp-admin/admin-ajax.php HTTP/1.1" 200 112 "http://cqqizhou.com/wp-admin/post.php?post=2475&action=edit" "Mozilla/5.0 (Windows NT 10.0; Win64; x64) AppleWebKit/537.36 (KHTML, like Gecko) Chrome/143.0.0.0 Safari/537.36 Edg/143.0.0.0"
14.108.234.163 - - [31/Jan/2026:09:59:25 +0800] "POST /wp-admin/admin-ajax.php HTTP/1.1" 200 112 "http://cqqizhou.com/wp-admin/post.php?post=2475&action=edit" "Mozilla/5.0 (Windows NT 10.0; Win64; x64) AppleWebKit/537.36 (KHTML, like Gecko) Chrome/143.0.0.0 Safari/537.36 Edg/143.0.0.0"
14.108.234.163 - - [31/Jan/2026:09:59:35 +0800] "POST /wp-admin/admin-ajax.php HTTP/1.1" 200 112 "http://cqqizhou.com/wp-admin/post.php?post=2475&action=edit" "Mozilla/5.0 (Windows NT 10.0; Win64; x64) AppleWebKit/537.36 (KHTML, like Gecko) Chrome/143.0.0.0 Safari/537.36 Edg/143.0.0.0"
14.108.234.163 - - [31/Jan/2026:09:59:37 +0800] "GET /wp-json/wp/v2/tags?context=view&per_page=100&_fields=id%2Cname&search=%E7%89%A9%E6%B5%81&_locale=user HTTP/1.1" 200 33 "http://cqqizhou.com/wp-admin/post.php?post=2475&action=edit" "Mozilla/5.0 (Windows NT 10.0; Win64; x64) AppleWebKit/537.36 (KHTML, like Gecko) Chrome/143.0.0.0 Safari/537.36 Edg/143.0.0.0"
14.108.234.163 - - [31/Jan/2026:09:59:38 +0800] "POST /wp-json/wp/v2/tags?_locale=user HTTP/1.1" 201 643 "http://cqqizhou.com/wp-admin/post.php?post=2475&action=edit" "Mozilla/5.0 (Windows NT 10.0; Win64; x64) AppleWebKit/537.36 (KHTML, like Gecko) Chrome/143.0.0.0 Safari/537.36 Edg/143.0.0.0"
14.108.234.163 - - [31/Jan/2026:09:59:39 +0800] "GET /wp-json/wp/v2/tags?context=view&per_page=100&_fields=id%2Cname&search=%E7%89%A9%E6%B5%81&_locale=user HTTP/1.1" 200 64 "http://cqqizhou.com/wp-admin/post.php?post=2475&action=edit" "Mozilla/5.0 (Windows NT 10.0; Win64; x64) AppleWebKit/537.36 (KHTML, like Gecko) Chrome/143.0.0.0 Safari/537.36 Edg/143.0.0.0"
14.108.234.163 - - [31/Jan/2026:09:59:39 +0800] "GET /wp-json/wp/v2/tags?context=view&per_page=100&_fields=id%2Cname&include=37&_locale=user HTTP/1.1" 200 68 "http://cqqizhou.com/wp-admin/post.php?post=2475&action=edit" "Mozilla/5.0 (Windows NT 10.0; Win64; x64) AppleWebKit/537.36 (KHTML, like Gecko) Chrome/143.0.0.0 Safari/537.36 Edg/143.0.0.0"
14.108.234.163 - - [31/Jan/2026:09:59:39 +0800] "GET /wp-json/wp/v2/tags?context=view&per_page=10&orderby=count&order=desc&hide_empty=true&_fields=id%2Cname%2Ccount&_locale=user HTTP/1.1" 200 33 "http://cqqizhou.com/wp-admin/post.php?post=2475&action=edit" "Mozilla/5.0 (Windows NT 10.0; Win64; x64) AppleWebKit/537.36 (KHTML, like Gecko) Chrome/143.0.0.0 Safari/537.36 Edg/143.0.0.0"
14.108.234.163 - - [31/Jan/2026:09:59:39 +0800] "GET /wp-json/wp/v2/tags?context=view&per_page=100&_fields=id%2Cname&include=37%2C38&_locale=user HTTP/1.1" 200 86 "http://cqqizhou.com/wp-admin/post.php?post=2475&action=edit" "Mozilla/5.0 (Windows NT 10.0; Win64; x64) AppleWebKit/537.36 (KHTML, like Gecko) Chrome/143.0.0.0 Safari/537.36 Edg/143.0.0.0"
14.108.234.163 - - [31/Jan/2026:09:59:42 +0800] "POST /wp-json/wp/v2/posts/2475/autosaves?_locale=user HTTP/1.1" 200 5098 "http://cqqizhou.com/wp-admin/post.php?post=2475&action=edit" "Mozilla/5.0 (Windows NT 10.0; Win64; x64) AppleWebKit/537.36 (KHTML, like Gecko) Chrome/143.0.0.0 Safari/537.36 Edg/143.0.0.0"
14.108.234.163 - - [31/Jan/2026:09:59:45 +0800] "POST /wp-admin/admin-ajax.php HTTP/1.1" 200 112 "http://cqqizhou.com/wp-admin/post.php?post=2475&action=edit" "Mozilla/5.0 (Windows NT 10.0; Win64; x64) AppleWebKit/537.36 (KHTML, like Gecko) Chrome/143.0.0.0 Safari/537.36 Edg/143.0.0.0"
52.167.144.172 - - [31/Jan/2026:09:59:52 +0800] "GET /news/page/3/ HTTP/1.1" 200 21648 "-" "Mozilla/5.0 AppleWebKit/537.36 (KHTML, like Gecko; compatible; bingbot/2.0; +http://www.bing.com/bingbot.htm) Chrome/116.0.1938.76 Safari/537.36"
14.108.234.163 - - [31/Jan/2026:09:59:55 +0800] "POST /wp-admin/admin-ajax.php HTTP/1.1" 200 112 "http://cqqizhou.com/wp-admin/post.php?post=2475&action=edit" "Mozilla/5.0 (Windows NT 10.0; Win64; x64) AppleWebKit/537.36 (KHTML, like Gecko) Chrome/143.0.0.0 Safari/537.36 Edg/143.0.0.0"
14.108.234.163 - - [31/Jan/2026:09:59:57 +0800] "POST /wp-json/wp/v2/posts/2475?_locale=user HTTP/1.1" 200 5711 "http://cqqizhou.com/wp-admin/post.php?post=2475&action=edit" "Mozilla/5.0 (Windows NT 10.0; Win64; x64) AppleWebKit/537.36 (KHTML, like Gecko) Chrome/143.0.0.0 Safari/537.36 Edg/143.0.0.0"
14.108.234.163 - - [31/Jan/2026:09:59:58 +0800] "POST /wp-admin/post.php?post=2475&action=edit&meta-box-loader=1&meta-box-loader-nonce=518d06ab85&_locale=user HTTP/1.1" 302 5 "http://cqqizhou.com/wp-admin/post.php?post=2475&action=edit" "Mozilla/5.0 (Windows NT 10.0; Win64; x64) AppleWebKit/537.36 (KHTML, like Gecko) Chrome/143.0.0.0 Safari/537.36 Edg/143.0.0.0"
14.108.234.163 - - [31/Jan/2026:10:00:00 +0800] "GET /wp-admin/post.php?post=2475&action=edit&message=4 HTTP/1.1" 200 213444 "http://cqqizhou.com/wp-admin/post.php?post=2475&action=edit" "Mozilla/5.0 (Windows NT 10.0; Win64; x64) AppleWebKit/537.36 (KHTML, like Gecko) Chrome/143.0.0.0 Safari/537.36 Edg/143.0.0.0"
14.108.234.163 - - [31/Jan/2026:10:00:05 +0800] "POST /wp-admin/admin-ajax.php HTTP/1.1" 200 112 "http://cqqizhou.com/wp-admin/post.php?post=2475&action=edit" "Mozilla/5.0 (Windows NT 10.0; Win64; x64) AppleWebKit/537.36 (KHTML, like Gecko) Chrome/143.0.0.0 Safari/537.36 Edg/143.0.0.0"
14.108.234.163 - - [31/Jan/2026:10:00:07 +0800] "GET /logistics/ HTTP/1.1" 200 33128 "http://cqqizhou.com/news/" "Mozilla/5.0 (Windows NT 10.0; Win64; x64) AppleWebKit/537.36 (KHTML, like Gecko) Chrome/143.0.0.0 Safari/537.36 Edg/143.0.0.0"
36.133.115.36 - - [31/Jan/2026:10:00:08 +0800] "POST /wp-cron.php?doing_wp_cron=1769824808.4142789840698242187500 HTTP/1.1" 200 31 "-" "WordPress/6.9; http://cqqizhou.com"
14.108.234.163 - - [31/Jan/2026:10:00:08 +0800] "GET /wp-json/contact-form-7/v1/contact-forms/1444/feedback/schema HTTP/1.1" 200 270 "http://cqqizhou.com/logistics/" "Mozilla/5.0 (Windows NT 10.0; Win64; x64) AppleWebKit/537.36 (KHTML, like Gecko) Chrome/143.0.0.0 Safari/537.36 Edg/143.0.0.0"
14.108.234.163 - - [31/Jan/2026:10:00:08 +0800] "GET /wp-json/contact-form-7/v1/contact-forms/1444/refill HTTP/1.1" 200 33 "http://cqqizhou.com/logistics/" "Mozilla/5.0 (Windows NT 10.0; Win64; x64) AppleWebKit/537.36 (KHTML, like Gecko) Chrome/143.0.0.0 Safari/537.36 Edg/143.0.0.0"
207.46.13.102 - - [31/Jan/2026:10:00:20 +0800] "GET /wp-content/uploads/2025/12/1766388806-Article_images_202507243.webp HTTP/1.1" 200 38224 "-" "Mozilla/5.0 AppleWebKit/537.36 (KHTML, like Gecko; compatible; bingbot/2.0; +http://www.bing.com/bingbot.htm) Chrome/116.0.1938.76 Safari/537.36"
52.167.144.172 - - [31/Jan/2026:10:00:24 +0800] "GET /wp-content/uploads/2025/07/1753453719-Article_images1_W900px.webp HTTP/1.1" 200 78234 "-" "Mozilla/5.0 AppleWebKit/537.36 (KHTML, like Gecko; compatible; bingbot/2.0; +http://www.bing.com/bingbot.htm) Chrome/116.0.1938.76 Safari/537.36"
14.108.234.163 - - [31/Jan/2026:10:00:37 +0800] "GET /wp-content/uploads/2026/01/1767534396-17.5%E7%B1%B3%E5%B9%B3%E6%9D%BF%E8%B4%A7%E8%BD%A6.webp HTTP/1.1" 200 118248 "http://cqqizhou.com/logistics/" "Mozilla/5.0 (Windows NT 10.0; Win64; x64) AppleWebKit/537.36 (KHTML, like Gecko) Chrome/143.0.0.0 Safari/537.36 Edg/143.0.0.0"
14.108.234.163 - - [31/Jan/2026:10:00:37 +0800] "GET /wp-content/uploads/2026/01/1767534398-6.8%E7%B1%B3%E9%AB%98%E6%A0%8F%E8%B4%A7%E8%BD%A6.webp HTTP/1.1" 200 113794 "http://cqqizhou.com/logistics/" "Mozilla/5.0 (Windows NT 10.0; Win64; x64) AppleWebKit/537.36 (KHTML, like Gecko) Chrome/143.0.0.0 Safari/537.36 Edg/143.0.0.0"
14.108.234.163 - - [31/Jan/2026:10:00:37 +0800] "GET /wp-content/uploads/2026/01/1767534397-4.2%E7%B1%B3%E4%BD%8E%E6%A0%8F%E8%B4%A7%E8%BD%A6.webp HTTP/1.1" 200 91652 "http://cqqizhou.com/logistics/" "Mozilla/5.0 (Windows NT 10.0; Win64; x64) AppleWebKit/537.36 (KHTML, like Gecko) Chrome/143.0.0.0 Safari/537.36 Edg/143.0.0.0"
14.108.234.163 - - [31/Jan/2026:10:00:40 +0800] "GET /wp-content/uploads/2026/01/1767618076-Logistics_BG2508.webp HTTP/1.1" 200 94788 "http://cqqizhou.com/wp-content/uploads/elementor/css/post-1959.css?ver=1769566905" "Mozilla/5.0 (Windows NT 10.0; Win64; x64) AppleWebKit/537.36 (KHTML, like Gecko) Chrome/143.0.0.0 Safari/537.36 Edg/143.0.0.0"
36.133.115.36 - - [31/Jan/2026:10:02:06 +0800] "POST /wp-cron.php?doing_wp_cron=1769824926.9534780979156494140625 HTTP/1.1" 200 31 "-" "WordPress/6.9; http://cqqizhou.com"
14.108.234.163 - - [31/Jan/2026:10:02:06 +0800] "POST /wp-admin/admin-ajax.php HTTP/1.1" 200 112 "http://cqqizhou.com/wp-admin/post.php?post=2475&action=edit" "Mozilla/5.0 (Windows NT 10.0; Win64; x64) AppleWebKit/537.36 (KHTML, like Gecko) Chrome/143.0.0.0 Safari/537.36 Edg/143.0.0.0"
36.133.115.36 - - [31/Jan/2026:10:04:07 +0800] "POST /wp-cron.php?doing_wp_cron=1769825047.9201819896697998046875 HTTP/1.1" 200 31 "-" "WordPress/6.9; http://cqqizhou.com"
14.108.234.163 - - [31/Jan/2026:10:04:07 +0800] "POST /wp-admin/admin-ajax.php HTTP/1.1" 200 112 "http://cqqizhou.com/wp-admin/post.php?post=2475&action=edit" "Mozilla/5.0 (Windows NT 10.0; Win64; x64) AppleWebKit/537.36 (KHTML, like Gecko) Chrome/143.0.0.0 Safari/537.36 Edg/143.0.0.0"
36.133.115.36 - - [31/Jan/2026:10:06:00 +0800] "POST /wp-cron.php?doing_wp_cron=1769825160.1021220684051513671875 HTTP/1.1" 200 31 "-" "WordPress/6.9; http://cqqizhou.com"
66.249.74.135 - - [31/Jan/2026:10:06:00 +0800] "GET /2464/ HTTP/1.1" 200 19480 "-" "Mozilla/5.0 (Linux; Android 6.0.1; Nexus 5X Build/MMB29P) AppleWebKit/537.36 (KHTML, like Gecko) Chrome/143.0.7499.192 Mobile Safari/537.36 (compatible; Googlebot/2.1; +http://www.google.com/bot.html)"
36.133.115.36 - - [31/Jan/2026:10:06:09 +0800] "POST /wp-cron.php?doing_wp_cron=1769825169.0026519298553466796875 HTTP/1.1" 200 31 "-" "WordPress/6.9; http://cqqizhou.com"
14.108.234.163 - - [31/Jan/2026:10:06:09 +0800] "POST /wp-admin/admin-ajax.php HTTP/1.1" 200 112 "http://cqqizhou.com/wp-admin/post.php?post=2475&action=edit" "Mozilla/5.0 (Windows NT 10.0; Win64; x64) AppleWebKit/537.36 (KHTML, like Gecko) Chrome/143.0.0.0 Safari/537.36 Edg/143.0.0.0"
14.108.234.163 - - [31/Jan/2026:10:06:29 +0800] "POST /wp-admin/admin-ajax.php HTTP/1.1" 200 112 "http://cqqizhou.com/wp-admin/post.php?post=2475&action=edit" "Mozilla/5.0 (Windows NT 10.0; Win64; x64) AppleWebKit/537.36 (KHTML, like Gecko) Chrome/143.0.0.0 Safari/537.36 Edg/143.0.0.0"
14.108.234.163 - - [31/Jan/2026:10:06:34 +0800] "GET /2475/ HTTP/1.1" 200 30919 "http://cqqizhou.com/wp-admin/post.php?post=2475&action=edit" "Mozilla/5.0 (Windows NT 10.0; Win64; x64) AppleWebKit/537.36 (KHTML, like Gecko) Chrome/143.0.0.0 Safari/537.36 Edg/143.0.0.0"
14.108.234.163 - - [31/Jan/2026:10:06:34 +0800] "GET /wp-content/uploads/2025/07/1753454299-Article_images_W900px.webp HTTP/1.1" 200 52418 "http://cqqizhou.com/2475/" "Mozilla/5.0 (Windows NT 10.0; Win64; x64) AppleWebKit/537.36 (KHTML, like Gecko) Chrome/143.0.0.0 Safari/537.36 Edg/143.0.0.0"
14.108.234.163 - - [31/Jan/2026:10:06:39 +0800] "POST /wp-admin/admin-ajax.php HTTP/1.1" 200 112 "http://cqqizhou.com/wp-admin/post.php?post=2475&action=edit" "Mozilla/5.0 (Windows NT 10.0; Win64; x64) AppleWebKit/537.36 (KHTML, like Gecko) Chrome/143.0.0.0 Safari/537.36 Edg/143.0.0.0"
36.133.115.36 - - [31/Jan/2026:10:07:57 +0800] "POST /wp-cron.php?doing_wp_cron=1769825277.5974979400634765625000 HTTP/1.1" 200 31 "-" "WordPress/6.9; http://cqqizhou.com"
14.108.234.163 - - [31/Jan/2026:10:07:57 +0800] "GET /media/ HTTP/1.1" 200 33391 "http://cqqizhou.com/logistics/" "Mozilla/5.0 (Windows NT 10.0; Win64; x64) AppleWebKit/537.36 (KHTML, like Gecko) Chrome/143.0.0.0 Safari/537.36 Edg/143.0.0.0"
14.108.234.163 - - [31/Jan/2026:10:07:57 +0800] "GET /wp-content/uploads/2025/11/1762861549-%E5%85%A8%E6%99%AF%E5%90%AF%E8%88%9F%E5%9D%A4%E7%85%8C%E5%BA%93.webp HTTP/1.1" 200 18812 "http://cqqizhou.com/media/" "Mozilla/5.0 (Windows NT 10.0; Win64; x64) AppleWebKit/537.36 (KHTML, like Gecko) Chrome/143.0.0.0 Safari/537.36 Edg/143.0.0.0"
14.108.234.163 - - [31/Jan/2026:10:07:57 +0800] "GET /wp-content/uploads/2025/11/1762861550-%E4%B8%87%E5%98%89%E7%9B%9B%E5%BA%93%E5%85%A8%E6%99%AF%E5%9B%BE.webp HTTP/1.1" 200 24278 "http://cqqizhou.com/media/" "Mozilla/5.0 (Windows NT 10.0; Win64; x64) AppleWebKit/537.36 (KHTML, like Gecko) Chrome/143.0.0.0 Safari/537.36 Edg/143.0.0.0"
14.108.234.163 - - [31/Jan/2026:10:07:57 +0800] "GET /wp-content/uploads/media/qizhou_Brochure.webp HTTP/1.1" 200 26142 "http://cqqizhou.com/media/" "Mozilla/5.0 (Windows NT 10.0; Win64; x64) AppleWebKit/537.36 (KHTML, like Gecko) Chrome/143.0.0.0 Safari/537.36 Edg/143.0.0.0"
36.133.115.36 - - [31/Jan/2026:10:08:09 +0800] "POST /wp-cron.php?doing_wp_cron=1769825289.1124749183654785156250 HTTP/1.1" 200 31 "-" "WordPress/6.9; http://cqqizhou.com"
14.108.234.163 - - [31/Jan/2026:10:08:09 +0800] "GET /2475/ HTTP/1.1" 200 30915 "http://cqqizhou.com/media/" "Mozilla/5.0 (Windows NT 10.0; Win64; x64) AppleWebKit/537.36 (KHTML, like Gecko) Chrome/143.0.0.0 Safari/537.36 Edg/143.0.0.0"
14.108.234.163 - - [31/Jan/2026:10:08:40 +0800] "POST /wp-admin/admin-ajax.php HTTP/1.1" 200 112 "http://cqqizhou.com/wp-admin/post.php?post=2475&action=edit" "Mozilla/5.0 (Windows NT 10.0; Win64; x64) AppleWebKit/537.36 (KHTML, like Gecko) Chrome/143.0.0.0 Safari/537.36 Edg/143.0.0.0"
36.133.115.36 - - [31/Jan/2026:10:09:37 +0800] "POST /wp-cron.php?doing_wp_cron=1769825377.9479439258575439453125 HTTP/1.1" 200 31 "-" "WordPress/6.9; http://cqqizhou.com"
14.108.234.163 - - [31/Jan/2026:10:09:37 +0800] "POST /wp-admin/admin-ajax.php HTTP/1.1" 200 112 "http://cqqizhou.com/wp-admin/post.php?post=2475&action=edit" "Mozilla/5.0 (Windows NT 10.0; Win64; x64) AppleWebKit/537.36 (KHTML, like Gecko) Chrome/143.0.0.0 Safari/537.36 Edg/143.0.0.0"
14.108.234.163 - - [31/Jan/2026:10:09:39 +0800] "POST /wp-admin/admin-ajax.php HTTP/1.1" 200 32 "http://cqqizhou.com/wp-admin/post.php?post=2475&action=edit" "Mozilla/5.0 (Windows NT 10.0; Win64; x64) AppleWebKit/537.36 (KHTML, like Gecko) Chrome/143.0.0.0 Safari/537.36 Edg/143.0.0.0"
14.108.234.163 - - [31/Jan/2026:10:09:40 +0800] "GET /wp-admin/edit.php?post_type=post HTTP/1.1" 200 85049 "http://cqqizhou.com/wp-admin/post.php?post=2475&action=edit" "Mozilla/5.0 (Windows NT 10.0; Win64; x64) AppleWebKit/537.36 (KHTML, like Gecko) Chrome/143.0.0.0 Safari/537.36 Edg/143.0.0.0"
14.108.234.163 - - [31/Jan/2026:10:09:40 +0800] "GET /wp-admin/load-styles.php?c=0&dir=ltr&load%5Bchunk_0%5D=dashicons,admin-bar,common,forms,admin-menu,dashboard,list-tables,edit,revisions,media,themes,about,nav-menus,wp-pointer,widgets&load%5Bchunk_1%5D=,site-icon,l10n,buttons,media-views,wp-color-picker,editor-buttons,wp-auth-check,wp-components,wp-commands&ver=6.9 HTTP/1.1" 200 131375 "http://cqqizhou.com/wp-admin/edit.php?post_type=post" "Mozilla/5.0 (Windows NT 10.0; Win64; x64) AppleWebKit/537.36 (KHTML, like Gecko) Chrome/143.0.0.0 Safari/537.36 Edg/143.0.0.0"
14.108.234.163 - - [31/Jan/2026:10:09:40 +0800] "GET /wp-admin/load-scripts.php?c=0&load%5Bchunk_0%5D=jquery-core,jquery-migrate,utils,wp-dom-ready,wp-hooks&ver=6.9 HTTP/1.1" 200 36948 "http://cqqizhou.com/wp-admin/edit.php?post_type=post" "Mozilla/5.0 (Windows NT 10.0; Win64; x64) AppleWebKit/537.36 (KHTML, like Gecko) Chrome/143.0.0.0 Safari/537.36 Edg/143.0.0.0"
14.108.234.163 - - [31/Jan/2026:10:09:40 +0800] "GET /wp-admin/load-scripts.php?c=0&load%5Bchunk_0%5D=hoverIntent&ver=6.9 HTTP/1.1" 200 719 "http://cqqizhou.com/wp-admin/edit.php?post_type=post" "Mozilla/5.0 (Windows NT 10.0; Win64; x64) AppleWebKit/537.36 (KHTML, like Gecko) Chrome/143.0.0.0 Safari/537.36 Edg/143.0.0.0"
14.108.234.163 - - [31/Jan/2026:10:09:40 +0800] "GET /wp-content/uploads/2025/12/1766647832-Article_images_W900%C3%97500px20251225-150x150.webp HTTP/1.1" 200 6860 "http://cqqizhou.com/wp-admin/edit.php?post_type=post" "Mozilla/5.0 (Windows NT 10.0; Win64; x64) AppleWebKit/537.36 (KHTML, like Gecko) Chrome/143.0.0.0 Safari/537.36 Edg/143.0.0.0"
14.108.234.163 - - [31/Jan/2026:10:09:40 +0800] "GET /wp-content/uploads/2026/01/1769511379-Article_images_W900%C3%97500px202601271-150x150.webp HTTP/1.1" 200 7332 "http://cqqizhou.com/wp-admin/edit.php?post_type=post" "Mozilla/5.0 (Windows NT 10.0; Win64; x64) AppleWebKit/537.36 (KHTML, like Gecko) Chrome/143.0.0.0 Safari/537.36 Edg/143.0.0.0"
14.108.234.163 - - [31/Jan/2026:10:09:40 +0800] "GET /wp-content/uploads/revslider/slider-1/1750861156-logistics_Slider_3840%C3%972160_20250625191356-scaled-150x150.webp HTTP/1.1" 200 4364 "http://cqqizhou.com/wp-admin/edit.php?post_type=post" "Mozilla/5.0 (Windows NT 10.0; Win64; x64) AppleWebKit/537.36 (KHTML, like Gecko) Chrome/143.0.0.0 Safari/537.36 Edg/143.0.0.0"
14.108.234.163 - - [31/Jan/2026:10:09:40 +0800] "GET /wp-content/uploads/2026/01/1768527483-Article_images_W900%C3%97500px202601161-150x150.webp HTTP/1.1" 200 4408 "http://cqqizhou.com/wp-admin/edit.php?post_type=post" "Mozilla/5.0 (Windows NT 10.0; Win64; x64) AppleWebKit/537.36 (KHTML, like Gecko) Chrome/143.0.0.0 Safari/537.36 Edg/143.0.0.0"
14.108.234.163 - - [31/Jan/2026:10:09:40 +0800] "GET /wp-content/uploads/2025/12/1766064629-Article_images_20251218212623-150x150.webp HTTP/1.1" 200 5072 "http://cqqizhou.com/wp-admin/edit.php?post_type=post" "Mozilla/5.0 (Windows NT 10.0; Win64; x64) AppleWebKit/537.36 (KHTML, like Gecko) Chrome/143.0.0.0 Safari/537.36 Edg/143.0.0.0"
14.108.234.163 - - [31/Jan/2026:10:09:40 +0800] "GET /wp-content/uploads/2026/01/1767691466-Article_images_W900%C3%97500px202601061-150x150.webp HTTP/1.1" 200 5520 "http://cqqizhou.com/wp-admin/edit.php?post_type=post" "Mozilla/5.0 (Windows NT 10.0; Win64; x64) AppleWebKit/537.36 (KHTML, like Gecko) Chrome/143.0.0.0 Safari/537.36 Edg/143.0.0.0"
14.108.234.163 - - [31/Jan/2026:10:09:41 +0800] "GET /wp-content/uploads/2025/12/1765891153-Article20251216211543-150x150.webp HTTP/1.1" 200 7850 "http://cqqizhou.com/wp-admin/edit.php?post_type=post" "Mozilla/5.0 (Windows NT 10.0; Win64; x64) AppleWebKit/537.36 (KHTML, like Gecko) Chrome/143.0.0.0 Safari/537.36 Edg/143.0.0.0"
14.108.234.163 - - [31/Jan/2026:10:09:41 +0800] "GET /wp-content/uploads/2025/12/1765891413-20251209103501-150x150.webp HTTP/1.1" 200 6446 "http://cqqizhou.com/wp-admin/edit.php?post_type=post" "Mozilla/5.0 (Windows NT 10.0; Win64; x64) AppleWebKit/537.36 (KHTML, like Gecko) Chrome/143.0.0.0 Safari/537.36 Edg/143.0.0.0"
14.108.234.163 - - [31/Jan/2026:10:09:41 +0800] "GET /wp-content/uploads/2025/08/1755826456-DSC01841-150x150.webp HTTP/1.1" 200 9850 "http://cqqizhou.com/wp-admin/edit.php?post_type=post" "Mozilla/5.0 (Windows NT 10.0; Win64; x64) AppleWebKit/537.36 (KHTML, like Gecko) Chrome/143.0.0.0 Safari/537.36 Edg/143.0.0.0"
14.108.234.163 - - [31/Jan/2026:10:09:41 +0800] "GET /wp-content/uploads/2025/09/1756868614-20250903104654_74_5-150x150.webp HTTP/1.1" 200 5712 "http://cqqizhou.com/wp-admin/edit.php?post_type=post" "Mozilla/5.0 (Windows NT 10.0; Win64; x64) AppleWebKit/537.36 (KHTML, like Gecko) Chrome/143.0.0.0 Safari/537.36 Edg/143.0.0.0"
14.108.234.163 - - [31/Jan/2026:10:09:41 +0800] "GET /wp-content/uploads/2025/08/1755826390-DSC01765-150x150.webp HTTP/1.1" 200 6586 "http://cqqizhou.com/wp-admin/edit.php?post_type=post" "Mozilla/5.0 (Windows NT 10.0; Win64; x64) AppleWebKit/537.36 (KHTML, like Gecko) Chrome/143.0.0.0 Safari/537.36 Edg/143.0.0.0"
14.108.234.163 - - [31/Jan/2026:10:09:41 +0800] "GET /wp-content/uploads/2025/07/1753455746-DSC01472-150x150.webp HTTP/1.1" 200 4760 "http://cqqizhou.com/wp-admin/edit.php?post_type=post" "Mozilla/5.0 (Windows NT 10.0; Win64; x64) AppleWebKit/537.36 (KHTML, like Gecko) Chrome/143.0.0.0 Safari/537.36 Edg/143.0.0.0"
14.108.234.163 - - [31/Jan/2026:10:09:41 +0800] "GET /wp-content/uploads/2025/07/1753454299-Article_images_W900px-150x150.webp HTTP/1.1" 200 7416 "http://cqqizhou.com/wp-admin/edit.php?post_type=post" "Mozilla/5.0 (Windows NT 10.0; Win64; x64) AppleWebKit/537.36 (KHTML, like Gecko) Chrome/143.0.0.0 Safari/537.36 Edg/143.0.0.0"
14.108.234.163 - - [31/Jan/2026:10:09:41 +0800] "GET /wp-content/uploads/2025/07/1753453986-Article_images_W900px-150x150.webp HTTP/1.1" 200 7296 "http://cqqizhou.com/wp-admin/edit.php?post_type=post" "Mozilla/5.0 (Windows NT 10.0; Win64; x64) AppleWebKit/537.36 (KHTML, like Gecko) Chrome/143.0.0.0 Safari/537.36 Edg/143.0.0.0"
14.108.234.163 - - [31/Jan/2026:10:09:41 +0800] "POST /wp-admin/admin-ajax.php HTTP/1.1" 200 78 "http://cqqizhou.com/wp-admin/edit.php?post_type=post" "Mozilla/5.0 (Windows NT 10.0; Win64; x64) AppleWebKit/537.36 (KHTML, like Gecko) Chrome/143.0.0.0 Safari/537.36 Edg/143.0.0.0"
14.108.234.163 - - [31/Jan/2026:10:09:50 +0800] "GET /wp-admin/edit.php?post_type=page HTTP/1.1" 200 81466 "http://cqqizhou.com/wp-admin/edit.php?post_type=post" "Mozilla/5.0 (Windows NT 10.0; Win64; x64) AppleWebKit/537.36 (KHTML, like Gecko) Chrome/143.0.0.0 Safari/537.36 Edg/143.0.0.0"
14.108.234.163 - - [31/Jan/2026:10:09:51 +0800] "POST /wp-admin/admin-ajax.php HTTP/1.1" 200 78 "http://cqqizhou.com/wp-admin/edit.php?post_type=page" "Mozilla/5.0 (Windows NT 10.0; Win64; x64) AppleWebKit/537.36 (KHTML, like Gecko) Chrome/143.0.0.0 Safari/537.36 Edg/143.0.0.0"
14.108.234.163 - - [31/Jan/2026:10:10:01 +0800] "POST /wp-admin/admin-ajax.php HTTP/1.1" 200 78 "http://cqqizhou.com/wp-admin/edit.php?post_type=page" "Mozilla/5.0 (Windows NT 10.0; Win64; x64) AppleWebKit/537.36 (KHTML, like Gecko) Chrome/143.0.0.0 Safari/537.36 Edg/143.0.0.0"
45.149.78.119 - - [31/Jan/2026:10:10:02 +0800] "POST /hello.world?%ADd+allow_url_include%3d1+%ADd+auto_prepend_file%3dphp://input HTTP/1.1" 404 31367 "-" "libredtail-http"
14.108.234.163 - - [31/Jan/2026:10:10:06 +0800] "GET /wp-admin/post.php?post=2239&action=elementor HTTP/1.1" 200 322443 "http://cqqizhou.com/wp-admin/edit.php?post_type=page" "Mozilla/5.0 (Windows NT 10.0; Win64; x64) AppleWebKit/537.36 (KHTML, like Gecko) Chrome/143.0.0.0 Safari/537.36 Edg/143.0.0.0"
14.108.234.163 - - [31/Jan/2026:10:10:06 +0800] "GET /wp-admin/load-scripts.php?c=0&load%5Bchunk_0%5D=jquery-core,jquery-migrate,jquery-ui-core,jquery-ui-mouse,jquery-ui-draggable,underscore,backbone,wp-api-request,wp-hooks&ver=6.9 HTTP/1.1" 200 62844 "http://cqqizhou.com/wp-admin/post.php?post=2239&action=elementor" "Mozilla/5.0 (Windows NT 10.0; Win64; x64) AppleWebKit/537.36 (KHTML, like Gecko) Chrome/143.0.0.0 Safari/537.36 Edg/143.0.0.0"
14.108.234.163 - - [31/Jan/2026:10:10:06 +0800] "GET /wp-admin/load-scripts.php?c=0&load%5Bchunk_0%5D=react,react-dom&ver=6.9 HTTP/1.1" 200 45577 "http://cqqizhou.com/wp-admin/post.php?post=2239&action=elementor" "Mozilla/5.0 (Windows NT 10.0; Win64; x64) AppleWebKit/537.36 (KHTML, like Gecko) Chrome/143.0.0.0 Safari/537.36 Edg/143.0.0.0"
36.133.115.36 - - [31/Jan/2026:10:10:08 +0800] "POST /wp-cron.php?doing_wp_cron=1769825408.2852399349212646484375 HTTP/1.1" 200 31 "-" "WordPress/6.9; http://cqqizhou.com"
14.108.234.163 - - [31/Jan/2026:10:10:08 +0800] "GET /wp-json/elementor/v1/global-widget/templates HTTP/1.1" 200 33 "http://cqqizhou.com/wp-admin/post.php?post=2239&action=elementor" "Mozilla/5.0 (Windows NT 10.0; Win64; x64) AppleWebKit/537.36 (KHTML, like Gecko) Chrome/143.0.0.0 Safari/537.36 Edg/143.0.0.0"
14.108.234.163 - - [31/Jan/2026:10:10:08 +0800] "GET /wp-json/elementor/v1/checklist/user-progress HTTP/1.1" 200 222 "http://cqqizhou.com/wp-admin/post.php?post=2239&action=elementor" "Mozilla/5.0 (Windows NT 10.0; Win64; x64) AppleWebKit/537.36 (KHTML, like Gecko) Chrome/143.0.0.0 Safari/537.36 Edg/143.0.0.0"
14.108.234.163 - - [31/Jan/2026:10:10:08 +0800] "POST /wp-admin/admin-ajax.php HTTP/1.1" 200 107 "http://cqqizhou.com/wp-admin/post.php?post=2239&action=elementor" "Mozilla/5.0 (Windows NT 10.0; Win64; x64) AppleWebKit/537.36 (KHTML, like Gecko) Chrome/143.0.0.0 Safari/537.36 Edg/143.0.0.0"
14.108.234.163 - - [31/Jan/2026:10:10:08 +0800] "GET /wp-json/elementor/v1/kit-elements-defaults HTTP/1.1" 200 33 "http://cqqizhou.com/wp-admin/post.php?post=2239&action=elementor" "Mozilla/5.0 (Windows NT 10.0; Win64; x64) AppleWebKit/537.36 (KHTML, like Gecko) Chrome/143.0.0.0 Safari/537.36 Edg/143.0.0.0"
14.108.234.163 - - [31/Jan/2026:10:10:08 +0800] "GET /wp-json/elementor/v1/site-navigation/recent-posts?posts_per_page=6&_locale=user HTTP/1.1" 200 374 "http://cqqizhou.com/wp-admin/post.php?post=2239&action=elementor" "Mozilla/5.0 (Windows NT 10.0; Win64; x64) AppleWebKit/537.36 (KHTML, like Gecko) Chrome/143.0.0.0 Safari/537.36 Edg/143.0.0.0"
14.108.234.163 - - [31/Jan/2026:10:10:08 +0800] "GET /media/?elementor-preview=2239&ver=1769825405 HTTP/1.1" 200 20645 "http://cqqizhou.com/wp-admin/post.php?post=2239&action=elementor" "Mozilla/5.0 (Windows NT 10.0; Win64; x64) AppleWebKit/537.36 (KHTML, like Gecko) Chrome/143.0.0.0 Safari/537.36 Edg/143.0.0.0"
