124.156.157.91 - - [20/Jan/2026:05:01:18 +0800] "GET / HTTP/1.1" 200 34746 "-" "Mozilla/5.0 (iPhone; CPU iPhone OS 13_2_3 like Mac OS X) AppleWebKit/605.1.15 (KHTML, like Gecko) Version/13.0.3 Mobile/15E148 Safari/604.1"
36.133.115.36 - - [20/Jan/2026:05:06:04 +0800] "POST /wp-cron.php?doing_wp_cron=1768856764.5377230644226074218750 HTTP/1.1" 200 31 "-" "WordPress/6.9; http://cqqizhou.com"
87.121.84.15 - - [20/Jan/2026:05:06:05 +0800] "GET / HTTP/1.1" 200 157416 "-" "Mozilla/1.0"
36.133.115.36 - - [20/Jan/2026:05:14:35 +0800] "POST /wp-cron.php?doing_wp_cron=1768857275.8752970695495605468750 HTTP/1.1" 200 31 "-" "WordPress/6.9; http://cqqizhou.com"
43.133.66.51 - - [20/Jan/2026:05:14:35 +0800] "GET / HTTP/1.1" 301 5 "-" "Mozilla/5.0 (iPhone; CPU iPhone OS 13_2_3 like Mac OS X) AppleWebKit/605.1.15 (KHTML, like Gecko) Version/13.0.3 Mobile/15E148 Safari/604.1"
43.133.66.51 - - [20/Jan/2026:05:14:37 +0800] "GET / HTTP/1.1" 200 34746 "http://36.133.115.36" "Mozilla/5.0 (iPhone; CPU iPhone OS 13_2_3 like Mac OS X) AppleWebKit/605.1.15 (KHTML, like Gecko) Version/13.0.3 Mobile/15E148 Safari/604.1"
36.133.115.36 - - [20/Jan/2026:05:14:58 +0800] "POST /wp-cron.php?doing_wp_cron=1768857298.5895080566406250000000 HTTP/1.1" 200 31 "-" "WordPress/6.9; http://cqqizhou.com"
78.153.140.224 - - [20/Jan/2026:05:14:58 +0800] "GET /.env HTTP/1.1" 404 31367 "-" "Opera/9.5 (Windows NT 5.1; U; fr)"
61.155.157.3 - - [20/Jan/2026:05:21:11 +0800] "GET / HTTP/1.1" 200 40641 "-" "Mozilla/5.0 (Windows NT 10.0; Win64; x64) AppleWebKit/537.36 (KHTML, like Gecko) Chrome/114.0.0.0 Safari/537.36"
198.235.24.98 - - [20/Jan/2026:05:41:58 +0800] "GET / HTTP/1.1" 200 171342 "-" "Hello from Palo Alto Networks, find out more about our scans in https://docs-cortex.paloaltonetworks.com/r/1/Cortex-Xpanse/Scanning-activity"
36.133.115.36 - - [20/Jan/2026:05:45:22 +0800] "POST /wp-cron.php?doing_wp_cron=1768859122.3031868934631347656250 HTTP/1.1" 200 31 "-" "WordPress/6.9; http://cqqizhou.com"
38.46.221.123 - - [20/Jan/2026:05:45:22 +0800] "GET http://check.9tb.org/ HTTP/1.1" 301 5 "-" "Go-http-client/1.1"
38.46.221.123 - - [20/Jan/2026:05:45:22 +0800] "GET http://cqqizhou.com/ HTTP/1.1" 200 40641 "http://check.9tb.org" "Go-http-client/1.1"
36.133.115.36 - - [20/Jan/2026:05:49:49 +0800] "POST /wp-cron.php?doing_wp_cron=1768859389.1216790676116943359375 HTTP/1.1" 200 31 "-" "WordPress/6.9; http://cqqizhou.com"
81.26.142.75 - - [20/Jan/2026:05:49:49 +0800] "GET / HTTP/1.1" 200 157416 "-" "Mozilla/5.0 (Macintosh; Intel Mac OS X 10_11_6) AppleWebKit/601.7.7 (KHTML, like Gecko) Version/9.1.2 Safari/601.7.7"
36.133.115.36 - - [20/Jan/2026:05:59:15 +0800] "POST /wp-cron.php?doing_wp_cron=1768859955.3355059623718261718750 HTTP/1.1" 200 31 "-" "WordPress/6.9; http://cqqizhou.com"
5.61.209.92 - - [20/Jan/2026:05:59:15 +0800] "GET /SDK/webLanguage HTTP/1.1" 301 5 "-" "Mozilla/5.0 (Windows NT 10.0; Win64; x64) AppleWebKit/537.36 (KHTML, like Gecko) Chrome/90.0.4430.85 Safari/537.36 Edg/90.0.818.46"
36.133.115.36 - - [20/Jan/2026:06:03:49 +0800] "POST /wp-cron.php?doing_wp_cron=1768860229.4035599231719970703125 HTTP/1.1" 200 31 "-" "WordPress/6.9; http://cqqizhou.com"
114.80.36.40 - - [20/Jan/2026:06:03:49 +0800] "GET / HTTP/1.1" 200 34745 "-" "Mozilla/5.0 (iPhone; CPU iPhone OS 13_2_3 like Mac OS X) AppleWebKit/605.1.15 (KHTML, like Gecko) Version/13.0.3 Mobile/15E148 Safari/604.1"
36.133.115.36 - - [20/Jan/2026:06:09:40 +0800] "POST /wp-cron.php?doing_wp_cron=1768860580.1807789802551269531250 HTTP/1.1" 200 31 "-" "WordPress/6.9; http://cqqizhou.com"
51.68.111.209 - - [20/Jan/2026:06:09:40 +0800] "GET /robots.txt HTTP/1.1" 200 190 "-" "Mozilla/5.0 (compatible; MJ12bot/v2.0.4; http://mj12bot.com/)"
51.68.111.209 - - [20/Jan/2026:06:09:40 +0800] "GET / HTTP/1.1" 200 40641 "-" "Mozilla/5.0 (compatible; MJ12bot/v2.0.4; http://mj12bot.com/)"
36.133.115.36 - - [20/Jan/2026:06:39:34 +0800] "POST /wp-cron.php?doing_wp_cron=1768862373.9657740592956542968750 HTTP/1.1" 200 31 "-" "WordPress/6.9; http://cqqizhou.com"
79.124.40.174 - - [20/Jan/2026:06:39:34 +0800] "GET /?XDEBUG_SESSION_START=phpstorm HTTP/1.1" 200 34744 "-" "Mozilla/5.0 (Windows NT 10.0; Win64; x64) AppleWebKit/537.36 (KHTML, like Gecko) Chrome/78.0.3904.108 Safari/537.36"
51.195.215.107 - - [20/Jan/2026:06:51:39 +0800] "GET / HTTP/1.1" 200 40641 "-" "Mozilla/5.0 (compatible; AhrefsBot/7.0; +http://ahrefs.com/robot/)"
36.133.115.36 - - [20/Jan/2026:07:00:58 +0800] "POST /wp-cron.php?doing_wp_cron=1768863658.0223379135131835937500 HTTP/1.1" 200 31 "-" "WordPress/6.9; http://cqqizhou.com"
204.76.203.18 - - [20/Jan/2026:07:00:58 +0800] "GET /bin/ HTTP/1.1" 301 5 "-" "-"
204.76.203.18 - - [20/Jan/2026:07:01:01 +0800] "GET /bin/ HTTP/1.1" 301 5 "-" "-"
204.76.203.18 - - [20/Jan/2026:07:01:05 +0800] "GET /bin/ HTTP/1.1" 301 5 "-" "-"
204.76.203.18 - - [20/Jan/2026:07:01:08 +0800] "GET /bin/ HTTP/1.1" 301 5 "-" "-"
204.76.203.18 - - [20/Jan/2026:07:01:11 +0800] "GET /bin/ HTTP/1.1" 301 5 "-" "-"
36.133.115.36 - - [20/Jan/2026:07:01:47 +0800] "POST /wp-cron.php?doing_wp_cron=1768863707.4343879222869873046875 HTTP/1.1" 200 31 "-" "WordPress/6.9; http://cqqizhou.com"
87.121.84.46 - - [20/Jan/2026:07:01:48 +0800] "GET / HTTP/1.1" 200 157416 "-" "-"
36.133.115.36 - - [20/Jan/2026:07:04:21 +0800] "POST /wp-cron.php?doing_wp_cron=1768863861.8275449275970458984375 HTTP/1.1" 200 31 "-" "WordPress/6.9; http://cqqizhou.com"
114.119.133.191 - - [20/Jan/2026:07:04:21 +0800] "GET /wp-sitemap.xml HTTP/1.1" 501 253 "-" "Mozilla/5.0 (Linux; Android 7.0;) AppleWebKit/537.36 (KHTML, like Gecko) Mobile Safari/537.36 (compatible; PetalBot;+https://webmaster.petalsearch.com/site/petalbot)"
36.133.115.36 - - [20/Jan/2026:07:17:17 +0800] "POST /wp-cron.php?doing_wp_cron=1768864637.8193869590759277343750 HTTP/1.1" 200 31 "-" "WordPress/6.9; http://cqqizhou.com"
38.46.221.123 - - [20/Jan/2026:07:17:17 +0800] "GET http://check.9tb.org/ HTTP/1.1" 301 5 "-" "Go-http-client/1.1"
38.46.221.123 - - [20/Jan/2026:07:17:20 +0800] "GET http://cqqizhou.com/ HTTP/1.1" 200 40641 "http://check.9tb.org" "Go-http-client/1.1"
36.133.115.36 - - [20/Jan/2026:07:36:45 +0800] "POST /wp-cron.php?doing_wp_cron=1768865805.3911459445953369140625 HTTP/1.1" 200 31 "-" "WordPress/6.9; http://cqqizhou.com"
103.252.89.75 - - [20/Jan/2026:07:36:45 +0800] "GET /login HTTP/1.1" 302 5 "-" "Go-http-client/1.1"
103.252.89.75 - - [20/Jan/2026:07:36:47 +0800] "GET /wp-login.php HTTP/1.1" 200 2854 "http://36.133.115.36/login" "Go-http-client/1.1"
103.203.57.3 - - [20/Jan/2026:07:37:14 +0800] "GET / HTTP/1.1" 301 5 "-" "Mozilla/5.0 zgrab/0.x"
36.133.115.36 - - [20/Jan/2026:07:40:17 +0800] "POST /wp-cron.php?doing_wp_cron=1768866017.4429459571838378906250 HTTP/1.1" 200 31 "-" "WordPress/6.9; http://cqqizhou.com"
66.167.166.171 - - [20/Jan/2026:07:40:22 +0800] "GET /boaform/admin/formLogin?username=adminisp&psd=adminisp HTTP/1.0" 404 31354 "-" "-"
36.133.115.36 - - [20/Jan/2026:07:48:49 +0800] "POST /wp-cron.php?doing_wp_cron=1768866529.7085919380187988281250 HTTP/1.1" 200 31 "-" "WordPress/6.9; http://cqqizhou.com"
79.124.40.174 - - [20/Jan/2026:07:48:49 +0800] "GET /actuator/gateway/routes HTTP/1.1" 301 5 "-" "Mozilla/5.0 (Windows NT 10.0; Win64; x64) AppleWebKit/537.36 (KHTML, like Gecko) Chrome/78.0.3904.108 Safari/537.36"
79.124.40.174 - - [20/Jan/2026:07:48:51 +0800] "GET /actuator/gateway/routes HTTP/1.1" 404 8951 "http://36.133.115.36:80/actuator/gateway/routes" "Mozilla/5.0 (Windows NT 10.0; Win64; x64) AppleWebKit/537.36 (KHTML, like Gecko) Chrome/78.0.3904.108 Safari/537.36"
36.133.115.36 - - [20/Jan/2026:08:01:00 +0800] "POST /wp-cron.php?doing_wp_cron=1768867260.1220810413360595703125 HTTP/1.1" 200 31 "-" "WordPress/6.9; http://cqqizhou.com"
170.106.179.68 - - [20/Jan/2026:08:01:00 +0800] "GET / HTTP/1.1" 301 5 "-" "Mozilla/5.0 (iPhone; CPU iPhone OS 13_2_3 like Mac OS X) AppleWebKit/605.1.15 (KHTML, like Gecko) Version/13.0.3 Mobile/15E148 Safari/604.1"
170.106.179.68 - - [20/Jan/2026:08:01:02 +0800] "GET / HTTP/1.1" 200 34745 "http://www.cqqizhou.com" "Mozilla/5.0 (iPhone; CPU iPhone OS 13_2_3 like Mac OS X) AppleWebKit/605.1.15 (KHTML, like Gecko) Version/13.0.3 Mobile/15E148 Safari/604.1"
36.133.115.36 - - [20/Jan/2026:08:08:23 +0800] "POST /wp-cron.php?doing_wp_cron=1768867703.4838809967041015625000 HTTP/1.1" 200 31 "-" "WordPress/6.9; http://cqqizhou.com"
114.119.139.59 - - [20/Jan/2026:08:08:23 +0800] "GET /wp-sitemap.xml HTTP/1.1" 501 253 "-" "Mozilla/5.0 (Linux; Android 7.0;) AppleWebKit/537.36 (KHTML, like Gecko) Mobile Safari/537.36 (compatible; PetalBot;+https://webmaster.petalsearch.com/site/petalbot)"
217.182.137.64 - - [20/Jan/2026:08:13:12 +0800] "GET / HTTP/1.1" 200 40641 "-" "Mozilla/5.0 (Macintosh; Intel Mac OS X 12_5) AppleWebKit/537.36 (KHTML, like Gecko) Chrome/114.0.0.0 Safari/537.36 Edg/114.0.1264.71"
217.182.137.64 - - [20/Jan/2026:08:13:12 +0800] "GET /contacts/ HTTP/1.1" 200 18807 "http://cqqizhou.com" "Mozilla/5.0 (Macintosh; Intel Mac OS X 12_5) AppleWebKit/537.36 (KHTML, like Gecko) Chrome/114.0.0.0 Safari/537.36 Edg/114.0.1264.71"
36.133.115.36 - - [20/Jan/2026:08:13:13 +0800] "POST /wp-cron.php?doing_wp_cron=1768867993.9476799964904785156250 HTTP/1.1" 200 31 "-" "WordPress/6.9; http://cqqizhou.com"
217.182.137.64 - - [20/Jan/2026:08:13:13 +0800] "GET /bug HTTP/1.1" 301 5 "http://cqqizhou.com" "Mozilla/5.0 (Macintosh; Intel Mac OS X 12_5) AppleWebKit/537.36 (KHTML, like Gecko) Chrome/114.0.0.0 Safari/537.36 Edg/114.0.1264.71"
217.182.137.64 - - [20/Jan/2026:08:13:14 +0800] "GET /bug/ HTTP/1.1" 200 12867 "http://cqqizhou.com/bug" "Mozilla/5.0 (Macintosh; Intel Mac OS X 12_5) AppleWebKit/537.36 (KHTML, like Gecko) Chrome/114.0.0.0 Safari/537.36 Edg/114.0.1264.71"
36.133.115.36 - - [20/Jan/2026:08:15:02 +0800] "POST /wp-cron.php?doing_wp_cron=1768868102.8456239700317382812500 HTTP/1.1" 200 31 "-" "WordPress/6.9; http://cqqizhou.com"
205.210.31.41 - - [20/Jan/2026:08:15:02 +0800] "GET /webshell HTTP/1.1" 404 31367 "-" "Hello from Palo Alto Networks, find out more about our scans in https://docs-cortex.paloaltonetworks.com/r/1/Cortex-Xpanse/Scanning-activity"
147.185.132.84 - - [20/Jan/2026:08:15:36 +0800] "GET /shell.php HTTP/1.1" 404 27 "-" "Hello from Palo Alto Networks, find out more about our scans in https://docs-cortex.paloaltonetworks.com/r/1/Cortex-Xpanse/Scanning-activity"
198.235.24.49 - - [20/Jan/2026:08:16:05 +0800] "GET /webshell.php HTTP/1.1" 404 27 "-" "Hello from Palo Alto Networks, find out more about our scans in https://docs-cortex.paloaltonetworks.com/r/1/Cortex-Xpanse/Scanning-activity"
36.133.115.36 - - [20/Jan/2026:08:16:13 +0800] "POST /wp-cron.php?doing_wp_cron=1768868173.0513789653778076171875 HTTP/1.1" 200 31 "-" "WordPress/6.9; http://cqqizhou.com"
134.199.171.245 - - [20/Jan/2026:08:16:13 +0800] "GET / HTTP/1.1" 200 34745 "-" "Mozilla/5.0"
134.199.171.245 - - [20/Jan/2026:08:16:14 +0800] "POST / HTTP/1.1" 200 34746 "-" "Mozilla/5.0"
36.133.115.36 - - [20/Jan/2026:08:21:46 +0800] "POST /wp-cron.php?doing_wp_cron=1768868506.1332020759582519531250 HTTP/1.1" 200 31 "-" "WordPress/6.9; http://cqqizhou.com"
114.119.156.129 - - [20/Jan/2026:08:21:46 +0800] "GET /wp-sitemap.xml HTTP/1.1" 501 253 "-" "Mozilla/5.0 (Linux; Android 7.0;) AppleWebKit/537.36 (KHTML, like Gecko) Mobile Safari/537.36 (compatible; PetalBot;+https://webmaster.petalsearch.com/site/petalbot)"
36.133.115.36 - - [20/Jan/2026:08:33:02 +0800] "POST /wp-cron.php?doing_wp_cron=1768869182.2403779029846191406250 HTTP/1.1" 200 31 "-" "WordPress/6.9; http://cqqizhou.com"
35.195.241.97 - - [20/Jan/2026:08:33:02 +0800] "GET / HTTP/1.1" 301 5 "-" "python-requests/2.32.5"
36.133.115.36 - - [20/Jan/2026:08:43:46 +0800] "POST /wp-cron.php?doing_wp_cron=1768869826.1252551078796386718750 HTTP/1.1" 200 31 "-" "WordPress/6.9; http://cqqizhou.com"
43.159.128.237 - - [20/Jan/2026:08:43:46 +0800] "GET / HTTP/1.1" 200 34746 "-" "Mozilla/5.0 (iPhone; CPU iPhone OS 13_2_3 like Mac OS X) AppleWebKit/605.1.15 (KHTML, like Gecko) Version/13.0.3 Mobile/15E148 Safari/604.1"
36.133.115.36 - - [20/Jan/2026:08:45:44 +0800] "POST /wp-cron.php?doing_wp_cron=1768869944.3128681182861328125000 HTTP/1.1" 200 31 "-" "WordPress/6.9; http://cqqizhou.com"
167.94.138.190 - - [20/Jan/2026:08:45:44 +0800] "GET /sitemap.xml HTTP/1.1" 200 492 "-" "Mozilla/5.0 (compatible; CensysInspect/1.1; +https://about.censys.io/)"
36.133.115.36 - - [20/Jan/2026:08:49:27 +0800] "POST /wp-cron.php?doing_wp_cron=1768870167.5385890007019042968750 HTTP/1.1" 200 31 "-" "WordPress/6.9; http://cqqizhou.com"
20.118.233.189 - - [20/Jan/2026:08:49:27 +0800] "GET /druid/index.html HTTP/1.1" 404 8951 "-" "Mozilla/5.0 zgrab/0.x"
36.133.115.36 - - [20/Jan/2026:08:58:44 +0800] "POST /wp-cron.php?doing_wp_cron=1768870724.5981359481811523437500 HTTP/1.1" 200 31 "-" "WordPress/6.9; http://cqqizhou.com"
14.108.233.111 - - [20/Jan/2026:08:58:44 +0800] "GET /logistics/ HTTP/1.1" 200 30539 "-" "Mozilla/5.0 (Windows NT 10.0; Win64; x64) AppleWebKit/537.36 (KHTML, like Gecko) Chrome/143.0.0.0 Safari/537.36 Edg/143.0.0.0"
14.108.233.111 - - [20/Jan/2026:08:58:44 +0800] "GET /wp-content/uploads/2026/01/1767696162-qizhoutruck3.webp HTTP/1.1" 200 19026 "http://cqqizhou.com/logistics/" "Mozilla/5.0 (Windows NT 10.0; Win64; x64) AppleWebKit/537.36 (KHTML, like Gecko) Chrome/143.0.0.0 Safari/537.36 Edg/143.0.0.0"
14.108.233.111 - - [20/Jan/2026:08:58:44 +0800] "GET /wp-content/uploads/2025/07/1751425283-qizhou.kf_.qq_.com_.webp HTTP/1.1" 200 16864 "http://cqqizhou.com/logistics/" "Mozilla/5.0 (Windows NT 10.0; Win64; x64) AppleWebKit/537.36 (KHTML, like Gecko) Chrome/143.0.0.0 Safari/537.36 Edg/143.0.0.0"
14.108.233.111 - - [20/Jan/2026:08:58:44 +0800] "GET /wp-content/uploads/2025/11/1762864381-QZ_Photo-7-1536x1024.webp HTTP/1.1" 200 155402 "http://cqqizhou.com/logistics/" "Mozilla/5.0 (Windows NT 10.0; Win64; x64) AppleWebKit/537.36 (KHTML, like Gecko) Chrome/143.0.0.0 Safari/537.36 Edg/143.0.0.0"
14.108.233.111 - - [20/Jan/2026:08:58:44 +0800] "GET /wp-content/uploads/logistics/Conatiner-5.webp HTTP/1.1" 200 63396 "http://cqqizhou.com/logistics/" "Mozilla/5.0 (Windows NT 10.0; Win64; x64) AppleWebKit/537.36 (KHTML, like Gecko) Chrome/143.0.0.0 Safari/537.36 Edg/143.0.0.0"
14.108.233.111 - - [20/Jan/2026:08:58:44 +0800] "GET /wp-content/uploads/2026/01/1767696142-aojiaqiao20260104.webp HTTP/1.1" 200 184988 "http://cqqizhou.com/wp-content/uploads/elementor/css/post-1959.css?ver=1768529060" "Mozilla/5.0 (Windows NT 10.0; Win64; x64) AppleWebKit/537.36 (KHTML, like Gecko) Chrome/143.0.0.0 Safari/537.36 Edg/143.0.0.0"
14.108.233.111 - - [20/Jan/2026:08:58:45 +0800] "GET /wp-content/uploads/2025/11/1762864381-QZ_Photo-7.webp HTTP/1.1" 200 129922 "http://cqqizhou.com/logistics/" "Mozilla/5.0 (Windows NT 10.0; Win64; x64) AppleWebKit/537.36 (KHTML, like Gecko) Chrome/143.0.0.0 Safari/537.36 Edg/143.0.0.0"
14.108.233.111 - - [20/Jan/2026:08:58:45 +0800] "GET /wp-json/contact-form-7/v1/contact-forms/1444/feedback/schema HTTP/1.1" 200 270 "http://cqqizhou.com/logistics/" "Mozilla/5.0 (Windows NT 10.0; Win64; x64) AppleWebKit/537.36 (KHTML, like Gecko) Chrome/143.0.0.0 Safari/537.36 Edg/143.0.0.0"
36.133.115.36 - - [20/Jan/2026:08:58:46 +0800] "POST /wp-cron.php?doing_wp_cron=1768870726.0374219417572021484375 HTTP/1.1" 200 31 "-" "WordPress/6.9; http://cqqizhou.com"
14.108.233.111 - - [20/Jan/2026:08:58:46 +0800] "GET /wp-json/contact-form-7/v1/contact-forms/1444/refill HTTP/1.1" 200 33 "http://cqqizhou.com/logistics/" "Mozilla/5.0 (Windows NT 10.0; Win64; x64) AppleWebKit/537.36 (KHTML, like Gecko) Chrome/143.0.0.0 Safari/537.36 Edg/143.0.0.0"
14.108.233.111 - - [20/Jan/2026:08:58:51 +0800] "GET /wp-content/uploads/2026/01/1767534398-6.8%E7%B1%B3%E9%AB%98%E6%A0%8F%E8%B4%A7%E8%BD%A6.webp HTTP/1.1" 200 113794 "http://cqqizhou.com/logistics/" "Mozilla/5.0 (Windows NT 10.0; Win64; x64) AppleWebKit/537.36 (KHTML, like Gecko) Chrome/143.0.0.0 Safari/537.36 Edg/143.0.0.0"
14.108.233.111 - - [20/Jan/2026:08:58:51 +0800] "GET /wp-content/uploads/2026/01/1767534397-4.2%E7%B1%B3%E4%BD%8E%E6%A0%8F%E8%B4%A7%E8%BD%A6.webp HTTP/1.1" 200 91652 "http://cqqizhou.com/logistics/" "Mozilla/5.0 (Windows NT 10.0; Win64; x64) AppleWebKit/537.36 (KHTML, like Gecko) Chrome/143.0.0.0 Safari/537.36 Edg/143.0.0.0"
14.108.233.111 - - [20/Jan/2026:08:58:51 +0800] "GET /wp-content/uploads/2026/01/1767534396-17.5%E7%B1%B3%E5%B9%B3%E6%9D%BF%E8%B4%A7%E8%BD%A6.webp HTTP/1.1" 200 118248 "http://cqqizhou.com/logistics/" "Mozilla/5.0 (Windows NT 10.0; Win64; x64) AppleWebKit/537.36 (KHTML, like Gecko) Chrome/143.0.0.0 Safari/537.36 Edg/143.0.0.0"
14.108.233.111 - - [20/Jan/2026:08:58:54 +0800] "GET /wp-content/uploads/2026/01/1767618076-Logistics_BG2508.webp HTTP/1.1" 200 94788 "http://cqqizhou.com/wp-content/uploads/elementor/css/post-1959.css?ver=1768529060" "Mozilla/5.0 (Windows NT 10.0; Win64; x64) AppleWebKit/537.36 (KHTML, like Gecko) Chrome/143.0.0.0 Safari/537.36 Edg/143.0.0.0"
36.133.115.36 - - [20/Jan/2026:09:17:48 +0800] "POST /wp-cron.php?doing_wp_cron=1768871868.8562738895416259765625 HTTP/1.1" 200 31 "-" "WordPress/6.9; http://cqqizhou.com"
78.153.140.179 - - [20/Jan/2026:09:17:48 +0800] "GET /.env HTTP/1.1" 404 31367 "-" "Mozilla/5.0 (Windows; U; Windows NT 6.0; en-GB; rv:1.9.2.18) Gecko/20110614 Firefox/3.6.18 ( .NET CLR 3.5.30729; .NET4.0E)"
78.153.140.179 - - [20/Jan/2026:09:17:50 +0800] "GET /api/.env HTTP/1.1" 404 31367 "-" "Mozilla/5.0 (Windows; U; Windows NT 5.1; en-US; rv:1.8.1.13) Gecko/20080311 Firefox/2.0.0.13"
78.153.140.179 - - [20/Jan/2026:09:17:52 +0800] "GET /backend/.env HTTP/1.1" 404 31367 "-" "Mozilla/4.0 (compatible; MSIE 8.0; Windows NT 6.1; WOW64; Trident/4.0; SLCC2; .NET CLR 2.0.50727; .NET CLR 3.5.30729; .NET CLR 3.0.30729; Media Center PC 6.0; Zune 3.0)"
116.179.32.154 - - [20/Jan/2026:09:20:51 +0800] "GET /contacts/ HTTP/1.1" 200 18807 "-" "Mozilla/5.0 (compatible; Baiduspider/2.0; +http://www.baidu.com/search/spider.html)"
36.133.115.36 - - [20/Jan/2026:09:25:41 +0800] "POST /wp-cron.php?doing_wp_cron=1768872341.2858319282531738281250 HTTP/1.1" 200 31 "-" "WordPress/6.9; http://cqqizhou.com"
91.224.92.14 - - [20/Jan/2026:09:25:41 +0800] "GET /login HTTP/1.1" 301 5 "-" "Go-http-client/1.1"
91.224.92.14 - - [20/Jan/2026:09:25:42 +0800] "GET /login HTTP/1.1" 302 5 "http://36.133.115.36:80/login" "Go-http-client/1.1"
91.224.92.14 - - [20/Jan/2026:09:25:43 +0800] "GET /wp-login.php HTTP/1.1" 200 2854 "http://36.133.115.36/login" "Go-http-client/1.1"
36.133.115.36 - - [20/Jan/2026:09:36:04 +0800] "POST /wp-cron.php?doing_wp_cron=1768872964.8869218826293945312500 HTTP/1.1" 200 31 "-" "WordPress/6.9; http://cqqizhou.com"
176.65.148.247 - - [20/Jan/2026:09:36:05 +0800] "GET / HTTP/1.1" 200 157416 "-" "-"
52.169.124.184 - - [20/Jan/2026:09:41:05 +0800] "GET /wp-content/plugins/hellopress/wp_filemanager.php HTTP/1.1" 404 27 "-" "-"
52.169.124.184 - - [20/Jan/2026:09:41:06 +0800] "GET /zz8.php HTTP/1.1" 404 27 "-" "-"
52.169.124.184 - - [20/Jan/2026:09:41:06 +0800] "GET /ss.php HTTP/1.1" 404 27 "-" "-"
52.169.124.184 - - [20/Jan/2026:09:41:06 +0800] "GET /ww7.php HTTP/1.1" 404 27 "-" "-"
52.169.124.184 - - [20/Jan/2026:09:41:06 +0800] "GET /wp-content/upgrade/index.php HTTP/1.1" 404 27 "-" "-"
52.169.124.184 - - [20/Jan/2026:09:41:07 +0800] "GET /includes.php HTTP/1.1" 404 27 "-" "-"
52.169.124.184 - - [20/Jan/2026:09:41:07 +0800] "GET /000.php HTTP/1.1" 404 27 "-" "-"
52.169.124.184 - - [20/Jan/2026:09:41:07 +0800] "GET /class-t.api.php HTTP/1.1" 404 27 "-" "-"
52.169.124.184 - - [20/Jan/2026:09:41:07 +0800] "GET /wp-admin/maint/index.php HTTP/1.1" 404 27 "-" "-"
52.169.124.184 - - [20/Jan/2026:09:41:07 +0800] "GET /fs7.php HTTP/1.1" 404 27 "-" "-"
52.169.124.184 - - [20/Jan/2026:09:41:08 +0800] "GET /llsmps.php HTTP/1.1" 404 27 "-" "-"
52.169.124.184 - - [20/Jan/2026:09:41:08 +0800] "GET /classwithtostring.php HTTP/1.1" 404 27 "-" "-"
122.240.174.117 - - [20/Jan/2026:09:41:44 +0800] "GET / HTTP/1.1" 200 40641 "-" "Mozilla/5.0 (Windows NT 6.1) AppleWebKit/537.36 (KHTML, like Gecko) Chrome/77.0.3865.10"
36.133.115.36 - - [20/Jan/2026:09:41:50 +0800] "POST /wp-cron.php?doing_wp_cron=1768873310.8573899269104003906250 HTTP/1.1" 200 31 "-" "WordPress/6.9; http://cqqizhou.com"
180.123.201.195 - - [20/Jan/2026:09:41:50 +0800] "GET / HTTP/1.1" 301 5 "-" "Mozilla/5.0 (Windows NT 6.2; WOW64) AppleWebKit/537.36 (KHTML, like Gecko) Chrome/84.0.4147.30"
114.218.21.153 - - [20/Jan/2026:09:41:54 +0800] "GET / HTTP/1.1" 301 5 "-" "Mozilla/5.0 (Windows NT 6.2; WOW64) AppleWebKit/537.36 (KHTML, like Gecko) Chrome/84.0.4147.30"
116.113.132.243 - - [20/Jan/2026:09:41:55 +0800] "GET / HTTP/1.1" 301 5 "-" "Mozilla/5.0 (Windows NT 6.2; WOW64) AppleWebKit/537.36 (KHTML, like Gecko) Chrome/84.0.4147.30"
171.12.142.151 - - [20/Jan/2026:09:41:57 +0800] "GET / HTTP/1.1" 301 5 "-" "Mozilla/5.0 (Windows NT 6.2; WOW64) AppleWebKit/537.36 (KHTML, like Gecko) Chrome/84.0.4147.30"
1.199.157.150 - - [20/Jan/2026:09:41:59 +0800] "GET / HTTP/1.1" 301 5 "-" "Mozilla/5.0 (Windows NT 6.2; WOW64) AppleWebKit/537.36 (KHTML, like Gecko) Chrome/84.0.4147.30"
1.199.157.150 - - [20/Jan/2026:09:42:01 +0800] "GET / HTTP/1.1" 301 5 "-" "Mozilla/5.0 (Windows NT 6.2; WOW64) AppleWebKit/537.36 (KHTML, like Gecko) Chrome/84.0.4147.30"
120.227.71.170 - - [20/Jan/2026:09:42:02 +0800] "GET / HTTP/1.1" 301 5 "-" "Mozilla/5.0 (Windows NT 6.2; WOW64) AppleWebKit/537.36 (KHTML, like Gecko) Chrome/84.0.4147.30"
42.239.3.151 - - [20/Jan/2026:09:42:33 +0800] "GET / HTTP/1.1" 301 5 "-" "Mozilla/5.0 (Windows NT 6.2; WOW64) AppleWebKit/537.36 (KHTML, like Gecko) Chrome/84.0.4147.30"
60.160.248.26 - - [20/Jan/2026:09:42:35 +0800] "GET / HTTP/1.1" 301 5 "-" "Mozilla/5.0 (Windows NT 6.2; WOW64) AppleWebKit/537.36 (KHTML, like Gecko) Chrome/84.0.4147.30"
36.133.115.36 - - [20/Jan/2026:09:48:09 +0800] "POST /wp-cron.php?doing_wp_cron=1768873689.4689819812774658203125 HTTP/1.1" 200 31 "-" "WordPress/6.9; http://cqqizhou.com"
121.237.36.31 - - [20/Jan/2026:09:48:09 +0800] "GET / HTTP/1.1" 301 5 "-" "Dalvik/2.1.0 (Linux; U; Android 9.0; ZTE BA520 Build/MRA58K)"
121.237.36.31 - - [20/Jan/2026:09:48:16 +0800] "GET / HTTP/1.1" 200 34746 "-" "Dalvik/2.1.0 (Linux; U; Android 9.0; ZTE BA520 Build/MRA58K)"
36.133.115.36 - - [20/Jan/2026:09:50:03 +0800] "POST /wp-cron.php?doing_wp_cron=1768873803.7081060409545898437500 HTTP/1.1" 200 31 "-" "WordPress/6.9; http://cqqizhou.com"
116.62.143.63 - - [20/Jan/2026:09:50:03 +0800] "GET / HTTP/1.1" 301 5 "-" "Mozilla/5.0 (Windows NT 10.0; Win64; x64) AppleWebKit/537.36 (KHTML, like Gecko) Chrome/133.0.0.0 Safari/537.36"
116.62.143.63 - - [20/Jan/2026:09:50:05 +0800] "GET / HTTP/1.1" 200 40641 "http://36.133.115.36/" "Mozilla/5.0 (Windows NT 10.0; Win64; x64) AppleWebKit/537.36 (KHTML, like Gecko) Chrome/133.0.0.0 Safari/537.36"
36.133.115.36 - - [20/Jan/2026:09:54:52 +0800] "POST /wp-cron.php?doing_wp_cron=1768874092.6162021160125732421875 HTTP/1.1" 200 31 "-" "WordPress/6.9; http://cqqizhou.com"
121.237.36.28 - - [20/Jan/2026:09:54:52 +0800] "GET / HTTP/1.1" 301 5 "-" "Mozilla/5.0 (Macintosh; Intel Mac OS X 10_11) AppleWebKit/601.1.27 (KHTML, like Gecko) Chrome/47.0.2526.106 Safari/601.1.27"
121.237.36.28 - - [20/Jan/2026:09:54:52 +0800] "GET / HTTP/1.1" 200 40641 "-" "Mozilla/5.0 (Macintosh; Intel Mac OS X 10_11) AppleWebKit/601.1.27 (KHTML, like Gecko) Chrome/47.0.2526.106 Safari/601.1.27"
148.113.128.144 - - [20/Jan/2026:09:55:38 +0800] "GET /robots.txt HTTP/1.1" 200 190 "-" "Mozilla/5.0 (compatible; AhrefsBot/7.0; +http://ahrefs.com/robot/)"
198.244.226.119 - - [20/Jan/2026:09:55:42 +0800] "GET /services/ HTTP/1.1" 200 31644 "-" "Mozilla/5.0 (compatible; AhrefsBot/7.0; +http://ahrefs.com/robot/)"
31.171.152.137 - - [20/Jan/2026:09:56:03 +0800] "GET / HTTP/1.0" 200 171320 "http://cqqizhou.com/" "Mozilla/5.0 (Windows NT 10.0; Win64; x64) AppleWebKit/537.36 (KHTML, like Gecko) Chrome/129.0.0.0 Safari/537.36"
31.171.152.137 - - [20/Jan/2026:09:56:04 +0800] "GET /contacts/ HTTP/1.0" 200 70550 "http://cqqizhou.com/contacts/" "Mozilla/5.0 (Windows NT 10.0; Win64; x64) AppleWebKit/537.36 (KHTML, like Gecko) Chrome/129.0.0.0 Safari/537.36"
36.133.115.36 - - [20/Jan/2026:09:56:06 +0800] "POST /wp-cron.php?doing_wp_cron=1768874166.5646419525146484375000 HTTP/1.1" 200 31 "-" "WordPress/6.9; http://cqqizhou.com"
31.171.152.137 - - [20/Jan/2026:09:56:07 +0800] "POST /contacts/ HTTP/1.0" 200 70165 "http://cqqizhou.com/contacts/" "Mozilla/5.0 (Windows NT 10.0; Win64; x64) AppleWebKit/537.36 (KHTML, like Gecko) Chrome/129.0.0.0 Safari/537.36"
101.47.30.51 - - [20/Jan/2026:09:59:00 +0800] "GET /industry/ HTTP/1.1" 200 22012 "-" "Mozilla/5.0 (Macintosh; Intel Mac OS X 10_15_7) AppleWebKit/537.36 (KHTML, like Gecko) Chrome/136.0.0.0 Safari/537.36"
36.133.115.36 - - [20/Jan/2026:09:59:03 +0800] "POST /wp-cron.php?doing_wp_cron=1768874343.6356990337371826171875 HTTP/1.1" 200 31 "-" "WordPress/6.9; http://cqqizhou.com"
87.121.84.40 - - [20/Jan/2026:09:59:04 +0800] "GET / HTTP/1.1" 200 157416 "-" "-"
36.133.115.36 - - [20/Jan/2026:10:06:39 +0800] "POST /wp-cron.php?doing_wp_cron=1768874799.3178520202636718750000 HTTP/1.1" 200 31 "-" "WordPress/6.9; http://cqqizhou.com"
204.76.203.18 - - [20/Jan/2026:10:06:39 +0800] "GET /backup/ HTTP/1.1" 301 5 "-" "-"
204.76.203.18 - - [20/Jan/2026:10:06:43 +0800] "GET /backup/ HTTP/1.1" 301 5 "-" "-"
36.133.115.36 - - [20/Jan/2026:10:06:47 +0800] "POST /wp-cron.php?doing_wp_cron=1768874807.6077239513397216796875 HTTP/1.1" 200 31 "-" "WordPress/6.9; http://cqqizhou.com"
204.76.203.18 - - [20/Jan/2026:10:06:47 +0800] "GET /backup/ HTTP/1.1" 301 5 "-" "-"
36.133.115.36 - - [20/Jan/2026:10:20:24 +0800] "POST /wp-cron.php?doing_wp_cron=1768875624.8881669044494628906250 HTTP/1.1" 200 31 "-" "WordPress/6.9; http://cqqizhou.com"
220.181.108.144 - - [20/Jan/2026:10:20:24 +0800] "GET /news/page/1/ HTTP/1.1" 301 5 "-" "Mozilla/5.0 (compatible; Baiduspider/2.0; +http://www.baidu.com/search/spider.html)"
220.181.108.103 - - [20/Jan/2026:10:20:25 +0800] "GET /news/ HTTP/1.1" 200 20172 "-" "Mozilla/5.0 (compatible; Baiduspider/2.0; +http://www.baidu.com/search/spider.html)"
116.179.37.47 - - [20/Jan/2026:10:20:29 +0800] "GET /wp-content/uploads/2025/09/1756868614-20250903104654_74_5.webp HTTP/1.1" 200 47858 "http://cqqizhou.com/news/" "Mozilla/5.0 (compatible; Baiduspider-render/2.0; +http://www.baidu.com/search/spider.html)"
36.133.115.36 - - [20/Jan/2026:10:32:43 +0800] "POST /wp-cron.php?doing_wp_cron=1768876363.3277549743652343750000 HTTP/1.1" 200 31 "-" "WordPress/6.9; http://cqqizhou.com"
110.249.202.167 - - [20/Jan/2026:10:32:43 +0800] "GET /robots.txt HTTP/1.1" 200 190 "-" "Mozilla/5.0 (Linux; Android 5.0) AppleWebKit/537.36 (KHTML, like Gecko) Mobile Safari/537.36 (compatible; Bytespider; https://zhanzhang.toutiao.com/)"
36.133.115.36 - - [20/Jan/2026:10:45:14 +0800] "POST /wp-cron.php?doing_wp_cron=1768877114.1883780956268310546875 HTTP/1.1" 200 31 "-" "WordPress/6.9; http://cqqizhou.com"
204.76.203.6 - - [20/Jan/2026:10:45:14 +0800] "GET /SDK/webLanguage HTTP/1.1" 301 5 "-" "Mozilla/5.0 (Windows NT 10.0; Win64; x64) AppleWebKit/537.36 (KHTML, like Gecko) Chrome/90.0.4430.85 Safari/537.36 Edg/90.0.818.46"
52.167.144.211 - - [20/Jan/2026:10:49:53 +0800] "GET /2440/ HTTP/1.1" 200 25480 "-" "Mozilla/5.0 AppleWebKit/537.36 (KHTML, like Gecko; compatible; bingbot/2.0; +http://www.bing.com/bingbot.htm) Chrome/116.0.1938.76 Safari/537.36"
36.133.115.36 - - [20/Jan/2026:10:57:53 +0800] "POST /wp-cron.php?doing_wp_cron=1768877873.3063271045684814453125 HTTP/1.1" 200 31 "-" "WordPress/6.9; http://cqqizhou.com"
92.63.197.197 - - [20/Jan/2026:10:57:53 +0800] "GET / HTTP/1.1" 301 5 "-" "Mozilla/5.0 (Macintosh; Intel Mac OS X 10_10_5) AppleWebKit/537.36 (KHTML, like Gecko) Chrome/46.0.2490.13 Safari/537.36"
101.33.55.204 - - [20/Jan/2026:10:58:24 +0800] "GET / HTTP/1.1" 301 5 "-" "Mozilla/5.0 (iPhone; CPU iPhone OS 13_2_3 like Mac OS X) AppleWebKit/605.1.15 (KHTML, like Gecko) Version/13.0.3 Mobile/15E148 Safari/604.1"
101.33.55.204 - - [20/Jan/2026:10:58:26 +0800] "GET / HTTP/1.1" 200 34746 "http://36.133.115.36" "Mozilla/5.0 (iPhone; CPU iPhone OS 13_2_3 like Mac OS X) AppleWebKit/605.1.15 (KHTML, like Gecko) Version/13.0.3 Mobile/15E148 Safari/604.1"
36.133.115.36 - - [20/Jan/2026:11:00:03 +0800] "POST /wp-cron.php?doing_wp_cron=1768878003.1284139156341552734375 HTTP/1.1" 200 31 "-" "WordPress/6.9; http://cqqizhou.com"
172.105.234.247 - - [20/Jan/2026:11:00:03 +0800] "GET / HTTP/1.1" 200 157416 "-" "Mozilla/5.0 AppleWebKit/537.36 (KHTML, like Gecko) Mobile Safari/537.36 (compatible; Bytespider; https://zhanzhang.toutiao.com/)"
121.127.34.151 - - [20/Jan/2026:11:00:58 +0800] "GET / HTTP/1.1" 200 171342 "-" "Mozilla/5.0 (iPad; CPU OS 8_3 like Mac OS X) AppleWebKit/600.1.4 (KHTML, like Gecko) CriOS/43.0.2357.61 Mobile/12F69 Safari/600.1.4"
36.133.115.36 - - [20/Jan/2026:11:10:06 +0800] "POST /wp-cron.php?doing_wp_cron=1768878605.9875340461730957031250 HTTP/1.1" 200 31 "-" "WordPress/6.9; http://cqqizhou.com"
47.97.2.138 - - [20/Jan/2026:11:10:06 +0800] "GET / HTTP/1.0" 301 0 "-" "-"
47.97.2.138 - - [20/Jan/2026:11:10:17 +0800] "GET / HTTP/1.0" 301 0 "-" "-"
47.97.2.138 - - [20/Jan/2026:11:10:17 +0800] "GET /nmaplowercheck1768878610 HTTP/1.1" 404 31367 "-" "Mozilla/5.0 (compatible; Nmap Scripting Engine; https://nmap.org/book/nse.html)"
47.97.2.138 - - [20/Jan/2026:11:10:17 +0800] "POST /sdk HTTP/1.1" 404 31367 "-" "Mozilla/5.0 (compatible; Nmap Scripting Engine; https://nmap.org/book/nse.html)"
47.97.2.138 - - [20/Jan/2026:11:10:18 +0800] "GET /evox/about HTTP/1.1" 404 31367 "-" "Mozilla/5.0 (compatible; Nmap Scripting Engine; https://nmap.org/book/nse.html)"
47.97.2.138 - - [20/Jan/2026:11:10:18 +0800] "GET /HNAP1 HTTP/1.1" 404 31367 "-" "Mozilla/5.0 (compatible; Nmap Scripting Engine; https://nmap.org/book/nse.html)"
47.97.2.138 - - [20/Jan/2026:11:10:37 +0800] "GET / HTTP/1.0" 301 0 "-" "-"
47.97.2.138 - - [20/Jan/2026:11:10:37 +0800] "GET / HTTP/1.1" 301 5 "-" "-"
36.133.115.36 - - [20/Jan/2026:11:14:10 +0800] "POST /wp-cron.php?doing_wp_cron=1768878850.9558849334716796875000 HTTP/1.1" 200 31 "-" "WordPress/6.9; http://cqqizhou.com"
176.65.149.159 - - [20/Jan/2026:11:14:11 +0800] "GET / HTTP/1.1" 200 157416 "-" "-"
36.133.115.36 - - [20/Jan/2026:11:21:01 +0800] "POST /wp-cron.php?doing_wp_cron=1768879261.7582941055297851562500 HTTP/1.1" 200 31 "-" "WordPress/6.9; http://cqqizhou.com"
43.153.47.201 - - [20/Jan/2026:11:21:01 +0800] "GET / HTTP/1.1" 200 34746 "-" "Mozilla/5.0 (iPhone; CPU iPhone OS 13_2_3 like Mac OS X) AppleWebKit/605.1.15 (KHTML, like Gecko) Version/13.0.3 Mobile/15E148 Safari/604.1"
40.77.167.44 - - [20/Jan/2026:11:29:27 +0800] "GET / HTTP/1.1" 200 40641 "-" "Mozilla/5.0 AppleWebKit/537.36 (KHTML, like Gecko; compatible; bingbot/2.0; +http://www.bing.com/bingbot.htm) Chrome/116.0.1938.76 Safari/537.36"
116.136.225.236 - - [20/Jan/2026:11:38:43 +0800] "GET /portfolio/duplex-stainless-steel/ HTTP/1.1" 200 22168 "-" "Mozilla/5.0 (Macintosh; Intel Mac OS X 10_15_7) AppleWebKit/537.36 (KHTML, like Gecko) Chrome/120.0.0.0 Safari/537.36"
60.28.125.158 - - [20/Jan/2026:11:38:43 +0800] "GET /portfolio/duplex-stainless-steel/ HTTP/1.1" 200 22168 "-" "Mozilla/5.0 (Windows NT 10.0; Win64; x64) AppleWebKit/537.36 (KHTML, like Gecko) Chrome/116.0.0.0 Whale/3.22.205.14 Safari/537.36"
92.255.85.77 - - [20/Jan/2026:11:39:01 +0800] "GET / HTTP/1.0" 200 171320 "http://cqqizhou.com/" "Mozilla/5.0 (Windows NT 10.0; Win64; x64) AppleWebKit/537.36 (KHTML, like Gecko) Chrome/129.0.0.0 Safari/537.36"
92.255.85.77 - - [20/Jan/2026:11:39:01 +0800] "GET /contacts/ HTTP/1.0" 200 70550 "http://cqqizhou.com/contacts/" "Mozilla/5.0 (Windows NT 10.0; Win64; x64) AppleWebKit/537.36 (KHTML, like Gecko) Chrome/129.0.0.0 Safari/537.36"
36.133.115.36 - - [20/Jan/2026:11:39:03 +0800] "POST /wp-cron.php?doing_wp_cron=1768880343.9098579883575439453125 HTTP/1.1" 200 31 "-" "WordPress/6.9; http://cqqizhou.com"
92.255.85.77 - - [20/Jan/2026:11:39:04 +0800] "POST /contacts/ HTTP/1.0" 200 69362 "http://cqqizhou.com/contacts/" "Mozilla/5.0 (Windows NT 10.0; Win64; x64) AppleWebKit/537.36 (KHTML, like Gecko) Chrome/129.0.0.0 Safari/537.36"
36.133.115.36 - - [20/Jan/2026:11:41:30 +0800] "POST /wp-cron.php?doing_wp_cron=1768880490.2337980270385742187500 HTTP/1.1" 200 31 "-" "WordPress/6.9; http://cqqizhou.com"
121.237.36.29 - - [20/Jan/2026:11:41:30 +0800] "GET / HTTP/1.1" 200 34746 "-" "Mozilla/5.0 (Linux; Android 7.0; KNT-AL20 Build/HUAWEIKNT-AL20; wv) AppleWebKit/537.36 (KHTML, like Gecko) Version/4.0 Chrome/57.0.2987.132 MQQBrowser/6.2 TBS/044033 Mobile Safari/537.36 MicroMessenger/6.6.6.1300(0x26060637) NetType/WIFI Language/zh_CN"
36.133.115.36 - - [20/Jan/2026:11:43:28 +0800] "POST /wp-cron.php?doing_wp_cron=1768880608.4040338993072509765625 HTTP/1.1" 200 31 "-" "WordPress/6.9; http://cqqizhou.com"
121.237.36.29 - - [20/Jan/2026:11:43:28 +0800] "GET / HTTP/1.1" 200 34746 "-" "Dalvik/2.1.0 (Linux; U; Android 9.0; ZTE BA520 Build/MRA58K)"
121.237.36.28 - - [20/Jan/2026:11:47:51 +0800] "GET / HTTP/1.1" 200 40641 "-" "Mozilla/5.0 (Macintosh; Intel Mac OS X 10_11) AppleWebKit/601.1.27 (KHTML, like Gecko) Chrome/47.0.2526.106 Safari/601.1.27"
198.244.226.12 - - [20/Jan/2026:11:52:15 +0800] "GET /logistics/ HTTP/1.1" 200 30557 "-" "Mozilla/5.0 (compatible; AhrefsBot/7.0; +http://ahrefs.com/robot/)"
36.133.115.36 - - [20/Jan/2026:11:54:32 +0800] "POST /wp-cron.php?doing_wp_cron=1768881272.6294910907745361328125 HTTP/1.1" 200 31 "-" "WordPress/6.9; http://cqqizhou.com"
91.224.92.14 - - [20/Jan/2026:11:54:32 +0800] "POST /goform/formJsonAjaxReq HTTP/1.1" 404 31367 "http://36.133.115.36:80/home.asp" "Go-http-client/1.1"
36.133.115.36 - - [20/Jan/2026:11:57:33 +0800] "POST /wp-cron.php?doing_wp_cron=1768881453.0086588859558105468750 HTTP/1.1" 200 31 "-" "WordPress/6.9; http://cqqizhou.com"
193.142.147.209 - - [20/Jan/2026:11:57:33 +0800] "POST / HTTP/1.1" 200 34746 "-" "Mozilla/5.0 (Windows NT 10.0; Win64; x64) AppleWebKit/537.36"
36.133.115.36 - - [20/Jan/2026:12:00:14 +0800] "POST /wp-cron.php?doing_wp_cron=1768881614.2574830055236816406250 HTTP/1.1" 200 31 "-" "WordPress/6.9; http://cqqizhou.com"
192.144.148.122 - - [20/Jan/2026:12:00:14 +0800] "GET / HTTP/1.1" 301 5 "-" "Mozilla/5.0 (iPhone; CPU iPhone OS 13_2_3 like Mac OS X) AppleWebKit/605.1.15 (KHTML, like Gecko) Version/13.0.3 Mobile/15E148 Safari/604.1"
192.144.148.122 - - [20/Jan/2026:12:00:16 +0800] "GET / HTTP/1.1" 200 34745 "http://www.cqqizhou.com" "Mozilla/5.0 (iPhone; CPU iPhone OS 13_2_3 like Mac OS X) AppleWebKit/605.1.15 (KHTML, like Gecko) Version/13.0.3 Mobile/15E148 Safari/604.1"
36.133.115.36 - - [20/Jan/2026:12:09:50 +0800] "POST /wp-cron.php?doing_wp_cron=1768882190.2074320316314697265625 HTTP/1.1" 200 31 "-" "WordPress/6.9; http://cqqizhou.com"
93.174.93.12 - - [20/Jan/2026:12:09:50 +0800] "GET / HTTP/1.0" 301 0 "-" "Mozilla/5.0 (X11; Linux x86_64) AppleWebKit/537.36 (KHTML, like Gecko) Chrome/70.0.3538.102 YaBrowser/18.11.1.715 (beta) Yowser/2.5 Safari/537.36"
85.90.208.132 - - [20/Jan/2026:12:10:38 +0800] "GET /2214/ HTTP/1.0" 200 78041 "http://cqqizhou.com/2214/" "Mozilla/5.0 (Windows NT 10.0; Win64; x64) AppleWebKit/537.36 (KHTML, like Gecko) Chrome/130.0.0.0 Safari/537.36"
85.90.208.132 - - [20/Jan/2026:12:10:42 +0800] "GET /wp-login.php?action=register HTTP/1.0" 302 0 "http://cqqizhou.com/wp-login.php?action=register" "Mozilla/5.0 (Windows NT 10.0; Win64; x64) AppleWebKit/537.36 (KHTML, like Gecko) Chrome/130.0.0.0 Safari/537.36"
85.90.208.132 - - [20/Jan/2026:12:10:43 +0800] "GET /wp-login.php?registration=disabled HTTP/1.0" 200 9221 "http://cqqizhou.com/wp-login.php?registration=disabled" "Mozilla/5.0 (Windows NT 10.0; Win64; x64) AppleWebKit/537.36 (KHTML, like Gecko) Chrome/130.0.0.0 Safari/537.36"
106.228.6.204 - - [20/Jan/2026:12:12:10 +0800] "GET /logins.php HTTP/1.1" 404 47 "http://cqqizhou.com/logins.php" "Mozilla/5.0 (Windows NT 6.1; WOW64) AppleWebKit/537.11 (KHTML, like Gecko) Chrome/23.0.1271.97 Safari/537.11"
36.133.115.36 - - [20/Jan/2026:12:20:53 +0800] "POST /wp-cron.php?doing_wp_cron=1768882853.3754470348358154296875 HTTP/1.1" 200 31 "-" "WordPress/6.9; http://cqqizhou.com"
27.28.45.249 - - [20/Jan/2026:12:20:53 +0800] "GET / HTTP/1.1" 301 5 "-" "Mozilla/5.0 (Windows NT 9.3; Win64; x64) AppleWebKit/537.36 (KHTML, like Gecko) Chrome/76.0.3719.88 Safari/537.36"
27.28.45.249 - - [20/Jan/2026:12:20:53 +0800] "GET / HTTP/1.1" 200 40641 "-" "Mozilla/5.0 (Windows NT 9.3; Win64; x64) AppleWebKit/537.36 (KHTML, like Gecko) Chrome/76.0.3719.88 Safari/537.36"
27.28.45.249 - - [20/Jan/2026:12:20:53 +0800] "GET /contacts/ HTTP/1.1" 200 18807 "-" "Mozilla/5.0 (Windows NT 6.2; Win64; x64) AppleWebKit/537.36 (KHTML, like Gecko) Chrome/77.0.3988.88 Safari/537.36"
101.47.40.156 - - [20/Jan/2026:12:33:29 +0800] "GET /about/ HTTP/1.1" 200 24470 "-" "Mozilla/5.0 (Macintosh; Intel Mac OS X 10_15_7) AppleWebKit/537.36 (KHTML, like Gecko) Chrome/120.0.0.0 Safari/537.36"
36.133.115.36 - - [20/Jan/2026:12:46:44 +0800] "POST /wp-cron.php?doing_wp_cron=1768884404.5591878890991210937500 HTTP/1.1" 200 31 "-" "WordPress/6.9; http://cqqizhou.com"
3.143.33.63 - - [20/Jan/2026:12:46:44 +0800] "GET / HTTP/1.1" 301 5 "-" "cypex.ai/scanning Mozilla/5.0 (Macintosh; Intel Mac OS X 10_15_7) Chrome/126.0.0.0 Safari/537.36"
36.133.115.36 - - [20/Jan/2026:12:47:37 +0800] "POST /wp-cron.php?doing_wp_cron=1768884457.3588559627532958984375 HTTP/1.1" 200 31 "-" "WordPress/6.9; http://cqqizhou.com"
3.143.33.63 - - [20/Jan/2026:12:47:37 +0800] "GET / HTTP/1.1" 301 5 "-" "cypex.ai/scanning Mozilla/5.0 (Macintosh; Intel Mac OS X 10_15_7) Chrome/126.0.0.0 Safari/537.36"
36.133.115.36 - - [20/Jan/2026:12:59:58 +0800] "POST /wp-cron.php?doing_wp_cron=1768885197.9671990871429443359375 HTTP/1.1" 200 31 "-" "WordPress/6.9; http://cqqizhou.com"
103.252.89.75 - - [20/Jan/2026:12:59:58 +0800] "GET /login HTTP/1.1" 302 5 "-" "Go-http-client/1.1"
103.252.89.75 - - [20/Jan/2026:12:59:59 +0800] "GET /wp-login.php HTTP/1.1" 200 2854 "http://36.133.115.36/login" "Go-http-client/1.1"
36.133.115.36 - - [20/Jan/2026:13:19:03 +0800] "POST /wp-cron.php?doing_wp_cron=1768886343.3910379409790039062500 HTTP/1.1" 200 31 "-" "WordPress/6.9; http://cqqizhou.com"
14.183.237.108 - - [20/Jan/2026:13:19:04 +0800] "GET / HTTP/1.0" 200 157394 "-" "-"
101.47.41.171 - - [20/Jan/2026:13:23:36 +0800] "GET /2163/ HTTP/1.1" 200 23756 "-" "Mozilla/5.0 (Macintosh; Intel Mac OS X 10_15_7) AppleWebKit/537.36 (KHTML, like Gecko) Chrome/120.0.0.0 Safari/537.36"
36.133.115.36 - - [20/Jan/2026:13:53:19 +0800] "POST /wp-cron.php?doing_wp_cron=1768888398.9862020015716552734375 HTTP/1.1" 200 31 "-" "WordPress/6.9; http://cqqizhou.com"
110.249.202.105 - - [20/Jan/2026:13:53:19 +0800] "GET /robots.txt HTTP/1.1" 200 190 "-" "Mozilla/5.0 (Linux; Android 5.0) AppleWebKit/537.36 (KHTML, like Gecko) Mobile Safari/537.36 (compatible; Bytespider; https://zhanzhang.toutiao.com/)"
36.133.115.36 - - [20/Jan/2026:14:05:17 +0800] "POST /wp-cron.php?doing_wp_cron=1768889116.9843530654907226562500 HTTP/1.1" 200 31 "-" "WordPress/6.9; http://cqqizhou.com"
204.76.203.46 - - [20/Jan/2026:14:05:17 +0800] "GET / HTTP/1.1" 301 5 "-" "Mozilla/5.0 (Windows NT 10.0; Win64; x64) AppleWebKit/537.36"
51.89.129.98 - - [20/Jan/2026:14:12:57 +0800] "GET /2361/ HTTP/1.1" 304 0 "-" "Mozilla/5.0 (compatible; AhrefsBot/7.0; +http://ahrefs.com/robot/)"
101.47.41.132 - - [20/Jan/2026:14:19:22 +0800] "GET /2164/ HTTP/1.1" 200 23485 "-" "Mozilla/5.0 (Macintosh; Intel Mac OS X 10_15_7) AppleWebKit/537.36 (KHTML, like Gecko) Chrome/119.0.0.0 Safari/537.36"
36.133.115.36 - - [20/Jan/2026:14:23:35 +0800] "POST /wp-cron.php?doing_wp_cron=1768890215.4768810272216796875000 HTTP/1.1" 200 31 "-" "WordPress/6.9; http://cqqizhou.com"
43.173.1.57 - - [20/Jan/2026:14:23:35 +0800] "GET / HTTP/1.1" 200 34746 "-" "Mozilla/5.0 (iPhone; CPU iPhone OS 13_2_3 like Mac OS X) AppleWebKit/605.1.15 (KHTML, like Gecko) Version/13.0.3 Mobile/15E148 Safari/604.1"
36.133.115.36 - - [20/Jan/2026:14:26:30 +0800] "POST /wp-cron.php?doing_wp_cron=1768890390.7963500022888183593750 HTTP/1.1" 200 31 "-" "WordPress/6.9; http://cqqizhou.com"
43.155.162.41 - - [20/Jan/2026:14:26:30 +0800] "GET / HTTP/1.1" 301 5 "-" "Mozilla/5.0 (iPhone; CPU iPhone OS 13_2_3 like Mac OS X) AppleWebKit/605.1.15 (KHTML, like Gecko) Version/13.0.3 Mobile/15E148 Safari/604.1"
43.155.162.41 - - [20/Jan/2026:14:26:32 +0800] "GET / HTTP/1.1" 200 34746 "http://www.cqqizhou.com" "Mozilla/5.0 (iPhone; CPU iPhone OS 13_2_3 like Mac OS X) AppleWebKit/605.1.15 (KHTML, like Gecko) Version/13.0.3 Mobile/15E148 Safari/604.1"
36.133.115.36 - - [20/Jan/2026:14:27:21 +0800] "POST /wp-cron.php?doing_wp_cron=1768890440.9709889888763427734375 HTTP/1.1" 200 31 "-" "WordPress/6.9; http://cqqizhou.com"
87.121.84.38 - - [20/Jan/2026:14:27:21 +0800] "GET / HTTP/1.1" 200 157416 "-" "-"
36.133.115.36 - - [20/Jan/2026:14:30:15 +0800] "POST /wp-cron.php?doing_wp_cron=1768890615.0995390415191650390625 HTTP/1.1" 200 31 "-" "WordPress/6.9; http://cqqizhou.com"
103.252.89.75 - - [20/Jan/2026:14:30:15 +0800] "GET /login HTTP/1.1" 302 5 "-" "Go-http-client/1.1"
103.252.89.75 - - [20/Jan/2026:14:30:16 +0800] "GET /wp-login.php HTTP/1.1" 200 2854 "http://36.133.115.36/login" "Go-http-client/1.1"
36.133.115.36 - - [20/Jan/2026:14:40:15 +0800] "POST /wp-cron.php?doing_wp_cron=1768891215.4927148818969726562500 HTTP/1.1" 200 31 "-" "WordPress/6.9; http://cqqizhou.com"
204.188.219.24 - - [20/Jan/2026:14:40:15 +0800] "GET / HTTP/1.1" 301 5 "-" "Mozilla/5.0 (Linux; Android 11; CPH2185) AppleWebKit/537.36 (KHTML, like Gecko) Chrome/91.0.4472.101 Mobile Safari/537.36"
204.188.219.24 - - [20/Jan/2026:14:40:36 +0800] "GET / HTTP/1.1" 301 5 "-" "Mozilla/5.0 (Linux; Android 11; CPH2185) AppleWebKit/537.36 (KHTML, like Gecko) Chrome/91.0.4472.101 Mobile Safari/537.36"
204.188.219.24 - - [20/Jan/2026:14:40:40 +0800] "GET / HTTP/1.1" 200 34744 "-" "Mozilla/5.0 (Linux; Android 11; CPH2185) AppleWebKit/537.36 (KHTML, like Gecko) Chrome/91.0.4472.101 Mobile Safari/537.36"
40.65.177.112 - - [20/Jan/2026:14:46:45 +0800] "GET /wp-content/plugins/hellopress/wp_filemanager.php HTTP/1.1" 404 27 "-" "-"
40.65.177.112 - - [20/Jan/2026:14:46:45 +0800] "GET /eee.php HTTP/1.1" 404 27 "-" "-"
40.65.177.112 - - [20/Jan/2026:14:46:45 +0800] "GET /webadmin.php HTTP/1.1" 404 27 "-" "-"
40.65.177.112 - - [20/Jan/2026:14:46:45 +0800] "GET /galex.php HTTP/1.1" 404 27 "-" "-"
40.65.177.112 - - [20/Jan/2026:14:46:45 +0800] "GET /tinyfilemanager.php?p= HTTP/1.1" 404 27 "-" "-"
40.65.177.112 - - [20/Jan/2026:14:46:45 +0800] "GET /class.api.php HTTP/1.1" 404 27 "-" "-"
40.65.177.112 - - [20/Jan/2026:14:46:45 +0800] "GET /support.php HTTP/1.1" 404 27 "-" "-"
40.65.177.112 - - [20/Jan/2026:14:46:46 +0800] "GET /wp-content/themes/finley/min.php HTTP/1.1" 404 27 "-" "-"
40.65.177.112 - - [20/Jan/2026:14:46:46 +0800] "GET /dox.php HTTP/1.1" 404 27 "-" "-"
40.65.177.112 - - [20/Jan/2026:14:46:46 +0800] "GET /siteheads.php HTTP/1.1" 404 27 "-" "-"
40.65.177.112 - - [20/Jan/2026:14:46:46 +0800] "GET /0x.php HTTP/1.1" 404 27 "-" "-"
40.65.177.112 - - [20/Jan/2026:14:46:46 +0800] "GET /wp-admin/images/admin.php HTTP/1.1" 404 27 "-" "-"
40.65.177.112 - - [20/Jan/2026:14:46:46 +0800] "GET /wp-logout.php HTTP/1.1" 404 27 "-" "-"
40.65.177.112 - - [20/Jan/2026:14:46:46 +0800] "GET /87.php HTTP/1.1" 404 27 "-" "-"
40.65.177.112 - - [20/Jan/2026:14:46:46 +0800] "GET /0o0.php HTTP/1.1" 404 27 "-" "-"
40.65.177.112 - - [20/Jan/2026:14:46:46 +0800] "GET /lv.php HTTP/1.1" 404 27 "-" "-"
40.65.177.112 - - [20/Jan/2026:14:46:46 +0800] "GET /dropdown.php HTTP/1.1" 404 27 "-" "-"
40.65.177.112 - - [20/Jan/2026:14:46:46 +0800] "GET /wsheet1.php HTTP/1.1" 404 27 "-" "-"
40.65.177.112 - - [20/Jan/2026:14:46:47 +0800] "GET /wp-admin/css/colors/about.php HTTP/1.1" 404 27 "-" "-"
40.65.177.112 - - [20/Jan/2026:14:46:47 +0800] "GET /size.php HTTP/1.1" 404 27 "-" "-"
40.65.177.112 - - [20/Jan/2026:14:46:47 +0800] "GET /ms-users.php HTTP/1.1" 404 27 "-" "-"
40.65.177.112 - - [20/Jan/2026:14:46:48 +0800] "GET /wp-admin/js/about.php HTTP/1.1" 404 27 "-" "-"
40.65.177.112 - - [20/Jan/2026:14:46:48 +0800] "GET /revision.php HTTP/1.1" 404 27 "-" "-"
40.65.177.112 - - [20/Jan/2026:14:46:48 +0800] "GET /12.php HTTP/1.1" 404 27 "-" "-"
40.65.177.112 - - [20/Jan/2026:14:46:48 +0800] "GET /wp-includes/Text/about.php HTTP/1.1" 404 27 "-" "-"
40.65.177.112 - - [20/Jan/2026:14:46:48 +0800] "GET /img.php HTTP/1.1" 404 27 "-" "-"
40.65.177.112 - - [20/Jan/2026:14:46:48 +0800] "GET /menu.php HTTP/1.1" 404 27 "-" "-"
40.65.177.112 - - [20/Jan/2026:14:46:48 +0800] "GET /tinyfilemanager.php HTTP/1.1" 404 27 "-" "-"
40.65.177.112 - - [20/Jan/2026:14:46:48 +0800] "GET /test1.php HTTP/1.1" 404 27 "-" "-"
40.65.177.112 - - [20/Jan/2026:14:46:48 +0800] "GET /shell20211028.php HTTP/1.1" 404 27 "-" "-"
40.65.177.112 - - [20/Jan/2026:14:46:49 +0800] "GET /ton.php HTTP/1.1" 404 27 "-" "-"
40.65.177.112 - - [20/Jan/2026:14:46:49 +0800] "GET /item.php HTTP/1.1" 404 27 "-" "-"
40.65.177.112 - - [20/Jan/2026:14:46:49 +0800] "GET /lala.php HTTP/1.1" 404 27 "-" "-"
36.133.115.36 - - [20/Jan/2026:14:46:50 +0800] "POST /wp-cron.php?doing_wp_cron=1768891610.5651960372924804687500 HTTP/1.1" 200 31 "-" "WordPress/6.9; http://cqqizhou.com"
40.65.177.112 - - [20/Jan/2026:14:46:50 +0800] "GET /baxa1.phP8 HTTP/1.1" 404 31367 "-" "-"
40.65.177.112 - - [20/Jan/2026:14:46:51 +0800] "GET /page.php HTTP/1.1" 404 27 "-" "-"
40.65.177.112 - - [20/Jan/2026:14:46:51 +0800] "GET /tempfuns.php HTTP/1.1" 404 27 "-" "-"
40.65.177.112 - - [20/Jan/2026:14:46:51 +0800] "GET /past.php HTTP/1.1" 404 27 "-" "-"
40.65.177.112 - - [20/Jan/2026:14:46:51 +0800] "GET /log.php HTTP/1.1" 404 27 "-" "-"
40.65.177.112 - - [20/Jan/2026:14:46:51 +0800] "GET /wen.php HTTP/1.1" 404 27 "-" "-"
40.65.177.112 - - [20/Jan/2026:14:46:51 +0800] "GET /wp-admin/js/index.php HTTP/1.1" 404 27 "-" "-"
40.65.177.112 - - [20/Jan/2026:14:46:51 +0800] "GET /sf.php HTTP/1.1" 404 27 "-" "-"
40.65.177.112 - - [20/Jan/2026:14:46:51 +0800] "GET //simple.php HTTP/1.1" 404 27 "-" "-"
40.65.177.112 - - [20/Jan/2026:14:46:51 +0800] "GET /admiin.php HTTP/1.1" 404 27 "-" "-"
40.65.177.112 - - [20/Jan/2026:14:46:51 +0800] "GET /9v6.php HTTP/1.1" 404 27 "-" "-"
40.65.177.112 - - [20/Jan/2026:14:46:51 +0800] "GET //doc.php HTTP/1.1" 404 27 "-" "-"
40.65.177.112 - - [20/Jan/2026:14:46:51 +0800] "GET /ha.php HTTP/1.1" 404 27 "-" "-"
40.65.177.112 - - [20/Jan/2026:14:46:51 +0800] "GET /F0x.php HTTP/1.1" 404 27 "-" "-"
40.65.177.112 - - [20/Jan/2026:14:46:52 +0800] "GET /file2.php HTTP/1.1" 404 27 "-" "-"
40.65.177.112 - - [20/Jan/2026:14:46:53 +0800] "GET /cong.php HTTP/1.1" 404 27 "-" "-"
40.65.177.112 - - [20/Jan/2026:14:46:53 +0800] "GET /a2.php HTTP/1.1" 404 27 "-" "-"
40.65.177.112 - - [20/Jan/2026:14:46:53 +0800] "GET /up4.php HTTP/1.1" 404 27 "-" "-"
40.65.177.112 - - [20/Jan/2026:14:46:53 +0800] "GET /gtc.php HTTP/1.1" 404 27 "-" "-"
40.65.177.112 - - [20/Jan/2026:14:46:53 +0800] "GET /dbc.php HTTP/1.1" 404 27 "-" "-"
40.65.177.112 - - [20/Jan/2026:14:46:53 +0800] "GET /xa.php HTTP/1.1" 404 27 "-" "-"
40.65.177.112 - - [20/Jan/2026:14:46:53 +0800] "GET /content.php HTTP/1.1" 404 27 "-" "-"
40.65.177.112 - - [20/Jan/2026:14:46:53 +0800] "GET /oo.php HTTP/1.1" 404 27 "-" "-"
40.65.177.112 - - [20/Jan/2026:14:46:54 +0800] "GET /ws35.php HTTP/1.1" 404 27 "-" "-"
40.65.177.112 - - [20/Jan/2026:14:46:54 +0800] "GET /222.php HTTP/1.1" 404 27 "-" "-"
40.65.177.112 - - [20/Jan/2026:14:46:54 +0800] "GET /z60.php HTTP/1.1" 404 27 "-" "-"
40.65.177.112 - - [20/Jan/2026:14:46:54 +0800] "GET /wp-freya.php HTTP/1.1" 404 27 "-" "-"
40.65.177.112 - - [20/Jan/2026:14:46:54 +0800] "GET /ccou.php HTTP/1.1" 404 27 "-" "-"
40.65.177.112 - - [20/Jan/2026:14:46:54 +0800] "GET /abc.php HTTP/1.1" 404 27 "-" "-"
40.65.177.112 - - [20/Jan/2026:14:46:54 +0800] "GET /ant.php HTTP/1.1" 404 27 "-" "-"
40.65.177.112 - - [20/Jan/2026:14:46:55 +0800] "GET /ma.php HTTP/1.1" 404 27 "-" "-"
40.65.177.112 - - [20/Jan/2026:14:46:55 +0800] "GET /gecko.php HTTP/1.1" 404 27 "-" "-"
40.65.177.112 - - [20/Jan/2026:14:46:55 +0800] "GET /ws29.php HTTP/1.1" 404 27 "-" "-"
40.65.177.112 - - [20/Jan/2026:14:46:55 +0800] "GET /1100.php HTTP/1.1" 404 27 "-" "-"
40.65.177.112 - - [20/Jan/2026:14:46:55 +0800] "GET /ws46.php HTTP/1.1" 404 27 "-" "-"
40.65.177.112 - - [20/Jan/2026:14:46:55 +0800] "GET /ws43.php HTTP/1.1" 404 27 "-" "-"
40.65.177.112 - - [20/Jan/2026:14:46:55 +0800] "GET /ws36.php HTTP/1.1" 404 27 "-" "-"
40.65.177.112 - - [20/Jan/2026:14:46:55 +0800] "GET /ws34.php HTTP/1.1" 404 27 "-" "-"
40.65.177.112 - - [20/Jan/2026:14:46:55 +0800] "GET /rtx.php HTTP/1.1" 404 27 "-" "-"
40.65.177.112 - - [20/Jan/2026:14:46:56 +0800] "GET /as.php HTTP/1.1" 404 27 "-" "-"
40.65.177.112 - - [20/Jan/2026:14:46:56 +0800] "GET /ova.php HTTP/1.1" 404 27 "-" "-"
40.65.177.112 - - [20/Jan/2026:14:46:57 +0800] "GET /blox.php HTTP/1.1" 404 27 "-" "-"
40.65.177.112 - - [20/Jan/2026:14:46:57 +0800] "GET /vx.php HTTP/1.1" 404 27 "-" "-"
40.65.177.112 - - [20/Jan/2026:14:46:57 +0800] "GET /mh.php HTTP/1.1" 404 27 "-" "-"
40.65.177.112 - - [20/Jan/2026:14:46:57 +0800] "GET /pn.php HTTP/1.1" 404 27 "-" "-"
40.65.177.112 - - [20/Jan/2026:14:46:57 +0800] "GET /O-Simple.php HTTP/1.1" 404 27 "-" "-"
40.65.177.112 - - [20/Jan/2026:14:46:57 +0800] "GET /smklh.php HTTP/1.1" 404 27 "-" "-"
40.65.177.112 - - [20/Jan/2026:14:46:58 +0800] "GET /mans.php HTTP/1.1" 404 27 "-" "-"
40.65.177.112 - - [20/Jan/2026:14:46:58 +0800] "GET /horeg.php HTTP/1.1" 404 27 "-" "-"
40.65.177.112 - - [20/Jan/2026:14:46:58 +0800] "GET /to.php HTTP/1.1" 404 27 "-" "-"
40.65.177.112 - - [20/Jan/2026:14:46:58 +0800] "GET /wp-good.php HTTP/1.1" 404 27 "-" "-"
40.65.177.112 - - [20/Jan/2026:14:46:58 +0800] "GET /fz.php HTTP/1.1" 404 27 "-" "-"
40.65.177.112 - - [20/Jan/2026:14:46:59 +0800] "GET /mini.php HTTP/1.1" 404 27 "-" "-"
40.65.177.112 - - [20/Jan/2026:14:46:59 +0800] "GET //x.php HTTP/1.1" 404 27 "-" "-"
