103.148.104.72 - - [20/Jan/2026:15:26:21 +0800] "HEAD /web.rar HTTP/1.1" 404 0 "http://cqqizhou.com/web.rar" "Mozilla/5.0 (compatible; MSIE 9.0; Windows NT 6.1; Trident/5.0)"
103.148.104.72 - - [20/Jan/2026:15:26:22 +0800] "HEAD /web.tar.gz HTTP/1.1" 404 0 "http://cqqizhou.com/web.tar.gz" "Mozilla/5.0 (compatible; MSIE 9.0; Windows NT 6.1; Trident/5.0)"
103.148.104.72 - - [20/Jan/2026:15:26:24 +0800] "HEAD /web.tgz HTTP/1.1" 404 0 "http://cqqizhou.com/web.tgz" "Mozilla/5.0 (compatible; MSIE 9.0; Windows NT 6.1; Trident/5.0)"
103.148.104.72 - - [20/Jan/2026:15:26:25 +0800] "HEAD /website.zip HTTP/1.1" 404 0 "http://cqqizhou.com/website.zip" "Mozilla/5.0 (compatible; MSIE 9.0; Windows NT 6.1; Trident/5.0)"
103.148.104.72 - - [20/Jan/2026:15:26:27 +0800] "HEAD /website.rar HTTP/1.1" 404 0 "http://cqqizhou.com/website.rar" "Mozilla/5.0 (compatible; MSIE 9.0; Windows NT 6.1; Trident/5.0)"
103.148.104.72 - - [20/Jan/2026:15:26:28 +0800] "HEAD /website.tar.gz HTTP/1.1" 404 0 "http://cqqizhou.com/website.tar.gz" "Mozilla/5.0 (compatible; MSIE 9.0; Windows NT 6.1; Trident/5.0)"
103.148.104.72 - - [20/Jan/2026:15:26:29 +0800] "HEAD /website.tgz HTTP/1.1" 404 0 "http://cqqizhou.com/website.tgz" "Mozilla/5.0 (compatible; MSIE 9.0; Windows NT 6.1; Trident/5.0)"
103.148.104.72 - - [20/Jan/2026:15:26:31 +0800] "HEAD /wwwroot.zip HTTP/1.1" 404 0 "http://cqqizhou.com/wwwroot.zip" "Mozilla/5.0 (compatible; MSIE 9.0; Windows NT 6.1; Trident/5.0)"
103.148.104.72 - - [20/Jan/2026:15:26:33 +0800] "HEAD /wwwroot.rar HTTP/1.1" 404 0 "http://cqqizhou.com/wwwroot.rar" "Mozilla/5.0 (compatible; MSIE 9.0; Windows NT 6.1; Trident/5.0)"
103.148.104.72 - - [20/Jan/2026:15:26:34 +0800] "HEAD /wwwroot.tar.gz HTTP/1.1" 404 0 "http://cqqizhou.com/wwwroot.tar.gz" "Mozilla/5.0 (compatible; MSIE 9.0; Windows NT 6.1; Trident/5.0)"
103.148.104.72 - - [20/Jan/2026:15:26:36 +0800] "HEAD /wwwroot.tgz HTTP/1.1" 404 0 "http://cqqizhou.com/wwwroot.tgz" "Mozilla/5.0 (compatible; MSIE 9.0; Windows NT 6.1; Trident/5.0)"
103.148.104.72 - - [20/Jan/2026:15:26:38 +0800] "HEAD /wwwroot.zip HTTP/1.1" 404 0 "http://cqqizhou.com/wwwroot.zip" "Mozilla/5.0 (compatible; MSIE 9.0; Windows NT 6.1; Trident/5.0)"
103.148.104.72 - - [20/Jan/2026:15:26:39 +0800] "HEAD /wwwroot.rar HTTP/1.1" 404 0 "http://cqqizhou.com/wwwroot.rar" "Mozilla/5.0 (compatible; MSIE 9.0; Windows NT 6.1; Trident/5.0)"
103.148.104.72 - - [20/Jan/2026:15:26:40 +0800] "HEAD /wwwroot.tar.gz HTTP/1.1" 404 0 "http://cqqizhou.com/wwwroot.tar.gz" "Mozilla/5.0 (compatible; MSIE 9.0; Windows NT 6.1; Trident/5.0)"
103.148.104.72 - - [20/Jan/2026:15:26:41 +0800] "HEAD /wwwroot.tgz HTTP/1.1" 404 0 "http://cqqizhou.com/wwwroot.tgz" "Mozilla/5.0 (compatible; MSIE 9.0; Windows NT 6.1; Trident/5.0)"
103.148.104.72 - - [20/Jan/2026:15:26:42 +0800] "HEAD /wz.zip HTTP/1.1" 404 0 "http://cqqizhou.com/wz.zip" "Mozilla/5.0 (compatible; MSIE 9.0; Windows NT 6.1; Trident/5.0)"
103.148.104.72 - - [20/Jan/2026:15:26:43 +0800] "HEAD /wz.rar HTTP/1.1" 404 0 "http://cqqizhou.com/wz.rar" "Mozilla/5.0 (compatible; MSIE 9.0; Windows NT 6.1; Trident/5.0)"
103.148.104.72 - - [20/Jan/2026:15:26:45 +0800] "HEAD /wz.tar.gz HTTP/1.1" 404 0 "http://cqqizhou.com/wz.tar.gz" "Mozilla/5.0 (compatible; MSIE 9.0; Windows NT 6.1; Trident/5.0)"
36.133.115.36 - - [20/Jan/2026:15:26:47 +0800] "POST /wp-cron.php?doing_wp_cron=1768894007.5505259037017822265625 HTTP/1.1" 200 31 "-" "WordPress/6.9; http://cqqizhou.com"
103.148.104.72 - - [20/Jan/2026:15:26:47 +0800] "HEAD /wz.tgz HTTP/1.1" 404 0 "http://cqqizhou.com/wz.tgz" "Mozilla/5.0 (compatible; MSIE 9.0; Windows NT 6.1; Trident/5.0)"
103.148.104.72 - - [20/Jan/2026:15:26:48 +0800] "HEAD /%EF%BF%BD%EF%BF%BD%EF%BF%BD%EF%BF%BD.zip HTTP/1.1" 404 0 "http://cqqizhou.com/%EF%BF%BD%EF%BF%BD%EF%BF%BD%EF%BF%BD.zip" "Mozilla/5.0 (compatible; MSIE 9.0; Windows NT 6.1; Trident/5.0)"
103.148.104.72 - - [20/Jan/2026:15:26:49 +0800] "HEAD /%EF%BF%BD%EF%BF%BD%EF%BF%BD%EF%BF%BD.rar HTTP/1.1" 404 0 "http://cqqizhou.com/%EF%BF%BD%EF%BF%BD%EF%BF%BD%EF%BF%BD.rar" "Mozilla/5.0 (compatible; MSIE 9.0; Windows NT 6.1; Trident/5.0)"
103.148.104.72 - - [20/Jan/2026:15:26:51 +0800] "HEAD /%EF%BF%BD%EF%BF%BD%EF%BF%BD%EF%BF%BD.tar.gz HTTP/1.1" 404 0 "http://cqqizhou.com/%EF%BF%BD%EF%BF%BD%EF%BF%BD%EF%BF%BD.tar.gz" "Mozilla/5.0 (compatible; MSIE 9.0; Windows NT 6.1; Trident/5.0)"
103.148.104.72 - - [20/Jan/2026:15:26:53 +0800] "HEAD /%EF%BF%BD%EF%BF%BD%EF%BF%BD%EF%BF%BD.tgz HTTP/1.1" 404 0 "http://cqqizhou.com/%EF%BF%BD%EF%BF%BD%EF%BF%BD%EF%BF%BD.tgz" "Mozilla/5.0 (compatible; MSIE 9.0; Windows NT 6.1; Trident/5.0)"
103.148.104.72 - - [20/Jan/2026:15:26:55 +0800] "HEAD /%EF%BF%BD%EF%BF%BD%D5%BE.zip HTTP/1.1" 404 0 "http://cqqizhou.com/%EF%BF%BD%EF%BF%BD~.zip" "Mozilla/5.0 (compatible; MSIE 9.0; Windows NT 6.1; Trident/5.0)"
103.148.104.72 - - [20/Jan/2026:15:26:56 +0800] "HEAD /%EF%BF%BD%EF%BF%BD%D5%BE.rar HTTP/1.1" 404 0 "http://cqqizhou.com/%EF%BF%BD%EF%BF%BD~.rar" "Mozilla/5.0 (compatible; MSIE 9.0; Windows NT 6.1; Trident/5.0)"
103.148.104.72 - - [20/Jan/2026:15:26:58 +0800] "HEAD /%EF%BF%BD%EF%BF%BD%D5%BE.tar.gz HTTP/1.1" 404 0 "http://cqqizhou.com/%EF%BF%BD%EF%BF%BD~.tar.gz" "Mozilla/5.0 (compatible; MSIE 9.0; Windows NT 6.1; Trident/5.0)"
103.148.104.72 - - [20/Jan/2026:15:26:59 +0800] "HEAD /%EF%BF%BD%EF%BF%BD%D5%BE.tgz HTTP/1.1" 404 0 "http://cqqizhou.com/%EF%BF%BD%EF%BF%BD~.tgz" "Mozilla/5.0 (compatible; MSIE 9.0; Windows NT 6.1; Trident/5.0)"
103.148.104.72 - - [20/Jan/2026:15:27:00 +0800] "HEAD /%EF%BF%BD%C2%BD%EF%BF%BD%EF%BF%BD%C4%BC%EF%BF%BD%EF%BF%BD%EF%BF%BD.zip HTTP/1.1" 404 0 "http://cqqizhou.com/%EF%BF%BD\xBD%EF%BF%BD%EF%BF%BD<%EF%BF%BD%EF%BF%BD%EF%BF%BD.zip" "Mozilla/5.0 (compatible; MSIE 9.0; Windows NT 6.1; Trident/5.0)"
103.148.104.72 - - [20/Jan/2026:15:27:02 +0800] "HEAD /%EF%BF%BD%C2%BD%EF%BF%BD%EF%BF%BD%C4%BC%EF%BF%BD%EF%BF%BD%EF%BF%BD.rar HTTP/1.1" 404 0 "http://cqqizhou.com/%EF%BF%BD\xBD%EF%BF%BD%EF%BF%BD<%EF%BF%BD%EF%BF%BD%EF%BF%BD.rar" "Mozilla/5.0 (compatible; MSIE 9.0; Windows NT 6.1; Trident/5.0)"
103.148.104.72 - - [20/Jan/2026:15:27:03 +0800] "HEAD /%EF%BF%BD%C2%BD%EF%BF%BD%EF%BF%BD%C4%BC%EF%BF%BD%EF%BF%BD%EF%BF%BD.tar.gz HTTP/1.1" 404 0 "http://cqqizhou.com/%EF%BF%BD\xBD%EF%BF%BD%EF%BF%BD<%EF%BF%BD%EF%BF%BD%EF%BF%BD.tar.gz" "Mozilla/5.0 (compatible; MSIE 9.0; Windows NT 6.1; Trident/5.0)"
103.148.104.72 - - [20/Jan/2026:15:27:05 +0800] "HEAD /%EF%BF%BD%C2%BD%EF%BF%BD%EF%BF%BD%C4%BC%EF%BF%BD%EF%BF%BD%EF%BF%BD.tgz HTTP/1.1" 404 0 "http://cqqizhou.com/%EF%BF%BD\xBD%EF%BF%BD%EF%BF%BD<%EF%BF%BD%EF%BF%BD%EF%BF%BD.tgz" "Mozilla/5.0 (compatible; MSIE 9.0; Windows NT 6.1; Trident/5.0)"
103.148.104.72 - - [20/Jan/2026:15:27:07 +0800] "HEAD /qilecms.zip HTTP/1.1" 404 0 "http://cqqizhou.com/qilecms.zip" "Mozilla/5.0 (compatible; MSIE 9.0; Windows NT 6.1; Trident/5.0)"
103.148.104.72 - - [20/Jan/2026:15:27:08 +0800] "HEAD /qilecms.rar HTTP/1.1" 404 0 "http://cqqizhou.com/qilecms.rar" "Mozilla/5.0 (compatible; MSIE 9.0; Windows NT 6.1; Trident/5.0)"
103.148.104.72 - - [20/Jan/2026:15:27:09 +0800] "HEAD /qilecms.tar.gz HTTP/1.1" 404 0 "http://cqqizhou.com/qilecms.tar.gz" "Mozilla/5.0 (compatible; MSIE 9.0; Windows NT 6.1; Trident/5.0)"
103.148.104.72 - - [20/Jan/2026:15:27:10 +0800] "HEAD /qilecms.tgz HTTP/1.1" 404 0 "http://cqqizhou.com/qilecms.tgz" "Mozilla/5.0 (compatible; MSIE 9.0; Windows NT 6.1; Trident/5.0)"
103.148.104.72 - - [20/Jan/2026:15:27:11 +0800] "HEAD /qilecms2020.zip HTTP/1.1" 404 0 "http://cqqizhou.com/qilecms2020.zip" "Mozilla/5.0 (compatible; MSIE 9.0; Windows NT 6.1; Trident/5.0)"
103.148.104.72 - - [20/Jan/2026:15:27:13 +0800] "HEAD /qilecms2020.rar HTTP/1.1" 404 0 "http://cqqizhou.com/qilecms2020.rar" "Mozilla/5.0 (compatible; MSIE 9.0; Windows NT 6.1; Trident/5.0)"
103.148.104.72 - - [20/Jan/2026:15:27:14 +0800] "HEAD /qilecms2020.tar.gz HTTP/1.1" 404 0 "http://cqqizhou.com/qilecms2020.tar.gz" "Mozilla/5.0 (compatible; MSIE 9.0; Windows NT 6.1; Trident/5.0)"
103.148.104.72 - - [20/Jan/2026:15:27:16 +0800] "HEAD /qilecms2020.tgz HTTP/1.1" 404 0 "http://cqqizhou.com/qilecms2020.tgz" "Mozilla/5.0 (compatible; MSIE 9.0; Windows NT 6.1; Trident/5.0)"
103.148.104.72 - - [20/Jan/2026:15:27:17 +0800] "HEAD /qilecms2019.zip HTTP/1.1" 404 0 "http://cqqizhou.com/qilecms2019.zip" "Mozilla/5.0 (compatible; MSIE 9.0; Windows NT 6.1; Trident/5.0)"
103.148.104.72 - - [20/Jan/2026:15:27:18 +0800] "HEAD /qilecms2019.rar HTTP/1.1" 404 0 "http://cqqizhou.com/qilecms2019.rar" "Mozilla/5.0 (compatible; MSIE 9.0; Windows NT 6.1; Trident/5.0)"
103.148.104.72 - - [20/Jan/2026:15:27:20 +0800] "HEAD /qilecms2019.tar.gz HTTP/1.1" 404 0 "http://cqqizhou.com/qilecms2019.tar.gz" "Mozilla/5.0 (compatible; MSIE 9.0; Windows NT 6.1; Trident/5.0)"
103.148.104.72 - - [20/Jan/2026:15:27:21 +0800] "HEAD /qilecms2019.tgz HTTP/1.1" 404 0 "http://cqqizhou.com/qilecms2019.tgz" "Mozilla/5.0 (compatible; MSIE 9.0; Windows NT 6.1; Trident/5.0)"
103.148.104.72 - - [20/Jan/2026:15:27:22 +0800] "HEAD /guarantee1.zip HTTP/1.1" 404 0 "http://cqqizhou.com/guarantee1.zip" "Mozilla/5.0 (compatible; MSIE 9.0; Windows NT 6.1; Trident/5.0)"
103.148.104.72 - - [20/Jan/2026:15:27:23 +0800] "HEAD /guarantee1.rar HTTP/1.1" 404 0 "http://cqqizhou.com/guarantee1.rar" "Mozilla/5.0 (compatible; MSIE 9.0; Windows NT 6.1; Trident/5.0)"
103.148.104.72 - - [20/Jan/2026:15:27:24 +0800] "HEAD /guarantee1.tar.gz HTTP/1.1" 404 0 "http://cqqizhou.com/guarantee1.tar.gz" "Mozilla/5.0 (compatible; MSIE 9.0; Windows NT 6.1; Trident/5.0)"
103.148.104.72 - - [20/Jan/2026:15:27:27 +0800] "HEAD /guarantee1.tgz HTTP/1.1" 404 0 "http://cqqizhou.com/guarantee1.tgz" "Mozilla/5.0 (compatible; MSIE 9.0; Windows NT 6.1; Trident/5.0)"
103.148.104.72 - - [20/Jan/2026:15:27:28 +0800] "HEAD /guarantee.zip HTTP/1.1" 404 0 "http://cqqizhou.com/guarantee.zip" "Mozilla/5.0 (compatible; MSIE 9.0; Windows NT 6.1; Trident/5.0)"
103.148.104.72 - - [20/Jan/2026:15:27:29 +0800] "HEAD /guarantee.rar HTTP/1.1" 404 0 "http://cqqizhou.com/guarantee.rar" "Mozilla/5.0 (compatible; MSIE 9.0; Windows NT 6.1; Trident/5.0)"
103.148.104.72 - - [20/Jan/2026:15:27:31 +0800] "HEAD /guarantee.tar.gz HTTP/1.1" 404 0 "http://cqqizhou.com/guarantee.tar.gz" "Mozilla/5.0 (compatible; MSIE 9.0; Windows NT 6.1; Trident/5.0)"
103.148.104.72 - - [20/Jan/2026:15:27:32 +0800] "HEAD /guarantee.tgz HTTP/1.1" 404 0 "http://cqqizhou.com/guarantee.tgz" "Mozilla/5.0 (compatible; MSIE 9.0; Windows NT 6.1; Trident/5.0)"
103.148.104.72 - - [20/Jan/2026:15:27:33 +0800] "HEAD /%EF%BF%BD%C2%BD%EF%BF%BD%20WinRAR%20%D1%B9%EF%BF%BD%EF%BF%BD%EF%BF%BD%C4%BC%EF%BF%BD.zip HTTP/1.1" 404 0 "http://cqqizhou.com/%EF%BF%BD\xBD%EF%BF%BD WinRAR y%EF%BF%BD%EF%BF%BD%EF%BF%BD<%EF%BF%BD.zip" "Mozilla/5.0 (compatible; MSIE 9.0; Windows NT 6.1; Trident/5.0)"
103.148.104.72 - - [20/Jan/2026:15:27:34 +0800] "HEAD /%EF%BF%BD%C2%BD%EF%BF%BD%20WinRAR%20%D1%B9%EF%BF%BD%EF%BF%BD%EF%BF%BD%C4%BC%EF%BF%BD.rar HTTP/1.1" 404 0 "http://cqqizhou.com/%EF%BF%BD\xBD%EF%BF%BD WinRAR y%EF%BF%BD%EF%BF%BD%EF%BF%BD<%EF%BF%BD.rar" "Mozilla/5.0 (compatible; MSIE 9.0; Windows NT 6.1; Trident/5.0)"
103.148.104.72 - - [20/Jan/2026:15:27:35 +0800] "HEAD /%EF%BF%BD%C2%BD%EF%BF%BD%20WinRAR%20%D1%B9%EF%BF%BD%EF%BF%BD%EF%BF%BD%C4%BC%EF%BF%BD.tar.gz HTTP/1.1" 404 0 "http://cqqizhou.com/%EF%BF%BD\xBD%EF%BF%BD WinRAR y%EF%BF%BD%EF%BF%BD%EF%BF%BD<%EF%BF%BD.tar.gz" "Mozilla/5.0 (compatible; MSIE 9.0; Windows NT 6.1; Trident/5.0)"
103.148.104.72 - - [20/Jan/2026:15:27:36 +0800] "HEAD /%EF%BF%BD%C2%BD%EF%BF%BD%20WinRAR%20%D1%B9%EF%BF%BD%EF%BF%BD%EF%BF%BD%C4%BC%EF%BF%BD.tgz HTTP/1.1" 404 0 "http://cqqizhou.com/%EF%BF%BD\xBD%EF%BF%BD WinRAR y%EF%BF%BD%EF%BF%BD%EF%BF%BD<%EF%BF%BD.tgz" "Mozilla/5.0 (compatible; MSIE 9.0; Windows NT 6.1; Trident/5.0)"
103.148.104.72 - - [20/Jan/2026:15:27:37 +0800] "HEAD /KPPW3.6.zip HTTP/1.1" 404 0 "http://cqqizhou.com/KPPW3.6.zip" "Mozilla/5.0 (compatible; MSIE 9.0; Windows NT 6.1; Trident/5.0)"
103.148.104.72 - - [20/Jan/2026:15:27:38 +0800] "HEAD /KPPW3.6.rar HTTP/1.1" 404 0 "http://cqqizhou.com/KPPW3.6.rar" "Mozilla/5.0 (compatible; MSIE 9.0; Windows NT 6.1; Trident/5.0)"
103.148.104.72 - - [20/Jan/2026:15:27:41 +0800] "HEAD /KPPW3.6.tar.gz HTTP/1.1" 404 0 "http://cqqizhou.com/KPPW3.6.tar.gz" "Mozilla/5.0 (compatible; MSIE 9.0; Windows NT 6.1; Trident/5.0)"
103.148.104.72 - - [20/Jan/2026:15:27:43 +0800] "HEAD /KPPW3.6.tgz HTTP/1.1" 404 0 "http://cqqizhou.com/KPPW3.6.tgz" "Mozilla/5.0 (compatible; MSIE 9.0; Windows NT 6.1; Trident/5.0)"
103.148.104.72 - - [20/Jan/2026:15:27:44 +0800] "HEAD /cqqizhou.zip HTTP/1.1" 404 0 "http://cqqizhou.com/cqqizhou.zip" "Mozilla/5.0 (compatible; MSIE 9.0; Windows NT 6.1; Trident/5.0)"
103.148.104.72 - - [20/Jan/2026:15:27:44 +0800] "HEAD /cqqizhou.com.zip HTTP/1.1" 404 0 "http://cqqizhou.com/cqqizhou.com.zip" "Mozilla/5.0 (compatible; MSIE 9.0; Windows NT 6.1; Trident/5.0)"
103.148.104.72 - - [20/Jan/2026:15:27:45 +0800] "HEAD /.cqqizhou.com.zip HTTP/1.1" 404 0 "http://cqqizhou.com/.cqqizhou.com.zip" "Mozilla/5.0 (compatible; MSIE 9.0; Windows NT 6.1; Trident/5.0)"
36.133.115.36 - - [20/Jan/2026:15:27:47 +0800] "POST /wp-cron.php?doing_wp_cron=1768894067.3737161159515380859375 HTTP/1.1" 200 31 "-" "WordPress/6.9; http://cqqizhou.com"
103.148.104.72 - - [20/Jan/2026:15:27:47 +0800] "HEAD /cqqizhou.rar HTTP/1.1" 404 0 "http://cqqizhou.com/cqqizhou.rar" "Mozilla/5.0 (compatible; MSIE 9.0; Windows NT 6.1; Trident/5.0)"
103.148.104.72 - - [20/Jan/2026:15:27:48 +0800] "HEAD /cqqizhou.com.rar HTTP/1.1" 404 0 "http://cqqizhou.com/cqqizhou.com.rar" "Mozilla/5.0 (compatible; MSIE 9.0; Windows NT 6.1; Trident/5.0)"
103.148.104.72 - - [20/Jan/2026:15:27:50 +0800] "HEAD /.cqqizhou.com.rar HTTP/1.1" 404 0 "http://cqqizhou.com/.cqqizhou.com.rar" "Mozilla/5.0 (compatible; MSIE 9.0; Windows NT 6.1; Trident/5.0)"
103.148.104.72 - - [20/Jan/2026:15:27:52 +0800] "HEAD /cqqizhou.tar.gz HTTP/1.1" 404 0 "http://cqqizhou.com/cqqizhou.tar.gz" "Mozilla/5.0 (compatible; MSIE 9.0; Windows NT 6.1; Trident/5.0)"
103.148.104.72 - - [20/Jan/2026:15:27:53 +0800] "HEAD /cqqizhou.com.tar.gz HTTP/1.1" 404 0 "http://cqqizhou.com/cqqizhou.com.tar.gz" "Mozilla/5.0 (compatible; MSIE 9.0; Windows NT 6.1; Trident/5.0)"
103.148.104.72 - - [20/Jan/2026:15:27:55 +0800] "HEAD /.cqqizhou.com.tar.gz HTTP/1.1" 404 0 "http://cqqizhou.com/.cqqizhou.com.tar.gz" "Mozilla/5.0 (compatible; MSIE 9.0; Windows NT 6.1; Trident/5.0)"
103.148.104.72 - - [20/Jan/2026:15:27:56 +0800] "HEAD /cqqizhou.tgz HTTP/1.1" 404 0 "http://cqqizhou.com/cqqizhou.tgz" "Mozilla/5.0 (compatible; MSIE 9.0; Windows NT 6.1; Trident/5.0)"
103.148.104.72 - - [20/Jan/2026:15:27:57 +0800] "HEAD /cqqizhou.com.tgz HTTP/1.1" 404 0 "http://cqqizhou.com/cqqizhou.com.tgz" "Mozilla/5.0 (compatible; MSIE 9.0; Windows NT 6.1; Trident/5.0)"
103.148.104.72 - - [20/Jan/2026:15:27:59 +0800] "HEAD /.cqqizhou.com.tgz HTTP/1.1" 404 0 "http://cqqizhou.com/.cqqizhou.com.tgz" "Mozilla/5.0 (compatible; MSIE 9.0; Windows NT 6.1; Trident/5.0)"
121.40.47.210 - - [20/Jan/2026:15:28:10 +0800] "GET / HTTP/1.1" 301 5 "-" "Mozilla/5.0 (Windows NT 10.0; Win64; x64) AppleWebKit/537.36 (KHTML, like Gecko) Chrome/59.0.3071.115 Safari/537.36"
36.133.115.36 - - [20/Jan/2026:15:31:29 +0800] "POST /wp-cron.php?doing_wp_cron=1768894289.7740330696105957031250 HTTP/1.1" 200 31 "-" "WordPress/6.9; http://cqqizhou.com"
195.177.94.227 - - [20/Jan/2026:15:31:29 +0800] "GET / HTTP/1.1" 200 109837 "-" "-"
36.133.115.36 - - [20/Jan/2026:15:36:29 +0800] "POST /wp-cron.php?doing_wp_cron=1768894589.0322930812835693359375 HTTP/1.1" 200 31 "-" "WordPress/6.9; http://cqqizhou.com"
148.135.18.72 - - [20/Jan/2026:15:36:29 +0800] "GET / HTTP/1.1" 200 157416 "-" "-"
148.135.18.72 - - [20/Jan/2026:15:36:33 +0800] "GET /info HTTP/1.1" 301 5 "-" "Go-http-client/1.1"
148.135.18.72 - - [20/Jan/2026:15:36:35 +0800] "GET /info HTTP/1.1" 499 0 "http://36.133.115.36:80/info" "Go-http-client/1.1"
148.135.18.72 - - [20/Jan/2026:15:36:38 +0800] "GET /v2/keys/ HTTP/1.1" 301 5 "-" "Go-http-client/1.1"
148.135.18.72 - - [20/Jan/2026:15:36:40 +0800] "GET /v2/keys/ HTTP/1.1" 499 0 "http://36.133.115.36:80/v2/keys/" "Go-http-client/1.1"
148.135.18.72 - - [20/Jan/2026:15:36:43 +0800] "GET /zabbix HTTP/1.1" 301 5 "-" "Go-http-client/1.1"
148.135.18.72 - - [20/Jan/2026:15:36:45 +0800] "GET /zabbix HTTP/1.1" 499 0 "http://36.133.115.36:80/zabbix" "Go-http-client/1.1"
36.133.115.36 - - [20/Jan/2026:15:36:49 +0800] "POST /wp-cron.php?doing_wp_cron=1768894609.5056109428405761718750 HTTP/1.1" 200 31 "-" "WordPress/6.9; http://cqqizhou.com"
148.135.18.72 - - [20/Jan/2026:15:36:49 +0800] "GET /nacos/ HTTP/1.1" 301 5 "-" "Go-http-client/1.1"
148.135.18.72 - - [20/Jan/2026:15:36:54 +0800] "GET /eosmgr/eos/EventDispatcher HTTP/1.1" 301 5 "-" "Go-http-client/1.1"
148.135.18.72 - - [20/Jan/2026:15:36:56 +0800] "GET /eosmgr/eos/EventDispatcher HTTP/1.1" 499 0 "http://36.133.115.36:80/eosmgr/eos/EventDispatcher" "Go-http-client/1.1"
148.135.18.72 - - [20/Jan/2026:15:36:59 +0800] "GET /console/login/LoginForm.jsp HTTP/1.1" 301 5 "-" "Go-http-client/1.1"
148.135.18.72 - - [20/Jan/2026:15:37:01 +0800] "GET /console/login/LoginForm.jsp HTTP/1.1" 404 8951 "http://36.133.115.36:80/console/login/LoginForm.jsp" "Go-http-client/1.1"
148.135.18.72 - - [20/Jan/2026:15:37:04 +0800] "GET /ueditor HTTP/1.1" 301 5 "-" "Go-http-client/1.1"
148.135.18.72 - - [20/Jan/2026:15:37:07 +0800] "GET /ueditor HTTP/1.1" 404 8951 "http://36.133.115.36:80/ueditor" "Go-http-client/1.1"
148.135.18.72 - - [20/Jan/2026:15:37:09 +0800] "GET /swagger-ui.html HTTP/1.1" 301 5 "-" "Go-http-client/1.1"
148.135.18.72 - - [20/Jan/2026:15:37:13 +0800] "GET /swagger-ui.html HTTP/1.1" 404 8951 "http://36.133.115.36:80/swagger-ui.html" "Go-http-client/1.1"
148.135.18.72 - - [20/Jan/2026:15:37:14 +0800] "GET /druid/index.html HTTP/1.1" 301 5 "-" "Go-http-client/1.1"
148.135.18.72 - - [20/Jan/2026:15:37:18 +0800] "GET /druid/index.html HTTP/1.1" 404 8951 "http://36.133.115.36:80/druid/index.html" "Go-http-client/1.1"
148.135.18.72 - - [20/Jan/2026:15:37:19 +0800] "GET /functionRouter HTTP/1.1" 301 5 "-" "Go-http-client/1.1"
148.135.18.72 - - [20/Jan/2026:15:37:22 +0800] "GET /functionRouter HTTP/1.1" 404 8951 "http://36.133.115.36:80/functionRouter" "Go-http-client/1.1"
148.135.18.72 - - [20/Jan/2026:15:37:24 +0800] "GET /tmui/login.jsp HTTP/1.1" 301 5 "-" "Go-http-client/1.1"
148.135.18.72 - - [20/Jan/2026:15:37:27 +0800] "GET /tmui/login.jsp HTTP/1.1" 404 8951 "http://36.133.115.36:80/tmui/login.jsp" "Go-http-client/1.1"
148.135.18.72 - - [20/Jan/2026:15:37:32 +0800] "GET /WebReport/ReportServer HTTP/1.1" 301 5 "-" "Go-http-client/1.1"
148.135.18.72 - - [20/Jan/2026:15:37:34 +0800] "GET /WebReport/ReportServer HTTP/1.1" 404 8952 "http://36.133.115.36:80/WebReport/ReportServer" "Go-http-client/1.1"
36.133.115.36 - - [20/Jan/2026:15:38:02 +0800] "POST /wp-cron.php?doing_wp_cron=1768894682.5992729663848876953125 HTTP/1.1" 200 31 "-" "WordPress/6.9; http://cqqizhou.com"
148.135.18.72 - - [20/Jan/2026:15:38:02 +0800] "GET /ReportServer HTTP/1.1" 301 5 "-" "Go-http-client/1.1"
148.135.18.72 - - [20/Jan/2026:15:38:04 +0800] "GET /ReportServer HTTP/1.1" 499 0 "http://36.133.115.36:80/ReportServer" "Go-http-client/1.1"
148.135.18.72 - - [20/Jan/2026:15:38:07 +0800] "GET /solr HTTP/1.1" 301 5 "-" "Go-http-client/1.1"
148.135.18.72 - - [20/Jan/2026:15:38:10 +0800] "GET /solr HTTP/1.1" 499 0 "http://36.133.115.36:80/solr" "Go-http-client/1.1"
148.135.18.72 - - [20/Jan/2026:15:38:13 +0800] "GET /axis2/services/testunknown HTTP/1.1" 301 5 "-" "Go-http-client/1.1"
148.135.18.72 - - [20/Jan/2026:15:38:18 +0800] "GET /OAapp HTTP/1.1" 301 5 "-" "Go-http-client/1.1"
148.135.18.72 - - [20/Jan/2026:15:38:20 +0800] "GET /OAapp HTTP/1.1" 499 0 "http://36.133.115.36:80/OAapp" "Go-http-client/1.1"
36.133.115.36 - - [20/Jan/2026:15:38:23 +0800] "POST /wp-cron.php?doing_wp_cron=1768894703.5724999904632568359375 HTTP/1.1" 200 31 "-" "WordPress/6.9; http://cqqizhou.com"
148.135.18.72 - - [20/Jan/2026:15:38:23 +0800] "GET /jenkins HTTP/1.1" 301 5 "-" "Go-http-client/1.1"
148.135.18.72 - - [20/Jan/2026:15:38:27 +0800] "GET /jenkins HTTP/1.1" 404 8951 "http://36.133.115.36:80/jenkins" "Go-http-client/1.1"
148.135.18.72 - - [20/Jan/2026:15:38:28 +0800] "GET /xxl-job-admin HTTP/1.1" 301 5 "-" "Go-http-client/1.1"
148.135.18.72 - - [20/Jan/2026:15:38:30 +0800] "GET /xxl-job-admin HTTP/1.1" 404 8948 "http://36.133.115.36:80/xxl-job-admin" "Go-http-client/1.1"
148.135.18.72 - - [20/Jan/2026:15:38:35 +0800] "GET /poserver.zz HTTP/1.1" 301 5 "-" "Go-http-client/1.1"
148.135.18.72 - - [20/Jan/2026:15:38:37 +0800] "GET /poserver.zz HTTP/1.1" 499 0 "http://36.133.115.36:80/poserver.zz" "Go-http-client/1.1"
148.135.18.72 - - [20/Jan/2026:15:38:39 +0800] "GET /emm-api HTTP/1.1" 301 5 "-" "Go-http-client/1.1"
148.135.18.72 - - [20/Jan/2026:15:38:42 +0800] "GET /emm-api HTTP/1.1" 404 8951 "http://36.133.115.36:80/emm-api" "Go-http-client/1.1"
148.135.18.72 - - [20/Jan/2026:15:38:45 +0800] "GET /vision/index.jsp HTTP/1.1" 301 5 "-" "Go-http-client/1.1"
148.135.18.72 - - [20/Jan/2026:15:38:47 +0800] "GET /vision/index.jsp HTTP/1.1" 499 0 "http://36.133.115.36:80/vision/index.jsp" "Go-http-client/1.1"
36.133.115.36 - - [20/Jan/2026:15:38:49 +0800] "POST /wp-cron.php?doing_wp_cron=1768894729.8566799163818359375000 HTTP/1.1" 200 31 "-" "WordPress/6.9; http://cqqizhou.com"
148.135.18.72 - - [20/Jan/2026:15:38:49 +0800] "GET /ht-login.jsp HTTP/1.1" 301 5 "-" "Go-http-client/1.1"
148.135.18.72 - - [20/Jan/2026:15:38:52 +0800] "GET /ht-login.jsp HTTP/1.1" 404 8951 "http://36.133.115.36:80/ht-login.jsp" "Go-http-client/1.1"
148.135.18.72 - - [20/Jan/2026:15:38:58 +0800] "GET /g8kZMwp4oeKsL2in HTTP/1.1" 301 5 "-" "Go-http-client/1.1"
148.135.18.72 - - [20/Jan/2026:15:39:00 +0800] "GET /g8kZMwp4oeKsL2in HTTP/1.1" 404 8949 "http://36.133.115.36:80/g8kZMwp4oeKsL2in" "Go-http-client/1.1"
101.47.31.8 - - [20/Jan/2026:15:49:43 +0800] "GET /2231/ HTTP/1.1" 200 23525 "-" "Mozilla/5.0 (Macintosh; Intel Mac OS X 10_15_7) AppleWebKit/537.36 (KHTML, like Gecko) Chrome/116.0.0.0 Safari/537.36"
101.47.40.68 - - [20/Jan/2026:15:54:02 +0800] "GET /2388/ HTTP/1.1" 200 20644 "-" "Mozilla/5.0 (Macintosh; Intel Mac OS X 10_15_7) AppleWebKit/537.36 (KHTML, like Gecko) Chrome/120.0.0.0 Safari/537.36"
101.47.41.174 - - [20/Jan/2026:16:08:54 +0800] "GET /2361/ HTTP/1.1" 200 21242 "-" "Mozilla/5.0 (Macintosh; Intel Mac OS X 10_15_7) AppleWebKit/537.36 (KHTML, like Gecko) Chrome/116.0.0.0 Safari/537.36"
36.133.115.36 - - [20/Jan/2026:16:19:27 +0800] "POST /wp-cron.php?doing_wp_cron=1768897167.8023340702056884765625 HTTP/1.1" 200 31 "-" "WordPress/6.9; http://cqqizhou.com"
204.76.203.46 - - [20/Jan/2026:16:19:27 +0800] "GET / HTTP/1.1" 301 5 "-" "Mozilla/5.0 (Windows NT 10.0; Win64; x64) AppleWebKit/537.36"
36.133.115.36 - - [20/Jan/2026:16:23:02 +0800] "POST /wp-cron.php?doing_wp_cron=1768897382.5132679939270019531250 HTTP/1.1" 200 31 "-" "WordPress/6.9; http://cqqizhou.com"
5.61.209.92 - - [20/Jan/2026:16:23:02 +0800] "GET /SDK/webLanguage HTTP/1.1" 301 5 "-" "Mozilla/5.0 (Windows NT 10.0; Win64; x64) AppleWebKit/537.36 (KHTML, like Gecko) Chrome/90.0.4430.85 Safari/537.36 Edg/90.0.818.46"
36.133.115.36 - - [20/Jan/2026:16:36:19 +0800] "POST /wp-cron.php?doing_wp_cron=1768898179.8808760643005371093750 HTTP/1.1" 200 31 "-" "WordPress/6.9; http://cqqizhou.com"
170.106.193.108 - - [20/Jan/2026:16:36:19 +0800] "GET / HTTP/1.1" 301 5 "-" "Mozilla/5.0 (iPhone; CPU iPhone OS 13_2_3 like Mac OS X) AppleWebKit/605.1.15 (KHTML, like Gecko) Version/13.0.3 Mobile/15E148 Safari/604.1"
170.106.193.108 - - [20/Jan/2026:16:36:22 +0800] "GET / HTTP/1.1" 200 34746 "http://36.133.115.36" "Mozilla/5.0 (iPhone; CPU iPhone OS 13_2_3 like Mac OS X) AppleWebKit/605.1.15 (KHTML, like Gecko) Version/13.0.3 Mobile/15E148 Safari/604.1"
36.133.115.36 - - [20/Jan/2026:16:37:05 +0800] "POST /wp-cron.php?doing_wp_cron=1768898225.3833129405975341796875 HTTP/1.1" 200 31 "-" "WordPress/6.9; http://cqqizhou.com"
113.120.139.244 - - [20/Jan/2026:16:37:05 +0800] "GET / HTTP/1.1" 301 5 "-" "Go-http-client/1.1"
113.120.139.244 - - [20/Jan/2026:16:37:05 +0800] "GET / HTTP/1.1" 200 40641 "http://xa2.shaanxi.cn.antiddos.cspt.fullcone.cn" "Go-http-client/1.1"
101.47.51.121 - - [20/Jan/2026:16:37:08 +0800] "GET /logistics/ HTTP/1.1" 200 24611 "-" "Mozilla/5.0 (iPhone; CPU iPhone OS 17_0 like Mac OS X) AppleWebKit/605.1.15 (KHTML, like Gecko) Version/17.0 Mobile/15E148 Safari/180.1"
95.91.110.210 - - [20/Jan/2026:16:37:17 +0800] "GET /robots.txt HTTP/1.1" 200 390 "-" "Mozilla/5.0 (compatible; MJ12bot/v1.4.8; http://mj12bot.com/)"
95.91.110.210 - - [20/Jan/2026:16:37:20 +0800] "GET /portfolio/ HTTP/1.1" 200 20552 "-" "Mozilla/5.0 (compatible; MJ12bot/v1.4.8; http://mj12bot.com/)"
101.47.40.154 - - [20/Jan/2026:16:40:00 +0800] "GET /industry/ HTTP/1.1" 200 22012 "-" "Mozilla/5.0 (Macintosh; Intel Mac OS X 10_15_7) AppleWebKit/537.36 (KHTML, like Gecko) Chrome/119.0.0.0 Safari/537.36"
36.133.115.36 - - [20/Jan/2026:16:42:15 +0800] "POST /wp-cron.php?doing_wp_cron=1768898535.2709820270538330078125 HTTP/1.1" 200 31 "-" "WordPress/6.9; http://cqqizhou.com"
216.180.246.142 - - [20/Jan/2026:16:42:15 +0800] "GET / HTTP/1.0" 301 0 "-" "'Mozilla/5.0 (compatible; GenomeCrawlerd/1.0; +https://www.nokia.com/genomecrawler)'"
36.133.115.36 - - [20/Jan/2026:16:43:22 +0800] "POST /wp-cron.php?doing_wp_cron=1768898602.7354950904846191406250 HTTP/1.1" 200 31 "-" "WordPress/6.9; http://cqqizhou.com"
216.180.246.142 - - [20/Jan/2026:16:43:22 +0800] "GET /admin/index.html HTTP/1.1" 404 8951 "-" "'Mozilla/5.0 (compatible; GenomeCrawlerd/1.0; +https://www.nokia.com/genomecrawler)'"
216.180.246.142 - - [20/Jan/2026:16:43:28 +0800] "GET /index.html HTTP/1.1" 200 8721 "-" "'Mozilla/5.0 (compatible; GenomeCrawlerd/1.0; +https://www.nokia.com/genomecrawler)'"
183.186.76.73 - - [20/Jan/2026:16:46:40 +0800] "GET /2418/ HTTP/1.1" 200 23697 "-" "Mozilla/5.0 (Macintosh; Intel Mac OS X 10_15_7) AppleWebKit/537.36 (KHTML, like Gecko) Chrome/134.0.0.0 Safari/537.36"
36.133.115.36 - - [20/Jan/2026:17:18:34 +0800] "POST /wp-cron.php?doing_wp_cron=1768900714.2985970973968505859375 HTTP/1.1" 200 31 "-" "WordPress/6.9; http://cqqizhou.com"
147.185.132.41 - - [20/Jan/2026:17:18:34 +0800] "GET / HTTP/1.1" 200 34746 "-" "Hello from Palo Alto Networks, find out more about our scans in https://docs-cortex.paloaltonetworks.com/r/1/Cortex-Xpanse/Scanning-activity"
36.133.115.36 - - [20/Jan/2026:17:34:08 +0800] "POST /wp-cron.php?doing_wp_cron=1768901648.2834179401397705078125 HTTP/1.1" 200 31 "-" "WordPress/6.9; http://cqqizhou.com"
14.187.30.88 - - [20/Jan/2026:17:34:08 +0800] "GET http://cqqizhou.com/company-news/page/1/ HTTP/1.1" 301 5 "-" "Mozilla/5.0 (Windows NT 10.0; Win64; x64) AppleWebKit/537.36 (KHTML, like Gecko) Chrome/121.0.0.0 Safari/537.36 Edg/121.0.0.0"
177.86.38.234 - - [20/Jan/2026:17:34:10 +0800] "GET http://cqqizhou.com/company-news/ HTTP/1.1" 200 25805 "-" "Mozilla/5.0 (Windows NT 10.0; Win64; x64) AppleWebKit/537.36 (KHTML, like Gecko) Chrome/121.0.0.0 Safari/537.36 Edg/121.0.0.0"
129.226.93.214 - - [20/Jan/2026:17:34:12 +0800] "GET / HTTP/1.1" 200 34746 "-" "Mozilla/5.0 (iPhone; CPU iPhone OS 13_2_3 like Mac OS X) AppleWebKit/605.1.15 (KHTML, like Gecko) Version/13.0.3 Mobile/15E148 Safari/604.1"
101.47.43.105 - - [20/Jan/2026:17:45:25 +0800] "GET /portfolio/ HTTP/1.1" 200 20552 "-" "Mozilla/5.0 (Macintosh; Intel Mac OS X 10_15_7) AppleWebKit/537.36 (KHTML, like Gecko) Chrome/120.0.0.0 Safari/537.36"
36.133.115.36 - - [20/Jan/2026:17:50:32 +0800] "POST /wp-cron.php?doing_wp_cron=1768902631.9687540531158447265625 HTTP/1.1" 200 31 "-" "WordPress/6.9; http://cqqizhou.com"
204.76.203.49 - - [20/Jan/2026:17:50:32 +0800] "GET / HTTP/1.1" 200 157416 "-" "-"
125.131.2.28 - - [20/Jan/2026:17:57:43 +0800] "GET /wp-content/plugins/fix/up.php HTTP/1.1" 404 47 "-" "Mozilla/5.0 (Windows NT 10.0; Win64; x64) AppleWebKit/537.36 (KHTML, like Gecko) Chrome/87.0.4280.141 Safari/537.36"
125.131.2.28 - - [20/Jan/2026:18:03:23 +0800] "GET /wp-content/themes/seotheme/db.php?u HTTP/1.1" 404 47 "-" "Mozilla/5.0 (Windows NT 10.0; Win64; x64) AppleWebKit/537.36 (KHTML, like Gecko) Chrome/87.0.4280.141 Safari/537.36"
36.133.115.36 - - [20/Jan/2026:18:11:03 +0800] "POST /wp-cron.php?doing_wp_cron=1768903863.4441790580749511718750 HTTP/1.1" 200 31 "-" "WordPress/6.9; http://cqqizhou.com"
95.91.110.210 - - [20/Jan/2026:18:11:03 +0800] "GET /robots.txt HTTP/1.1" 200 390 "-" "Mozilla/5.0 (compatible; MJ12bot/v1.4.8; http://mj12bot.com/)"
95.91.110.210 - - [20/Jan/2026:18:11:05 +0800] "GET /2165/ HTTP/1.1" 200 26892 "-" "Mozilla/5.0 (compatible; MJ12bot/v1.4.8; http://mj12bot.com/)"
95.91.110.210 - - [20/Jan/2026:18:11:07 +0800] "GET /2214/ HTTP/1.1" 200 22137 "-" "Mozilla/5.0 (compatible; MJ12bot/v1.4.8; http://mj12bot.com/)"
95.91.110.210 - - [20/Jan/2026:18:11:09 +0800] "GET /2215/ HTTP/1.1" 200 20286 "-" "Mozilla/5.0 (compatible; MJ12bot/v1.4.8; http://mj12bot.com/)"
95.91.110.210 - - [20/Jan/2026:18:11:11 +0800] "GET /2231/ HTTP/1.1" 200 23525 "-" "Mozilla/5.0 (compatible; MJ12bot/v1.4.8; http://mj12bot.com/)"
95.91.110.210 - - [20/Jan/2026:18:11:13 +0800] "GET /portfolio-category/pickled-coil/ HTTP/1.1" 200 21019 "-" "Mozilla/5.0 (compatible; MJ12bot/v1.4.8; http://mj12bot.com/)"
95.91.110.210 - - [20/Jan/2026:18:11:15 +0800] "GET /portfolio/pickled-coil/ HTTP/1.1" 200 22184 "-" "Mozilla/5.0 (compatible; MJ12bot/v1.4.8; http://mj12bot.com/)"
85.90.208.132 - - [20/Jan/2026:18:14:47 +0800] "GET /2214/ HTTP/1.0" 200 78041 "http://cqqizhou.com/2214/" "Mozilla/5.0 (Windows NT 10.0; Win64; x64) AppleWebKit/537.36 (KHTML, like Gecko) Chrome/130.0.0.0 Safari/537.36"
36.133.115.36 - - [20/Jan/2026:18:23:39 +0800] "POST /wp-cron.php?doing_wp_cron=1768904619.6756699085235595703125 HTTP/1.1" 200 31 "-" "WordPress/6.9; http://cqqizhou.com"
101.47.50.13 - - [20/Jan/2026:18:23:39 +0800] "GET / HTTP/1.1" 200 34746 "-" "Mozilla/5.0 (iPhone; CPU iPhone OS 17_0 like Mac OS X) AppleWebKit/605.1.15 (KHTML, like Gecko) Version/17.0 Mobile/15E148 Safari/184.1"
36.133.115.36 - - [20/Jan/2026:18:37:56 +0800] "POST /wp-cron.php?doing_wp_cron=1768905476.1442511081695556640625 HTTP/1.1" 200 31 "-" "WordPress/6.9; http://cqqizhou.com"
148.153.56.83 - - [20/Jan/2026:18:37:56 +0800] "GET /8rLf HTTP/1.1" 301 5 "-" "Mozilla/5.0 (Macintosh; Intel Mac OS X 10.9; rv:32.0) Gecko/20100101 Firefox/32.0"
148.153.56.83 - - [20/Jan/2026:18:37:57 +0800] "GET /8rLf HTTP/1.1" 404 8951 "http://36.133.115.36:80/8rLf" "Mozilla/5.0 (Macintosh; Intel Mac OS X 10.9; rv:32.0) Gecko/20100101 Firefox/32.0"
148.153.56.83 - - [20/Jan/2026:18:37:58 +0800] "GET /EKzS HTTP/1.1" 301 5 "-" "Mozilla/5.0 (Macintosh; Intel Mac OS X 10.9; rv:32.0) Gecko/20100101 Firefox/32.0"
148.153.56.83 - - [20/Jan/2026:18:38:01 +0800] "GET /EKzS HTTP/1.1" 404 8951 "http://36.133.115.36:80/EKzS" "Mozilla/5.0 (Macintosh; Intel Mac OS X 10.9; rv:32.0) Gecko/20100101 Firefox/32.0"
148.153.56.83 - - [20/Jan/2026:18:38:02 +0800] "GET /aab8 HTTP/1.1" 301 5 "-" "Mozilla/5.0 (Macintosh; Intel Mac OS X 10.9; rv:32.0) Gecko/20100101 Firefox/32.0"
148.153.56.83 - - [20/Jan/2026:18:38:03 +0800] "GET /aab8 HTTP/1.1" 404 8951 "http://36.133.115.36:80/aab8" "Mozilla/5.0 (Macintosh; Intel Mac OS X 10.9; rv:32.0) Gecko/20100101 Firefox/32.0"
148.153.56.83 - - [20/Jan/2026:18:38:04 +0800] "GET /aab9 HTTP/1.1" 301 5 "-" "Mozilla/5.0 (Macintosh; Intel Mac OS X 10.9; rv:32.0) Gecko/20100101 Firefox/32.0"
148.153.56.83 - - [20/Jan/2026:18:38:05 +0800] "GET /aab9 HTTP/1.1" 404 8951 "http://36.133.115.36:80/aab9" "Mozilla/5.0 (Macintosh; Intel Mac OS X 10.9; rv:32.0) Gecko/20100101 Firefox/32.0"
36.133.115.36 - - [20/Jan/2026:18:45:46 +0800] "POST /wp-cron.php?doing_wp_cron=1768905946.9461870193481445312500 HTTP/1.1" 200 31 "-" "WordPress/6.9; http://cqqizhou.com"
66.132.153.127 - - [20/Jan/2026:18:45:46 +0800] "GET /security.txt HTTP/1.1" 200 19809 "-" "Mozilla/5.0 (compatible; CensysInspect/1.1; +https://about.censys.io/)"
162.142.125.33 - - [20/Jan/2026:18:46:10 +0800] "GET /robots.txt HTTP/1.1" 200 190 "-" "Mozilla/5.0 (compatible; CensysInspect/1.1; +https://about.censys.io/)"
223.109.211.64 - - [20/Jan/2026:18:46:32 +0800] "GET /wp-content/uploads/revslider/slider-1/1750861156-logistics_Slider_3840%C3%972160_20250625191356-scaled.webp HTTP/1.1" 200 197360 "http://cqqizhou.com" "Mozilla/5.0 (Windows NT 10.0; Win64; x64) AppleWebKit/537.36 (KHTML, like Gecko) Chrome/120.0.0.0 Safari/537.36"
36.133.115.36 - - [20/Jan/2026:18:48:26 +0800] "POST /wp-cron.php?doing_wp_cron=1768906106.2279589176177978515625 HTTP/1.1" 200 31 "-" "WordPress/6.9; http://cqqizhou.com"
206.168.34.214 - - [20/Jan/2026:18:48:26 +0800] "GET / HTTP/1.1" 301 5 "-" "Mozilla/5.0 (compatible; CensysInspect/1.1; +https://about.censys.io/)"
206.168.34.214 - - [20/Jan/2026:18:48:43 +0800] "GET /security.txt HTTP/1.1" 200 19808 "-" "Mozilla/5.0 (compatible; CensysInspect/1.1; +https://about.censys.io/)"
36.133.115.36 - - [20/Jan/2026:18:49:29 +0800] "POST /wp-cron.php?doing_wp_cron=1768906169.0220940113067626953125 HTTP/1.1" 200 31 "-" "WordPress/6.9; http://cqqizhou.com"
103.252.89.75 - - [20/Jan/2026:18:49:29 +0800] "GET /login HTTP/1.1" 302 5 "-" "Go-http-client/1.1"
103.252.89.75 - - [20/Jan/2026:18:49:30 +0800] "GET /wp-login.php HTTP/1.1" 200 2854 "http://36.133.115.36/login" "Go-http-client/1.1"
103.19.190.182 - - [20/Jan/2026:18:55:58 +0800] "GET /js/webuploader/server/preview.php HTTP/1.1" 404 47 "-" "Mozilla/5.0 (Windows NT 10.0; Win64; x64)"
103.19.190.182 - - [20/Jan/2026:18:55:58 +0800] "GET /js/webuploader/server/fileupload.php HTTP/1.1" 404 47 "-" "Mozilla/5.0 (Windows NT 10.0; Win64; x64)"
180.153.236.13 - - [20/Jan/2026:19:00:00 +0800] "GET / HTTP/1.1" 200 40641 "http://cqqizhou.com/" "User-Agent:Mozilla/5.0 (Windows NT 10.0; Win64; x64) AppleWebKit/537.36 (KHTML, like Gecko) Chrome/140.0.0.0 Safari/537.36 Edg/140.0.0.0; 360Spider"
36.133.115.36 - - [20/Jan/2026:19:05:44 +0800] "POST /wp-cron.php?doing_wp_cron=1768907144.7326400279998779296875 HTTP/1.1" 200 31 "-" "WordPress/6.9; http://cqqizhou.com"
193.142.147.209 - - [20/Jan/2026:19:05:45 +0800] "POST / HTTP/1.1" 200 34746 "-" "Mozilla/5.0 (Windows NT 10.0; Win64; x64) AppleWebKit/537.36"
101.47.50.103 - - [20/Jan/2026:19:17:57 +0800] "GET /media/ HTTP/1.1" 200 25277 "-" "Mozilla/5.0 (Macintosh; Intel Mac OS X 13_5) AppleWebKit/605.1.15 (KHTML, like Gecko) Version/17.0 Safari/260.1"
36.133.115.36 - - [20/Jan/2026:19:44:41 +0800] "POST /wp-cron.php?doing_wp_cron=1768909481.2105889320373535156250 HTTP/1.1" 200 31 "-" "WordPress/6.9; http://cqqizhou.com"
54.37.118.88 - - [20/Jan/2026:19:44:41 +0800] "GET /robots.txt HTTP/1.1" 200 190 "-" "Mozilla/5.0 (compatible; AhrefsBot/7.0; +http://ahrefs.com/robot/)"
51.195.215.40 - - [20/Jan/2026:19:44:45 +0800] "GET /wp-sitemap.xml HTTP/1.1" 501 253 "-" "Mozilla/5.0 (compatible; AhrefsBot/7.0; +http://ahrefs.com/robot/)"
101.47.51.95 - - [20/Jan/2026:19:46:21 +0800] "GET /2354/ HTTP/1.1" 200 24223 "-" "Mozilla/5.0 (Macintosh; Intel Mac OS X 13_5) AppleWebKit/605.1.15 (KHTML, like Gecko) Version/17.0 Safari/260.1"
36.133.115.36 - - [20/Jan/2026:19:50:27 +0800] "POST /wp-cron.php?doing_wp_cron=1768909827.6929450035095214843750 HTTP/1.1" 200 31 "-" "WordPress/6.9; http://cqqizhou.com"
43.173.1.69 - - [20/Jan/2026:19:50:27 +0800] "GET / HTTP/1.1" 200 34744 "-" "Mozilla/5.0 (iPhone; CPU iPhone OS 13_2_3 like Mac OS X) AppleWebKit/605.1.15 (KHTML, like Gecko) Version/13.0.3 Mobile/15E148 Safari/604.1"
36.133.115.36 - - [20/Jan/2026:19:51:37 +0800] "POST /wp-cron.php?doing_wp_cron=1768909897.4914801120758056640625 HTTP/1.1" 200 31 "-" "WordPress/6.9; http://cqqizhou.com"
65.108.78.33 - - [20/Jan/2026:19:51:37 +0800] "GET /robots.txt HTTP/1.1" 200 390 "-" "Mozilla/5.0 (compatible; MJ12bot/v1.4.8; http://mj12bot.com/)"
65.108.78.33 - - [20/Jan/2026:19:51:41 +0800] "GET /business/ HTTP/1.1" 404 8951 "-" "Mozilla/5.0 (compatible; MJ12bot/v1.4.8; http://mj12bot.com/)"
65.108.78.33 - - [20/Jan/2026:19:51:44 +0800] "GET /portfolio-tag/%E9%9E%8D%E9%92%A2%E8%92%82%E6%A3%AE/ HTTP/1.1" 404 8952 "-" "Mozilla/5.0 (compatible; MJ12bot/v1.4.8; http://mj12bot.com/)"
65.108.78.33 - - [20/Jan/2026:19:51:46 +0800] "GET /portfolio/%E5%86%B7%E8%BD%A7%E5%8D%B7/ HTTP/1.1" 200 22030 "-" "Mozilla/5.0 (compatible; MJ12bot/v1.4.8; http://mj12bot.com/)"
65.108.78.33 - - [20/Jan/2026:19:51:49 +0800] "GET /portfolio/%E5%86%B7%E8%BD%A7%E6%9D%BF/ HTTP/1.1" 200 18888 "-" "Mozilla/5.0 (compatible; MJ12bot/v1.4.8; http://mj12bot.com/)"
65.108.78.33 - - [20/Jan/2026:19:51:54 +0800] "GET /uncategorized/ HTTP/1.1" 200 20333 "-" "Mozilla/5.0 (compatible; MJ12bot/v1.4.8; http://mj12bot.com/)"
36.133.115.36 - - [20/Jan/2026:20:07:00 +0800] "POST /wp-cron.php?doing_wp_cron=1768910820.6672379970550537109375 HTTP/1.1" 200 31 "-" "WordPress/6.9; http://cqqizhou.com"
101.47.49.136 - - [20/Jan/2026:20:07:00 +0800] "GET /2339/ HTTP/1.1" 200 20471 "-" "Mozilla/5.0 (iPhone; CPU iPhone OS 17_0 like Mac OS X) AppleWebKit/605.1.15 (KHTML, like Gecko) Version/17.0 Mobile/15E148 Safari/260.1"
101.47.49.60 - - [20/Jan/2026:20:21:59 +0800] "GET /club/ HTTP/1.1" 200 12137 "-" "Mozilla/5.0 (Macintosh; Intel Mac OS X 10_15_7) AppleWebKit/537.36 (KHTML, like Gecko) Chrome/120.0.0.0 Safari/537.36"
36.133.115.36 - - [20/Jan/2026:20:27:14 +0800] "POST /wp-cron.php?doing_wp_cron=1768912034.2085649967193603515625 HTTP/1.1" 200 31 "-" "WordPress/6.9; http://cqqizhou.com"
43.134.141.244 - - [20/Jan/2026:20:27:14 +0800] "GET / HTTP/1.1" 301 5 "-" "Mozilla/5.0 (iPhone; CPU iPhone OS 13_2_3 like Mac OS X) AppleWebKit/605.1.15 (KHTML, like Gecko) Version/13.0.3 Mobile/15E148 Safari/604.1"
43.134.141.244 - - [20/Jan/2026:20:27:16 +0800] "GET / HTTP/1.1" 200 34745 "http://www.cqqizhou.com" "Mozilla/5.0 (iPhone; CPU iPhone OS 13_2_3 like Mac OS X) AppleWebKit/605.1.15 (KHTML, like Gecko) Version/13.0.3 Mobile/15E148 Safari/604.1"
36.133.115.36 - - [20/Jan/2026:20:28:45 +0800] "POST /wp-cron.php?doing_wp_cron=1768912125.0781009197235107421875 HTTP/1.1" 200 31 "-" "WordPress/6.9; http://cqqizhou.com"
176.65.148.247 - - [20/Jan/2026:20:28:45 +0800] "GET / HTTP/1.1" 200 157416 "-" "-"
51.195.244.223 - - [20/Jan/2026:20:30:17 +0800] "GET /contacts/ HTTP/1.1" 200 18807 "-" "Mozilla/5.0 (compatible; AhrefsBot/7.0; +http://ahrefs.com/robot/)"
39.130.0.37 - - [20/Jan/2026:20:33:40 +0800] "GET /portfolio/%e5%86%b7%e8%bd%a7%e5%8d%b7/ HTTP/1.1" 200 22030 "-" "Mozilla/5.0 (Windows NT 10.0; Win64; x64) AppleWebKit/537.36 (KHTML, like Gecko) Chrome/110.0.0.0 Safari/537.36"
112.21.140.40 - - [20/Jan/2026:20:33:42 +0800] "GET /wp-content/uploads/2025/07/1753410289-News2000%C3%97400_202571.webp HTTP/1.1" 200 17830 "http://cqqizhou.com/portfolio/%e5%86%b7%e8%bd%a7%e5%8d%b7/" "Mozilla/5.0 (Windows NT 10.0; Win64; x64) AppleWebKit/537.36 (KHTML, like Gecko) Chrome/110.0.0.0 Safari/537.36"
42.236.219.223 - - [20/Jan/2026:20:33:42 +0800] "GET /wp-content/uploads/2025/07/1751425283-qizhou.kf_.qq_.com_.webp HTTP/1.1" 200 16864 "http://cqqizhou.com/portfolio/%e5%86%b7%e8%bd%a7%e5%8d%b7/" "Mozilla/5.0 (Windows NT 10.0; Win64; x64) AppleWebKit/537.36 (KHTML, like Gecko) Chrome/110.0.0.0 Safari/537.36"
106.117.48.65 - - [20/Jan/2026:20:33:42 +0800] "GET /wp-content/uploads/2025/07/1753453029-%E9%85%B8%E6%B4%97%E5%8D%B7product_Single600-150x150.webp HTTP/1.1" 200 4180 "http://cqqizhou.com/portfolio/%e5%86%b7%e8%bd%a7%e5%8d%b7/" "Mozilla/5.0 (Windows NT 10.0; Win64; x64) AppleWebKit/537.36 (KHTML, like Gecko) Chrome/110.0.0.0 Safari/537.36"
180.125.119.163 - - [20/Jan/2026:20:33:46 +0800] "GET /wp-content/uploads/2025/07/1753451773-%E5%86%B7%E8%BD%A7%E5%8D%B7roduct_Single600-300x300.webp HTTP/1.1" 200 12928 "http://cqqizhou.com/portfolio/%e5%86%b7%e8%bd%a7%e5%8d%b7/" "Mozilla/5.0 (Windows NT 10.0; Win64; x64) AppleWebKit/537.36 (KHTML, like Gecko) Chrome/110.0.0.0 Safari/537.36"
36.133.115.36 - - [20/Jan/2026:20:36:19 +0800] "POST /wp-cron.php?doing_wp_cron=1768912579.6526789665222167968750 HTTP/1.1" 200 31 "-" "WordPress/6.9; http://cqqizhou.com"
74.7.227.58 - - [20/Jan/2026:20:36:19 +0800] "GET /wp-sitemap.xml HTTP/1.1" 501 253 "-" "Mozilla/5.0 AppleWebKit/537.36 (KHTML, like Gecko; compatible; GPTBot/1.3; +https://openai.com/gptbot)"
74.7.175.142 - - [20/Jan/2026:20:36:29 +0800] "GET /robots.txt HTTP/1.1" 200 190 "-" "Mozilla/5.0 (Macintosh; Intel Mac OS X 10_15_7) AppleWebKit/537.36 (KHTML, like Gecko) Chrome/131.0.0.0 Safari/537.36; compatible; OAI-SearchBot/1.3; robots.txt; +https://openai.com/searchbot"
120.239.202.179 - - [20/Jan/2026:20:38:33 +0800] "GET /contacts/ HTTP/1.1" 200 18807 "-" "Mozilla/5.0 (Windows NT 10.0; Win64; x64) AppleWebKit/537.36 (KHTML, like Gecko) Chrome/136.0.0.0 Safari/537.36"
223.198.55.78 - - [20/Jan/2026:20:38:34 +0800] "GET /contacts/ HTTP/1.1" 200 18807 "-" "Mozilla/5.0 (Windows NT 10.0; Win64; x64) AppleWebKit/537.36 (KHTML, like Gecko) Chrome/136.0.0.0 Safari/537.36"
123.152.192.64 - - [20/Jan/2026:20:38:35 +0800] "GET /contacts/ HTTP/1.1" 200 18807 "-" "Mozilla/5.0 (Windows NT 10.0; Win64; x64) AppleWebKit/537.36 (KHTML, like Gecko) Chrome/136.0.0.0 Safari/537.36"
223.73.255.41 - - [20/Jan/2026:20:38:36 +0800] "GET /contacts/ HTTP/1.1" 200 18807 "-" "Mozilla/5.0 (Windows NT 10.0; Win64; x64) AppleWebKit/537.36 (KHTML, like Gecko) Chrome/136.0.0.0 Safari/537.36"
36.133.115.36 - - [20/Jan/2026:20:42:39 +0800] "POST /wp-cron.php?doing_wp_cron=1768912959.0390129089355468750000 HTTP/1.1" 200 31 "-" "WordPress/6.9; http://cqqizhou.com"
101.47.43.49 - - [20/Jan/2026:20:42:39 +0800] "GET /process/processing HTTP/1.1" 301 5 "-" "Mozilla/5.0 (Macintosh; Intel Mac OS X 10_15_7) AppleWebKit/537.36 (KHTML, like Gecko) Chrome/123.0.0.0 Safari/537.36"
101.47.43.49 - - [20/Jan/2026:20:42:40 +0800] "GET /services/processing/ HTTP/1.1" 200 19219 "-" "Mozilla/5.0 (Macintosh; Intel Mac OS X 10_15_7) AppleWebKit/537.36 (KHTML, like Gecko) Chrome/123.0.0.0 Safari/537.36"
36.133.115.36 - - [20/Jan/2026:20:44:09 +0800] "POST /wp-cron.php?doing_wp_cron=1768913049.1142699718475341796875 HTTP/1.1" 200 31 "-" "WordPress/6.9; http://cqqizhou.com"
101.47.132.1 - - [20/Jan/2026:20:44:09 +0800] "GET /bug HTTP/1.1" 301 5 "-" "Mozilla/5.0 (Macintosh; Intel Mac OS X 10_15_7) AppleWebKit/537.36 (KHTML, like Gecko) Chrome/123.0.0.0 Safari/537.36"
101.47.132.1 - - [20/Jan/2026:20:44:09 +0800] "GET /bug/ HTTP/1.1" 200 12867 "-" "Mozilla/5.0 (Macintosh; Intel Mac OS X 10_15_7) AppleWebKit/537.36 (KHTML, like Gecko) Chrome/123.0.0.0 Safari/537.36"
121.29.51.28 - - [20/Jan/2026:20:47:11 +0800] "GET / HTTP/1.1" 200 40641 "-" "Mozilla/5.0 (Macintosh; Intel Mac OS X 10_11) AppleWebKit/601.1.27 (KHTML, like Gecko) Chrome/47.0.2526.106 Safari/601.1.27"
36.133.115.36 - - [20/Jan/2026:20:50:28 +0800] "POST /wp-cron.php?doing_wp_cron=1768913428.1384460926055908203125 HTTP/1.1" 200 31 "-" "WordPress/6.9; http://cqqizhou.com"
121.29.51.28 - - [20/Jan/2026:20:50:28 +0800] "GET / HTTP/1.1" 200 34745 "-" "Dalvik/2.1.0 (Linux; U; Android 9.0; ZTE BA520 Build/MRA58K)"
36.133.115.36 - - [20/Jan/2026:20:51:10 +0800] "POST /wp-cron.php?doing_wp_cron=1768913470.1524529457092285156250 HTTP/1.1" 200 31 "-" "WordPress/6.9; http://cqqizhou.com"
51.68.32.135 - - [20/Jan/2026:20:51:10 +0800] "GET /robots.txt HTTP/1.1" 200 390 "-" "Mozilla/5.0 (compatible; MJ12bot/v1.4.8; http://mj12bot.com/)"
51.68.32.135 - - [20/Jan/2026:20:51:12 +0800] "GET /portfolio/%E5%86%B7%E8%BD%A7%E5%8D%B7/ HTTP/1.1" 200 22030 "-" "Mozilla/5.0 (compatible; MJ12bot/v1.4.8; http://mj12bot.com/)"
121.29.51.28 - - [20/Jan/2026:20:51:27 +0800] "GET / HTTP/1.1" 200 34746 "-" "Mozilla/5.0 (Linux; Android 8.0; BKL-AL00 Build/HUAWEIBKL-AL00; wv) AppleWebKit/537.36 (KHTML, like Gecko) Version/4.0 Chrome/48.0.2564.116 Mobile Safari/537.36 T7/10.7 baiduboxapp/10.7.0.10 (Baidu; P1 8.0.0)"
36.133.115.36 - - [20/Jan/2026:20:55:12 +0800] "POST /wp-cron.php?doing_wp_cron=1768913712.5818641185760498046875 HTTP/1.1" 200 31 "-" "WordPress/6.9; http://cqqizhou.com"
87.121.84.15 - - [20/Jan/2026:20:55:13 +0800] "GET / HTTP/1.1" 200 157416 "-" "Mozilla/1.0"
36.133.115.36 - - [20/Jan/2026:20:59:07 +0800] "POST /wp-cron.php?doing_wp_cron=1768913947.3958380222320556640625 HTTP/1.1" 200 31 "-" "WordPress/6.9; http://cqqizhou.com"
45.156.87.161 - - [20/Jan/2026:20:59:07 +0800] "GET /backend/.env HTTP/1.1" 404 8951 "-" "Mozilla/5.0 (compatible; Googlebot/2.1; +http://www.google.com/bot.html)"
36.133.115.36 - - [20/Jan/2026:21:03:41 +0800] "POST /wp-cron.php?doing_wp_cron=1768914221.2423539161682128906250 HTTP/1.1" 200 31 "-" "WordPress/6.9; http://cqqizhou.com"
103.148.104.72 - - [20/Jan/2026:21:03:41 +0800] "HEAD / HTTP/1.1" 301 0 "http://www.cqqizhou.com" "Mozilla/5.0 (Windows NT 10.0; WOW64) AppleWebKit/537.36 (KHTML, like Gecko) Chrome/69.0.3497.92 Safari/537.36"
103.148.104.72 - - [20/Jan/2026:21:03:42 +0800] "HEAD /backup.zip HTTP/1.1" 301 0 "http://www.cqqizhou.com/backup.zip" "Mozilla/5.0 (compatible; MSIE 9.0; Windows NT 6.1; Trident/5.0)"
103.148.104.74 - - [20/Jan/2026:21:03:43 +0800] "HEAD /backup.zip HTTP/1.1" 404 0 "http://www.cqqizhou.com/backup.zip" "Mozilla/5.0 (compatible; MSIE 9.0; Windows NT 6.1; Trident/5.0)"
103.148.104.72 - - [20/Jan/2026:21:03:44 +0800] "HEAD /backup.rar HTTP/1.1" 301 0 "http://www.cqqizhou.com/backup.rar" "Mozilla/5.0 (compatible; MSIE 9.0; Windows NT 6.1; Trident/5.0)"
103.148.104.74 - - [20/Jan/2026:21:03:45 +0800] "HEAD /backup.rar HTTP/1.1" 404 0 "http://www.cqqizhou.com/backup.rar" "Mozilla/5.0 (compatible; MSIE 9.0; Windows NT 6.1; Trident/5.0)"
36.133.115.36 - - [20/Jan/2026:21:03:46 +0800] "POST /wp-cron.php?doing_wp_cron=1768914226.2152910232543945312500 HTTP/1.1" 200 31 "-" "WordPress/6.9; http://cqqizhou.com"
103.148.104.72 - - [20/Jan/2026:21:03:46 +0800] "HEAD /backup.tar.gz HTTP/1.1" 301 0 "http://www.cqqizhou.com/backup.tar.gz" "Mozilla/5.0 (compatible; MSIE 9.0; Windows NT 6.1; Trident/5.0)"
103.148.104.74 - - [20/Jan/2026:21:03:47 +0800] "HEAD /backup.tar.gz HTTP/1.1" 404 0 "http://www.cqqizhou.com/backup.tar.gz" "Mozilla/5.0 (compatible; MSIE 9.0; Windows NT 6.1; Trident/5.0)"
103.148.104.72 - - [20/Jan/2026:21:03:48 +0800] "HEAD /backup.tgz HTTP/1.1" 301 0 "http://www.cqqizhou.com/backup.tgz" "Mozilla/5.0 (compatible; MSIE 9.0; Windows NT 6.1; Trident/5.0)"
103.148.104.74 - - [20/Jan/2026:21:03:48 +0800] "HEAD /backup.tgz HTTP/1.1" 404 0 "http://www.cqqizhou.com/backup.tgz" "Mozilla/5.0 (compatible; MSIE 9.0; Windows NT 6.1; Trident/5.0)"
103.148.104.72 - - [20/Jan/2026:21:03:49 +0800] "HEAD /db.zip HTTP/1.1" 301 0 "http://www.cqqizhou.com/db.zip" "Mozilla/5.0 (compatible; MSIE 9.0; Windows NT 6.1; Trident/5.0)"
103.148.104.74 - - [20/Jan/2026:21:03:50 +0800] "HEAD /db.zip HTTP/1.1" 404 0 "http://www.cqqizhou.com/db.zip" "Mozilla/5.0 (compatible; MSIE 9.0; Windows NT 6.1; Trident/5.0)"
103.148.104.72 - - [20/Jan/2026:21:03:51 +0800] "HEAD /db.rar HTTP/1.1" 301 0 "http://www.cqqizhou.com/db.rar" "Mozilla/5.0 (compatible; MSIE 9.0; Windows NT 6.1; Trident/5.0)"
103.148.104.74 - - [20/Jan/2026:21:03:52 +0800] "HEAD /db.rar HTTP/1.1" 404 0 "http://www.cqqizhou.com/db.rar" "Mozilla/5.0 (compatible; MSIE 9.0; Windows NT 6.1; Trident/5.0)"
103.148.104.72 - - [20/Jan/2026:21:03:53 +0800] "HEAD /db.tar.gz HTTP/1.1" 301 0 "http://www.cqqizhou.com/db.tar.gz" "Mozilla/5.0 (compatible; MSIE 9.0; Windows NT 6.1; Trident/5.0)"
103.148.104.74 - - [20/Jan/2026:21:03:54 +0800] "HEAD /db.tar.gz HTTP/1.1" 404 0 "http://www.cqqizhou.com/db.tar.gz" "Mozilla/5.0 (compatible; MSIE 9.0; Windows NT 6.1; Trident/5.0)"
103.148.104.72 - - [20/Jan/2026:21:03:55 +0800] "HEAD /db.tgz HTTP/1.1" 301 0 "http://www.cqqizhou.com/db.tgz" "Mozilla/5.0 (compatible; MSIE 9.0; Windows NT 6.1; Trident/5.0)"
103.148.104.74 - - [20/Jan/2026:21:03:55 +0800] "HEAD /db.tgz HTTP/1.1" 404 0 "http://www.cqqizhou.com/db.tgz" "Mozilla/5.0 (compatible; MSIE 9.0; Windows NT 6.1; Trident/5.0)"
103.148.104.72 - - [20/Jan/2026:21:03:56 +0800] "HEAD /data.zip HTTP/1.1" 301 0 "http://www.cqqizhou.com/data.zip" "Mozilla/5.0 (compatible; MSIE 9.0; Windows NT 6.1; Trident/5.0)"
103.148.104.74 - - [20/Jan/2026:21:03:57 +0800] "HEAD /data.zip HTTP/1.1" 404 0 "http://www.cqqizhou.com/data.zip" "Mozilla/5.0 (compatible; MSIE 9.0; Windows NT 6.1; Trident/5.0)"
103.148.104.72 - - [20/Jan/2026:21:03:58 +0800] "HEAD /data.rar HTTP/1.1" 301 0 "http://www.cqqizhou.com/data.rar" "Mozilla/5.0 (compatible; MSIE 9.0; Windows NT 6.1; Trident/5.0)"
103.148.104.74 - - [20/Jan/2026:21:03:59 +0800] "HEAD /data.rar HTTP/1.1" 404 0 "http://www.cqqizhou.com/data.rar" "Mozilla/5.0 (compatible; MSIE 9.0; Windows NT 6.1; Trident/5.0)"
103.148.104.72 - - [20/Jan/2026:21:04:00 +0800] "HEAD /data.tar.gz HTTP/1.1" 301 0 "http://www.cqqizhou.com/data.tar.gz" "Mozilla/5.0 (compatible; MSIE 9.0; Windows NT 6.1; Trident/5.0)"
103.148.104.74 - - [20/Jan/2026:21:04:01 +0800] "HEAD /data.tar.gz HTTP/1.1" 404 0 "http://www.cqqizhou.com/data.tar.gz" "Mozilla/5.0 (compatible; MSIE 9.0; Windows NT 6.1; Trident/5.0)"
103.148.104.72 - - [20/Jan/2026:21:04:02 +0800] "HEAD /data.tgz HTTP/1.1" 301 0 "http://www.cqqizhou.com/data.tgz" "Mozilla/5.0 (compatible; MSIE 9.0; Windows NT 6.1; Trident/5.0)"
103.148.104.74 - - [20/Jan/2026:21:04:03 +0800] "HEAD /data.tgz HTTP/1.1" 404 0 "http://www.cqqizhou.com/data.tgz" "Mozilla/5.0 (compatible; MSIE 9.0; Windows NT 6.1; Trident/5.0)"
103.148.104.72 - - [20/Jan/2026:21:04:04 +0800] "HEAD /web.zip HTTP/1.1" 301 0 "http://www.cqqizhou.com/web.zip" "Mozilla/5.0 (compatible; MSIE 9.0; Windows NT 6.1; Trident/5.0)"
103.148.104.74 - - [20/Jan/2026:21:04:05 +0800] "HEAD /web.zip HTTP/1.1" 404 0 "http://www.cqqizhou.com/web.zip" "Mozilla/5.0 (compatible; MSIE 9.0; Windows NT 6.1; Trident/5.0)"
103.148.104.72 - - [20/Jan/2026:21:04:06 +0800] "HEAD /web.rar HTTP/1.1" 301 0 "http://www.cqqizhou.com/web.rar" "Mozilla/5.0 (compatible; MSIE 9.0; Windows NT 6.1; Trident/5.0)"
103.148.104.74 - - [20/Jan/2026:21:04:07 +0800] "HEAD /web.rar HTTP/1.1" 404 0 "http://www.cqqizhou.com/web.rar" "Mozilla/5.0 (compatible; MSIE 9.0; Windows NT 6.1; Trident/5.0)"
