File: /home/logs/cqqizhou_access_2026-01-20.log
36.133.115.36 - - [20/Jan/2026:00:05:36 +0800] "POST /wp-cron.php?doing_wp_cron=1768838736.7299060821533203125000 HTTP/1.1" 200 31 "-" "WordPress/6.9; http://cqqizhou.com"
40.124.173.185 - - [20/Jan/2026:00:05:36 +0800] "GET / HTTP/1.1" 301 5 "-" "Mozilla/5.0 zgrab/0.x"
36.133.115.36 - - [20/Jan/2026:00:15:00 +0800] "POST /wp-cron.php?doing_wp_cron=1768839300.2060410976409912109375 HTTP/1.1" 200 31 "-" "WordPress/6.9; http://cqqizhou.com"
51.195.183.244 - - [20/Jan/2026:00:15:00 +0800] "GET /robots.txt HTTP/1.1" 200 190 "-" "Mozilla/5.0 (compatible; AhrefsBot/7.0; +http://ahrefs.com/robot/)"
198.244.240.216 - - [20/Jan/2026:00:15:03 +0800] "GET /2339/ HTTP/1.1" 304 0 "-" "Mozilla/5.0 (compatible; AhrefsBot/7.0; +http://ahrefs.com/robot/)"
36.133.115.36 - - [20/Jan/2026:00:19:04 +0800] "POST /wp-cron.php?doing_wp_cron=1768839544.5088930130004882812500 HTTP/1.1" 200 31 "-" "WordPress/6.9; http://cqqizhou.com"
20.106.57.131 - - [20/Jan/2026:00:19:04 +0800] "GET /developmentserver/metadatauploader HTTP/1.1" 404 8952 "-" "Mozilla/5.0 zgrab/0.x"
36.133.115.36 - - [20/Jan/2026:00:20:39 +0800] "POST /wp-cron.php?doing_wp_cron=1768839639.6633450984954833984375 HTTP/1.1" 200 31 "-" "WordPress/6.9; http://cqqizhou.com"
120.77.174.138 - - [20/Jan/2026:00:20:39 +0800] "POST /wp-login.php HTTP/1.1" 200 9492 "-" "Mozilla/5.0"
36.133.115.36 - - [20/Jan/2026:00:20:57 +0800] "POST /wp-cron.php?doing_wp_cron=1768839657.1506249904632568359375 HTTP/1.1" 200 31 "-" "WordPress/6.9; http://cqqizhou.com"
120.77.174.138 - - [20/Jan/2026:00:20:57 +0800] "POST /wp-login.php HTTP/1.1" 200 9492 "-" "Mozilla/5.0"
204.76.203.49 - - [20/Jan/2026:00:20:58 +0800] "GET / HTTP/1.1" 200 157416 "-" "-"
120.77.174.138 - - [20/Jan/2026:00:21:12 +0800] "POST /wp-login.php HTTP/1.1" 200 9492 "-" "Mozilla/5.0"
120.77.174.138 - - [20/Jan/2026:00:21:26 +0800] "POST /wp-login.php HTTP/1.1" 200 9492 "-" "Mozilla/5.0"
120.77.174.138 - - [20/Jan/2026:00:21:41 +0800] "POST /wp-login.php HTTP/1.1" 200 9492 "-" "Mozilla/5.0"
36.133.115.36 - - [20/Jan/2026:00:21:55 +0800] "POST /wp-cron.php?doing_wp_cron=1768839715.7427339553833007812500 HTTP/1.1" 200 31 "-" "WordPress/6.9; http://cqqizhou.com"
120.77.174.138 - - [20/Jan/2026:00:21:55 +0800] "POST /wp-login.php HTTP/1.1" 200 9492 "-" "Mozilla/5.0"
120.77.174.138 - - [20/Jan/2026:00:22:10 +0800] "POST /wp-login.php HTTP/1.1" 200 9492 "-" "Mozilla/5.0"
120.77.174.138 - - [20/Jan/2026:00:22:24 +0800] "POST /wp-login.php HTTP/1.1" 200 9492 "-" "Mozilla/5.0"
120.77.174.138 - - [20/Jan/2026:00:22:39 +0800] "POST /wp-login.php HTTP/1.1" 200 9492 "-" "Mozilla/5.0"
36.133.115.36 - - [20/Jan/2026:00:22:53 +0800] "POST /wp-cron.php?doing_wp_cron=1768839773.9031560420989990234375 HTTP/1.1" 200 31 "-" "WordPress/6.9; http://cqqizhou.com"
120.77.174.138 - - [20/Jan/2026:00:22:53 +0800] "POST /wp-login.php HTTP/1.1" 200 9492 "-" "Mozilla/5.0"
120.77.174.138 - - [20/Jan/2026:00:23:08 +0800] "POST /wp-login.php HTTP/1.1" 200 9492 "-" "Mozilla/5.0"
120.77.174.138 - - [20/Jan/2026:00:23:23 +0800] "POST /wp-login.php HTTP/1.1" 200 9492 "-" "Mozilla/5.0"
120.77.174.138 - - [20/Jan/2026:00:23:37 +0800] "POST /wp-login.php HTTP/1.1" 200 9492 "-" "Mozilla/5.0"
36.133.115.36 - - [20/Jan/2026:00:23:52 +0800] "POST /wp-cron.php?doing_wp_cron=1768839832.2375578880310058593750 HTTP/1.1" 200 31 "-" "WordPress/6.9; http://cqqizhou.com"
120.77.174.138 - - [20/Jan/2026:00:23:52 +0800] "POST /wp-login.php HTTP/1.1" 200 9492 "-" "Mozilla/5.0"
176.65.148.247 - - [20/Jan/2026:00:24:02 +0800] "GET / HTTP/1.1" 200 157416 "-" "-"
120.77.174.138 - - [20/Jan/2026:00:24:06 +0800] "POST /wp-login.php HTTP/1.1" 200 9492 "-" "Mozilla/5.0"
120.77.174.138 - - [20/Jan/2026:00:24:21 +0800] "POST /wp-login.php HTTP/1.1" 200 9492 "-" "Mozilla/5.0"
120.77.174.138 - - [20/Jan/2026:00:24:36 +0800] "POST /wp-login.php HTTP/1.1" 200 9492 "-" "Mozilla/5.0"
36.133.115.36 - - [20/Jan/2026:00:24:50 +0800] "POST /wp-cron.php?doing_wp_cron=1768839890.9067239761352539062500 HTTP/1.1" 200 31 "-" "WordPress/6.9; http://cqqizhou.com"
120.77.174.138 - - [20/Jan/2026:00:24:50 +0800] "POST /wp-login.php HTTP/1.1" 200 9492 "-" "Mozilla/5.0"
93.174.93.12 - - [20/Jan/2026:00:24:57 +0800] "GET / HTTP/1.0" 301 0 "-" "Mozilla/5.0 (OS/2; Warp 4.5; rv:24.0) Gecko/20100101 Firefox/24.0"
120.77.174.138 - - [20/Jan/2026:00:25:05 +0800] "POST /wp-login.php HTTP/1.1" 200 9492 "-" "Mozilla/5.0"
120.77.174.138 - - [20/Jan/2026:00:25:19 +0800] "POST /wp-login.php HTTP/1.1" 200 9492 "-" "Mozilla/5.0"
110.249.202.27 - - [20/Jan/2026:00:25:24 +0800] "GET /robots.txt HTTP/1.1" 200 190 "-" "Mozilla/5.0 (Linux; Android 5.0) AppleWebKit/537.36 (KHTML, like Gecko) Mobile Safari/537.36 (compatible; Bytespider; https://zhanzhang.toutiao.com/)"
120.77.174.138 - - [20/Jan/2026:00:25:34 +0800] "POST /wp-login.php HTTP/1.1" 200 9492 "-" "Mozilla/5.0"
36.133.115.36 - - [20/Jan/2026:00:25:48 +0800] "POST /wp-cron.php?doing_wp_cron=1768839948.4986109733581542968750 HTTP/1.1" 200 31 "-" "WordPress/6.9; http://cqqizhou.com"
120.77.174.138 - - [20/Jan/2026:00:25:48 +0800] "POST /wp-login.php HTTP/1.1" 200 9492 "-" "Mozilla/5.0"
120.77.174.138 - - [20/Jan/2026:00:26:02 +0800] "POST /wp-login.php HTTP/1.1" 200 9492 "-" "Mozilla/5.0"
120.77.174.138 - - [20/Jan/2026:00:26:17 +0800] "POST /wp-login.php HTTP/1.1" 200 9492 "-" "Mozilla/5.0"
144.31.215.24 - - [20/Jan/2026:00:26:28 +0800] "GET /login HTTP/1.1" 301 5 "-" "Mozilla/5.0"
120.77.174.138 - - [20/Jan/2026:00:26:31 +0800] "POST /wp-login.php HTTP/1.1" 200 9492 "-" "Mozilla/5.0"
144.31.215.24 - - [20/Jan/2026:00:26:31 +0800] "GET / HTTP/1.1" 200 34745 "-" "Mozilla/5.0"
120.77.174.138 - - [20/Jan/2026:00:26:45 +0800] "POST /wp-login.php HTTP/1.1" 200 9492 "-" "Mozilla/5.0"
36.133.115.36 - - [20/Jan/2026:00:27:00 +0800] "POST /wp-cron.php?doing_wp_cron=1768840020.0963659286499023437500 HTTP/1.1" 200 31 "-" "WordPress/6.9; http://cqqizhou.com"
120.77.174.138 - - [20/Jan/2026:00:27:00 +0800] "POST /wp-login.php HTTP/1.1" 200 9492 "-" "Mozilla/5.0"
120.77.174.138 - - [20/Jan/2026:00:27:14 +0800] "POST /wp-login.php HTTP/1.1" 200 9492 "-" "Mozilla/5.0"
120.77.174.138 - - [20/Jan/2026:00:27:28 +0800] "POST /wp-login.php HTTP/1.1" 200 9492 "-" "Mozilla/5.0"
120.77.174.138 - - [20/Jan/2026:00:27:42 +0800] "POST /wp-login.php HTTP/1.1" 200 9492 "-" "Mozilla/5.0"
36.133.115.36 - - [20/Jan/2026:00:27:57 +0800] "POST /wp-cron.php?doing_wp_cron=1768840077.0760560035705566406250 HTTP/1.1" 200 31 "-" "WordPress/6.9; http://cqqizhou.com"
120.77.174.138 - - [20/Jan/2026:00:27:57 +0800] "POST /wp-login.php HTTP/1.1" 200 9492 "-" "Mozilla/5.0"
120.77.174.138 - - [20/Jan/2026:00:28:11 +0800] "POST /wp-login.php HTTP/1.1" 200 9492 "-" "Mozilla/5.0"
120.77.174.138 - - [20/Jan/2026:00:28:25 +0800] "POST /wp-login.php HTTP/1.1" 200 9492 "-" "Mozilla/5.0"
120.77.174.138 - - [20/Jan/2026:00:28:40 +0800] "POST /wp-login.php HTTP/1.1" 200 9492 "-" "Mozilla/5.0"
36.133.115.36 - - [20/Jan/2026:00:28:54 +0800] "POST /wp-cron.php?doing_wp_cron=1768840134.3319981098175048828125 HTTP/1.1" 200 31 "-" "WordPress/6.9; http://cqqizhou.com"
120.77.174.138 - - [20/Jan/2026:00:28:54 +0800] "POST /wp-login.php HTTP/1.1" 200 9492 "-" "Mozilla/5.0"
120.77.174.138 - - [20/Jan/2026:00:29:08 +0800] "POST /wp-login.php HTTP/1.1" 200 9492 "-" "Mozilla/5.0"
120.77.174.138 - - [20/Jan/2026:00:29:22 +0800] "POST /wp-login.php HTTP/1.1" 200 9492 "-" "Mozilla/5.0"
120.77.174.138 - - [20/Jan/2026:00:29:37 +0800] "POST /wp-login.php HTTP/1.1" 200 9492 "-" "Mozilla/5.0"
36.133.115.36 - - [20/Jan/2026:00:29:51 +0800] "POST /wp-cron.php?doing_wp_cron=1768840191.2986431121826171875000 HTTP/1.1" 200 31 "-" "WordPress/6.9; http://cqqizhou.com"
120.77.174.138 - - [20/Jan/2026:00:29:51 +0800] "POST /wp-login.php HTTP/1.1" 200 9492 "-" "Mozilla/5.0"
120.77.174.138 - - [20/Jan/2026:00:30:05 +0800] "POST /wp-login.php HTTP/1.1" 200 9492 "-" "Mozilla/5.0"
120.77.174.138 - - [20/Jan/2026:00:30:20 +0800] "POST /wp-login.php HTTP/1.1" 200 9492 "-" "Mozilla/5.0"
120.77.174.138 - - [20/Jan/2026:00:30:34 +0800] "POST /wp-login.php HTTP/1.1" 200 9492 "-" "Mozilla/5.0"
36.133.115.36 - - [20/Jan/2026:00:30:49 +0800] "POST /wp-cron.php?doing_wp_cron=1768840248.9663999080657958984375 HTTP/1.1" 200 31 "-" "WordPress/6.9; http://cqqizhou.com"
120.77.174.138 - - [20/Jan/2026:00:30:49 +0800] "POST /wp-login.php HTTP/1.1" 200 9492 "-" "Mozilla/5.0"
120.77.174.138 - - [20/Jan/2026:00:31:03 +0800] "POST /wp-login.php HTTP/1.1" 200 9492 "-" "Mozilla/5.0"
120.77.174.138 - - [20/Jan/2026:00:31:17 +0800] "POST /wp-login.php HTTP/1.1" 200 9492 "-" "Mozilla/5.0"
120.77.174.138 - - [20/Jan/2026:00:31:31 +0800] "POST /wp-login.php HTTP/1.1" 200 9492 "-" "Mozilla/5.0"
36.133.115.36 - - [20/Jan/2026:00:31:46 +0800] "POST /wp-cron.php?doing_wp_cron=1768840306.4404289722442626953125 HTTP/1.1" 200 31 "-" "WordPress/6.9; http://cqqizhou.com"
120.77.174.138 - - [20/Jan/2026:00:31:46 +0800] "POST /wp-login.php HTTP/1.1" 200 9492 "-" "Mozilla/5.0"
120.77.174.138 - - [20/Jan/2026:00:32:01 +0800] "POST /wp-login.php HTTP/1.1" 200 9492 "-" "Mozilla/5.0"
220.181.108.146 - - [20/Jan/2026:00:32:13 +0800] "GET /services/ HTTP/1.1" 200 31625 "-" "Mozilla/5.0 (compatible; Baiduspider/2.0; +http://www.baidu.com/search/spider.html)"
120.77.174.138 - - [20/Jan/2026:00:32:15 +0800] "POST /wp-login.php HTTP/1.1" 200 9492 "-" "Mozilla/5.0"
120.77.174.138 - - [20/Jan/2026:00:32:29 +0800] "POST /wp-login.php HTTP/1.1" 200 9492 "-" "Mozilla/5.0"
120.77.174.138 - - [20/Jan/2026:00:32:43 +0800] "POST /wp-login.php HTTP/1.1" 200 9492 "-" "Mozilla/5.0"
36.133.115.36 - - [20/Jan/2026:00:32:58 +0800] "POST /wp-cron.php?doing_wp_cron=1768840378.1832990646362304687500 HTTP/1.1" 200 31 "-" "WordPress/6.9; http://cqqizhou.com"
120.77.174.138 - - [20/Jan/2026:00:32:58 +0800] "POST /wp-login.php HTTP/1.1" 200 9492 "-" "Mozilla/5.0"
120.77.174.138 - - [20/Jan/2026:00:33:12 +0800] "POST /wp-login.php HTTP/1.1" 200 9492 "-" "Mozilla/5.0"
120.77.174.138 - - [20/Jan/2026:00:33:26 +0800] "POST /wp-login.php HTTP/1.1" 200 9492 "-" "Mozilla/5.0"
120.77.174.138 - - [20/Jan/2026:00:33:41 +0800] "POST /wp-login.php HTTP/1.1" 200 9492 "-" "Mozilla/5.0"
36.133.115.36 - - [20/Jan/2026:00:33:55 +0800] "POST /wp-cron.php?doing_wp_cron=1768840435.9083120822906494140625 HTTP/1.1" 200 31 "-" "WordPress/6.9; http://cqqizhou.com"
120.77.174.138 - - [20/Jan/2026:00:33:55 +0800] "POST /wp-login.php HTTP/1.1" 200 9492 "-" "Mozilla/5.0"
120.77.174.138 - - [20/Jan/2026:00:34:10 +0800] "POST /wp-login.php HTTP/1.1" 200 9492 "-" "Mozilla/5.0"
120.77.174.138 - - [20/Jan/2026:00:34:24 +0800] "POST /wp-login.php HTTP/1.1" 200 9492 "-" "Mozilla/5.0"
120.77.174.138 - - [20/Jan/2026:00:34:39 +0800] "POST /wp-login.php HTTP/1.1" 200 9492 "-" "Mozilla/5.0"
36.133.115.36 - - [20/Jan/2026:00:34:53 +0800] "POST /wp-cron.php?doing_wp_cron=1768840493.4378120899200439453125 HTTP/1.1" 200 31 "-" "WordPress/6.9; http://cqqizhou.com"
120.77.174.138 - - [20/Jan/2026:00:34:53 +0800] "POST /wp-login.php HTTP/1.1" 200 9492 "-" "Mozilla/5.0"
120.77.174.138 - - [20/Jan/2026:00:35:07 +0800] "POST /wp-login.php HTTP/1.1" 200 9492 "-" "Mozilla/5.0"
120.77.174.138 - - [20/Jan/2026:00:35:22 +0800] "POST /wp-login.php HTTP/1.1" 200 9492 "-" "Mozilla/5.0"
120.77.174.138 - - [20/Jan/2026:00:35:36 +0800] "POST /wp-login.php HTTP/1.1" 200 9492 "-" "Mozilla/5.0"
36.133.115.36 - - [20/Jan/2026:00:35:50 +0800] "POST /wp-cron.php?doing_wp_cron=1768840550.8943400382995605468750 HTTP/1.1" 200 31 "-" "WordPress/6.9; http://cqqizhou.com"
120.77.174.138 - - [20/Jan/2026:00:35:50 +0800] "POST /wp-login.php HTTP/1.1" 200 9492 "-" "Mozilla/5.0"
120.77.174.138 - - [20/Jan/2026:00:36:05 +0800] "POST /wp-login.php HTTP/1.1" 200 9492 "-" "Mozilla/5.0"
120.77.174.138 - - [20/Jan/2026:00:36:19 +0800] "POST /wp-login.php HTTP/1.1" 200 9492 "-" "Mozilla/5.0"
120.77.174.138 - - [20/Jan/2026:00:36:34 +0800] "POST /wp-login.php HTTP/1.1" 200 9492 "-" "Mozilla/5.0"
36.133.115.36 - - [20/Jan/2026:00:36:48 +0800] "POST /wp-cron.php?doing_wp_cron=1768840608.3742780685424804687500 HTTP/1.1" 200 31 "-" "WordPress/6.9; http://cqqizhou.com"
120.77.174.138 - - [20/Jan/2026:00:36:48 +0800] "POST /wp-login.php HTTP/1.1" 200 9492 "-" "Mozilla/5.0"
120.77.174.138 - - [20/Jan/2026:00:37:02 +0800] "POST /wp-login.php HTTP/1.1" 200 9492 "-" "Mozilla/5.0"
120.77.174.138 - - [20/Jan/2026:00:37:16 +0800] "POST /wp-login.php HTTP/1.1" 200 9492 "-" "Mozilla/5.0"
120.77.174.138 - - [20/Jan/2026:00:37:30 +0800] "POST /wp-login.php HTTP/1.1" 200 9492 "-" "Mozilla/5.0"
120.77.174.138 - - [20/Jan/2026:00:37:45 +0800] "POST /wp-login.php HTTP/1.1" 200 9492 "-" "Mozilla/5.0"
36.133.115.36 - - [20/Jan/2026:00:37:59 +0800] "POST /wp-cron.php?doing_wp_cron=1768840679.1167259216308593750000 HTTP/1.1" 200 31 "-" "WordPress/6.9; http://cqqizhou.com"
120.77.174.138 - - [20/Jan/2026:00:37:59 +0800] "POST /wp-login.php HTTP/1.1" 200 9492 "-" "Mozilla/5.0"
120.77.174.138 - - [20/Jan/2026:00:38:13 +0800] "POST /wp-login.php HTTP/1.1" 200 9492 "-" "Mozilla/5.0"
36.133.115.36 - - [20/Jan/2026:00:38:27 +0800] "POST /wp-cron.php?doing_wp_cron=1768840707.6644430160522460937500 HTTP/1.1" 200 31 "-" "WordPress/6.9; http://cqqizhou.com"
120.77.174.138 - - [20/Jan/2026:00:38:27 +0800] "POST /wp-login.php HTTP/1.1" 200 9492 "-" "Mozilla/5.0"
120.77.174.138 - - [20/Jan/2026:00:38:42 +0800] "POST /wp-login.php HTTP/1.1" 200 9492 "-" "Mozilla/5.0"
36.133.115.36 - - [20/Jan/2026:00:38:56 +0800] "POST /wp-cron.php?doing_wp_cron=1768840736.6344039440155029296875 HTTP/1.1" 200 31 "-" "WordPress/6.9; http://cqqizhou.com"
120.77.174.138 - - [20/Jan/2026:00:38:56 +0800] "POST /wp-login.php HTTP/1.1" 200 9492 "-" "Mozilla/5.0"
101.47.179.98 - - [20/Jan/2026:00:39:06 +0800] "GET /2231/ HTTP/1.1" 200 23525 "-" "Mozilla/5.0 (Macintosh; Intel Mac OS X 10_15_7) AppleWebKit/537.36 (KHTML, like Gecko) Chrome/116.0.0.0 Safari/537.36"
120.77.174.138 - - [20/Jan/2026:00:39:11 +0800] "POST /wp-login.php HTTP/1.1" 200 9492 "-" "Mozilla/5.0"
120.77.174.138 - - [20/Jan/2026:00:39:26 +0800] "POST /wp-login.php HTTP/1.1" 200 9492 "-" "Mozilla/5.0"
120.77.174.138 - - [20/Jan/2026:00:39:41 +0800] "POST /wp-login.php HTTP/1.1" 200 9492 "-" "Mozilla/5.0"
36.133.115.36 - - [20/Jan/2026:00:39:56 +0800] "POST /wp-cron.php?doing_wp_cron=1768840796.9642889499664306640625 HTTP/1.1" 200 31 "-" "WordPress/6.9; http://cqqizhou.com"
120.77.174.138 - - [20/Jan/2026:00:39:56 +0800] "POST /wp-login.php HTTP/1.1" 200 9492 "-" "Mozilla/5.0"
120.77.174.138 - - [20/Jan/2026:00:40:12 +0800] "POST /wp-login.php HTTP/1.1" 200 9492 "-" "Mozilla/5.0"
120.77.174.138 - - [20/Jan/2026:00:40:27 +0800] "POST /wp-login.php HTTP/1.1" 200 9492 "-" "Mozilla/5.0"
120.77.174.138 - - [20/Jan/2026:00:40:42 +0800] "POST /wp-login.php HTTP/1.1" 200 9492 "-" "Mozilla/5.0"
36.133.115.36 - - [20/Jan/2026:00:45:39 +0800] "POST /wp-cron.php?doing_wp_cron=1768841139.3931028842926025390625 HTTP/1.1" 200 31 "-" "WordPress/6.9; http://cqqizhou.com"
193.142.147.209 - - [20/Jan/2026:00:45:39 +0800] "POST / HTTP/1.1" 200 34744 "-" "Mozilla/5.0 (Windows NT 10.0; Win64; x64) AppleWebKit/537.36"
36.133.115.36 - - [20/Jan/2026:00:46:22 +0800] "POST /wp-cron.php?doing_wp_cron=1768841182.0956261157989501953125 HTTP/1.1" 200 31 "-" "WordPress/6.9; http://cqqizhou.com"
106.114.150.90 - - [20/Jan/2026:00:46:22 +0800] "GET /Ly9jcXFpemhvdS5jb20vd3AtY29udGVudC91cGxvYWRzLzIwMjYvMDEvMTc2ODI3NjExOS1xaXpob3VqaWFnb25nX1NsaWRlcl8zODQww5cyMTYwXzIwMjYwMTEzLXNjYWxlZC53ZWJw HTTP/1.1" 404 8951 "-" "Mozilla/5.0 (Windows NT 6.1; Win64; x64) AppleWebKit/537.36 (KHTML, like Gecko) Chrome/79.0.3945.36"
36.133.115.36 - - [20/Jan/2026:00:51:25 +0800] "POST /wp-cron.php?doing_wp_cron=1768841485.5768349170684814453125 HTTP/1.1" 200 31 "-" "WordPress/6.9; http://cqqizhou.com"
120.228.218.43 - - [20/Jan/2026:00:51:25 +0800] "GET /Ly9jcXFpemhvdS5jb20vd3AtY29udGVudC91cGxvYWRzLzIwMjYvMDEvMTc2ODI4MDI3MC1hbnF1YW5fU2xpZGVyXzM4NDDDlzIxNjBfMjAyNjAxMTQtc2NhbGVkLndlYnA= HTTP/1.1" 404 8951 "-" "Mozilla/5.0 (Windows NT 6.2; Win64; x64) AppleWebKit/537.36 (KHTML, like Gecko) Chrome/70.0.3538.97"
91.232.238.112 - - [20/Jan/2026:01:06:00 +0800] "GET /admin/config.php HTTP/1.0" 404 16 "-" "xfa1"
110.89.120.30 - - [20/Jan/2026:01:06:25 +0800] "HEAD /1.php HTTP/1.1" 404 0 "-" "-"
110.89.120.30 - - [20/Jan/2026:01:06:25 +0800] "HEAD /x.php HTTP/1.1" 404 0 "-" "-"
110.89.120.30 - - [20/Jan/2026:01:06:25 +0800] "HEAD /a.php HTTP/1.1" 404 0 "-" "-"
110.89.120.30 - - [20/Jan/2026:01:06:26 +0800] "HEAD /888.php HTTP/1.1" 404 0 "-" "-"
110.89.120.30 - - [20/Jan/2026:01:06:26 +0800] "HEAD /newfile.php HTTP/1.1" 404 0 "-" "-"
110.89.120.30 - - [20/Jan/2026:01:06:26 +0800] "HEAD /123.php HTTP/1.1" 404 0 "-" "-"
110.89.120.30 - - [20/Jan/2026:01:06:26 +0800] "HEAD /1234.php HTTP/1.1" 404 0 "-" "-"
110.89.120.30 - - [20/Jan/2026:01:06:27 +0800] "HEAD /ak.php HTTP/1.1" 404 0 "-" "-"
110.89.120.30 - - [20/Jan/2026:01:06:27 +0800] "HEAD /ote.php HTTP/1.1" 404 0 "-" "-"
192.36.226.103 - - [20/Jan/2026:01:13:20 +0800] "GET / HTTP/1.1" 200 40641 "-" "Mozilla/5.0 (Windows NT 10.0; Win64; x64) AppleWebKit/537.36 (KHTML, like Gecko) Chrome/120.0.0.0 Safari/537.36 Viewer/99.9.8853.8"
192.36.109.214 - - [20/Jan/2026:01:13:21 +0800] "GET /portfolio-category/hot-dip-galvanized-coil/ HTTP/1.1" 200 21041 "-" "Mozilla/5.0 (Windows NT 10.0; Win64; x64) AppleWebKit/537.36 (KHTML, like Gecko) Chrome/120.0.0.0 Safari/537.36 Viewer/99.9.8853.8"
192.36.217.48 - - [20/Jan/2026:01:13:22 +0800] "GET /portfolio/%e5%86%b7%e8%bd%a7%e6%9d%bf/ HTTP/1.1" 200 18888 "-" "Mozilla/5.0 (Windows NT 10.0; Win64; x64) AppleWebKit/537.36 (KHTML, like Gecko) Chrome/120.0.0.0 Safari/537.36 Viewer/99.9.8853.8"
192.36.121.172 - - [20/Jan/2026:01:13:24 +0800] "GET /portfolio-category/cold-rolled-coil/ HTTP/1.1" 200 21036 "-" "Mozilla/5.0 (Windows NT 10.0; Win64; x64) AppleWebKit/537.36 (KHTML, like Gecko) Chrome/120.0.0.0 Safari/537.36 Viewer/99.9.8853.8"
36.133.115.36 - - [20/Jan/2026:01:32:36 +0800] "POST /wp-cron.php?doing_wp_cron=1768843956.3333020210266113281250 HTTP/1.1" 200 31 "-" "WordPress/6.9; http://cqqizhou.com"
95.214.55.246 - - [20/Jan/2026:01:32:36 +0800] "GET / HTTP/1.1" 200 109842 "-" "python-requests/2.31.0"
192.36.136.8 - - [20/Jan/2026:01:37:02 +0800] "GET / HTTP/1.1" 200 40641 "-" "Mozilla/5.0 (Windows NT 6.1; Win64; x64; rv:109.0) Gecko/20100101 Firefox/115"
192.36.198.147 - - [20/Jan/2026:01:37:06 +0800] "GET /portfolio-category/hot-dip-galvanized-coil/ HTTP/1.1" 200 21041 "-" "Mozilla/5.0 (Windows NT 6.1; Win64; x64; rv:109.0) Gecko/20100101 Firefox/115"
192.36.217.48 - - [20/Jan/2026:01:37:07 +0800] "GET /portfolio/%e5%86%b7%e8%bd%a7%e6%9d%bf/ HTTP/1.1" 200 18888 "-" "Mozilla/5.0 (Windows NT 6.1; Win64; x64; rv:109.0) Gecko/20100101 Firefox/115"
192.36.121.172 - - [20/Jan/2026:01:37:08 +0800] "GET /portfolio-category/cold-rolled-coil/ HTTP/1.1" 200 21036 "-" "Mozilla/5.0 (Windows NT 6.1; Win64; x64; rv:109.0) Gecko/20100101 Firefox/115"
36.133.115.36 - - [20/Jan/2026:01:41:37 +0800] "POST /wp-cron.php?doing_wp_cron=1768844497.0311419963836669921875 HTTP/1.1" 200 31 "-" "WordPress/6.9; http://cqqizhou.com"
115.159.33.43 - - [20/Jan/2026:01:41:37 +0800] "GET / HTTP/1.1" 301 5 "-" "Mozilla/5.0 (Windows NT 10.0; Win64; x64) AppleWebKit/537.36 (KHTML, like Gecko) Chrome/79.0.3945.117 Safari/537.36"
36.133.115.36 - - [20/Jan/2026:01:43:39 +0800] "POST /wp-cron.php?doing_wp_cron=1768844619.5620939731597900390625 HTTP/1.1" 200 31 "-" "WordPress/6.9; http://cqqizhou.com"
136.115.58.200 - - [20/Jan/2026:01:43:39 +0800] "HEAD /wp/ HTTP/1.1" 404 0 "-" "Mozilla/5.0 (Macintosh; Intel Mac OS X 15_0) AppleWebKit/537.36 (KHTML, like Gecko) Chrome/125.0.6422.141 Safari/537.36"
136.115.58.200 - - [20/Jan/2026:01:43:41 +0800] "HEAD /new/ HTTP/1.1" 301 0 "-" "Mozilla/5.0 (iPhone; CPU iPhone OS 16_7 like Mac OS X) AppleWebKit/605.1.15 (KHTML, like Gecko) Version/16.7 Mobile/15E148 Safari/604.1"
136.115.58.200 - - [20/Jan/2026:01:43:42 +0800] "HEAD /news/ HTTP/1.1" 200 0 "http://cqqizhou.com/new/" "Mozilla/5.0 (iPhone; CPU iPhone OS 16_7 like Mac OS X) AppleWebKit/605.1.15 (KHTML, like Gecko) Version/16.7 Mobile/15E148 Safari/604.1"
136.115.58.200 - - [20/Jan/2026:01:43:44 +0800] "HEAD /wordpress/ HTTP/1.1" 404 0 "-" "Mozilla/5.0 (Linux; Android 14; OnePlus 12) AppleWebKit/537.36 (KHTML, like Gecko) Chrome/125.0.6422.102 Mobile Safari/537.36"
136.115.58.200 - - [20/Jan/2026:01:43:44 +0800] "HEAD / HTTP/1.1" 200 0 "-" "Mozilla/5.0 (X11; Fedora; Linux x86_64; rv:125.0) Gecko/20100101 Firefox/125.0"
136.115.58.200 - - [20/Jan/2026:01:43:45 +0800] "HEAD /old/ HTTP/1.1" 404 0 "-" "Mozilla/5.0 (iPhone; CPU iPhone OS 16_7 like Mac OS X) AppleWebKit/605.1.15 (KHTML, like Gecko) Version/16.7 Mobile/15E148 Safari/604.1"
36.133.115.36 - - [20/Jan/2026:01:43:46 +0800] "POST /wp-cron.php?doing_wp_cron=1768844626.4491620063781738281250 HTTP/1.1" 200 31 "-" "WordPress/6.9; http://cqqizhou.com"
136.115.58.200 - - [20/Jan/2026:01:43:46 +0800] "HEAD /backup/ HTTP/1.1" 404 0 "-" "Mozilla/5.0 (X11; Linux x86_64; rv:127.0) Gecko/20100101 Firefox/127.0"
136.115.58.200 - - [20/Jan/2026:01:43:47 +0800] "HEAD /blog/ HTTP/1.1" 404 0 "-" "Mozilla/5.0 (Linux; Android 12; Redmi Note 11) AppleWebKit/537.36 (KHTML, like Gecko) Chrome/123.0.6312.112 Mobile Safari/537.36"
36.133.115.36 - - [20/Jan/2026:01:46:49 +0800] "POST /wp-cron.php?doing_wp_cron=1768844809.3975861072540283203125 HTTP/1.1" 200 31 "-" "WordPress/6.9; http://cqqizhou.com"
170.106.72.178 - - [20/Jan/2026:01:46:49 +0800] "GET / HTTP/1.1" 301 5 "-" "Mozilla/5.0 (iPhone; CPU iPhone OS 13_2_3 like Mac OS X) AppleWebKit/605.1.15 (KHTML, like Gecko) Version/13.0.3 Mobile/15E148 Safari/604.1"
170.106.72.178 - - [20/Jan/2026:01:46:51 +0800] "GET / HTTP/1.1" 200 34746 "http://www.cqqizhou.com" "Mozilla/5.0 (iPhone; CPU iPhone OS 13_2_3 like Mac OS X) AppleWebKit/605.1.15 (KHTML, like Gecko) Version/13.0.3 Mobile/15E148 Safari/604.1"
78.153.140.203 - - [20/Jan/2026:01:47:45 +0800] "GET /.env HTTP/1.1" 404 31367 "-" "Mozilla/5.0 (Linux; Android 4.4.4; N817 Build/KTU84P) AppleWebKit/537.36 (KHTML, like Gecko) Version/4.0 Chrome/33.0.0.0 Mobile Safari/537.36 Browser"
36.133.115.36 - - [20/Jan/2026:01:47:47 +0800] "POST /wp-cron.php?doing_wp_cron=1768844867.6098759174346923828125 HTTP/1.1" 200 31 "-" "WordPress/6.9; http://cqqizhou.com"
78.153.140.203 - - [20/Jan/2026:01:47:47 +0800] "GET /admin/.env HTTP/1.1" 404 31367 "-" "Mozilla/5.0 (Macintosh; Intel Mac OS X 10_11_5) AppleWebKit/537.36 (KHTML, like Gecko) Chrome/52.0.2743.116 Safari/537.36"
78.153.140.203 - - [20/Jan/2026:01:47:49 +0800] "GET /api/.env HTTP/1.1" 404 31367 "-" "Opera/9.01 (Windows NT 5.1; U; pl)"
78.153.140.203 - - [20/Jan/2026:01:47:50 +0800] "GET /app/.env HTTP/1.1" 404 31367 "-" "Mozilla/5.0 (Windows NT 6.2; WOW64) AppleWebKit/537.36 (KHTML, like Gecko) Chrome/48.0.2564.97 Safari/537.36"
78.153.140.203 - - [20/Jan/2026:01:47:52 +0800] "GET /backend/.env HTTP/1.1" 404 31367 "-" "Mozilla/5.0 (Windows; U; Windows NT 5.1; en-US) AppleWebKit/532.1 (KHTML, like Gecko) Chrome/4.0.213.0 Safari/532.1"
78.153.140.203 - - [20/Jan/2026:01:47:54 +0800] "GET /demo/.env HTTP/1.1" 404 31367 "-" "Mozilla/5.0 (Linux; U; Android 4.4.4; en-us; SM-G360P Build/KTU84P) AppleWebKit/534.30 (KHTML, like Gecko) Version/4.0 Mobile Safari/534.30"
78.153.140.203 - - [20/Jan/2026:01:47:55 +0800] "GET /dev/.env HTTP/1.1" 404 31367 "-" "Mozilla/4.0 (compatible; MSIE 8.0; Windows NT 5.1; Trident/4.0; .NET CLR 2.0.50727; .NET4.0C; .NET4.0E)"
78.153.140.203 - - [20/Jan/2026:01:47:57 +0800] "GET /staging/.env HTTP/1.1" 404 31367 "-" "Mozilla/5.0 (Windows; U; Windows NT 5.1; fr; rv:1.8.0.2) Gecko/20060308 Firefox/1.5.0.2"
78.153.140.203 - - [20/Jan/2026:01:47:59 +0800] "GET /mail/.env HTTP/1.1" 404 31367 "-" "Mozilla/5.0 (X11; Linux x86_64) AppleWebKit/537.36 (KHTML, like Gecko) Chrome/55.0.2883.87 Safari/537.36 OPR/42.0.2393.94"
78.153.140.203 - - [20/Jan/2026:01:48:00 +0800] "GET /m/.env HTTP/1.1" 404 31367 "-" "Mozilla/5.0 (Macintosh; Intel Mac OS X 10.9; rv:32.0) Gecko/20100101 Firefox/32.0"
78.153.140.203 - - [20/Jan/2026:01:48:02 +0800] "GET /remote/.env HTTP/1.1" 404 31367 "-" "Mozilla/5.0 (Macintosh; U; PPC Mac OS X 10_4_11; it-it) AppleWebKit/533.19.4 (KHTML, like Gecko) Version/4.1.3 Safari/533.19.4"
78.153.140.203 - - [20/Jan/2026:01:48:04 +0800] "GET /webmail/.env HTTP/1.1" 404 31367 "-" "Mozilla/4.0 (compatible; MSIE 8.0; Windows NT 6.1; WOW64; Trident/4.0; GTB7.5; SLCC2; .NET CLR 2.0.50727; .NET CLR 3.5.30729; .NET CLR 3.0.30729; Media Center PC 6.0; .NET4.0C; BRI/2; MAGW)"
78.153.140.203 - - [20/Jan/2026:01:48:05 +0800] "GET /server/.env HTTP/1.1" 404 31367 "-" "Mozilla/5.0 (Windows; U; Windows NT 5.1; en-US) AppleWebKit/534.19 (KHTML, like Gecko) Chrome/11.0.661.0 Safari/534.19"
78.153.140.203 - - [20/Jan/2026:01:48:07 +0800] "GET /vpn/.env HTTP/1.1" 404 31367 "-" "Mozilla/5.0 (Windows; U; Windows NT 6.0; de; rv:1.8.1.7) Gecko/20070914 Firefox/2.0.0.7"
78.153.140.203 - - [20/Jan/2026:01:48:09 +0800] "GET /secure/.env HTTP/1.1" 404 31367 "-" "Mozilla/5.0 (iPad; U; CPU OS 4_2_1 like Mac OS X; ja-jp) AppleWebKit/533.17.9 (KHTML, like Gecko) Version/5.0.2 Mobile/8C148 Safari/6533.18.5"
78.153.140.203 - - [20/Jan/2026:01:48:10 +0800] "GET /shop/.env HTTP/1.1" 404 31367 "-" "Mozilla/5.0 (Windows NT 6.1; Win64; x64; rv:2.0b8pre) Gecko/20101213 Firefox/4.0b8pre"
78.153.140.203 - - [20/Jan/2026:01:48:12 +0800] "GET /cloud/.env HTTP/1.1" 404 31367 "-" "Mozilla/4.0 (compatible; MSIE 8.0; Windows NT 6.1; Trident/4.0; SLCC2; .NET CLR 2.0.50727; .NET CLR 3.5.30729; .NET CLR 3.0.30729; Media Center PC 6.0; .NET4.0C; .NET4.0E; InfoPath.2; Tablet PC 2.0)"
78.153.140.203 - - [20/Jan/2026:01:48:14 +0800] "GET /portal/.env HTTP/1.1" 404 31367 "-" "Mozilla/5.0 (Windows; U; Windows NT 6.1; en-US) AppleWebKit/532.0 (KHTML, like Gecko) Chrome/4.0.206.0 Safari/532.0"
78.153.140.203 - - [20/Jan/2026:01:48:16 +0800] "GET /host/.env HTTP/1.1" 404 31367 "-" "Mozilla/5.0 (Windows NT 5.1; WOW64; rv:51.0) Gecko/20100101 Firefox/51.0"
78.153.140.203 - - [20/Jan/2026:01:48:17 +0800] "GET /support/.env HTTP/1.1" 404 31367 "-" "Mozilla/5.0 (Linux; Android 5.0; ASUS_Z00AD Build/LRX21V; wv) AppleWebKit/537.36 (KHTML, like Gecko) Version/4.0 Chrome/49.0.2623.108 Mobile Safari/537.36"
78.153.140.203 - - [20/Jan/2026:01:48:19 +0800] "GET /pop/.env HTTP/1.1" 404 31367 "-" "Mozilla/5.0 (Macintosh; U; Intel Mac OS X; en) AppleWebKit/522+ (KHTML, like Gecko) Version/3.0.2 Safari/522.12"
78.153.140.203 - - [20/Jan/2026:01:48:21 +0800] "GET /store/.env HTTP/1.1" 404 31367 "-" "Opera/9.80 (Windows NT 5.1; U; sk) Presto/2.5.22 Version/10.50"
78.153.140.203 - - [20/Jan/2026:01:48:22 +0800] "GET /cdn/.env HTTP/1.1" 404 31367 "-" "Mozilla/5.0 (Linux; Android 6.0.1; SAMSUNG SM-G935T Build/MMB29M) AppleWebKit/537.36 (KHTML, like Gecko) SamsungBrowser/4.0 Chrome/44.0.2403.133 Mobile Safari/537.36"
78.153.140.203 - - [20/Jan/2026:01:48:25 +0800] "GET /dashboard/.env HTTP/1.1" 404 31367 "-" "Mozilla/5.0 (Linux; U; Android 4.1.2; en-us; SCH-S960L Build/JZO54K) AppleWebKit/534.30 (KHTML, like Gecko) Version/4.0 Mobile Safari/534.30"
78.153.140.203 - - [20/Jan/2026:01:48:27 +0800] "GET /test/.env HTTP/1.1" 404 31367 "-" "Mozilla/5.0 (iPad; U; CPU OS 4_3_3 like Mac OS X; en-gb) AppleWebKit/533.17.9 (KHTML, like Gecko) Version/5.0.2 Mobile/8J2 Safari/6533.18.5"
78.153.140.203 - - [20/Jan/2026:01:48:28 +0800] "GET /smtp/.env HTTP/1.1" 404 31367 "-" "Mozilla/5.0 (Windows NT 10.0; WOW64) AppleWebKit/537.36 (KHTML, like Gecko) Chrome/54.0.2832.2 Safari/537.36 OPR/41.0.2340.0 (Edition developer)"
78.153.140.203 - - [20/Jan/2026:01:48:30 +0800] "GET /ftp/.env HTTP/1.1" 404 31367 "-" "Mozilla/5.0 (Linux; U; Android 4.1.2; en-us; Z750C Build/JZO54K) AppleWebKit/534.30 (KHTML, like Gecko) Version/4.0 Mobile Safari/534.30"
78.153.140.203 - - [20/Jan/2026:01:48:32 +0800] "GET /wiki/.env HTTP/1.1" 404 31367 "-" "Mozilla/5.0 (Windows; U; Windows NT 6.0; en-US; rv:1.9.0.12) Gecko/2009070611 Firefox/3.5.12"
78.153.140.203 - - [20/Jan/2026:01:48:33 +0800] "GET /help/.env HTTP/1.1" 404 31367 "-" "Mozilla/5.0 (compatible; MSIE 9.0; Windows NT 6.0; Trident/5.0; BOIE9;ENUSMSNIP)"
78.153.140.203 - - [20/Jan/2026:01:48:35 +0800] "GET /blog/.env HTTP/1.1" 404 31367 "-" "Mozilla/5.0 (Linux;u;Android 2.3.7;zh-cn;) AppleWebKit/533.1 (KHTML,like Gecko) Version/4.0 Mobile Safari/533.1 (compatible; +http://www.baidu.com/search/spider.html)"
36.133.115.36 - - [20/Jan/2026:01:49:50 +0800] "POST /wp-cron.php?doing_wp_cron=1768844990.4850559234619140625000 HTTP/1.1" 200 31 "-" "WordPress/6.9; http://cqqizhou.com"
175.19.75.251 - - [20/Jan/2026:01:49:50 +0800] "GET / HTTP/1.1" 301 5 "-" "Mozilla/5.062334851 Mozilla/5.0 (Windows NT 6.3; Win64; x64) AppleWebKit/537.36 (KHTML, like Gecko) Chrome/68.0.3440.106 Safari/537.36"
54.38.147.242 - - [20/Jan/2026:01:52:11 +0800] "GET /portfolio-category/cold-rolled-coil/ HTTP/1.1" 304 0 "-" "Mozilla/5.0 (compatible; AhrefsBot/7.0; +http://ahrefs.com/robot/)"
36.133.115.36 - - [20/Jan/2026:01:53:09 +0800] "POST /wp-cron.php?doing_wp_cron=1768845189.2022800445556640625000 HTTP/1.1" 200 31 "-" "WordPress/6.9; http://cqqizhou.com"
87.121.84.38 - - [20/Jan/2026:01:53:09 +0800] "GET / HTTP/1.1" 200 157416 "-" "-"
38.110.46.253 - - [20/Jan/2026:01:53:32 +0800] "GET / HTTP/1.1" 301 5 "-" "Mozilla/5.0 (Windows NT 10.0; Win64; x64) AppleWebKit/537.36 (KHTML, like Gecko) Chrome/129.0.0.0 Safari/537.3"
116.179.32.234 - - [20/Jan/2026:01:53:44 +0800] "GET /wp-json/oembed/1.0/embed?url=http%3A%2F%2Fcqqizhou.com%2Fbug%2F HTTP/1.1" 200 1138 "-" "Mozilla/5.0 (compatible; Baiduspider/2.0; +http://www.baidu.com/search/spider.html)"
36.133.115.36 - - [20/Jan/2026:01:59:34 +0800] "POST /wp-cron.php?doing_wp_cron=1768845574.0712389945983886718750 HTTP/1.1" 200 31 "-" "WordPress/6.9; http://cqqizhou.com"
43.157.148.38 - - [20/Jan/2026:01:59:34 +0800] "GET /wp-content/uploads/2026/01/1768276119-qizhoujiagong_Slider_3840 HTTP/1.1" 404 8952 "-" "Mozilla/5.0 (iPhone; CPU iPhone OS 13_2_3 like Mac OS X) AppleWebKit/605.1.15 (KHTML, like Gecko) Version/13.0.3 Mobile/15E148 Safari/604.1"
36.133.115.36 - - [20/Jan/2026:02:03:14 +0800] "POST /wp-cron.php?doing_wp_cron=1768845794.3325510025024414062500 HTTP/1.1" 200 31 "-" "WordPress/6.9; http://cqqizhou.com"
5.252.153.185 - - [20/Jan/2026:02:03:14 +0800] "GET /.git/config HTTP/1.1" 404 31367 "-" "fastscan/1.0"
36.133.115.36 - - [20/Jan/2026:02:18:57 +0800] "POST /wp-cron.php?doing_wp_cron=1768846737.7845389842987060546875 HTTP/1.1" 200 31 "-" "WordPress/6.9; http://cqqizhou.com"
66.249.79.228 - - [20/Jan/2026:02:18:57 +0800] "GET /robots.txt HTTP/1.1" 301 5 "-" "Mozilla/5.0 (compatible; Googlebot/2.1; +http://www.google.com/bot.html)"
66.249.73.171 - - [20/Jan/2026:02:18:59 +0800] "GET /robots.txt HTTP/1.1" 200 190 "-" "Mozilla/5.0 (compatible; Googlebot/2.1; +http://www.google.com/bot.html)"
66.249.79.227 - - [20/Jan/2026:02:19:00 +0800] "GET / HTTP/1.1" 301 5 "-" "Mozilla/5.0 (Linux; Android 6.0.1; Nexus 5X Build/MMB29P) AppleWebKit/537.36 (KHTML, like Gecko) Chrome/143.0.7499.192 Mobile Safari/537.36 (compatible; Googlebot/2.1; +http://www.google.com/bot.html)"
36.133.115.36 - - [20/Jan/2026:02:24:03 +0800] "POST /wp-cron.php?doing_wp_cron=1768847043.6429080963134765625000 HTTP/1.1" 200 31 "-" "WordPress/6.9; http://cqqizhou.com"
89.42.231.200 - - [20/Jan/2026:02:24:03 +0800] "GET /SDK/webLanguage HTTP/1.1" 301 5 "-" "Mozilla/5.0 (Windows NT 10.0; Win64; x64) AppleWebKit/537.36 (KHTML, like Gecko) Chrome/90.0.4430.85 Safari/537.36 Edg/90.0.818.46"
36.133.115.36 - - [20/Jan/2026:02:30:10 +0800] "POST /wp-cron.php?doing_wp_cron=1768847410.5421590805053710937500 HTTP/1.1" 200 31 "-" "WordPress/6.9; http://cqqizhou.com"
95.214.55.246 - - [20/Jan/2026:02:30:10 +0800] "GET / HTTP/1.1" 200 109842 "-" "python-requests/2.31.0"
36.133.115.36 - - [20/Jan/2026:02:42:20 +0800] "POST /wp-cron.php?doing_wp_cron=1768848140.1861610412597656250000 HTTP/1.1" 200 31 "-" "WordPress/6.9; http://cqqizhou.com"
176.65.148.247 - - [20/Jan/2026:02:42:20 +0800] "GET / HTTP/1.1" 200 157416 "-" "-"
36.133.115.36 - - [20/Jan/2026:02:44:34 +0800] "POST /wp-cron.php?doing_wp_cron=1768848274.6457951068878173828125 HTTP/1.1" 200 31 "-" "WordPress/6.9; http://cqqizhou.com"
38.46.221.123 - - [20/Jan/2026:02:44:34 +0800] "GET http://check.9tb.org/ HTTP/1.1" 301 5 "-" "Go-http-client/1.1"
38.46.221.123 - - [20/Jan/2026:02:44:35 +0800] "GET http://cqqizhou.com/ HTTP/1.1" 200 40641 "http://check.9tb.org" "Go-http-client/1.1"
36.133.115.36 - - [20/Jan/2026:02:49:59 +0800] "POST /wp-cron.php?doing_wp_cron=1768848599.9152460098266601562500 HTTP/1.1" 200 31 "-" "WordPress/6.9; http://cqqizhou.com"
172.236.137.159 - - [20/Jan/2026:02:49:59 +0800] "GET / HTTP/1.0" 301 0 "-" "-"
172.236.137.159 - - [20/Jan/2026:02:50:07 +0800] "GET / HTTP/1.0" 301 0 "-" "-"
172.236.137.159 - - [20/Jan/2026:02:50:07 +0800] "GET / HTTP/1.0" 301 0 "-" "-"
172.236.137.159 - - [20/Jan/2026:02:50:07 +0800] "GET /rest/applinks/1.0/manifest HTTP/1.1" 404 31367 "-" "Mozilla/5.0 (Linux; Android 13; SM-G8850; Build/TD1A.250813.144) AppleWebKit/537.36 (KHTML"
172.236.137.159 - - [20/Jan/2026:02:50:07 +0800] "GET /webui HTTP/1.1" 404 31367 "-" "Mozilla/5.0 (Linux; Android 13; SM-G8850; Build/TD1A.250813.144) AppleWebKit/537.36 (KHTML"
172.236.137.159 - - [20/Jan/2026:02:50:07 +0800] "GET /cgi-mod/header_logo.cgi?size=big HTTP/1.1" 404 31367 "-" "Mozilla/5.0 (Linux; Android 13; SM-G8850; Build/TD1A.250813.144) AppleWebKit/537.36 (KHTML"
172.236.137.159 - - [20/Jan/2026:02:50:08 +0800] "GET /evox/about HTTP/1.1" 404 31367 "-" "Mozilla/5.0 (Linux; Android 13; SM-G8850; Build/TD1A.250813.144) AppleWebKit/537.36 (KHTML"
172.236.137.159 - - [20/Jan/2026:02:50:08 +0800] "GET /HNAP1 HTTP/1.1" 404 31367 "-" "Mozilla/5.0 (Linux; Android 13; SM-G8850; Build/TD1A.250813.144) AppleWebKit/537.36 (KHTML"
172.236.137.159 - - [20/Jan/2026:02:50:08 +0800] "GET /CFIDE/componentutils/ HTTP/1.1" 404 31367 "-" "Mozilla/5.0 (Linux; Android 13; SM-G8850; Build/TD1A.250813.144) AppleWebKit/537.36 (KHTML"
172.236.137.159 - - [20/Jan/2026:02:50:09 +0800] "GET / HTTP/1.1" 301 5 "-" "Mozilla/5.0 (Linux; Android 13; SM-G8850; Build/TD1A.250813.144) AppleWebKit/537.36 (KHTML"
172.236.137.159 - - [20/Jan/2026:02:50:09 +0800] "GET /dniapi/userInfos HTTP/1.1" 404 31367 "-" "Mozilla/5.0 (Linux; Android 13; SM-G8850; Build/TD1A.250813.144) AppleWebKit/537.36 (KHTML"
172.236.137.159 - - [20/Jan/2026:02:50:09 +0800] "GET /user HTTP/1.1" 404 31367 "-" "Mozilla/5.0 (Linux; Android 13; SM-G8850; Build/TD1A.250813.144) AppleWebKit/537.36 (KHTML"
172.236.137.159 - - [20/Jan/2026:02:50:09 +0800] "GET /+CSCOE+/logon.html HTTP/1.1" 404 31367 "-" "Mozilla/5.0 (Linux; Android 13; SM-G8850; Build/TD1A.250813.144) AppleWebKit/537.36 (KHTML"
172.236.137.159 - - [20/Jan/2026:02:50:15 +0800] "GET / HTTP/1.1" 200 157416 "-" "Mozilla/5.0 (Linux; Android 13; SM-G8850; Build/TD1A.250813.144) AppleWebKit/537.36 (KHTML"
172.236.137.159 - - [20/Jan/2026:02:50:15 +0800] "GET /cgi-bin/info.cgi HTTP/1.1" 404 31367 "-" "Mozilla/5.0 (Linux; Android 13; SM-G8850; Build/TD1A.250813.144) AppleWebKit/537.36 (KHTML"
172.236.137.159 - - [20/Jan/2026:02:50:16 +0800] "GET /Account/Login HTTP/1.1" 404 31367 "-" "Mozilla/5.0 (Linux; Android 13; SM-G8850; Build/TD1A.250813.144) AppleWebKit/537.36 (KHTML"
172.236.137.159 - - [20/Jan/2026:02:50:17 +0800] "GET /human.aspx?arg12=infotech HTTP/1.1" 404 31367 "-" "Mozilla/5.0 (Linux; Android 13; SM-G8850; Build/TD1A.250813.144) AppleWebKit/537.36 (KHTML"
172.236.137.159 - - [20/Jan/2026:02:50:17 +0800] "GET /health HTTP/1.1" 404 31367 "-" "Mozilla/5.0 (Linux; Android 13; SM-G8850; Build/TD1A.250813.144) AppleWebKit/537.36 (KHTML"
172.236.137.159 - - [20/Jan/2026:02:50:17 +0800] "GET /owa/ HTTP/1.1" 404 31367 "-" "Mozilla/5.0 (Linux; Android 13; SM-G8850; Build/TD1A.250813.144) AppleWebKit/537.36 (KHTML"
172.236.137.159 - - [20/Jan/2026:02:50:17 +0800] "GET /api/v1/check-version HTTP/1.1" 404 31367 "-" "Mozilla/5.0 (Linux; Android 13; SM-G8850; Build/TD1A.250813.144) AppleWebKit/537.36 (KHTML"
172.236.137.159 - - [20/Jan/2026:02:50:18 +0800] "GET /helpdesk/WebObjects/Helpdesk.woa HTTP/1.1" 404 31367 "-" "Mozilla/5.0 (Linux; Android 13; SM-G8850; Build/TD1A.250813.144) AppleWebKit/537.36 (KHTML"
172.236.137.159 - - [20/Jan/2026:02:50:19 +0800] "GET /owa/ HTTP/1.1" 404 31367 "-" "Mozilla/5.0 (Linux; Android 13; SM-G8850; Build/TD1A.250813.144) AppleWebKit/537.36 (KHTML"
172.236.137.159 - - [20/Jan/2026:02:50:20 +0800] "GET /apps/zxtm/login.cgi HTTP/1.1" 404 31367 "-" "Mozilla/5.0 (Linux; Android 13; SM-G8850; Build/TD1A.250813.144) AppleWebKit/537.36 (KHTML"
172.236.137.159 - - [20/Jan/2026:02:50:21 +0800] "GET /api/server/version HTTP/1.1" 404 31367 "-" "Mozilla/5.0 (Linux; Android 13; SM-G8850; Build/TD1A.250813.144) AppleWebKit/537.36 (KHTML"
172.236.137.159 - - [20/Jan/2026:02:50:22 +0800] "GET /language/en-GB/en-GB.xml HTTP/1.1" 404 31367 "-" "Mozilla/5.0 (Linux; Android 13; SM-G8850; Build/TD1A.250813.144) AppleWebKit/537.36 (KHTML"
172.236.137.159 - - [20/Jan/2026:02:50:28 +0800] "GET /login.html HTTP/1.1" 404 31367 "-" "Mozilla/5.0 (Linux; Android 13; SM-G8850; Build/TD1A.250813.144) AppleWebKit/537.36 (KHTML"
172.236.137.159 - - [20/Jan/2026:02:50:28 +0800] "GET /fog/management/index.php?node=client&sub=logininfo HTTP/1.1" 404 27 "-" "Mozilla/5.0 (Linux; Android 13; SM-G8850; Build/TD1A.250813.144) AppleWebKit/537.36 (KHTML"
172.236.137.159 - - [20/Jan/2026:02:50:28 +0800] "GET /api/v2/about HTTP/1.1" 404 31367 "-" "Mozilla/5.0 (Linux; Android 13; SM-G8850; Build/TD1A.250813.144) AppleWebKit/537.36 (KHTML"
172.236.137.159 - - [20/Jan/2026:02:50:29 +0800] "POST /sdk HTTP/1.1" 404 31367 "-" "Mozilla/5.0 (Linux; Android 13; SM-G8850; Build/TD1A.250813.144) AppleWebKit/537.36 (KHTML"
172.236.137.159 - - [20/Jan/2026:02:50:29 +0800] "GET /index.shtml HTTP/1.1" 404 31367 "-" "Mozilla/5.0 (Linux; Android 13; SM-G8850; Build/TD1A.250813.144) AppleWebKit/537.36 (KHTML"
172.236.137.159 - - [20/Jan/2026:02:50:30 +0800] "GET /geoserver/index.html HTTP/1.1" 404 31367 "-" "Mozilla/5.0 (Linux; Android 13; SM-G8850; Build/TD1A.250813.144) AppleWebKit/537.36 (KHTML"
172.236.137.159 - - [20/Jan/2026:02:50:31 +0800] "GET /info.asp HTTP/1.1" 404 31367 "-" "Mozilla/5.0 (Linux; Android 13; SM-G8850; Build/TD1A.250813.144) AppleWebKit/537.36 (KHTML"
172.236.137.159 - - [20/Jan/2026:02:50:32 +0800] "GET /cgi-bin/param.cgi?get_device_conf HTTP/1.1" 404 31367 "-" "Mozilla/5.0 (Linux; Android 13; SM-G8850; Build/TD1A.250813.144) AppleWebKit/537.36 (KHTML"
172.236.137.159 - - [20/Jan/2026:02:50:33 +0800] "GET /login/login.html HTTP/1.1" 404 31367 "-" "Mozilla/5.0 (Linux; Android 13; SM-G8850; Build/TD1A.250813.144) AppleWebKit/537.36 (KHTML"
172.236.137.159 - - [20/Jan/2026:02:50:34 +0800] "GET /versions HTTP/1.1" 404 31367 "-" "Mozilla/5.0 (Linux; Android 13; SM-G8850; Build/TD1A.250813.144) AppleWebKit/537.36 (KHTML"
172.236.137.159 - - [20/Jan/2026:02:50:34 +0800] "GET /allversions HTTP/1.1" 404 31367 "-" "Mozilla/5.0 (Linux; Android 13; SM-G8850; Build/TD1A.250813.144) AppleWebKit/537.36 (KHTML"
172.236.137.159 - - [20/Jan/2026:02:50:34 +0800] "GET /p/login/ HTTP/1.1" 404 31367 "-" "Mozilla/5.0 (Linux; Android 13; SM-G8850; Build/TD1A.250813.144) AppleWebKit/537.36 (KHTML"
172.236.137.159 - - [20/Jan/2026:02:50:34 +0800] "GET /api/vip/i18n/api/v2/translation/products/vRNIUI/versions/1 HTTP/1.1" 404 31367 "-" "Mozilla/5.0 (Linux; Android 13; SM-G8850; Build/TD1A.250813.144) AppleWebKit/537.36 (KHTML"
172.236.137.159 - - [20/Jan/2026:02:50:34 +0800] "GET /geoserver/web/wicket/bookmarkable/org.geoserver.web.AboutGeoServerPage HTTP/1.1" 404 31367 "-" "Mozilla/5.0 (Linux; Android 13; SM-G8850; Build/TD1A.250813.144) AppleWebKit/537.36 (KHTML"
172.236.137.159 - - [20/Jan/2026:02:50:34 +0800] "GET /magento_version HTTP/1.1" 404 31367 "-" "Mozilla/5.0 (Linux; Android 13; SM-G8850; Build/TD1A.250813.144) AppleWebKit/537.36 (KHTML"
172.236.137.159 - - [20/Jan/2026:02:50:35 +0800] "GET /tos/index.php?user/login HTTP/1.1" 404 27 "-" "Mozilla/5.0 (Linux; Android 13; SM-G8850; Build/TD1A.250813.144) AppleWebKit/537.36 (KHTML"
172.236.137.159 - - [20/Jan/2026:02:50:35 +0800] "GET /login.aspx HTTP/1.1" 404 31367 "-" "Mozilla/5.0 (Linux; Android 13; SM-G8850; Build/TD1A.250813.144) AppleWebKit/537.36 (KHTML"
172.236.137.159 - - [20/Jan/2026:02:50:36 +0800] "GET /officescan/console/cgi/cgiChkMasterPwd.exe HTTP/1.1" 404 31367 "-" "Mozilla/5.0 (Linux; Android 13; SM-G8850; Build/TD1A.250813.144) AppleWebKit/537.36 (KHTML"
172.236.137.159 - - [20/Jan/2026:02:50:36 +0800] "GET /dana-na/nc/nc_gina_ver.txt HTTP/1.1" 404 31367 "-" "Mozilla/5.0 (Linux; Android 13; SM-G8850; Build/TD1A.250813.144) AppleWebKit/537.36 (KHTML"
172.236.137.159 - - [20/Jan/2026:02:50:44 +0800] "GET / HTTP/1.0" 301 0 "-" "-"
172.236.137.159 - - [20/Jan/2026:02:50:45 +0800] "GET / HTTP/1.1" 301 5 "-" "-"
104.131.184.11 - - [20/Jan/2026:02:52:08 +0800] "GET / HTTP/1.1" 200 40641 "-" "Mozilla/5.0 (X11; Linux x86_64) AppleWebKit/537.36 (KHTML, like Gecko) Chrome/142.0.0.0 Safari/537.36"
36.133.115.36 - - [20/Jan/2026:02:52:32 +0800] "POST /wp-cron.php?doing_wp_cron=1768848752.9088048934936523437500 HTTP/1.1" 200 31 "-" "WordPress/6.9; http://cqqizhou.com"
147.185.132.40 - - [20/Jan/2026:02:52:32 +0800] "GET / HTTP/1.0" 301 0 "-" "Hello from Palo Alto Networks, find out more about our scans in https://docs-cortex.paloaltonetworks.com/r/1/Cortex-Xpanse/Scanning-activity"
36.133.115.36 - - [20/Jan/2026:02:54:47 +0800] "POST /wp-cron.php?doing_wp_cron=1768848887.5111870765686035156250 HTTP/1.1" 200 31 "-" "WordPress/6.9; http://cqqizhou.com"
35.195.64.27 - - [20/Jan/2026:02:54:47 +0800] "GET / HTTP/1.1" 301 5 "-" "python-requests/2.32.5"
36.133.115.36 - - [20/Jan/2026:03:01:03 +0800] "POST /wp-cron.php?doing_wp_cron=1768849263.1077198982238769531250 HTTP/1.1" 200 31 "-" "WordPress/6.9; http://cqqizhou.com"
43.166.244.251 - - [20/Jan/2026:03:01:03 +0800] "GET / HTTP/1.1" 200 34744 "-" "Mozilla/5.0 (iPhone; CPU iPhone OS 13_2_3 like Mac OS X) AppleWebKit/605.1.15 (KHTML, like Gecko) Version/13.0.3 Mobile/15E148 Safari/604.1"
36.133.115.36 - - [20/Jan/2026:03:03:58 +0800] "POST /wp-cron.php?doing_wp_cron=1768849438.0349071025848388671875 HTTP/1.1" 200 31 "-" "WordPress/6.9; http://cqqizhou.com"
185.194.178.70 - - [20/Jan/2026:03:03:58 +0800] "GET /vendor/phpunit/phpunit/phpunit.xsd HTTP/1.1" 404 8951 "-" "Mozilla/5.0 (X11; Linux x86_64; rv:52.0) Gecko/20100101 Firefox/52.0"
81.167.26.57 - - [20/Jan/2026:03:04:16 +0800] "GET /robots.txt HTTP/1.1" 200 390 "-" "Mozilla/5.0 (compatible; MJ12bot/v1.4.8; http://mj12bot.com/)"
81.167.26.57 - - [20/Jan/2026:03:04:18 +0800] "GET /portfolio-tag/%E9%9E%8D%E9%92%A2%E8%92%82%E6%A3%AE/ HTTP/1.1" 404 8951 "-" "Mozilla/5.0 (compatible; MJ12bot/v1.4.8; http://mj12bot.com/)"
81.167.26.57 - - [20/Jan/2026:03:04:20 +0800] "GET /portfolio/%E5%86%B7%E8%BD%A7%E5%8D%B7/ HTTP/1.1" 200 22030 "-" "Mozilla/5.0 (compatible; MJ12bot/v1.4.8; http://mj12bot.com/)"
81.167.26.57 - - [20/Jan/2026:03:04:22 +0800] "GET /portfolio/%E5%86%B7%E8%BD%A7%E6%9D%BF/ HTTP/1.1" 200 18888 "-" "Mozilla/5.0 (compatible; MJ12bot/v1.4.8; http://mj12bot.com/)"
36.133.115.36 - - [20/Jan/2026:03:06:20 +0800] "POST /wp-cron.php?doing_wp_cron=1768849580.3246500492095947265625 HTTP/1.1" 200 31 "-" "WordPress/6.9; http://cqqizhou.com"
204.76.203.18 - - [20/Jan/2026:03:06:27 +0800] "GET / HTTP/1.1" 200 157416 "-" "-"
204.76.203.18 - - [20/Jan/2026:03:06:30 +0800] "GET / HTTP/1.1" 200 157416 "-" "-"
204.76.203.18 - - [20/Jan/2026:03:07:20 +0800] "GET / HTTP/1.1" 200 109837 "-" "-"
204.76.203.18 - - [20/Jan/2026:03:07:23 +0800] "GET / HTTP/1.1" 200 109837 "-" "-"
204.76.203.18 - - [20/Jan/2026:03:07:33 +0800] "GET / HTTP/1.1" 200 109837 "-" "-"
51.195.244.104 - - [20/Jan/2026:03:16:28 +0800] "GET /bug/ HTTP/1.1" 200 12867 "-" "Mozilla/5.0 (compatible; AhrefsBot/7.0; +http://ahrefs.com/robot/)"
36.133.115.36 - - [20/Jan/2026:03:16:37 +0800] "POST /wp-cron.php?doing_wp_cron=1768850197.3570320606231689453125 HTTP/1.1" 200 31 "-" "WordPress/6.9; http://cqqizhou.com"
91.224.92.14 - - [20/Jan/2026:03:16:37 +0800] "POST /goform/formJsonAjaxReq HTTP/1.1" 404 31367 "http://36.133.115.36:80/home.asp" "Go-http-client/1.1"
36.133.115.36 - - [20/Jan/2026:03:27:54 +0800] "POST /wp-cron.php?doing_wp_cron=1768850874.6767039299011230468750 HTTP/1.1" 200 31 "-" "WordPress/6.9; http://cqqizhou.com"
87.121.84.40 - - [20/Jan/2026:03:27:55 +0800] "GET / HTTP/1.1" 200 157416 "-" "-"
36.133.115.36 - - [20/Jan/2026:03:30:57 +0800] "POST /wp-cron.php?doing_wp_cron=1768851057.5464270114898681640625 HTTP/1.1" 200 31 "-" "WordPress/6.9; http://cqqizhou.com"
91.224.92.14 - - [20/Jan/2026:03:30:57 +0800] "POST /goform/formJsonAjaxReq HTTP/1.1" 404 31367 "http://36.133.115.36:80/home.asp" "Go-http-client/1.1"
36.133.115.36 - - [20/Jan/2026:03:42:02 +0800] "POST /wp-cron.php?doing_wp_cron=1768851722.3651540279388427734375 HTTP/1.1" 200 31 "-" "WordPress/6.9; http://cqqizhou.com"
176.65.149.159 - - [20/Jan/2026:03:42:03 +0800] "GET / HTTP/1.1" 200 157416 "-" "-"
36.133.115.36 - - [20/Jan/2026:03:50:03 +0800] "POST /wp-cron.php?doing_wp_cron=1768852203.3034060001373291015625 HTTP/1.1" 200 31 "-" "WordPress/6.9; http://cqqizhou.com"
195.177.94.227 - - [20/Jan/2026:03:50:03 +0800] "GET / HTTP/1.1" 200 109837 "-" "-"
36.133.115.36 - - [20/Jan/2026:03:59:14 +0800] "POST /wp-cron.php?doing_wp_cron=1768852754.9547910690307617187500 HTTP/1.1" 200 31 "-" "WordPress/6.9; http://cqqizhou.com"
220.197.78.159 - - [20/Jan/2026:03:59:14 +0800] "GET / HTTP/1.1" 301 5 "-" "Mozilla/5.0 (iPhone; CPU iPhone OS 9_1 like Mac OS X) AppleWebKit/601.1.46 (KHTML, like Gecko) Version/9.0 Mobile/13B143 Safari/601.1"
221.208.113.120 - - [20/Jan/2026:03:59:24 +0800] "GET / HTTP/1.1" 200 34744 "-" "Mozilla/5.0 (iPhone; CPU iPhone OS 9_1 like Mac OS X) AppleWebKit/601.1.46 (KHTML, like Gecko) Version/9.0 Mobile/13B143 Safari/601.1"
36.133.115.36 - - [20/Jan/2026:04:06:01 +0800] "POST /wp-cron.php?doing_wp_cron=1768853161.0246629714965820312500 HTTP/1.1" 200 31 "-" "WordPress/6.9; http://cqqizhou.com"
5.183.209.196 - - [20/Jan/2026:04:06:01 +0800] "GET /SDK/webLanguage HTTP/1.1" 301 5 "-" "Mozilla/5.0 (Windows NT 10.0; Win64; x64) AppleWebKit/537.36 (KHTML, like Gecko) Chrome/90.0.4430.85 Safari/537.36 Edg/90.0.818.46"
36.133.115.36 - - [20/Jan/2026:04:11:43 +0800] "POST /wp-cron.php?doing_wp_cron=1768853503.1922609806060791015625 HTTP/1.1" 200 31 "-" "WordPress/6.9; http://cqqizhou.com"
38.46.221.123 - - [20/Jan/2026:04:11:43 +0800] "GET http://check.9tb.org/ HTTP/1.1" 301 5 "-" "Go-http-client/1.1"
38.46.221.123 - - [20/Jan/2026:04:11:43 +0800] "GET http://cqqizhou.com/ HTTP/1.1" 200 40641 "http://check.9tb.org" "Go-http-client/1.1"
36.133.115.36 - - [20/Jan/2026:04:18:44 +0800] "POST /wp-cron.php?doing_wp_cron=1768853924.5016229152679443359375 HTTP/1.1" 200 31 "-" "WordPress/6.9; http://cqqizhou.com"
66.249.73.169 - - [20/Jan/2026:04:18:44 +0800] "GET / HTTP/1.1" 200 34745 "-" "Mozilla/5.0 (Linux; Android 6.0.1; Nexus 5X Build/MMB29P) AppleWebKit/537.36 (KHTML, like Gecko) Chrome/143.0.7499.192 Mobile Safari/537.36 (compatible; Googlebot/2.1; +http://www.google.com/bot.html)"
36.133.115.36 - - [20/Jan/2026:04:18:56 +0800] "POST /wp-cron.php?doing_wp_cron=1768853936.8031148910522460937500 HTTP/1.1" 200 31 "-" "WordPress/6.9; http://cqqizhou.com"
89.42.231.184 - - [20/Jan/2026:04:18:56 +0800] "GET /boot/boot HTTP/1.1" 301 5 "-" "Mozilla/5.0 (compatible; FastScan/1.0)"
36.133.115.36 - - [20/Jan/2026:04:20:04 +0800] "POST /wp-cron.php?doing_wp_cron=1768854004.2372579574584960937500 HTTP/1.1" 200 31 "-" "WordPress/6.9; http://cqqizhou.com"
193.142.147.209 - - [20/Jan/2026:04:20:04 +0800] "POST / HTTP/1.1" 200 34745 "-" "Mozilla/5.0 (Windows NT 10.0; Win64; x64) AppleWebKit/537.36"
36.133.115.36 - - [20/Jan/2026:04:24:14 +0800] "POST /wp-cron.php?doing_wp_cron=1768854254.6159889698028564453125 HTTP/1.1" 200 31 "-" "WordPress/6.9; http://cqqizhou.com"
65.108.125.120 - - [20/Jan/2026:04:24:14 +0800] "GET /robots.txt HTTP/1.1" 200 390 "-" "Mozilla/5.0 (compatible; MJ12bot/v1.4.8; http://mj12bot.com/)"
65.108.125.120 - - [20/Jan/2026:04:24:16 +0800] "GET /portfolio/%E5%86%B7%E8%BD%A7%E5%8D%B7/ HTTP/1.1" 200 22030 "-" "Mozilla/5.0 (compatible; MJ12bot/v1.4.8; http://mj12bot.com/)"
36.133.115.36 - - [20/Jan/2026:04:39:15 +0800] "POST /wp-cron.php?doing_wp_cron=1768855154.9747240543365478515625 HTTP/1.1" 200 31 "-" "WordPress/6.9; http://cqqizhou.com"
204.76.203.18 - - [20/Jan/2026:04:39:15 +0800] "GET /bins/ HTTP/1.1" 301 5 "-" "-"
36.133.115.36 - - [20/Jan/2026:04:43:04 +0800] "POST /wp-cron.php?doing_wp_cron=1768855384.7186501026153564453125 HTTP/1.1" 200 31 "-" "WordPress/6.9; http://cqqizhou.com"
193.142.146.230 - - [20/Jan/2026:04:43:04 +0800] "GET /login HTTP/1.1" 301 5 "-" "Go-http-client/1.1"
193.142.146.230 - - [20/Jan/2026:04:43:05 +0800] "GET /login HTTP/1.1" 302 5 "http://36.133.115.36:80/login" "Go-http-client/1.1"
193.142.146.230 - - [20/Jan/2026:04:43:07 +0800] "GET /wp-login.php HTTP/1.1" 200 2854 "http://36.133.115.36/login" "Go-http-client/1.1"
36.133.115.36 - - [20/Jan/2026:04:58:05 +0800] "POST /wp-cron.php?doing_wp_cron=1768856285.3840379714965820312500 HTTP/1.1" 200 31 "-" "WordPress/6.9; http://cqqizhou.com"
45.78.197.47 - - [20/Jan/2026:04:58:05 +0800] "GET /process/processing HTTP/1.1" 301 5 "-" "Mozilla/5.0 (Linux; Android 13; Pixel 7) AppleWebKit/537.36 (KHTML, like Gecko) Chrome/120.0.0.0 Mobile Safari/537.36"
45.78.197.47 - - [20/Jan/2026:04:58:06 +0800] "GET /services/processing/ HTTP/1.1" 200 18943 "-" "Mozilla/5.0 (Linux; Android 13; Pixel 7) AppleWebKit/537.36 (KHTML, like Gecko) Chrome/120.0.0.0 Mobile Safari/537.36"
36.133.115.36 - - [20/Jan/2026:05:01:18 +0800] "POST /wp-cron.php?doing_wp_cron=1768856478.8781270980834960937500 HTTP/1.1" 200 31 "-" "WordPress/6.9; http://cqqizhou.com"
