File: /home/logs/cqqizhou_access_2026-01-15.log
36.133.115.36 - - [15/Jan/2026:00:03:48 +0800] "POST /wp-cron.php?doing_wp_cron=1768406628.2489769458770751953125 HTTP/1.1" 200 31 "-" "WordPress/6.9; http://cqqizhou.com"
204.76.203.219 - - [15/Jan/2026:00:03:48 +0800] "GET / HTTP/1.1" 200 34773 "-" "Mozilla/5.0 (Windows NT 10.0; Win64; x64) AppleWebKit/537.36 (KHTML, like Gecko) Chrome/90.0.4430.85 Safari/537.36 Edg/90.0.818.46"
36.133.115.36 - - [15/Jan/2026:00:11:14 +0800] "POST /wp-cron.php?doing_wp_cron=1768407074.6833319664001464843750 HTTP/1.1" 200 31 "-" "WordPress/6.9; http://cqqizhou.com"
106.54.62.156 - - [15/Jan/2026:00:11:14 +0800] "GET / HTTP/1.1" 200 34774 "-" "Mozilla/5.0 (iPhone; CPU iPhone OS 13_2_3 like Mac OS X) AppleWebKit/605.1.15 (KHTML, like Gecko) Version/13.0.3 Mobile/15E148 Safari/604.1"
36.133.115.36 - - [15/Jan/2026:00:12:00 +0800] "POST /wp-cron.php?doing_wp_cron=1768407120.2488980293273925781250 HTTP/1.1" 200 31 "-" "WordPress/6.9; http://cqqizhou.com"
66.249.65.67 - - [15/Jan/2026:00:12:00 +0800] "GET / HTTP/1.1" 200 34773 "-" "Mozilla/5.0 (Linux; Android 6.0.1; Nexus 5X Build/MMB29P) AppleWebKit/537.36 (KHTML, like Gecko) Chrome/143.0.7499.192 Mobile Safari/537.36 (compatible; Googlebot/2.1; +http://www.google.com/bot.html)"
66.249.79.228 - - [15/Jan/2026:00:12:19 +0800] "GET / HTTP/1.1" 301 5 "-" "Mozilla/5.0 (compatible; Googlebot/2.1; +http://www.google.com/bot.html)"
66.249.65.67 - - [15/Jan/2026:00:12:20 +0800] "GET / HTTP/1.1" 200 35211 "-" "Mozilla/5.0 (compatible; Googlebot/2.1; +http://www.google.com/bot.html)"
66.249.79.227 - - [15/Jan/2026:00:12:21 +0800] "GET / HTTP/1.1" 301 5 "-" "Mozilla/5.0 (Linux; Android 6.0.1; Nexus 5X Build/MMB29P) AppleWebKit/537.36 (KHTML, like Gecko) Chrome/99.0.4844.84 Mobile Safari/537.36 (compatible; Googlebot/2.1; +http://www.google.com/bot.html)"
66.249.65.67 - - [15/Jan/2026:00:12:22 +0800] "GET / HTTP/1.1" 200 34773 "-" "Mozilla/5.0 (Linux; Android 6.0.1; Nexus 5X Build/MMB29P) AppleWebKit/537.36 (KHTML, like Gecko) Chrome/99.0.4844.84 Mobile Safari/537.36 (compatible; Googlebot/2.1; +http://www.google.com/bot.html)"
36.133.115.36 - - [15/Jan/2026:00:16:08 +0800] "POST /wp-cron.php?doing_wp_cron=1768407368.2124049663543701171875 HTTP/1.1" 200 31 "-" "WordPress/6.9; http://cqqizhou.com"
66.249.65.67 - - [15/Jan/2026:00:16:08 +0800] "GET /wp-content/* HTTP/1.1" 404 8950 "-" "Mozilla/5.0 (Linux; Android 6.0.1; Nexus 5X Build/MMB29P) AppleWebKit/537.36 (KHTML, like Gecko) Chrome/143.0.7499.192 Mobile Safari/537.36 (compatible; GoogleOther)"
36.133.115.36 - - [15/Jan/2026:00:20:05 +0800] "POST /wp-cron.php?doing_wp_cron=1768407605.1905889511108398437500 HTTP/1.1" 200 31 "-" "WordPress/6.9; http://cqqizhou.com"
51.195.215.56 - - [15/Jan/2026:00:20:05 +0800] "GET /robots.txt HTTP/1.1" 200 190 "-" "Mozilla/5.0 (compatible; AhrefsBot/7.0; +http://ahrefs.com/robot/)"
37.59.204.134 - - [15/Jan/2026:00:20:09 +0800] "GET /portfolio-category/cold-rolled-coil/ HTTP/1.1" 200 21017 "-" "Mozilla/5.0 (compatible; AhrefsBot/7.0; +http://ahrefs.com/robot/)"
36.133.115.36 - - [15/Jan/2026:00:27:45 +0800] "POST /wp-cron.php?doing_wp_cron=1768408065.1668090820312500000000 HTTP/1.1" 200 31 "-" "WordPress/6.9; http://cqqizhou.com"
79.124.40.174 - - [15/Jan/2026:00:27:45 +0800] "GET /actuator/gateway/routes HTTP/1.1" 301 5 "-" "Mozilla/5.0 (Windows NT 10.0; Win64; x64) AppleWebKit/537.36 (KHTML, like Gecko) Chrome/78.0.3904.108 Safari/537.36"
79.124.40.174 - - [15/Jan/2026:00:27:46 +0800] "GET /actuator/gateway/routes HTTP/1.1" 404 8950 "http://36.133.115.36:80/actuator/gateway/routes" "Mozilla/5.0 (Windows NT 10.0; Win64; x64) AppleWebKit/537.36 (KHTML, like Gecko) Chrome/78.0.3904.108 Safari/537.36"
36.133.115.36 - - [15/Jan/2026:00:39:55 +0800] "POST /wp-cron.php?doing_wp_cron=1768408795.7138259410858154296875 HTTP/1.1" 200 31 "-" "WordPress/6.9; http://cqqizhou.com"
95.111.247.139 - - [15/Jan/2026:00:39:55 +0800] "GET /provision/poly/000000000000.cfg HTTP/1.1" 404 8951 "-" "Mozilla/5.0 (Windows NT 10.0; Win64; x64) AppleWebKit/537.36"
36.133.115.36 - - [15/Jan/2026:00:49:43 +0800] "POST /wp-cron.php?doing_wp_cron=1768409383.1488819122314453125000 HTTP/1.1" 200 31 "-" "WordPress/6.9; http://cqqizhou.com"
43.133.253.253 - - [15/Jan/2026:00:49:43 +0800] "GET / HTTP/1.1" 200 34773 "-" "Mozilla/5.0 (iPhone; CPU iPhone OS 13_2_3 like Mac OS X) AppleWebKit/605.1.15 (KHTML, like Gecko) Version/13.0.3 Mobile/15E148 Safari/604.1"
36.133.115.36 - - [15/Jan/2026:00:58:03 +0800] "POST /wp-cron.php?doing_wp_cron=1768409883.2466180324554443359375 HTTP/1.1" 200 31 "-" "WordPress/6.9; http://cqqizhou.com"
204.76.203.219 - - [15/Jan/2026:00:58:03 +0800] "GET / HTTP/1.1" 200 34773 "-" "Mozilla/5.0 (Windows NT 10.0; Win64; x64) AppleWebKit/537.36 (KHTML, like Gecko) Chrome/90.0.4430.85 Safari/537.36 Edg/90.0.818.46"
36.133.115.36 - - [15/Jan/2026:00:59:09 +0800] "POST /wp-cron.php?doing_wp_cron=1768409949.2585821151733398437500 HTTP/1.1" 200 31 "-" "WordPress/6.9; http://cqqizhou.com"
87.121.84.38 - - [15/Jan/2026:00:59:09 +0800] "GET / HTTP/1.1" 200 157380 "-" "-"
36.133.115.36 - - [15/Jan/2026:01:11:45 +0800] "POST /wp-cron.php?doing_wp_cron=1768410705.2331459522247314453125 HTTP/1.1" 200 31 "-" "WordPress/6.9; http://cqqizhou.com"
103.19.190.182 - - [15/Jan/2026:01:11:45 +0800] "GET /Utility/UEditor/net/controller.ashx?action=catchimage HTTP/1.1" 404 8950 "-" "Mozilla/5.0 (Windows NT 10.0; Win64; x64)"
36.133.115.36 - - [15/Jan/2026:01:12:50 +0800] "POST /wp-cron.php?doing_wp_cron=1768410770.2265899181365966796875 HTTP/1.1" 200 31 "-" "WordPress/6.9; http://cqqizhou.com"
89.42.231.200 - - [15/Jan/2026:01:12:50 +0800] "GET /SDK/webLanguage HTTP/1.1" 301 5 "-" "Mozilla/5.0 (Windows NT 10.0; Win64; x64) AppleWebKit/537.36 (KHTML, like Gecko) Chrome/90.0.4430.85 Safari/537.36 Edg/90.0.818.46"
36.133.115.36 - - [15/Jan/2026:01:15:15 +0800] "POST /wp-cron.php?doing_wp_cron=1768410915.0633440017700195312500 HTTP/1.1" 200 31 "-" "WordPress/6.9; http://cqqizhou.com"
185.242.226.102 - - [15/Jan/2026:01:15:15 +0800] "GET / HTTP/1.1" 301 5 "-" "Mozilla/5.0 (Windows NT 10.0; Win64; x64) AppleWebKit/537.36 (KHTML, like Gecko) Chrome/88.0.4324.190 Safari/537.36"
185.242.226.102 - - [15/Jan/2026:01:15:15 +0800] "GET / HTTP/1.1" 200 35211 "http://36.133.115.36:80/" "Mozilla/5.0 (Windows NT 10.0; Win64; x64) AppleWebKit/537.36 (KHTML, like Gecko) Chrome/88.0.4324.190 Safari/537.36"
36.133.115.36 - - [15/Jan/2026:01:25:13 +0800] "POST /wp-cron.php?doing_wp_cron=1768411513.7210569381713867187500 HTTP/1.1" 200 31 "-" "WordPress/6.9; http://cqqizhou.com"
23.132.164.78 - - [15/Jan/2026:01:25:13 +0800] "GET /.env HTTP/1.1" 404 8950 "-" "Mozilla/5.0 (X11; Linux x86_64) AppleWebKit/537.36 (KHTML, like Gecko) Chrome/81.0.4044.129 Safari/537.36"
23.132.164.78 - - [15/Jan/2026:01:25:23 +0800] "POST / HTTP/1.1" 200 34772 "-" "Mozilla/5.0 (X11; Linux x86_64) AppleWebKit/537.36 (KHTML, like Gecko) Chrome/81.0.4044.129 Safari/537.36"
36.133.115.36 - - [15/Jan/2026:01:26:08 +0800] "POST /wp-cron.php?doing_wp_cron=1768411568.2731060981750488281250 HTTP/1.1" 200 31 "-" "WordPress/6.9; http://cqqizhou.com"
36.133.108.119 - - [15/Jan/2026:01:26:08 +0800] "HEAD /config/poly/000000000000.cfg HTTP/1.1" 404 0 "-" "Mozilla/5.0 (Windows NT 6.2; WOW64) AppleWebKit/537.14 (KHTML, like Gecko) Chrome/24.0.1292.0 Safari/537.14"
36.133.115.36 - - [15/Jan/2026:01:33:25 +0800] "POST /wp-cron.php?doing_wp_cron=1768412005.0701088905334472656250 HTTP/1.1" 200 31 "-" "WordPress/6.9; http://cqqizhou.com"
124.156.172.52 - - [15/Jan/2026:01:33:25 +0800] "GET /logistics HTTP/1.1" 301 5 "-" "Mozilla/5.0 (Windows NT 10.0; Win64; x64) AppleWebKit/537.36 (KHTML, like Gecko) Chrome/120.0.0.0 Safari/537.36 Edg/120.0.0.0"
124.156.172.52 - - [15/Jan/2026:01:33:25 +0800] "GET /logistics/ HTTP/1.1" 200 118523 "-" "Mozilla/5.0 (Windows NT 10.0; Win64; x64) AppleWebKit/537.36 (KHTML, like Gecko) Chrome/120.0.0.0 Safari/537.36 Edg/120.0.0.0"
36.133.115.36 - - [15/Jan/2026:01:43:57 +0800] "POST /wp-cron.php?doing_wp_cron=1768412637.5323081016540527343750 HTTP/1.1" 200 31 "-" "WordPress/6.9; http://cqqizhou.com"
95.214.55.71 - - [15/Jan/2026:01:43:58 +0800] "GET / HTTP/1.1" 200 109837 "-" "Mozilla/5.0 (X11; Linux x86_64; rv:144.0) Gecko/20100101 Firefox/144.0"
36.133.115.36 - - [15/Jan/2026:01:48:57 +0800] "POST /wp-cron.php?doing_wp_cron=1768412937.6722640991210937500000 HTTP/1.1" 200 31 "-" "WordPress/6.9; http://cqqizhou.com"
141.94.101.142 - - [15/Jan/2026:01:48:57 +0800] "GET /robots.txt HTTP/1.1" 200 390 "-" "Mozilla/5.0 (compatible; MJ12bot/v1.4.8; http://mj12bot.com/)"
141.94.101.142 - - [15/Jan/2026:01:49:00 +0800] "GET /2418/ HTTP/1.1" 200 23677 "-" "Mozilla/5.0 (compatible; MJ12bot/v1.4.8; http://mj12bot.com/)"
141.94.101.142 - - [15/Jan/2026:01:49:02 +0800] "GET /robots.txt HTTP/1.1" 200 390 "-" "Mozilla/5.0 (compatible; MJ12bot/v1.4.8; http://mj12bot.com/)"
141.94.101.142 - - [15/Jan/2026:01:49:03 +0800] "GET /2420/ HTTP/1.1" 200 19848 "-" "Mozilla/5.0 (compatible; MJ12bot/v1.4.8; http://mj12bot.com/)"
141.94.101.142 - - [15/Jan/2026:01:49:03 +0800] "GET /2418/ HTTP/1.1" 200 23697 "-" "Mozilla/5.0 (compatible; MJ12bot/v1.4.8; http://mj12bot.com/)"
141.94.101.142 - - [15/Jan/2026:01:49:05 +0800] "GET /2420/ HTTP/1.1" 200 19867 "-" "Mozilla/5.0 (compatible; MJ12bot/v1.4.8; http://mj12bot.com/)"
204.76.203.219 - - [15/Jan/2026:01:49:32 +0800] "GET / HTTP/1.1" 200 34773 "-" "Mozilla/5.0 (Windows NT 10.0; Win64; x64) AppleWebKit/537.36 (KHTML, like Gecko) Chrome/90.0.4430.85 Safari/537.36 Edg/90.0.818.46"
180.153.236.77 - - [15/Jan/2026:01:59:17 +0800] "GET / HTTP/1.1" 200 35211 "http://cqqizhou.com/" "User-Agent:Mozilla/5.0 (Windows NT 10.0; Win64; x64) AppleWebKit/537.36 (KHTML, like Gecko) Chrome/140.0.0.0 Safari/537.36 Edg/140.0.0.0; 360Spider"
36.133.115.36 - - [15/Jan/2026:02:01:16 +0800] "POST /wp-cron.php?doing_wp_cron=1768413676.2773809432983398437500 HTTP/1.1" 200 31 "-" "WordPress/6.9; http://cqqizhou.com"
34.69.17.114 - - [15/Jan/2026:02:01:16 +0800] "HEAD /old/ HTTP/1.1" 404 0 "-" "Mozilla/5.0 (iPad; CPU OS 17_4 like Mac OS X) AppleWebKit/605.1.15 (KHTML, like Gecko) Version/17.4 Mobile/15E148 Safari/604.1"
34.69.17.114 - - [15/Jan/2026:02:01:17 +0800] "HEAD /new/ HTTP/1.1" 301 0 "-" "Mozilla/5.0 (Macintosh; Intel Mac OS X 13_5) AppleWebKit/605.1.15 (KHTML, like Gecko) Version/16.5 Safari/605.1.15"
34.69.17.114 - - [15/Jan/2026:02:01:17 +0800] "HEAD /news/ HTTP/1.1" 200 0 "http://cqqizhou.com/new/" "Mozilla/5.0 (Macintosh; Intel Mac OS X 13_5) AppleWebKit/605.1.15 (KHTML, like Gecko) Version/16.5 Safari/605.1.15"
34.69.17.114 - - [15/Jan/2026:02:01:18 +0800] "HEAD / HTTP/1.1" 200 0 "-" "Mozilla/5.0 (iPhone; CPU iPhone OS 17_5 like Mac OS X) AppleWebKit/605.1.15 (KHTML, like Gecko) Version/17.5 Mobile/15E148 Safari/604.1"
34.69.17.114 - - [15/Jan/2026:02:01:19 +0800] "HEAD /backup/ HTTP/1.1" 404 0 "-" "Mozilla/5.0 (X11; Linux x86_64; rv:127.0) Gecko/20100101 Firefox/127.0"
34.69.17.114 - - [15/Jan/2026:02:01:20 +0800] "HEAD /wordpress/ HTTP/1.1" 404 0 "-" "Mozilla/5.0 (Linux; Android 13; Pixel 7a) AppleWebKit/537.36 (KHTML, like Gecko) Chrome/124.0.6367.82 Mobile Safari/537.36"
34.69.17.114 - - [15/Jan/2026:02:01:20 +0800] "HEAD /wp/ HTTP/1.1" 404 0 "-" "Mozilla/5.0 (iPad; CPU OS 17_4 like Mac OS X) AppleWebKit/605.1.15 (KHTML, like Gecko) Version/17.4 Mobile/15E148 Safari/604.1"
34.69.17.114 - - [15/Jan/2026:02:01:21 +0800] "HEAD /blog/ HTTP/1.1" 404 0 "-" "Mozilla/5.0 (iPad; CPU OS 17_4 like Mac OS X) AppleWebKit/605.1.15 (KHTML, like Gecko) Version/17.4 Mobile/15E148 Safari/604.1"
36.133.115.36 - - [15/Jan/2026:02:02:33 +0800] "POST /wp-cron.php?doing_wp_cron=1768413753.2911589145660400390625 HTTP/1.1" 200 31 "-" "WordPress/6.9; http://cqqizhou.com"
45.156.128.45 - - [15/Jan/2026:02:02:33 +0800] "GET / HTTP/1.1" 301 5 "-" "Mozilla/5.0 (Windows NT 10.0; Win64; x64) AppleWebKit/537.36 (KHTML, like Gecko) Chrome/60.0.3112.113 Safari/537.36"
45.156.128.45 - - [15/Jan/2026:02:02:34 +0800] "GET / HTTP/1.1" 200 35211 "http://36.133.115.36/" "Mozilla/5.0 (Windows NT 10.0; Win64; x64) AppleWebKit/537.36 (KHTML, like Gecko) Chrome/60.0.3112.113 Safari/537.36"
36.133.115.36 - - [15/Jan/2026:02:08:52 +0800] "POST /wp-cron.php?doing_wp_cron=1768414132.3733570575714111328125 HTTP/1.1" 200 31 "-" "WordPress/6.9; http://cqqizhou.com"
35.187.114.229 - - [15/Jan/2026:02:08:52 +0800] "GET / HTTP/1.1" 301 5 "-" "python-requests/2.32.5"
36.133.115.36 - - [15/Jan/2026:02:11:04 +0800] "POST /wp-cron.php?doing_wp_cron=1768414264.0333180427551269531250 HTTP/1.1" 200 31 "-" "WordPress/6.9; http://cqqizhou.com"
87.121.84.51 - - [15/Jan/2026:02:11:04 +0800] "GET / HTTP/1.0" 301 0 "-" "Mozilla/5.0 (X11; Linux x86_64; rv:140.0) Gecko/20100101 Firefox/140.0"
36.133.115.36 - - [15/Jan/2026:02:29:27 +0800] "POST /wp-cron.php?doing_wp_cron=1768415367.7803790569305419921875 HTTP/1.1" 200 31 "-" "WordPress/6.9; http://cqqizhou.com"
95.214.55.71 - - [15/Jan/2026:02:29:27 +0800] "GET /login.asp HTTP/1.1" 301 5 "-" "-"
36.133.115.36 - - [15/Jan/2026:02:30:05 +0800] "POST /wp-cron.php?doing_wp_cron=1768415405.3569331169128417968750 HTTP/1.1" 200 31 "-" "WordPress/6.9; http://cqqizhou.com"
43.130.3.122 - - [15/Jan/2026:02:30:05 +0800] "GET / HTTP/1.1" 200 34773 "-" "Mozilla/5.0 (iPhone; CPU iPhone OS 13_2_3 like Mac OS X) AppleWebKit/605.1.15 (KHTML, like Gecko) Version/13.0.3 Mobile/15E148 Safari/604.1"
36.133.115.36 - - [15/Jan/2026:02:42:36 +0800] "POST /wp-cron.php?doing_wp_cron=1768416156.5293140411376953125000 HTTP/1.1" 200 31 "-" "WordPress/6.9; http://cqqizhou.com"
193.142.147.209 - - [15/Jan/2026:02:42:37 +0800] "POST / HTTP/1.1" 200 34773 "-" "Mozilla/5.0 (Windows NT 10.0; Win64; x64) AppleWebKit/537.36"
36.133.115.36 - - [15/Jan/2026:02:45:50 +0800] "POST /wp-cron.php?doing_wp_cron=1768416350.4682199954986572265625 HTTP/1.1" 200 31 "-" "WordPress/6.9; http://cqqizhou.com"
204.76.203.219 - - [15/Jan/2026:02:45:50 +0800] "GET / HTTP/1.1" 200 34773 "-" "Mozilla/5.0 (Windows NT 10.0; Win64; x64) AppleWebKit/537.36 (KHTML, like Gecko) Chrome/90.0.4430.85 Safari/537.36 Edg/90.0.818.46"
36.133.115.36 - - [15/Jan/2026:02:49:05 +0800] "POST /wp-cron.php?doing_wp_cron=1768416545.6484980583190917968750 HTTP/1.1" 200 31 "-" "WordPress/6.9; http://cqqizhou.com"
159.89.5.174 - - [15/Jan/2026:02:49:05 +0800] "GET / HTTP/1.0" 301 0 "-" "-"
159.89.5.174 - - [15/Jan/2026:02:49:06 +0800] "GET / HTTP/1.0" 301 0 "-" "-"
159.89.5.174 - - [15/Jan/2026:02:49:06 +0800] "GET /odinhttpcall1768416539 HTTP/1.1" 404 31367 "-" "Mozilla/5.0 (compatible; Odin; https://docs.getodin.com/)"
159.89.5.174 - - [15/Jan/2026:02:49:07 +0800] "POST /sdk HTTP/1.1" 404 31367 "-" "Mozilla/5.0 (compatible; Odin; https://docs.getodin.com/)"
159.89.5.174 - - [15/Jan/2026:02:49:08 +0800] "GET /HNAP1 HTTP/1.1" 404 31367 "-" "Mozilla/5.0 (compatible; Odin; https://docs.getodin.com/)"
159.89.5.174 - - [15/Jan/2026:02:49:08 +0800] "GET /evox/about HTTP/1.1" 404 31367 "-" "Mozilla/5.0 (compatible; Odin; https://docs.getodin.com/)"
159.89.5.174 - - [15/Jan/2026:02:49:09 +0800] "GET / HTTP/1.0" 301 0 "-" "-"
159.89.5.174 - - [15/Jan/2026:02:49:10 +0800] "GET / HTTP/1.1" 301 5 "-" "-"
207.154.204.178 - - [15/Jan/2026:02:49:11 +0800] "GET /cgi-bin/authLogin.cgi HTTP/1.1" 301 5 "-" "Go-http-client/1.1"
104.248.143.76 - - [15/Jan/2026:02:49:11 +0800] "GET /v2/_catalog HTTP/1.1" 301 5 "-" "Go-http-client/1.1"
46.101.108.210 - - [15/Jan/2026:02:49:11 +0800] "GET /query?q=SHOW+DIAGNOSTICS HTTP/1.1" 301 5 "-" "Go-http-client/1.1"
164.90.216.252 - - [15/Jan/2026:02:49:11 +0800] "GET /solr/admin/info/system HTTP/1.1" 301 5 "-" "Go-http-client/1.1"
46.101.108.210 - - [15/Jan/2026:02:49:11 +0800] "GET / HTTP/1.1" 301 5 "-" "Mozilla/5.0 (compatible; Odin; https://docs.getodin.com/)"
207.154.204.178 - - [15/Jan/2026:02:49:12 +0800] "GET /cgi-bin/authLogin.cgi HTTP/1.1" 404 31367 "http://36.133.115.36:80/cgi-bin/authLogin.cgi" "Go-http-client/1.1"
46.101.108.210 - - [15/Jan/2026:02:49:12 +0800] "GET /query?q=SHOW+DIAGNOSTICS HTTP/1.1" 404 31367 "http://36.133.115.36:80/query?q=SHOW+DIAGNOSTICS" "Go-http-client/1.1"
104.248.143.76 - - [15/Jan/2026:02:49:12 +0800] "GET /v2/_catalog HTTP/1.1" 404 31367 "http://36.133.115.36:80/v2/_catalog" "Go-http-client/1.1"
164.90.216.252 - - [15/Jan/2026:02:49:13 +0800] "GET /solr/admin/info/system HTTP/1.1" 404 31367 "http://36.133.115.36:80/solr/admin/info/system" "Go-http-client/1.1"
46.101.108.210 - - [15/Jan/2026:02:49:13 +0800] "GET / HTTP/1.1" 200 35211 "http://36.133.115.36" "Mozilla/5.0 (compatible; Odin; https://docs.getodin.com/)"
164.90.216.252 - - [15/Jan/2026:02:49:14 +0800] "GET /solr/admin/cores?action=STATUS&wt=json HTTP/1.1" 301 5 "-" "Go-http-client/1.1"
164.90.216.252 - - [15/Jan/2026:02:49:15 +0800] "GET /solr/admin/cores?action=STATUS&wt=json HTTP/1.1" 404 31367 "http://36.133.115.36:80/solr/admin/cores?action=STATUS&wt=json" "Go-http-client/1.1"
164.92.233.170 - - [15/Jan/2026:02:49:16 +0800] "GET / HTTP/1.1" 200 34773 "-" "Go-http-client/1.1"
36.133.115.36 - - [15/Jan/2026:03:07:33 +0800] "POST /wp-cron.php?doing_wp_cron=1768417653.0770471096038818359375 HTTP/1.1" 200 31 "-" "WordPress/6.9; http://cqqizhou.com"
95.214.55.71 - - [15/Jan/2026:03:07:33 +0800] "GET / HTTP/1.1" 200 34770 "-" "-"
36.133.115.36 - - [15/Jan/2026:03:11:20 +0800] "POST /wp-cron.php?doing_wp_cron=1768417880.5877940654754638671875 HTTP/1.1" 200 31 "-" "WordPress/6.9; http://cqqizhou.com"
167.172.110.68 - - [15/Jan/2026:03:11:20 +0800] "GET / HTTP/1.0" 301 0 "-" "-"
167.172.110.68 - - [15/Jan/2026:03:11:21 +0800] "GET / HTTP/1.0" 301 0 "-" "-"
167.172.110.68 - - [15/Jan/2026:03:11:21 +0800] "GET /odinhttpcall1768417874 HTTP/1.1" 404 31367 "-" "Mozilla/5.0 (compatible; Odin; https://docs.getodin.com/)"
167.172.110.68 - - [15/Jan/2026:03:11:22 +0800] "POST /sdk HTTP/1.1" 404 31367 "-" "Mozilla/5.0 (compatible; Odin; https://docs.getodin.com/)"
167.172.110.68 - - [15/Jan/2026:03:11:23 +0800] "GET /HNAP1 HTTP/1.1" 404 31367 "-" "Mozilla/5.0 (compatible; Odin; https://docs.getodin.com/)"
167.172.110.68 - - [15/Jan/2026:03:11:23 +0800] "GET /evox/about HTTP/1.1" 404 31367 "-" "Mozilla/5.0 (compatible; Odin; https://docs.getodin.com/)"
167.172.110.68 - - [15/Jan/2026:03:11:24 +0800] "GET / HTTP/1.0" 301 0 "-" "-"
167.172.110.68 - - [15/Jan/2026:03:11:25 +0800] "GET / HTTP/1.1" 301 5 "-" "-"
36.133.115.36 - - [15/Jan/2026:03:14:53 +0800] "POST /wp-cron.php?doing_wp_cron=1768418093.8073809146881103515625 HTTP/1.1" 200 31 "-" "WordPress/6.9; http://cqqizhou.com"
43.157.38.228 - - [15/Jan/2026:03:14:53 +0800] "GET / HTTP/1.1" 301 5 "-" "Mozilla/5.0 (iPhone; CPU iPhone OS 13_2_3 like Mac OS X) AppleWebKit/605.1.15 (KHTML, like Gecko) Version/13.0.3 Mobile/15E148 Safari/604.1"
43.157.38.228 - - [15/Jan/2026:03:14:55 +0800] "GET / HTTP/1.1" 200 34773 "http://36.133.115.36" "Mozilla/5.0 (iPhone; CPU iPhone OS 13_2_3 like Mac OS X) AppleWebKit/605.1.15 (KHTML, like Gecko) Version/13.0.3 Mobile/15E148 Safari/604.1"
36.133.115.36 - - [15/Jan/2026:03:16:37 +0800] "POST /wp-cron.php?doing_wp_cron=1768418197.8558220863342285156250 HTTP/1.1" 200 31 "-" "WordPress/6.9; http://cqqizhou.com"
115.159.33.43 - - [15/Jan/2026:03:16:37 +0800] "GET / HTTP/1.1" 301 5 "-" "Mozilla/5.0 (Windows NT 10.0; Win64; x64) AppleWebKit/537.36 (KHTML, like Gecko) Chrome/79.0.3945.117 Safari/537.36"
36.133.115.36 - - [15/Jan/2026:03:17:15 +0800] "POST /wp-cron.php?doing_wp_cron=1768418235.4709379673004150390625 HTTP/1.1" 200 31 "-" "WordPress/6.9; http://cqqizhou.com"
114.119.148.34 - - [15/Jan/2026:03:17:15 +0800] "GET /wp-sitemap.xml HTTP/1.1" 501 253 "-" "Mozilla/5.0 (Linux; Android 7.0;) AppleWebKit/537.36 (KHTML, like Gecko) Mobile Safari/537.36 (compatible; PetalBot;+https://webmaster.petalsearch.com/site/petalbot)"
36.133.115.36 - - [15/Jan/2026:03:19:44 +0800] "POST /wp-cron.php?doing_wp_cron=1768418384.9015989303588867187500 HTTP/1.1" 200 31 "-" "WordPress/6.9; http://cqqizhou.com"
45.5.201.171 - - [15/Jan/2026:03:19:49 +0800] "GET / HTTP/1.1" 200 154669 "-" "Mozilla/5.0 (Windows NT 6.1; WOW64) AppleWebKit/537.36 (KHTML, like Gecko) Chrome/52.0.2743.116 Safari/537.36"
36.133.115.36 - - [15/Jan/2026:03:22:16 +0800] "POST /wp-cron.php?doing_wp_cron=1768418536.9061989784240722656250 HTTP/1.1" 200 31 "-" "WordPress/6.9; http://cqqizhou.com"
114.119.137.94 - - [15/Jan/2026:03:22:16 +0800] "GET /wp-sitemap.xml HTTP/1.1" 501 253 "-" "Mozilla/5.0 (Linux; Android 7.0;) AppleWebKit/537.36 (KHTML, like Gecko) Mobile Safari/537.36 (compatible; PetalBot;+https://webmaster.petalsearch.com/site/petalbot)"
36.133.115.36 - - [15/Jan/2026:03:33:10 +0800] "POST /wp-cron.php?doing_wp_cron=1768419190.1848230361938476562500 HTTP/1.1" 200 31 "-" "WordPress/6.9; http://cqqizhou.com"
114.119.136.3 - - [15/Jan/2026:03:33:10 +0800] "GET /wp-sitemap.xml HTTP/1.1" 501 253 "-" "Mozilla/5.0 (Linux; Android 7.0;) AppleWebKit/537.36 (KHTML, like Gecko) Mobile Safari/537.36 (compatible; PetalBot;+https://webmaster.petalsearch.com/site/petalbot)"
64.226.100.58 - - [15/Jan/2026:03:33:27 +0800] "GET /cgi-bin/authLogin.cgi HTTP/1.1" 301 5 "-" "Go-http-client/1.1"
64.226.100.58 - - [15/Jan/2026:03:33:28 +0800] "GET /cgi-bin/authLogin.cgi HTTP/1.1" 404 31367 "http://36.133.115.36:80/cgi-bin/authLogin.cgi" "Go-http-client/1.1"
36.133.115.36 - - [15/Jan/2026:03:38:35 +0800] "POST /wp-cron.php?doing_wp_cron=1768419515.8193240165710449218750 HTTP/1.1" 200 31 "-" "WordPress/6.9; http://cqqizhou.com"
204.76.203.219 - - [15/Jan/2026:03:38:35 +0800] "GET / HTTP/1.1" 200 34773 "-" "Mozilla/5.0 (Windows NT 10.0; Win64; x64) AppleWebKit/537.36 (KHTML, like Gecko) Chrome/90.0.4430.85 Safari/537.36 Edg/90.0.818.46"
36.133.115.36 - - [15/Jan/2026:03:45:13 +0800] "POST /wp-cron.php?doing_wp_cron=1768419912.9841370582580566406250 HTTP/1.1" 200 31 "-" "WordPress/6.9; http://cqqizhou.com"
47.128.49.57 - - [15/Jan/2026:03:45:13 +0800] "GET /robots.txt HTTP/1.1" 200 190 "-" "Mozilla/5.0 (Linux; Android 5.0) AppleWebKit/537.36 (KHTML, like Gecko) Mobile Safari/537.36 (compatible; Bytespider; spider-feedback@bytedance.com)"
37.59.204.131 - - [15/Jan/2026:03:46:44 +0800] "GET / HTTP/1.1" 200 35211 "-" "Mozilla/5.0 (compatible; AhrefsBot/7.0; +http://ahrefs.com/robot/)"
36.133.115.36 - - [15/Jan/2026:04:06:00 +0800] "POST /wp-cron.php?doing_wp_cron=1768421160.3441920280456542968750 HTTP/1.1" 200 31 "-" "WordPress/6.9; http://cqqizhou.com"
40.77.167.159 - - [15/Jan/2026:04:06:00 +0800] "GET /?s=2025 HTTP/1.1" 200 19820 "-" "Mozilla/5.0 AppleWebKit/537.36 (KHTML, like Gecko; compatible; bingbot/2.0; +http://www.bing.com/bingbot.htm) Chrome/116.0.1938.76 Safari/537.36"
36.133.115.36 - - [15/Jan/2026:04:18:08 +0800] "POST /wp-cron.php?doing_wp_cron=1768421888.4160308837890625000000 HTTP/1.1" 200 31 "-" "WordPress/6.9; http://cqqizhou.com"
199.45.155.97 - - [15/Jan/2026:04:18:08 +0800] "GET / HTTP/1.1" 301 5 "-" "Mozilla/5.0 (compatible; CensysInspect/1.1; +https://about.censys.io/)"
199.45.155.97 - - [15/Jan/2026:04:18:21 +0800] "GET /sitemap.xml HTTP/1.1" 200 491 "-" "Mozilla/5.0 (compatible; CensysInspect/1.1; +https://about.censys.io/)"
36.133.115.36 - - [15/Jan/2026:04:31:18 +0800] "POST /wp-cron.php?doing_wp_cron=1768422677.9761400222778320312500 HTTP/1.1" 200 31 "-" "WordPress/6.9; http://cqqizhou.com"
91.232.238.106 - - [15/Jan/2026:04:31:18 +0800] "GET /robots.txt HTTP/1.0" 200 378 "-" "xfa1"
36.133.115.36 - - [15/Jan/2026:04:32:48 +0800] "POST /wp-cron.php?doing_wp_cron=1768422768.1932890415191650390625 HTTP/1.1" 200 31 "-" "WordPress/6.9; http://cqqizhou.com"
204.76.203.219 - - [15/Jan/2026:04:32:48 +0800] "GET / HTTP/1.1" 200 34773 "-" "Mozilla/5.0 (Windows NT 10.0; Win64; x64) AppleWebKit/537.36 (KHTML, like Gecko) Chrome/90.0.4430.85 Safari/537.36 Edg/90.0.818.46"
185.39.19.49 - - [15/Jan/2026:04:41:35 +0800] "GET / HTTP/1.0" 200 159017 "http://cqqizhou.com/" "Mozilla/5.0 (Windows NT 10.0; Win64; x64) AppleWebKit/537.36 (KHTML, like Gecko) Chrome/130.0.0.0 Safari/537.36"
185.39.19.49 - - [15/Jan/2026:04:41:36 +0800] "GET /contacts/ HTTP/1.0" 200 72078 "http://cqqizhou.com/contacts/" "Mozilla/5.0 (Windows NT 10.0; Win64; x64) AppleWebKit/537.36 (KHTML, like Gecko) Chrome/130.0.0.0 Safari/537.36"
36.133.115.36 - - [15/Jan/2026:04:41:38 +0800] "POST /wp-cron.php?doing_wp_cron=1768423298.5004389286041259765625 HTTP/1.1" 200 31 "-" "WordPress/6.9; http://cqqizhou.com"
185.39.19.49 - - [15/Jan/2026:04:41:39 +0800] "POST /contacts/ HTTP/1.0" 200 69515 "http://cqqizhou.com/contacts/" "Mozilla/5.0 (Windows NT 10.0; Win64; x64) AppleWebKit/537.36 (KHTML, like Gecko) Chrome/130.0.0.0 Safari/537.36"
36.133.115.36 - - [15/Jan/2026:04:48:24 +0800] "POST /wp-cron.php?doing_wp_cron=1768423704.8652169704437255859375 HTTP/1.1" 200 31 "-" "WordPress/6.9; http://cqqizhou.com"
95.214.55.71 - - [15/Jan/2026:04:48:25 +0800] "GET / HTTP/1.1" 200 109837 "-" "Mozilla/5.0 (Macintosh; Intel Mac OS X 10_15_7) AppleWebKit/537.36 (KHTML, like Gecko) Chrome/142.0.0.0 Safari/537.36"
36.133.115.36 - - [15/Jan/2026:04:57:15 +0800] "POST /wp-cron.php?doing_wp_cron=1768424235.3310549259185791015625 HTTP/1.1" 200 31 "-" "WordPress/6.9; http://cqqizhou.com"
176.65.149.159 - - [15/Jan/2026:04:57:15 +0800] "GET / HTTP/1.1" 200 157380 "-" "-"
36.133.115.36 - - [15/Jan/2026:04:58:01 +0800] "POST /wp-cron.php?doing_wp_cron=1768424281.1232869625091552734375 HTTP/1.1" 200 31 "-" "WordPress/6.9; http://cqqizhou.com"
66.249.65.68 - - [15/Jan/2026:04:58:01 +0800] "GET /robots.txt HTTP/1.1" 200 190 "-" "Mozilla/5.0 (compatible; Googlebot/2.1; +http://www.google.com/bot.html)"
66.249.65.67 - - [15/Jan/2026:04:58:02 +0800] "GET /business/ HTTP/1.1" 404 8950 "-" "Mozilla/5.0 (Linux; Android 6.0.1; Nexus 5X Build/MMB29P) AppleWebKit/537.36 (KHTML, like Gecko) Chrome/143.0.7499.192 Mobile Safari/537.36 (compatible; Googlebot/2.1; +http://www.google.com/bot.html)"
36.133.115.36 - - [15/Jan/2026:05:00:37 +0800] "POST /wp-cron.php?doing_wp_cron=1768424437.0338840484619140625000 HTTP/1.1" 200 31 "-" "WordPress/6.9; http://cqqizhou.com"
171.105.76.21 - - [15/Jan/2026:05:00:37 +0800] "GET / HTTP/1.1" 301 5 "-" "Mozilla/5.081397758 Mozilla/5.0 (compatible; MSIE 10.0; Windows NT 6.1; WOW64; Trident/6.0)"
112.94.190.113 - - [15/Jan/2026:05:00:37 +0800] "GET / HTTP/1.1" 200 35211 "-" "Mozilla/5.081397758 Mozilla/5.0 (compatible; MSIE 10.0; Windows NT 6.1; WOW64; Trident/6.0)"
36.133.115.36 - - [15/Jan/2026:05:23:04 +0800] "POST /wp-cron.php?doing_wp_cron=1768425784.3091020584106445312500 HTTP/1.1" 200 31 "-" "WordPress/6.9; http://cqqizhou.com"
204.76.203.219 - - [15/Jan/2026:05:23:04 +0800] "GET / HTTP/1.1" 200 34773 "-" "Mozilla/5.0 (Windows NT 10.0; Win64; x64) AppleWebKit/537.36 (KHTML, like Gecko) Chrome/90.0.4430.85 Safari/537.36 Edg/90.0.818.46"
36.133.115.36 - - [15/Jan/2026:05:26:51 +0800] "POST /wp-cron.php?doing_wp_cron=1768426011.1216299533843994140625 HTTP/1.1" 200 31 "-" "WordPress/6.9; http://cqqizhou.com"
5.9.120.8 - - [15/Jan/2026:05:26:51 +0800] "GET /robots.txt HTTP/1.1" 200 190 "-" "Mozilla/5.0 (compatible; SERankingBacklinksBot/1.0; +https://seranking.com/backlinks-crawler)"
5.9.120.8 - - [15/Jan/2026:05:26:51 +0800] "GET / HTTP/1.1" 200 35211 "-" "Mozilla/5.0 (compatible; SERankingBacklinksBot/1.0; +https://seranking.com/backlinks-crawler)"
180.184.144.163 - - [15/Jan/2026:05:32:46 +0800] "GET / HTTP/1.1" 200 35211 "-" "Mozilla/5.0 (Macintosh; Intel Mac OS X 10_15_7) AppleWebKit/537.36 (KHTML, like Gecko) Chrome/106.0.0.0 Safari/537.36"
36.133.115.36 - - [15/Jan/2026:05:49:21 +0800] "POST /wp-cron.php?doing_wp_cron=1768427361.5849170684814453125000 HTTP/1.1" 200 31 "-" "WordPress/6.9; http://cqqizhou.com"
185.226.197.72 - - [15/Jan/2026:05:49:21 +0800] "GET / HTTP/1.1" 301 5 "-" "Mozilla/5.0 (Windows NT 10.0; Win64; x64) AppleWebKit/537.36 (KHTML, like Gecko) Chrome/60.0.3112.113 Safari/537.36"
185.226.197.75 - - [15/Jan/2026:05:49:22 +0800] "GET / HTTP/1.1" 200 35211 "http://36.133.115.36/" "Mozilla/5.0 (Windows NT 10.0; Win64; x64) AppleWebKit/537.36 (KHTML, like Gecko) Chrome/60.0.3112.113 Safari/537.36"
36.133.115.36 - - [15/Jan/2026:05:51:38 +0800] "POST /wp-cron.php?doing_wp_cron=1768427498.3494091033935546875000 HTTP/1.1" 200 31 "-" "WordPress/6.9; http://cqqizhou.com"
206.168.34.196 - - [15/Jan/2026:05:51:38 +0800] "GET /security.txt HTTP/1.1" 200 19892 "-" "Mozilla/5.0 (compatible; CensysInspect/1.1; +https://about.censys.io/)"
36.133.115.36 - - [15/Jan/2026:05:53:45 +0800] "POST /wp-cron.php?doing_wp_cron=1768427625.6279470920562744140625 HTTP/1.1" 200 31 "-" "WordPress/6.9; http://cqqizhou.com"
40.77.167.44 - - [15/Jan/2026:05:53:45 +0800] "GET /?s= HTTP/1.1" 200 19715 "-" "Mozilla/5.0 AppleWebKit/537.36 (KHTML, like Gecko; compatible; bingbot/2.0; +http://www.bing.com/bingbot.htm) Chrome/116.0.1938.76 Safari/537.36"
36.133.115.36 - - [15/Jan/2026:05:57:49 +0800] "POST /wp-cron.php?doing_wp_cron=1768427869.9464120864868164062500 HTTP/1.1" 200 31 "-" "WordPress/6.9; http://cqqizhou.com"
204.76.203.18 - - [15/Jan/2026:05:57:50 +0800] "GET / HTTP/1.1" 200 157380 "-" "-"
204.76.203.18 - - [15/Jan/2026:05:57:52 +0800] "GET / HTTP/1.1" 200 109837 "-" "-"
204.76.203.18 - - [15/Jan/2026:05:57:54 +0800] "GET / HTTP/1.1" 200 157380 "-" "-"
204.76.203.18 - - [15/Jan/2026:05:58:04 +0800] "GET / HTTP/1.1" 200 109837 "-" "-"
36.133.115.36 - - [15/Jan/2026:06:04:39 +0800] "POST /wp-cron.php?doing_wp_cron=1768428279.6880059242248535156250 HTTP/1.1" 200 31 "-" "WordPress/6.9; http://cqqizhou.com"
43.130.141.193 - - [15/Jan/2026:06:04:39 +0800] "GET / HTTP/1.1" 301 5 "-" "Mozilla/5.0 (iPhone; CPU iPhone OS 13_2_3 like Mac OS X) AppleWebKit/605.1.15 (KHTML, like Gecko) Version/13.0.3 Mobile/15E148 Safari/604.1"
43.130.141.193 - - [15/Jan/2026:06:04:42 +0800] "GET / HTTP/1.1" 200 34773 "http://www.cqqizhou.com" "Mozilla/5.0 (iPhone; CPU iPhone OS 13_2_3 like Mac OS X) AppleWebKit/605.1.15 (KHTML, like Gecko) Version/13.0.3 Mobile/15E148 Safari/604.1"
36.133.115.36 - - [15/Jan/2026:06:12:31 +0800] "POST /wp-cron.php?doing_wp_cron=1768428751.9384019374847412109375 HTTP/1.1" 200 31 "-" "WordPress/6.9; http://cqqizhou.com"
204.76.203.20 - - [15/Jan/2026:06:12:31 +0800] "GET /index.asp HTTP/1.1" 301 5 "-" "Hello World/1.0"
36.133.115.36 - - [15/Jan/2026:06:13:28 +0800] "POST /wp-cron.php?doing_wp_cron=1768428807.9927608966827392578125 HTTP/1.1" 200 31 "-" "WordPress/6.9; http://cqqizhou.com"
36.41.75.167 - - [15/Jan/2026:06:13:28 +0800] "GET / HTTP/1.1" 301 5 "-" "Mozilla/5.0 (iPhone; CPU iPhone OS 13_2_3 like Mac OS X) AppleWebKit/605.1.15 (KHTML, like Gecko) Version/13.0.3 Mobile/15E148 Safari/604.1"
36.41.75.167 - - [15/Jan/2026:06:13:29 +0800] "GET / HTTP/1.1" 200 34773 "http://www.cqqizhou.com" "Mozilla/5.0 (iPhone; CPU iPhone OS 13_2_3 like Mac OS X) AppleWebKit/605.1.15 (KHTML, like Gecko) Version/13.0.3 Mobile/15E148 Safari/604.1"
36.133.115.36 - - [15/Jan/2026:06:22:14 +0800] "POST /wp-cron.php?doing_wp_cron=1768429334.5673160552978515625000 HTTP/1.1" 200 31 "-" "WordPress/6.9; http://cqqizhou.com"
204.76.203.219 - - [15/Jan/2026:06:22:14 +0800] "GET / HTTP/1.1" 200 34773 "-" "Mozilla/5.0 (Windows NT 10.0; Win64; x64) AppleWebKit/537.36 (KHTML, like Gecko) Chrome/90.0.4430.85 Safari/537.36 Edg/90.0.818.46"
36.133.115.36 - - [15/Jan/2026:06:27:58 +0800] "POST /wp-cron.php?doing_wp_cron=1768429678.8298740386962890625000 HTTP/1.1" 200 31 "-" "WordPress/6.9; http://cqqizhou.com"
135.119.112.115 - - [15/Jan/2026:06:27:58 +0800] "GET /portal/redlion HTTP/1.1" 404 8951 "-" "Mozilla/5.0 zgrab/0.x"
36.133.115.36 - - [15/Jan/2026:06:30:50 +0800] "POST /wp-cron.php?doing_wp_cron=1768429850.9178690910339355468750 HTTP/1.1" 200 31 "-" "WordPress/6.9; http://cqqizhou.com"
93.174.93.12 - - [15/Jan/2026:06:30:50 +0800] "GET / HTTP/1.0" 301 0 "-" "Mozilla/5.0 (compatible; MSIE 9.0; Windows NT 6.1; Trident/5.0)"
36.133.115.36 - - [15/Jan/2026:06:40:20 +0800] "POST /wp-cron.php?doing_wp_cron=1768430420.7987430095672607421875 HTTP/1.1" 200 31 "-" "WordPress/6.9; http://cqqizhou.com"
36.133.108.121 - - [15/Jan/2026:06:40:20 +0800] "HEAD /plcm/000000000000.cfg HTTP/1.1" 404 0 "-" "Mozilla/5.0 (Macintosh; Intel Mac OS X 10_7_3) AppleWebKit/534.55.3 (KHTML, like Gecko) Version/5.1.3 Safari/534.53.10"
36.133.115.36 - - [15/Jan/2026:06:41:01 +0800] "POST /wp-cron.php?doing_wp_cron=1768430461.4573049545288085937500 HTTP/1.1" 200 31 "-" "WordPress/6.9; http://cqqizhou.com"
193.142.147.209 - - [15/Jan/2026:06:41:02 +0800] "POST / HTTP/1.1" 200 34773 "-" "Mozilla/5.0 (Windows NT 10.0; Win64; x64) AppleWebKit/537.36"
36.133.115.36 - - [15/Jan/2026:07:08:32 +0800] "POST /wp-cron.php?doing_wp_cron=1768432112.1239380836486816406250 HTTP/1.1" 200 31 "-" "WordPress/6.9; http://cqqizhou.com"
43.157.50.58 - - [15/Jan/2026:07:08:32 +0800] "GET / HTTP/1.1" 200 34773 "-" "Mozilla/5.0 (iPhone; CPU iPhone OS 13_2_3 like Mac OS X) AppleWebKit/605.1.15 (KHTML, like Gecko) Version/13.0.3 Mobile/15E148 Safari/604.1"
36.133.115.36 - - [15/Jan/2026:07:14:33 +0800] "POST /wp-cron.php?doing_wp_cron=1768432473.2003650665283203125000 HTTP/1.1" 200 31 "-" "WordPress/6.9; http://cqqizhou.com"
204.76.203.219 - - [15/Jan/2026:07:14:33 +0800] "GET / HTTP/1.1" 200 34773 "-" "Mozilla/5.0 (Windows NT 10.0; Win64; x64) AppleWebKit/537.36 (KHTML, like Gecko) Chrome/90.0.4430.85 Safari/537.36 Edg/90.0.818.46"
36.133.115.36 - - [15/Jan/2026:08:06:01 +0800] "POST /wp-cron.php?doing_wp_cron=1768435561.1439869403839111328125 HTTP/1.1" 200 31 "-" "WordPress/6.9; http://cqqizhou.com"
204.76.203.219 - - [15/Jan/2026:08:06:01 +0800] "GET / HTTP/1.1" 200 34772 "-" "Mozilla/5.0 (Windows NT 10.0; Win64; x64) AppleWebKit/537.36 (KHTML, like Gecko) Chrome/90.0.4430.85 Safari/537.36 Edg/90.0.818.46"
40.77.167.17 - - [15/Jan/2026:08:15:13 +0800] "GET /portfolio/%E5%86%B7%E8%BD%A7%E6%9D%BF/ HTTP/1.1" 200 18888 "-" "Mozilla/5.0 AppleWebKit/537.36 (KHTML, like Gecko; compatible; bingbot/2.0; +http://www.bing.com/bingbot.htm) Chrome/116.0.1938.76 Safari/537.36"
36.133.115.36 - - [15/Jan/2026:08:21:46 +0800] "POST /wp-cron.php?doing_wp_cron=1768436506.8905830383300781250000 HTTP/1.1" 200 31 "-" "WordPress/6.9; http://cqqizhou.com"
95.214.55.71 - - [15/Jan/2026:08:21:47 +0800] "GET / HTTP/1.1" 200 109842 "-" "Mozilla/5.0 (Macintosh; Intel Mac OS X 10_15_7) AppleWebKit/537.36 (KHTML, like Gecko) Chrome/141.0.0.0 Safari/537.36"
36.133.115.36 - - [15/Jan/2026:08:38:11 +0800] "POST /wp-cron.php?doing_wp_cron=1768437491.0255799293518066406250 HTTP/1.1" 200 31 "-" "WordPress/6.9; http://cqqizhou.com"
87.121.84.15 - - [15/Jan/2026:08:38:11 +0800] "GET / HTTP/1.1" 200 157380 "-" "Mozilla/1.0"
36.133.115.36 - - [15/Jan/2026:08:53:13 +0800] "POST /wp-cron.php?doing_wp_cron=1768438393.1644771099090576171875 HTTP/1.1" 200 31 "-" "WordPress/6.9; http://cqqizhou.com"
95.214.55.71 - - [15/Jan/2026:08:53:13 +0800] "GET / HTTP/1.1" 200 109842 "-" "-"
36.133.115.36 - - [15/Jan/2026:08:54:26 +0800] "POST /wp-cron.php?doing_wp_cron=1768438466.0708510875701904296875 HTTP/1.1" 200 31 "-" "WordPress/6.9; http://cqqizhou.com"
45.194.92.18 - - [15/Jan/2026:08:54:26 +0800] "GET /index.htm HTTP/1.1" 301 5 "-" "Mozilla/5.0"
45.194.92.18 - - [15/Jan/2026:08:54:30 +0800] "GET / HTTP/1.1" 200 157380 "-" "-"
36.133.115.36 - - [15/Jan/2026:08:57:02 +0800] "POST /wp-cron.php?doing_wp_cron=1768438622.1183109283447265625000 HTTP/1.1" 200 31 "-" "WordPress/6.9; http://cqqizhou.com"
222.222.45.98 - - [15/Jan/2026:08:57:02 +0800] "GET / HTTP/1.1" 301 5 "https://www.baidu.com/link?url=dXFlrwBvznyiYgSJRo9H6MDzoyMHXU8oAF2uNNfoIXb-ubK_8KUBnBtb1d6Z1IGr&wd=&eqid=81fadbbb000a14820000000269683b4c" "Mozilla/5.0 (Windows NT 10.0; Win64; x64) AppleWebKit/537.36 (KHTML, like Gecko) Chrome/132.0.0.0 Safari/537.36"
222.222.45.98 - - [15/Jan/2026:08:57:02 +0800] "GET / HTTP/1.1" 200 35211 "https://www.baidu.com/link?url=dXFlrwBvznyiYgSJRo9H6MDzoyMHXU8oAF2uNNfoIXb-ubK_8KUBnBtb1d6Z1IGr&wd=&eqid=81fadbbb000a14820000000269683b4c" "Mozilla/5.0 (Windows NT 10.0; Win64; x64) AppleWebKit/537.36 (KHTML, like Gecko) Chrome/132.0.0.0 Safari/537.36"
222.222.45.98 - - [15/Jan/2026:08:57:02 +0800] "GET /wp-content/uploads/2025/07/1751425283-qizhou.kf_.qq_.com_.webp HTTP/1.1" 200 16864 "http://cqqizhou.com/" "Mozilla/5.0 (Windows NT 10.0; Win64; x64) AppleWebKit/537.36 (KHTML, like Gecko) Chrome/132.0.0.0 Safari/537.36"
222.222.45.98 - - [15/Jan/2026:08:57:04 +0800] "GET /wp-content/uploads/2025/12/1765268955-qizhou_Slider1_3840%C3%972160_20251210-scaled.webp HTTP/1.1" 200 152162 "http://cqqizhou.com/" "Mozilla/5.0 (Windows NT 10.0; Win64; x64) AppleWebKit/537.36 (KHTML, like Gecko) Chrome/132.0.0.0 Safari/537.36"
222.222.45.98 - - [15/Jan/2026:08:57:04 +0800] "GET /wp-content/uploads/2026/01/1768276119-qizhoujiagong_Slider_3840%C3%972160_20260113-scaled-50x100.webp HTTP/1.1" 200 976 "http://cqqizhou.com/" "Mozilla/5.0 (Windows NT 10.0; Win64; x64) AppleWebKit/537.36 (KHTML, like Gecko) Chrome/132.0.0.0 Safari/537.36"
222.222.45.98 - - [15/Jan/2026:08:57:04 +0800] "GET /wp-content/uploads/2025/07/1753453096-%E5%8F%8C%E7%9B%B8%E9%92%A2product_Single600%C3%97284.webp HTTP/1.1" 200 14562 "http://cqqizhou.com/" "Mozilla/5.0 (Windows NT 10.0; Win64; x64) AppleWebKit/537.36 (KHTML, like Gecko) Chrome/132.0.0.0 Safari/537.36"
222.222.45.98 - - [15/Jan/2026:08:57:04 +0800] "GET /wp-content/uploads/2025/07/1753453127-%E4%BD%99%E5%8D%B7product_Single600%C3%97284.webp HTTP/1.1" 200 18744 "http://cqqizhou.com/" "Mozilla/5.0 (Windows NT 10.0; Win64; x64) AppleWebKit/537.36 (KHTML, like Gecko) Chrome/132.0.0.0 Safari/537.36"
222.222.45.98 - - [15/Jan/2026:08:57:04 +0800] "GET /wp-content/uploads/2025/07/1753456770-%E7%83%AD%E9%95%80%E9%94%8C%E5%8D%B7product_Single600.webp HTTP/1.1" 200 27502 "http://cqqizhou.com/" "Mozilla/5.0 (Windows NT 10.0; Win64; x64) AppleWebKit/537.36 (KHTML, like Gecko) Chrome/132.0.0.0 Safari/537.36"
222.222.45.98 - - [15/Jan/2026:08:57:04 +0800] "GET /wp-content/uploads/2025/07/1753456723-%E5%8F%8C%E7%9B%B8%E9%92%A2roduct_Single600.webp HTTP/1.1" 200 22790 "http://cqqizhou.com/" "Mozilla/5.0 (Windows NT 10.0; Win64; x64) AppleWebKit/537.36 (KHTML, like Gecko) Chrome/132.0.0.0 Safari/537.36"
222.222.45.98 - - [15/Jan/2026:08:57:04 +0800] "GET /wp-content/uploads/revslider/slider-1/1750861156-logistics_Slider_3840%C3%972160_20250625191356-scaled-50x100.webp HTTP/1.1" 200 1416 "http://cqqizhou.com/" "Mozilla/5.0 (Windows NT 10.0; Win64; x64) AppleWebKit/537.36 (KHTML, like Gecko) Chrome/132.0.0.0 Safari/537.36"
222.222.45.98 - - [15/Jan/2026:08:57:05 +0800] "GET /wp-json/sliderrevolution/sliders/1?srengine=7&slideid=2 HTTP/1.1" 200 2000 "http://cqqizhou.com/" "Mozilla/5.0 (Windows NT 10.0; Win64; x64) AppleWebKit/537.36 (KHTML, like Gecko) Chrome/132.0.0.0 Safari/537.36"
222.222.45.98 - - [15/Jan/2026:08:57:05 +0800] "GET /wp-json/sliderrevolution/sliders/1?srengine=7&slideid=4 HTTP/1.1" 200 2580 "http://cqqizhou.com/" "Mozilla/5.0 (Windows NT 10.0; Win64; x64) AppleWebKit/537.36 (KHTML, like Gecko) Chrome/132.0.0.0 Safari/537.36"
222.222.45.98 - - [15/Jan/2026:08:57:05 +0800] "GET /wp-content/uploads/revslider/slider-1/1750861156-logistics_Slider_3840%C3%972160_20250625191356-scaled.webp HTTP/1.1" 200 197360 "http://cqqizhou.com/" "Mozilla/5.0 (Windows NT 10.0; Win64; x64) AppleWebKit/537.36 (KHTML, like Gecko) Chrome/132.0.0.0 Safari/537.36"
222.222.45.98 - - [15/Jan/2026:08:57:05 +0800] "GET /wp-content/uploads/2026/01/1768276119-qizhoujiagong_Slider_3840%C3%972160_20260113-scaled.webp HTTP/1.1" 200 131696 "http://cqqizhou.com/" "Mozilla/5.0 (Windows NT 10.0; Win64; x64) AppleWebKit/537.36 (KHTML, like Gecko) Chrome/132.0.0.0 Safari/537.36"
222.222.45.98 - - [15/Jan/2026:08:57:12 +0800] "GET /about/ HTTP/1.1" 200 24409 "http://cqqizhou.com/" "Mozilla/5.0 (Windows NT 10.0; Win64; x64) AppleWebKit/537.36 (KHTML, like Gecko) Chrome/132.0.0.0 Safari/537.36"
222.222.45.98 - - [15/Jan/2026:08:57:12 +0800] "GET /wp-content/uploads/2025/07/1750649803-qizhou800x500_2.webp HTTP/1.1" 200 63616 "http://cqqizhou.com/about/" "Mozilla/5.0 (Windows NT 10.0; Win64; x64) AppleWebKit/537.36 (KHTML, like Gecko) Chrome/132.0.0.0 Safari/537.36"
222.222.45.98 - - [15/Jan/2026:08:57:12 +0800] "GET /wp-content/uploads/2025/07/1750945417-honor300%C3%97206_1.webp HTTP/1.1" 200 57666 "http://cqqizhou.com/about/" "Mozilla/5.0 (Windows NT 10.0; Win64; x64) AppleWebKit/537.36 (KHTML, like Gecko) Chrome/132.0.0.0 Safari/537.36"
222.222.45.98 - - [15/Jan/2026:08:57:12 +0800] "GET /wp-content/uploads/2025/07/1750945444-honor300%C3%97206_2.webp HTTP/1.1" 200 71296 "http://cqqizhou.com/about/" "Mozilla/5.0 (Windows NT 10.0; Win64; x64) AppleWebKit/537.36 (KHTML, like Gecko) Chrome/132.0.0.0 Safari/537.36"
222.222.45.98 - - [15/Jan/2026:08:57:12 +0800] "GET /wp-content/uploads/2025/07/1750671800-partner1_200x50.webp HTTP/1.1" 200 2244 "http://cqqizhou.com/about/" "Mozilla/5.0 (Windows NT 10.0; Win64; x64) AppleWebKit/537.36 (KHTML, like Gecko) Chrome/132.0.0.0 Safari/537.36"
222.222.45.98 - - [15/Jan/2026:08:57:12 +0800] "GET /wp-content/uploads/2025/07/1750671801-partner2_200x50.webp HTTP/1.1" 200 3946 "http://cqqizhou.com/about/" "Mozilla/5.0 (Windows NT 10.0; Win64; x64) AppleWebKit/537.36 (KHTML, like Gecko) Chrome/132.0.0.0 Safari/537.36"
222.222.45.98 - - [15/Jan/2026:08:57:13 +0800] "GET /wp-content/uploads/2025/07/1750671805-partner4_200x50.webp HTTP/1.1" 200 2390 "http://cqqizhou.com/about/" "Mozilla/5.0 (Windows NT 10.0; Win64; x64) AppleWebKit/537.36 (KHTML, like Gecko) Chrome/132.0.0.0 Safari/537.36"
222.222.45.98 - - [15/Jan/2026:08:57:13 +0800] "GET /wp-content/uploads/2025/07/1750671806-partner5_200x50.webp HTTP/1.1" 200 2840 "http://cqqizhou.com/about/" "Mozilla/5.0 (Windows NT 10.0; Win64; x64) AppleWebKit/537.36 (KHTML, like Gecko) Chrome/132.0.0.0 Safari/537.36"
222.222.45.98 - - [15/Jan/2026:08:57:13 +0800] "GET /wp-content/uploads/2025/07/1750671803-partner3_200x50.webp HTTP/1.1" 200 4414 "http://cqqizhou.com/about/" "Mozilla/5.0 (Windows NT 10.0; Win64; x64) AppleWebKit/537.36 (KHTML, like Gecko) Chrome/132.0.0.0 Safari/537.36"
222.222.45.98 - - [15/Jan/2026:08:57:13 +0800] "GET /wp-content/uploads/2025/06/1750755307-qizhoucangku2000x400_2025624.webp HTTP/1.1" 200 45470 "http://cqqizhou.com/about/" "Mozilla/5.0 (Windows NT 10.0; Win64; x64) AppleWebKit/537.36 (KHTML, like Gecko) Chrome/132.0.0.0 Safari/537.36"
222.222.45.98 - - [15/Jan/2026:08:57:13 +0800] "GET /wp-content/uploads/elementor/thumbs/1751209300-Hello-Qizhou3-r91b71mdtei8mab1rr8x739cnvi1mafuaga3vbed3o.webp HTTP/1.1" 200 39120 "http://cqqizhou.com/about/" "Mozilla/5.0 (Windows NT 10.0; Win64; x64) AppleWebKit/537.36 (KHTML, like Gecko) Chrome/132.0.0.0 Safari/537.36"
222.222.45.98 - - [15/Jan/2026:08:57:13 +0800] "GET /wp-content/uploads/elementor/thumbs/1751373145-About_Qizhoudalou_W800px-r91b70ok8huvvdr4ynxnf302e8ie3iydlh6ag9ew82.webp HTTP/1.1" 200 37938 "http://cqqizhou.com/about/" "Mozilla/5.0 (Windows NT 10.0; Win64; x64) AppleWebKit/537.36 (KHTML, like Gecko) Chrome/132.0.0.0 Safari/537.36"
222.222.45.98 - - [15/Jan/2026:08:57:13 +0800] "GET /wp-content/uploads/2025/07/1750671808-partner6_200x50.webp HTTP/1.1" 200 3004 "http://cqqizhou.com/about/" "Mozilla/5.0 (Windows NT 10.0; Win64; x64) AppleWebKit/537.36 (KHTML, like Gecko) Chrome/132.0.0.0 Safari/537.36"
222.222.45.98 - - [15/Jan/2026:08:57:13 +0800] "GET /wp-content/uploads/2025/07/1750649193-qizhou1920x1080_5.webp HTTP/1.1" 200 110214 "http://cqqizhou.com/about/" "Mozilla/5.0 (Windows NT 10.0; Win64; x64) AppleWebKit/537.36 (KHTML, like Gecko) Chrome/132.0.0.0 Safari/537.36"
222.222.45.98 - - [15/Jan/2026:08:57:13 +0800] "GET /wp-content/uploads/2025/07/1750649197-qizhou1920x1080_6.webp HTTP/1.1" 200 150354 "http://cqqizhou.com/about/" "Mozilla/5.0 (Windows NT 10.0; Win64; x64) AppleWebKit/537.36 (KHTML, like Gecko) Chrome/132.0.0.0 Safari/537.36"
222.222.45.98 - - [15/Jan/2026:08:57:13 +0800] "GET /wp-content/uploads/2025/07/1750649183-qizhou1920x1080_2.webp HTTP/1.1" 200 267936 "http://cqqizhou.com/about/" "Mozilla/5.0 (Windows NT 10.0; Win64; x64) AppleWebKit/537.36 (KHTML, like Gecko) Chrome/132.0.0.0 Safari/537.36"
222.222.45.98 - - [15/Jan/2026:08:57:13 +0800] "GET /wp-content/uploads/2025/07/1750649179-qizhou1920x1080_1.webp HTTP/1.1" 200 172154 "http://cqqizhou.com/about/" "Mozilla/5.0 (Windows NT 10.0; Win64; x64) AppleWebKit/537.36 (KHTML, like Gecko) Chrome/132.0.0.0 Safari/537.36"
222.222.45.98 - - [15/Jan/2026:08:57:13 +0800] "GET /wp-content/uploads/2025/07/1750649200-qizhou1920x1080_7.webp HTTP/1.1" 200 238866 "http://cqqizhou.com/about/" "Mozilla/5.0 (Windows NT 10.0; Win64; x64) AppleWebKit/537.36 (KHTML, like Gecko) Chrome/132.0.0.0 Safari/537.36"
222.222.45.98 - - [15/Jan/2026:08:57:13 +0800] "GET /wp-content/uploads/2025/07/1750649189-qizhou1920x1080_4.webp HTTP/1.1" 200 174962 "http://cqqizhou.com/about/" "Mozilla/5.0 (Windows NT 10.0; Win64; x64) AppleWebKit/537.36 (KHTML, like Gecko) Chrome/132.0.0.0 Safari/537.36"
222.222.45.98 - - [15/Jan/2026:08:57:13 +0800] "GET /wp-content/uploads/2025/07/1750649186-qizhou1920x1080_3.webp HTTP/1.1" 200 134070 "http://cqqizhou.com/about/" "Mozilla/5.0 (Windows NT 10.0; Win64; x64) AppleWebKit/537.36 (KHTML, like Gecko) Chrome/132.0.0.0 Safari/537.36"
222.222.45.98 - - [15/Jan/2026:08:57:13 +0800] "GET /wp-content/uploads/2025/07/1750649203-qizhou1920x1080_8.webp HTTP/1.1" 200 256782 "http://cqqizhou.com/about/" "Mozilla/5.0 (Windows NT 10.0; Win64; x64) AppleWebKit/537.36 (KHTML, like Gecko) Chrome/132.0.0.0 Safari/537.36"
222.222.45.98 - - [15/Jan/2026:08:57:13 +0800] "GET /wp-content/uploads/2025/07/1750649207-qizhou1920x1080_9.webp HTTP/1.1" 200 146108 "http://cqqizhou.com/about/" "Mozilla/5.0 (Windows NT 10.0; Win64; x64) AppleWebKit/537.36 (KHTML, like Gecko) Chrome/132.0.0.0 Safari/537.36"
222.222.45.98 - - [15/Jan/2026:08:57:13 +0800] "GET /wp-content/uploads/2025/07/1750649215-qizhou1920x1080_11.webp HTTP/1.1" 200 171642 "http://cqqizhou.com/about/" "Mozilla/5.0 (Windows NT 10.0; Win64; x64) AppleWebKit/537.36 (KHTML, like Gecko) Chrome/132.0.0.0 Safari/537.36"
222.222.45.98 - - [15/Jan/2026:08:57:13 +0800] "GET /wp-content/uploads/2025/07/1750649212-qizhou1920x1080_10.webp HTTP/1.1" 200 143362 "http://cqqizhou.com/about/" "Mozilla/5.0 (Windows NT 10.0; Win64; x64) AppleWebKit/537.36 (KHTML, like Gecko) Chrome/132.0.0.0 Safari/537.36"
123.6.49.47 - - [15/Jan/2026:08:57:14 +0800] "GET / HTTP/1.1" 301 5 "-" "Mozilla/5.0 (Linux; Android 10; HUAWEI P30 Pro) AppleWebKit/537.36 (KHTML, like Gecko) Chrome/89.0.4389.105 Mobile Safari/537.36"
123.6.49.44 - - [15/Jan/2026:08:57:16 +0800] "GET / HTTP/1.1" 200 34772 "-" "Mozilla/5.0 (Linux; Android 10; HUAWEI P30 Pro) AppleWebKit/537.36 (KHTML, like Gecko) Chrome/89.0.4389.105 Mobile Safari/537.36"
123.6.49.47 - - [15/Jan/2026:08:57:17 +0800] "GET /wp-content/uploads/2025/07/1751425283-qizhou.kf_.qq_.com_.webp HTTP/1.1" 200 16864 "http://cqqizhou.com/" "Mozilla/5.0 (Linux; Android 10; HUAWEI P30 Pro) AppleWebKit/537.36 (KHTML, like Gecko) Chrome/89.0.4389.105 Mobile Safari/537.36"
123.6.49.47 - - [15/Jan/2026:08:57:17 +0800] "GET /wp-content/uploads/2025/07/1753456723-%E5%8F%8C%E7%9B%B8%E9%92%A2roduct_Single600.webp HTTP/1.1" 200 22790 "http://cqqizhou.com/" "Mozilla/5.0 (Linux; Android 10; HUAWEI P30 Pro) AppleWebKit/537.36 (KHTML, like Gecko) Chrome/89.0.4389.105 Mobile Safari/537.36"
123.6.49.18 - - [15/Jan/2026:08:57:17 +0800] "GET /wp-content/uploads/2025/07/1753456770-%E7%83%AD%E9%95%80%E9%94%8C%E5%8D%B7product_Single600.webp HTTP/1.1" 200 27502 "http://cqqizhou.com/" "Mozilla/5.0 (Linux; Android 10; HUAWEI P30 Pro) AppleWebKit/537.36 (KHTML, like Gecko) Chrome/89.0.4389.105 Mobile Safari/537.36"
123.6.49.47 - - [15/Jan/2026:08:57:17 +0800] "GET /wp-content/uploads/2026/01/1767691466-Article_images_W900%C3%97500px202601061-768x427.webp HTTP/1.1" 200 54742 "http://cqqizhou.com/" "Mozilla/5.0 (Linux; Android 10; HUAWEI P30 Pro) AppleWebKit/537.36 (KHTML, like Gecko) Chrome/89.0.4389.105 Mobile Safari/537.36"
123.6.49.18 - - [15/Jan/2026:08:57:17 +0800] "GET /wp-content/uploads/2025/07/1753453096-%E5%8F%8C%E7%9B%B8%E9%92%A2product_Single600%C3%97284.webp HTTP/1.1" 200 14562 "http://cqqizhou.com/" "Mozilla/5.0 (Linux; Android 10; HUAWEI P30 Pro) AppleWebKit/537.36 (KHTML, like Gecko) Chrome/89.0.4389.105 Mobile Safari/537.36"
123.6.49.44 - - [15/Jan/2026:08:57:17 +0800] "GET /wp-content/uploads/revslider/slider-1/1750861156-logistics_Slider_3840%C3%972160_20250625191356-scaled-768x432.webp HTTP/1.1" 200 31912 "http://cqqizhou.com/" "Mozilla/5.0 (Linux; Android 10; HUAWEI P30 Pro) AppleWebKit/537.36 (KHTML, like Gecko) Chrome/89.0.4389.105 Mobile Safari/537.36"
123.6.49.44 - - [15/Jan/2026:08:57:17 +0800] "GET /wp-content/uploads/2025/07/1753453127-%E4%BD%99%E5%8D%B7product_Single600%C3%97284.webp HTTP/1.1" 200 18744 "http://cqqizhou.com/" "Mozilla/5.0 (Linux; Android 10; HUAWEI P30 Pro) AppleWebKit/537.36 (KHTML, like Gecko) Chrome/89.0.4389.105 Mobile Safari/537.36"
123.6.49.47 - - [15/Jan/2026:08:57:17 +0800] "GET /wp-content/uploads/2025/12/1766647832-Article_images_W900%C3%97500px20251225-768x427.webp HTTP/1.1" 200 55606 "http://cqqizhou.com/" "Mozilla/5.0 (Linux; Android 10; HUAWEI P30 Pro) AppleWebKit/537.36 (KHTML, like Gecko) Chrome/89.0.4389.105 Mobile Safari/537.36"
123.6.49.18 - - [15/Jan/2026:08:57:17 +0800] "GET /wp-content/uploads/2025/12/1766064629-Article_images_20251218212623-768x427.webp HTTP/1.1" 200 27184 "http://cqqizhou.com/" "Mozilla/5.0 (Linux; Android 10; HUAWEI P30 Pro) AppleWebKit/537.36 (KHTML, like Gecko) Chrome/89.0.4389.105 Mobile Safari/537.36"
123.6.49.44 - - [15/Jan/2026:08:57:17 +0800] "GET /wp-content/uploads/2025/12/1765891153-Article20251216211543-768x427.webp HTTP/1.1" 200 53760 "http://cqqizhou.com/" "Mozilla/5.0 (Linux; Android 10; HUAWEI P30 Pro) AppleWebKit/537.36 (KHTML, like Gecko) Chrome/89.0.4389.105 Mobile Safari/537.36"
