14.108.233.156 - - [12/Jan/2026:09:49:42 +0800] "GET /wp-json/elementor/v1/checklist/user-progress HTTP/1.1" 200 222 "http://cqqizhou.com/wp-admin/post.php?post=1297&action=elementor" "Mozilla/5.0 (Windows NT 10.0; Win64; x64) AppleWebKit/537.36 (KHTML, like Gecko) Chrome/143.0.0.0 Safari/537.36 Edg/143.0.0.0"
14.108.233.156 - - [12/Jan/2026:09:49:43 +0800] "POST /wp-admin/admin-ajax.php HTTP/1.1" 200 107 "http://cqqizhou.com/wp-admin/post.php?post=1297&action=elementor" "Mozilla/5.0 (Windows NT 10.0; Win64; x64) AppleWebKit/537.36 (KHTML, like Gecko) Chrome/143.0.0.0 Safari/537.36 Edg/143.0.0.0"
36.133.115.36 - - [12/Jan/2026:09:49:53 +0800] "POST /wp-cron.php?doing_wp_cron=1768182593.6747820377349853515625 HTTP/1.1" 200 31 "-" "WordPress/6.8.3; http://cqqizhou.com"
14.108.233.156 - - [12/Jan/2026:09:49:53 +0800] "POST /wp-admin/admin-ajax.php HTTP/1.1" 200 296 "http://cqqizhou.com/wp-admin/post.php?post=1297&action=elementor" "Mozilla/5.0 (Windows NT 10.0; Win64; x64) AppleWebKit/537.36 (KHTML, like Gecko) Chrome/143.0.0.0 Safari/537.36 Edg/143.0.0.0"
14.108.233.156 - - [12/Jan/2026:09:49:58 +0800] "POST /wp-admin/admin-ajax.php HTTP/1.1" 200 107 "http://cqqizhou.com/wp-admin/post.php?post=1297&action=elementor" "Mozilla/5.0 (Windows NT 10.0; Win64; x64) AppleWebKit/537.36 (KHTML, like Gecko) Chrome/143.0.0.0 Safari/537.36 Edg/143.0.0.0"
14.108.233.156 - - [12/Jan/2026:09:50:13 +0800] "POST /wp-admin/admin-ajax.php HTTP/1.1" 200 107 "http://cqqizhou.com/wp-admin/post.php?post=1297&action=elementor" "Mozilla/5.0 (Windows NT 10.0; Win64; x64) AppleWebKit/537.36 (KHTML, like Gecko) Chrome/143.0.0.0 Safari/537.36 Edg/143.0.0.0"
14.108.233.156 - - [12/Jan/2026:09:50:22 +0800] "GET /wp-json/elementor/v1/checklist/user-progress HTTP/1.1" 200 222 "http://cqqizhou.com/wp-admin/post.php?post=1297&action=elementor" "Mozilla/5.0 (Windows NT 10.0; Win64; x64) AppleWebKit/537.36 (KHTML, like Gecko) Chrome/143.0.0.0 Safari/537.36 Edg/143.0.0.0"
14.108.233.156 - - [12/Jan/2026:09:50:22 +0800] "POST /wp-admin/admin-ajax.php HTTP/1.1" 200 78 "http://cqqizhou.com/wp-admin/edit.php?post_type=page" "Mozilla/5.0 (Windows NT 10.0; Win64; x64) AppleWebKit/537.36 (KHTML, like Gecko) Chrome/143.0.0.0 Safari/537.36 Edg/143.0.0.0"
14.108.233.156 - - [12/Jan/2026:09:50:28 +0800] "POST /wp-admin/admin-ajax.php HTTP/1.1" 200 107 "http://cqqizhou.com/wp-admin/post.php?post=1297&action=elementor" "Mozilla/5.0 (Windows NT 10.0; Win64; x64) AppleWebKit/537.36 (KHTML, like Gecko) Chrome/143.0.0.0 Safari/537.36 Edg/143.0.0.0"
14.108.233.156 - - [12/Jan/2026:09:50:35 +0800] "POST /wp-admin/admin-ajax.php HTTP/1.1" 200 310 "http://cqqizhou.com/wp-admin/post.php?post=1297&action=elementor" "Mozilla/5.0 (Windows NT 10.0; Win64; x64) AppleWebKit/537.36 (KHTML, like Gecko) Chrome/143.0.0.0 Safari/537.36 Edg/143.0.0.0"
14.108.233.156 - - [12/Jan/2026:09:50:43 +0800] "POST /wp-admin/admin-ajax.php HTTP/1.1" 200 107 "http://cqqizhou.com/wp-admin/post.php?post=1297&action=elementor" "Mozilla/5.0 (Windows NT 10.0; Win64; x64) AppleWebKit/537.36 (KHTML, like Gecko) Chrome/143.0.0.0 Safari/537.36 Edg/143.0.0.0"
36.133.115.36 - - [12/Jan/2026:09:50:58 +0800] "POST /wp-cron.php?doing_wp_cron=1768182658.5835149288177490234375 HTTP/1.1" 200 31 "-" "WordPress/6.8.3; http://cqqizhou.com"
14.108.233.156 - - [12/Jan/2026:09:50:58 +0800] "POST /wp-admin/admin-ajax.php HTTP/1.1" 200 107 "http://cqqizhou.com/wp-admin/post.php?post=1297&action=elementor" "Mozilla/5.0 (Windows NT 10.0; Win64; x64) AppleWebKit/537.36 (KHTML, like Gecko) Chrome/143.0.0.0 Safari/537.36 Edg/143.0.0.0"
14.108.233.156 - - [12/Jan/2026:09:51:10 +0800] "POST /wp-admin/admin-ajax.php HTTP/1.1" 200 310 "http://cqqizhou.com/wp-admin/post.php?post=1297&action=elementor" "Mozilla/5.0 (Windows NT 10.0; Win64; x64) AppleWebKit/537.36 (KHTML, like Gecko) Chrome/143.0.0.0 Safari/537.36 Edg/143.0.0.0"
14.108.233.156 - - [12/Jan/2026:09:51:13 +0800] "POST /wp-admin/admin-ajax.php HTTP/1.1" 200 107 "http://cqqizhou.com/wp-admin/post.php?post=1297&action=elementor" "Mozilla/5.0 (Windows NT 10.0; Win64; x64) AppleWebKit/537.36 (KHTML, like Gecko) Chrome/143.0.0.0 Safari/537.36 Edg/143.0.0.0"
193.142.147.209 - - [12/Jan/2026:09:51:23 +0800] "POST / HTTP/1.1" 200 34274 "-" "Mozilla/5.0 (Windows NT 10.0; Win64; x64) AppleWebKit/537.36"
14.108.233.156 - - [12/Jan/2026:09:51:28 +0800] "POST /wp-admin/admin-ajax.php HTTP/1.1" 200 333 "http://cqqizhou.com/wp-admin/post.php?post=1297&action=elementor" "Mozilla/5.0 (Windows NT 10.0; Win64; x64) AppleWebKit/537.36 (KHTML, like Gecko) Chrome/143.0.0.0 Safari/537.36 Edg/143.0.0.0"
14.108.233.156 - - [12/Jan/2026:09:51:28 +0800] "POST /wp-admin/admin-ajax.php HTTP/1.1" 200 107 "http://cqqizhou.com/wp-admin/post.php?post=1297&action=elementor" "Mozilla/5.0 (Windows NT 10.0; Win64; x64) AppleWebKit/537.36 (KHTML, like Gecko) Chrome/143.0.0.0 Safari/537.36 Edg/143.0.0.0"
14.108.233.156 - - [12/Jan/2026:09:51:33 +0800] "POST /wp-admin/admin-ajax.php HTTP/1.1" 200 331 "http://cqqizhou.com/wp-admin/post.php?post=1297&action=elementor" "Mozilla/5.0 (Windows NT 10.0; Win64; x64) AppleWebKit/537.36 (KHTML, like Gecko) Chrome/143.0.0.0 Safari/537.36 Edg/143.0.0.0"
14.108.233.156 - - [12/Jan/2026:09:51:43 +0800] "POST /wp-admin/admin-ajax.php HTTP/1.1" 200 107 "http://cqqizhou.com/wp-admin/post.php?post=1297&action=elementor" "Mozilla/5.0 (Windows NT 10.0; Win64; x64) AppleWebKit/537.36 (KHTML, like Gecko) Chrome/143.0.0.0 Safari/537.36 Edg/143.0.0.0"
36.133.115.36 - - [12/Jan/2026:09:51:58 +0800] "POST /wp-cron.php?doing_wp_cron=1768182718.6257069110870361328125 HTTP/1.1" 200 31 "-" "WordPress/6.8.3; http://cqqizhou.com"
14.108.233.156 - - [12/Jan/2026:09:51:58 +0800] "POST /wp-admin/admin-ajax.php HTTP/1.1" 200 107 "http://cqqizhou.com/wp-admin/post.php?post=1297&action=elementor" "Mozilla/5.0 (Windows NT 10.0; Win64; x64) AppleWebKit/537.36 (KHTML, like Gecko) Chrome/143.0.0.0 Safari/537.36 Edg/143.0.0.0"
14.108.233.156 - - [12/Jan/2026:09:52:13 +0800] "POST /wp-admin/admin-ajax.php HTTP/1.1" 200 107 "http://cqqizhou.com/wp-admin/post.php?post=1297&action=elementor" "Mozilla/5.0 (Windows NT 10.0; Win64; x64) AppleWebKit/537.36 (KHTML, like Gecko) Chrome/143.0.0.0 Safari/537.36 Edg/143.0.0.0"
14.108.233.156 - - [12/Jan/2026:09:52:23 +0800] "POST /wp-admin/admin-ajax.php HTTP/1.1" 200 78 "http://cqqizhou.com/wp-admin/edit.php?post_type=page" "Mozilla/5.0 (Windows NT 10.0; Win64; x64) AppleWebKit/537.36 (KHTML, like Gecko) Chrome/143.0.0.0 Safari/537.36 Edg/143.0.0.0"
14.108.233.156 - - [12/Jan/2026:09:52:28 +0800] "POST /wp-admin/admin-ajax.php HTTP/1.1" 200 107 "http://cqqizhou.com/wp-admin/post.php?post=1297&action=elementor" "Mozilla/5.0 (Windows NT 10.0; Win64; x64) AppleWebKit/537.36 (KHTML, like Gecko) Chrome/143.0.0.0 Safari/537.36 Edg/143.0.0.0"
14.108.233.156 - - [12/Jan/2026:09:52:33 +0800] "GET /wp-json/elementor/v1/checklist/user-progress HTTP/1.1" 200 222 "http://cqqizhou.com/wp-admin/post.php?post=1297&action=elementor" "Mozilla/5.0 (Windows NT 10.0; Win64; x64) AppleWebKit/537.36 (KHTML, like Gecko) Chrome/143.0.0.0 Safari/537.36 Edg/143.0.0.0"
14.108.233.156 - - [12/Jan/2026:09:52:34 +0800] "POST /wp-admin/admin-ajax.php HTTP/1.1" 200 502 "http://cqqizhou.com/wp-admin/post.php?post=1297&action=elementor" "Mozilla/5.0 (Windows NT 10.0; Win64; x64) AppleWebKit/537.36 (KHTML, like Gecko) Chrome/143.0.0.0 Safari/537.36 Edg/143.0.0.0"
14.108.233.156 - - [12/Jan/2026:09:52:35 +0800] "GET /wp-json/elementor/v1/checklist/user-progress HTTP/1.1" 200 222 "http://cqqizhou.com/wp-admin/post.php?post=1297&action=elementor" "Mozilla/5.0 (Windows NT 10.0; Win64; x64) AppleWebKit/537.36 (KHTML, like Gecko) Chrome/143.0.0.0 Safari/537.36 Edg/143.0.0.0"
14.108.233.156 - - [12/Jan/2026:09:52:35 +0800] "POST /wp-admin/admin-ajax.php HTTP/1.1" 200 294 "http://cqqizhou.com/wp-admin/post.php?post=1297&action=elementor" "Mozilla/5.0 (Windows NT 10.0; Win64; x64) AppleWebKit/537.36 (KHTML, like Gecko) Chrome/143.0.0.0 Safari/537.36 Edg/143.0.0.0"
14.108.233.156 - - [12/Jan/2026:09:52:43 +0800] "POST /wp-admin/admin-ajax.php HTTP/1.1" 200 107 "http://cqqizhou.com/wp-admin/post.php?post=1297&action=elementor" "Mozilla/5.0 (Windows NT 10.0; Win64; x64) AppleWebKit/537.36 (KHTML, like Gecko) Chrome/143.0.0.0 Safari/537.36 Edg/143.0.0.0"
36.133.115.36 - - [12/Jan/2026:09:52:58 +0800] "POST /wp-cron.php?doing_wp_cron=1768182778.6452410221099853515625 HTTP/1.1" 200 31 "-" "WordPress/6.8.3; http://cqqizhou.com"
14.108.233.156 - - [12/Jan/2026:09:52:58 +0800] "POST /wp-admin/admin-ajax.php HTTP/1.1" 200 107 "http://cqqizhou.com/wp-admin/post.php?post=1297&action=elementor" "Mozilla/5.0 (Windows NT 10.0; Win64; x64) AppleWebKit/537.36 (KHTML, like Gecko) Chrome/143.0.0.0 Safari/537.36 Edg/143.0.0.0"
14.108.233.156 - - [12/Jan/2026:09:53:13 +0800] "POST /wp-admin/admin-ajax.php HTTP/1.1" 200 107 "http://cqqizhou.com/wp-admin/post.php?post=1297&action=elementor" "Mozilla/5.0 (Windows NT 10.0; Win64; x64) AppleWebKit/537.36 (KHTML, like Gecko) Chrome/143.0.0.0 Safari/537.36 Edg/143.0.0.0"
14.108.233.156 - - [12/Jan/2026:09:53:28 +0800] "POST /wp-admin/admin-ajax.php HTTP/1.1" 200 107 "http://cqqizhou.com/wp-admin/post.php?post=1297&action=elementor" "Mozilla/5.0 (Windows NT 10.0; Win64; x64) AppleWebKit/537.36 (KHTML, like Gecko) Chrome/143.0.0.0 Safari/537.36 Edg/143.0.0.0"
14.108.233.156 - - [12/Jan/2026:09:53:40 +0800] "GET /wp-json/elementor/v1/checklist/user-progress HTTP/1.1" 200 222 "http://cqqizhou.com/wp-admin/post.php?post=1297&action=elementor" "Mozilla/5.0 (Windows NT 10.0; Win64; x64) AppleWebKit/537.36 (KHTML, like Gecko) Chrome/143.0.0.0 Safari/537.36 Edg/143.0.0.0"
14.108.233.156 - - [12/Jan/2026:09:53:40 +0800] "POST /wp-admin/admin-ajax.php HTTP/1.1" 200 441 "http://cqqizhou.com/wp-admin/post.php?post=1297&action=elementor" "Mozilla/5.0 (Windows NT 10.0; Win64; x64) AppleWebKit/537.36 (KHTML, like Gecko) Chrome/143.0.0.0 Safari/537.36 Edg/143.0.0.0"
14.108.233.156 - - [12/Jan/2026:09:53:41 +0800] "GET /wp-json/elementor/v1/checklist/user-progress HTTP/1.1" 200 222 "http://cqqizhou.com/wp-admin/post.php?post=1297&action=elementor" "Mozilla/5.0 (Windows NT 10.0; Win64; x64) AppleWebKit/537.36 (KHTML, like Gecko) Chrome/143.0.0.0 Safari/537.36 Edg/143.0.0.0"
14.108.233.156 - - [12/Jan/2026:09:53:42 +0800] "GET /services/ HTTP/1.1" 200 34188 "http://cqqizhou.com/logistics/service/?elementor-preview=1297&ver=1768182566" "Mozilla/5.0 (Windows NT 10.0; Win64; x64) AppleWebKit/537.36 (KHTML, like Gecko) Chrome/143.0.0.0 Safari/537.36 Edg/143.0.0.0"
14.108.233.156 - - [12/Jan/2026:09:53:43 +0800] "POST /wp-admin/admin-ajax.php HTTP/1.1" 200 107 "http://cqqizhou.com/wp-admin/post.php?post=1297&action=elementor" "Mozilla/5.0 (Windows NT 10.0; Win64; x64) AppleWebKit/537.36 (KHTML, like Gecko) Chrome/143.0.0.0 Safari/537.36 Edg/143.0.0.0"
14.108.233.156 - - [12/Jan/2026:09:53:43 +0800] "POST /wp-admin/admin-ajax.php HTTP/1.1" 200 78 "http://cqqizhou.com/wp-admin/edit.php?post_type=page" "Mozilla/5.0 (Windows NT 10.0; Win64; x64) AppleWebKit/537.36 (KHTML, like Gecko) Chrome/143.0.0.0 Safari/537.36 Edg/143.0.0.0"
36.133.115.36 - - [12/Jan/2026:09:53:52 +0800] "POST /wp-cron.php?doing_wp_cron=1768182832.4377620220184326171875 HTTP/1.1" 200 31 "-" "WordPress/6.8.3; http://cqqizhou.com"
14.108.233.156 - - [12/Jan/2026:09:53:52 +0800] "GET /wp-admin/post.php?post=2239&action=elementor HTTP/1.1" 200 317081 "http://cqqizhou.com/wp-admin/edit.php?post_type=page" "Mozilla/5.0 (Windows NT 10.0; Win64; x64) AppleWebKit/537.36 (KHTML, like Gecko) Chrome/143.0.0.0 Safari/537.36 Edg/143.0.0.0"
14.108.233.156 - - [12/Jan/2026:09:53:53 +0800] "POST /wp-admin/admin-ajax.php HTTP/1.1" 200 78 "http://cqqizhou.com/wp-admin/edit.php?post_type=page" "Mozilla/5.0 (Windows NT 10.0; Win64; x64) AppleWebKit/537.36 (KHTML, like Gecko) Chrome/143.0.0.0 Safari/537.36 Edg/143.0.0.0"
14.108.233.156 - - [12/Jan/2026:09:53:54 +0800] "GET /wp-json/elementor/v1/global-widget/templates HTTP/1.1" 200 33 "http://cqqizhou.com/wp-admin/post.php?post=2239&action=elementor" "Mozilla/5.0 (Windows NT 10.0; Win64; x64) AppleWebKit/537.36 (KHTML, like Gecko) Chrome/143.0.0.0 Safari/537.36 Edg/143.0.0.0"
14.108.233.156 - - [12/Jan/2026:09:53:54 +0800] "GET /wp-json/elementor/v1/site-navigation/recent-posts?posts_per_page=6&_locale=user HTTP/1.1" 200 374 "http://cqqizhou.com/wp-admin/post.php?post=2239&action=elementor" "Mozilla/5.0 (Windows NT 10.0; Win64; x64) AppleWebKit/537.36 (KHTML, like Gecko) Chrome/143.0.0.0 Safari/537.36 Edg/143.0.0.0"
14.108.233.156 - - [12/Jan/2026:09:53:54 +0800] "POST /wp-admin/admin-ajax.php HTTP/1.1" 200 107 "http://cqqizhou.com/wp-admin/post.php?post=2239&action=elementor" "Mozilla/5.0 (Windows NT 10.0; Win64; x64) AppleWebKit/537.36 (KHTML, like Gecko) Chrome/143.0.0.0 Safari/537.36 Edg/143.0.0.0"
14.108.233.156 - - [12/Jan/2026:09:53:54 +0800] "GET /wp-json/elementor/v1/checklist/user-progress HTTP/1.1" 200 222 "http://cqqizhou.com/wp-admin/post.php?post=2239&action=elementor" "Mozilla/5.0 (Windows NT 10.0; Win64; x64) AppleWebKit/537.36 (KHTML, like Gecko) Chrome/143.0.0.0 Safari/537.36 Edg/143.0.0.0"
14.108.233.156 - - [12/Jan/2026:09:53:54 +0800] "GET /media/?elementor-preview=2239&ver=1768182832 HTTP/1.1" 200 20622 "http://cqqizhou.com/wp-admin/post.php?post=2239&action=elementor" "Mozilla/5.0 (Windows NT 10.0; Win64; x64) AppleWebKit/537.36 (KHTML, like Gecko) Chrome/143.0.0.0 Safari/537.36 Edg/143.0.0.0"
14.108.233.156 - - [12/Jan/2026:09:53:54 +0800] "GET /wp-json/elementor/v1/kit-elements-defaults HTTP/1.1" 200 33 "http://cqqizhou.com/wp-admin/post.php?post=2239&action=elementor" "Mozilla/5.0 (Windows NT 10.0; Win64; x64) AppleWebKit/537.36 (KHTML, like Gecko) Chrome/143.0.0.0 Safari/537.36 Edg/143.0.0.0"
14.108.233.156 - - [12/Jan/2026:09:53:55 +0800] "GET /wp-json/elementor/v1/globals HTTP/1.1" 200 336 "http://cqqizhou.com/wp-admin/post.php?post=2239&action=elementor" "Mozilla/5.0 (Windows NT 10.0; Win64; x64) AppleWebKit/537.36 (KHTML, like Gecko) Chrome/143.0.0.0 Safari/537.36 Edg/143.0.0.0"
14.108.233.156 - - [12/Jan/2026:09:53:56 +0800] "GET /wp-content/uploads/media/qizhou_Brochure.webp HTTP/1.1" 200 26142 "http://cqqizhou.com/media/?elementor-preview=2239&ver=1768182832" "Mozilla/5.0 (Windows NT 10.0; Win64; x64) AppleWebKit/537.36 (KHTML, like Gecko) Chrome/143.0.0.0 Safari/537.36 Edg/143.0.0.0"
14.108.233.156 - - [12/Jan/2026:09:53:56 +0800] "GET /wp-content/uploads/2025/11/1762861549-%E5%85%A8%E6%99%AF%E5%90%AF%E8%88%9F%E5%9D%A4%E7%85%8C%E5%BA%93.webp HTTP/1.1" 200 18812 "http://cqqizhou.com/media/?elementor-preview=2239&ver=1768182832" "Mozilla/5.0 (Windows NT 10.0; Win64; x64) AppleWebKit/537.36 (KHTML, like Gecko) Chrome/143.0.0.0 Safari/537.36 Edg/143.0.0.0"
14.108.233.156 - - [12/Jan/2026:09:53:56 +0800] "GET /wp-content/uploads/2025/11/1762861550-%E4%B8%87%E5%98%89%E7%9B%9B%E5%BA%93%E5%85%A8%E6%99%AF%E5%9B%BE.webp HTTP/1.1" 200 24278 "http://cqqizhou.com/media/?elementor-preview=2239&ver=1768182832" "Mozilla/5.0 (Windows NT 10.0; Win64; x64) AppleWebKit/537.36 (KHTML, like Gecko) Chrome/143.0.0.0 Safari/537.36 Edg/143.0.0.0"
14.108.233.156 - - [12/Jan/2026:09:53:56 +0800] "POST /wp-admin/admin-ajax.php HTTP/1.1" 200 568988 "http://cqqizhou.com/wp-admin/post.php?post=2239&action=elementor" "Mozilla/5.0 (Windows NT 10.0; Win64; x64) AppleWebKit/537.36 (KHTML, like Gecko) Chrome/143.0.0.0 Safari/537.36 Edg/143.0.0.0"
14.108.233.156 - - [12/Jan/2026:09:53:56 +0800] "GET /wp-json/elementor/v1/user-data/current-user?context=edit HTTP/1.1" 200 544 "http://cqqizhou.com/wp-admin/post.php?post=2239&action=elementor" "Mozilla/5.0 (Windows NT 10.0; Win64; x64) AppleWebKit/537.36 (KHTML, like Gecko) Chrome/143.0.0.0 Safari/537.36 Edg/143.0.0.0"
14.108.233.156 - - [12/Jan/2026:09:53:57 +0800] "POST /wp-admin/admin-ajax.php HTTP/1.1" 200 381 "http://cqqizhou.com/wp-admin/post.php?post=2239&action=elementor" "Mozilla/5.0 (Windows NT 10.0; Win64; x64) AppleWebKit/537.36 (KHTML, like Gecko) Chrome/143.0.0.0 Safari/537.36 Edg/143.0.0.0"
14.108.233.156 - - [12/Jan/2026:09:54:09 +0800] "POST /wp-admin/admin-ajax.php HTTP/1.1" 200 107 "http://cqqizhou.com/wp-admin/post.php?post=2239&action=elementor" "Mozilla/5.0 (Windows NT 10.0; Win64; x64) AppleWebKit/537.36 (KHTML, like Gecko) Chrome/143.0.0.0 Safari/537.36 Edg/143.0.0.0"
14.108.233.156 - - [12/Jan/2026:09:54:24 +0800] "POST /wp-admin/admin-ajax.php HTTP/1.1" 200 107 "http://cqqizhou.com/wp-admin/post.php?post=2239&action=elementor" "Mozilla/5.0 (Windows NT 10.0; Win64; x64) AppleWebKit/537.36 (KHTML, like Gecko) Chrome/143.0.0.0 Safari/537.36 Edg/143.0.0.0"
14.108.233.156 - - [12/Jan/2026:09:54:39 +0800] "POST /wp-admin/admin-ajax.php HTTP/1.1" 200 107 "http://cqqizhou.com/wp-admin/post.php?post=2239&action=elementor" "Mozilla/5.0 (Windows NT 10.0; Win64; x64) AppleWebKit/537.36 (KHTML, like Gecko) Chrome/143.0.0.0 Safari/537.36 Edg/143.0.0.0"
36.133.115.36 - - [12/Jan/2026:09:54:47 +0800] "POST /wp-cron.php?doing_wp_cron=1768182887.0361769199371337890625 HTTP/1.1" 200 31 "-" "WordPress/6.8.3; http://cqqizhou.com"
14.108.233.156 - - [12/Jan/2026:09:54:47 +0800] "GET /wp-json/elementor/v1/checklist/user-progress HTTP/1.1" 200 222 "http://cqqizhou.com/wp-admin/post.php?post=2239&action=elementor" "Mozilla/5.0 (Windows NT 10.0; Win64; x64) AppleWebKit/537.36 (KHTML, like Gecko) Chrome/143.0.0.0 Safari/537.36 Edg/143.0.0.0"
14.108.233.156 - - [12/Jan/2026:09:54:47 +0800] "POST /wp-admin/admin-ajax.php HTTP/1.1" 200 338 "http://cqqizhou.com/wp-admin/post.php?post=2239&action=elementor" "Mozilla/5.0 (Windows NT 10.0; Win64; x64) AppleWebKit/537.36 (KHTML, like Gecko) Chrome/143.0.0.0 Safari/537.36 Edg/143.0.0.0"
14.108.233.156 - - [12/Jan/2026:09:54:54 +0800] "POST /wp-admin/admin-ajax.php HTTP/1.1" 200 107 "http://cqqizhou.com/wp-admin/post.php?post=2239&action=elementor" "Mozilla/5.0 (Windows NT 10.0; Win64; x64) AppleWebKit/537.36 (KHTML, like Gecko) Chrome/143.0.0.0 Safari/537.36 Edg/143.0.0.0"
14.108.233.156 - - [12/Jan/2026:09:55:09 +0800] "POST /wp-admin/admin-ajax.php HTTP/1.1" 200 107 "http://cqqizhou.com/wp-admin/post.php?post=2239&action=elementor" "Mozilla/5.0 (Windows NT 10.0; Win64; x64) AppleWebKit/537.36 (KHTML, like Gecko) Chrome/143.0.0.0 Safari/537.36 Edg/143.0.0.0"
14.108.233.156 - - [12/Jan/2026:09:55:24 +0800] "POST /wp-admin/admin-ajax.php HTTP/1.1" 200 107 "http://cqqizhou.com/wp-admin/post.php?post=2239&action=elementor" "Mozilla/5.0 (Windows NT 10.0; Win64; x64) AppleWebKit/537.36 (KHTML, like Gecko) Chrome/143.0.0.0 Safari/537.36 Edg/143.0.0.0"
14.108.233.156 - - [12/Jan/2026:09:55:39 +0800] "POST /wp-admin/admin-ajax.php HTTP/1.1" 200 107 "http://cqqizhou.com/wp-admin/post.php?post=2239&action=elementor" "Mozilla/5.0 (Windows NT 10.0; Win64; x64) AppleWebKit/537.36 (KHTML, like Gecko) Chrome/143.0.0.0 Safari/537.36 Edg/143.0.0.0"
14.108.233.156 - - [12/Jan/2026:09:55:43 +0800] "POST /wp-admin/admin-ajax.php HTTP/1.1" 200 107 "http://cqqizhou.com/wp-admin/post.php?post=1297&action=elementor" "Mozilla/5.0 (Windows NT 10.0; Win64; x64) AppleWebKit/537.36 (KHTML, like Gecko) Chrome/143.0.0.0 Safari/537.36 Edg/143.0.0.0"
36.133.115.36 - - [12/Jan/2026:09:55:54 +0800] "POST /wp-cron.php?doing_wp_cron=1768182954.3416359424591064453125 HTTP/1.1" 200 31 "-" "WordPress/6.8.3; http://cqqizhou.com"
14.108.233.156 - - [12/Jan/2026:09:55:54 +0800] "POST /wp-admin/admin-ajax.php HTTP/1.1" 200 107 "http://cqqizhou.com/wp-admin/post.php?post=2239&action=elementor" "Mozilla/5.0 (Windows NT 10.0; Win64; x64) AppleWebKit/537.36 (KHTML, like Gecko) Chrome/143.0.0.0 Safari/537.36 Edg/143.0.0.0"
14.108.233.156 - - [12/Jan/2026:09:55:54 +0800] "POST /wp-admin/admin-ajax.php HTTP/1.1" 200 78 "http://cqqizhou.com/wp-admin/edit.php?post_type=page" "Mozilla/5.0 (Windows NT 10.0; Win64; x64) AppleWebKit/537.36 (KHTML, like Gecko) Chrome/143.0.0.0 Safari/537.36 Edg/143.0.0.0"
14.108.233.156 - - [12/Jan/2026:09:56:09 +0800] "POST /wp-admin/admin-ajax.php HTTP/1.1" 200 107 "http://cqqizhou.com/wp-admin/post.php?post=2239&action=elementor" "Mozilla/5.0 (Windows NT 10.0; Win64; x64) AppleWebKit/537.36 (KHTML, like Gecko) Chrome/143.0.0.0 Safari/537.36 Edg/143.0.0.0"
14.108.233.156 - - [12/Jan/2026:09:56:24 +0800] "POST /wp-admin/admin-ajax.php HTTP/1.1" 200 107 "http://cqqizhou.com/wp-admin/post.php?post=2239&action=elementor" "Mozilla/5.0 (Windows NT 10.0; Win64; x64) AppleWebKit/537.36 (KHTML, like Gecko) Chrome/143.0.0.0 Safari/537.36 Edg/143.0.0.0"
14.108.233.156 - - [12/Jan/2026:09:56:34 +0800] "GET /wp-json/elementor/v1/checklist/user-progress HTTP/1.1" 200 222 "http://cqqizhou.com/wp-admin/post.php?post=2239&action=elementor" "Mozilla/5.0 (Windows NT 10.0; Win64; x64) AppleWebKit/537.36 (KHTML, like Gecko) Chrome/143.0.0.0 Safari/537.36 Edg/143.0.0.0"
14.108.233.156 - - [12/Jan/2026:09:56:35 +0800] "POST /wp-admin/admin-ajax.php HTTP/1.1" 200 433 "http://cqqizhou.com/wp-admin/post.php?post=2239&action=elementor" "Mozilla/5.0 (Windows NT 10.0; Win64; x64) AppleWebKit/537.36 (KHTML, like Gecko) Chrome/143.0.0.0 Safari/537.36 Edg/143.0.0.0"
14.108.233.156 - - [12/Jan/2026:09:56:36 +0800] "GET /wp-json/elementor/v1/checklist/user-progress HTTP/1.1" 200 222 "http://cqqizhou.com/wp-admin/post.php?post=2239&action=elementor" "Mozilla/5.0 (Windows NT 10.0; Win64; x64) AppleWebKit/537.36 (KHTML, like Gecko) Chrome/143.0.0.0 Safari/537.36 Edg/143.0.0.0"
14.108.233.156 - - [12/Jan/2026:09:56:36 +0800] "POST /wp-admin/admin-ajax.php HTTP/1.1" 200 236 "http://cqqizhou.com/wp-admin/post.php?post=2239&action=elementor" "Mozilla/5.0 (Windows NT 10.0; Win64; x64) AppleWebKit/537.36 (KHTML, like Gecko) Chrome/143.0.0.0 Safari/537.36 Edg/143.0.0.0"
14.108.233.156 - - [12/Jan/2026:09:56:39 +0800] "POST /wp-admin/admin-ajax.php HTTP/1.1" 200 107 "http://cqqizhou.com/wp-admin/post.php?post=2239&action=elementor" "Mozilla/5.0 (Windows NT 10.0; Win64; x64) AppleWebKit/537.36 (KHTML, like Gecko) Chrome/143.0.0.0 Safari/537.36 Edg/143.0.0.0"
36.133.115.36 - - [12/Jan/2026:09:56:46 +0800] "POST /wp-cron.php?doing_wp_cron=1768183006.2473440170288085937500 HTTP/1.1" 200 31 "-" "WordPress/6.8.3; http://cqqizhou.com"
14.108.233.156 - - [12/Jan/2026:09:56:46 +0800] "POST /wp-admin/admin-ajax.php HTTP/1.1" 200 346 "http://cqqizhou.com/wp-admin/post.php?post=2239&action=elementor" "Mozilla/5.0 (Windows NT 10.0; Win64; x64) AppleWebKit/537.36 (KHTML, like Gecko) Chrome/143.0.0.0 Safari/537.36 Edg/143.0.0.0"
14.108.233.156 - - [12/Jan/2026:09:56:54 +0800] "POST /wp-admin/admin-ajax.php HTTP/1.1" 200 107 "http://cqqizhou.com/wp-admin/post.php?post=2239&action=elementor" "Mozilla/5.0 (Windows NT 10.0; Win64; x64) AppleWebKit/537.36 (KHTML, like Gecko) Chrome/143.0.0.0 Safari/537.36 Edg/143.0.0.0"
14.108.233.156 - - [12/Jan/2026:09:57:09 +0800] "POST /wp-admin/admin-ajax.php HTTP/1.1" 200 107 "http://cqqizhou.com/wp-admin/post.php?post=2239&action=elementor" "Mozilla/5.0 (Windows NT 10.0; Win64; x64) AppleWebKit/537.36 (KHTML, like Gecko) Chrome/143.0.0.0 Safari/537.36 Edg/143.0.0.0"
14.108.233.156 - - [12/Jan/2026:09:57:24 +0800] "POST /wp-admin/admin-ajax.php HTTP/1.1" 200 107 "http://cqqizhou.com/wp-admin/post.php?post=2239&action=elementor" "Mozilla/5.0 (Windows NT 10.0; Win64; x64) AppleWebKit/537.36 (KHTML, like Gecko) Chrome/143.0.0.0 Safari/537.36 Edg/143.0.0.0"
14.108.233.156 - - [12/Jan/2026:09:57:38 +0800] "GET /wp-json/elementor/v1/checklist/user-progress HTTP/1.1" 200 222 "http://cqqizhou.com/wp-admin/post.php?post=2239&action=elementor" "Mozilla/5.0 (Windows NT 10.0; Win64; x64) AppleWebKit/537.36 (KHTML, like Gecko) Chrome/143.0.0.0 Safari/537.36 Edg/143.0.0.0"
14.108.233.156 - - [12/Jan/2026:09:57:38 +0800] "POST /wp-admin/admin-ajax.php HTTP/1.1" 200 2530 "http://cqqizhou.com/wp-admin/post.php?post=2239&action=elementor" "Mozilla/5.0 (Windows NT 10.0; Win64; x64) AppleWebKit/537.36 (KHTML, like Gecko) Chrome/143.0.0.0 Safari/537.36 Edg/143.0.0.0"
14.108.233.156 - - [12/Jan/2026:09:57:38 +0800] "GET /wp-content/uploads/revslider/slider-1/1750861156-logistics_Slider_3840%C3%972160_20250625191356-scaled-300x169.webp HTTP/1.1" 200 8152 "http://cqqizhou.com/media/?elementor-preview=2239&ver=1768182832" "Mozilla/5.0 (Windows NT 10.0; Win64; x64) AppleWebKit/537.36 (KHTML, like Gecko) Chrome/143.0.0.0 Safari/537.36 Edg/143.0.0.0"
14.108.233.156 - - [12/Jan/2026:09:57:38 +0800] "GET /wp-content/uploads/2026/01/1767691466-Article_images_W900%C3%97500px202601061-300x167.webp HTTP/1.1" 200 13164 "http://cqqizhou.com/media/?elementor-preview=2239&ver=1768182832" "Mozilla/5.0 (Windows NT 10.0; Win64; x64) AppleWebKit/537.36 (KHTML, like Gecko) Chrome/143.0.0.0 Safari/537.36 Edg/143.0.0.0"
14.108.233.156 - - [12/Jan/2026:09:57:38 +0800] "GET /wp-content/uploads/2025/12/1766647832-Article_images_W900%C3%97500px20251225-300x167.webp HTTP/1.1" 200 14578 "http://cqqizhou.com/media/?elementor-preview=2239&ver=1768182832" "Mozilla/5.0 (Windows NT 10.0; Win64; x64) AppleWebKit/537.36 (KHTML, like Gecko) Chrome/143.0.0.0 Safari/537.36 Edg/143.0.0.0"
14.108.233.156 - - [12/Jan/2026:09:57:38 +0800] "GET /wp-content/uploads/2025/12/1765891153-Article20251216211543-300x167.webp HTTP/1.1" 200 13290 "http://cqqizhou.com/media/?elementor-preview=2239&ver=1768182832" "Mozilla/5.0 (Windows NT 10.0; Win64; x64) AppleWebKit/537.36 (KHTML, like Gecko) Chrome/143.0.0.0 Safari/537.36 Edg/143.0.0.0"
14.108.233.156 - - [12/Jan/2026:09:57:38 +0800] "GET /wp-content/uploads/2025/12/1766064629-Article_images_20251218212623-300x167.webp HTTP/1.1" 200 8852 "http://cqqizhou.com/media/?elementor-preview=2239&ver=1768182832" "Mozilla/5.0 (Windows NT 10.0; Win64; x64) AppleWebKit/537.36 (KHTML, like Gecko) Chrome/143.0.0.0 Safari/537.36 Edg/143.0.0.0"
14.108.233.156 - - [12/Jan/2026:09:57:38 +0800] "GET /wp-content/uploads/2025/12/1765891413-20251209103501-300x167.webp HTTP/1.1" 200 9350 "http://cqqizhou.com/media/?elementor-preview=2239&ver=1768182832" "Mozilla/5.0 (Windows NT 10.0; Win64; x64) AppleWebKit/537.36 (KHTML, like Gecko) Chrome/143.0.0.0 Safari/537.36 Edg/143.0.0.0"
14.108.233.156 - - [12/Jan/2026:09:57:39 +0800] "POST /wp-admin/admin-ajax.php HTTP/1.1" 200 107 "http://cqqizhou.com/wp-admin/post.php?post=2239&action=elementor" "Mozilla/5.0 (Windows NT 10.0; Win64; x64) AppleWebKit/537.36 (KHTML, like Gecko) Chrome/143.0.0.0 Safari/537.36 Edg/143.0.0.0"
14.108.233.156 - - [12/Jan/2026:09:57:40 +0800] "GET /2418/ HTTP/1.1" 200 31505 "http://cqqizhou.com/media/?elementor-preview=2239&ver=1768182832" "Mozilla/5.0 (Windows NT 10.0; Win64; x64) AppleWebKit/537.36 (KHTML, like Gecko) Chrome/143.0.0.0 Safari/537.36 Edg/143.0.0.0"
14.108.233.156 - - [12/Jan/2026:09:57:44 +0800] "GET /2354/ HTTP/1.1" 200 28625 "http://cqqizhou.com/media/?elementor-preview=2239&ver=1768182832" "Mozilla/5.0 (Windows NT 10.0; Win64; x64) AppleWebKit/537.36 (KHTML, like Gecko) Chrome/143.0.0.0 Safari/537.36 Edg/143.0.0.0"
14.108.233.156 - - [12/Jan/2026:09:57:44 +0800] "POST /wp-admin/admin-ajax.php HTTP/1.1" 200 107 "http://cqqizhou.com/wp-admin/post.php?post=1297&action=elementor" "Mozilla/5.0 (Windows NT 10.0; Win64; x64) AppleWebKit/537.36 (KHTML, like Gecko) Chrome/143.0.0.0 Safari/537.36 Edg/143.0.0.0"
14.108.233.156 - - [12/Jan/2026:09:57:50 +0800] "GET /2361/ HTTP/1.1" 200 29257 "http://cqqizhou.com/media/?elementor-preview=2239&ver=1768182832" "Mozilla/5.0 (Windows NT 10.0; Win64; x64) AppleWebKit/537.36 (KHTML, like Gecko) Chrome/143.0.0.0 Safari/537.36 Edg/143.0.0.0"
14.108.233.156 - - [12/Jan/2026:09:57:54 +0800] "POST /wp-admin/admin-ajax.php HTTP/1.1" 200 107 "http://cqqizhou.com/wp-admin/post.php?post=2239&action=elementor" "Mozilla/5.0 (Windows NT 10.0; Win64; x64) AppleWebKit/537.36 (KHTML, like Gecko) Chrome/143.0.0.0 Safari/537.36 Edg/143.0.0.0"
14.108.233.156 - - [12/Jan/2026:09:57:55 +0800] "POST /wp-admin/admin-ajax.php HTTP/1.1" 200 2770 "http://cqqizhou.com/wp-admin/post.php?post=2239&action=elementor" "Mozilla/5.0 (Windows NT 10.0; Win64; x64) AppleWebKit/537.36 (KHTML, like Gecko) Chrome/143.0.0.0 Safari/537.36 Edg/143.0.0.0"
14.108.233.156 - - [12/Jan/2026:09:57:55 +0800] "GET /wp-content/uploads/2025/12/1766647832-Article_images_W900%C3%97500px20251225-768x427.webp HTTP/1.1" 200 55606 "http://cqqizhou.com/media/?elementor-preview=2239&ver=1768182832" "Mozilla/5.0 (Windows NT 10.0; Win64; x64) AppleWebKit/537.36 (KHTML, like Gecko) Chrome/143.0.0.0 Safari/537.36 Edg/143.0.0.0"
14.108.233.156 - - [12/Jan/2026:09:57:55 +0800] "GET /wp-content/uploads/2026/01/1767691466-Article_images_W900%C3%97500px202601061-768x427.webp HTTP/1.1" 200 54742 "http://cqqizhou.com/media/?elementor-preview=2239&ver=1768182832" "Mozilla/5.0 (Windows NT 10.0; Win64; x64) AppleWebKit/537.36 (KHTML, like Gecko) Chrome/143.0.0.0 Safari/537.36 Edg/143.0.0.0"
14.108.233.156 - - [12/Jan/2026:09:57:55 +0800] "GET /wp-content/uploads/2025/12/1766064629-Article_images_20251218212623-768x427.webp HTTP/1.1" 200 27184 "http://cqqizhou.com/media/?elementor-preview=2239&ver=1768182832" "Mozilla/5.0 (Windows NT 10.0; Win64; x64) AppleWebKit/537.36 (KHTML, like Gecko) Chrome/143.0.0.0 Safari/537.36 Edg/143.0.0.0"
14.108.233.156 - - [12/Jan/2026:09:57:55 +0800] "GET /wp-content/uploads/revslider/slider-1/1750861156-logistics_Slider_3840%C3%972160_20250625191356-scaled-768x432.webp HTTP/1.1" 200 31912 "http://cqqizhou.com/media/?elementor-preview=2239&ver=1768182832" "Mozilla/5.0 (Windows NT 10.0; Win64; x64) AppleWebKit/537.36 (KHTML, like Gecko) Chrome/143.0.0.0 Safari/537.36 Edg/143.0.0.0"
14.108.233.156 - - [12/Jan/2026:09:57:55 +0800] "GET /wp-content/uploads/2025/12/1765891153-Article20251216211543-768x427.webp HTTP/1.1" 200 53760 "http://cqqizhou.com/media/?elementor-preview=2239&ver=1768182832" "Mozilla/5.0 (Windows NT 10.0; Win64; x64) AppleWebKit/537.36 (KHTML, like Gecko) Chrome/143.0.0.0 Safari/537.36 Edg/143.0.0.0"
14.108.233.156 - - [12/Jan/2026:09:57:55 +0800] "GET /wp-content/uploads/2025/12/1765891413-20251209103501-768x427.webp HTTP/1.1" 200 33494 "http://cqqizhou.com/media/?elementor-preview=2239&ver=1768182832" "Mozilla/5.0 (Windows NT 10.0; Win64; x64) AppleWebKit/537.36 (KHTML, like Gecko) Chrome/143.0.0.0 Safari/537.36 Edg/143.0.0.0"
14.108.233.156 - - [12/Jan/2026:09:57:56 +0800] "POST /wp-admin/admin-ajax.php HTTP/1.1" 200 78 "http://cqqizhou.com/wp-admin/edit.php?post_type=page" "Mozilla/5.0 (Windows NT 10.0; Win64; x64) AppleWebKit/537.36 (KHTML, like Gecko) Chrome/143.0.0.0 Safari/537.36 Edg/143.0.0.0"
14.108.233.156 - - [12/Jan/2026:09:57:57 +0800] "GET /2339/ HTTP/1.1" 200 28870 "http://cqqizhou.com/media/?elementor-preview=2239&ver=1768182832" "Mozilla/5.0 (Windows NT 10.0; Win64; x64) AppleWebKit/537.36 (KHTML, like Gecko) Chrome/143.0.0.0 Safari/537.36 Edg/143.0.0.0"
14.108.233.156 - - [12/Jan/2026:09:57:59 +0800] "GET /2388/ HTTP/1.1" 200 28737 "http://cqqizhou.com/media/?elementor-preview=2239&ver=1768182832" "Mozilla/5.0 (Windows NT 10.0; Win64; x64) AppleWebKit/537.36 (KHTML, like Gecko) Chrome/143.0.0.0 Safari/537.36 Edg/143.0.0.0"
14.108.233.156 - - [12/Jan/2026:09:58:03 +0800] "GET /2420/ HTTP/1.1" 200 27855 "http://cqqizhou.com/media/?elementor-preview=2239&ver=1768182832" "Mozilla/5.0 (Windows NT 10.0; Win64; x64) AppleWebKit/537.36 (KHTML, like Gecko) Chrome/143.0.0.0 Safari/537.36 Edg/143.0.0.0"
14.108.233.156 - - [12/Jan/2026:09:58:09 +0800] "POST /wp-admin/admin-ajax.php HTTP/1.1" 200 107 "http://cqqizhou.com/wp-admin/post.php?post=2239&action=elementor" "Mozilla/5.0 (Windows NT 10.0; Win64; x64) AppleWebKit/537.36 (KHTML, like Gecko) Chrome/143.0.0.0 Safari/537.36 Edg/143.0.0.0"
14.108.233.156 - - [12/Jan/2026:09:58:11 +0800] "POST /wp-admin/admin-ajax.php HTTP/1.1" 200 13324 "http://cqqizhou.com/wp-admin/post.php?post=2239&action=elementor" "Mozilla/5.0 (Windows NT 10.0; Win64; x64) AppleWebKit/537.36 (KHTML, like Gecko) Chrome/143.0.0.0 Safari/537.36 Edg/143.0.0.0"
14.108.233.156 - - [12/Jan/2026:09:58:11 +0800] "GET /wp-content/uploads/2026/01/1767691467-Article_images_W900%C3%97500px202601062.webp HTTP/1.1" 200 49670 "http://cqqizhou.com/media/?elementor-preview=2239&ver=1768182832" "Mozilla/5.0 (Windows NT 10.0; Win64; x64) AppleWebKit/537.36 (KHTML, like Gecko) Chrome/143.0.0.0 Safari/537.36 Edg/143.0.0.0"
14.108.233.156 - - [12/Jan/2026:09:58:11 +0800] "GET /wp-content/uploads/2025/12/1766647829-Article_images_202512251.webp HTTP/1.1" 200 53246 "http://cqqizhou.com/wp-admin/post.php?post=2239&action=elementor" "Mozilla/5.0 (Windows NT 10.0; Win64; x64) AppleWebKit/537.36 (KHTML, like Gecko) Chrome/143.0.0.0 Safari/537.36 Edg/143.0.0.0"
14.108.233.156 - - [12/Jan/2026:09:58:11 +0800] "GET /wp-content/uploads/2025/12/1766647831-Article_images_202512254.webp HTTP/1.1" 200 55610 "http://cqqizhou.com/wp-admin/post.php?post=2239&action=elementor" "Mozilla/5.0 (Windows NT 10.0; Win64; x64) AppleWebKit/537.36 (KHTML, like Gecko) Chrome/143.0.0.0 Safari/537.36 Edg/143.0.0.0"
14.108.233.156 - - [12/Jan/2026:09:58:11 +0800] "GET /wp-content/uploads/2025/12/1766064723-Article_images_20251218212625.webp HTTP/1.1" 200 35132 "http://cqqizhou.com/wp-admin/post.php?post=2239&action=elementor" "Mozilla/5.0 (Windows NT 10.0; Win64; x64) AppleWebKit/537.36 (KHTML, like Gecko) Chrome/143.0.0.0 Safari/537.36 Edg/143.0.0.0"
14.108.233.156 - - [12/Jan/2026:09:58:11 +0800] "GET /wp-content/uploads/2025/12/1766647831-Article_images_202512253.webp HTTP/1.1" 200 115480 "http://cqqizhou.com/wp-admin/post.php?post=2239&action=elementor" "Mozilla/5.0 (Windows NT 10.0; Win64; x64) AppleWebKit/537.36 (KHTML, like Gecko) Chrome/143.0.0.0 Safari/537.36 Edg/143.0.0.0"
14.108.233.156 - - [12/Jan/2026:09:58:11 +0800] "GET /wp-content/uploads/2025/12/1766647830-Article_images_202512252.webp HTTP/1.1" 200 84832 "http://cqqizhou.com/wp-admin/post.php?post=2239&action=elementor" "Mozilla/5.0 (Windows NT 10.0; Win64; x64) AppleWebKit/537.36 (KHTML, like Gecko) Chrome/143.0.0.0 Safari/537.36 Edg/143.0.0.0"
14.108.233.156 - - [12/Jan/2026:09:58:11 +0800] "GET /wp-content/uploads/2025/12/1766064671-Article_images_20251218212624.webp HTTP/1.1" 200 40874 "http://cqqizhou.com/wp-admin/post.php?post=2239&action=elementor" "Mozilla/5.0 (Windows NT 10.0; Win64; x64) AppleWebKit/537.36 (KHTML, like Gecko) Chrome/143.0.0.0 Safari/537.36 Edg/143.0.0.0"
14.108.233.156 - - [12/Jan/2026:09:58:12 +0800] "GET /wp-content/uploads/2025/12/1766373833-Article_images_20251219.webp HTTP/1.1" 200 79910 "http://cqqizhou.com/wp-admin/post.php?post=2239&action=elementor" "Mozilla/5.0 (Windows NT 10.0; Win64; x64) AppleWebKit/537.36 (KHTML, like Gecko) Chrome/143.0.0.0 Safari/537.36 Edg/143.0.0.0"
14.108.233.156 - - [12/Jan/2026:09:58:12 +0800] "GET /wp-content/uploads/2025/12/1766373840-Article_images_20251220.webp HTTP/1.1" 200 40034 "http://cqqizhou.com/wp-admin/post.php?post=2239&action=elementor" "Mozilla/5.0 (Windows NT 10.0; Win64; x64) AppleWebKit/537.36 (KHTML, like Gecko) Chrome/143.0.0.0 Safari/537.36 Edg/143.0.0.0"
14.108.233.156 - - [12/Jan/2026:09:58:12 +0800] "GET /wp-content/uploads/2025/12/1765894221-Article20251216211544.webp HTTP/1.1" 200 75768 "http://cqqizhou.com/wp-admin/post.php?post=2239&action=elementor" "Mozilla/5.0 (Windows NT 10.0; Win64; x64) AppleWebKit/537.36 (KHTML, like Gecko) Chrome/143.0.0.0 Safari/537.36 Edg/143.0.0.0"
14.108.233.156 - - [12/Jan/2026:09:58:12 +0800] "GET /wp-content/uploads/2025/12/1765862012-DSC20251216131140.webp HTTP/1.1" 200 78744 "http://cqqizhou.com/wp-admin/post.php?post=2239&action=elementor" "Mozilla/5.0 (Windows NT 10.0; Win64; x64) AppleWebKit/537.36 (KHTML, like Gecko) Chrome/143.0.0.0 Safari/537.36 Edg/143.0.0.0"
14.108.233.156 - - [12/Jan/2026:09:58:12 +0800] "GET /wp-content/uploads/2025/12/1766375846-Article20251216211545.webp HTTP/1.1" 200 70386 "http://cqqizhou.com/wp-admin/post.php?post=2239&action=elementor" "Mozilla/5.0 (Windows NT 10.0; Win64; x64) AppleWebKit/537.36 (KHTML, like Gecko) Chrome/143.0.0.0 Safari/537.36 Edg/143.0.0.0"
14.108.233.156 - - [12/Jan/2026:09:58:12 +0800] "GET /wp-content/uploads/2025/12/1765248735-20251209104226_108_60.webp HTTP/1.1" 200 55962 "http://cqqizhou.com/wp-admin/post.php?post=2239&action=elementor" "Mozilla/5.0 (Windows NT 10.0; Win64; x64) AppleWebKit/537.36 (KHTML, like Gecko) Chrome/143.0.0.0 Safari/537.36 Edg/143.0.0.0"
14.108.233.156 - - [12/Jan/2026:09:58:12 +0800] "GET /wp-content/uploads/2025/12/1765249046-20251209104228_110_60.webp HTTP/1.1" 200 64834 "http://cqqizhou.com/wp-admin/post.php?post=2239&action=elementor" "Mozilla/5.0 (Windows NT 10.0; Win64; x64) AppleWebKit/537.36 (KHTML, like Gecko) Chrome/143.0.0.0 Safari/537.36 Edg/143.0.0.0"
14.108.233.156 - - [12/Jan/2026:09:58:12 +0800] "GET /wp-content/uploads/2025/12/1765248770-20251209104226_107_60.webp HTTP/1.1" 200 66916 "http://cqqizhou.com/wp-admin/post.php?post=2239&action=elementor" "Mozilla/5.0 (Windows NT 10.0; Win64; x64) AppleWebKit/537.36 (KHTML, like Gecko) Chrome/143.0.0.0 Safari/537.36 Edg/143.0.0.0"
14.108.233.156 - - [12/Jan/2026:09:58:15 +0800] "POST /wp-admin/admin-ajax.php HTTP/1.1" 200 2770 "http://cqqizhou.com/wp-admin/post.php?post=2239&action=elementor" "Mozilla/5.0 (Windows NT 10.0; Win64; x64) AppleWebKit/537.36 (KHTML, like Gecko) Chrome/143.0.0.0 Safari/537.36 Edg/143.0.0.0"
14.108.233.156 - - [12/Jan/2026:09:58:24 +0800] "POST /wp-admin/admin-ajax.php HTTP/1.1" 200 107 "http://cqqizhou.com/wp-admin/post.php?post=2239&action=elementor" "Mozilla/5.0 (Windows NT 10.0; Win64; x64) AppleWebKit/537.36 (KHTML, like Gecko) Chrome/143.0.0.0 Safari/537.36 Edg/143.0.0.0"
14.108.233.156 - - [12/Jan/2026:09:58:38 +0800] "POST /wp-admin/admin-ajax.php HTTP/1.1" 200 2183 "http://cqqizhou.com/wp-admin/post.php?post=2239&action=elementor" "Mozilla/5.0 (Windows NT 10.0; Win64; x64) AppleWebKit/537.36 (KHTML, like Gecko) Chrome/143.0.0.0 Safari/537.36 Edg/143.0.0.0"
14.108.233.156 - - [12/Jan/2026:09:58:39 +0800] "POST /wp-admin/admin-ajax.php HTTP/1.1" 200 107 "http://cqqizhou.com/wp-admin/post.php?post=2239&action=elementor" "Mozilla/5.0 (Windows NT 10.0; Win64; x64) AppleWebKit/537.36 (KHTML, like Gecko) Chrome/143.0.0.0 Safari/537.36 Edg/143.0.0.0"
14.108.233.156 - - [12/Jan/2026:09:58:43 +0800] "POST /wp-admin/admin-ajax.php HTTP/1.1" 200 2086 "http://cqqizhou.com/wp-admin/post.php?post=2239&action=elementor" "Mozilla/5.0 (Windows NT 10.0; Win64; x64) AppleWebKit/537.36 (KHTML, like Gecko) Chrome/143.0.0.0 Safari/537.36 Edg/143.0.0.0"
14.108.233.156 - - [12/Jan/2026:09:58:45 +0800] "POST /wp-admin/admin-ajax.php HTTP/1.1" 200 2183 "http://cqqizhou.com/wp-admin/post.php?post=2239&action=elementor" "Mozilla/5.0 (Windows NT 10.0; Win64; x64) AppleWebKit/537.36 (KHTML, like Gecko) Chrome/143.0.0.0 Safari/537.36 Edg/143.0.0.0"
14.108.233.156 - - [12/Jan/2026:09:58:48 +0800] "POST /wp-admin/admin-ajax.php HTTP/1.1" 200 1107 "http://cqqizhou.com/wp-admin/post.php?post=2239&action=elementor" "Mozilla/5.0 (Windows NT 10.0; Win64; x64) AppleWebKit/537.36 (KHTML, like Gecko) Chrome/143.0.0.0 Safari/537.36 Edg/143.0.0.0"
36.133.115.36 - - [12/Jan/2026:09:58:50 +0800] "POST /wp-cron.php?doing_wp_cron=1768183130.6886689662933349609375 HTTP/1.1" 200 31 "-" "WordPress/6.8.3; http://cqqizhou.com"
14.108.233.156 - - [12/Jan/2026:09:58:50 +0800] "POST /wp-admin/admin-ajax.php HTTP/1.1" 200 2183 "http://cqqizhou.com/wp-admin/post.php?post=2239&action=elementor" "Mozilla/5.0 (Windows NT 10.0; Win64; x64) AppleWebKit/537.36 (KHTML, like Gecko) Chrome/143.0.0.0 Safari/537.36 Edg/143.0.0.0"
14.108.233.156 - - [12/Jan/2026:09:58:54 +0800] "POST /wp-admin/admin-ajax.php HTTP/1.1" 200 107 "http://cqqizhou.com/wp-admin/post.php?post=2239&action=elementor" "Mozilla/5.0 (Windows NT 10.0; Win64; x64) AppleWebKit/537.36 (KHTML, like Gecko) Chrome/143.0.0.0 Safari/537.36 Edg/143.0.0.0"
14.108.233.156 - - [12/Jan/2026:09:59:09 +0800] "POST /wp-admin/admin-ajax.php HTTP/1.1" 200 107 "http://cqqizhou.com/wp-admin/post.php?post=2239&action=elementor" "Mozilla/5.0 (Windows NT 10.0; Win64; x64) AppleWebKit/537.36 (KHTML, like Gecko) Chrome/143.0.0.0 Safari/537.36 Edg/143.0.0.0"
14.108.233.156 - - [12/Jan/2026:09:59:15 +0800] "POST /wp-admin/admin-ajax.php HTTP/1.1" 200 2177 "http://cqqizhou.com/wp-admin/post.php?post=2239&action=elementor" "Mozilla/5.0 (Windows NT 10.0; Win64; x64) AppleWebKit/537.36 (KHTML, like Gecko) Chrome/143.0.0.0 Safari/537.36 Edg/143.0.0.0"
14.108.233.156 - - [12/Jan/2026:09:59:16 +0800] "POST /wp-admin/admin-ajax.php HTTP/1.1" 200 2180 "http://cqqizhou.com/wp-admin/post.php?post=2239&action=elementor" "Mozilla/5.0 (Windows NT 10.0; Win64; x64) AppleWebKit/537.36 (KHTML, like Gecko) Chrome/143.0.0.0 Safari/537.36 Edg/143.0.0.0"
14.108.233.156 - - [12/Jan/2026:09:59:17 +0800] "POST /wp-admin/admin-ajax.php HTTP/1.1" 200 2179 "http://cqqizhou.com/wp-admin/post.php?post=2239&action=elementor" "Mozilla/5.0 (Windows NT 10.0; Win64; x64) AppleWebKit/537.36 (KHTML, like Gecko) Chrome/143.0.0.0 Safari/537.36 Edg/143.0.0.0"
14.108.233.156 - - [12/Jan/2026:09:59:18 +0800] "POST /wp-admin/admin-ajax.php HTTP/1.1" 200 2176 "http://cqqizhou.com/wp-admin/post.php?post=2239&action=elementor" "Mozilla/5.0 (Windows NT 10.0; Win64; x64) AppleWebKit/537.36 (KHTML, like Gecko) Chrome/143.0.0.0 Safari/537.36 Edg/143.0.0.0"
14.108.233.156 - - [12/Jan/2026:09:59:19 +0800] "POST /wp-admin/admin-ajax.php HTTP/1.1" 200 2177 "http://cqqizhou.com/wp-admin/post.php?post=2239&action=elementor" "Mozilla/5.0 (Windows NT 10.0; Win64; x64) AppleWebKit/537.36 (KHTML, like Gecko) Chrome/143.0.0.0 Safari/537.36 Edg/143.0.0.0"
14.108.233.156 - - [12/Jan/2026:09:59:20 +0800] "POST /wp-admin/admin-ajax.php HTTP/1.1" 200 2184 "http://cqqizhou.com/wp-admin/post.php?post=2239&action=elementor" "Mozilla/5.0 (Windows NT 10.0; Win64; x64) AppleWebKit/537.36 (KHTML, like Gecko) Chrome/143.0.0.0 Safari/537.36 Edg/143.0.0.0"
14.108.233.156 - - [12/Jan/2026:09:59:21 +0800] "POST /wp-admin/admin-ajax.php HTTP/1.1" 200 2180 "http://cqqizhou.com/wp-admin/post.php?post=2239&action=elementor" "Mozilla/5.0 (Windows NT 10.0; Win64; x64) AppleWebKit/537.36 (KHTML, like Gecko) Chrome/143.0.0.0 Safari/537.36 Edg/143.0.0.0"
14.108.233.156 - - [12/Jan/2026:09:59:24 +0800] "POST /wp-admin/admin-ajax.php HTTP/1.1" 200 107 "http://cqqizhou.com/wp-admin/post.php?post=2239&action=elementor" "Mozilla/5.0 (Windows NT 10.0; Win64; x64) AppleWebKit/537.36 (KHTML, like Gecko) Chrome/143.0.0.0 Safari/537.36 Edg/143.0.0.0"
14.108.233.156 - - [12/Jan/2026:09:59:26 +0800] "POST /wp-admin/admin-ajax.php HTTP/1.1" 200 2182 "http://cqqizhou.com/wp-admin/post.php?post=2239&action=elementor" "Mozilla/5.0 (Windows NT 10.0; Win64; x64) AppleWebKit/537.36 (KHTML, like Gecko) Chrome/143.0.0.0 Safari/537.36 Edg/143.0.0.0"
14.108.233.156 - - [12/Jan/2026:09:59:27 +0800] "POST /wp-admin/admin-ajax.php HTTP/1.1" 200 2190 "http://cqqizhou.com/wp-admin/post.php?post=2239&action=elementor" "Mozilla/5.0 (Windows NT 10.0; Win64; x64) AppleWebKit/537.36 (KHTML, like Gecko) Chrome/143.0.0.0 Safari/537.36 Edg/143.0.0.0"
14.108.233.156 - - [12/Jan/2026:09:59:28 +0800] "POST /wp-admin/admin-ajax.php HTTP/1.1" 200 2187 "http://cqqizhou.com/wp-admin/post.php?post=2239&action=elementor" "Mozilla/5.0 (Windows NT 10.0; Win64; x64) AppleWebKit/537.36 (KHTML, like Gecko) Chrome/143.0.0.0 Safari/537.36 Edg/143.0.0.0"
14.108.233.156 - - [12/Jan/2026:09:59:32 +0800] "POST /wp-admin/admin-ajax.php HTTP/1.1" 200 2206 "http://cqqizhou.com/wp-admin/post.php?post=2239&action=elementor" "Mozilla/5.0 (Windows NT 10.0; Win64; x64) AppleWebKit/537.36 (KHTML, like Gecko) Chrome/143.0.0.0 Safari/537.36 Edg/143.0.0.0"
14.108.233.156 - - [12/Jan/2026:09:59:39 +0800] "POST /wp-admin/admin-ajax.php HTTP/1.1" 200 107 "http://cqqizhou.com/wp-admin/post.php?post=2239&action=elementor" "Mozilla/5.0 (Windows NT 10.0; Win64; x64) AppleWebKit/537.36 (KHTML, like Gecko) Chrome/143.0.0.0 Safari/537.36 Edg/143.0.0.0"
14.108.233.156 - - [12/Jan/2026:09:59:43 +0800] "POST /wp-admin/admin-ajax.php HTTP/1.1" 200 2206 "http://cqqizhou.com/wp-admin/post.php?post=2239&action=elementor" "Mozilla/5.0 (Windows NT 10.0; Win64; x64) AppleWebKit/537.36 (KHTML, like Gecko) Chrome/143.0.0.0 Safari/537.36 Edg/143.0.0.0"
14.108.233.156 - - [12/Jan/2026:09:59:45 +0800] "POST /wp-admin/admin-ajax.php HTTP/1.1" 200 107 "http://cqqizhou.com/wp-admin/post.php?post=1297&action=elementor" "Mozilla/5.0 (Windows NT 10.0; Win64; x64) AppleWebKit/537.36 (KHTML, like Gecko) Chrome/143.0.0.0 Safari/537.36 Edg/143.0.0.0"
36.133.115.36 - - [12/Jan/2026:09:59:50 +0800] "POST /wp-cron.php?doing_wp_cron=1768183190.8790090084075927734375 HTTP/1.1" 200 31 "-" "WordPress/6.8.3; http://cqqizhou.com"
14.108.233.156 - - [12/Jan/2026:09:59:51 +0800] "POST /wp-admin/admin-ajax.php HTTP/1.1" 200 2206 "http://cqqizhou.com/wp-admin/post.php?post=2239&action=elementor" "Mozilla/5.0 (Windows NT 10.0; Win64; x64) AppleWebKit/537.36 (KHTML, like Gecko) Chrome/143.0.0.0 Safari/537.36 Edg/143.0.0.0"
14.108.233.156 - - [12/Jan/2026:09:59:54 +0800] "POST /wp-admin/admin-ajax.php HTTP/1.1" 200 107 "http://cqqizhou.com/wp-admin/post.php?post=2239&action=elementor" "Mozilla/5.0 (Windows NT 10.0; Win64; x64) AppleWebKit/537.36 (KHTML, like Gecko) Chrome/143.0.0.0 Safari/537.36 Edg/143.0.0.0"
14.108.233.156 - - [12/Jan/2026:09:59:56 +0800] "POST /wp-admin/admin-ajax.php HTTP/1.1" 200 78 "http://cqqizhou.com/wp-admin/edit.php?post_type=page" "Mozilla/5.0 (Windows NT 10.0; Win64; x64) AppleWebKit/537.36 (KHTML, like Gecko) Chrome/143.0.0.0 Safari/537.36 Edg/143.0.0.0"
14.108.233.156 - - [12/Jan/2026:10:00:02 +0800] "POST /wp-admin/admin-ajax.php HTTP/1.1" 200 2206 "http://cqqizhou.com/wp-admin/post.php?post=2239&action=elementor" "Mozilla/5.0 (Windows NT 10.0; Win64; x64) AppleWebKit/537.36 (KHTML, like Gecko) Chrome/143.0.0.0 Safari/537.36 Edg/143.0.0.0"
14.108.233.156 - - [12/Jan/2026:10:00:08 +0800] "POST /wp-admin/admin-ajax.php HTTP/1.1" 200 2206 "http://cqqizhou.com/wp-admin/post.php?post=2239&action=elementor" "Mozilla/5.0 (Windows NT 10.0; Win64; x64) AppleWebKit/537.36 (KHTML, like Gecko) Chrome/143.0.0.0 Safari/537.36 Edg/143.0.0.0"
14.108.233.156 - - [12/Jan/2026:10:00:09 +0800] "POST /wp-admin/admin-ajax.php HTTP/1.1" 200 107 "http://cqqizhou.com/wp-admin/post.php?post=2239&action=elementor" "Mozilla/5.0 (Windows NT 10.0; Win64; x64) AppleWebKit/537.36 (KHTML, like Gecko) Chrome/143.0.0.0 Safari/537.36 Edg/143.0.0.0"
14.108.233.156 - - [12/Jan/2026:10:00:18 +0800] "POST /wp-admin/admin-ajax.php HTTP/1.1" 200 2206 "http://cqqizhou.com/wp-admin/post.php?post=2239&action=elementor" "Mozilla/5.0 (Windows NT 10.0; Win64; x64) AppleWebKit/537.36 (KHTML, like Gecko) Chrome/143.0.0.0 Safari/537.36 Edg/143.0.0.0"
14.108.233.156 - - [12/Jan/2026:10:00:24 +0800] "POST /wp-admin/admin-ajax.php HTTP/1.1" 200 107 "http://cqqizhou.com/wp-admin/post.php?post=2239&action=elementor" "Mozilla/5.0 (Windows NT 10.0; Win64; x64) AppleWebKit/537.36 (KHTML, like Gecko) Chrome/143.0.0.0 Safari/537.36 Edg/143.0.0.0"
14.108.233.156 - - [12/Jan/2026:10:00:38 +0800] "POST /wp-admin/admin-ajax.php HTTP/1.1" 200 2761 "http://cqqizhou.com/wp-admin/post.php?post=2239&action=elementor" "Mozilla/5.0 (Windows NT 10.0; Win64; x64) AppleWebKit/537.36 (KHTML, like Gecko) Chrome/143.0.0.0 Safari/537.36 Edg/143.0.0.0"
14.108.233.156 - - [12/Jan/2026:10:00:39 +0800] "POST /wp-admin/admin-ajax.php HTTP/1.1" 200 107 "http://cqqizhou.com/wp-admin/post.php?post=2239&action=elementor" "Mozilla/5.0 (Windows NT 10.0; Win64; x64) AppleWebKit/537.36 (KHTML, like Gecko) Chrome/143.0.0.0 Safari/537.36 Edg/143.0.0.0"
36.133.115.36 - - [12/Jan/2026:10:00:54 +0800] "POST /wp-cron.php?doing_wp_cron=1768183254.5029969215393066406250 HTTP/1.1" 200 31 "-" "WordPress/6.8.3; http://cqqizhou.com"
14.108.233.156 - - [12/Jan/2026:10:00:54 +0800] "POST /wp-admin/admin-ajax.php HTTP/1.1" 200 107 "http://cqqizhou.com/wp-admin/post.php?post=2239&action=elementor" "Mozilla/5.0 (Windows NT 10.0; Win64; x64) AppleWebKit/537.36 (KHTML, like Gecko) Chrome/143.0.0.0 Safari/537.36 Edg/143.0.0.0"
14.108.233.156 - - [12/Jan/2026:10:00:57 +0800] "POST /wp-admin/admin-ajax.php HTTP/1.1" 200 2761 "http://cqqizhou.com/wp-admin/post.php?post=2239&action=elementor" "Mozilla/5.0 (Windows NT 10.0; Win64; x64) AppleWebKit/537.36 (KHTML, like Gecko) Chrome/143.0.0.0 Safari/537.36 Edg/143.0.0.0"
14.108.233.156 - - [12/Jan/2026:10:01:01 +0800] "POST /wp-admin/admin-ajax.php HTTP/1.1" 200 2761 "http://cqqizhou.com/wp-admin/post.php?post=2239&action=elementor" "Mozilla/5.0 (Windows NT 10.0; Win64; x64) AppleWebKit/537.36 (KHTML, like Gecko) Chrome/143.0.0.0 Safari/537.36 Edg/143.0.0.0"
14.108.233.156 - - [12/Jan/2026:10:01:02 +0800] "POST /wp-admin/admin-ajax.php HTTP/1.1" 200 2761 "http://cqqizhou.com/wp-admin/post.php?post=2239&action=elementor" "Mozilla/5.0 (Windows NT 10.0; Win64; x64) AppleWebKit/537.36 (KHTML, like Gecko) Chrome/143.0.0.0 Safari/537.36 Edg/143.0.0.0"
14.108.233.156 - - [12/Jan/2026:10:01:09 +0800] "POST /wp-admin/admin-ajax.php HTTP/1.1" 200 107 "http://cqqizhou.com/wp-admin/post.php?post=2239&action=elementor" "Mozilla/5.0 (Windows NT 10.0; Win64; x64) AppleWebKit/537.36 (KHTML, like Gecko) Chrome/143.0.0.0 Safari/537.36 Edg/143.0.0.0"
14.108.233.156 - - [12/Jan/2026:10:01:17 +0800] "POST /wp-admin/admin-ajax.php HTTP/1.1" 200 2761 "http://cqqizhou.com/wp-admin/post.php?post=2239&action=elementor" "Mozilla/5.0 (Windows NT 10.0; Win64; x64) AppleWebKit/537.36 (KHTML, like Gecko) Chrome/143.0.0.0 Safari/537.36 Edg/143.0.0.0"
14.108.233.156 - - [12/Jan/2026:10:01:24 +0800] "POST /wp-admin/admin-ajax.php HTTP/1.1" 200 107 "http://cqqizhou.com/wp-admin/post.php?post=2239&action=elementor" "Mozilla/5.0 (Windows NT 10.0; Win64; x64) AppleWebKit/537.36 (KHTML, like Gecko) Chrome/143.0.0.0 Safari/537.36 Edg/143.0.0.0"
