14.108.233.163 - - [12/Jan/2026:15:13:32 +0800] "GET /wp-content/uploads/2026/01/1767691467-Article_images_W900%C3%97500px202601062.webp HTTP/1.1" 200 49670 "http://cqqizhou.com/2420/" "Mozilla/5.0 (Windows NT 10.0; Win64; x64) AppleWebKit/537.36 (KHTML, like Gecko) Chrome/132.0.0.0 Safari/537.36 NetType/WIFI MicroMessenger/7.0.20.1781(0x6700143B) WindowsWechat(0x63090a13) UnifiedPCWindowsWechat(0xf254160e) XWEB/18055 Flue"
14.108.233.163 - - [12/Jan/2026:15:13:33 +0800] "POST /wp-admin/admin-ajax.php HTTP/1.1" 200 95 "http://cqqizhou.com/2420/" "Mozilla/5.0 (Windows NT 10.0; Win64; x64) AppleWebKit/537.36 (KHTML, like Gecko) Chrome/132.0.0.0 Safari/537.36 NetType/WIFI MicroMessenger/7.0.20.1781(0x6700143B) WindowsWechat(0x63090a13) UnifiedPCWindowsWechat(0xf254160e) XWEB/18055 Flue"
36.133.115.36 - - [12/Jan/2026:15:14:20 +0800] "POST /wp-cron.php?doing_wp_cron=1768202060.2736680507659912109375 HTTP/1.1" 200 31 "-" "WordPress/6.8.3; http://cqqizhou.com"
14.108.233.163 - - [12/Jan/2026:15:14:20 +0800] "POST /wp-admin/admin-ajax.php HTTP/1.1" 200 116 "http://cqqizhou.com/media/" "Mozilla/5.0 (Windows NT 10.0; Win64; x64) AppleWebKit/537.36 (KHTML, like Gecko) Chrome/132.0.0.0 Safari/537.36 NetType/WIFI MicroMessenger/7.0.20.1781(0x6700143B) WindowsWechat(0x63090a13) UnifiedPCWindowsWechat(0xf254160e) XWEB/18055 Flue"
14.108.233.163 - - [12/Jan/2026:15:14:30 +0800] "GET /wp-content/uploads/2025/11/1762908477-QZ_Photo-2.webp HTTP/1.1" 200 185928 "http://cqqizhou.com/media/" "Mozilla/5.0 (Windows NT 10.0; Win64; x64) AppleWebKit/537.36 (KHTML, like Gecko) Chrome/132.0.0.0 Safari/537.36 NetType/WIFI MicroMessenger/7.0.20.1781(0x6700143B) WindowsWechat(0x63090a13) UnifiedPCWindowsWechat(0xf254160e) XWEB/18055 Flue"
14.108.233.163 - - [12/Jan/2026:15:14:30 +0800] "GET /wp-content/uploads/2025/11/1762864378-QZ_Photo-5.webp HTTP/1.1" 200 150306 "http://cqqizhou.com/media/" "Mozilla/5.0 (Windows NT 10.0; Win64; x64) AppleWebKit/537.36 (KHTML, like Gecko) Chrome/132.0.0.0 Safari/537.36 NetType/WIFI MicroMessenger/7.0.20.1781(0x6700143B) WindowsWechat(0x63090a13) UnifiedPCWindowsWechat(0xf254160e) XWEB/18055 Flue"
14.108.233.163 - - [12/Jan/2026:15:14:30 +0800] "GET /wp-content/uploads/2025/11/1762864379-QZ_Photo-6.webp HTTP/1.1" 200 121336 "http://cqqizhou.com/media/" "Mozilla/5.0 (Windows NT 10.0; Win64; x64) AppleWebKit/537.36 (KHTML, like Gecko) Chrome/132.0.0.0 Safari/537.36 NetType/WIFI MicroMessenger/7.0.20.1781(0x6700143B) WindowsWechat(0x63090a13) UnifiedPCWindowsWechat(0xf254160e) XWEB/18055 Flue"
14.108.233.163 - - [12/Jan/2026:15:14:30 +0800] "GET /wp-content/uploads/2025/11/1762864369-QZ_Photo-11.webp HTTP/1.1" 200 240198 "http://cqqizhou.com/media/" "Mozilla/5.0 (Windows NT 10.0; Win64; x64) AppleWebKit/537.36 (KHTML, like Gecko) Chrome/132.0.0.0 Safari/537.36 NetType/WIFI MicroMessenger/7.0.20.1781(0x6700143B) WindowsWechat(0x63090a13) UnifiedPCWindowsWechat(0xf254160e) XWEB/18055 Flue"
14.108.233.163 - - [12/Jan/2026:15:14:31 +0800] "GET /wp-content/uploads/2025/11/1762864376-QZ_Photo-4.webp HTTP/1.1" 200 249734 "http://cqqizhou.com/media/" "Mozilla/5.0 (Windows NT 10.0; Win64; x64) AppleWebKit/537.36 (KHTML, like Gecko) Chrome/132.0.0.0 Safari/537.36 NetType/WIFI MicroMessenger/7.0.20.1781(0x6700143B) WindowsWechat(0x63090a13) UnifiedPCWindowsWechat(0xf254160e) XWEB/18055 Flue"
14.108.233.163 - - [12/Jan/2026:15:14:31 +0800] "GET /wp-content/uploads/2025/11/1762908489-QZ_Photo-9.webp HTTP/1.1" 200 149094 "http://cqqizhou.com/media/" "Mozilla/5.0 (Windows NT 10.0; Win64; x64) AppleWebKit/537.36 (KHTML, like Gecko) Chrome/132.0.0.0 Safari/537.36 NetType/WIFI MicroMessenger/7.0.20.1781(0x6700143B) WindowsWechat(0x63090a13) UnifiedPCWindowsWechat(0xf254160e) XWEB/18055 Flue"
14.108.233.163 - - [12/Jan/2026:15:14:31 +0800] "GET /wp-content/uploads/2025/11/1762864385-QZ_Photo-10.webp HTTP/1.1" 200 145408 "http://cqqizhou.com/media/" "Mozilla/5.0 (Windows NT 10.0; Win64; x64) AppleWebKit/537.36 (KHTML, like Gecko) Chrome/132.0.0.0 Safari/537.36 NetType/WIFI MicroMessenger/7.0.20.1781(0x6700143B) WindowsWechat(0x63090a13) UnifiedPCWindowsWechat(0xf254160e) XWEB/18055 Flue"
14.108.233.163 - - [12/Jan/2026:15:14:31 +0800] "GET /wp-content/uploads/2025/11/1762864375-QZ_Photo-3.webp HTTP/1.1" 200 338100 "http://cqqizhou.com/media/" "Mozilla/5.0 (Windows NT 10.0; Win64; x64) AppleWebKit/537.36 (KHTML, like Gecko) Chrome/132.0.0.0 Safari/537.36 NetType/WIFI MicroMessenger/7.0.20.1781(0x6700143B) WindowsWechat(0x63090a13) UnifiedPCWindowsWechat(0xf254160e) XWEB/18055 Flue"
14.108.233.163 - - [12/Jan/2026:15:14:31 +0800] "GET /wp-content/uploads/2025/11/1762864370-QZ_Photo-1.webp HTTP/1.1" 200 162970 "http://cqqizhou.com/media/" "Mozilla/5.0 (Windows NT 10.0; Win64; x64) AppleWebKit/537.36 (KHTML, like Gecko) Chrome/132.0.0.0 Safari/537.36 NetType/WIFI MicroMessenger/7.0.20.1781(0x6700143B) WindowsWechat(0x63090a13) UnifiedPCWindowsWechat(0xf254160e) XWEB/18055 Flue"
14.108.233.163 - - [12/Jan/2026:15:14:58 +0800] "GET / HTTP/1.1" 200 40495 "-" "Mozilla/5.0 (Windows NT 10.0; Win64; x64) AppleWebKit/537.36 (KHTML, like Gecko) Chrome/132.0.0.0 Safari/537.36"
14.108.233.163 - - [12/Jan/2026:15:14:58 +0800] "GET /wp-content/uploads/2025/07/1751425283-qizhou.kf_.qq_.com_.webp HTTP/1.1" 200 16864 "http://cqqizhou.com/" "Mozilla/5.0 (Windows NT 10.0; Win64; x64) AppleWebKit/537.36 (KHTML, like Gecko) Chrome/132.0.0.0 Safari/537.36"
14.108.233.163 - - [12/Jan/2026:15:15:01 +0800] "GET /wp-content/uploads/2025/12/1765268955-qizhou_Slider1_3840%C3%972160_20251210-scaled.webp HTTP/1.1" 200 152162 "http://cqqizhou.com/" "Mozilla/5.0 (Windows NT 10.0; Win64; x64) AppleWebKit/537.36 (KHTML, like Gecko) Chrome/132.0.0.0 Safari/537.36"
14.108.233.163 - - [12/Jan/2026:15:15:01 +0800] "GET /wp-content/uploads/2025/12/1765265398-qizhou_Slider_3840%C3%972160_20251209-scaled-50x100.webp HTTP/1.1" 200 2166 "http://cqqizhou.com/" "Mozilla/5.0 (Windows NT 10.0; Win64; x64) AppleWebKit/537.36 (KHTML, like Gecko) Chrome/132.0.0.0 Safari/537.36"
14.108.233.163 - - [12/Jan/2026:15:15:01 +0800] "GET /wp-content/uploads/revslider/slider-1/1750861156-logistics_Slider_3840%C3%972160_20250625191356-scaled-50x100.webp HTTP/1.1" 200 1416 "http://cqqizhou.com/" "Mozilla/5.0 (Windows NT 10.0; Win64; x64) AppleWebKit/537.36 (KHTML, like Gecko) Chrome/132.0.0.0 Safari/537.36"
14.108.233.163 - - [12/Jan/2026:15:15:01 +0800] "GET /wp-content/uploads/2025/07/1753453096-%E5%8F%8C%E7%9B%B8%E9%92%A2product_Single600%C3%97284.webp HTTP/1.1" 200 14562 "http://cqqizhou.com/" "Mozilla/5.0 (Windows NT 10.0; Win64; x64) AppleWebKit/537.36 (KHTML, like Gecko) Chrome/132.0.0.0 Safari/537.36"
14.108.233.163 - - [12/Jan/2026:15:15:01 +0800] "GET /wp-content/uploads/2025/07/1753456770-%E7%83%AD%E9%95%80%E9%94%8C%E5%8D%B7product_Single600.webp HTTP/1.1" 200 27502 "http://cqqizhou.com/" "Mozilla/5.0 (Windows NT 10.0; Win64; x64) AppleWebKit/537.36 (KHTML, like Gecko) Chrome/132.0.0.0 Safari/537.36"
14.108.233.163 - - [12/Jan/2026:15:15:01 +0800] "GET /wp-content/uploads/2025/07/1753456723-%E5%8F%8C%E7%9B%B8%E9%92%A2roduct_Single600.webp HTTP/1.1" 200 22790 "http://cqqizhou.com/" "Mozilla/5.0 (Windows NT 10.0; Win64; x64) AppleWebKit/537.36 (KHTML, like Gecko) Chrome/132.0.0.0 Safari/537.36"
14.108.233.163 - - [12/Jan/2026:15:15:01 +0800] "GET /wp-content/uploads/2025/07/1753453127-%E4%BD%99%E5%8D%B7product_Single600%C3%97284.webp HTTP/1.1" 200 18744 "http://cqqizhou.com/" "Mozilla/5.0 (Windows NT 10.0; Win64; x64) AppleWebKit/537.36 (KHTML, like Gecko) Chrome/132.0.0.0 Safari/537.36"
36.133.115.36 - - [12/Jan/2026:15:15:01 +0800] "POST /wp-cron.php?doing_wp_cron=1768202101.7566759586334228515625 HTTP/1.1" 200 31 "-" "WordPress/6.8.3; http://cqqizhou.com"
14.108.233.163 - - [12/Jan/2026:15:15:01 +0800] "POST /wp-admin/admin-ajax.php HTTP/1.1" 200 95 "http://cqqizhou.com/" "Mozilla/5.0 (Windows NT 10.0; Win64; x64) AppleWebKit/537.36 (KHTML, like Gecko) Chrome/132.0.0.0 Safari/537.36"
14.108.233.163 - - [12/Jan/2026:15:15:02 +0800] "GET /wp-json/sliderrevolution/sliders/1?srengine=7&slideid=2 HTTP/1.1" 200 2058 "http://cqqizhou.com/" "Mozilla/5.0 (Windows NT 10.0; Win64; x64) AppleWebKit/537.36 (KHTML, like Gecko) Chrome/132.0.0.0 Safari/537.36"
14.108.233.163 - - [12/Jan/2026:15:15:02 +0800] "GET /wp-json/sliderrevolution/sliders/1?srengine=7&slideid=3 HTTP/1.1" 200 2286 "http://cqqizhou.com/" "Mozilla/5.0 (Windows NT 10.0; Win64; x64) AppleWebKit/537.36 (KHTML, like Gecko) Chrome/132.0.0.0 Safari/537.36"
14.108.233.163 - - [12/Jan/2026:15:15:02 +0800] "GET /wp-content/uploads/revslider/slider-1/1750861156-logistics_Slider_3840%C3%972160_20250625191356-scaled.webp HTTP/1.1" 200 197360 "http://cqqizhou.com/" "Mozilla/5.0 (Windows NT 10.0; Win64; x64) AppleWebKit/537.36 (KHTML, like Gecko) Chrome/132.0.0.0 Safari/537.36"
14.108.233.163 - - [12/Jan/2026:15:15:02 +0800] "GET /wp-content/uploads/2025/12/1765265398-qizhou_Slider_3840%C3%972160_20251209-scaled.webp HTTP/1.1" 200 175208 "http://cqqizhou.com/" "Mozilla/5.0 (Windows NT 10.0; Win64; x64) AppleWebKit/537.36 (KHTML, like Gecko) Chrome/132.0.0.0 Safari/537.36"
14.108.233.163 - - [12/Jan/2026:15:15:18 +0800] "GET /wp-content/uploads/2025/07/1750174127-Marketing1920x800_3.webp HTTP/1.1" 200 52790 "http://cqqizhou.com/wp-content/uploads/elementor/css/post-1666.css?ver=1768190650" "Mozilla/5.0 (Windows NT 10.0; Win64; x64) AppleWebKit/537.36 (KHTML, like Gecko) Chrome/132.0.0.0 Safari/537.36"
14.108.233.163 - - [12/Jan/2026:15:15:20 +0800] "GET /wp-content/uploads/2025/12/1765268955-qizhou_Slider1_3840%C3%972160_20251210-scaled-50x100.webp HTTP/1.1" 200 1812 "http://cqqizhou.com/" "Mozilla/5.0 (Windows NT 10.0; Win64; x64) AppleWebKit/537.36 (KHTML, like Gecko) Chrome/132.0.0.0 Safari/537.36"
14.108.233.163 - - [12/Jan/2026:15:15:25 +0800] "GET /wp-content/uploads/2025/07/1751829454-Smart-warehousing800x500.webp HTTP/1.1" 200 79504 "http://cqqizhou.com/wp-content/uploads/elementor/css/post-1666.css?ver=1768190650" "Mozilla/5.0 (Windows NT 10.0; Win64; x64) AppleWebKit/537.36 (KHTML, like Gecko) Chrome/132.0.0.0 Safari/537.36"
14.108.233.163 - - [12/Jan/2026:15:15:25 +0800] "GET /wp-content/uploads/2025/07/1751988544-Logistics-delivery_images_W900%C3%97300.webp HTTP/1.1" 200 26142 "http://cqqizhou.com/wp-content/uploads/elementor/css/post-1666.css?ver=1768190650" "Mozilla/5.0 (Windows NT 10.0; Win64; x64) AppleWebKit/537.36 (KHTML, like Gecko) Chrome/132.0.0.0 Safari/537.36"
14.108.233.163 - - [12/Jan/2026:15:15:25 +0800] "GET /wp-content/uploads/2026/01/1767691466-Article_images_W900%C3%97500px202601061.webp HTTP/1.1" 200 56014 "http://cqqizhou.com/" "Mozilla/5.0 (Windows NT 10.0; Win64; x64) AppleWebKit/537.36 (KHTML, like Gecko) Chrome/132.0.0.0 Safari/537.36"
14.108.233.163 - - [12/Jan/2026:15:15:25 +0800] "GET /wp-content/uploads/revslider/slider-1/1750861156-logistics_Slider_3840%C3%972160_20250625191356-scaled-2048x1152.webp HTTP/1.1" 200 121796 "http://cqqizhou.com/" "Mozilla/5.0 (Windows NT 10.0; Win64; x64) AppleWebKit/537.36 (KHTML, like Gecko) Chrome/132.0.0.0 Safari/537.36"
14.108.233.163 - - [12/Jan/2026:15:15:25 +0800] "GET /wp-content/uploads/2025/12/1766647832-Article_images_W900%C3%97500px20251225.webp HTTP/1.1" 200 44582 "http://cqqizhou.com/" "Mozilla/5.0 (Windows NT 10.0; Win64; x64) AppleWebKit/537.36 (KHTML, like Gecko) Chrome/132.0.0.0 Safari/537.36"
14.108.233.163 - - [12/Jan/2026:15:15:25 +0800] "GET /wp-content/uploads/2025/12/1766064629-Article_images_20251218212623.webp HTTP/1.1" 200 20366 "http://cqqizhou.com/" "Mozilla/5.0 (Windows NT 10.0; Win64; x64) AppleWebKit/537.36 (KHTML, like Gecko) Chrome/132.0.0.0 Safari/537.36"
14.108.233.163 - - [12/Jan/2026:15:15:25 +0800] "GET /wp-content/uploads/2025/12/1765891153-Article20251216211543.webp HTTP/1.1" 200 43108 "http://cqqizhou.com/" "Mozilla/5.0 (Windows NT 10.0; Win64; x64) AppleWebKit/537.36 (KHTML, like Gecko) Chrome/132.0.0.0 Safari/537.36"
36.133.115.36 - - [12/Jan/2026:15:23:24 +0800] "POST /wp-cron.php?doing_wp_cron=1768202604.8964970111846923828125 HTTP/1.1" 200 31 "-" "WordPress/6.8.3; http://cqqizhou.com"
95.111.247.139 - - [12/Jan/2026:15:23:25 +0800] "GET /cloud/provision/000000000000.cfg HTTP/1.1" 404 8980 "-" "Mozilla/5.0 (Windows NT 10.0; Win64; x64) AppleWebKit/537.36"
36.133.115.36 - - [12/Jan/2026:15:24:33 +0800] "POST /wp-cron.php?doing_wp_cron=1768202673.5413589477539062500000 HTTP/1.1" 200 31 "-" "WordPress/6.8.3; http://cqqizhou.com"
206.168.34.127 - - [12/Jan/2026:15:24:33 +0800] "GET /security.txt HTTP/1.1" 200 19899 "-" "Mozilla/5.0 (compatible; CensysInspect/1.1; +https://about.censys.io/)"
14.108.233.163 - - [12/Jan/2026:15:30:18 +0800] "GET /2420/ HTTP/1.1" 200 23590 "-" "Mozilla/5.0 (Windows NT 10.0; Win64; x64) AppleWebKit/537.36 (KHTML, like Gecko) Chrome/132.0.0.0 Safari/537.36 NetType/WIFI MicroMessenger/7.0.20.1781(0x6700143B) WindowsWechat(0x63090a13) UnifiedPCWindowsWechat(0xf254160e) XWEB/18055 Flue"
14.108.233.163 - - [12/Jan/2026:15:30:18 +0800] "GET /wp-content/uploads/2026/01/1767691467-Article_images_W900%C3%97500px202601062.webp HTTP/1.1" 200 49670 "http://cqqizhou.com/2420/" "Mozilla/5.0 (Windows NT 10.0; Win64; x64) AppleWebKit/537.36 (KHTML, like Gecko) Chrome/132.0.0.0 Safari/537.36 NetType/WIFI MicroMessenger/7.0.20.1781(0x6700143B) WindowsWechat(0x63090a13) UnifiedPCWindowsWechat(0xf254160e) XWEB/18055 Flue"
14.108.233.163 - - [12/Jan/2026:15:30:18 +0800] "GET /wp-content/uploads/2026/01/1767691466-Article_images_W900%C3%97500px202601061.webp HTTP/1.1" 200 56014 "http://cqqizhou.com/2420/" "Mozilla/5.0 (Windows NT 10.0; Win64; x64) AppleWebKit/537.36 (KHTML, like Gecko) Chrome/132.0.0.0 Safari/537.36 NetType/WIFI MicroMessenger/7.0.20.1781(0x6700143B) WindowsWechat(0x63090a13) UnifiedPCWindowsWechat(0xf254160e) XWEB/18055 Flue"
14.108.233.163 - - [12/Jan/2026:15:30:18 +0800] "GET /wp-content/uploads/revslider/slider-1/1750861156-logistics_Slider_3840%C3%972160_20250625191356-scaled-2048x1152.webp HTTP/1.1" 200 121796 "http://cqqizhou.com/2420/" "Mozilla/5.0 (Windows NT 10.0; Win64; x64) AppleWebKit/537.36 (KHTML, like Gecko) Chrome/132.0.0.0 Safari/537.36 NetType/WIFI MicroMessenger/7.0.20.1781(0x6700143B) WindowsWechat(0x63090a13) UnifiedPCWindowsWechat(0xf254160e) XWEB/18055 Flue"
14.108.233.163 - - [12/Jan/2026:15:30:18 +0800] "GET /wp-content/uploads/2025/12/1766064629-Article_images_20251218212623.webp HTTP/1.1" 200 20366 "http://cqqizhou.com/2420/" "Mozilla/5.0 (Windows NT 10.0; Win64; x64) AppleWebKit/537.36 (KHTML, like Gecko) Chrome/132.0.0.0 Safari/537.36 NetType/WIFI MicroMessenger/7.0.20.1781(0x6700143B) WindowsWechat(0x63090a13) UnifiedPCWindowsWechat(0xf254160e) XWEB/18055 Flue"
14.108.233.163 - - [12/Jan/2026:15:30:18 +0800] "GET /wp-content/uploads/2025/07/1751425283-qizhou.kf_.qq_.com_.webp HTTP/1.1" 200 16864 "http://cqqizhou.com/2420/" "Mozilla/5.0 (Windows NT 10.0; Win64; x64) AppleWebKit/537.36 (KHTML, like Gecko) Chrome/132.0.0.0 Safari/537.36 NetType/WIFI MicroMessenger/7.0.20.1781(0x6700143B) WindowsWechat(0x63090a13) UnifiedPCWindowsWechat(0xf254160e) XWEB/18055 Flue"
14.108.233.163 - - [12/Jan/2026:15:30:18 +0800] "GET /wp-content/uploads/2025/07/1753410289-News2000%C3%97400_202571.webp HTTP/1.1" 200 17830 "http://cqqizhou.com/2420/" "Mozilla/5.0 (Windows NT 10.0; Win64; x64) AppleWebKit/537.36 (KHTML, like Gecko) Chrome/132.0.0.0 Safari/537.36 NetType/WIFI MicroMessenger/7.0.20.1781(0x6700143B) WindowsWechat(0x63090a13) UnifiedPCWindowsWechat(0xf254160e) XWEB/18055 Flue"
36.133.115.36 - - [12/Jan/2026:15:30:19 +0800] "POST /wp-cron.php?doing_wp_cron=1768203019.7090260982513427734375 HTTP/1.1" 200 31 "-" "WordPress/6.8.3; http://cqqizhou.com"
14.108.233.163 - - [12/Jan/2026:15:30:19 +0800] "POST /wp-admin/admin-ajax.php HTTP/1.1" 200 95 "http://cqqizhou.com/2420/" "Mozilla/5.0 (Windows NT 10.0; Win64; x64) AppleWebKit/537.36 (KHTML, like Gecko) Chrome/132.0.0.0 Safari/537.36 NetType/WIFI MicroMessenger/7.0.20.1781(0x6700143B) WindowsWechat(0x63090a13) UnifiedPCWindowsWechat(0xf254160e) XWEB/18055 Flue"
14.108.233.163 - - [12/Jan/2026:15:30:30 +0800] "GET /2418/ HTTP/1.1" 200 23697 "http://cqqizhou.com/2420/" "Mozilla/5.0 (Windows NT 10.0; Win64; x64) AppleWebKit/537.36 (KHTML, like Gecko) Chrome/132.0.0.0 Safari/537.36 NetType/WIFI MicroMessenger/7.0.20.1781(0x6700143B) WindowsWechat(0x63090a13) UnifiedPCWindowsWechat(0xf254160e) XWEB/18055 Flue"
36.133.115.36 - - [12/Jan/2026:15:37:27 +0800] "POST /wp-cron.php?doing_wp_cron=1768203447.9566230773925781250000 HTTP/1.1" 200 31 "-" "WordPress/6.8.3; http://cqqizhou.com"
66.249.79.226 - - [12/Jan/2026:15:37:28 +0800] "GET /robots.txt HTTP/1.1" 301 5 "-" "Mozilla/5.0 (compatible; Googlebot/2.1; +http://www.google.com/bot.html)"
66.249.68.64 - - [12/Jan/2026:15:37:29 +0800] "GET /robots.txt HTTP/1.1" 200 190 "-" "Mozilla/5.0 (compatible; Googlebot/2.1; +http://www.google.com/bot.html)"
66.249.79.226 - - [12/Jan/2026:15:37:30 +0800] "GET / HTTP/1.1" 301 5 "-" "Mozilla/5.0 (Linux; Android 6.0.1; Nexus 5X Build/MMB29P) AppleWebKit/537.36 (KHTML, like Gecko) Chrome/143.0.7499.192 Mobile Safari/537.36 (compatible; Googlebot/2.1; +http://www.google.com/bot.html)"
66.249.68.70 - - [12/Jan/2026:15:37:31 +0800] "GET / HTTP/1.1" 200 34604 "-" "Mozilla/5.0 (Linux; Android 6.0.1; Nexus 5X Build/MMB29P) AppleWebKit/537.36 (KHTML, like Gecko) Chrome/143.0.7499.192 Mobile Safari/537.36 (compatible; Googlebot/2.1; +http://www.google.com/bot.html)"
66.249.68.70 - - [12/Jan/2026:15:37:43 +0800] "GET / HTTP/1.1" 200 40495 "-" "Mozilla/5.0 (compatible; Googlebot/2.1; +http://www.google.com/bot.html)"
66.249.68.70 - - [12/Jan/2026:15:37:45 +0800] "GET / HTTP/1.1" 200 34604 "-" "Mozilla/5.0 (Linux; Android 6.0.1; Nexus 5X Build/MMB29P) AppleWebKit/537.36 (KHTML, like Gecko) Chrome/99.0.4844.84 Mobile Safari/537.36 (compatible; Googlebot/2.1; +http://www.google.com/bot.html)"
36.133.115.36 - - [12/Jan/2026:15:44:43 +0800] "POST /wp-cron.php?doing_wp_cron=1768203883.7613379955291748046875 HTTP/1.1" 200 31 "-" "WordPress/6.8.3; http://cqqizhou.com"
204.76.203.219 - - [12/Jan/2026:15:44:44 +0800] "GET / HTTP/1.1" 200 34604 "-" "Mozilla/5.0 (Windows NT 10.0; Win64; x64) AppleWebKit/537.36 (KHTML, like Gecko) Chrome/90.0.4430.85 Safari/537.36 Edg/90.0.818.46"
36.133.115.36 - - [12/Jan/2026:15:49:10 +0800] "POST /wp-cron.php?doing_wp_cron=1768204150.0913441181182861328125 HTTP/1.1" 200 31 "-" "WordPress/6.8.3; http://cqqizhou.com"
113.120.154.236 - - [12/Jan/2026:15:49:10 +0800] "GET / HTTP/1.1" 301 5 "-" "Go-http-client/1.1"
113.120.154.236 - - [12/Jan/2026:15:49:10 +0800] "GET / HTTP/1.1" 200 40495 "http://xa2.shaanxi.cn.antiddos.cspt.fullcone.cn" "Go-http-client/1.1"
36.133.115.36 - - [12/Jan/2026:15:54:27 +0800] "POST /wp-cron.php?doing_wp_cron=1768204467.8683390617370605468750 HTTP/1.1" 200 31 "-" "WordPress/6.8.3; http://cqqizhou.com"
71.6.232.22 - - [12/Jan/2026:15:54:27 +0800] "GET / HTTP/1.1" 301 5 "-" "Mozilla/5.0 (Windows NT 10.0; Win64; x64) AppleWebKit/537.36 (KHTML, like Gecko) Chrome/134.0.0.0 Safari/537.36"
36.133.115.36 - - [12/Jan/2026:15:57:27 +0800] "POST /wp-cron.php?doing_wp_cron=1768204647.3390800952911376953125 HTTP/1.1" 200 31 "-" "WordPress/6.8.3; http://cqqizhou.com"
51.68.247.205 - - [12/Jan/2026:15:57:27 +0800] "GET /business/ HTTP/1.1" 404 8980 "-" "Mozilla/5.0 (compatible; AhrefsBot/7.0; +http://ahrefs.com/robot/)"
36.133.115.36 - - [12/Jan/2026:15:58:34 +0800] "POST /wp-cron.php?doing_wp_cron=1768204714.3637549877166748046875 HTTP/1.1" 200 31 "-" "WordPress/6.8.3; http://cqqizhou.com"
43.135.139.165 - - [12/Jan/2026:15:58:34 +0800] "GET / HTTP/1.1" 200 34604 "-" "Mozilla/5.0 (iPhone; CPU iPhone OS 13_2_3 like Mac OS X) AppleWebKit/605.1.15 (KHTML, like Gecko) Version/13.0.3 Mobile/15E148 Safari/604.1"
36.133.115.36 - - [12/Jan/2026:15:59:28 +0800] "POST /wp-cron.php?doing_wp_cron=1768204768.3718469142913818359375 HTTP/1.1" 200 31 "-" "WordPress/6.8.3; http://cqqizhou.com"
178.161.163.123 - - [12/Jan/2026:15:59:29 +0800] "GET / HTTP/1.1" 200 156731 "-" "Mozilla/5.0 (Windows NT 6.1; WOW64) AppleWebKit/537.36 (KHTML, like Gecko) Chrome/52.0.2743.116 Safari/537.36"
36.133.115.36 - - [12/Jan/2026:15:59:49 +0800] "POST /wp-cron.php?doing_wp_cron=1768204789.2687981128692626953125 HTTP/1.1" 200 31 "-" "WordPress/6.8.3; http://cqqizhou.com"
51.75.128.89 - - [12/Jan/2026:15:59:49 +0800] "GET /robots.txt HTTP/1.1" 200 390 "-" "Mozilla/5.0 (compatible; MJ12bot/v1.4.8; http://mj12bot.com/)"
51.75.128.89 - - [12/Jan/2026:15:59:51 +0800] "GET /portfolio-tag/%E9%9E%8D%E9%92%A2%E8%92%82%E6%A3%AE/ HTTP/1.1" 404 8980 "-" "Mozilla/5.0 (compatible; MJ12bot/v1.4.8; http://mj12bot.com/)"
51.75.128.89 - - [12/Jan/2026:15:59:54 +0800] "GET /portfolio/%E5%86%B7%E8%BD%A7%E5%8D%B7/ HTTP/1.1" 200 22091 "-" "Mozilla/5.0 (compatible; MJ12bot/v1.4.8; http://mj12bot.com/)"
51.75.128.89 - - [12/Jan/2026:15:59:58 +0800] "GET /portfolio/%E5%86%B7%E8%BD%A7%E6%9D%BF/ HTTP/1.1" 200 22084 "-" "Mozilla/5.0 (compatible; MJ12bot/v1.4.8; http://mj12bot.com/)"
36.133.115.36 - - [12/Jan/2026:16:02:16 +0800] "POST /wp-cron.php?doing_wp_cron=1768204936.5557711124420166015625 HTTP/1.1" 200 31 "-" "WordPress/6.8.3; http://cqqizhou.com"
164.52.24.178 - - [12/Jan/2026:16:02:16 +0800] "GET / HTTP/1.1" 301 5 "-" "Mozilla/5.0 (Windows NT 10.0; Win64; x64) AppleWebKit/537.36 (KHTML, like Gecko) Chrome/114.0.0.0 Safari/537.36"
164.52.24.178 - - [12/Jan/2026:16:02:21 +0800] "GET / HTTP/1.1" 301 5 "-" "-"
164.52.24.178 - - [12/Jan/2026:16:02:37 +0800] "GET / HTTP/1.1" 200 109791 "-" "Mozilla/5.0 (Windows NT 10.0; Win64; x64) AppleWebKit/537.36 (KHTML, like Gecko) Chrome/114.0.0.0 Safari/537.36"
36.133.115.36 - - [12/Jan/2026:16:10:03 +0800] "POST /wp-cron.php?doing_wp_cron=1768205403.2010641098022460937500 HTTP/1.1" 200 31 "-" "WordPress/6.8.3; http://cqqizhou.com"
66.132.153.120 - - [12/Jan/2026:16:10:03 +0800] "GET /robots.txt HTTP/1.1" 200 190 "-" "Mozilla/5.0 (compatible; CensysInspect/1.1; +https://about.censys.io/)"
36.133.115.36 - - [12/Jan/2026:16:17:28 +0800] "POST /wp-cron.php?doing_wp_cron=1768205848.8722229003906250000000 HTTP/1.1" 200 31 "-" "WordPress/6.8.3; http://cqqizhou.com"
20.169.104.65 - - [12/Jan/2026:16:17:29 +0800] "GET /actuator/health HTTP/1.1" 404 8981 "-" "Mozilla/5.0 zgrab/0.x"
36.133.115.36 - - [12/Jan/2026:16:31:27 +0800] "POST /wp-cron.php?doing_wp_cron=1768206687.4172630310058593750000 HTTP/1.1" 200 31 "-" "WordPress/6.8.3; http://cqqizhou.com"
95.111.247.139 - - [12/Jan/2026:16:31:27 +0800] "GET /conf/polycom/000000000000.cfg HTTP/1.1" 404 8981 "-" "Mozilla/5.0 (Windows NT 10.0; Win64; x64) AppleWebKit/537.36"
36.133.115.36 - - [12/Jan/2026:16:35:02 +0800] "POST /wp-cron.php?doing_wp_cron=1768206902.8784089088439941406250 HTTP/1.1" 200 31 "-" "WordPress/6.8.3; http://cqqizhou.com"
185.191.171.9 - - [12/Jan/2026:16:35:02 +0800] "GET /robots.txt HTTP/1.1" 200 190 "-" "Mozilla/5.0 (compatible; SemrushBot/7~bl; +http://www.semrush.com/bot.html)"
185.191.171.7 - - [12/Jan/2026:16:35:04 +0800] "GET /company-news/ HTTP/1.1" 200 25645 "-" "Mozilla/5.0 (compatible; SemrushBot/7~bl; +http://www.semrush.com/bot.html)"
36.133.115.36 - - [12/Jan/2026:16:37:31 +0800] "POST /wp-cron.php?doing_wp_cron=1768207051.6318230628967285156250 HTTP/1.1" 200 31 "-" "WordPress/6.8.3; http://cqqizhou.com"
204.76.203.219 - - [12/Jan/2026:16:37:31 +0800] "GET / HTTP/1.1" 200 34604 "-" "Mozilla/5.0 (Windows NT 10.0; Win64; x64) AppleWebKit/537.36 (KHTML, like Gecko) Chrome/90.0.4430.85 Safari/537.36 Edg/90.0.818.46"
36.133.115.36 - - [12/Jan/2026:16:40:47 +0800] "POST /wp-cron.php?doing_wp_cron=1768207247.7787649631500244140625 HTTP/1.1" 200 31 "-" "WordPress/6.8.3; http://cqqizhou.com"
1.197.128.246 - - [12/Jan/2026:16:40:48 +0800] "GET /2163/ HTTP/1.1" 200 23734 "-" "Mozilla/5.0 (Windows NT 6.1; Win64; x64) AppleWebKit/537.36 (KHTML, like Gecko) Chrome/74.0.3837.131 Safari/537.36"
36.133.115.36 - - [12/Jan/2026:16:43:00 +0800] "POST /wp-cron.php?doing_wp_cron=1768207380.5843489170074462890625 HTTP/1.1" 200 31 "-" "WordPress/6.8.3; http://cqqizhou.com"
213.209.159.66 - - [12/Jan/2026:16:43:00 +0800] "POST / HTTP/1.1" 200 34604 "-" "Mozilla/5.0 (Windows NT 10.0; rv:102.0) Gecko/20100101 Firefox/102.0"
36.133.115.36 - - [12/Jan/2026:16:49:15 +0800] "POST /wp-cron.php?doing_wp_cron=1768207755.9045460224151611328125 HTTP/1.1" 200 31 "-" "WordPress/6.8.3; http://cqqizhou.com"
193.142.147.209 - - [12/Jan/2026:16:49:16 +0800] "POST / HTTP/1.1" 200 34604 "-" "Mozilla/5.0 (Windows NT 10.0; Win64; x64) AppleWebKit/537.36"
36.133.115.36 - - [12/Jan/2026:16:50:06 +0800] "POST /wp-cron.php?doing_wp_cron=1768207806.0131909847259521484375 HTTP/1.1" 200 31 "-" "WordPress/6.8.3; http://cqqizhou.com"
37.59.204.158 - - [12/Jan/2026:16:50:06 +0800] "GET /2162/ HTTP/1.1" 200 25062 "-" "Mozilla/5.0 (compatible; AhrefsBot/7.0; +http://ahrefs.com/robot/)"
66.249.68.71 - - [12/Jan/2026:16:54:33 +0800] "GET /media/ HTTP/1.1" 200 25035 "-" "Mozilla/5.0 (Linux; Android 6.0.1; Nexus 5X Build/MMB29P) AppleWebKit/537.36 (KHTML, like Gecko) Chrome/143.0.7499.192 Mobile Safari/537.36 (compatible; Googlebot/2.1; +http://www.google.com/bot.html)"
58.217.176.66 - - [12/Jan/2026:17:02:24 +0800] "GET /2162/ HTTP/1.1" 200 25081 "-" "Mozilla/5.0 (Windows NT 10.0; Win64; x64) AppleWebKit/537.36 (KHTML, like Gecko) Chrome/139.0.0.0 Safari/537.36"
58.217.176.66 - - [12/Jan/2026:17:02:25 +0800] "GET /wp-content/uploads/2025/07/1753454089-Article_images_W900px.webp HTTP/1.1" 200 27552 "http://cqqizhou.com/2162/" "Mozilla/5.0 (Windows NT 10.0; Win64; x64) AppleWebKit/537.36 (KHTML, like Gecko) Chrome/139.0.0.0 Safari/537.36"
58.217.176.66 - - [12/Jan/2026:17:02:25 +0800] "GET /wp-content/uploads/2025/07/1751425283-qizhou.kf_.qq_.com_.webp HTTP/1.1" 200 16864 "http://cqqizhou.com/2162/" "Mozilla/5.0 (Windows NT 10.0; Win64; x64) AppleWebKit/537.36 (KHTML, like Gecko) Chrome/139.0.0.0 Safari/537.36"
58.217.176.66 - - [12/Jan/2026:17:02:25 +0800] "GET /wp-content/uploads/2025/07/1753410289-News2000%C3%97400_202571.webp HTTP/1.1" 200 17830 "http://cqqizhou.com/2162/" "Mozilla/5.0 (Windows NT 10.0; Win64; x64) AppleWebKit/537.36 (KHTML, like Gecko) Chrome/139.0.0.0 Safari/537.36"
36.133.115.36 - - [12/Jan/2026:17:02:26 +0800] "POST /wp-cron.php?doing_wp_cron=1768208546.4919440746307373046875 HTTP/1.1" 200 31 "-" "WordPress/6.8.3; http://cqqizhou.com"
58.217.176.66 - - [12/Jan/2026:17:02:26 +0800] "POST /wp-admin/admin-ajax.php HTTP/1.1" 200 100 "http://cqqizhou.com/2162/" "Mozilla/5.0 (Windows NT 10.0; Win64; x64) AppleWebKit/537.36 (KHTML, like Gecko) Chrome/139.0.0.0 Safari/537.36"
58.217.176.66 - - [12/Jan/2026:17:02:27 +0800] "POST /wp-admin/admin-ajax.php HTTP/1.1" 499 0 "http://cqqizhou.com/2162/" "Mozilla/5.0 (Windows NT 10.0; Win64; x64) AppleWebKit/537.36 (KHTML, like Gecko) Chrome/139.0.0.0 Safari/537.36"
36.133.115.36 - - [12/Jan/2026:17:04:57 +0800] "POST /wp-cron.php?doing_wp_cron=1768208697.6226589679718017578125 HTTP/1.1" 200 31 "-" "WordPress/6.8.3; http://cqqizhou.com"
36.133.108.119 - - [12/Jan/2026:17:04:57 +0800] "HEAD /bins/ HTTP/1.1" 404 0 "-" "Mozilla/5.0 (Windows NT 6.2; WOW64) AppleWebKit/537.14 (KHTML, like Gecko) Chrome/24.0.1292.0 Safari/537.14"
114.230.57.97 - - [12/Jan/2026:17:09:50 +0800] "GET /material.html HTTP/1.1" 200 6459 "-" "Mozilla/5.0 (Windows NT 6.1; Win64; x64) AppleWebKit/537.36 (KHTML, like Gecko) Chrome/64.0.3285.174 Safari/537.36"
36.133.115.36 - - [12/Jan/2026:17:10:16 +0800] "POST /wp-cron.php?doing_wp_cron=1768209016.5669260025024414062500 HTTP/1.1" 200 31 "-" "WordPress/6.8.3; http://cqqizhou.com"
147.185.133.181 - - [12/Jan/2026:17:10:16 +0800] "GET /wp-login.php HTTP/1.1" 200 8672 "-" "Hello from Palo Alto Networks, find out more about our scans in https://docs-cortex.paloaltonetworks.com/r/1/Cortex-Xpanse/Scanning-activity"
36.133.115.36 - - [12/Jan/2026:17:15:21 +0800] "POST /wp-cron.php?doing_wp_cron=1768209321.2160160541534423828125 HTTP/1.1" 200 31 "-" "WordPress/6.8.3; http://cqqizhou.com"
95.214.55.71 - - [12/Jan/2026:17:15:21 +0800] "GET / HTTP/1.1" 200 34604 "-" "Mozilla/5.0 (Windows NT 10.0; Win64; x64; rv:143.0) Gecko/20100101 Firefox/143.0"
36.133.115.36 - - [12/Jan/2026:17:18:24 +0800] "POST /wp-cron.php?doing_wp_cron=1768209504.8219499588012695312500 HTTP/1.1" 200 31 "-" "WordPress/6.8.3; http://cqqizhou.com"
192.36.109.123 - - [12/Jan/2026:17:18:24 +0800] "GET /robots.txt HTTP/1.1" 200 190 "-" "Mozilla/5.0 (Windows NT 10.0; Win64; x64) AppleWebKit/537.36 (KHTML, like Gecko) Chrome/122.0.0.0 Safari/537.36 Agency/93.8.2357.5"
192.36.109.131 - - [12/Jan/2026:17:18:26 +0800] "GET / HTTP/1.1" 200 40495 "-" "Mozilla/5.0 (Windows NT 10.0; Win64; x64) AppleWebKit/537.36 (KHTML, like Gecko) Chrome/122.0.0.0 Safari/537.36 Agency/93.8.2357.5"
36.133.115.36 - - [12/Jan/2026:17:22:45 +0800] "POST /wp-cron.php?doing_wp_cron=1768209765.7881710529327392578125 HTTP/1.1" 200 31 "-" "WordPress/6.8.3; http://cqqizhou.com"
120.55.64.167 - - [12/Jan/2026:17:22:45 +0800] "GET / HTTP/1.0" 301 0 "-" "-"
120.55.64.167 - - [12/Jan/2026:17:22:56 +0800] "GET / HTTP/1.0" 301 0 "-" "-"
120.55.64.167 - - [12/Jan/2026:17:22:56 +0800] "GET /nmaplowercheck1768209770 HTTP/1.1" 404 31364 "-" "Mozilla/5.0 (compatible; Nmap Scripting Engine; https://nmap.org/book/nse.html)"
120.55.64.167 - - [12/Jan/2026:17:22:56 +0800] "POST /sdk HTTP/1.1" 404 31364 "-" "Mozilla/5.0 (compatible; Nmap Scripting Engine; https://nmap.org/book/nse.html)"
120.55.64.167 - - [12/Jan/2026:17:22:57 +0800] "GET /evox/about HTTP/1.1" 404 31364 "-" "Mozilla/5.0 (compatible; Nmap Scripting Engine; https://nmap.org/book/nse.html)"
120.55.64.167 - - [12/Jan/2026:17:22:57 +0800] "GET /HNAP1 HTTP/1.1" 404 31364 "-" "Mozilla/5.0 (compatible; Nmap Scripting Engine; https://nmap.org/book/nse.html)"
120.55.64.167 - - [12/Jan/2026:17:23:16 +0800] "GET / HTTP/1.0" 301 0 "-" "-"
120.55.64.167 - - [12/Jan/2026:17:23:17 +0800] "GET / HTTP/1.1" 301 5 "-" "-"
36.133.115.36 - - [12/Jan/2026:17:33:07 +0800] "POST /wp-cron.php?doing_wp_cron=1768210387.0300390720367431640625 HTTP/1.1" 200 31 "-" "WordPress/6.8.3; http://cqqizhou.com"
43.133.139.6 - - [12/Jan/2026:17:33:07 +0800] "GET / HTTP/1.1" 200 34604 "-" "Mozilla/5.0 (iPhone; CPU iPhone OS 13_2_3 like Mac OS X) AppleWebKit/605.1.15 (KHTML, like Gecko) Version/13.0.3 Mobile/15E148 Safari/604.1"
36.133.115.36 - - [12/Jan/2026:17:33:59 +0800] "POST /wp-cron.php?doing_wp_cron=1768210439.6529390811920166015625 HTTP/1.1" 200 31 "-" "WordPress/6.8.3; http://cqqizhou.com"
204.76.203.219 - - [12/Jan/2026:17:33:59 +0800] "GET / HTTP/1.1" 200 34605 "-" "Mozilla/5.0 (Windows NT 10.0; Win64; x64) AppleWebKit/537.36 (KHTML, like Gecko) Chrome/90.0.4430.85 Safari/537.36 Edg/90.0.818.46"
147.135.213.130 - - [12/Jan/2026:17:34:18 +0800] "GET /robots.txt HTTP/1.1" 200 390 "-" "Mozilla/5.0 (compatible; MJ12bot/v1.4.8; http://mj12bot.com/)"
147.135.213.130 - - [12/Jan/2026:17:34:20 +0800] "GET /portfolio/%E5%86%B7%E8%BD%A7%E5%8D%B7/ HTTP/1.1" 200 22111 "-" "Mozilla/5.0 (compatible; MJ12bot/v1.4.8; http://mj12bot.com/)"
36.133.115.36 - - [12/Jan/2026:17:39:40 +0800] "POST /wp-cron.php?doing_wp_cron=1768210780.3689830303192138671875 HTTP/1.1" 200 31 "-" "WordPress/6.8.3; http://cqqizhou.com"
95.111.247.139 - - [12/Jan/2026:17:39:40 +0800] "GET /config/000000000000.cfg HTTP/1.1" 404 8980 "-" "Mozilla/5.0 (Windows NT 10.0; Win64; x64) AppleWebKit/537.36"
36.133.115.36 - - [12/Jan/2026:17:40:10 +0800] "POST /wp-cron.php?doing_wp_cron=1768210810.1227788925170898437500 HTTP/1.1" 200 31 "-" "WordPress/6.8.3; http://cqqizhou.com"
147.135.213.130 - - [12/Jan/2026:17:40:10 +0800] "GET /robots.txt HTTP/1.1" 200 390 "-" "Mozilla/5.0 (compatible; MJ12bot/v1.4.8; http://mj12bot.com/)"
147.135.213.130 - - [12/Jan/2026:17:40:11 +0800] "GET /portfolio/%E5%86%B7%E8%BD%A7%E5%8D%B7/ HTTP/1.1" 200 22111 "-" "Mozilla/5.0 (compatible; MJ12bot/v1.4.8; http://mj12bot.com/)"
36.133.115.36 - - [12/Jan/2026:17:48:22 +0800] "POST /wp-cron.php?doing_wp_cron=1768211302.4189629554748535156250 HTTP/1.1" 200 31 "-" "WordPress/6.8.3; http://cqqizhou.com"
51.68.247.214 - - [12/Jan/2026:17:48:22 +0800] "GET /portfolio/duplex-stainless-steel/ HTTP/1.1" 200 22151 "-" "Mozilla/5.0 (compatible; AhrefsBot/7.0; +http://ahrefs.com/robot/)"
180.149.126.9 - - [12/Jan/2026:17:53:45 +0800] "GET /stalker_portal/server/tools/auth_simple.php HTTP/1.1" 404 47 "-" "Mozilla/5.0 (Windows NT 5.1; Win64; x64) AppleWebKit/537.36 (KHTML, like Gecko) Chrome/60.0.3112.90 Safari/537.36"
36.133.115.36 - - [12/Jan/2026:17:54:07 +0800] "POST /wp-cron.php?doing_wp_cron=1768211647.8935799598693847656250 HTTP/1.1" 200 31 "-" "WordPress/6.8.3; http://cqqizhou.com"
120.233.33.150 - - [12/Jan/2026:17:54:07 +0800] "GET /media HTTP/1.1" 301 5 "-" "Mozilla/5.0 (Linux; Android 6.0; Nexus 5 Build/MRA58N) AppleWebKit/537.36 (KHTML, like Gecko) Chrome/99.0.4844.51 Mobile Safari/537.36 MicroMessenger/7.0.1"
120.233.33.150 - - [12/Jan/2026:17:54:08 +0800] "GET /media/ HTTP/1.1" 200 25036 "-" "Mozilla/5.0 (Linux; Android 6.0; Nexus 5 Build/MRA58N) AppleWebKit/537.36 (KHTML, like Gecko) Chrome/99.0.4844.51 Mobile Safari/537.36 MicroMessenger/7.0.1"
120.233.33.173 - - [12/Jan/2026:17:54:09 +0800] "GET /wp-content/uploads/2025/11/1762861549-%E5%85%A8%E6%99%AF%E5%90%AF%E8%88%9F%E5%9D%A4%E7%85%8C%E5%BA%93.webp HTTP/1.1" 200 18812 "http://cqqizhou.com/media/" "Mozilla/5.0 (Linux; Android 6.0; Nexus 5 Build/MRA58N) AppleWebKit/537.36 (KHTML, like Gecko) Chrome/99.0.4844.51 Mobile Safari/537.36 MicroMessenger/7.0.1"
120.233.33.173 - - [12/Jan/2026:17:54:09 +0800] "GET /wp-content/uploads/2025/11/1762861550-%E4%B8%87%E5%98%89%E7%9B%9B%E5%BA%93%E5%85%A8%E6%99%AF%E5%9B%BE.webp HTTP/1.1" 200 24278 "http://cqqizhou.com/media/" "Mozilla/5.0 (Linux; Android 6.0; Nexus 5 Build/MRA58N) AppleWebKit/537.36 (KHTML, like Gecko) Chrome/99.0.4844.51 Mobile Safari/537.36 MicroMessenger/7.0.1"
120.233.33.150 - - [12/Jan/2026:17:54:09 +0800] "GET /wp-content/uploads/2025/07/1751425283-qizhou.kf_.qq_.com_.webp HTTP/1.1" 200 16864 "http://cqqizhou.com/media/" "Mozilla/5.0 (Linux; Android 6.0; Nexus 5 Build/MRA58N) AppleWebKit/537.36 (KHTML, like Gecko) Chrome/99.0.4844.51 Mobile Safari/537.36 MicroMessenger/7.0.1"
120.233.33.173 - - [12/Jan/2026:17:54:09 +0800] "GET /wp-content/uploads/media/qizhou_Brochure.webp HTTP/1.1" 200 26142 "http://cqqizhou.com/media/" "Mozilla/5.0 (Linux; Android 6.0; Nexus 5 Build/MRA58N) AppleWebKit/537.36 (KHTML, like Gecko) Chrome/99.0.4844.51 Mobile Safari/537.36 MicroMessenger/7.0.1"
120.233.33.173 - - [12/Jan/2026:17:54:09 +0800] "GET /wp-content/uploads/2025/12/1765268955-qizhou_Slider1_3840%C3%972160_20251210-scaled.webp HTTP/1.1" 200 152162 "http://cqqizhou.com/media/" "Mozilla/5.0 (Linux; Android 6.0; Nexus 5 Build/MRA58N) AppleWebKit/537.36 (KHTML, like Gecko) Chrome/99.0.4844.51 Mobile Safari/537.36 MicroMessenger/7.0.1"
14.108.233.156 - - [12/Jan/2026:17:55:22 +0800] "GET /wp-content/uploads/logistics/Conatiner-5.webp HTTP/1.1" 200 63396 "http://cqqizhou.com/logistics/" "Mozilla/5.0 (Windows NT 10.0; Win64; x64) AppleWebKit/537.36 (KHTML, like Gecko) Chrome/143.0.0.0 Safari/537.36 Edg/143.0.0.0"
36.133.115.36 - - [12/Jan/2026:17:58:34 +0800] "POST /wp-cron.php?doing_wp_cron=1768211914.0079538822174072265625 HTTP/1.1" 200 31 "-" "WordPress/6.8.3; http://cqqizhou.com"
14.108.233.156 - - [12/Jan/2026:17:58:35 +0800] "GET /media/ HTTP/1.1" 200 33300 "http://cqqizhou.com/logistics/" "Mozilla/5.0 (Windows NT 10.0; Win64; x64) AppleWebKit/537.36 (KHTML, like Gecko) Chrome/143.0.0.0 Safari/537.36 Edg/143.0.0.0"
14.108.233.156 - - [12/Jan/2026:17:58:35 +0800] "GET /wp-content/uploads/2025/11/1762861549-%E5%85%A8%E6%99%AF%E5%90%AF%E8%88%9F%E5%9D%A4%E7%85%8C%E5%BA%93.webp HTTP/1.1" 200 18812 "http://cqqizhou.com/media/" "Mozilla/5.0 (Windows NT 10.0; Win64; x64) AppleWebKit/537.36 (KHTML, like Gecko) Chrome/143.0.0.0 Safari/537.36 Edg/143.0.0.0"
14.108.233.156 - - [12/Jan/2026:17:58:35 +0800] "GET /wp-content/uploads/2025/11/1762861550-%E4%B8%87%E5%98%89%E7%9B%9B%E5%BA%93%E5%85%A8%E6%99%AF%E5%9B%BE.webp HTTP/1.1" 200 24278 "http://cqqizhou.com/media/" "Mozilla/5.0 (Windows NT 10.0; Win64; x64) AppleWebKit/537.36 (KHTML, like Gecko) Chrome/143.0.0.0 Safari/537.36 Edg/143.0.0.0"
14.108.233.156 - - [12/Jan/2026:17:58:35 +0800] "GET /wp-content/uploads/media/qizhou_Brochure.webp HTTP/1.1" 200 26142 "http://cqqizhou.com/media/" "Mozilla/5.0 (Windows NT 10.0; Win64; x64) AppleWebKit/537.36 (KHTML, like Gecko) Chrome/143.0.0.0 Safari/537.36 Edg/143.0.0.0"
36.133.115.36 - - [12/Jan/2026:18:02:20 +0800] "POST /wp-cron.php?doing_wp_cron=1768212140.1656649112701416015625 HTTP/1.1" 200 31 "-" "WordPress/6.8.3; http://cqqizhou.com"
46.19.137.194 - - [12/Jan/2026:18:02:20 +0800] "GET / HTTP/1.1" 301 5 "-" "Mozilla/5.0 (X11; Linux x86_64; rv:89.0) Gecko/20100101 Firefox/89.0"
113.13.118.195 - - [12/Jan/2026:18:03:09 +0800] "GET http://cqqizhou.com/ HTTP/1.1" 200 40495 "-" "Mozilla/5.0 (Macintosh; Intel Mac OS X 10_15_7) AppleWebKit/537.36 (KHTML, like Gecko) Chrome/126.0.0.0 Safari/537.36"
36.133.115.36 - - [12/Jan/2026:18:03:10 +0800] "POST /wp-cron.php?doing_wp_cron=1768212190.5441429615020751953125 HTTP/1.1" 200 31 "-" "WordPress/6.8.3; http://cqqizhou.com"
223.107.228.92 - - [12/Jan/2026:18:03:10 +0800] "GET http://www.cqqizhou.com/ HTTP/1.1" 301 5 "-" "Mozilla/5.0 (Macintosh; Intel Mac OS X 10_15_7) AppleWebKit/537.36 (KHTML, like Gecko) Chrome/126.0.0.0 Safari/537.36"
223.107.228.92 - - [12/Jan/2026:18:03:10 +0800] "GET http://cqqizhou.com/ HTTP/1.1" 200 40495 "-" "Mozilla/5.0 (Macintosh; Intel Mac OS X 10_15_7) AppleWebKit/537.36 (KHTML, like Gecko) Chrome/126.0.0.0 Safari/537.36"
89.110.99.186 - - [12/Jan/2026:18:03:48 +0800] "GET / HTTP/1.0" 200 170723 "http://cqqizhou.com/" "Mozilla/5.0 (Windows NT 10.0; Win64; x64) AppleWebKit/537.36 (KHTML, like Gecko) Chrome/129.0.0.0 Safari/537.36"
36.133.115.36 - - [12/Jan/2026:18:12:44 +0800] "POST /wp-cron.php?doing_wp_cron=1768212764.9475049972534179687500 HTTP/1.1" 200 31 "-" "WordPress/6.8.3; http://cqqizhou.com"
170.106.35.153 - - [12/Jan/2026:18:12:44 +0800] "GET / HTTP/1.1" 301 5 "-" "Mozilla/5.0 (iPhone; CPU iPhone OS 13_2_3 like Mac OS X) AppleWebKit/605.1.15 (KHTML, like Gecko) Version/13.0.3 Mobile/15E148 Safari/604.1"
36.133.115.36 - - [12/Jan/2026:18:12:48 +0800] "POST /wp-cron.php?doing_wp_cron=1768212768.1452710628509521484375 HTTP/1.1" 200 31 "-" "WordPress/6.8.3; http://cqqizhou.com"
170.106.35.153 - - [12/Jan/2026:18:12:48 +0800] "GET / HTTP/1.1" 200 34601 "http://36.133.115.36" "Mozilla/5.0 (iPhone; CPU iPhone OS 13_2_3 like Mac OS X) AppleWebKit/605.1.15 (KHTML, like Gecko) Version/13.0.3 Mobile/15E148 Safari/604.1"
36.133.115.36 - - [12/Jan/2026:18:25:49 +0800] "POST /wp-cron.php?doing_wp_cron=1768213549.9095060825347900390625 HTTP/1.1" 200 31 "-" "WordPress/6.8.3; http://cqqizhou.com"
204.76.203.219 - - [12/Jan/2026:18:25:50 +0800] "GET / HTTP/1.1" 200 34604 "-" "Mozilla/5.0 (Windows NT 10.0; Win64; x64) AppleWebKit/537.36 (KHTML, like Gecko) Chrome/90.0.4430.85 Safari/537.36 Edg/90.0.818.46"
36.133.115.36 - - [12/Jan/2026:18:39:53 +0800] "POST /wp-cron.php?doing_wp_cron=1768214393.3462040424346923828125 HTTP/1.1" 200 31 "-" "WordPress/6.8.3; http://cqqizhou.com"
103.252.89.75 - - [12/Jan/2026:18:39:54 +0800] "GET / HTTP/1.1" 200 156731 "-" "-"
36.133.115.36 - - [12/Jan/2026:18:41:29 +0800] "POST /wp-cron.php?doing_wp_cron=1768214489.5863959789276123046875 HTTP/1.1" 200 31 "-" "WordPress/6.8.3; http://cqqizhou.com"
85.208.96.203 - - [12/Jan/2026:18:41:29 +0800] "GET /robots.txt HTTP/1.1" 200 190 "-" "Mozilla/5.0 (compatible; SemrushBot/7~bl; +http://www.semrush.com/bot.html)"
185.191.171.2 - - [12/Jan/2026:18:41:31 +0800] "GET /work-safety/ HTTP/1.1" 200 22569 "-" "Mozilla/5.0 (compatible; SemrushBot/7~bl; +http://www.semrush.com/bot.html)"
5.39.109.176 - - [12/Jan/2026:18:41:35 +0800] "GET /2160/ HTTP/1.1" 200 29377 "-" "Mozilla/5.0 (compatible; AhrefsBot/7.0; +http://ahrefs.com/robot/)"
36.133.115.36 - - [12/Jan/2026:18:42:46 +0800] "POST /wp-cron.php?doing_wp_cron=1768214566.6218769550323486328125 HTTP/1.1" 200 31 "-" "WordPress/6.8.3; http://cqqizhou.com"
193.142.147.209 - - [12/Jan/2026:18:42:51 +0800] "POST / HTTP/1.1" 200 34604 "-" "Mozilla/5.0 (Windows NT 10.0; Win64; x64) AppleWebKit/537.36"
36.133.115.36 - - [12/Jan/2026:18:45:40 +0800] "POST /wp-cron.php?doing_wp_cron=1768214740.1785430908203125000000 HTTP/1.1" 200 31 "-" "WordPress/6.8.3; http://cqqizhou.com"
123.114.5.53 - - [12/Jan/2026:18:45:40 +0800] "GET / HTTP/1.1" 301 5 "-" "Mozilla/5.0 (Macintosh; Intel Mac OS X 10_15_7) AppleWebKit/537.36 (KHTML, like Gecko) Chrome/126.0.0.0 Safari/537.36"
123.114.5.53 - - [12/Jan/2026:18:45:40 +0800] "GET / HTTP/1.1" 200 40495 "-" "Mozilla/5.0 (Macintosh; Intel Mac OS X 10_15_7) AppleWebKit/537.36 (KHTML, like Gecko) Chrome/126.0.0.0 Safari/537.36"
123.114.5.53 - - [12/Jan/2026:18:45:40 +0800] "GET / HTTP/1.1" 200 40495 "-" "Mozilla/5.0 (Macintosh; Intel Mac OS X 10_15_7) AppleWebKit/537.36 (KHTML, like Gecko) Chrome/126.0.0.0 Safari/537.36"
183.162.124.135 - - [12/Jan/2026:18:45:42 +0800] "GET http://cqqizhou.com/ HTTP/1.1" 200 40495 "-" "Mozilla/5.0 (Macintosh; Intel Mac OS X 10_15_7) AppleWebKit/537.36 (KHTML, like Gecko) Chrome/126.0.0.0 Safari/537.36"
36.133.115.36 - - [12/Jan/2026:18:52:11 +0800] "POST /wp-cron.php?doing_wp_cron=1768215131.7315649986267089843750 HTTP/1.1" 200 31 "-" "WordPress/6.8.3; http://cqqizhou.com"
95.111.247.139 - - [12/Jan/2026:18:52:11 +0800] "GET /configs/000000000000.cfg HTTP/1.1" 404 8980 "-" "Mozilla/5.0 (Windows NT 10.0; Win64; x64) AppleWebKit/537.36"
36.133.115.36 - - [12/Jan/2026:19:15:19 +0800] "POST /wp-cron.php?doing_wp_cron=1768216519.2815330028533935546875 HTTP/1.1" 200 31 "-" "WordPress/6.8.3; http://cqqizhou.com"
204.76.203.219 - - [12/Jan/2026:19:15:19 +0800] "GET / HTTP/1.1" 200 34603 "-" "Mozilla/5.0 (Windows NT 10.0; Win64; x64) AppleWebKit/537.36 (KHTML, like Gecko) Chrome/90.0.4430.85 Safari/537.36 Edg/90.0.818.46"
36.133.115.36 - - [12/Jan/2026:19:25:36 +0800] "POST /wp-cron.php?doing_wp_cron=1768217136.9426538944244384765625 HTTP/1.1" 200 31 "-" "WordPress/6.8.3; http://cqqizhou.com"
204.76.203.18 - - [12/Jan/2026:19:25:36 +0800] "GET /backup/ HTTP/1.1" 301 5 "-" "-"
36.133.115.36 - - [12/Jan/2026:19:45:12 +0800] "POST /wp-cron.php?doing_wp_cron=1768218312.6851789951324462890625 HTTP/1.1" 200 31 "-" "WordPress/6.8.3; http://cqqizhou.com"
154.81.43.171 - - [12/Jan/2026:19:45:12 +0800] "GET /wp-admin/admin-ajax.php HTTP/1.1" 400 11 "-" "Mozilla/5.0 (Windows NT 10.0; Win64; x64) AppleWebKit/537.36 (KHTML, like Gecko) Chrome/131.0.0.0 Safari/537.36 Edg/131.0.0.0"
36.133.115.36 - - [12/Jan/2026:19:56:12 +0800] "POST /wp-cron.php?doing_wp_cron=1768218972.7440719604492187500000 HTTP/1.1" 200 31 "-" "WordPress/6.8.3; http://cqqizhou.com"
79.124.40.174 - - [12/Jan/2026:19:56:13 +0800] "GET /?XDEBUG_SESSION_START=phpstorm HTTP/1.1" 200 34604 "-" "Mozilla/5.0 (Windows NT 10.0; Win64; x64) AppleWebKit/537.36 (KHTML, like Gecko) Chrome/78.0.3904.108 Safari/537.36"
36.133.115.36 - - [12/Jan/2026:20:05:29 +0800] "POST /wp-cron.php?doing_wp_cron=1768219528.9864029884338378906250 HTTP/1.1" 200 31 "-" "WordPress/6.8.3; http://cqqizhou.com"
95.111.247.139 - - [12/Jan/2026:20:05:29 +0800] "GET /configs/poly/000000000000.cfg HTTP/1.1" 404 8981 "-" "Mozilla/5.0 (Windows NT 10.0; Win64; x64) AppleWebKit/537.36"
13.78.125.243 - - [12/Jan/2026:20:13:24 +0800] "GET /wp-content/plugins/hellopress/wp_filemanager.php HTTP/1.1" 404 27 "-" "-"
13.78.125.243 - - [12/Jan/2026:20:13:24 +0800] "GET /rymmm.php HTTP/1.1" 404 27 "-" "-"
13.78.125.243 - - [12/Jan/2026:20:13:24 +0800] "GET /ws34.php HTTP/1.1" 404 27 "-" "-"
13.78.125.243 - - [12/Jan/2026:20:13:24 +0800] "GET /ws45.php HTTP/1.1" 404 27 "-" "-"
13.78.125.243 - - [12/Jan/2026:20:13:24 +0800] "GET /xxw.php HTTP/1.1" 404 27 "-" "-"
13.78.125.243 - - [12/Jan/2026:20:13:24 +0800] "GET /ws33.php HTTP/1.1" 404 27 "-" "-"
13.78.125.243 - - [12/Jan/2026:20:13:24 +0800] "GET /lm13.php HTTP/1.1" 404 27 "-" "-"
13.78.125.243 - - [12/Jan/2026:20:13:24 +0800] "GET /ws38.php HTTP/1.1" 404 27 "-" "-"
13.78.125.243 - - [12/Jan/2026:20:13:24 +0800] "GET /xeqdlun.php HTTP/1.1" 404 27 "-" "-"
13.78.125.243 - - [12/Jan/2026:20:13:24 +0800] "GET /ws37.php HTTP/1.1" 404 27 "-" "-"
13.78.125.243 - - [12/Jan/2026:20:13:25 +0800] "GET /ws36.php HTTP/1.1" 404 27 "-" "-"
13.78.125.243 - - [12/Jan/2026:20:13:25 +0800] "GET /xinder.php HTTP/1.1" 404 27 "-" "-"
13.78.125.243 - - [12/Jan/2026:20:13:25 +0800] "GET /rendi59.php HTTP/1.1" 404 27 "-" "-"
13.78.125.243 - - [12/Jan/2026:20:13:25 +0800] "GET /test/lm.php HTTP/1.1" 404 27 "-" "-"
13.78.125.243 - - [12/Jan/2026:20:13:25 +0800] "GET /style2.php HTTP/1.1" 404 27 "-" "-"
13.78.125.243 - - [12/Jan/2026:20:13:25 +0800] "GET //alfa.php HTTP/1.1" 404 27 "-" "-"
13.78.125.243 - - [12/Jan/2026:20:13:25 +0800] "GET /wpupex.php HTTP/1.1" 404 27 "-" "-"
13.78.125.243 - - [12/Jan/2026:20:13:25 +0800] "GET /ava.php HTTP/1.1" 404 27 "-" "-"
13.78.125.243 - - [12/Jan/2026:20:13:25 +0800] "GET /nks.php HTTP/1.1" 404 27 "-" "-"
13.78.125.243 - - [12/Jan/2026:20:13:26 +0800] "GET //wp-content/languages/index.php HTTP/1.1" 404 27 "-" "-"
13.78.125.243 - - [12/Jan/2026:20:13:26 +0800] "GET //wp-content/uploads/index.php HTTP/1.1" 404 27 "-" "-"
13.78.125.243 - - [12/Jan/2026:20:13:26 +0800] "GET /ss.php HTTP/1.1" 404 27 "-" "-"
13.78.125.243 - - [12/Jan/2026:20:13:26 +0800] "GET /.well-known/content.php HTTP/1.1" 404 27 "-" "-"
13.78.125.243 - - [12/Jan/2026:20:13:26 +0800] "GET /sxo.php HTTP/1.1" 404 27 "-" "-"
13.78.125.243 - - [12/Jan/2026:20:13:26 +0800] "GET //wp-content/themes/hideo/network.php HTTP/1.1" 404 27 "-" "-"
13.78.125.243 - - [12/Jan/2026:20:13:26 +0800] "GET /cache/wp-post-data.php HTTP/1.1" 404 27 "-" "-"
13.78.125.243 - - [12/Jan/2026:20:13:26 +0800] "GET /uploads/Casper.php HTTP/1.1" 404 27 "-" "-"
13.78.125.243 - - [12/Jan/2026:20:13:26 +0800] "GET /new.php HTTP/1.1" 404 27 "-" "-"
13.78.125.243 - - [12/Jan/2026:20:13:27 +0800] "GET /wp-admin/images/commentv.php HTTP/1.1" 404 27 "-" "-"
36.133.115.36 - - [12/Jan/2026:20:13:27 +0800] "POST /wp-cron.php?doing_wp_cron=1768220007.7283170223236083984375 HTTP/1.1" 200 31 "-" "WordPress/6.8.3; http://cqqizhou.com"
13.78.125.243 - - [12/Jan/2026:20:13:27 +0800] "GET /x/ HTTP/1.1" 404 31364 "-" "-"
13.78.125.243 - - [12/Jan/2026:20:13:28 +0800] "GET /dom.php HTTP/1.1" 404 27 "-" "-"
13.78.125.243 - - [12/Jan/2026:20:13:28 +0800] "GET /ooj.php HTTP/1.1" 404 27 "-" "-"
13.78.125.243 - - [12/Jan/2026:20:13:28 +0800] "GET /wp-content/ HTTP/1.1" 200 5 "-" "-"
13.78.125.243 - - [12/Jan/2026:20:13:28 +0800] "GET /BGA.php HTTP/1.1" 404 27 "-" "-"
13.78.125.243 - - [12/Jan/2026:20:13:28 +0800] "GET //sad/about.php HTTP/1.1" 404 27 "-" "-"
13.78.125.243 - - [12/Jan/2026:20:13:28 +0800] "GET /nas.php HTTP/1.1" 404 27 "-" "-"
13.78.125.243 - - [12/Jan/2026:20:13:28 +0800] "GET /loi.php HTTP/1.1" 404 27 "-" "-"
13.78.125.243 - - [12/Jan/2026:20:13:28 +0800] "GET /lov.php HTTP/1.1" 404 27 "-" "-"
13.78.125.243 - - [12/Jan/2026:20:13:28 +0800] "GET /avaa.php HTTP/1.1" 404 27 "-" "-"
13.78.125.243 - - [12/Jan/2026:20:13:29 +0800] "GET /nwwha.php HTTP/1.1" 404 27 "-" "-"
13.78.125.243 - - [12/Jan/2026:20:13:29 +0800] "GET //index/function.php HTTP/1.1" 404 27 "-" "-"
13.78.125.243 - - [12/Jan/2026:20:13:29 +0800] "GET //admin.php HTTP/1.1" 404 27 "-" "-"
13.78.125.243 - - [12/Jan/2026:20:13:29 +0800] "GET /wp-includes/IXR/moon.php HTTP/1.1" 404 27 "-" "-"
13.78.125.243 - - [12/Jan/2026:20:13:29 +0800] "GET //shell20211028.php HTTP/1.1" 404 27 "-" "-"
13.78.125.243 - - [12/Jan/2026:20:13:29 +0800] "GET //skin/install/default/security.php HTTP/1.1" 404 27 "-" "-"
13.78.125.243 - - [12/Jan/2026:20:13:29 +0800] "GET /~norapump/hah.php HTTP/1.1" 404 27 "-" "-"
13.78.125.243 - - [12/Jan/2026:20:13:29 +0800] "GET //wp-admin/class-db.php HTTP/1.1" 404 27 "-" "-"
13.78.125.243 - - [12/Jan/2026:20:13:30 +0800] "GET //buy.php HTTP/1.1" 404 27 "-" "-"
13.78.125.243 - - [12/Jan/2026:20:13:30 +0800] "GET /gib.php HTTP/1.1" 404 27 "-" "-"
13.78.125.243 - - [12/Jan/2026:20:13:30 +0800] "GET /des.php HTTP/1.1" 404 27 "-" "-"
13.78.125.243 - - [12/Jan/2026:20:13:30 +0800] "GET //wp-content/plugins/achdxhv/languages/admin.php HTTP/1.1" 404 27 "-" "-"
13.78.125.243 - - [12/Jan/2026:20:13:30 +0800] "GET /hzz.php HTTP/1.1" 404 27 "-" "-"
13.78.125.243 - - [12/Jan/2026:20:13:30 +0800] "GET /rezor.php HTTP/1.1" 404 27 "-" "-"
13.78.125.243 - - [12/Jan/2026:20:13:31 +0800] "GET /wp-admin/network/ HTTP/1.1" 302 5 "-" "-"
13.78.125.243 - - [12/Jan/2026:20:13:32 +0800] "GET /wp-login.php?redirect_to=http%3A%2F%2Fcqqizhou.com%2Fwp-admin%2Fnetwork%2F&reauth=1 HTTP/1.1" 200 8680 "-" "-"
13.78.125.243 - - [12/Jan/2026:20:13:32 +0800] "GET /oivcl.php HTTP/1.1" 404 27 "-" "-"
13.78.125.243 - - [12/Jan/2026:20:13:32 +0800] "GET /wp-admin/install.php HTTP/1.1" 200 1269 "-" "-"
13.78.125.243 - - [12/Jan/2026:20:13:32 +0800] "GET /db.php HTTP/1.1" 404 27 "-" "-"
13.78.125.243 - - [12/Jan/2026:20:13:32 +0800] "GET //autoload_classmap.php HTTP/1.1" 404 27 "-" "-"
13.78.125.243 - - [12/Jan/2026:20:13:33 +0800] "GET /dropdown.php HTTP/1.1" 404 27 "-" "-"
13.78.125.243 - - [12/Jan/2026:20:13:33 +0800] "GET /images/c99.php HTTP/1.1" 404 27 "-" "-"
13.78.125.243 - - [12/Jan/2026:20:13:33 +0800] "GET //doc.php HTTP/1.1" 404 27 "-" "-"
13.78.125.243 - - [12/Jan/2026:20:13:33 +0800] "GET /ps.php HTTP/1.1" 404 27 "-" "-"
13.78.125.243 - - [12/Jan/2026:20:13:33 +0800] "GET //wp-content/about.php HTTP/1.1" 404 27 "-" "-"
13.78.125.243 - - [12/Jan/2026:20:13:33 +0800] "GET /output.php HTTP/1.1" 404 27 "-" "-"
13.78.125.243 - - [12/Jan/2026:20:13:33 +0800] "GET /wp-xml.php HTTP/1.1" 404 27 "-" "-"
13.78.125.243 - - [12/Jan/2026:20:13:33 +0800] "GET /13.php HTTP/1.1" 404 27 "-" "-"
13.78.125.243 - - [12/Jan/2026:20:13:33 +0800] "GET /wp-2019.php HTTP/1.1" 404 27 "-" "-"
13.78.125.243 - - [12/Jan/2026:20:13:34 +0800] "GET /classwithtostring.php HTTP/1.1" 404 27 "-" "-"
