13.78.125.243 - - [12/Jan/2026:20:13:34 +0800] "GET /.trash7309/fafa/ HTTP/1.1" 404 31364 "-" "-"
13.78.125.243 - - [12/Jan/2026:20:13:35 +0800] "GET //wp.php HTTP/1.1" 404 27 "-" "-"
13.78.125.243 - - [12/Jan/2026:20:13:35 +0800] "GET //lufix.php HTTP/1.1" 404 27 "-" "-"
13.78.125.243 - - [12/Jan/2026:20:13:35 +0800] "GET //elp.php HTTP/1.1" 404 27 "-" "-"
13.78.125.243 - - [12/Jan/2026:20:13:35 +0800] "GET /wrt.php HTTP/1.1" 404 27 "-" "-"
13.78.125.243 - - [12/Jan/2026:20:13:35 +0800] "GET /dr.php HTTP/1.1" 404 27 "-" "-"
13.78.125.243 - - [12/Jan/2026:20:13:35 +0800] "GET /wp-includes/blocks/ HTTP/1.1" 200 12 "-" "-"
13.78.125.243 - - [12/Jan/2026:20:13:35 +0800] "GET /wtu.php HTTP/1.1" 404 27 "-" "-"
13.78.125.243 - - [12/Jan/2026:20:13:35 +0800] "GET /blog/byp.php HTTP/1.1" 404 27 "-" "-"
13.78.125.243 - - [12/Jan/2026:20:13:35 +0800] "GET /led.php HTTP/1.1" 404 27 "-" "-"
13.78.125.243 - - [12/Jan/2026:20:13:36 +0800] "GET /bhfnd.php HTTP/1.1" 404 27 "-" "-"
13.78.125.243 - - [12/Jan/2026:20:13:36 +0800] "GET //index/function.php HTTP/1.1" 404 27 "-" "-"
13.78.125.243 - - [12/Jan/2026:20:13:36 +0800] "GET /readme.php HTTP/1.1" 404 27 "-" "-"
13.78.125.243 - - [12/Jan/2026:20:13:36 +0800] "GET /aku.php HTTP/1.1" 404 27 "-" "-"
13.78.125.243 - - [12/Jan/2026:20:13:36 +0800] "GET //wp-content/themes/about.php HTTP/1.1" 404 27 "-" "-"
13.78.125.243 - - [12/Jan/2026:20:13:36 +0800] "GET /x.php HTTP/1.1" 404 27 "-" "-"
13.78.125.243 - - [12/Jan/2026:20:13:36 +0800] "GET /fox.php HTTP/1.1" 404 27 "-" "-"
13.78.125.243 - - [12/Jan/2026:20:13:36 +0800] "GET /7f8c8.php HTTP/1.1" 404 27 "-" "-"
13.78.125.243 - - [12/Jan/2026:20:13:36 +0800] "GET /poj.php HTTP/1.1" 404 27 "-" "-"
13.78.125.243 - - [12/Jan/2026:20:13:37 +0800] "GET /zze.php HTTP/1.1" 404 27 "-" "-"
13.78.125.243 - - [12/Jan/2026:20:13:37 +0800] "GET //wp-content/ HTTP/1.1" 200 5 "-" "-"
13.78.125.243 - - [12/Jan/2026:20:13:37 +0800] "GET /weozh.php HTTP/1.1" 404 27 "-" "-"
13.78.125.243 - - [12/Jan/2026:20:13:37 +0800] "GET //wp-content/themes/about.php HTTP/1.1" 404 27 "-" "-"
13.78.125.243 - - [12/Jan/2026:20:13:37 +0800] "GET /zznmg.php HTTP/1.1" 404 27 "-" "-"
13.78.125.243 - - [12/Jan/2026:20:13:37 +0800] "GET /help/crnpwfiu.php HTTP/1.1" 404 27 "-" "-"
13.78.125.243 - - [12/Jan/2026:20:13:37 +0800] "GET /eru.php HTTP/1.1" 404 27 "-" "-"
13.78.125.243 - - [12/Jan/2026:20:13:37 +0800] "GET /index/zwso.php HTTP/1.1" 404 27 "-" "-"
13.78.125.243 - - [12/Jan/2026:20:13:37 +0800] "GET /images/2008.php HTTP/1.1" 404 27 "-" "-"
13.78.125.243 - - [12/Jan/2026:20:13:38 +0800] "GET //.cache/x.php HTTP/1.1" 404 27 "-" "-"
13.78.125.243 - - [12/Jan/2026:20:13:38 +0800] "GET /pow.php HTTP/1.1" 404 27 "-" "-"
13.78.125.243 - - [12/Jan/2026:20:13:38 +0800] "GET /dop.php HTTP/1.1" 404 27 "-" "-"
13.78.125.243 - - [12/Jan/2026:20:13:38 +0800] "GET /wp-content/plugins/ HTTP/1.1" 200 5 "-" "-"
13.78.125.243 - - [12/Jan/2026:20:13:38 +0800] "GET /lv.php HTTP/1.1" 404 27 "-" "-"
13.78.125.243 - - [12/Jan/2026:20:13:38 +0800] "GET /MTOS/byp.php HTTP/1.1" 404 27 "-" "-"
13.78.125.243 - - [12/Jan/2026:20:13:38 +0800] "GET //wp-includes/assets/index.php HTTP/1.1" 404 27 "-" "-"
13.78.125.243 - - [12/Jan/2026:20:13:38 +0800] "GET //wp-includes/customize/index.php HTTP/1.1" 404 27 "-" "-"
13.78.125.243 - - [12/Jan/2026:20:13:39 +0800] "GET /pkmoj.php HTTP/1.1" 404 27 "-" "-"
13.78.125.243 - - [12/Jan/2026:20:13:39 +0800] "GET /uploads/upload2.php HTTP/1.1" 404 27 "-" "-"
13.78.125.243 - - [12/Jan/2026:20:13:39 +0800] "GET /hehehehe.php HTTP/1.1" 404 27 "-" "-"
13.78.125.243 - - [12/Jan/2026:20:13:39 +0800] "GET /fss.php HTTP/1.1" 404 27 "-" "-"
13.78.125.243 - - [12/Jan/2026:20:13:39 +0800] "GET /wwr.php HTTP/1.1" 404 27 "-" "-"
13.78.125.243 - - [12/Jan/2026:20:13:39 +0800] "GET //content.php HTTP/1.1" 404 27 "-" "-"
13.78.125.243 - - [12/Jan/2026:20:13:39 +0800] "GET /wp-content/kj.php HTTP/1.1" 404 27 "-" "-"
13.78.125.243 - - [12/Jan/2026:20:13:39 +0800] "GET /update/wpupex.php HTTP/1.1" 404 27 "-" "-"
13.78.125.243 - - [12/Jan/2026:20:13:39 +0800] "GET //install.php HTTP/1.1" 404 27 "-" "-"
13.78.125.243 - - [12/Jan/2026:20:13:39 +0800] "GET /kopyw.php HTTP/1.1" 404 27 "-" "-"
13.78.125.243 - - [12/Jan/2026:20:13:40 +0800] "GET /cong.php HTTP/1.1" 404 27 "-" "-"
13.78.125.243 - - [12/Jan/2026:20:13:40 +0800] "GET //wp-includes/css/about.php HTTP/1.1" 404 27 "-" "-"
13.78.125.243 - - [12/Jan/2026:20:13:40 +0800] "GET /shop.php HTTP/1.1" 404 27 "-" "-"
13.78.125.243 - - [12/Jan/2026:20:13:40 +0800] "GET /lla.php HTTP/1.1" 404 27 "-" "-"
13.78.125.243 - - [12/Jan/2026:20:13:40 +0800] "GET /nok.php HTTP/1.1" 404 27 "-" "-"
13.78.125.243 - - [12/Jan/2026:20:13:40 +0800] "GET /wp-content/uploads/2024/dodo.php HTTP/1.1" 404 27 "-" "-"
13.78.125.243 - - [12/Jan/2026:20:13:40 +0800] "GET /ker.php HTTP/1.1" 404 27 "-" "-"
13.78.125.243 - - [12/Jan/2026:20:13:40 +0800] "GET //dropdown.php HTTP/1.1" 404 27 "-" "-"
13.78.125.243 - - [12/Jan/2026:20:13:40 +0800] "GET /wp-includes/images/403.php HTTP/1.1" 404 27 "-" "-"
13.78.125.243 - - [12/Jan/2026:20:13:41 +0800] "GET /~elliotimformatiq/sxp.php HTTP/1.1" 404 27 "-" "-"
13.78.125.243 - - [12/Jan/2026:20:13:41 +0800] "GET /qfvqu.php HTTP/1.1" 404 27 "-" "-"
13.78.125.243 - - [12/Jan/2026:20:13:41 +0800] "GET /crt.php HTTP/1.1" 404 27 "-" "-"
13.78.125.243 - - [12/Jan/2026:20:13:41 +0800] "GET /2eaa2.php HTTP/1.1" 404 27 "-" "-"
13.78.125.243 - - [12/Jan/2026:20:13:41 +0800] "GET /wp-includes/css/ HTTP/1.1" 403 146 "-" "-"
13.78.125.243 - - [12/Jan/2026:20:13:41 +0800] "GET /has.php HTTP/1.1" 404 27 "-" "-"
13.78.125.243 - - [12/Jan/2026:20:13:41 +0800] "GET /nka.php HTTP/1.1" 404 27 "-" "-"
13.78.125.243 - - [12/Jan/2026:20:13:41 +0800] "GET //wp-content/ HTTP/1.1" 200 5 "-" "-"
13.78.125.243 - - [12/Jan/2026:20:13:41 +0800] "GET /dropdown.php HTTP/1.1" 404 27 "-" "-"
13.78.125.243 - - [12/Jan/2026:20:13:42 +0800] "GET //wp-includes/Text/wp-login.php HTTP/1.1" 404 27 "-" "-"
13.78.125.243 - - [12/Jan/2026:20:13:42 +0800] "GET //cgi-bin/wp-login.php HTTP/1.1" 404 27 "-" "-"
13.78.125.243 - - [12/Jan/2026:20:13:42 +0800] "GET /jvcpa.php HTTP/1.1" 404 27 "-" "-"
13.78.125.243 - - [12/Jan/2026:20:13:42 +0800] "GET /zil.php HTTP/1.1" 404 27 "-" "-"
13.78.125.243 - - [12/Jan/2026:20:13:42 +0800] "GET /images/uploadform.php HTTP/1.1" 404 27 "-" "-"
13.78.125.243 - - [12/Jan/2026:20:13:42 +0800] "GET /system_log.php HTTP/1.1" 404 27 "-" "-"
13.78.125.243 - - [12/Jan/2026:20:13:42 +0800] "GET /wordpress/clo.php HTTP/1.1" 404 27 "-" "-"
13.78.125.243 - - [12/Jan/2026:20:13:42 +0800] "GET /.well-known/zip.php HTTP/1.1" 404 27 "-" "-"
13.78.125.243 - - [12/Jan/2026:20:13:42 +0800] "GET /ar.php HTTP/1.1" 404 27 "-" "-"
13.78.125.243 - - [12/Jan/2026:20:13:43 +0800] "GET /shelp.php HTTP/1.1" 404 27 "-" "-"
13.78.125.243 - - [12/Jan/2026:20:13:43 +0800] "GET /wordpress/yts.php HTTP/1.1" 404 27 "-" "-"
13.78.125.243 - - [12/Jan/2026:20:13:43 +0800] "GET /file.php HTTP/1.1" 404 27 "-" "-"
13.78.125.243 - - [12/Jan/2026:20:13:43 +0800] "GET /wp-admin/images/Mhbgf.php HTTP/1.1" 404 27 "-" "-"
13.78.125.243 - - [12/Jan/2026:20:13:43 +0800] "GET /wp-admin/maint/ HTTP/1.1" 403 146 "-" "-"
13.78.125.243 - - [12/Jan/2026:20:13:43 +0800] "GET /first.php HTTP/1.1" 404 27 "-" "-"
13.78.125.243 - - [12/Jan/2026:20:13:43 +0800] "GET //admin/function.php HTTP/1.1" 404 27 "-" "-"
13.78.125.243 - - [12/Jan/2026:20:13:43 +0800] "GET /404.php HTTP/1.1" 404 27 "-" "-"
13.78.125.243 - - [12/Jan/2026:20:13:43 +0800] "GET /wp/wp-includes//index.php HTTP/1.1" 404 27 "-" "-"
13.78.125.243 - - [12/Jan/2026:20:13:44 +0800] "GET /museu/yhweq.php HTTP/1.1" 404 27 "-" "-"
36.133.115.36 - - [12/Jan/2026:20:15:19 +0800] "POST /wp-cron.php?doing_wp_cron=1768220119.3367679119110107421875 HTTP/1.1" 200 31 "-" "WordPress/6.8.3; http://cqqizhou.com"
204.76.203.219 - - [12/Jan/2026:20:15:19 +0800] "GET / HTTP/1.1" 200 34604 "-" "Mozilla/5.0 (Windows NT 10.0; Win64; x64) AppleWebKit/537.36 (KHTML, like Gecko) Chrome/90.0.4430.85 Safari/537.36 Edg/90.0.818.46"
74.7.243.243 - - [12/Jan/2026:20:15:35 +0800] "GET /wp-sitemap.xml HTTP/1.1" 501 253 "-" "Mozilla/5.0 AppleWebKit/537.36 (KHTML, like Gecko; compatible; GPTBot/1.3; +https://openai.com/gptbot)"
74.7.228.39 - - [12/Jan/2026:20:15:40 +0800] "GET /robots.txt HTTP/1.1" 200 190 "-" "Mozilla/5.0 (Macintosh; Intel Mac OS X 10_15_7) AppleWebKit/537.36 (KHTML, like Gecko) Chrome/131.0.0.0 Safari/537.36; compatible; OAI-SearchBot/1.3; robots.txt; +https://openai.com/searchbot"
36.133.115.36 - - [12/Jan/2026:20:18:00 +0800] "POST /wp-cron.php?doing_wp_cron=1768220279.9485349655151367187500 HTTP/1.1" 200 31 "-" "WordPress/6.8.3; http://cqqizhou.com"
159.65.165.86 - - [12/Jan/2026:20:18:00 +0800] "GET /.env HTTP/1.1" 404 8980 "-" "Mozilla/5.0; Keydrop.io/1.0(onlyscans.com/about);"
159.65.165.86 - - [12/Jan/2026:20:18:01 +0800] "GET /.git/config HTTP/1.1" 404 8981 "-" "Mozilla/5.0; Keydrop.io/1.0(onlyscans.com/about);"
36.133.115.36 - - [12/Jan/2026:20:28:18 +0800] "POST /wp-cron.php?doing_wp_cron=1768220898.9033970832824707031250 HTTP/1.1" 200 31 "-" "WordPress/6.8.3; http://cqqizhou.com"
180.149.126.12 - - [12/Jan/2026:20:28:18 +0800] "GET / HTTP/1.1" 301 5 "-" "Mozilla/5.0 (Windows NT 5.1; Win64; x64) AppleWebKit/537.36 (KHTML, like Gecko) Chrome/60.0.3112.90 Safari/537.36"
180.149.126.12 - - [12/Jan/2026:20:28:19 +0800] "GET / HTTP/1.1" 200 40495 "http://36.133.115.36/" "Mozilla/5.0 (Windows NT 5.1; Win64; x64) AppleWebKit/537.36 (KHTML, like Gecko) Chrome/60.0.3112.90 Safari/537.36"
36.133.115.36 - - [12/Jan/2026:20:33:03 +0800] "POST /wp-cron.php?doing_wp_cron=1768221183.3279600143432617187500 HTTP/1.1" 200 31 "-" "WordPress/6.8.3; http://cqqizhou.com"
43.165.65.75 - - [12/Jan/2026:20:33:03 +0800] "GET / HTTP/1.1" 301 5 "-" "Mozilla/5.0 (iPhone; CPU iPhone OS 13_2_3 like Mac OS X) AppleWebKit/605.1.15 (KHTML, like Gecko) Version/13.0.3 Mobile/15E148 Safari/604.1"
43.165.65.75 - - [12/Jan/2026:20:33:07 +0800] "GET / HTTP/1.1" 200 34604 "http://www.cqqizhou.com" "Mozilla/5.0 (iPhone; CPU iPhone OS 13_2_3 like Mac OS X) AppleWebKit/605.1.15 (KHTML, like Gecko) Version/13.0.3 Mobile/15E148 Safari/604.1"
36.133.115.36 - - [12/Jan/2026:20:38:40 +0800] "POST /wp-cron.php?doing_wp_cron=1768221520.5581378936767578125000 HTTP/1.1" 200 31 "-" "WordPress/6.8.3; http://cqqizhou.com"
51.68.111.239 - - [12/Jan/2026:20:38:40 +0800] "GET /robots.txt HTTP/1.1" 301 5 "-" "Mozilla/5.0 (compatible; MJ12bot/v2.0.4; http://mj12bot.com/)"
51.68.111.239 - - [12/Jan/2026:20:38:42 +0800] "GET /robots.txt HTTP/1.1" 200 190 "-" "Mozilla/5.0 (compatible; MJ12bot/v2.0.4; http://mj12bot.com/)"
51.68.111.239 - - [12/Jan/2026:20:38:45 +0800] "GET / HTTP/1.1" 301 5 "-" "Mozilla/5.0 (compatible; MJ12bot/v2.0.4; http://mj12bot.com/)"
51.68.111.239 - - [12/Jan/2026:20:38:45 +0800] "GET / HTTP/1.1" 200 40495 "-" "Mozilla/5.0 (compatible; MJ12bot/v2.0.4; http://mj12bot.com/)"
36.133.115.36 - - [12/Jan/2026:20:38:52 +0800] "POST /wp-cron.php?doing_wp_cron=1768221532.8654620647430419921875 HTTP/1.1" 200 31 "-" "WordPress/6.8.3; http://cqqizhou.com"
103.203.57.3 - - [12/Jan/2026:20:38:52 +0800] "GET / HTTP/1.1" 301 5 "-" "Mozilla/5.0 zgrab/0.x"
36.133.115.36 - - [12/Jan/2026:20:43:25 +0800] "POST /wp-cron.php?doing_wp_cron=1768221805.3654758930206298828125 HTTP/1.1" 200 31 "-" "WordPress/6.8.3; http://cqqizhou.com"
93.174.93.12 - - [12/Jan/2026:20:43:25 +0800] "GET / HTTP/1.0" 301 0 "-" "Mozilla/5.0 (Macintosh; Intel Mac OS X 10_13_6) AppleWebKit/537.36 (KHTML, like Gecko) Chrome/71.0.3578.80 Safari/537.36"
36.133.115.36 - - [12/Jan/2026:20:59:54 +0800] "POST /wp-cron.php?doing_wp_cron=1768222794.7668519020080566406250 HTTP/1.1" 200 31 "-" "WordPress/6.8.3; http://cqqizhou.com"
51.161.65.85 - - [12/Jan/2026:20:59:54 +0800] "GET /robots.txt HTTP/1.1" 200 190 "-" "Mozilla/5.0 (compatible; AhrefsBot/7.0; +http://ahrefs.com/robot/)"
5.39.109.165 - - [12/Jan/2026:21:00:03 +0800] "GET /2159/ HTTP/1.1" 200 28573 "-" "Mozilla/5.0 (compatible; AhrefsBot/7.0; +http://ahrefs.com/robot/)"
36.133.115.36 - - [12/Jan/2026:21:11:23 +0800] "POST /wp-cron.php?doing_wp_cron=1768223483.8715879917144775390625 HTTP/1.1" 200 31 "-" "WordPress/6.8.3; http://cqqizhou.com"
79.124.40.174 - - [12/Jan/2026:21:11:23 +0800] "GET /actuator/gateway/routes HTTP/1.1" 301 5 "-" "Mozilla/5.0 (Windows NT 10.0; Win64; x64) AppleWebKit/537.36 (KHTML, like Gecko) Chrome/78.0.3904.108 Safari/537.36"
36.133.115.36 - - [12/Jan/2026:21:12:34 +0800] "POST /wp-cron.php?doing_wp_cron=1768223554.6033530235290527343750 HTTP/1.1" 200 31 "-" "WordPress/6.8.3; http://cqqizhou.com"
77.83.39.77 - - [12/Jan/2026:21:12:34 +0800] "GET /.env HTTP/1.1" 404 8982 "-" "Mozilla/5.0 (X11; Linux x86_64) AppleWebKit/537.36 (KHTML, like Gecko) Chrome/81.0.4044.129 Safari/537.36"
77.83.39.77 - - [12/Jan/2026:21:12:38 +0800] "POST / HTTP/1.1" 200 34604 "-" "Mozilla/5.0 (X11; Linux x86_64) AppleWebKit/537.36 (KHTML, like Gecko) Chrome/81.0.4044.129 Safari/537.36"
36.133.115.36 - - [12/Jan/2026:21:21:02 +0800] "POST /wp-cron.php?doing_wp_cron=1768224062.8116168975830078125000 HTTP/1.1" 200 31 "-" "WordPress/6.8.3; http://cqqizhou.com"
14.108.233.156 - - [12/Jan/2026:21:21:02 +0800] "POST /wp-admin/admin-ajax.php HTTP/1.1" 200 119 "http://cqqizhou.com/wp-admin/edit.php?post_type=page" "Mozilla/5.0 (Windows NT 10.0; Win64; x64) AppleWebKit/537.36 (KHTML, like Gecko) Chrome/143.0.0.0 Safari/537.36 Edg/143.0.0.0"
14.108.233.156 - - [12/Jan/2026:21:21:12 +0800] "POST /wp-admin/admin-ajax.php HTTP/1.1" 200 78 "http://cqqizhou.com/wp-admin/edit.php?post_type=page" "Mozilla/5.0 (Windows NT 10.0; Win64; x64) AppleWebKit/537.36 (KHTML, like Gecko) Chrome/143.0.0.0 Safari/537.36 Edg/143.0.0.0"
36.133.115.36 - - [12/Jan/2026:21:23:13 +0800] "POST /wp-cron.php?doing_wp_cron=1768224193.8730700016021728515625 HTTP/1.1" 200 31 "-" "WordPress/6.8.3; http://cqqizhou.com"
14.108.233.156 - - [12/Jan/2026:21:23:13 +0800] "POST /wp-admin/admin-ajax.php HTTP/1.1" 200 78 "http://cqqizhou.com/wp-admin/edit.php?post_type=page" "Mozilla/5.0 (Windows NT 10.0; Win64; x64) AppleWebKit/537.36 (KHTML, like Gecko) Chrome/143.0.0.0 Safari/537.36 Edg/143.0.0.0"
36.133.115.36 - - [12/Jan/2026:21:25:14 +0800] "POST /wp-cron.php?doing_wp_cron=1768224314.9009819030761718750000 HTTP/1.1" 200 31 "-" "WordPress/6.8.3; http://cqqizhou.com"
14.108.233.156 - - [12/Jan/2026:21:25:15 +0800] "POST /wp-admin/admin-ajax.php HTTP/1.1" 200 78 "http://cqqizhou.com/wp-admin/edit.php?post_type=page" "Mozilla/5.0 (Windows NT 10.0; Win64; x64) AppleWebKit/537.36 (KHTML, like Gecko) Chrome/143.0.0.0 Safari/537.36 Edg/143.0.0.0"
36.133.115.36 - - [12/Jan/2026:21:27:15 +0800] "POST /wp-cron.php?doing_wp_cron=1768224435.8988740444183349609375 HTTP/1.1" 200 31 "-" "WordPress/6.8.3; http://cqqizhou.com"
14.108.233.156 - - [12/Jan/2026:21:27:16 +0800] "POST /wp-admin/admin-ajax.php HTTP/1.1" 200 78 "http://cqqizhou.com/wp-admin/edit.php?post_type=page" "Mozilla/5.0 (Windows NT 10.0; Win64; x64) AppleWebKit/537.36 (KHTML, like Gecko) Chrome/143.0.0.0 Safari/537.36 Edg/143.0.0.0"
36.133.115.36 - - [12/Jan/2026:21:29:16 +0800] "POST /wp-cron.php?doing_wp_cron=1768224556.9201629161834716796875 HTTP/1.1" 200 31 "-" "WordPress/6.8.3; http://cqqizhou.com"
14.108.233.156 - - [12/Jan/2026:21:29:17 +0800] "POST /wp-admin/admin-ajax.php HTTP/1.1" 200 78 "http://cqqizhou.com/wp-admin/edit.php?post_type=page" "Mozilla/5.0 (Windows NT 10.0; Win64; x64) AppleWebKit/537.36 (KHTML, like Gecko) Chrome/143.0.0.0 Safari/537.36 Edg/143.0.0.0"
36.133.115.36 - - [12/Jan/2026:21:31:17 +0800] "POST /wp-cron.php?doing_wp_cron=1768224677.8971979618072509765625 HTTP/1.1" 200 31 "-" "WordPress/6.8.3; http://cqqizhou.com"
14.108.233.156 - - [12/Jan/2026:21:31:18 +0800] "POST /wp-admin/admin-ajax.php HTTP/1.1" 200 78 "http://cqqizhou.com/wp-admin/edit.php?post_type=page" "Mozilla/5.0 (Windows NT 10.0; Win64; x64) AppleWebKit/537.36 (KHTML, like Gecko) Chrome/143.0.0.0 Safari/537.36 Edg/143.0.0.0"
65.49.1.24 - - [12/Jan/2026:21:31:43 +0800] "GET / HTTP/1.1" 301 5 "-" "Mozilla/5.0 (Windows NT 10.0; Win64; x64) AppleWebKit/537.36 (KHTML, like Gecko) Chrome/99.0.4844.84 Safari/537.36"
36.133.115.36 - - [12/Jan/2026:21:32:25 +0800] "POST /wp-cron.php?doing_wp_cron=1768224745.4079320430755615234375 HTTP/1.1" 200 31 "-" "WordPress/6.8.3; http://cqqizhou.com"
65.49.1.24 - - [12/Jan/2026:21:32:25 +0800] "GET /webui/ HTTP/1.1" 404 8981 "-" "Mozilla/5.0 (Windows NT 10.0; Win64; x64) AppleWebKit/537.36 (KHTML, like Gecko) Chrome/124.0.0.0 Safari/537.36 Edg/124.0.0.0"
65.49.1.35 - - [12/Jan/2026:21:32:56 +0800] "GET / HTTP/1.1" 499 0 "-" "Mozilla/5.0 (Windows NT 10.0; Win64; x64) AppleWebKit/537.36 (KHTML, like Gecko) Chrome/124.0.0.0 Safari/537.36 Edg/124.0.0.0"
36.133.115.36 - - [12/Jan/2026:21:32:56 +0800] "POST /wp-cron.php?doing_wp_cron=1768224776.8127999305725097656250 HTTP/1.1" 200 31 "-" "WordPress/6.8.3; http://cqqizhou.com"
36.133.115.36 - - [12/Jan/2026:21:34:26 +0800] "POST /wp-cron.php?doing_wp_cron=1768224866.3932011127471923828125 HTTP/1.1" 200 31 "-" "WordPress/6.8.3; http://cqqizhou.com"
65.49.1.24 - - [12/Jan/2026:21:34:26 +0800] "GET /geoserver/web/ HTTP/1.1" 404 8981 "-" "Mozilla/5.0 (Windows NT 10.0; Win64; x64) AppleWebKit/537.36 (KHTML, like Gecko) Chrome/99.0.4844.84 Safari/537.36"
45.150.174.89 - - [12/Jan/2026:21:36:24 +0800] "GET /wp-content/uploads/ HTTP/1.1" 403 146 "-" "-"
45.150.174.89 - - [12/Jan/2026:21:36:24 +0800] "GET /wp-includes/ HTTP/1.1" 403 146 "-" "-"
45.150.174.89 - - [12/Jan/2026:21:36:26 +0800] "GET /wp-includes/css/ HTTP/1.1" 403 146 "-" "-"
45.150.174.89 - - [12/Jan/2026:21:36:26 +0800] "GET /wp-includes/ID3/ HTTP/1.1" 403 146 "-" "-"
45.150.174.89 - - [12/Jan/2026:21:36:27 +0800] "GET /wp-includes/IXR/ HTTP/1.1" 403 146 "-" "-"
45.150.174.89 - - [12/Jan/2026:21:36:27 +0800] "GET /wp-includes/Requests/ HTTP/1.1" 403 146 "-" "-"
45.150.174.89 - - [12/Jan/2026:21:36:33 +0800] "GET /wp-includes/SimplePie/ HTTP/1.1" 403 146 "-" "-"
36.133.115.36 - - [12/Jan/2026:21:36:45 +0800] "POST /wp-cron.php?doing_wp_cron=1768225005.0462479591369628906250 HTTP/1.1" 200 31 "-" "WordPress/6.8.3; http://cqqizhou.com"
45.150.174.89 - - [12/Jan/2026:21:36:45 +0800] "GET /wp-content/mu-plugins-old/ HTTP/1.1" 404 31364 "-" "-"
36.133.115.36 - - [12/Jan/2026:21:36:47 +0800] "POST /wp-cron.php?doing_wp_cron=1768225007.4358470439910888671875 HTTP/1.1" 200 31 "-" "WordPress/6.8.3; http://cqqizhou.com"
45.150.174.89 - - [12/Jan/2026:21:36:47 +0800] "GET /wp-content/themes/classic/inc/ HTTP/1.1" 404 31364 "-" "-"
45.150.174.89 - - [12/Jan/2026:21:36:48 +0800] "GET /wp-includes/Text/ HTTP/1.1" 403 146 "-" "-"
45.150.174.89 - - [12/Jan/2026:21:36:49 +0800] "GET /wp-content/plugins/ninja-forms/ HTTP/1.1" 404 31364 "-" "-"
45.150.174.89 - - [12/Jan/2026:21:36:50 +0800] "GET /wp-content/mu-plugins/ HTTP/1.1" 404 31364 "-" "-"
45.150.174.89 - - [12/Jan/2026:21:36:51 +0800] "GET /wp-includes/Text/Diff/Renderer/ HTTP/1.1" 403 146 "-" "-"
45.150.174.89 - - [12/Jan/2026:21:36:51 +0800] "GET /wp-includes/blocks/ HTTP/1.1" 200 12 "-" "-"
45.150.174.89 - - [12/Jan/2026:21:36:52 +0800] "GET /wp-includes/certificates/ HTTP/1.1" 403 146 "-" "-"
45.150.174.89 - - [12/Jan/2026:21:36:57 +0800] "GET /wp-includes/customize/ HTTP/1.1" 403 146 "-" "-"
45.150.174.89 - - [12/Jan/2026:21:36:58 +0800] "GET /wp-includes/fonts/ HTTP/1.1" 403 146 "-" "-"
45.150.174.89 - - [12/Jan/2026:21:36:58 +0800] "GET /wp-includes/images/ HTTP/1.1" 403 146 "-" "-"
45.150.174.89 - - [12/Jan/2026:21:37:00 +0800] "GET /.well-known/ HTTP/1.1" 404 31364 "-" "-"
45.150.174.89 - - [12/Jan/2026:21:37:01 +0800] "GET /ALFA_DATA/ HTTP/1.1" 404 31364 "-" "-"
45.150.174.89 - - [12/Jan/2026:21:37:03 +0800] "GET /.well-knownold/ HTTP/1.1" 404 31364 "-" "-"
45.150.174.89 - - [12/Jan/2026:21:37:04 +0800] "GET /.well-known/acme-challenge/ HTTP/1.1" 404 31364 "-" "-"
45.150.174.89 - - [12/Jan/2026:21:37:06 +0800] "GET /cgi-bin/ HTTP/1.1" 404 31364 "-" "-"
45.150.174.89 - - [12/Jan/2026:21:37:08 +0800] "GET /index/ HTTP/1.1" 404 31364 "-" "-"
45.150.174.89 - - [12/Jan/2026:21:37:09 +0800] "GET /id/ HTTP/1.1" 404 31364 "-" "-"
45.150.174.89 - - [12/Jan/2026:21:37:11 +0800] "GET /www/ HTTP/1.1" 404 31364 "-" "-"
45.150.174.89 - - [12/Jan/2026:21:37:15 +0800] "GET /web/ HTTP/1.1" 404 31364 "-" "-"
45.150.174.89 - - [12/Jan/2026:21:37:16 +0800] "GET /uploads/ HTTP/1.1" 404 31364 "-" "-"
45.150.174.89 - - [12/Jan/2026:21:37:17 +0800] "GET /upload/ HTTP/1.1" 404 31364 "-" "-"
45.150.174.89 - - [12/Jan/2026:21:37:19 +0800] "GET /admin/uploads/ HTTP/1.1" 404 31364 "-" "-"
45.150.174.89 - - [12/Jan/2026:21:37:29 +0800] "GET /Admin/uploads/ HTTP/1.1" 404 31364 "-" "-"
45.150.174.89 - - [12/Jan/2026:21:37:31 +0800] "GET /admin/ HTTP/1.1" 302 5 "-" "-"
45.150.174.89 - - [12/Jan/2026:21:37:32 +0800] "GET /wp-admin/ HTTP/1.1" 302 5 "-" "-"
45.150.174.89 - - [12/Jan/2026:21:37:34 +0800] "GET /wp-login.php?redirect_to=http%3A%2F%2Fcqqizhou.com%2Fwp-admin%2F&reauth=1 HTTP/1.1" 200 8672 "-" "-"
45.150.174.89 - - [12/Jan/2026:21:37:35 +0800] "GET /images/ HTTP/1.1" 404 31364 "-" "-"
45.150.174.89 - - [12/Jan/2026:21:37:37 +0800] "GET /assets/ HTTP/1.1" 404 31364 "-" "-"
45.150.174.89 - - [12/Jan/2026:21:37:39 +0800] "GET /vendor/phpunit/phpunit/src/Util/PHP/ HTTP/1.1" 404 31364 "-" "-"
45.150.174.89 - - [12/Jan/2026:21:37:41 +0800] "GET /upload/image/ HTTP/1.1" 404 31364 "-" "-"
45.150.174.89 - - [12/Jan/2026:21:37:43 +0800] "GET /assets/images/ HTTP/1.1" 404 31364 "-" "-"
45.150.174.89 - - [12/Jan/2026:21:37:45 +0800] "GET /Public/ HTTP/1.1" 404 31364 "-" "-"
36.133.115.36 - - [12/Jan/2026:21:37:46 +0800] "POST /wp-cron.php?doing_wp_cron=1768225066.7634470462799072265625 HTTP/1.1" 200 31 "-" "WordPress/6.8.3; http://cqqizhou.com"
45.150.174.89 - - [12/Jan/2026:21:37:46 +0800] "GET /vendor/ HTTP/1.1" 404 31364 "-" "-"
45.150.174.89 - - [12/Jan/2026:21:37:48 +0800] "GET /local/ HTTP/1.1" 404 31364 "-" "-"
45.150.174.89 - - [12/Jan/2026:21:37:50 +0800] "GET /modules/ HTTP/1.1" 404 31364 "-" "-"
45.150.174.89 - - [12/Jan/2026:21:37:52 +0800] "GET /Site/ HTTP/1.1" 404 31364 "-" "-"
45.150.174.89 - - [12/Jan/2026:21:37:54 +0800] "GET /system/ HTTP/1.1" 404 31364 "-" "-"
45.150.174.89 - - [12/Jan/2026:21:37:56 +0800] "GET /template/ HTTP/1.1" 404 31364 "-" "-"
45.150.174.89 - - [12/Jan/2026:21:37:57 +0800] "GET /shop/ HTTP/1.1" 301 5 "-" "-"
45.150.174.89 - - [12/Jan/2026:21:37:59 +0800] "GET /shop-2/ HTTP/1.1" 200 73674 "-" "-"
45.150.174.89 - - [12/Jan/2026:21:38:03 +0800] "GET /files/ HTTP/1.1" 404 31364 "-" "-"
45.150.174.89 - - [12/Jan/2026:21:38:08 +0800] "GET /admin/editor/ HTTP/1.1" 404 31364 "-" "-"
45.150.174.89 - - [12/Jan/2026:21:38:09 +0800] "GET /include/ HTTP/1.1" 404 31364 "-" "-"
45.150.174.89 - - [12/Jan/2026:21:38:12 +0800] "GET /Assets/ HTTP/1.1" 404 31364 "-" "-"
45.150.174.89 - - [12/Jan/2026:21:38:15 +0800] "GET /images/stories/ HTTP/1.1" 404 31364 "-" "-"
45.150.174.89 - - [12/Jan/2026:21:38:17 +0800] "GET /plugins/ HTTP/1.1" 404 31364 "-" "-"
45.150.174.89 - - [12/Jan/2026:21:38:19 +0800] "GET /php/ HTTP/1.1" 404 31364 "-" "-"
45.150.174.89 - - [12/Jan/2026:21:38:19 +0800] "GET /wp-admin/css/ HTTP/1.1" 403 146 "-" "-"
36.133.115.36 - - [12/Jan/2026:21:38:21 +0800] "POST /wp-cron.php?doing_wp_cron=1768225101.5575559139251708984375 HTTP/1.1" 200 31 "-" "WordPress/6.8.3; http://cqqizhou.com"
45.150.174.89 - - [12/Jan/2026:21:38:21 +0800] "GET /wp-content/themes/twentytwenty/ HTTP/1.1" 404 31364 "-" "-"
45.150.174.89 - - [12/Jan/2026:21:38:22 +0800] "GET /wp-content/cache/ HTTP/1.1" 403 146 "-" "-"
45.150.174.89 - - [12/Jan/2026:21:38:22 +0800] "GET /wp-admin/maint/ HTTP/1.1" 403 146 "-" "-"
45.150.174.89 - - [12/Jan/2026:21:38:23 +0800] "GET /wp-content/plugins/akismet/ HTTP/1.1" 404 31364 "-" "-"
45.150.174.89 - - [12/Jan/2026:21:38:24 +0800] "GET /wp-includes/assets/ HTTP/1.1" 403 146 "-" "-"
45.150.174.89 - - [12/Jan/2026:21:38:26 +0800] "GET /wp-includes/block-patterns/ HTTP/1.1" 403 146 "-" "-"
45.150.174.89 - - [12/Jan/2026:21:38:26 +0800] "GET /wp-includes/block-supports/ HTTP/1.1" 403 146 "-" "-"
45.150.174.89 - - [12/Jan/2026:21:38:27 +0800] "GET /wp-includes/html-api/ HTTP/1.1" 403 146 "-" "-"
45.150.174.89 - - [12/Jan/2026:21:38:27 +0800] "GET /wp-includes/js/ HTTP/1.1" 403 146 "-" "-"
45.150.174.89 - - [12/Jan/2026:21:38:28 +0800] "GET /wp-includes/php-compat/ HTTP/1.1" 403 146 "-" "-"
45.150.174.89 - - [12/Jan/2026:21:38:28 +0800] "GET /wp-includes/PHPMailer/ HTTP/1.1" 403 146 "-" "-"
45.150.174.89 - - [12/Jan/2026:21:38:29 +0800] "GET /wp-includes/pomo/ HTTP/1.1" 403 146 "-" "-"
45.150.174.89 - - [12/Jan/2026:21:38:31 +0800] "GET /wp-includes/random_compat/ HTTP/1.1" 404 31364 "-" "-"
45.150.174.89 - - [12/Jan/2026:21:38:31 +0800] "GET /wp-includes/rest-api/ HTTP/1.1" 403 146 "-" "-"
45.150.174.89 - - [12/Jan/2026:21:38:32 +0800] "GET /wp-includes/sitemaps/ HTTP/1.1" 403 146 "-" "-"
45.150.174.89 - - [12/Jan/2026:21:38:32 +0800] "GET /wp-includes/sodium_compat/ HTTP/1.1" 403 146 "-" "-"
45.150.174.89 - - [12/Jan/2026:21:38:33 +0800] "GET /wp-includes/style-engine/ HTTP/1.1" 403 146 "-" "-"
45.150.174.89 - - [12/Jan/2026:21:38:34 +0800] "GET /wp-includes/theme-compat/ HTTP/1.1" 403 146 "-" "-"
45.150.174.89 - - [12/Jan/2026:21:38:34 +0800] "GET /wp-includes/widgets/ HTTP/1.1" 403 146 "-" "-"
45.150.174.89 - - [12/Jan/2026:21:38:34 +0800] "GET /wp-admin/css/colors/ectoplasm/ HTTP/1.1" 403 146 "-" "-"
45.150.174.89 - - [12/Jan/2026:21:38:35 +0800] "GET /wp-admin/css/colors/ HTTP/1.1" 403 146 "-" "-"
45.150.174.89 - - [12/Jan/2026:21:38:37 +0800] "GET /admin/images/slider/ HTTP/1.1" 404 31364 "-" "-"
45.150.174.89 - - [12/Jan/2026:21:38:39 +0800] "GET /admin/fckeditor/editor/filemanager/ HTTP/1.1" 404 31364 "-" "-"
45.150.174.89 - - [12/Jan/2026:21:38:41 +0800] "GET /sites/default/files/ HTTP/1.1" 404 31364 "-" "-"
45.150.174.89 - - [12/Jan/2026:21:38:43 +0800] "GET /admin/controller/extension/extension/ HTTP/1.1" 404 31364 "-" "-"
45.150.174.89 - - [12/Jan/2026:21:38:45 +0800] "GET /modules/mod_simplefileuploadv1.3/elements/ HTTP/1.1" 404 31364 "-" "-"
36.133.115.36 - - [12/Jan/2026:21:38:46 +0800] "POST /wp-cron.php?doing_wp_cron=1768225126.9368200302124023437500 HTTP/1.1" 200 31 "-" "WordPress/6.8.3; http://cqqizhou.com"
45.150.174.89 - - [12/Jan/2026:21:38:47 +0800] "GET /components/ HTTP/1.1" 404 31364 "-" "-"
45.150.174.89 - - [12/Jan/2026:21:38:48 +0800] "GET /admin/uploads/images/ HTTP/1.1" 404 31364 "-" "-"
106.54.62.156 - - [12/Jan/2026:21:38:50 +0800] "GET / HTTP/1.1" 200 34604 "-" "Mozilla/5.0 (iPhone; CPU iPhone OS 13_2_3 like Mac OS X) AppleWebKit/605.1.15 (KHTML, like Gecko) Version/13.0.3 Mobile/15E148 Safari/604.1"
45.150.174.89 - - [12/Jan/2026:21:38:50 +0800] "GET /wp-content/plugins/classic-editor/ HTTP/1.1" 404 31364 "-" "-"
45.150.174.89 - - [12/Jan/2026:21:38:52 +0800] "GET /wp-content/fonts/ HTTP/1.1" 403 146 "-" "-"
45.150.174.89 - - [12/Jan/2026:21:38:54 +0800] "GET /wp-content/plugins/contact-form-7/admin/js/ HTTP/1.1" 404 31364 "-" "-"
45.150.174.89 - - [12/Jan/2026:21:38:56 +0800] "GET /wp-content/plugins/contact-form-7/ HTTP/1.1" 403 146 "-" "-"
45.150.174.89 - - [12/Jan/2026:21:38:57 +0800] "GET /wordpress/ HTTP/1.1" 404 31364 "-" "-"
45.150.174.89 - - [12/Jan/2026:21:38:58 +0800] "GET /wp-admin/images/ HTTP/1.1" 403 146 "-" "-"
45.150.174.89 - - [12/Jan/2026:21:38:59 +0800] "GET /wp-content/plugins/wordpress-seo/js/dist/ HTTP/1.1" 404 31364 "-" "-"
45.150.174.89 - - [12/Jan/2026:21:39:04 +0800] "GET /wp-content/plugins/wordpress-seo/ HTTP/1.1" 404 31364 "-" "-"
45.150.174.89 - - [12/Jan/2026:21:39:06 +0800] "GET /js/ HTTP/1.1" 404 31364 "-" "-"
45.150.174.89 - - [12/Jan/2026:21:39:09 +0800] "GET /wp-content/plugins/woocommerce/assets/js/ HTTP/1.1" 404 31364 "-" "-"
45.150.174.89 - - [12/Jan/2026:21:39:10 +0800] "GET /wp-content/plugins/woocommerce/ HTTP/1.1" 404 31364 "-" "-"
45.150.174.89 - - [12/Jan/2026:21:39:11 +0800] "GET /wp-admin/meta/ HTTP/1.1" 404 31364 "-" "-"
45.150.174.89 - - [12/Jan/2026:21:39:13 +0800] "GET /wp-admin/network/ HTTP/1.1" 302 5 "-" "-"
45.150.174.89 - - [12/Jan/2026:21:39:15 +0800] "GET /wp-login.php?redirect_to=http%3A%2F%2Fcqqizhou.com%2Fwp-admin%2Fnetwork%2F&reauth=1 HTTP/1.1" 200 8680 "-" "-"
45.150.174.89 - - [12/Jan/2026:21:39:16 +0800] "GET /wp-admin/user/ HTTP/1.1" 302 5 "-" "-"
45.150.174.89 - - [12/Jan/2026:21:39:17 +0800] "GET /wp-login.php?redirect_to=http%3A%2F%2Fcqqizhou.com%2Fwp-admin%2Fuser%2F&reauth=1 HTTP/1.1" 200 8677 "-" "-"
45.150.174.89 - - [12/Jan/2026:21:39:18 +0800] "GET /wp-content/ HTTP/1.1" 200 5 "-" "-"
45.150.174.89 - - [12/Jan/2026:21:39:19 +0800] "GET /wp-content/plugins/ HTTP/1.1" 200 5 "-" "-"
45.150.174.89 - - [12/Jan/2026:21:39:22 +0800] "GET /wp-content/themes/ HTTP/1.1" 200 5 "-" "-"
45.150.174.89 - - [12/Jan/2026:21:39:23 +0800] "GET /wp-admin/includes/ HTTP/1.1" 403 146 "-" "-"
45.150.174.89 - - [12/Jan/2026:21:39:24 +0800] "GET /wp-admin/ HTTP/1.1" 302 5 "-" "-"
45.150.174.89 - - [12/Jan/2026:21:39:26 +0800] "GET /wp-login.php?redirect_to=http%3A%2F%2Fcqqizhou.com%2Fwp-admin%2F&reauth=1 HTTP/1.1" 200 8672 "-" "-"
45.150.174.89 - - [12/Jan/2026:21:39:27 +0800] "GET /wp-content/upgrade/ HTTP/1.1" 403 146 "-" "-"
36.133.115.36 - - [12/Jan/2026:21:41:09 +0800] "POST /wp-cron.php?doing_wp_cron=1768225269.8161580562591552734375 HTTP/1.1" 200 31 "-" "WordPress/6.8.3; http://cqqizhou.com"
43.157.168.43 - - [12/Jan/2026:21:41:10 +0800] "GET / HTTP/1.1" 200 34604 "-" "Mozilla/5.0 (iPhone; CPU iPhone OS 13_2_3 like Mac OS X) AppleWebKit/605.1.15 (KHTML, like Gecko) Version/13.0.3 Mobile/15E148 Safari/604.1"
36.133.115.36 - - [12/Jan/2026:21:58:26 +0800] "POST /wp-cron.php?doing_wp_cron=1768226306.7803299427032470703125 HTTP/1.1" 200 31 "-" "WordPress/6.8.3; http://cqqizhou.com"
204.76.203.219 - - [12/Jan/2026:21:58:27 +0800] "GET / HTTP/1.1" 200 34604 "-" "Mozilla/5.0 (Windows NT 10.0; Win64; x64) AppleWebKit/537.36 (KHTML, like Gecko) Chrome/90.0.4430.85 Safari/537.36 Edg/90.0.818.46"
36.133.115.36 - - [12/Jan/2026:22:08:06 +0800] "POST /wp-cron.php?doing_wp_cron=1768226886.5395679473876953125000 HTTP/1.1" 200 31 "-" "WordPress/6.8.3; http://cqqizhou.com"
95.111.247.139 - - [12/Jan/2026:22:08:06 +0800] "GET /device/polycom/000000000000.cfg HTTP/1.1" 404 8981 "-" "Mozilla/5.0 (Windows NT 10.0; Win64; x64) AppleWebKit/537.36"
52.167.144.193 - - [12/Jan/2026:22:14:38 +0800] "GET / HTTP/1.1" 200 40495 "-" "Mozilla/5.0 AppleWebKit/537.36 (KHTML, like Gecko; compatible; bingbot/2.0; +http://www.bing.com/bingbot.htm) Chrome/116.0.1938.76 Safari/537.36"
36.133.115.36 - - [12/Jan/2026:22:22:37 +0800] "POST /wp-cron.php?doing_wp_cron=1768227757.4381070137023925781250 HTTP/1.1" 200 31 "-" "WordPress/6.8.3; http://cqqizhou.com"
34.77.70.250 - - [12/Jan/2026:22:22:37 +0800] "GET / HTTP/1.1" 301 5 "-" "python-requests/2.32.5"
36.133.115.36 - - [12/Jan/2026:22:38:56 +0800] "POST /wp-cron.php?doing_wp_cron=1768228736.2708079814910888671875 HTTP/1.1" 200 31 "-" "WordPress/6.8.3; http://cqqizhou.com"
54.159.252.252 - - [12/Jan/2026:22:38:56 +0800] "GET / HTTP/1.1" 301 5 "-" "Mozilla/5.0 (Windows NT 10.0; Win64; x64) AppleWebKit/537.36 (KHTML, like Gecko) Chrome/136.0.0.0 Safari/537.36"
79.174.13.37 - - [12/Jan/2026:22:39:38 +0800] "GET / HTTP/1.1" 200 40495 "-" "Mozilla/5.0 (Windows NT 10.0; Win64; x64) AppleWebKit/537.36 (KHTML, like Gecko) Chrome/120.0.0.0 Safari/537.36"
36.133.115.36 - - [12/Jan/2026:22:55:26 +0800] "POST /wp-cron.php?doing_wp_cron=1768229726.2421770095825195312500 HTTP/1.1" 200 31 "-" "WordPress/6.8.3; http://cqqizhou.com"
204.76.203.219 - - [12/Jan/2026:22:55:26 +0800] "GET / HTTP/1.1" 200 34604 "-" "Mozilla/5.0 (Windows NT 10.0; Win64; x64) AppleWebKit/537.36 (KHTML, like Gecko) Chrome/90.0.4430.85 Safari/537.36 Edg/90.0.818.46"
36.133.115.36 - - [12/Jan/2026:23:02:26 +0800] "POST /wp-cron.php?doing_wp_cron=1768230146.4333579540252685546875 HTTP/1.1" 200 31 "-" "WordPress/6.8.3; http://cqqizhou.com"
176.65.149.159 - - [12/Jan/2026:23:02:27 +0800] "GET / HTTP/1.1" 200 156731 "-" "-"
207.46.13.51 - - [12/Jan/2026:23:35:25 +0800] "GET /2361/ HTTP/1.1" 200 24985 "-" "Mozilla/5.0 AppleWebKit/537.36 (KHTML, like Gecko; compatible; bingbot/2.0; +http://www.bing.com/bingbot.htm) Chrome/116.0.1938.76 Safari/537.36"
36.133.115.36 - - [12/Jan/2026:23:41:38 +0800] "POST /wp-cron.php?doing_wp_cron=1768232498.2510960102081298828125 HTTP/1.1" 200 31 "-" "WordPress/6.8.3; http://cqqizhou.com"
40.77.167.154 - - [12/Jan/2026:23:41:38 +0800] "GET /?s= HTTP/1.1" 200 19732 "-" "Mozilla/5.0 AppleWebKit/537.36 (KHTML, like Gecko; compatible; bingbot/2.0; +http://www.bing.com/bingbot.htm) Chrome/116.0.1938.76 Safari/537.36"
36.133.115.36 - - [12/Jan/2026:23:41:47 +0800] "POST /wp-cron.php?doing_wp_cron=1768232507.2713251113891601562500 HTTP/1.1" 200 31 "-" "WordPress/6.8.3; http://cqqizhou.com"
43.166.136.24 - - [12/Jan/2026:23:41:47 +0800] "GET / HTTP/1.1" 200 34604 "-" "Mozilla/5.0 (iPhone; CPU iPhone OS 13_2_3 like Mac OS X) AppleWebKit/605.1.15 (KHTML, like Gecko) Version/13.0.3 Mobile/15E148 Safari/604.1"
36.133.115.36 - - [12/Jan/2026:23:49:02 +0800] "POST /wp-cron.php?doing_wp_cron=1768232942.9161839485168457031250 HTTP/1.1" 200 31 "-" "WordPress/6.8.3; http://cqqizhou.com"
104.131.167.97 - - [12/Jan/2026:23:49:02 +0800] "GET /api/v1/licensing/about HTTP/1.1" 301 5 "-" "Mozilla/5.0 (Kubuntu; Linux x86_64; rv:121.0) Gecko/20100101 Firefox/121.0"
43.134.141.244 - - [12/Jan/2026:23:49:03 +0800] "GET / HTTP/1.1" 301 5 "-" "Mozilla/5.0 (iPhone; CPU iPhone OS 13_2_3 like Mac OS X) AppleWebKit/605.1.15 (KHTML, like Gecko) Version/13.0.3 Mobile/15E148 Safari/604.1"
43.134.141.244 - - [12/Jan/2026:23:49:05 +0800] "GET / HTTP/1.1" 200 34604 "http://36.133.115.36" "Mozilla/5.0 (iPhone; CPU iPhone OS 13_2_3 like Mac OS X) AppleWebKit/605.1.15 (KHTML, like Gecko) Version/13.0.3 Mobile/15E148 Safari/604.1"