HEX
Server: nginx/1.16.1
System: Linux ecs-04358622 4.19.90-2107.6.0.0100.oe1.bclinux.x86_64 #1 SMP Wed Dec 1 19:59:44 CST 2021 x86_64
User: nginx (994)
PHP: 8.0.0
Disabled: NONE
Upload Files
File: /home/logs/cqqizhou_access_2026-01-10.log
36.133.115.36 - - [10/Jan/2026:00:00:21 +0800] "POST /wp-cron.php?doing_wp_cron=1767974421.4097850322723388671875 HTTP/1.1" 200 31 "-" "WordPress/6.8.3; http://cqqizhou.com"
120.71.59.24 - - [10/Jan/2026:00:00:21 +0800] "GET / HTTP/1.1" 301 5 "-" "Mozilla/5.0 (iPhone; CPU iPhone OS 13_2_3 like Mac OS X) AppleWebKit/605.1.15 (KHTML, like Gecko) Version/13.0.3 Mobile/15E148 Safari/604.1"
120.71.59.24 - - [10/Jan/2026:00:00:24 +0800] "GET / HTTP/1.1" 200 34275 "http://www.cqqizhou.com" "Mozilla/5.0 (iPhone; CPU iPhone OS 13_2_3 like Mac OS X) AppleWebKit/605.1.15 (KHTML, like Gecko) Version/13.0.3 Mobile/15E148 Safari/604.1"
36.133.115.36 - - [10/Jan/2026:00:00:51 +0800] "POST /wp-cron.php?doing_wp_cron=1767974451.2159130573272705078125 HTTP/1.1" 200 31 "-" "WordPress/6.8.3; http://cqqizhou.com"
13.215.220.218 - - [10/Jan/2026:00:00:51 +0800] "POST /xmlrpc.php HTTP/1.1" 200 217 "-" "Mozilla/5.0 (Windows NT 10.0; Win64; x64; rv:89.0) Gecko/20100101 Firefox/89.0"
36.133.115.36 - - [10/Jan/2026:00:03:42 +0800] "POST /wp-cron.php?doing_wp_cron=1767974622.9355409145355224609375 HTTP/1.1" 200 31 "-" "WordPress/6.8.3; http://cqqizhou.com"
204.76.203.219 - - [10/Jan/2026:00:03:43 +0800] "GET / HTTP/1.1" 200 34275 "-" "Mozilla/5.0 (Windows NT 10.0; Win64; x64) AppleWebKit/537.36 (KHTML, like Gecko) Chrome/90.0.4430.85 Safari/537.36 Edg/90.0.818.46"
36.133.115.36 - - [10/Jan/2026:00:05:51 +0800] "POST /wp-cron.php?doing_wp_cron=1767974751.5196030139923095703125 HTTP/1.1" 200 31 "-" "WordPress/6.8.3; http://cqqizhou.com"
89.42.231.200 - - [10/Jan/2026:00:05:52 +0800] "GET / HTTP/1.1" 200 155928 "-" "-"
36.133.115.36 - - [10/Jan/2026:00:08:10 +0800] "POST /wp-cron.php?doing_wp_cron=1767974890.6407549381256103515625 HTTP/1.1" 200 31 "-" "WordPress/6.8.3; http://cqqizhou.com"
51.195.215.233 - - [10/Jan/2026:00:08:10 +0800] "GET /media/ HTTP/1.1" 200 30173 "-" "Mozilla/5.0 (compatible; AhrefsBot/7.0; +http://ahrefs.com/robot/)"
36.133.115.36 - - [10/Jan/2026:00:20:45 +0800] "POST /wp-cron.php?doing_wp_cron=1767975645.0345900058746337890625 HTTP/1.1" 200 31 "-" "WordPress/6.8.3; http://cqqizhou.com"
167.86.127.246 - - [10/Jan/2026:00:20:45 +0800] "GET /robots.txt HTTP/1.1" 200 390 "-" "Mozilla/5.0 (compatible; MJ12bot/v1.4.8; http://mj12bot.com/)"
167.86.127.246 - - [10/Jan/2026:00:20:46 +0800] "GET /portfolio/%E5%86%B7%E8%BD%A7%E5%8D%B7/ HTTP/1.1" 200 22085 "-" "Mozilla/5.0 (compatible; MJ12bot/v1.4.8; http://mj12bot.com/)"
36.133.115.36 - - [10/Jan/2026:00:25:32 +0800] "POST /wp-cron.php?doing_wp_cron=1767975932.6097099781036376953125 HTTP/1.1" 200 31 "-" "WordPress/6.8.3; http://cqqizhou.com"
36.133.108.119 - - [10/Jan/2026:00:25:32 +0800] "HEAD /workplace/home.action HTTP/1.1" 404 0 "-" "Mozilla/5.0 (Windows; U; Windows NT 6.1; en-US) AppleWebKit/533.20.25 (KHTML, like Gecko) Version/5.0.4 Safari/533.20.27"
36.133.115.36 - - [10/Jan/2026:00:27:01 +0800] "POST /wp-cron.php?doing_wp_cron=1767976021.0613510608673095703125 HTTP/1.1" 200 31 "-" "WordPress/6.8.3; http://cqqizhou.com"
185.191.171.17 - - [10/Jan/2026:00:27:01 +0800] "GET /robots.txt HTTP/1.1" 200 190 "-" "Mozilla/5.0 (compatible; SemrushBot/7~bl; +http://www.semrush.com/bot.html)"
185.191.171.5 - - [10/Jan/2026:00:27:03 +0800] "GET / HTTP/1.1" 200 34700 "-" "Mozilla/5.0 (compatible; SemrushBot/7~bl; +http://www.semrush.com/bot.html)"
85.208.96.200 - - [10/Jan/2026:00:27:06 +0800] "GET /wp-sitemap.xml HTTP/1.1" 501 253 "-" "Mozilla/5.0 (compatible; SemrushBot/7~bl; +http://www.semrush.com/bot.html)"
36.133.115.36 - - [10/Jan/2026:00:37:03 +0800] "POST /wp-cron.php?doing_wp_cron=1767976623.0529260635375976562500 HTTP/1.1" 200 31 "-" "WordPress/6.8.3; http://cqqizhou.com"
43.167.236.228 - - [10/Jan/2026:00:37:03 +0800] "GET / HTTP/1.1" 200 34274 "-" "Mozilla/5.0 (iPhone; CPU iPhone OS 13_2_3 like Mac OS X) AppleWebKit/605.1.15 (KHTML, like Gecko) Version/13.0.3 Mobile/15E148 Safari/604.1"
36.133.115.36 - - [10/Jan/2026:00:43:42 +0800] "POST /wp-cron.php?doing_wp_cron=1767977022.2110280990600585937500 HTTP/1.1" 200 31 "-" "WordPress/6.8.3; http://cqqizhou.com"
51.254.59.113 - - [10/Jan/2026:00:43:42 +0800] "GET / HTTP/1.1" 301 5 "-" "Mozilla/5.0 (Windows NT 6.1) AppleWebKit/537.36 (KHTML, like Gecko) Chrome/41.0.2228.0 Safari/537.36"
36.133.115.36 - - [10/Jan/2026:00:47:11 +0800] "POST /wp-cron.php?doing_wp_cron=1767977231.3354361057281494140625 HTTP/1.1" 200 31 "-" "WordPress/6.8.3; http://cqqizhou.com"
34.77.70.250 - - [10/Jan/2026:00:47:11 +0800] "GET / HTTP/1.1" 301 5 "-" "python-requests/2.32.5"
36.133.115.36 - - [10/Jan/2026:00:51:51 +0800] "POST /wp-cron.php?doing_wp_cron=1767977511.2604351043701171875000 HTTP/1.1" 200 31 "-" "WordPress/6.8.3; http://cqqizhou.com"
170.106.180.246 - - [10/Jan/2026:00:51:51 +0800] "GET /services HTTP/1.1" 301 5 "-" "Mozilla/5.0 (iPhone; CPU iPhone OS 13_2_3 like Mac OS X) AppleWebKit/605.1.15 (KHTML, like Gecko) Version/13.0.3 Mobile/15E148 Safari/604.1"
170.106.180.246 - - [10/Jan/2026:00:51:54 +0800] "GET /services/ HTTP/1.1" 200 25814 "http://36.133.115.36:80/services" "Mozilla/5.0 (iPhone; CPU iPhone OS 13_2_3 like Mac OS X) AppleWebKit/605.1.15 (KHTML, like Gecko) Version/13.0.3 Mobile/15E148 Safari/604.1"
36.133.115.36 - - [10/Jan/2026:01:00:21 +0800] "POST /wp-cron.php?doing_wp_cron=1767978021.2338430881500244140625 HTTP/1.1" 200 31 "-" "WordPress/6.8.3; http://cqqizhou.com"
204.76.203.219 - - [10/Jan/2026:01:00:21 +0800] "GET / HTTP/1.1" 200 34275 "-" "Mozilla/5.0 (Windows NT 10.0; Win64; x64) AppleWebKit/537.36 (KHTML, like Gecko) Chrome/90.0.4430.85 Safari/537.36 Edg/90.0.818.46"
36.133.115.36 - - [10/Jan/2026:01:02:49 +0800] "POST /wp-cron.php?doing_wp_cron=1767978169.2745699882507324218750 HTTP/1.1" 200 31 "-" "WordPress/6.8.3; http://cqqizhou.com"
43.128.149.102 - - [10/Jan/2026:01:02:49 +0800] "GET / HTTP/1.1" 200 34275 "-" "Mozilla/5.0 (iPhone; CPU iPhone OS 13_2_3 like Mac OS X) AppleWebKit/605.1.15 (KHTML, like Gecko) Version/13.0.3 Mobile/15E148 Safari/604.1"
49.51.195.195 - - [10/Jan/2026:01:03:30 +0800] "GET /portfolio/remaining-rolls/ HTTP/1.1" 200 18718 "-" "Mozilla/5.0 (iPhone; CPU iPhone OS 13_2_3 like Mac OS X) AppleWebKit/605.1.15 (KHTML, like Gecko) Version/13.0.3 Mobile/15E148 Safari/604.1"
36.133.115.36 - - [10/Jan/2026:01:07:09 +0800] "POST /wp-cron.php?doing_wp_cron=1767978429.3280470371246337890625 HTTP/1.1" 200 31 "-" "WordPress/6.8.3; http://cqqizhou.com"
5.187.35.158 - - [10/Jan/2026:01:07:09 +0800] "GET /SDK/webLanguage HTTP/1.1" 301 5 "-" "Mozilla/5.0 (Windows NT 10.0; Win64; x64) AppleWebKit/537.36 (KHTML, like Gecko) Chrome/90.0.4430.85 Safari/537.36 Edg/90.0.818.46"
36.133.115.36 - - [10/Jan/2026:01:10:35 +0800] "POST /wp-cron.php?doing_wp_cron=1767978635.3591580390930175781250 HTTP/1.1" 200 31 "-" "WordPress/6.8.3; http://cqqizhou.com"
110.249.201.85 - - [10/Jan/2026:01:10:35 +0800] "GET /robots.txt HTTP/1.1" 200 190 "-" "Mozilla/5.0 (Linux; Android 5.0) AppleWebKit/537.36 (KHTML, like Gecko) Mobile Safari/537.36 (compatible; Bytespider; https://zhanzhang.toutiao.com/)"
36.133.115.36 - - [10/Jan/2026:01:11:11 +0800] "POST /wp-cron.php?doing_wp_cron=1767978671.0537290573120117187500 HTTP/1.1" 200 31 "-" "WordPress/6.8.3; http://cqqizhou.com"
144.52.203.133 - - [10/Jan/2026:01:11:11 +0800] "GET / HTTP/1.1" 301 5 "-" "Go-http-client/1.1"
144.52.203.133 - - [10/Jan/2026:01:11:11 +0800] "GET / HTTP/1.1" 200 34700 "http://xa2.shaanxi.cn.antiddos.cspt.fullcone.cn" "Go-http-client/1.1"
162.62.231.139 - - [10/Jan/2026:01:11:27 +0800] "GET /contacts/ HTTP/1.1" 200 18580 "-" "Mozilla/5.0 (iPhone; CPU iPhone OS 13_2_3 like Mac OS X) AppleWebKit/605.1.15 (KHTML, like Gecko) Version/13.0.3 Mobile/15E148 Safari/604.1"
36.133.115.36 - - [10/Jan/2026:01:12:23 +0800] "POST /wp-cron.php?doing_wp_cron=1767978743.8287858963012695312500 HTTP/1.1" 200 31 "-" "WordPress/6.8.3; http://cqqizhou.com"
43.153.135.208 - - [10/Jan/2026:01:12:23 +0800] "GET /logistics HTTP/1.1" 301 5 "-" "Mozilla/5.0 (iPhone; CPU iPhone OS 13_2_3 like Mac OS X) AppleWebKit/605.1.15 (KHTML, like Gecko) Version/13.0.3 Mobile/15E148 Safari/604.1"
43.153.135.208 - - [10/Jan/2026:01:12:25 +0800] "GET /logistics/ HTTP/1.1" 200 24593 "http://36.133.115.36:80/logistics" "Mozilla/5.0 (iPhone; CPU iPhone OS 13_2_3 like Mac OS X) AppleWebKit/605.1.15 (KHTML, like Gecko) Version/13.0.3 Mobile/15E148 Safari/604.1"
123.57.13.121 - - [10/Jan/2026:01:14:06 +0800] "GET / HTTP/1.1" 200 34700 "-" "Mozilla/5.0 (Windows NT 10.0; Win64; x64) AppleWebKit/537.36 (KHTML, like Gecko) Chrome/104.0.0.0 Safari/537.36"
36.133.115.36 - - [10/Jan/2026:01:16:21 +0800] "POST /wp-cron.php?doing_wp_cron=1767978981.7441101074218750000000 HTTP/1.1" 200 31 "-" "WordPress/6.8.3; http://cqqizhou.com"
114.119.141.40 - - [10/Jan/2026:01:16:21 +0800] "GET /wp-sitemap.xml HTTP/1.1" 501 253 "-" "Mozilla/5.0 (Linux; Android 7.0;) AppleWebKit/537.36 (KHTML, like Gecko) Mobile Safari/537.36 (compatible; PetalBot;+https://webmaster.petalsearch.com/site/petalbot)"
36.133.115.36 - - [10/Jan/2026:01:21:23 +0800] "POST /wp-cron.php?doing_wp_cron=1767979283.6487729549407958984375 HTTP/1.1" 200 31 "-" "WordPress/6.8.3; http://cqqizhou.com"
114.119.147.205 - - [10/Jan/2026:01:21:23 +0800] "GET /wp-sitemap.xml HTTP/1.1" 501 253 "-" "Mozilla/5.0 (Linux; Android 7.0;) AppleWebKit/537.36 (KHTML, like Gecko) Mobile Safari/537.36 (compatible; PetalBot;+https://webmaster.petalsearch.com/site/petalbot)"
36.133.115.36 - - [10/Jan/2026:01:22:15 +0800] "POST /wp-cron.php?doing_wp_cron=1767979335.5773758888244628906250 HTTP/1.1" 200 31 "-" "WordPress/6.8.3; http://cqqizhou.com"
43.157.168.43 - - [10/Jan/2026:01:22:15 +0800] "GET / HTTP/1.1" 200 34275 "-" "Mozilla/5.0 (iPhone; CPU iPhone OS 13_2_3 like Mac OS X) AppleWebKit/605.1.15 (KHTML, like Gecko) Version/13.0.3 Mobile/15E148 Safari/604.1"
36.133.115.36 - - [10/Jan/2026:01:23:34 +0800] "POST /wp-cron.php?doing_wp_cron=1767979414.6139919757843017578125 HTTP/1.1" 200 31 "-" "WordPress/6.8.3; http://cqqizhou.com"
45.91.64.6 - - [10/Jan/2026:01:23:34 +0800] "GET / HTTP/1.0" 301 0 "-" "Mozilla/5.0 (X11; Linux x86_64) AppleWebKit/537.36 (KHTML like Gecko) Chrome/36.0.1985.125 Safari/537.36"
36.133.115.36 - - [10/Jan/2026:01:23:55 +0800] "POST /wp-cron.php?doing_wp_cron=1767979435.7069470882415771484375 HTTP/1.1" 200 31 "-" "WordPress/6.8.3; http://cqqizhou.com"
95.215.0.144 - - [10/Jan/2026:01:23:55 +0800] "GET /aaa9 HTTP/1.1" 301 5 "-" "Mozilla/5.0 (Windows NT 10.0; Win64; x64) AppleWebKit/537.36 (KHTML, like Gecko) Chrome/70.0.3538.77 Safari/537.36"
95.215.0.144 - - [10/Jan/2026:01:23:57 +0800] "GET /aab9 HTTP/1.1" 301 5 "-" "Mozilla/5.0 (Windows NT 10.0; Win64; x64) AppleWebKit/537.36 (KHTML, like Gecko) Chrome/70.0.3538.77 Safari/537.36"
36.133.115.36 - - [10/Jan/2026:01:25:10 +0800] "POST /wp-cron.php?doing_wp_cron=1767979510.0245358943939208984375 HTTP/1.1" 200 31 "-" "WordPress/6.8.3; http://cqqizhou.com"
185.241.208.170 - - [10/Jan/2026:01:25:10 +0800] "GET /.git/config HTTP/1.1" 404 8974 "-" "Mozilla/5.0 (Windows NT 10.0; WOW64) AppleWebKit/537.36 (KHTML, like Gecko) Chrome/75.0.3770.142 Safari/537.36"
36.133.115.36 - - [10/Jan/2026:01:25:55 +0800] "POST /wp-cron.php?doing_wp_cron=1767979555.7838521003723144531250 HTTP/1.1" 200 31 "-" "WordPress/6.8.3; http://cqqizhou.com"
101.32.15.141 - - [10/Jan/2026:01:25:56 +0800] "GET /portfolio-category/cold-rolled-coil/ HTTP/1.1" 200 17690 "-" "Mozilla/5.0 (iPhone; CPU iPhone OS 13_2_3 like Mac OS X) AppleWebKit/605.1.15 (KHTML, like Gecko) Version/13.0.3 Mobile/15E148 Safari/604.1"
36.133.115.36 - - [10/Jan/2026:01:28:43 +0800] "POST /wp-cron.php?doing_wp_cron=1767979723.6551649570465087890625 HTTP/1.1" 200 31 "-" "WordPress/6.8.3; http://cqqizhou.com"
46.19.137.194 - - [10/Jan/2026:01:28:44 +0800] "GET / HTTP/1.1" 200 155928 "-" "Mozilla/5.0 (X11; Linux x86_64; rv:89.0) Gecko/20100101 Firefox/89.0"
36.133.115.36 - - [10/Jan/2026:01:29:46 +0800] "POST /wp-cron.php?doing_wp_cron=1767979786.5571219921112060546875 HTTP/1.1" 200 31 "-" "WordPress/6.8.3; http://cqqizhou.com"
85.186.88.250 - - [10/Jan/2026:01:29:46 +0800] "POST /xmlrpc.php HTTP/1.1" 200 217 "-" "Mozilla/5.0 (Windows NT 10.0; Win64; x64; rv:52.0) Gecko/20100101 Firefox/52.0"
40.77.167.4 - - [10/Jan/2026:01:32:21 +0800] "GET /wp-content/uploads/2025/12/1766647832-Article_images_W900%C3%97500px20251225.webp HTTP/1.1" 200 44582 "-" "Mozilla/5.0 AppleWebKit/537.36 (KHTML, like Gecko; compatible; bingbot/2.0; +http://www.bing.com/bingbot.htm) Chrome/116.0.1938.76 Safari/537.36"
43.130.139.136 - - [10/Jan/2026:01:32:31 +0800] "GET /wp-content/plugins/revslider/ HTTP/1.1" 200 31 "-" "Mozilla/5.0 (iPhone; CPU iPhone OS 13_2_3 like Mac OS X) AppleWebKit/605.1.15 (KHTML, like Gecko) Version/13.0.3 Mobile/15E148 Safari/604.1"
36.133.115.36 - - [10/Jan/2026:01:33:30 +0800] "POST /wp-cron.php?doing_wp_cron=1767980010.4491879940032958984375 HTTP/1.1" 200 31 "-" "WordPress/6.8.3; http://cqqizhou.com"
43.130.105.21 - - [10/Jan/2026:01:33:30 +0800] "GET / HTTP/1.1" 200 34275 "-" "Mozilla/5.0 (iPhone; CPU iPhone OS 13_2_3 like Mac OS X) AppleWebKit/605.1.15 (KHTML, like Gecko) Version/13.0.3 Mobile/15E148 Safari/604.1"
36.133.115.36 - - [10/Jan/2026:01:43:15 +0800] "POST /wp-cron.php?doing_wp_cron=1767980595.0619521141052246093750 HTTP/1.1" 200 31 "-" "WordPress/6.8.3; http://cqqizhou.com"
43.157.95.239 - - [10/Jan/2026:01:43:15 +0800] "GET / HTTP/1.1" 200 34275 "-" "Mozilla/5.0 (iPhone; CPU iPhone OS 13_2_3 like Mac OS X) AppleWebKit/605.1.15 (KHTML, like Gecko) Version/13.0.3 Mobile/15E148 Safari/604.1"
114.119.157.56 - - [10/Jan/2026:01:43:39 +0800] "GET /wp-sitemap.xml HTTP/1.1" 501 253 "-" "Mozilla/5.0 (Linux; Android 7.0;) AppleWebKit/537.36 (KHTML, like Gecko) Mobile Safari/537.36 (compatible; PetalBot;+https://webmaster.petalsearch.com/site/petalbot)"
36.133.115.36 - - [10/Jan/2026:01:44:38 +0800] "POST /wp-cron.php?doing_wp_cron=1767980678.9254140853881835937500 HTTP/1.1" 200 31 "-" "WordPress/6.8.3; http://cqqizhou.com"
43.133.253.253 - - [10/Jan/2026:01:44:39 +0800] "GET /wp-content/uploads/2025/07/1753410289-News2000 HTTP/1.1" 404 8974 "-" "Mozilla/5.0 (iPhone; CPU iPhone OS 13_2_3 like Mac OS X) AppleWebKit/605.1.15 (KHTML, like Gecko) Version/13.0.3 Mobile/15E148 Safari/604.1"
36.133.115.36 - - [10/Jan/2026:01:48:24 +0800] "POST /wp-cron.php?doing_wp_cron=1767980904.6554279327392578125000 HTTP/1.1" 200 31 "-" "WordPress/6.8.3; http://cqqizhou.com"
204.76.203.219 - - [10/Jan/2026:01:48:25 +0800] "GET / HTTP/1.1" 200 34275 "-" "Mozilla/5.0 (Windows NT 10.0; Win64; x64) AppleWebKit/537.36 (KHTML, like Gecko) Chrome/90.0.4430.85 Safari/537.36 Edg/90.0.818.46"
36.133.115.36 - - [10/Jan/2026:01:50:41 +0800] "POST /wp-cron.php?doing_wp_cron=1767981041.6655580997467041015625 HTTP/1.1" 200 31 "-" "WordPress/6.8.3; http://cqqizhou.com"
89.42.231.200 - - [10/Jan/2026:01:50:42 +0800] "GET / HTTP/1.1" 200 155928 "-" "-"
111.162.153.80 - - [10/Jan/2026:01:51:57 +0800] "GET / HTTP/1.1" 499 0 "-" "-"
36.133.115.36 - - [10/Jan/2026:01:51:58 +0800] "POST /wp-cron.php?doing_wp_cron=1767981118.3918259143829345703125 HTTP/1.1" 200 31 "-" "WordPress/6.8.3; http://cqqizhou.com"
27.47.25.70 - - [10/Jan/2026:01:52:33 +0800] "GET / HTTP/1.1" 301 5 "-" "Mozilla/5.0 (Windows NT 6.1) AppleWebKit/537.36 (KHTML, like Gecko) Chrome/49.0.2623.112 Safari/537.36"
36.133.115.36 - - [10/Jan/2026:01:53:50 +0800] "POST /wp-cron.php?doing_wp_cron=1767981230.1655209064483642578125 HTTP/1.1" 200 31 "-" "WordPress/6.8.3; http://cqqizhou.com"
43.135.142.37 - - [10/Jan/2026:01:53:50 +0800] "GET /about/ HTTP/1.1" 200 24108 "-" "Mozilla/5.0 (iPhone; CPU iPhone OS 13_2_3 like Mac OS X) AppleWebKit/605.1.15 (KHTML, like Gecko) Version/13.0.3 Mobile/15E148 Safari/604.1"
222.184.219.172 - - [10/Jan/2026:01:54:00 +0800] "GET /portfolio-category/cold-rolled-coil/ HTTP/1.1" 200 21036 "-" "Mozilla/5.0 (Macintosh; Intel Mac OS X 10_15_7) AppleWebKit/537.36 (KHTML, like Gecko) Chrome/120.0.0.0 Safari/537.36"
36.133.115.36 - - [10/Jan/2026:01:56:23 +0800] "POST /wp-cron.php?doing_wp_cron=1767981383.8556349277496337890625 HTTP/1.1" 200 31 "-" "WordPress/6.8.3; http://cqqizhou.com"
43.155.162.41 - - [10/Jan/2026:01:56:23 +0800] "GET /bug HTTP/1.1" 301 5 "-" "Mozilla/5.0 (iPhone; CPU iPhone OS 13_2_3 like Mac OS X) AppleWebKit/605.1.15 (KHTML, like Gecko) Version/13.0.3 Mobile/15E148 Safari/604.1"
43.155.162.41 - - [10/Jan/2026:01:56:26 +0800] "GET /bug/ HTTP/1.1" 200 11640 "http://36.133.115.36/bug" "Mozilla/5.0 (iPhone; CPU iPhone OS 13_2_3 like Mac OS X) AppleWebKit/605.1.15 (KHTML, like Gecko) Version/13.0.3 Mobile/15E148 Safari/604.1"
36.133.115.36 - - [10/Jan/2026:01:58:15 +0800] "POST /wp-cron.php?doing_wp_cron=1767981495.6391940116882324218750 HTTP/1.1" 200 31 "-" "WordPress/6.8.3; http://cqqizhou.com"
34.44.197.199 - - [10/Jan/2026:01:58:15 +0800] "HEAD /new/ HTTP/1.1" 301 0 "-" "Mozilla/5.0 (Linux; Android 14; OnePlus 12) AppleWebKit/537.36 (KHTML, like Gecko) Chrome/125.0.6422.102 Mobile Safari/537.36"
34.44.197.199 - - [10/Jan/2026:01:58:16 +0800] "HEAD /news/ HTTP/1.1" 200 0 "http://cqqizhou.com/new/" "Mozilla/5.0 (Linux; Android 14; OnePlus 12) AppleWebKit/537.36 (KHTML, like Gecko) Chrome/125.0.6422.102 Mobile Safari/537.36"
34.44.197.199 - - [10/Jan/2026:01:58:18 +0800] "HEAD /blog/ HTTP/1.1" 404 0 "-" "Mozilla/5.0 (Macintosh; Intel Mac OS X 13_5) AppleWebKit/605.1.15 (KHTML, like Gecko) Version/16.5 Safari/605.1.15"
34.44.197.199 - - [10/Jan/2026:01:58:19 +0800] "HEAD /backup/ HTTP/1.1" 404 0 "-" "Mozilla/5.0 (iPad; CPU OS 17_4 like Mac OS X) AppleWebKit/605.1.15 (KHTML, like Gecko) Version/17.4 Mobile/15E148 Safari/604.1"
34.44.197.199 - - [10/Jan/2026:01:58:19 +0800] "HEAD / HTTP/1.1" 200 0 "-" "Mozilla/5.0 (Linux; U; Android 10; en-US; CPH2015) AppleWebKit/537.36 (KHTML, like Gecko) UCBrowser/13.5.8.1311 Mobile Safari/537.36"
34.44.197.199 - - [10/Jan/2026:01:58:20 +0800] "HEAD /wordpress/ HTTP/1.1" 404 0 "-" "Mozilla/5.0 (Linux; Android 12; Redmi Note 11) AppleWebKit/537.36 (KHTML, like Gecko) Chrome/123.0.6312.112 Mobile Safari/537.36"
34.44.197.199 - - [10/Jan/2026:01:58:21 +0800] "HEAD /old/ HTTP/1.1" 404 0 "-" "Mozilla/5.0 (Linux; U; Android 10; en-US; CPH2015) AppleWebKit/537.36 (KHTML, like Gecko) UCBrowser/13.5.8.1311 Mobile Safari/537.36"
34.44.197.199 - - [10/Jan/2026:01:58:22 +0800] "HEAD /wp/ HTTP/1.1" 404 0 "-" "Mozilla/5.0 (Windows NT 10.0; Win64; x64; rv:127.0) Gecko/20100101 Firefox/127.0"
40.77.167.73 - - [10/Jan/2026:01:59:00 +0800] "GET /2160/ HTTP/1.1" 200 29390 "-" "Mozilla/5.0 AppleWebKit/537.36 (KHTML, like Gecko; compatible; bingbot/2.0; +http://www.bing.com/bingbot.htm) Chrome/116.0.1938.76 Safari/537.36"
111.226.116.60 - - [10/Jan/2026:02:00:33 +0800] "GET http://cqqizhou.com/contacts/ HTTP/1.1" 200 21577 "-" "Mozilla/5.0 (Windows NT 10.0; Win64; x64) AppleWebKit/537.36 (KHTML, like Gecko) Chrome/136.0.0.0 Safari/537.36"
36.133.115.36 - - [10/Jan/2026:02:02:54 +0800] "POST /wp-cron.php?doing_wp_cron=1767981774.3384680747985839843750 HTTP/1.1" 200 31 "-" "WordPress/6.8.3; http://cqqizhou.com"
43.130.71.237 - - [10/Jan/2026:02:02:54 +0800] "GET /2354/ HTTP/1.1" 200 20290 "-" "Mozilla/5.0 (iPhone; CPU iPhone OS 13_2_3 like Mac OS X) AppleWebKit/605.1.15 (KHTML, like Gecko) Version/13.0.3 Mobile/15E148 Safari/604.1"
43.131.39.179 - - [10/Jan/2026:02:03:22 +0800] "GET /portfolio-category/dual-phase-steel/ HTTP/1.1" 200 17681 "-" "Mozilla/5.0 (iPhone; CPU iPhone OS 13_2_3 like Mac OS X) AppleWebKit/605.1.15 (KHTML, like Gecko) Version/13.0.3 Mobile/15E148 Safari/604.1"
36.133.115.36 - - [10/Jan/2026:02:13:44 +0800] "POST /wp-cron.php?doing_wp_cron=1767982424.3318109512329101562500 HTTP/1.1" 200 31 "-" "WordPress/6.8.3; http://cqqizhou.com"
49.51.195.195 - - [10/Jan/2026:02:13:44 +0800] "GET /services/ HTTP/1.1" 200 25814 "-" "Mozilla/5.0 (iPhone; CPU iPhone OS 13_2_3 like Mac OS X) AppleWebKit/605.1.15 (KHTML, like Gecko) Version/13.0.3 Mobile/15E148 Safari/604.1"
61.155.157.14 - - [10/Jan/2026:02:17:07 +0800] "GET / HTTP/1.1" 200 34700 "-" "Mozilla/5.0 (Windows NT 10.0; Win64; x64) AppleWebKit/537.36 (KHTML, like Gecko) Chrome/100.0.4896.127 Safari/537.36"
61.155.157.14 - - [10/Jan/2026:02:17:12 +0800] "GET /wp-content/uploads/2025/07/1751425283-qizhou.kf_.qq_.com_.webp HTTP/1.1" 200 16864 "http://cqqizhou.com/" "Mozilla/5.0 (Windows NT 10.0; Win64; x64) AppleWebKit/537.36 (KHTML, like Gecko) Chrome/100.0.4896.127 Safari/537.36"
61.155.157.14 - - [10/Jan/2026:02:17:18 +0800] "GET /wp-content/uploads/2025/07/1751425283-qizhou.kf_.qq_.com_.webp HTTP/1.1" 200 16864 "http://cqqizhou.com/" "Mozilla/5.0 (Windows NT 10.0; Win64; x64) AppleWebKit/537.36 (KHTML, like Gecko) Chrome/100.0.4896.127 Safari/537.36"
61.155.157.14 - - [10/Jan/2026:02:17:28 +0800] "GET /wp-content/uploads/2025/07/1753454089-Article_images_W900px.webp HTTP/1.1" 200 27552 "http://cqqizhou.com/" "Mozilla/5.0 (Windows NT 10.0; Win64; x64) AppleWebKit/537.36 (KHTML, like Gecko) Chrome/100.0.4896.127 Safari/537.36"
61.155.157.14 - - [10/Jan/2026:02:17:31 +0800] "GET /wp-content/uploads/2025/07/1753456723-%E5%8F%8C%E7%9B%B8%E9%92%A2roduct_Single600.webp HTTP/1.1" 200 22790 "http://cqqizhou.com/" "Mozilla/5.0 (Windows NT 10.0; Win64; x64) AppleWebKit/537.36 (KHTML, like Gecko) Chrome/100.0.4896.127 Safari/537.36"
61.155.157.14 - - [10/Jan/2026:02:17:31 +0800] "GET /wp-content/uploads/2025/07/1753453096-%E5%8F%8C%E7%9B%B8%E9%92%A2product_Single600%C3%97284.webp HTTP/1.1" 200 14562 "http://cqqizhou.com/" "Mozilla/5.0 (Windows NT 10.0; Win64; x64) AppleWebKit/537.36 (KHTML, like Gecko) Chrome/100.0.4896.127 Safari/537.36"
61.155.157.14 - - [10/Jan/2026:02:17:31 +0800] "GET /wp-content/uploads/2025/07/1753456770-%E7%83%AD%E9%95%80%E9%94%8C%E5%8D%B7product_Single600.webp HTTP/1.1" 200 27502 "http://cqqizhou.com/" "Mozilla/5.0 (Windows NT 10.0; Win64; x64) AppleWebKit/537.36 (KHTML, like Gecko) Chrome/100.0.4896.127 Safari/537.36"
61.155.157.14 - - [10/Jan/2026:02:17:31 +0800] "GET /wp-content/uploads/2025/07/1753453127-%E4%BD%99%E5%8D%B7product_Single600%C3%97284.webp HTTP/1.1" 200 18744 "http://cqqizhou.com/" "Mozilla/5.0 (Windows NT 10.0; Win64; x64) AppleWebKit/537.36 (KHTML, like Gecko) Chrome/100.0.4896.127 Safari/537.36"
61.155.157.14 - - [10/Jan/2026:02:17:39 +0800] "GET /wp-content/uploads/2025/07/1753454299-Article_images_W900px.webp HTTP/1.1" 200 52418 "http://cqqizhou.com/" "Mozilla/5.0 (Windows NT 10.0; Win64; x64) AppleWebKit/537.36 (KHTML, like Gecko) Chrome/100.0.4896.127 Safari/537.36"
61.155.157.14 - - [10/Jan/2026:02:17:45 +0800] "GET /wp-content/uploads/2025/12/1765268955-qizhou_Slider1_3840%C3%972160_20251210-scaled.webp HTTP/1.1" 200 152162 "http://cqqizhou.com/" "Mozilla/5.0 (Windows NT 10.0; Win64; x64) AppleWebKit/537.36 (KHTML, like Gecko) Chrome/100.0.4896.127 Safari/537.36"
61.155.157.14 - - [10/Jan/2026:02:17:48 +0800] "GET /wp-content/uploads/2025/07/1753454089-Article_images_W900px.webp HTTP/1.1" 200 27552 "http://cqqizhou.com/" "Mozilla/5.0 (Windows NT 10.0; Win64; x64) AppleWebKit/537.36 (KHTML, like Gecko) Chrome/100.0.4896.127 Safari/537.36"
61.155.157.14 - - [10/Jan/2026:02:17:52 +0800] "GET /wp-content/uploads/2025/12/1765265398-qizhou_Slider_3840%C3%972160_20251209-scaled-50x100.webp HTTP/1.1" 200 2166 "http://cqqizhou.com/" "Mozilla/5.0 (Windows NT 10.0; Win64; x64) AppleWebKit/537.36 (KHTML, like Gecko) Chrome/100.0.4896.127 Safari/537.36"
61.155.157.14 - - [10/Jan/2026:02:17:52 +0800] "GET /wp-content/uploads/revslider/slider-1/1750861156-logistics_Slider_3840%C3%972160_20250625191356-scaled-50x100.webp HTTP/1.1" 200 1416 "http://cqqizhou.com/" "Mozilla/5.0 (Windows NT 10.0; Win64; x64) AppleWebKit/537.36 (KHTML, like Gecko) Chrome/100.0.4896.127 Safari/537.36"
36.133.115.36 - - [10/Jan/2026:02:17:53 +0800] "POST /wp-cron.php?doing_wp_cron=1767982673.6148691177368164062500 HTTP/1.1" 200 31 "-" "WordPress/6.8.3; http://cqqizhou.com"
61.155.157.14 - - [10/Jan/2026:02:17:53 +0800] "GET /wp-json/sliderrevolution/sliders/1?srengine=7&slideid=2 HTTP/1.1" 200 2058 "http://cqqizhou.com/" "Mozilla/5.0 (Windows NT 10.0; Win64; x64) AppleWebKit/537.36 (KHTML, like Gecko) Chrome/100.0.4896.127 Safari/537.36"
61.155.157.14 - - [10/Jan/2026:02:17:53 +0800] "GET /wp-json/sliderrevolution/sliders/1?srengine=7&slideid=3 HTTP/1.1" 200 2286 "http://cqqizhou.com/" "Mozilla/5.0 (Windows NT 10.0; Win64; x64) AppleWebKit/537.36 (KHTML, like Gecko) Chrome/100.0.4896.127 Safari/537.36"
61.155.157.14 - - [10/Jan/2026:02:17:54 +0800] "GET /wp-content/uploads/2025/07/1753454089-Article_images_W900px.webp HTTP/1.1" 200 27552 "http://cqqizhou.com/" "Mozilla/5.0 (Windows NT 10.0; Win64; x64) AppleWebKit/537.36 (KHTML, like Gecko) Chrome/100.0.4896.127 Safari/537.36"
61.155.157.14 - - [10/Jan/2026:02:17:54 +0800] "GET /wp-content/uploads/revslider/slider-1/1750861156-logistics_Slider_3840%C3%972160_20250625191356-scaled.webp HTTP/1.1" 200 197360 "http://cqqizhou.com/" "Mozilla/5.0 (Windows NT 10.0; Win64; x64) AppleWebKit/537.36 (KHTML, like Gecko) Chrome/100.0.4896.127 Safari/537.36"
61.155.157.14 - - [10/Jan/2026:02:17:55 +0800] "GET /wp-content/uploads/revslider/slider-1/1750861156-logistics_Slider_3840%C3%972160_20250625191356-scaled-50x100.webp HTTP/1.1" 200 1416 "http://cqqizhou.com/" "Mozilla/5.0 (Windows NT 10.0; Win64; x64) AppleWebKit/537.36 (KHTML, like Gecko) Chrome/100.0.4896.127 Safari/537.36"
61.155.157.14 - - [10/Jan/2026:02:17:55 +0800] "GET /wp-content/uploads/2025/12/1765265398-qizhou_Slider_3840%C3%972160_20251209-scaled-50x100.webp HTTP/1.1" 200 2166 "http://cqqizhou.com/" "Mozilla/5.0 (Windows NT 10.0; Win64; x64) AppleWebKit/537.36 (KHTML, like Gecko) Chrome/100.0.4896.127 Safari/537.36"
61.155.157.14 - - [10/Jan/2026:02:17:55 +0800] "GET /wp-content/uploads/2025/12/1765265398-qizhou_Slider_3840%C3%972160_20251209-scaled.webp HTTP/1.1" 200 175208 "http://cqqizhou.com/" "Mozilla/5.0 (Windows NT 10.0; Win64; x64) AppleWebKit/537.36 (KHTML, like Gecko) Chrome/100.0.4896.127 Safari/537.36"
61.155.157.14 - - [10/Jan/2026:02:18:03 +0800] "GET /wp-content/uploads/2025/07/1753454089-Article_images_W900px.webp HTTP/1.1" 200 27552 "http://cqqizhou.com/" "Mozilla/5.0 (Windows NT 10.0; Win64; x64) AppleWebKit/537.36 (KHTML, like Gecko) Chrome/100.0.4896.127 Safari/537.36"
61.155.157.14 - - [10/Jan/2026:02:18:08 +0800] "GET /wp-content/uploads/2025/12/1765268955-qizhou_Slider1_3840%C3%972160_20251210-scaled-50x100.webp HTTP/1.1" 200 1812 "http://cqqizhou.com/" "Mozilla/5.0 (Windows NT 10.0; Win64; x64) AppleWebKit/537.36 (KHTML, like Gecko) Chrome/100.0.4896.127 Safari/537.36"
61.155.157.14 - - [10/Jan/2026:02:18:08 +0800] "GET /wp-content/uploads/2025/12/1765268955-qizhou_Slider1_3840%C3%972160_20251210-scaled-50x100.webp HTTP/1.1" 200 1812 "http://cqqizhou.com/" "Mozilla/5.0 (Windows NT 10.0; Win64; x64) AppleWebKit/537.36 (KHTML, like Gecko) Chrome/100.0.4896.127 Safari/537.36"
61.155.157.14 - - [10/Jan/2026:02:18:10 +0800] "GET /wp-content/uploads/2025/07/1753454089-Article_images_W900px.webp HTTP/1.1" 200 27552 "http://cqqizhou.com/" "Mozilla/5.0 (Windows NT 10.0; Win64; x64) AppleWebKit/537.36 (KHTML, like Gecko) Chrome/100.0.4896.127 Safari/537.36"
61.155.157.14 - - [10/Jan/2026:02:18:25 +0800] "GET /wp-content/uploads/2025/07/1753454089-Article_images_W900px.webp HTTP/1.1" 200 27552 "http://cqqizhou.com/" "Mozilla/5.0 (Windows NT 10.0; Win64; x64) AppleWebKit/537.36 (KHTML, like Gecko) Chrome/100.0.4896.127 Safari/537.36"
61.155.157.14 - - [10/Jan/2026:02:18:25 +0800] "GET /wp-content/uploads/2025/07/1751425283-qizhou.kf_.qq_.com_.webp HTTP/1.1" 200 16864 "http://cqqizhou.com/" "Mozilla/5.0 (Windows NT 10.0; Win64; x64) AppleWebKit/537.36 (KHTML, like Gecko) Chrome/100.0.4896.127 Safari/537.36"
61.155.157.14 - - [10/Jan/2026:02:18:25 +0800] "GET /wp-content/uploads/2025/07/1751425283-qizhou.kf_.qq_.com_.webp HTTP/1.1" 200 16864 "http://cqqizhou.com/" "Mozilla/5.0 (Windows NT 10.0; Win64; x64) AppleWebKit/537.36 (KHTML, like Gecko) Chrome/100.0.4896.127 Safari/537.36"
36.133.115.36 - - [10/Jan/2026:02:22:33 +0800] "POST /wp-cron.php?doing_wp_cron=1767982953.2147068977355957031250 HTTP/1.1" 200 31 "-" "WordPress/6.8.3; http://cqqizhou.com"
183.134.104.170 - - [10/Jan/2026:02:22:33 +0800] "GET / HTTP/1.0" 301 0 "-" "-"
36.133.115.36 - - [10/Jan/2026:02:26:28 +0800] "POST /wp-cron.php?doing_wp_cron=1767983188.4797739982604980468750 HTTP/1.1" 200 31 "-" "WordPress/6.8.3; http://cqqizhou.com"
129.226.213.145 - - [10/Jan/2026:02:26:28 +0800] "GET /wp-json/ HTTP/1.1" 200 19416 "-" "Mozilla/5.0 (iPhone; CPU iPhone OS 13_2_3 like Mac OS X) AppleWebKit/605.1.15 (KHTML, like Gecko) Version/13.0.3 Mobile/15E148 Safari/604.1"
36.133.115.36 - - [10/Jan/2026:02:27:47 +0800] "POST /wp-cron.php?doing_wp_cron=1767983267.1184210777282714843750 HTTP/1.1" 200 31 "-" "WordPress/6.8.3; http://cqqizhou.com"
193.142.147.209 - - [10/Jan/2026:02:27:47 +0800] "POST / HTTP/1.1" 200 34275 "-" "Mozilla/5.0 (Windows NT 10.0; Win64; x64) AppleWebKit/537.36"
115.238.44.234 - - [10/Jan/2026:02:27:55 +0800] "GET / HTTP/1.0" 301 0 "-" "-"
36.150.60.24 - - [10/Jan/2026:02:31:09 +0800] "GET / HTTP/1.1" 200 34700 "-" "Mozilla/5.0 (Macintosh; Intel Mac OS X 10_11) AppleWebKit/601.1.27 (KHTML, like Gecko) Chrome/47.0.2526.106 Safari/601.1.27"
36.133.115.36 - - [10/Jan/2026:02:31:10 +0800] "POST /wp-cron.php?doing_wp_cron=1767983470.5002009868621826171875 HTTP/1.1" 200 31 "-" "WordPress/6.8.3; http://cqqizhou.com"
36.150.60.24 - - [10/Jan/2026:02:31:10 +0800] "GET / HTTP/1.1" 200 34275 "-" "Mozilla/5.0 (Linux; U; Android 7.1.1; zh-CN; OD105 Build/NMF26F) AppleWebKit/537.36 (KHTML, like Gecko) Version/4.0 Chrome/57.0.2987.108 UCBrowser/11.8.8.968 UWS/2.13.1.10 Mobile Safari/537.36 AliApp(TB/7.7.3) UCBS/2.11.1.1 WindVane/8.3.0"
36.133.115.36 - - [10/Jan/2026:02:33:17 +0800] "POST /wp-cron.php?doing_wp_cron=1767983597.1521739959716796875000 HTTP/1.1" 200 31 "-" "WordPress/6.8.3; http://cqqizhou.com"
157.55.39.194 - - [10/Jan/2026:02:33:17 +0800] "GET /2418/ HTTP/1.1" 200 23671 "-" "Mozilla/5.0 AppleWebKit/537.36 (KHTML, like Gecko; compatible; bingbot/2.0; +http://www.bing.com/bingbot.htm) Chrome/116.0.1938.76 Safari/537.36"
36.133.115.36 - - [10/Jan/2026:02:34:47 +0800] "POST /wp-cron.php?doing_wp_cron=1767983687.7344601154327392578125 HTTP/1.1" 200 31 "-" "WordPress/6.8.3; http://cqqizhou.com"
43.130.3.122 - - [10/Jan/2026:02:34:47 +0800] "GET /media/ HTTP/1.1" 200 24587 "-" "Mozilla/5.0 (iPhone; CPU iPhone OS 13_2_3 like Mac OS X) AppleWebKit/605.1.15 (KHTML, like Gecko) Version/13.0.3 Mobile/15E148 Safari/604.1"
36.133.115.36 - - [10/Jan/2026:02:39:17 +0800] "POST /wp-cron.php?doing_wp_cron=1767983957.0039370059967041015625 HTTP/1.1" 200 31 "-" "WordPress/6.8.3; http://cqqizhou.com"
40.77.167.33 - - [10/Jan/2026:02:39:17 +0800] "GET /?s=2025 HTTP/1.1" 200 19818 "-" "Mozilla/5.0 AppleWebKit/537.36 (KHTML, like Gecko; compatible; bingbot/2.0; +http://www.bing.com/bingbot.htm) Chrome/116.0.1938.76 Safari/537.36"
36.133.115.36 - - [10/Jan/2026:02:41:33 +0800] "POST /wp-cron.php?doing_wp_cron=1767984092.9886701107025146484375 HTTP/1.1" 200 31 "-" "WordPress/6.8.3; http://cqqizhou.com"
43.157.142.101 - - [10/Jan/2026:02:41:33 +0800] "GET /feed/ HTTP/1.1" 200 58800 "-" "Mozilla/5.0 (iPhone; CPU iPhone OS 13_2_3 like Mac OS X) AppleWebKit/605.1.15 (KHTML, like Gecko) Version/13.0.3 Mobile/15E148 Safari/604.1"
36.133.115.36 - - [10/Jan/2026:02:46:08 +0800] "POST /wp-cron.php?doing_wp_cron=1767984367.9938690662384033203125 HTTP/1.1" 200 31 "-" "WordPress/6.8.3; http://cqqizhou.com"
114.119.133.166 - - [10/Jan/2026:02:46:08 +0800] "GET /wp-sitemap.xml HTTP/1.1" 501 253 "-" "Mozilla/5.0 (Linux; Android 7.0;) AppleWebKit/537.36 (KHTML, like Gecko) Mobile Safari/537.36 (compatible; PetalBot;+https://webmaster.petalsearch.com/site/petalbot)"
221.178.143.70 - - [10/Jan/2026:02:46:54 +0800] "GET / HTTP/1.1" 200 34700 "-" "Mozilla/5.0 (Macintosh; Intel Mac OS X 10_11) AppleWebKit/601.1.27 (KHTML, like Gecko) Chrome/47.0.2526.106 Safari/601.1.27"
36.133.115.36 - - [10/Jan/2026:02:47:50 +0800] "POST /wp-cron.php?doing_wp_cron=1767984470.6339530944824218750000 HTTP/1.1" 200 31 "-" "WordPress/6.8.3; http://cqqizhou.com"
204.76.203.219 - - [10/Jan/2026:02:47:50 +0800] "GET / HTTP/1.1" 200 34275 "-" "Mozilla/5.0 (Windows NT 10.0; Win64; x64) AppleWebKit/537.36 (KHTML, like Gecko) Chrome/90.0.4430.85 Safari/537.36 Edg/90.0.818.46"
36.133.115.36 - - [10/Jan/2026:02:53:17 +0800] "POST /wp-cron.php?doing_wp_cron=1767984797.5114810466766357421875 HTTP/1.1" 200 31 "-" "WordPress/6.8.3; http://cqqizhou.com"
43.153.86.78 - - [10/Jan/2026:02:53:17 +0800] "GET /wp-admin/admin-ajax.php HTTP/1.1" 400 11 "-" "Mozilla/5.0 (iPhone; CPU iPhone OS 13_2_3 like Mac OS X) AppleWebKit/605.1.15 (KHTML, like Gecko) Version/13.0.3 Mobile/15E148 Safari/604.1"
36.133.115.36 - - [10/Jan/2026:02:59:50 +0800] "POST /wp-cron.php?doing_wp_cron=1767985190.6126289367675781250000 HTTP/1.1" 200 31 "-" "WordPress/6.8.3; http://cqqizhou.com"
45.79.181.215 - - [10/Jan/2026:02:59:50 +0800] "POST /xmlrpc.php HTTP/1.1" 200 217 "-" "Mozilla/5.0 (Windows NT 10.0; Win64; x64; rv:62.0) Gecko/20100101 Firefox/62.0"
36.133.115.36 - - [10/Jan/2026:03:08:06 +0800] "POST /wp-cron.php?doing_wp_cron=1767985686.0316770076751708984375 HTTP/1.1" 200 31 "-" "WordPress/6.8.3; http://cqqizhou.com"
43.166.224.244 - - [10/Jan/2026:03:08:06 +0800] "GET /comments/feed/ HTTP/1.1" 200 704 "-" "Mozilla/5.0 (iPhone; CPU iPhone OS 13_2_3 like Mac OS X) AppleWebKit/605.1.15 (KHTML, like Gecko) Version/13.0.3 Mobile/15E148 Safari/604.1"
118.145.137.6 - - [10/Jan/2026:03:08:33 +0800] "POST /hello.world?%ADd+allow_url_include%3d1+%ADd+auto_prepend_file%3dphp://input HTTP/1.1" 404 31364 "-" "libredtail-http"
118.145.137.6 - - [10/Jan/2026:03:08:34 +0800] "POST /?%ADd+allow_url_include%3d1+%ADd+auto_prepend_file%3dphp://input HTTP/1.1" 200 155928 "-" "libredtail-http"
118.145.137.6 - - [10/Jan/2026:03:08:34 +0800] "GET /vendor/phpunit/phpunit/src/Util/PHP/eval-stdin.php HTTP/1.1" 404 27 "-" "libredtail-http"
118.145.137.6 - - [10/Jan/2026:03:08:34 +0800] "GET /vendor/phpunit/phpunit/Util/PHP/eval-stdin.php HTTP/1.1" 404 27 "-" "libredtail-http"
118.145.137.6 - - [10/Jan/2026:03:08:34 +0800] "GET /vendor/phpunit/src/Util/PHP/eval-stdin.php HTTP/1.1" 404 27 "-" "libredtail-http"
118.145.137.6 - - [10/Jan/2026:03:08:34 +0800] "GET /vendor/phpunit/Util/PHP/eval-stdin.php HTTP/1.1" 404 27 "-" "libredtail-http"
118.145.137.6 - - [10/Jan/2026:03:08:35 +0800] "GET /vendor/phpunit/phpunit/LICENSE/eval-stdin.php HTTP/1.1" 404 27 "-" "libredtail-http"
118.145.137.6 - - [10/Jan/2026:03:08:35 +0800] "GET /vendor/vendor/phpunit/phpunit/src/Util/PHP/eval-stdin.php HTTP/1.1" 404 27 "-" "libredtail-http"
118.145.137.6 - - [10/Jan/2026:03:08:35 +0800] "GET /phpunit/phpunit/src/Util/PHP/eval-stdin.php HTTP/1.1" 404 27 "-" "libredtail-http"
118.145.137.6 - - [10/Jan/2026:03:08:35 +0800] "GET /phpunit/phpunit/Util/PHP/eval-stdin.php HTTP/1.1" 404 27 "-" "libredtail-http"
118.145.137.6 - - [10/Jan/2026:03:08:35 +0800] "GET /phpunit/src/Util/PHP/eval-stdin.php HTTP/1.1" 404 27 "-" "libredtail-http"
118.145.137.6 - - [10/Jan/2026:03:08:35 +0800] "GET /phpunit/Util/PHP/eval-stdin.php HTTP/1.1" 404 27 "-" "libredtail-http"
118.145.137.6 - - [10/Jan/2026:03:08:35 +0800] "GET /lib/phpunit/phpunit/src/Util/PHP/eval-stdin.php HTTP/1.1" 404 27 "-" "libredtail-http"
118.145.137.6 - - [10/Jan/2026:03:08:35 +0800] "GET /lib/phpunit/phpunit/Util/PHP/eval-stdin.php HTTP/1.1" 404 27 "-" "libredtail-http"
118.145.137.6 - - [10/Jan/2026:03:08:35 +0800] "GET /lib/phpunit/src/Util/PHP/eval-stdin.php HTTP/1.1" 404 27 "-" "libredtail-http"
118.145.137.6 - - [10/Jan/2026:03:08:35 +0800] "GET /lib/phpunit/Util/PHP/eval-stdin.php HTTP/1.1" 404 27 "-" "libredtail-http"
118.145.137.6 - - [10/Jan/2026:03:08:35 +0800] "GET /lib/vendor/phpunit/phpunit/src/Util/PHP/eval-stdin.php HTTP/1.1" 404 27 "-" "libredtail-http"
118.145.137.6 - - [10/Jan/2026:03:08:35 +0800] "GET /laravel/vendor/phpunit/phpunit/src/Util/PHP/eval-stdin.php HTTP/1.1" 404 27 "-" "libredtail-http"
118.145.137.6 - - [10/Jan/2026:03:08:35 +0800] "GET /www/vendor/phpunit/phpunit/src/Util/PHP/eval-stdin.php HTTP/1.1" 404 27 "-" "libredtail-http"
118.145.137.6 - - [10/Jan/2026:03:08:35 +0800] "GET /ws/vendor/phpunit/phpunit/src/Util/PHP/eval-stdin.php HTTP/1.1" 404 27 "-" "libredtail-http"
118.145.137.6 - - [10/Jan/2026:03:08:35 +0800] "GET /yii/vendor/phpunit/phpunit/src/Util/PHP/eval-stdin.php HTTP/1.1" 404 27 "-" "libredtail-http"
118.145.137.6 - - [10/Jan/2026:03:08:35 +0800] "GET /zend/vendor/phpunit/phpunit/src/Util/PHP/eval-stdin.php HTTP/1.1" 404 27 "-" "libredtail-http"
118.145.137.6 - - [10/Jan/2026:03:08:35 +0800] "GET /ws/ec/vendor/phpunit/phpunit/src/Util/PHP/eval-stdin.php HTTP/1.1" 404 27 "-" "libredtail-http"
118.145.137.6 - - [10/Jan/2026:03:08:35 +0800] "GET /V2/vendor/phpunit/phpunit/src/Util/PHP/eval-stdin.php HTTP/1.1" 404 27 "-" "libredtail-http"
118.145.137.6 - - [10/Jan/2026:03:08:35 +0800] "GET /tests/vendor/phpunit/phpunit/src/Util/PHP/eval-stdin.php HTTP/1.1" 404 27 "-" "libredtail-http"
118.145.137.6 - - [10/Jan/2026:03:08:35 +0800] "GET /test/vendor/phpunit/phpunit/src/Util/PHP/eval-stdin.php HTTP/1.1" 404 27 "-" "libredtail-http"
118.145.137.6 - - [10/Jan/2026:03:08:35 +0800] "GET /testing/vendor/phpunit/phpunit/src/Util/PHP/eval-stdin.php HTTP/1.1" 404 27 "-" "libredtail-http"
118.145.137.6 - - [10/Jan/2026:03:08:35 +0800] "GET /api/vendor/phpunit/phpunit/src/Util/PHP/eval-stdin.php HTTP/1.1" 404 27 "-" "libredtail-http"
118.145.137.6 - - [10/Jan/2026:03:08:35 +0800] "GET /demo/vendor/phpunit/phpunit/src/Util/PHP/eval-stdin.php HTTP/1.1" 404 27 "-" "libredtail-http"
118.145.137.6 - - [10/Jan/2026:03:08:35 +0800] "GET /cms/vendor/phpunit/phpunit/src/Util/PHP/eval-stdin.php HTTP/1.1" 404 27 "-" "libredtail-http"
118.145.137.6 - - [10/Jan/2026:03:08:35 +0800] "GET /crm/vendor/phpunit/phpunit/src/Util/PHP/eval-stdin.php HTTP/1.1" 404 27 "-" "libredtail-http"
118.145.137.6 - - [10/Jan/2026:03:08:36 +0800] "GET /admin/vendor/phpunit/phpunit/src/Util/PHP/eval-stdin.php HTTP/1.1" 404 27 "-" "libredtail-http"
118.145.137.6 - - [10/Jan/2026:03:08:36 +0800] "GET /backup/vendor/phpunit/phpunit/src/Util/PHP/eval-stdin.php HTTP/1.1" 404 27 "-" "libredtail-http"
118.145.137.6 - - [10/Jan/2026:03:08:36 +0800] "GET /blog/vendor/phpunit/phpunit/src/Util/PHP/eval-stdin.php HTTP/1.1" 404 27 "-" "libredtail-http"
118.145.137.6 - - [10/Jan/2026:03:08:36 +0800] "GET /workspace/drupal/vendor/phpunit/phpunit/src/Util/PHP/eval-stdin.php HTTP/1.1" 404 27 "-" "libredtail-http"
118.145.137.6 - - [10/Jan/2026:03:08:36 +0800] "GET /panel/vendor/phpunit/phpunit/src/Util/PHP/eval-stdin.php HTTP/1.1" 404 27 "-" "libredtail-http"
118.145.137.6 - - [10/Jan/2026:03:08:36 +0800] "GET /public/vendor/phpunit/phpunit/src/Util/PHP/eval-stdin.php HTTP/1.1" 404 27 "-" "libredtail-http"
118.145.137.6 - - [10/Jan/2026:03:08:36 +0800] "GET /apps/vendor/phpunit/phpunit/src/Util/PHP/eval-stdin.php HTTP/1.1" 404 27 "-" "libredtail-http"
118.145.137.6 - - [10/Jan/2026:03:08:36 +0800] "GET /app/vendor/phpunit/phpunit/src/Util/PHP/eval-stdin.php HTTP/1.1" 404 27 "-" "libredtail-http"
118.145.137.6 - - [10/Jan/2026:03:08:37 +0800] "GET /index.php?s=/index/\x5Cthink\x5Capp/invokefunction&function=call_user_func_array&vars[0]=md5&vars[1][]=Hello HTTP/1.1" 200 65505 "-" "libredtail-http"
118.145.137.6 - - [10/Jan/2026:03:08:37 +0800] "GET /public/index.php?s=/index/\x5Cthink\x5Capp/invokefunction&function=call_user_func_array&vars[0]=md5&vars[1][]=Hello HTTP/1.1" 404 27 "-" "libredtail-http"
118.145.137.6 - - [10/Jan/2026:03:08:38 +0800] "GET /index.php?lang=../../../../../../../../usr/local/lib/php/pearcmd&+config-create+/&/<?echo(md5(\x22hi\x22));?>+/tmp/index1.php HTTP/1.1" 200 155928 "-" "libredtail-http"
118.145.137.6 - - [10/Jan/2026:03:08:42 +0800] "GET /index.php?lang=../../../../../../../../tmp/index1 HTTP/1.1" 200 155928 "-" "libredtail-http"
118.145.137.6 - - [10/Jan/2026:03:08:43 +0800] "GET /containers/json HTTP/1.1" 301 5 "-" "libredtail-http"
118.145.137.6 - - [10/Jan/2026:03:08:46 +0800] "GET /containers/json HTTP/1.1" 499 0 "-" "libredtail-http"
36.133.115.36 - - [10/Jan/2026:03:08:47 +0800] "POST /wp-cron.php?doing_wp_cron=1767985727.1180980205535888671875 HTTP/1.1" 200 31 "-" "WordPress/6.8.3; http://cqqizhou.com"
51.68.111.212 - - [10/Jan/2026:03:09:04 +0800] "GET /robots.txt HTTP/1.1" 301 5 "-" "Mozilla/5.0 (compatible; MJ12bot/v2.0.4; http://mj12bot.com/)"
51.68.111.212 - - [10/Jan/2026:03:09:05 +0800] "GET /robots.txt HTTP/1.1" 200 190 "-" "Mozilla/5.0 (compatible; MJ12bot/v2.0.4; http://mj12bot.com/)"
51.68.111.212 - - [10/Jan/2026:03:09:06 +0800] "GET / HTTP/1.1" 301 5 "-" "Mozilla/5.0 (compatible; MJ12bot/v2.0.4; http://mj12bot.com/)"
51.68.111.212 - - [10/Jan/2026:03:09:07 +0800] "GET / HTTP/1.1" 200 34700 "-" "Mozilla/5.0 (compatible; MJ12bot/v2.0.4; http://mj12bot.com/)"
43.153.19.83 - - [10/Jan/2026:03:12:28 +0800] "GET /wp-content/uploads/2025/07/1751829518-Precision-processing-services800x500.webp HTTP/1.1" 200 28964 "-" "Mozilla/5.0 (iPhone; CPU iPhone OS 13_2_3 like Mac OS X) AppleWebKit/605.1.15 (KHTML, like Gecko) Version/13.0.3 Mobile/15E148 Safari/604.1"
36.133.115.36 - - [10/Jan/2026:03:14:53 +0800] "POST /wp-cron.php?doing_wp_cron=1767986093.4129650592803955078125 HTTP/1.1" 200 31 "-" "WordPress/6.8.3; http://cqqizhou.com"
138.197.141.252 - - [10/Jan/2026:03:14:53 +0800] "HEAD / HTTP/1.1" 301 0 "-" "curl"
36.133.115.36 - - [10/Jan/2026:03:19:42 +0800] "POST /wp-cron.php?doing_wp_cron=1767986382.3452050685882568359375 HTTP/1.1" 200 31 "-" "WordPress/6.8.3; http://cqqizhou.com"
144.91.89.161 - - [10/Jan/2026:03:19:42 +0800] "GET /001565000000.cfg HTTP/1.1" 404 8981 "-" "Mozilla/5.0"
36.133.115.36 - - [10/Jan/2026:03:21:50 +0800] "POST /wp-cron.php?doing_wp_cron=1767986510.4674999713897705078125 HTTP/1.1" 200 31 "-" "WordPress/6.8.3; http://cqqizhou.com"
47.237.177.222 - - [10/Jan/2026:03:21:50 +0800] "GET http://passport.baidu.com/ HTTP/1.1" 200 34275 "-" "-"
36.133.115.36 - - [10/Jan/2026:03:23:29 +0800] "POST /wp-cron.php?doing_wp_cron=1767986609.5470120906829833984375 HTTP/1.1" 200 31 "-" "WordPress/6.8.3; http://cqqizhou.com"
164.92.252.183 - - [10/Jan/2026:03:23:29 +0800] "GET / HTTP/1.0" 301 0 "-" "-"
164.92.252.183 - - [10/Jan/2026:03:23:30 +0800] "GET / HTTP/1.0" 301 0 "-" "-"
164.92.252.183 - - [10/Jan/2026:03:23:30 +0800] "GET /odinhttpcall1767986604 HTTP/1.1" 404 31364 "-" "Mozilla/5.0 (compatible; Odin; https://docs.getodin.com/)"
164.92.252.183 - - [10/Jan/2026:03:23:31 +0800] "POST /sdk HTTP/1.1" 404 31364 "-" "Mozilla/5.0 (compatible; Odin; https://docs.getodin.com/)"
164.92.252.183 - - [10/Jan/2026:03:23:32 +0800] "GET /HNAP1 HTTP/1.1" 404 31364 "-" "Mozilla/5.0 (compatible; Odin; https://docs.getodin.com/)"
164.92.252.183 - - [10/Jan/2026:03:23:32 +0800] "GET /evox/about HTTP/1.1" 404 31364 "-" "Mozilla/5.0 (compatible; Odin; https://docs.getodin.com/)"
164.92.252.183 - - [10/Jan/2026:03:23:33 +0800] "GET / HTTP/1.0" 301 0 "-" "-"
164.92.252.183 - - [10/Jan/2026:03:23:34 +0800] "GET / HTTP/1.1" 301 5 "-" "-"
159.89.9.41 - - [10/Jan/2026:03:23:35 +0800] "GET /v2/_catalog HTTP/1.1" 301 5 "-" "Go-http-client/1.1"
134.122.70.87 - - [10/Jan/2026:03:23:35 +0800] "GET /cgi-bin/authLogin.cgi HTTP/1.1" 301 5 "-" "Go-http-client/1.1"
104.248.45.3 - - [10/Jan/2026:03:23:35 +0800] "GET /query?q=SHOW+DIAGNOSTICS HTTP/1.1" 301 5 "-" "Go-http-client/1.1"
159.89.9.41 - - [10/Jan/2026:03:23:35 +0800] "GET /solr/admin/info/system HTTP/1.1" 301 5 "-" "Go-http-client/1.1"
159.89.9.41 - - [10/Jan/2026:03:23:36 +0800] "GET /v2/_catalog HTTP/1.1" 404 31364 "http://36.133.115.36:80/v2/_catalog" "Go-http-client/1.1"
104.248.45.3 - - [10/Jan/2026:03:23:36 +0800] "GET /query?q=SHOW+DIAGNOSTICS HTTP/1.1" 404 31364 "http://36.133.115.36:80/query?q=SHOW+DIAGNOSTICS" "Go-http-client/1.1"
134.122.70.87 - - [10/Jan/2026:03:23:36 +0800] "GET /cgi-bin/authLogin.cgi HTTP/1.1" 404 31364 "http://36.133.115.36:80/cgi-bin/authLogin.cgi" "Go-http-client/1.1"
159.89.9.41 - - [10/Jan/2026:03:23:36 +0800] "GET /solr/admin/info/system HTTP/1.1" 404 31364 "http://36.133.115.36:80/solr/admin/info/system" "Go-http-client/1.1"
159.89.9.41 - - [10/Jan/2026:03:23:38 +0800] "GET /solr/admin/cores?action=STATUS&wt=json HTTP/1.1" 301 5 "-" "Go-http-client/1.1"
159.89.9.41 - - [10/Jan/2026:03:23:39 +0800] "GET /solr/admin/cores?action=STATUS&wt=json HTTP/1.1" 404 31364 "http://36.133.115.36:80/solr/admin/cores?action=STATUS&wt=json" "Go-http-client/1.1"
43.159.132.207 - - [10/Jan/2026:03:24:03 +0800] "GET /wp-content/uploads/2025/11/1762908477-QZ_Photo-2.webp HTTP/1.1" 200 185928 "-" "Mozilla/5.0 (iPhone; CPU iPhone OS 13_2_3 like Mac OS X) AppleWebKit/605.1.15 (KHTML, like Gecko) Version/13.0.3 Mobile/15E148 Safari/604.1"
36.133.115.36 - - [10/Jan/2026:03:25:28 +0800] "POST /wp-cron.php?doing_wp_cron=1767986728.5798149108886718750000 HTTP/1.1" 200 31 "-" "WordPress/6.8.3; http://cqqizhou.com"
115.159.33.43 - - [10/Jan/2026:03:25:28 +0800] "GET / HTTP/1.1" 301 5 "-" "Mozilla/5.0 (Windows NT 10.0; Win64; x64) AppleWebKit/537.36 (KHTML, like Gecko) Chrome/79.0.3945.117 Safari/537.36"
36.133.115.36 - - [10/Jan/2026:03:30:01 +0800] "POST /wp-cron.php?doing_wp_cron=1767987001.5044260025024414062500 HTTP/1.1" 200 31 "-" "WordPress/6.8.3; http://cqqizhou.com"
51.222.168.94 - - [10/Jan/2026:03:30:01 +0800] "GET /robots.txt HTTP/1.1" 200 190 "-" "Mozilla/5.0 (compatible; AhrefsBot/7.0; +http://ahrefs.com/robot/)"
198.244.183.118 - - [10/Jan/2026:03:30:05 +0800] "GET /portfolio/pickled-coil/ HTTP/1.1" 200 22164 "-" "Mozilla/5.0 (compatible; AhrefsBot/7.0; +http://ahrefs.com/robot/)"
36.133.115.36 - - [10/Jan/2026:03:31:07 +0800] "POST /wp-cron.php?doing_wp_cron=1767987067.4434120655059814453125 HTTP/1.1" 200 31 "-" "WordPress/6.8.3; http://cqqizhou.com"
43.157.149.188 - - [10/Jan/2026:03:31:07 +0800] "GET /club/ HTTP/1.1" 200 11885 "-" "Mozilla/5.0 (iPhone; CPU iPhone OS 13_2_3 like Mac OS X) AppleWebKit/605.1.15 (KHTML, like Gecko) Version/13.0.3 Mobile/15E148 Safari/604.1"
36.133.115.36 - - [10/Jan/2026:03:37:40 +0800] "POST /wp-cron.php?doing_wp_cron=1767987460.3705549240112304687500 HTTP/1.1" 200 31 "-" "WordPress/6.8.3; http://cqqizhou.com"
204.76.203.219 - - [10/Jan/2026:03:37:40 +0800] "GET / HTTP/1.1" 200 34275 "-" "Mozilla/5.0 (Windows NT 10.0; Win64; x64) AppleWebKit/537.36 (KHTML, like Gecko) Chrome/90.0.4430.85 Safari/537.36 Edg/90.0.818.46"
91.232.238.112 - - [10/Jan/2026:03:42:14 +0800] "GET /admin/config.php HTTP/1.0" 404 16 "-" "xfa1"
36.133.115.36 - - [10/Jan/2026:03:43:00 +0800] "POST /wp-cron.php?doing_wp_cron=1767987780.2516179084777832031250 HTTP/1.1" 200 31 "-" "WordPress/6.8.3; http://cqqizhou.com"
43.130.139.177 - - [10/Jan/2026:03:43:00 +0800] "GET /wp-content/uploads/2026/01/1767691467-Article_images_W900 HTTP/1.1" 404 8974 "-" "Mozilla/5.0 (iPhone; CPU iPhone OS 13_2_3 like Mac OS X) AppleWebKit/605.1.15 (KHTML, like Gecko) Version/13.0.3 Mobile/15E148 Safari/604.1"
36.133.115.36 - - [10/Jan/2026:03:46:31 +0800] "POST /wp-cron.php?doing_wp_cron=1767987991.2554728984832763671875 HTTP/1.1" 200 31 "-" "WordPress/6.8.3; http://cqqizhou.com"
157.230.109.221 - - [10/Jan/2026:03:46:31 +0800] "GET / HTTP/1.1" 301 5 "-" "Mozilla/5.0 (compatible; Odin; https://docs.getodin.com/)"
157.230.109.221 - - [10/Jan/2026:03:46:32 +0800] "GET / HTTP/1.1" 200 34700 "http://36.133.115.36" "Mozilla/5.0 (compatible; Odin; https://docs.getodin.com/)"
159.89.9.41 - - [10/Jan/2026:03:46:35 +0800] "GET / HTTP/1.1" 200 34275 "-" "Go-http-client/1.1"
36.133.115.36 - - [10/Jan/2026:03:55:09 +0800] "POST /wp-cron.php?doing_wp_cron=1767988509.0284810066223144531250 HTTP/1.1" 200 31 "-" "WordPress/6.8.3; http://cqqizhou.com"
89.42.231.200 - - [10/Jan/2026:03:55:10 +0800] "GET / HTTP/1.1" 200 155928 "-" "-"
36.133.115.36 - - [10/Jan/2026:04:09:17 +0800] "POST /wp-cron.php?doing_wp_cron=1767989357.4854741096496582031250 HTTP/1.1" 200 31 "-" "WordPress/6.8.3; http://cqqizhou.com"
124.156.172.52 - - [10/Jan/2026:04:09:17 +0800] "GET /logistics HTTP/1.1" 301 5 "-" "Mozilla/5.0 (Windows NT 10.0; Win64; x64) AppleWebKit/537.36 (KHTML, like Gecko) Chrome/120.0.0.0 Safari/537.36 Edg/120.0.0.0"
124.156.172.52 - - [10/Jan/2026:04:09:17 +0800] "GET /logistics/ HTTP/1.1" 200 118904 "-" "Mozilla/5.0 (Windows NT 10.0; Win64; x64) AppleWebKit/537.36 (KHTML, like Gecko) Chrome/120.0.0.0 Safari/537.36 Edg/120.0.0.0"
124.156.172.52 - - [10/Jan/2026:04:09:21 +0800] "GET /logistics HTTP/1.1" 301 5 "-" "Mozilla/5.0 (Windows NT 10.0; Win64; x64) AppleWebKit/537.36 (KHTML, like Gecko) Chrome/120.0.0.0 Safari/537.36 Edg/120.0.0.0"
124.156.172.52 - - [10/Jan/2026:04:09:21 +0800] "GET /logistics/ HTTP/1.1" 200 118904 "-" "Mozilla/5.0 (Windows NT 10.0; Win64; x64) AppleWebKit/537.36 (KHTML, like Gecko) Chrome/120.0.0.0 Safari/537.36 Edg/120.0.0.0"
36.133.115.36 - - [10/Jan/2026:04:11:01 +0800] "POST /wp-cron.php?doing_wp_cron=1767989461.0516500473022460937500 HTTP/1.1" 200 31 "-" "WordPress/6.8.3; http://cqqizhou.com"
124.156.172.52 - - [10/Jan/2026:04:11:01 +0800] "GET /logistics HTTP/1.1" 301 5 "-" "Mozilla/5.0 (Windows NT 10.0; Win64; x64) AppleWebKit/537.36 (KHTML, like Gecko) Chrome/120.0.0.0 Safari/537.36 Edg/120.0.0.0"
124.156.172.52 - - [10/Jan/2026:04:11:01 +0800] "GET /logistics HTTP/1.1" 301 5 "-" "Mozilla/5.0 (Windows NT 10.0; Win64; x64) AppleWebKit/537.36 (KHTML, like Gecko) Chrome/120.0.0.0 Safari/537.36 Edg/120.0.0.0"
124.156.172.52 - - [10/Jan/2026:04:11:01 +0800] "GET /logistics/ HTTP/1.1" 200 118904 "-" "Mozilla/5.0 (Windows NT 10.0; Win64; x64) AppleWebKit/537.36 (KHTML, like Gecko) Chrome/120.0.0.0 Safari/537.36 Edg/120.0.0.0"
