14.108.234.228 - - [04/Dec/2025:16:31:47 +0800] "GET /services/?elementor-preview=1659&ver=1764837104 HTTP/1.1" 200 20785 "http://cqqizhou.com/wp-admin/post.php?post=1659&action=elementor" "Mozilla/5.0 (Windows NT 10.0; Win64; x64) AppleWebKit/537.36 (KHTML, like Gecko) Chrome/142.0.0.0 Safari/537.36 Edg/142.0.0.0"
14.108.234.228 - - [04/Dec/2025:16:31:48 +0800] "POST /wp-admin/admin-ajax.php HTTP/1.1" 200 78 "http://cqqizhou.com/wp-admin/edit.php?post_type=page" "Mozilla/5.0 (Windows NT 10.0; Win64; x64) AppleWebKit/537.36 (KHTML, like Gecko) Chrome/142.0.0.0 Safari/537.36 Edg/142.0.0.0"
14.108.234.228 - - [04/Dec/2025:16:31:48 +0800] "POST /wp-admin/admin-ajax.php HTTP/1.1" 200 565516 "http://cqqizhou.com/wp-admin/post.php?post=1659&action=elementor" "Mozilla/5.0 (Windows NT 10.0; Win64; x64) AppleWebKit/537.36 (KHTML, like Gecko) Chrome/142.0.0.0 Safari/537.36 Edg/142.0.0.0"
14.108.234.228 - - [04/Dec/2025:16:31:49 +0800] "GET /wp-json/elementor/v1/globals HTTP/1.1" 200 336 "http://cqqizhou.com/wp-admin/post.php?post=1659&action=elementor" "Mozilla/5.0 (Windows NT 10.0; Win64; x64) AppleWebKit/537.36 (KHTML, like Gecko) Chrome/142.0.0.0 Safari/537.36 Edg/142.0.0.0"
14.108.234.228 - - [04/Dec/2025:16:31:51 +0800] "GET /wp-json/elementor/v1/user-data/current-user?context=edit HTTP/1.1" 200 544 "http://cqqizhou.com/wp-admin/post.php?post=1659&action=elementor" "Mozilla/5.0 (Windows NT 10.0; Win64; x64) AppleWebKit/537.36 (KHTML, like Gecko) Chrome/142.0.0.0 Safari/537.36 Edg/142.0.0.0"
14.108.234.228 - - [04/Dec/2025:16:31:51 +0800] "POST /wp-admin/admin-ajax.php HTTP/1.1" 200 320 "http://cqqizhou.com/wp-admin/post.php?post=1659&action=elementor" "Mozilla/5.0 (Windows NT 10.0; Win64; x64) AppleWebKit/537.36 (KHTML, like Gecko) Chrome/142.0.0.0 Safari/537.36 Edg/142.0.0.0"
14.108.234.228 - - [04/Dec/2025:16:32:02 +0800] "POST /wp-admin/admin-ajax.php HTTP/1.1" 200 132 "http://cqqizhou.com/wp-admin/post.php?post=1659&action=elementor" "Mozilla/5.0 (Windows NT 10.0; Win64; x64) AppleWebKit/537.36 (KHTML, like Gecko) Chrome/142.0.0.0 Safari/537.36 Edg/142.0.0.0"
14.108.234.228 - - [04/Dec/2025:16:32:02 +0800] "POST /wp-admin/admin-ajax.php HTTP/1.1" 200 107 "http://cqqizhou.com/wp-admin/post.php?post=1659&action=elementor" "Mozilla/5.0 (Windows NT 10.0; Win64; x64) AppleWebKit/537.36 (KHTML, like Gecko) Chrome/142.0.0.0 Safari/537.36 Edg/142.0.0.0"
14.108.234.228 - - [04/Dec/2025:16:32:17 +0800] "POST /wp-admin/admin-ajax.php HTTP/1.1" 200 107 "http://cqqizhou.com/wp-admin/post.php?post=1659&action=elementor" "Mozilla/5.0 (Windows NT 10.0; Win64; x64) AppleWebKit/537.36 (KHTML, like Gecko) Chrome/142.0.0.0 Safari/537.36 Edg/142.0.0.0"
14.108.234.228 - - [04/Dec/2025:16:32:32 +0800] "POST /wp-admin/admin-ajax.php HTTP/1.1" 200 107 "http://cqqizhou.com/wp-admin/post.php?post=1659&action=elementor" "Mozilla/5.0 (Windows NT 10.0; Win64; x64) AppleWebKit/537.36 (KHTML, like Gecko) Chrome/142.0.0.0 Safari/537.36 Edg/142.0.0.0"
36.133.115.36 - - [04/Dec/2025:16:32:53 +0800] "POST /wp-cron.php?doing_wp_cron=1764837173.1146600246429443359375 HTTP/1.1" 200 31 "-" "WordPress/6.8.3; http://cqqizhou.com"
14.108.234.228 - - [04/Dec/2025:16:32:53 +0800] "POST /wp-admin/admin-ajax.php HTTP/1.1" 200 107 "http://cqqizhou.com/wp-admin/post.php?post=1659&action=elementor" "Mozilla/5.0 (Windows NT 10.0; Win64; x64) AppleWebKit/537.36 (KHTML, like Gecko) Chrome/142.0.0.0 Safari/537.36 Edg/142.0.0.0"
14.108.234.228 - - [04/Dec/2025:16:33:08 +0800] "POST /wp-admin/admin-ajax.php HTTP/1.1" 200 107 "http://cqqizhou.com/wp-admin/post.php?post=1659&action=elementor" "Mozilla/5.0 (Windows NT 10.0; Win64; x64) AppleWebKit/537.36 (KHTML, like Gecko) Chrome/142.0.0.0 Safari/537.36 Edg/142.0.0.0"
14.108.234.228 - - [04/Dec/2025:16:33:23 +0800] "POST /wp-admin/admin-ajax.php HTTP/1.1" 200 107 "http://cqqizhou.com/wp-admin/post.php?post=1659&action=elementor" "Mozilla/5.0 (Windows NT 10.0; Win64; x64) AppleWebKit/537.36 (KHTML, like Gecko) Chrome/142.0.0.0 Safari/537.36 Edg/142.0.0.0"
14.108.234.228 - - [04/Dec/2025:16:33:38 +0800] "POST /wp-admin/admin-ajax.php HTTP/1.1" 200 107 "http://cqqizhou.com/wp-admin/post.php?post=1659&action=elementor" "Mozilla/5.0 (Windows NT 10.0; Win64; x64) AppleWebKit/537.36 (KHTML, like Gecko) Chrome/142.0.0.0 Safari/537.36 Edg/142.0.0.0"
36.133.115.36 - - [04/Dec/2025:16:33:49 +0800] "POST /wp-cron.php?doing_wp_cron=1764837229.3554940223693847656250 HTTP/1.1" 200 31 "-" "WordPress/6.8.3; http://cqqizhou.com"
14.108.234.228 - - [04/Dec/2025:16:33:49 +0800] "POST /wp-admin/admin-ajax.php HTTP/1.1" 200 78 "http://cqqizhou.com/wp-admin/edit.php?post_type=page" "Mozilla/5.0 (Windows NT 10.0; Win64; x64) AppleWebKit/537.36 (KHTML, like Gecko) Chrome/142.0.0.0 Safari/537.36 Edg/142.0.0.0"
14.108.234.228 - - [04/Dec/2025:16:33:57 +0800] "POST /wp-admin/admin-ajax.php HTTP/1.1" 200 107 "http://cqqizhou.com/wp-admin/post.php?post=1659&action=elementor" "Mozilla/5.0 (Windows NT 10.0; Win64; x64) AppleWebKit/537.36 (KHTML, like Gecko) Chrome/142.0.0.0 Safari/537.36 Edg/142.0.0.0"
14.108.234.228 - - [04/Dec/2025:16:34:14 +0800] "GET /wp-json/elementor/v1/checklist/user-progress HTTP/1.1" 200 222 "http://cqqizhou.com/wp-admin/post.php?post=1659&action=elementor" "Mozilla/5.0 (Windows NT 10.0; Win64; x64) AppleWebKit/537.36 (KHTML, like Gecko) Chrome/142.0.0.0 Safari/537.36 Edg/142.0.0.0"
14.108.234.228 - - [04/Dec/2025:16:34:15 +0800] "POST /wp-admin/admin-ajax.php HTTP/1.1" 200 254 "http://cqqizhou.com/wp-admin/post.php?post=1659&action=elementor" "Mozilla/5.0 (Windows NT 10.0; Win64; x64) AppleWebKit/537.36 (KHTML, like Gecko) Chrome/142.0.0.0 Safari/537.36 Edg/142.0.0.0"
14.108.234.228 - - [04/Dec/2025:16:34:17 +0800] "POST /wp-admin/admin-ajax.php HTTP/1.1" 200 107 "http://cqqizhou.com/wp-admin/post.php?post=1659&action=elementor" "Mozilla/5.0 (Windows NT 10.0; Win64; x64) AppleWebKit/537.36 (KHTML, like Gecko) Chrome/142.0.0.0 Safari/537.36 Edg/142.0.0.0"
14.108.234.228 - - [04/Dec/2025:16:34:32 +0800] "POST /wp-admin/admin-ajax.php HTTP/1.1" 200 107 "http://cqqizhou.com/wp-admin/post.php?post=1659&action=elementor" "Mozilla/5.0 (Windows NT 10.0; Win64; x64) AppleWebKit/537.36 (KHTML, like Gecko) Chrome/142.0.0.0 Safari/537.36 Edg/142.0.0.0"
36.133.115.36 - - [04/Dec/2025:16:35:13 +0800] "POST /wp-cron.php?doing_wp_cron=1764837313.1266500949859619140625 HTTP/1.1" 200 31 "-" "WordPress/6.8.3; http://cqqizhou.com"
14.108.234.228 - - [04/Dec/2025:16:35:13 +0800] "POST /wp-admin/admin-ajax.php HTTP/1.1" 200 107 "http://cqqizhou.com/wp-admin/post.php?post=1659&action=elementor" "Mozilla/5.0 (Windows NT 10.0; Win64; x64) AppleWebKit/537.36 (KHTML, like Gecko) Chrome/142.0.0.0 Safari/537.36 Edg/142.0.0.0"
14.108.234.228 - - [04/Dec/2025:16:35:17 +0800] "GET /wp-json/elementor/v1/checklist/user-progress HTTP/1.1" 200 222 "http://cqqizhou.com/wp-admin/post.php?post=1659&action=elementor" "Mozilla/5.0 (Windows NT 10.0; Win64; x64) AppleWebKit/537.36 (KHTML, like Gecko) Chrome/142.0.0.0 Safari/537.36 Edg/142.0.0.0"
14.108.234.228 - - [04/Dec/2025:16:35:18 +0800] "POST /wp-admin/admin-ajax.php HTTP/1.1" 200 497 "http://cqqizhou.com/wp-admin/post.php?post=1659&action=elementor" "Mozilla/5.0 (Windows NT 10.0; Win64; x64) AppleWebKit/537.36 (KHTML, like Gecko) Chrome/142.0.0.0 Safari/537.36 Edg/142.0.0.0"
14.108.234.228 - - [04/Dec/2025:16:35:19 +0800] "GET /wp-json/elementor/v1/checklist/user-progress HTTP/1.1" 200 222 "http://cqqizhou.com/wp-admin/post.php?post=1659&action=elementor" "Mozilla/5.0 (Windows NT 10.0; Win64; x64) AppleWebKit/537.36 (KHTML, like Gecko) Chrome/142.0.0.0 Safari/537.36 Edg/142.0.0.0"
14.108.234.228 - - [04/Dec/2025:16:35:20 +0800] "POST /wp-admin/admin-ajax.php HTTP/1.1" 200 295 "http://cqqizhou.com/wp-admin/post.php?post=1659&action=elementor" "Mozilla/5.0 (Windows NT 10.0; Win64; x64) AppleWebKit/537.36 (KHTML, like Gecko) Chrome/142.0.0.0 Safari/537.36 Edg/142.0.0.0"
14.108.234.228 - - [04/Dec/2025:16:35:28 +0800] "POST /wp-admin/admin-ajax.php HTTP/1.1" 200 107 "http://cqqizhou.com/wp-admin/post.php?post=1659&action=elementor" "Mozilla/5.0 (Windows NT 10.0; Win64; x64) AppleWebKit/537.36 (KHTML, like Gecko) Chrome/142.0.0.0 Safari/537.36 Edg/142.0.0.0"
14.108.234.228 - - [04/Dec/2025:16:35:43 +0800] "POST /wp-admin/admin-ajax.php HTTP/1.1" 200 107 "http://cqqizhou.com/wp-admin/post.php?post=1659&action=elementor" "Mozilla/5.0 (Windows NT 10.0; Win64; x64) AppleWebKit/537.36 (KHTML, like Gecko) Chrome/142.0.0.0 Safari/537.36 Edg/142.0.0.0"
36.133.115.36 - - [04/Dec/2025:16:35:49 +0800] "POST /wp-cron.php?doing_wp_cron=1764837349.3094780445098876953125 HTTP/1.1" 200 31 "-" "WordPress/6.8.3; http://cqqizhou.com"
78.142.18.92 - - [04/Dec/2025:16:35:50 +0800] "GET / HTTP/1.1" 200 152260 "-" "-"
14.108.234.228 - - [04/Dec/2025:16:35:50 +0800] "POST /wp-admin/admin-ajax.php HTTP/1.1" 200 78 "http://cqqizhou.com/wp-admin/edit.php?post_type=page" "Mozilla/5.0 (Windows NT 10.0; Win64; x64) AppleWebKit/537.36 (KHTML, like Gecko) Chrome/142.0.0.0 Safari/537.36 Edg/142.0.0.0"
14.108.234.228 - - [04/Dec/2025:16:35:58 +0800] "POST /wp-admin/admin-ajax.php HTTP/1.1" 200 107 "http://cqqizhou.com/wp-admin/post.php?post=1659&action=elementor" "Mozilla/5.0 (Windows NT 10.0; Win64; x64) AppleWebKit/537.36 (KHTML, like Gecko) Chrome/142.0.0.0 Safari/537.36 Edg/142.0.0.0"
14.108.234.228 - - [04/Dec/2025:16:36:13 +0800] "POST /wp-admin/admin-ajax.php HTTP/1.1" 200 105 "http://cqqizhou.com/wp-admin/post.php?post=1659&action=elementor" "Mozilla/5.0 (Windows NT 10.0; Win64; x64) AppleWebKit/537.36 (KHTML, like Gecko) Chrome/142.0.0.0 Safari/537.36 Edg/142.0.0.0"
14.108.234.228 - - [04/Dec/2025:16:36:28 +0800] "POST /wp-admin/admin-ajax.php HTTP/1.1" 200 107 "http://cqqizhou.com/wp-admin/post.php?post=1659&action=elementor" "Mozilla/5.0 (Windows NT 10.0; Win64; x64) AppleWebKit/537.36 (KHTML, like Gecko) Chrome/142.0.0.0 Safari/537.36 Edg/142.0.0.0"
14.108.234.228 - - [04/Dec/2025:16:36:43 +0800] "POST /wp-admin/admin-ajax.php HTTP/1.1" 200 107 "http://cqqizhou.com/wp-admin/post.php?post=1659&action=elementor" "Mozilla/5.0 (Windows NT 10.0; Win64; x64) AppleWebKit/537.36 (KHTML, like Gecko) Chrome/142.0.0.0 Safari/537.36 Edg/142.0.0.0"
14.108.234.228 - - [04/Dec/2025:16:36:46 +0800] "GET /logistics/ HTTP/1.1" 200 26650 "http://cqqizhou.com/services/?elementor-preview=1659&ver=1764837104" "Mozilla/5.0 (Windows NT 10.0; Win64; x64) AppleWebKit/537.36 (KHTML, like Gecko) Chrome/142.0.0.0 Safari/537.36 Edg/142.0.0.0"
36.133.115.36 - - [04/Dec/2025:16:36:58 +0800] "POST /wp-cron.php?doing_wp_cron=1764837418.2098460197448730468750 HTTP/1.1" 200 31 "-" "WordPress/6.8.3; http://cqqizhou.com"
14.108.234.228 - - [04/Dec/2025:16:36:58 +0800] "POST /wp-admin/admin-ajax.php HTTP/1.1" 200 107 "http://cqqizhou.com/wp-admin/post.php?post=1659&action=elementor" "Mozilla/5.0 (Windows NT 10.0; Win64; x64) AppleWebKit/537.36 (KHTML, like Gecko) Chrome/142.0.0.0 Safari/537.36 Edg/142.0.0.0"
14.108.234.228 - - [04/Dec/2025:16:37:13 +0800] "POST /wp-admin/admin-ajax.php HTTP/1.1" 200 107 "http://cqqizhou.com/wp-admin/post.php?post=1659&action=elementor" "Mozilla/5.0 (Windows NT 10.0; Win64; x64) AppleWebKit/537.36 (KHTML, like Gecko) Chrome/142.0.0.0 Safari/537.36 Edg/142.0.0.0"
193.142.147.209 - - [04/Dec/2025:16:37:38 +0800] "GET /cgi-bin/luci/;stok=/locale HTTP/1.1" 301 5 "-" "-"
193.142.147.209 - - [04/Dec/2025:16:37:40 +0800] "GET /cgi-bin/luci/;stok=/locale HTTP/1.1" 404 31364 "http://36.133.115.36:80/cgi-bin/luci/;stok=/locale" "-"
36.133.115.36 - - [04/Dec/2025:16:37:51 +0800] "POST /wp-cron.php?doing_wp_cron=1764837471.3222830295562744140625 HTTP/1.1" 200 31 "-" "WordPress/6.8.3; http://cqqizhou.com"
14.108.234.228 - - [04/Dec/2025:16:37:51 +0800] "POST /wp-admin/admin-ajax.php HTTP/1.1" 200 78 "http://cqqizhou.com/wp-admin/edit.php?post_type=page" "Mozilla/5.0 (Windows NT 10.0; Win64; x64) AppleWebKit/537.36 (KHTML, like Gecko) Chrome/142.0.0.0 Safari/537.36 Edg/142.0.0.0"
14.108.234.228 - - [04/Dec/2025:16:37:51 +0800] "POST /wp-admin/admin-ajax.php HTTP/1.1" 200 107 "http://cqqizhou.com/wp-admin/post.php?post=1659&action=elementor" "Mozilla/5.0 (Windows NT 10.0; Win64; x64) AppleWebKit/537.36 (KHTML, like Gecko) Chrome/142.0.0.0 Safari/537.36 Edg/142.0.0.0"
14.108.234.228 - - [04/Dec/2025:16:38:06 +0800] "POST /wp-admin/admin-ajax.php HTTP/1.1" 200 107 "http://cqqizhou.com/wp-admin/post.php?post=1659&action=elementor" "Mozilla/5.0 (Windows NT 10.0; Win64; x64) AppleWebKit/537.36 (KHTML, like Gecko) Chrome/142.0.0.0 Safari/537.36 Edg/142.0.0.0"
36.133.115.36 - - [04/Dec/2025:16:38:40 +0800] "POST /wp-cron.php?doing_wp_cron=1764837520.0695679187774658203125 HTTP/1.1" 200 31 "-" "WordPress/6.8.3; http://cqqizhou.com"
14.108.234.228 - - [04/Dec/2025:16:38:40 +0800] "POST /wp-admin/admin-ajax.php HTTP/1.1" 200 107 "http://cqqizhou.com/wp-admin/post.php?post=1659&action=elementor" "Mozilla/5.0 (Windows NT 10.0; Win64; x64) AppleWebKit/537.36 (KHTML, like Gecko) Chrome/142.0.0.0 Safari/537.36 Edg/142.0.0.0"
36.133.115.36 - - [04/Dec/2025:16:38:55 +0800] "POST /wp-cron.php?doing_wp_cron=1764837535.0671689510345458984375 HTTP/1.1" 200 31 "-" "WordPress/6.8.3; http://cqqizhou.com"
14.108.234.228 - - [04/Dec/2025:16:38:55 +0800] "POST /wp-admin/admin-ajax.php HTTP/1.1" 200 107 "http://cqqizhou.com/wp-admin/post.php?post=1659&action=elementor" "Mozilla/5.0 (Windows NT 10.0; Win64; x64) AppleWebKit/537.36 (KHTML, like Gecko) Chrome/142.0.0.0 Safari/537.36 Edg/142.0.0.0"
14.108.234.228 - - [04/Dec/2025:16:39:26 +0800] "POST /wp-admin/admin-ajax.php HTTP/1.1" 200 107 "http://cqqizhou.com/wp-admin/post.php?post=1659&action=elementor" "Mozilla/5.0 (Windows NT 10.0; Win64; x64) AppleWebKit/537.36 (KHTML, like Gecko) Chrome/142.0.0.0 Safari/537.36 Edg/142.0.0.0"
36.133.115.36 - - [04/Dec/2025:16:39:52 +0800] "POST /wp-cron.php?doing_wp_cron=1764837592.3862969875335693359375 HTTP/1.1" 200 31 "-" "WordPress/6.8.3; http://cqqizhou.com"
14.108.234.228 - - [04/Dec/2025:16:39:52 +0800] "POST /wp-admin/admin-ajax.php HTTP/1.1" 200 78 "http://cqqizhou.com/wp-admin/edit.php?post_type=page" "Mozilla/5.0 (Windows NT 10.0; Win64; x64) AppleWebKit/537.36 (KHTML, like Gecko) Chrome/142.0.0.0 Safari/537.36 Edg/142.0.0.0"
36.133.115.36 - - [04/Dec/2025:16:41:26 +0800] "POST /wp-cron.php?doing_wp_cron=1764837686.8253629207611083984375 HTTP/1.1" 200 31 "-" "WordPress/6.8.3; http://cqqizhou.com"
14.108.234.228 - - [04/Dec/2025:16:41:26 +0800] "POST /wp-admin/admin-ajax.php HTTP/1.1" 200 107 "http://cqqizhou.com/wp-admin/post.php?post=1659&action=elementor" "Mozilla/5.0 (Windows NT 10.0; Win64; x64) AppleWebKit/537.36 (KHTML, like Gecko) Chrome/142.0.0.0 Safari/537.36 Edg/142.0.0.0"
36.133.115.36 - - [04/Dec/2025:16:41:53 +0800] "POST /wp-cron.php?doing_wp_cron=1764837713.3454339504241943359375 HTTP/1.1" 200 31 "-" "WordPress/6.8.3; http://cqqizhou.com"
14.108.234.228 - - [04/Dec/2025:16:41:53 +0800] "POST /wp-admin/admin-ajax.php HTTP/1.1" 200 78 "http://cqqizhou.com/wp-admin/edit.php?post_type=page" "Mozilla/5.0 (Windows NT 10.0; Win64; x64) AppleWebKit/537.36 (KHTML, like Gecko) Chrome/142.0.0.0 Safari/537.36 Edg/142.0.0.0"
36.133.115.36 - - [04/Dec/2025:16:43:09 +0800] "POST /wp-cron.php?doing_wp_cron=1764837789.4211130142211914062500 HTTP/1.1" 200 31 "-" "WordPress/6.8.3; http://cqqizhou.com"
14.108.234.228 - - [04/Dec/2025:16:43:09 +0800] "POST /wp-admin/admin-ajax.php HTTP/1.1" 200 107 "http://cqqizhou.com/wp-admin/post.php?post=1659&action=elementor" "Mozilla/5.0 (Windows NT 10.0; Win64; x64) AppleWebKit/537.36 (KHTML, like Gecko) Chrome/142.0.0.0 Safari/537.36 Edg/142.0.0.0"
14.108.234.228 - - [04/Dec/2025:16:43:17 +0800] "POST /wp-admin/admin-ajax.php HTTP/1.1" 200 254 "http://cqqizhou.com/wp-admin/post.php?post=1659&action=elementor" "Mozilla/5.0 (Windows NT 10.0; Win64; x64) AppleWebKit/537.36 (KHTML, like Gecko) Chrome/142.0.0.0 Safari/537.36 Edg/142.0.0.0"
14.108.234.228 - - [04/Dec/2025:16:43:24 +0800] "POST /wp-admin/admin-ajax.php HTTP/1.1" 200 107 "http://cqqizhou.com/wp-admin/post.php?post=1659&action=elementor" "Mozilla/5.0 (Windows NT 10.0; Win64; x64) AppleWebKit/537.36 (KHTML, like Gecko) Chrome/142.0.0.0 Safari/537.36 Edg/142.0.0.0"
14.108.234.228 - - [04/Dec/2025:16:43:39 +0800] "POST /wp-admin/admin-ajax.php HTTP/1.1" 200 107 "http://cqqizhou.com/wp-admin/post.php?post=1659&action=elementor" "Mozilla/5.0 (Windows NT 10.0; Win64; x64) AppleWebKit/537.36 (KHTML, like Gecko) Chrome/142.0.0.0 Safari/537.36 Edg/142.0.0.0"
36.133.115.36 - - [04/Dec/2025:16:45:39 +0800] "POST /wp-cron.php?doing_wp_cron=1764837939.4227149486541748046875 HTTP/1.1" 200 31 "-" "WordPress/6.8.3; http://cqqizhou.com"
14.108.234.228 - - [04/Dec/2025:16:45:39 +0800] "POST /wp-admin/admin-ajax.php HTTP/1.1" 200 107 "http://cqqizhou.com/wp-admin/post.php?post=1659&action=elementor" "Mozilla/5.0 (Windows NT 10.0; Win64; x64) AppleWebKit/537.36 (KHTML, like Gecko) Chrome/142.0.0.0 Safari/537.36 Edg/142.0.0.0"
36.133.115.36 - - [04/Dec/2025:16:47:39 +0800] "POST /wp-cron.php?doing_wp_cron=1764838059.4114329814910888671875 HTTP/1.1" 200 31 "-" "WordPress/6.8.3; http://cqqizhou.com"
14.108.234.228 - - [04/Dec/2025:16:47:39 +0800] "POST /wp-admin/admin-ajax.php HTTP/1.1" 200 107 "http://cqqizhou.com/wp-admin/post.php?post=1659&action=elementor" "Mozilla/5.0 (Windows NT 10.0; Win64; x64) AppleWebKit/537.36 (KHTML, like Gecko) Chrome/142.0.0.0 Safari/537.36 Edg/142.0.0.0"
36.133.115.36 - - [04/Dec/2025:16:49:40 +0800] "POST /wp-cron.php?doing_wp_cron=1764838180.3698580265045166015625 HTTP/1.1" 200 31 "-" "WordPress/6.8.3; http://cqqizhou.com"
14.108.234.228 - - [04/Dec/2025:16:49:40 +0800] "POST /wp-admin/admin-ajax.php HTTP/1.1" 200 107 "http://cqqizhou.com/wp-admin/post.php?post=1659&action=elementor" "Mozilla/5.0 (Windows NT 10.0; Win64; x64) AppleWebKit/537.36 (KHTML, like Gecko) Chrome/142.0.0.0 Safari/537.36 Edg/142.0.0.0"
36.133.115.36 - - [04/Dec/2025:16:51:41 +0800] "POST /wp-cron.php?doing_wp_cron=1764838301.3404729366302490234375 HTTP/1.1" 200 31 "-" "WordPress/6.8.3; http://cqqizhou.com"
14.108.234.228 - - [04/Dec/2025:16:51:41 +0800] "POST /wp-admin/admin-ajax.php HTTP/1.1" 200 107 "http://cqqizhou.com/wp-admin/post.php?post=1659&action=elementor" "Mozilla/5.0 (Windows NT 10.0; Win64; x64) AppleWebKit/537.36 (KHTML, like Gecko) Chrome/142.0.0.0 Safari/537.36 Edg/142.0.0.0"
36.133.115.36 - - [04/Dec/2025:16:52:02 +0800] "POST /wp-cron.php?doing_wp_cron=1764838322.9210450649261474609375 HTTP/1.1" 200 31 "-" "WordPress/6.8.3; http://cqqizhou.com"
135.237.126.6 - - [04/Dec/2025:16:52:03 +0800] "GET /developmentserver/metadatauploader HTTP/1.1" 404 8981 "-" "Mozilla/5.0 zgrab/0.x"
36.133.115.36 - - [04/Dec/2025:16:53:42 +0800] "POST /wp-cron.php?doing_wp_cron=1764838422.3522939682006835937500 HTTP/1.1" 200 31 "-" "WordPress/6.8.3; http://cqqizhou.com"
14.108.234.228 - - [04/Dec/2025:16:53:42 +0800] "POST /wp-admin/admin-ajax.php HTTP/1.1" 200 107 "http://cqqizhou.com/wp-admin/post.php?post=1659&action=elementor" "Mozilla/5.0 (Windows NT 10.0; Win64; x64) AppleWebKit/537.36 (KHTML, like Gecko) Chrome/142.0.0.0 Safari/537.36 Edg/142.0.0.0"
36.133.115.36 - - [04/Dec/2025:16:55:43 +0800] "POST /wp-cron.php?doing_wp_cron=1764838543.3684339523315429687500 HTTP/1.1" 200 31 "-" "WordPress/6.8.3; http://cqqizhou.com"
14.108.234.228 - - [04/Dec/2025:16:55:43 +0800] "POST /wp-admin/admin-ajax.php HTTP/1.1" 200 107 "http://cqqizhou.com/wp-admin/post.php?post=1659&action=elementor" "Mozilla/5.0 (Windows NT 10.0; Win64; x64) AppleWebKit/537.36 (KHTML, like Gecko) Chrome/142.0.0.0 Safari/537.36 Edg/142.0.0.0"
36.133.115.36 - - [04/Dec/2025:16:57:44 +0800] "POST /wp-cron.php?doing_wp_cron=1764838664.3599650859832763671875 HTTP/1.1" 200 31 "-" "WordPress/6.8.3; http://cqqizhou.com"
14.108.234.228 - - [04/Dec/2025:16:57:44 +0800] "POST /wp-admin/admin-ajax.php HTTP/1.1" 200 107 "http://cqqizhou.com/wp-admin/post.php?post=1659&action=elementor" "Mozilla/5.0 (Windows NT 10.0; Win64; x64) AppleWebKit/537.36 (KHTML, like Gecko) Chrome/142.0.0.0 Safari/537.36 Edg/142.0.0.0"
36.133.115.36 - - [04/Dec/2025:16:59:00 +0800] "POST /wp-cron.php?doing_wp_cron=1764838740.6266400814056396484375 HTTP/1.1" 200 31 "-" "WordPress/6.8.3; http://cqqizhou.com"
14.108.234.228 - - [04/Dec/2025:16:59:00 +0800] "POST /wp-admin/admin-ajax.php HTTP/1.1" 200 107 "http://cqqizhou.com/wp-admin/post.php?post=1659&action=elementor" "Mozilla/5.0 (Windows NT 10.0; Win64; x64) AppleWebKit/537.36 (KHTML, like Gecko) Chrome/142.0.0.0 Safari/537.36 Edg/142.0.0.0"
14.108.234.228 - - [04/Dec/2025:16:59:00 +0800] "GET /wp-json/elementor/v1/checklist/user-progress HTTP/1.1" 200 222 "http://cqqizhou.com/wp-admin/post.php?post=1659&action=elementor" "Mozilla/5.0 (Windows NT 10.0; Win64; x64) AppleWebKit/537.36 (KHTML, like Gecko) Chrome/142.0.0.0 Safari/537.36 Edg/142.0.0.0"
14.108.234.228 - - [04/Dec/2025:16:59:16 +0800] "POST /wp-admin/admin-ajax.php HTTP/1.1" 200 107 "http://cqqizhou.com/wp-admin/post.php?post=1659&action=elementor" "Mozilla/5.0 (Windows NT 10.0; Win64; x64) AppleWebKit/537.36 (KHTML, like Gecko) Chrome/142.0.0.0 Safari/537.36 Edg/142.0.0.0"
36.133.115.36 - - [04/Dec/2025:17:01:17 +0800] "POST /wp-cron.php?doing_wp_cron=1764838877.3429539203643798828125 HTTP/1.1" 200 31 "-" "WordPress/6.8.3; http://cqqizhou.com"
14.108.234.228 - - [04/Dec/2025:17:01:17 +0800] "POST /wp-admin/admin-ajax.php HTTP/1.1" 200 107 "http://cqqizhou.com/wp-admin/post.php?post=1659&action=elementor" "Mozilla/5.0 (Windows NT 10.0; Win64; x64) AppleWebKit/537.36 (KHTML, like Gecko) Chrome/142.0.0.0 Safari/537.36 Edg/142.0.0.0"
36.133.115.36 - - [04/Dec/2025:17:03:11 +0800] "POST /wp-cron.php?doing_wp_cron=1764838991.5272219181060791015625 HTTP/1.1" 200 31 "-" "WordPress/6.8.3; http://cqqizhou.com"
14.108.234.228 - - [04/Dec/2025:17:03:11 +0800] "POST /wp-admin/admin-ajax.php HTTP/1.1" 200 78 "http://cqqizhou.com/wp-admin/edit.php?post_type=page" "Mozilla/5.0 (Windows NT 10.0; Win64; x64) AppleWebKit/537.36 (KHTML, like Gecko) Chrome/142.0.0.0 Safari/537.36 Edg/142.0.0.0"
14.108.234.228 - - [04/Dec/2025:17:03:13 +0800] "GET /wp-content/uploads/2025/07/1753454089-Article_images_W900px.webp HTTP/1.1" 200 27552 "http://cqqizhou.com/" "Mozilla/5.0 (Windows NT 10.0; Win64; x64) AppleWebKit/537.36 (KHTML, like Gecko) Chrome/142.0.0.0 Safari/537.36 Edg/142.0.0.0"
14.108.234.228 - - [04/Dec/2025:17:03:13 +0800] "GET /wp-content/uploads/2025/07/1753454299-Article_images_W900px.webp HTTP/1.1" 200 52418 "http://cqqizhou.com/" "Mozilla/5.0 (Windows NT 10.0; Win64; x64) AppleWebKit/537.36 (KHTML, like Gecko) Chrome/142.0.0.0 Safari/537.36 Edg/142.0.0.0"
14.108.234.228 - - [04/Dec/2025:17:03:14 +0800] "GET /wp-content/uploads/2025/07/1750174127-Marketing1920x800_3.webp HTTP/1.1" 200 52790 "http://cqqizhou.com/wp-content/uploads/elementor/css/post-1666.css?ver=1762870941" "Mozilla/5.0 (Windows NT 10.0; Win64; x64) AppleWebKit/537.36 (KHTML, like Gecko) Chrome/142.0.0.0 Safari/537.36 Edg/142.0.0.0"
14.108.234.228 - - [04/Dec/2025:17:03:14 +0800] "GET /wp-json/sliderrevolution/sliders/1?srengine=7&slideid=2 HTTP/1.1" 200 2058 "http://cqqizhou.com/" "Mozilla/5.0 (Windows NT 10.0; Win64; x64) AppleWebKit/537.36 (KHTML, like Gecko) Chrome/142.0.0.0 Safari/537.36 Edg/142.0.0.0"
14.108.234.228 - - [04/Dec/2025:17:03:14 +0800] "GET /wp-json/sliderrevolution/sliders/1?srengine=7&slideid=3 HTTP/1.1" 200 2292 "http://cqqizhou.com/" "Mozilla/5.0 (Windows NT 10.0; Win64; x64) AppleWebKit/537.36 (KHTML, like Gecko) Chrome/142.0.0.0 Safari/537.36 Edg/142.0.0.0"
14.108.234.228 - - [04/Dec/2025:17:03:17 +0800] "GET /wp-content/uploads/2025/07/1751967322-Storage-processing_images_W900%C3%97300.webp HTTP/1.1" 200 23120 "http://cqqizhou.com/wp-content/uploads/elementor/css/post-1666.css?ver=1762870941" "Mozilla/5.0 (Windows NT 10.0; Win64; x64) AppleWebKit/537.36 (KHTML, like Gecko) Chrome/142.0.0.0 Safari/537.36 Edg/142.0.0.0"
14.108.234.228 - - [04/Dec/2025:17:03:18 +0800] "POST /wp-admin/admin-ajax.php HTTP/1.1" 200 107 "http://cqqizhou.com/wp-admin/post.php?post=1659&action=elementor" "Mozilla/5.0 (Windows NT 10.0; Win64; x64) AppleWebKit/537.36 (KHTML, like Gecko) Chrome/142.0.0.0 Safari/537.36 Edg/142.0.0.0"
14.108.234.228 - - [04/Dec/2025:17:03:22 +0800] "POST /wp-admin/admin-ajax.php HTTP/1.1" 200 78 "http://cqqizhou.com/wp-admin/edit.php?post_type=page" "Mozilla/5.0 (Windows NT 10.0; Win64; x64) AppleWebKit/537.36 (KHTML, like Gecko) Chrome/142.0.0.0 Safari/537.36 Edg/142.0.0.0"
36.133.115.36 - - [04/Dec/2025:17:05:19 +0800] "POST /wp-cron.php?doing_wp_cron=1764839119.3421568870544433593750 HTTP/1.1" 200 31 "-" "WordPress/6.8.3; http://cqqizhou.com"
14.108.234.228 - - [04/Dec/2025:17:05:19 +0800] "POST /wp-admin/admin-ajax.php HTTP/1.1" 200 107 "http://cqqizhou.com/wp-admin/post.php?post=1659&action=elementor" "Mozilla/5.0 (Windows NT 10.0; Win64; x64) AppleWebKit/537.36 (KHTML, like Gecko) Chrome/142.0.0.0 Safari/537.36 Edg/142.0.0.0"
14.108.234.228 - - [04/Dec/2025:17:05:23 +0800] "POST /wp-admin/admin-ajax.php HTTP/1.1" 200 78 "http://cqqizhou.com/wp-admin/edit.php?post_type=page" "Mozilla/5.0 (Windows NT 10.0; Win64; x64) AppleWebKit/537.36 (KHTML, like Gecko) Chrome/142.0.0.0 Safari/537.36 Edg/142.0.0.0"
36.133.115.36 - - [04/Dec/2025:17:07:20 +0800] "POST /wp-cron.php?doing_wp_cron=1764839240.3583199977874755859375 HTTP/1.1" 200 31 "-" "WordPress/6.8.3; http://cqqizhou.com"
14.108.234.228 - - [04/Dec/2025:17:07:20 +0800] "POST /wp-admin/admin-ajax.php HTTP/1.1" 200 107 "http://cqqizhou.com/wp-admin/post.php?post=1659&action=elementor" "Mozilla/5.0 (Windows NT 10.0; Win64; x64) AppleWebKit/537.36 (KHTML, like Gecko) Chrome/142.0.0.0 Safari/537.36 Edg/142.0.0.0"
14.108.234.228 - - [04/Dec/2025:17:07:24 +0800] "POST /wp-admin/admin-ajax.php HTTP/1.1" 200 78 "http://cqqizhou.com/wp-admin/edit.php?post_type=page" "Mozilla/5.0 (Windows NT 10.0; Win64; x64) AppleWebKit/537.36 (KHTML, like Gecko) Chrome/142.0.0.0 Safari/537.36 Edg/142.0.0.0"
36.133.115.36 - - [04/Dec/2025:17:09:21 +0800] "POST /wp-cron.php?doing_wp_cron=1764839361.3608109951019287109375 HTTP/1.1" 200 31 "-" "WordPress/6.8.3; http://cqqizhou.com"
14.108.234.228 - - [04/Dec/2025:17:09:21 +0800] "POST /wp-admin/admin-ajax.php HTTP/1.1" 200 107 "http://cqqizhou.com/wp-admin/post.php?post=1659&action=elementor" "Mozilla/5.0 (Windows NT 10.0; Win64; x64) AppleWebKit/537.36 (KHTML, like Gecko) Chrome/142.0.0.0 Safari/537.36 Edg/142.0.0.0"
14.108.234.228 - - [04/Dec/2025:17:09:25 +0800] "POST /wp-admin/admin-ajax.php HTTP/1.1" 200 78 "http://cqqizhou.com/wp-admin/edit.php?post_type=page" "Mozilla/5.0 (Windows NT 10.0; Win64; x64) AppleWebKit/537.36 (KHTML, like Gecko) Chrome/142.0.0.0 Safari/537.36 Edg/142.0.0.0"
36.133.115.36 - - [04/Dec/2025:17:11:22 +0800] "POST /wp-cron.php?doing_wp_cron=1764839482.3561949729919433593750 HTTP/1.1" 200 31 "-" "WordPress/6.8.3; http://cqqizhou.com"
14.108.234.228 - - [04/Dec/2025:17:11:22 +0800] "POST /wp-admin/admin-ajax.php HTTP/1.1" 200 107 "http://cqqizhou.com/wp-admin/post.php?post=1659&action=elementor" "Mozilla/5.0 (Windows NT 10.0; Win64; x64) AppleWebKit/537.36 (KHTML, like Gecko) Chrome/142.0.0.0 Safari/537.36 Edg/142.0.0.0"
14.108.234.228 - - [04/Dec/2025:17:11:26 +0800] "POST /wp-admin/admin-ajax.php HTTP/1.1" 200 78 "http://cqqizhou.com/wp-admin/edit.php?post_type=page" "Mozilla/5.0 (Windows NT 10.0; Win64; x64) AppleWebKit/537.36 (KHTML, like Gecko) Chrome/142.0.0.0 Safari/537.36 Edg/142.0.0.0"
36.133.115.36 - - [04/Dec/2025:17:13:23 +0800] "POST /wp-cron.php?doing_wp_cron=1764839603.3480639457702636718750 HTTP/1.1" 200 31 "-" "WordPress/6.8.3; http://cqqizhou.com"
14.108.234.228 - - [04/Dec/2025:17:13:23 +0800] "POST /wp-admin/admin-ajax.php HTTP/1.1" 200 107 "http://cqqizhou.com/wp-admin/post.php?post=1659&action=elementor" "Mozilla/5.0 (Windows NT 10.0; Win64; x64) AppleWebKit/537.36 (KHTML, like Gecko) Chrome/142.0.0.0 Safari/537.36 Edg/142.0.0.0"
14.108.234.228 - - [04/Dec/2025:17:13:27 +0800] "POST /wp-admin/admin-ajax.php HTTP/1.1" 200 78 "http://cqqizhou.com/wp-admin/edit.php?post_type=page" "Mozilla/5.0 (Windows NT 10.0; Win64; x64) AppleWebKit/537.36 (KHTML, like Gecko) Chrome/142.0.0.0 Safari/537.36 Edg/142.0.0.0"
36.133.115.36 - - [04/Dec/2025:17:15:24 +0800] "POST /wp-cron.php?doing_wp_cron=1764839724.3558309078216552734375 HTTP/1.1" 200 31 "-" "WordPress/6.8.3; http://cqqizhou.com"
14.108.234.228 - - [04/Dec/2025:17:15:24 +0800] "POST /wp-admin/admin-ajax.php HTTP/1.1" 200 107 "http://cqqizhou.com/wp-admin/post.php?post=1659&action=elementor" "Mozilla/5.0 (Windows NT 10.0; Win64; x64) AppleWebKit/537.36 (KHTML, like Gecko) Chrome/142.0.0.0 Safari/537.36 Edg/142.0.0.0"
204.76.203.212 - - [04/Dec/2025:17:15:39 +0800] "GET / HTTP/1.1" 200 33499 "-" "Mozilla/5.0 (Windows NT 10.0; Win64; x64) AppleWebKit/537.36 (KHTML, like Gecko) Chrome/90.0.4430.85 Safari/537.36 Edg/90.0.818.46"
36.133.115.36 - - [04/Dec/2025:17:17:25 +0800] "POST /wp-cron.php?doing_wp_cron=1764839845.3748838901519775390625 HTTP/1.1" 200 31 "-" "WordPress/6.8.3; http://cqqizhou.com"
14.108.234.228 - - [04/Dec/2025:17:17:25 +0800] "POST /wp-admin/admin-ajax.php HTTP/1.1" 200 107 "http://cqqizhou.com/wp-admin/post.php?post=1659&action=elementor" "Mozilla/5.0 (Windows NT 10.0; Win64; x64) AppleWebKit/537.36 (KHTML, like Gecko) Chrome/142.0.0.0 Safari/537.36 Edg/142.0.0.0"
36.133.115.36 - - [04/Dec/2025:17:19:26 +0800] "POST /wp-cron.php?doing_wp_cron=1764839966.3532729148864746093750 HTTP/1.1" 200 31 "-" "WordPress/6.8.3; http://cqqizhou.com"
14.108.234.228 - - [04/Dec/2025:17:19:26 +0800] "POST /wp-admin/admin-ajax.php HTTP/1.1" 200 107 "http://cqqizhou.com/wp-admin/post.php?post=1659&action=elementor" "Mozilla/5.0 (Windows NT 10.0; Win64; x64) AppleWebKit/537.36 (KHTML, like Gecko) Chrome/142.0.0.0 Safari/537.36 Edg/142.0.0.0"
36.133.115.36 - - [04/Dec/2025:17:21:02 +0800] "POST /wp-cron.php?doing_wp_cron=1764840062.4356639385223388671875 HTTP/1.1" 200 31 "-" "WordPress/6.8.3; http://cqqizhou.com"
141.98.11.170 - - [04/Dec/2025:17:21:02 +0800] "GET / HTTP/1.1" 200 33498 "-" "Mozilla/5.0 (Windows NT 10.0; Win64; x64) AppleWebKit/537.36 (KHTML, like Gecko) Chrome/90.0.4430.85 Safari/537.36 Edg/90.0.818.46"
14.108.234.228 - - [04/Dec/2025:17:21:27 +0800] "POST /wp-admin/admin-ajax.php HTTP/1.1" 200 107 "http://cqqizhou.com/wp-admin/post.php?post=1659&action=elementor" "Mozilla/5.0 (Windows NT 10.0; Win64; x64) AppleWebKit/537.36 (KHTML, like Gecko) Chrome/142.0.0.0 Safari/537.36 Edg/142.0.0.0"
36.133.115.36 - - [04/Dec/2025:17:23:28 +0800] "POST /wp-cron.php?doing_wp_cron=1764840208.3885600566864013671875 HTTP/1.1" 200 31 "-" "WordPress/6.8.3; http://cqqizhou.com"
14.108.234.228 - - [04/Dec/2025:17:23:28 +0800] "POST /wp-admin/admin-ajax.php HTTP/1.1" 200 107 "http://cqqizhou.com/wp-admin/post.php?post=1659&action=elementor" "Mozilla/5.0 (Windows NT 10.0; Win64; x64) AppleWebKit/537.36 (KHTML, like Gecko) Chrome/142.0.0.0 Safari/537.36 Edg/142.0.0.0"
36.133.115.36 - - [04/Dec/2025:17:25:29 +0800] "POST /wp-cron.php?doing_wp_cron=1764840329.3652710914611816406250 HTTP/1.1" 200 31 "-" "WordPress/6.8.3; http://cqqizhou.com"
14.108.234.228 - - [04/Dec/2025:17:25:29 +0800] "POST /wp-admin/admin-ajax.php HTTP/1.1" 200 107 "http://cqqizhou.com/wp-admin/post.php?post=1659&action=elementor" "Mozilla/5.0 (Windows NT 10.0; Win64; x64) AppleWebKit/537.36 (KHTML, like Gecko) Chrome/142.0.0.0 Safari/537.36 Edg/142.0.0.0"
36.133.115.36 - - [04/Dec/2025:17:27:30 +0800] "POST /wp-cron.php?doing_wp_cron=1764840450.3911840915679931640625 HTTP/1.1" 200 31 "-" "WordPress/6.8.3; http://cqqizhou.com"
14.108.234.228 - - [04/Dec/2025:17:27:30 +0800] "POST /wp-admin/admin-ajax.php HTTP/1.1" 200 107 "http://cqqizhou.com/wp-admin/post.php?post=1659&action=elementor" "Mozilla/5.0 (Windows NT 10.0; Win64; x64) AppleWebKit/537.36 (KHTML, like Gecko) Chrome/142.0.0.0 Safari/537.36 Edg/142.0.0.0"
36.133.115.36 - - [04/Dec/2025:17:28:10 +0800] "POST /wp-cron.php?doing_wp_cron=1764840490.9288759231567382812500 HTTP/1.1" 200 31 "-" "WordPress/6.8.3; http://cqqizhou.com"
52.167.144.231 - - [04/Dec/2025:17:28:11 +0800] "GET /?s= HTTP/1.1" 200 19435 "-" "Mozilla/5.0 AppleWebKit/537.36 (KHTML, like Gecko; compatible; bingbot/2.0; +http://www.bing.com/bingbot.htm) Chrome/116.0.1938.76 Safari/537.36"
36.133.115.36 - - [04/Dec/2025:17:29:31 +0800] "POST /wp-cron.php?doing_wp_cron=1764840571.3662350177764892578125 HTTP/1.1" 200 31 "-" "WordPress/6.8.3; http://cqqizhou.com"
14.108.234.228 - - [04/Dec/2025:17:29:31 +0800] "POST /wp-admin/admin-ajax.php HTTP/1.1" 200 107 "http://cqqizhou.com/wp-admin/post.php?post=1659&action=elementor" "Mozilla/5.0 (Windows NT 10.0; Win64; x64) AppleWebKit/537.36 (KHTML, like Gecko) Chrome/142.0.0.0 Safari/537.36 Edg/142.0.0.0"
36.133.115.36 - - [04/Dec/2025:17:31:32 +0800] "POST /wp-cron.php?doing_wp_cron=1764840692.3870489597320556640625 HTTP/1.1" 200 31 "-" "WordPress/6.8.3; http://cqqizhou.com"
14.108.234.228 - - [04/Dec/2025:17:31:32 +0800] "POST /wp-admin/admin-ajax.php HTTP/1.1" 200 107 "http://cqqizhou.com/wp-admin/post.php?post=1659&action=elementor" "Mozilla/5.0 (Windows NT 10.0; Win64; x64) AppleWebKit/537.36 (KHTML, like Gecko) Chrome/142.0.0.0 Safari/537.36 Edg/142.0.0.0"
36.133.115.36 - - [04/Dec/2025:17:33:33 +0800] "POST /wp-cron.php?doing_wp_cron=1764840813.4509849548339843750000 HTTP/1.1" 200 31 "-" "WordPress/6.8.3; http://cqqizhou.com"
14.108.234.228 - - [04/Dec/2025:17:33:33 +0800] "POST /wp-admin/admin-ajax.php HTTP/1.1" 200 107 "http://cqqizhou.com/wp-admin/post.php?post=1659&action=elementor" "Mozilla/5.0 (Windows NT 10.0; Win64; x64) AppleWebKit/537.36 (KHTML, like Gecko) Chrome/142.0.0.0 Safari/537.36 Edg/142.0.0.0"
36.133.115.36 - - [04/Dec/2025:17:35:34 +0800] "POST /wp-cron.php?doing_wp_cron=1764840934.3846819400787353515625 HTTP/1.1" 200 31 "-" "WordPress/6.8.3; http://cqqizhou.com"
14.108.234.228 - - [04/Dec/2025:17:35:34 +0800] "POST /wp-admin/admin-ajax.php HTTP/1.1" 200 107 "http://cqqizhou.com/wp-admin/post.php?post=1659&action=elementor" "Mozilla/5.0 (Windows NT 10.0; Win64; x64) AppleWebKit/537.36 (KHTML, like Gecko) Chrome/142.0.0.0 Safari/537.36 Edg/142.0.0.0"
36.133.115.36 - - [04/Dec/2025:17:37:35 +0800] "POST /wp-cron.php?doing_wp_cron=1764841055.4018681049346923828125 HTTP/1.1" 200 31 "-" "WordPress/6.8.3; http://cqqizhou.com"
14.108.234.228 - - [04/Dec/2025:17:37:35 +0800] "POST /wp-admin/admin-ajax.php HTTP/1.1" 200 106 "http://cqqizhou.com/wp-admin/post.php?post=1659&action=elementor" "Mozilla/5.0 (Windows NT 10.0; Win64; x64) AppleWebKit/537.36 (KHTML, like Gecko) Chrome/142.0.0.0 Safari/537.36 Edg/142.0.0.0"
36.133.115.36 - - [04/Dec/2025:17:39:36 +0800] "POST /wp-cron.php?doing_wp_cron=1764841176.3640038967132568359375 HTTP/1.1" 200 31 "-" "WordPress/6.8.3; http://cqqizhou.com"
14.108.234.228 - - [04/Dec/2025:17:39:36 +0800] "POST /wp-admin/admin-ajax.php HTTP/1.1" 200 105 "http://cqqizhou.com/wp-admin/post.php?post=1659&action=elementor" "Mozilla/5.0 (Windows NT 10.0; Win64; x64) AppleWebKit/537.36 (KHTML, like Gecko) Chrome/142.0.0.0 Safari/537.36 Edg/142.0.0.0"
36.133.115.36 - - [04/Dec/2025:17:41:37 +0800] "POST /wp-cron.php?doing_wp_cron=1764841297.3453168869018554687500 HTTP/1.1" 200 31 "-" "WordPress/6.8.3; http://cqqizhou.com"
14.108.234.228 - - [04/Dec/2025:17:41:37 +0800] "POST /wp-admin/admin-ajax.php HTTP/1.1" 200 107 "http://cqqizhou.com/wp-admin/post.php?post=1659&action=elementor" "Mozilla/5.0 (Windows NT 10.0; Win64; x64) AppleWebKit/537.36 (KHTML, like Gecko) Chrome/142.0.0.0 Safari/537.36 Edg/142.0.0.0"
36.133.115.36 - - [04/Dec/2025:17:43:40 +0800] "POST /wp-cron.php?doing_wp_cron=1764841420.3042678833007812500000 HTTP/1.1" 200 31 "-" "WordPress/6.8.3; http://cqqizhou.com"
14.108.234.228 - - [04/Dec/2025:17:43:40 +0800] "POST /wp-admin/admin-ajax.php HTTP/1.1" 200 107 "http://cqqizhou.com/wp-admin/post.php?post=1659&action=elementor" "Mozilla/5.0 (Windows NT 10.0; Win64; x64) AppleWebKit/537.36 (KHTML, like Gecko) Chrome/142.0.0.0 Safari/537.36 Edg/142.0.0.0"
36.133.115.36 - - [04/Dec/2025:17:45:40 +0800] "POST /wp-cron.php?doing_wp_cron=1764841540.3453741073608398437500 HTTP/1.1" 200 31 "-" "WordPress/6.8.3; http://cqqizhou.com"
14.108.234.228 - - [04/Dec/2025:17:45:40 +0800] "POST /wp-admin/admin-ajax.php HTTP/1.1" 200 107 "http://cqqizhou.com/wp-admin/post.php?post=1659&action=elementor" "Mozilla/5.0 (Windows NT 10.0; Win64; x64) AppleWebKit/537.36 (KHTML, like Gecko) Chrome/142.0.0.0 Safari/537.36 Edg/142.0.0.0"
36.133.115.36 - - [04/Dec/2025:17:47:41 +0800] "POST /wp-cron.php?doing_wp_cron=1764841661.3707449436187744140625 HTTP/1.1" 200 31 "-" "WordPress/6.8.3; http://cqqizhou.com"
14.108.234.228 - - [04/Dec/2025:17:47:41 +0800] "POST /wp-admin/admin-ajax.php HTTP/1.1" 200 107 "http://cqqizhou.com/wp-admin/post.php?post=1659&action=elementor" "Mozilla/5.0 (Windows NT 10.0; Win64; x64) AppleWebKit/537.36 (KHTML, like Gecko) Chrome/142.0.0.0 Safari/537.36 Edg/142.0.0.0"
36.133.115.36 - - [04/Dec/2025:17:49:09 +0800] "POST /wp-cron.php?doing_wp_cron=1764841749.8244819641113281250000 HTTP/1.1" 200 31 "-" "WordPress/6.8.3; http://cqqizhou.com"
110.249.202.190 - - [04/Dec/2025:17:49:09 +0800] "GET /robots.txt HTTP/1.1" 200 190 "-" "Mozilla/5.0 (Linux; Android 5.0) AppleWebKit/537.36 (KHTML, like Gecko) Mobile Safari/537.36 (compatible; Bytespider; https://zhanzhang.toutiao.com/)"
14.108.234.228 - - [04/Dec/2025:17:49:42 +0800] "POST /wp-admin/admin-ajax.php HTTP/1.1" 200 107 "http://cqqizhou.com/wp-admin/post.php?post=1659&action=elementor" "Mozilla/5.0 (Windows NT 10.0; Win64; x64) AppleWebKit/537.36 (KHTML, like Gecko) Chrome/142.0.0.0 Safari/537.36 Edg/142.0.0.0"
36.133.115.36 - - [04/Dec/2025:17:51:43 +0800] "POST /wp-cron.php?doing_wp_cron=1764841903.3771159648895263671875 HTTP/1.1" 200 31 "-" "WordPress/6.8.3; http://cqqizhou.com"
14.108.234.228 - - [04/Dec/2025:17:51:43 +0800] "POST /wp-admin/admin-ajax.php HTTP/1.1" 200 107 "http://cqqizhou.com/wp-admin/post.php?post=1659&action=elementor" "Mozilla/5.0 (Windows NT 10.0; Win64; x64) AppleWebKit/537.36 (KHTML, like Gecko) Chrome/142.0.0.0 Safari/537.36 Edg/142.0.0.0"
36.133.115.36 - - [04/Dec/2025:17:53:44 +0800] "POST /wp-cron.php?doing_wp_cron=1764842024.3237440586090087890625 HTTP/1.1" 200 31 "-" "WordPress/6.8.3; http://cqqizhou.com"
14.108.234.228 - - [04/Dec/2025:17:53:44 +0800] "POST /wp-admin/admin-ajax.php HTTP/1.1" 200 107 "http://cqqizhou.com/wp-admin/post.php?post=1659&action=elementor" "Mozilla/5.0 (Windows NT 10.0; Win64; x64) AppleWebKit/537.36 (KHTML, like Gecko) Chrome/142.0.0.0 Safari/537.36 Edg/142.0.0.0"
36.133.115.36 - - [04/Dec/2025:17:55:45 +0800] "POST /wp-cron.php?doing_wp_cron=1764842145.3490269184112548828125 HTTP/1.1" 200 31 "-" "WordPress/6.8.3; http://cqqizhou.com"
14.108.234.228 - - [04/Dec/2025:17:55:45 +0800] "POST /wp-admin/admin-ajax.php HTTP/1.1" 200 107 "http://cqqizhou.com/wp-admin/post.php?post=1659&action=elementor" "Mozilla/5.0 (Windows NT 10.0; Win64; x64) AppleWebKit/537.36 (KHTML, like Gecko) Chrome/142.0.0.0 Safari/537.36 Edg/142.0.0.0"
36.133.115.36 - - [04/Dec/2025:17:57:46 +0800] "POST /wp-cron.php?doing_wp_cron=1764842266.3553469181060791015625 HTTP/1.1" 200 31 "-" "WordPress/6.8.3; http://cqqizhou.com"
14.108.234.228 - - [04/Dec/2025:17:57:46 +0800] "POST /wp-admin/admin-ajax.php HTTP/1.1" 200 107 "http://cqqizhou.com/wp-admin/post.php?post=1659&action=elementor" "Mozilla/5.0 (Windows NT 10.0; Win64; x64) AppleWebKit/537.36 (KHTML, like Gecko) Chrome/142.0.0.0 Safari/537.36 Edg/142.0.0.0"
36.133.115.36 - - [04/Dec/2025:18:04:28 +0800] "POST /wp-cron.php?doing_wp_cron=1764842668.5085389614105224609375 HTTP/1.1" 200 31 "-" "WordPress/6.8.3; http://cqqizhou.com"
204.76.203.212 - - [04/Dec/2025:18:04:28 +0800] "GET / HTTP/1.1" 200 33498 "-" "Mozilla/5.0 (Windows NT 10.0; Win64; x64) AppleWebKit/537.36 (KHTML, like Gecko) Chrome/90.0.4430.85 Safari/537.36 Edg/90.0.818.46"
36.133.115.36 - - [04/Dec/2025:18:24:51 +0800] "POST /wp-cron.php?doing_wp_cron=1764843891.7573120594024658203125 HTTP/1.1" 200 31 "-" "WordPress/6.8.3; http://cqqizhou.com"
141.98.11.170 - - [04/Dec/2025:18:24:52 +0800] "GET / HTTP/1.1" 200 33498 "-" "Mozilla/5.0 (Windows NT 10.0; Win64; x64) AppleWebKit/537.36 (KHTML, like Gecko) Chrome/90.0.4430.85 Safari/537.36 Edg/90.0.818.46"
36.133.115.36 - - [04/Dec/2025:18:26:09 +0800] "POST /wp-cron.php?doing_wp_cron=1764843969.9125969409942626953125 HTTP/1.1" 200 31 "-" "WordPress/6.8.3; http://cqqizhou.com"
193.142.147.209 - - [04/Dec/2025:18:26:09 +0800] "GET /cgi-bin/luci/;stok=/locale HTTP/1.1" 301 5 "-" "-"
193.142.147.209 - - [04/Dec/2025:18:26:11 +0800] "GET /cgi-bin/luci/;stok=/locale HTTP/1.1" 404 31364 "http://36.133.115.36:80/cgi-bin/luci/;stok=/locale" "-"
36.133.115.36 - - [04/Dec/2025:18:32:53 +0800] "POST /wp-cron.php?doing_wp_cron=1764844373.8675351142883300781250 HTTP/1.1" 200 31 "-" "WordPress/6.8.3; http://cqqizhou.com"
74.7.243.205 - - [04/Dec/2025:18:32:53 +0800] "GET /wp-sitemap.xml HTTP/1.1" 501 253 "-" "Mozilla/5.0 AppleWebKit/537.36 (KHTML, like Gecko; compatible; GPTBot/1.3; +https://openai.com/gptbot)"
36.133.115.36 - - [04/Dec/2025:18:34:55 +0800] "POST /wp-cron.php?doing_wp_cron=1764844495.7205579280853271484375 HTTP/1.1" 200 31 "-" "WordPress/6.8.3; http://cqqizhou.com"
14.108.234.228 - - [04/Dec/2025:18:34:55 +0800] "POST /wp-admin/admin-ajax.php HTTP/1.1" 200 107 "http://cqqizhou.com/wp-admin/post.php?post=1659&action=elementor" "Mozilla/5.0 (Windows NT 10.0; Win64; x64) AppleWebKit/537.36 (KHTML, like Gecko) Chrome/142.0.0.0 Safari/537.36 Edg/142.0.0.0"
14.108.234.228 - - [04/Dec/2025:18:34:55 +0800] "GET /wp-json/elementor/v1/checklist/user-progress HTTP/1.1" 200 222 "http://cqqizhou.com/wp-admin/post.php?post=1659&action=elementor" "Mozilla/5.0 (Windows NT 10.0; Win64; x64) AppleWebKit/537.36 (KHTML, like Gecko) Chrome/142.0.0.0 Safari/537.36 Edg/142.0.0.0"
14.108.234.228 - - [04/Dec/2025:18:35:10 +0800] "POST /wp-admin/admin-ajax.php HTTP/1.1" 200 107 "http://cqqizhou.com/wp-admin/post.php?post=1659&action=elementor" "Mozilla/5.0 (Windows NT 10.0; Win64; x64) AppleWebKit/537.36 (KHTML, like Gecko) Chrome/142.0.0.0 Safari/537.36 Edg/142.0.0.0"
14.108.234.228 - - [04/Dec/2025:18:35:25 +0800] "POST /wp-admin/admin-ajax.php HTTP/1.1" 200 107 "http://cqqizhou.com/wp-admin/post.php?post=1659&action=elementor" "Mozilla/5.0 (Windows NT 10.0; Win64; x64) AppleWebKit/537.36 (KHTML, like Gecko) Chrome/142.0.0.0 Safari/537.36 Edg/142.0.0.0"
14.108.234.228 - - [04/Dec/2025:18:35:40 +0800] "POST /wp-admin/admin-ajax.php HTTP/1.1" 200 107 "http://cqqizhou.com/wp-admin/post.php?post=1659&action=elementor" "Mozilla/5.0 (Windows NT 10.0; Win64; x64) AppleWebKit/537.36 (KHTML, like Gecko) Chrome/142.0.0.0 Safari/537.36 Edg/142.0.0.0"
36.133.115.36 - - [04/Dec/2025:18:35:55 +0800] "POST /wp-cron.php?doing_wp_cron=1764844555.6395540237426757812500 HTTP/1.1" 200 31 "-" "WordPress/6.8.3; http://cqqizhou.com"
14.108.234.228 - - [04/Dec/2025:18:35:55 +0800] "POST /wp-admin/admin-ajax.php HTTP/1.1" 200 107 "http://cqqizhou.com/wp-admin/post.php?post=1659&action=elementor" "Mozilla/5.0 (Windows NT 10.0; Win64; x64) AppleWebKit/537.36 (KHTML, like Gecko) Chrome/142.0.0.0 Safari/537.36 Edg/142.0.0.0"
36.133.115.36 - - [04/Dec/2025:18:37:56 +0800] "POST /wp-cron.php?doing_wp_cron=1764844676.3924739360809326171875 HTTP/1.1" 200 31 "-" "WordPress/6.8.3; http://cqqizhou.com"
14.108.234.228 - - [04/Dec/2025:18:37:56 +0800] "POST /wp-admin/admin-ajax.php HTTP/1.1" 200 107 "http://cqqizhou.com/wp-admin/post.php?post=1659&action=elementor" "Mozilla/5.0 (Windows NT 10.0; Win64; x64) AppleWebKit/537.36 (KHTML, like Gecko) Chrome/142.0.0.0 Safari/537.36 Edg/142.0.0.0"
36.133.115.36 - - [04/Dec/2025:18:39:57 +0800] "POST /wp-cron.php?doing_wp_cron=1764844797.3374719619750976562500 HTTP/1.1" 200 31 "-" "WordPress/6.8.3; http://cqqizhou.com"
14.108.234.228 - - [04/Dec/2025:18:39:57 +0800] "POST /wp-admin/admin-ajax.php HTTP/1.1" 200 107 "http://cqqizhou.com/wp-admin/post.php?post=1659&action=elementor" "Mozilla/5.0 (Windows NT 10.0; Win64; x64) AppleWebKit/537.36 (KHTML, like Gecko) Chrome/142.0.0.0 Safari/537.36 Edg/142.0.0.0"
36.133.115.36 - - [04/Dec/2025:18:41:58 +0800] "POST /wp-cron.php?doing_wp_cron=1764844918.3409600257873535156250 HTTP/1.1" 200 31 "-" "WordPress/6.8.3; http://cqqizhou.com"
14.108.234.228 - - [04/Dec/2025:18:41:58 +0800] "POST /wp-admin/admin-ajax.php HTTP/1.1" 200 107 "http://cqqizhou.com/wp-admin/post.php?post=1659&action=elementor" "Mozilla/5.0 (Windows NT 10.0; Win64; x64) AppleWebKit/537.36 (KHTML, like Gecko) Chrome/142.0.0.0 Safari/537.36 Edg/142.0.0.0"
36.133.115.36 - - [04/Dec/2025:18:43:59 +0800] "POST /wp-cron.php?doing_wp_cron=1764845039.4037020206451416015625 HTTP/1.1" 200 31 "-" "WordPress/6.8.3; http://cqqizhou.com"
14.108.234.228 - - [04/Dec/2025:18:43:59 +0800] "POST /wp-admin/admin-ajax.php HTTP/1.1" 200 107 "http://cqqizhou.com/wp-admin/post.php?post=1659&action=elementor" "Mozilla/5.0 (Windows NT 10.0; Win64; x64) AppleWebKit/537.36 (KHTML, like Gecko) Chrome/142.0.0.0 Safari/537.36 Edg/142.0.0.0"
36.133.115.36 - - [04/Dec/2025:18:46:00 +0800] "POST /wp-cron.php?doing_wp_cron=1764845160.3972659111022949218750 HTTP/1.1" 200 31 "-" "WordPress/6.8.3; http://cqqizhou.com"
14.108.234.228 - - [04/Dec/2025:18:46:00 +0800] "POST /wp-admin/admin-ajax.php HTTP/1.1" 200 107 "http://cqqizhou.com/wp-admin/post.php?post=1659&action=elementor" "Mozilla/5.0 (Windows NT 10.0; Win64; x64) AppleWebKit/537.36 (KHTML, like Gecko) Chrome/142.0.0.0 Safari/537.36 Edg/142.0.0.0"
14.108.234.228 - - [04/Dec/2025:18:46:16 +0800] "GET /wp-json/elementor/v1/checklist/user-progress HTTP/1.1" 200 222 "http://cqqizhou.com/wp-admin/post.php?post=1659&action=elementor" "Mozilla/5.0 (Windows NT 10.0; Win64; x64) AppleWebKit/537.36 (KHTML, like Gecko) Chrome/142.0.0.0 Safari/537.36 Edg/142.0.0.0"
14.108.234.228 - - [04/Dec/2025:18:46:16 +0800] "POST /wp-admin/admin-ajax.php HTTP/1.1" 200 105 "http://cqqizhou.com/wp-admin/post.php?post=1659&action=elementor" "Mozilla/5.0 (Windows NT 10.0; Win64; x64) AppleWebKit/537.36 (KHTML, like Gecko) Chrome/142.0.0.0 Safari/537.36 Edg/142.0.0.0"
14.108.234.228 - - [04/Dec/2025:18:46:32 +0800] "POST /wp-admin/admin-ajax.php HTTP/1.1" 200 107 "http://cqqizhou.com/wp-admin/post.php?post=1659&action=elementor" "Mozilla/5.0 (Windows NT 10.0; Win64; x64) AppleWebKit/537.36 (KHTML, like Gecko) Chrome/142.0.0.0 Safari/537.36 Edg/142.0.0.0"
36.133.115.36 - - [04/Dec/2025:18:48:33 +0800] "POST /wp-cron.php?doing_wp_cron=1764845313.3307399749755859375000 HTTP/1.1" 200 31 "-" "WordPress/6.8.3; http://cqqizhou.com"
14.108.234.228 - - [04/Dec/2025:18:48:33 +0800] "POST /wp-admin/admin-ajax.php HTTP/1.1" 200 107 "http://cqqizhou.com/wp-admin/post.php?post=1659&action=elementor" "Mozilla/5.0 (Windows NT 10.0; Win64; x64) AppleWebKit/537.36 (KHTML, like Gecko) Chrome/142.0.0.0 Safari/537.36 Edg/142.0.0.0"
36.133.115.36 - - [04/Dec/2025:18:50:02 +0800] "POST /wp-cron.php?doing_wp_cron=1764845402.4824240207672119140625 HTTP/1.1" 200 31 "-" "WordPress/6.8.3; http://cqqizhou.com"
204.76.203.212 - - [04/Dec/2025:18:50:02 +0800] "GET / HTTP/1.1" 200 33498 "-" "Mozilla/5.0 (Windows NT 10.0; Win64; x64) AppleWebKit/537.36 (KHTML, like Gecko) Chrome/90.0.4430.85 Safari/537.36 Edg/90.0.818.46"
14.108.234.228 - - [04/Dec/2025:18:50:32 +0800] "GET /wp-json/elementor/v1/checklist/user-progress HTTP/1.1" 200 222 "http://cqqizhou.com/wp-admin/post.php?post=1659&action=elementor" "Mozilla/5.0 (Windows NT 10.0; Win64; x64) AppleWebKit/537.36 (KHTML, like Gecko) Chrome/142.0.0.0 Safari/537.36 Edg/142.0.0.0"
14.108.234.228 - - [04/Dec/2025:18:50:32 +0800] "POST /wp-admin/admin-ajax.php HTTP/1.1" 200 107 "http://cqqizhou.com/wp-admin/post.php?post=1659&action=elementor" "Mozilla/5.0 (Windows NT 10.0; Win64; x64) AppleWebKit/537.36 (KHTML, like Gecko) Chrome/142.0.0.0 Safari/537.36 Edg/142.0.0.0"
36.133.115.36 - - [04/Dec/2025:18:50:47 +0800] "POST /wp-cron.php?doing_wp_cron=1764845447.4012761116027832031250 HTTP/1.1" 200 31 "-" "WordPress/6.8.3; http://cqqizhou.com"
14.108.234.228 - - [04/Dec/2025:18:50:47 +0800] "POST /wp-admin/admin-ajax.php HTTP/1.1" 200 107 "http://cqqizhou.com/wp-admin/post.php?post=1659&action=elementor" "Mozilla/5.0 (Windows NT 10.0; Win64; x64) AppleWebKit/537.36 (KHTML, like Gecko) Chrome/142.0.0.0 Safari/537.36 Edg/142.0.0.0"
36.133.115.36 - - [04/Dec/2025:18:52:48 +0800] "POST /wp-cron.php?doing_wp_cron=1764845568.3470709323883056640625 HTTP/1.1" 200 31 "-" "WordPress/6.8.3; http://cqqizhou.com"
14.108.234.228 - - [04/Dec/2025:18:52:48 +0800] "POST /wp-admin/admin-ajax.php HTTP/1.1" 200 107 "http://cqqizhou.com/wp-admin/post.php?post=1659&action=elementor" "Mozilla/5.0 (Windows NT 10.0; Win64; x64) AppleWebKit/537.36 (KHTML, like Gecko) Chrome/142.0.0.0 Safari/537.36 Edg/142.0.0.0"
36.133.115.36 - - [04/Dec/2025:18:54:49 +0800] "POST /wp-cron.php?doing_wp_cron=1764845689.3246231079101562500000 HTTP/1.1" 200 31 "-" "WordPress/6.8.3; http://cqqizhou.com"
14.108.234.228 - - [04/Dec/2025:18:54:49 +0800] "POST /wp-admin/admin-ajax.php HTTP/1.1" 200 107 "http://cqqizhou.com/wp-admin/post.php?post=1659&action=elementor" "Mozilla/5.0 (Windows NT 10.0; Win64; x64) AppleWebKit/537.36 (KHTML, like Gecko) Chrome/142.0.0.0 Safari/537.36 Edg/142.0.0.0"
36.133.115.36 - - [04/Dec/2025:18:56:50 +0800] "POST /wp-cron.php?doing_wp_cron=1764845810.3576040267944335937500 HTTP/1.1" 200 31 "-" "WordPress/6.8.3; http://cqqizhou.com"
14.108.234.228 - - [04/Dec/2025:18:56:50 +0800] "POST /wp-admin/admin-ajax.php HTTP/1.1" 200 107 "http://cqqizhou.com/wp-admin/post.php?post=1659&action=elementor" "Mozilla/5.0 (Windows NT 10.0; Win64; x64) AppleWebKit/537.36 (KHTML, like Gecko) Chrome/142.0.0.0 Safari/537.36 Edg/142.0.0.0"
36.133.115.36 - - [04/Dec/2025:18:58:51 +0800] "POST /wp-cron.php?doing_wp_cron=1764845931.3795700073242187500000 HTTP/1.1" 200 31 "-" "WordPress/6.8.3; http://cqqizhou.com"
