205.169.39.32 - - [09/Oct/2025:10:38:41 +0800] "GET /wp-json/sliderrevolution/sliders/1?srengine=7&slideid=2 HTTP/1.1" 200 2058 "http://cqqizhou.com/" "Mozilla/5.0 (Windows NT 10.0; Win64; x64) AppleWebKit/537.36 (KHTML, like Gecko) Chrome/117.0.5938.132 Safari/537.36"
205.169.39.32 - - [09/Oct/2025:10:38:41 +0800] "GET /wp-json/sliderrevolution/sliders/1?srengine=7&slideid=3 HTTP/1.1" 200 2292 "http://cqqizhou.com/" "Mozilla/5.0 (Windows NT 10.0; Win64; x64) AppleWebKit/537.36 (KHTML, like Gecko) Chrome/117.0.5938.132 Safari/537.36"
205.169.39.32 - - [09/Oct/2025:10:38:41 +0800] "GET /wp-content/uploads/2025/07/1753587901-Slider_3840%C3%972160_20250727-scaled.webp HTTP/1.1" 200 141034 "http://cqqizhou.com/" "Mozilla/5.0 (Windows NT 10.0; Win64; x64) AppleWebKit/537.36 (KHTML, like Gecko) Chrome/117.0.5938.132 Safari/537.36"
205.169.39.32 - - [09/Oct/2025:10:38:42 +0800] "GET /wp-content/uploads/revslider/slider-1/1750861156-logistics_Slider_3840%C3%972160_20250625191356-scaled.webp HTTP/1.1" 200 197360 "http://cqqizhou.com/" "Mozilla/5.0 (Windows NT 10.0; Win64; x64) AppleWebKit/537.36 (KHTML, like Gecko) Chrome/117.0.5938.132 Safari/537.36"
205.169.39.32 - - [09/Oct/2025:10:38:49 +0800] "GET /wp-content/uploads/revslider/slider-1/1750929639-yuanjing_Slider_3840%C3%972160_20250626171955-scaled-50x100.webp HTTP/1.1" 200 1784 "http://cqqizhou.com/" "Mozilla/5.0 (X11; Linux x86_64) AppleWebKit/537.36 (KHTML, like Gecko) HeadlessChrome/127.0.6533.119 Safari/537.36"
36.133.115.36 - - [09/Oct/2025:10:38:50 +0800] "POST /wp-cron.php?doing_wp_cron=1759977530.2129199504852294921875 HTTP/1.1" 200 31 "-" "WordPress/6.8.2; http://cqqizhou.com"
205.169.39.32 - - [09/Oct/2025:10:38:50 +0800] "POST /wp-admin/admin-ajax.php HTTP/1.1" 403 33 "http://cqqizhou.com/" "Mozilla/5.0 (X11; Linux x86_64) AppleWebKit/537.36 (KHTML, like Gecko) HeadlessChrome/127.0.6533.119 Safari/537.36"
36.133.115.36 - - [09/Oct/2025:10:45:07 +0800] "POST /wp-cron.php?doing_wp_cron=1759977907.9111020565032958984375 HTTP/1.1" 200 31 "-" "WordPress/6.8.2; http://cqqizhou.com"
87.120.191.91 - - [09/Oct/2025:10:45:08 +0800] "GET / HTTP/1.1" 200 33467 "-" "Mozilla/5.0 (Windows NT 10.0; Win64; x64) AppleWebKit/537.36 (KHTML, like Gecko) Chrome/90.0.4430.85 Safari/537.36 Edg/90.0.818.46"
36.133.115.36 - - [09/Oct/2025:10:47:56 +0800] "POST /wp-cron.php?doing_wp_cron=1759978076.8312010765075683593750 HTTP/1.1" 200 31 "-" "WordPress/6.8.2; http://cqqizhou.com"
36.112.104.133 - - [09/Oct/2025:10:47:57 +0800] "GET / HTTP/1.1" 200 151919 "-" "Mozilla/5.0 (Windows NT 10.0; Win64; x64) AppleWebKit/537.36 (KHTML, like Gecko) Chrome/63.0.3239.84 Safari/537.36"
36.133.115.36 - - [09/Oct/2025:11:02:42 +0800] "POST /wp-cron.php?doing_wp_cron=1759978962.1385428905487060546875 HTTP/1.1" 200 31 "-" "WordPress/6.8.2; http://cqqizhou.com"
220.181.108.111 - - [09/Oct/2025:11:02:42 +0800] "GET /logistics HTTP/1.1" 301 5 "-" "Mozilla/5.0 (compatible; Baiduspider/2.0; +http://www.baidu.com/search/spider.html)"
220.181.108.177 - - [09/Oct/2025:11:02:42 +0800] "GET /logistics/ HTTP/1.1" 304 0 "-" "Mozilla/5.0 (compatible; Baiduspider/2.0; +http://www.baidu.com/search/spider.html)"
45.204.215.184 - - [09/Oct/2025:11:08:53 +0800] "GET /radminpass.php HTTP/1.1" 404 47 "-" "Mozilla/5.0 (Macintosh; Intel Mac OS X 10_15_7) AppleWebKit/605.1.15 (KHTML, like Gecko) Version/17.6 Mobile/15E148 Safari/604.1"
45.204.215.184 - - [09/Oct/2025:11:08:53 +0800] "GET /admin/affiliate_ck.php?act=list&auid=3+and+updatexml(1,concat(0x7e,concat(md5(1),0x3a,user()),0x7e),1) HTTP/1.1" 404 47 "-" "Mozilla/5.0 (Macintosh; Intel Mac OS X 10_15_6) AppleWebKit/605.1.15 (KHTML, like Gecko) Version/14.0.2 Safari/605.1.15"
45.204.215.184 - - [09/Oct/2025:11:08:53 +0800] "GET /api/checkorder.php?username=%ce%27%20and%201=2%20union%20select%201%20and%20%28select%201%20from%28select%20count%28*%29,concat%28%28Select%20md5(3.1415)%20%29,floor%28rand%280%29*2%29%29x%20from%20information_schema.tables%20group%20by%20x%29a%29%20%23 HTTP/1.1" 404 47 "-" "Mozilla/5.0 (Mac OS X 13_2) AppleWebKit/537.36 (KHTML, like Gecko) Edge/114.0 Safari/537.36"
45.204.215.184 - - [09/Oct/2025:11:08:53 +0800] "GET /category.php?page=1&sort=goods_id&order=ASC%23goods_list&category=1&display=grid&brand=0&price_min=0&price_max=0&filter_attr=-999%20AND%20EXTRACTVALUE(1218%2cCONCAT(0x5c%2c0x716f776c71%2c(MID((IFNULL(CAST(md5(3.1415)%20AS%20CHAR)%2c0x20))%2c1%2c50))%2c0x7172737471)) HTTP/1.1" 404 47 "-" "Mozilla/5.0 (Mac OS X 13_2) AppleWebKit/537.36 (KHTML, like Gecko) Safari/128.0 Safari/537.36"
45.204.215.184 - - [09/Oct/2025:11:08:53 +0800] "GET /admin/shopinfo.php?act=edit&id=1 HTTP/1.1" 404 47 "-" "Mozilla/5.0 (Windows NT 10.0; Win64; x64; rv:99.0) Gecko/20100101 Firefox/99.0"
45.204.215.184 - - [09/Oct/2025:11:08:53 +0800] "GET /respond.php?code=alipay&subject=0&out_trade_no=%00%E2%80%B2%20and%20(select%20*%20from%20(select%20count(*),concat(floor(rand(0)*2),(select%20concat(user_name,md5(1))%20from%20ecs_admin_user%20limit%201))a%20from%20information_schema.tables%20group%20by%20a)b) HTTP/1.1" 404 47 "-" "Mozilla/5.0"
45.204.215.184 - - [09/Oct/2025:11:08:53 +0800] "GET /affiche.php?from=a.baidu.com'%20and%201=2%20union%20select%20group_concat(md5(1),'|',user_name,'|',password)%20from%20ecs_admin_user%20order%20by%201%20desc%23&ad_id=-1 HTTP/1.1" 404 47 "-" "Mozilla/5.0 (X11; Linux x86_64) AppleWebKit/537.36 (KHTML, like Gecko) Chrome/133.0.0.0 Safari/537.36"
45.204.215.184 - - [09/Oct/2025:11:08:53 +0800] "POST /flow.php?step=add_to_cart HTTP/1.1" 404 47 "-" "Mozilla/5.0 (Windows NT 10.0; rv:78.0) Gecko/20100101 Firefox/78.0"
45.204.215.184 - - [09/Oct/2025:11:08:53 +0800] "POST /api.php HTTP/1.1" 404 47 "-" "Mozilla/5.0"
45.204.215.184 - - [09/Oct/2025:11:08:53 +0800] "POST /flow.php?step=ajax_cart_goods_amount HTTP/1.1" 404 47 "-" "Mozilla/5.0 (Windows NT 10.0; Win64; x64) AppleWebKit/537.36 (KHTML, like Gecko) Chrome/124.0.0.0 Safari/537.36"
45.204.215.184 - - [09/Oct/2025:11:08:53 +0800] "POST /flow.php?step=login HTTP/1.1" 404 47 "-" "Mozilla/5.0"
45.204.215.184 - - [09/Oct/2025:11:08:53 +0800] "POST /upload/admin/agency.php HTTP/1.1" 404 47 "-" "Mozilla/5.0"
45.204.215.184 - - [09/Oct/2025:11:08:53 +0800] "POST /flow.php?step=update_cart HTTP/1.1" 404 47 "-" "Mozilla/5.0 (Windows NT 6.1; WOW64) AppleWebKit/537.36 (KHTML, like Gecko)Safari/537.36"
45.204.215.184 - - [09/Oct/2025:11:08:53 +0800] "POST /flow.php?step=login HTTP/1.1" 404 47 "-" "Mozilla/5.0"
45.204.215.184 - - [09/Oct/2025:11:08:53 +0800] "GET /user.php?act=collection_list HTTP/1.1" 404 47 "-" "Mozilla/5.0 (Windows NT 10.0; Win64; x64) AppleWebKit/537.36 (KHTML, like Gecko) Chrome/80.0.3987.122 Safari/537.36"
45.204.215.184 - - [09/Oct/2025:11:08:53 +0800] "POST /flow.php?step=login HTTP/1.1" 404 47 "-" "Mozilla/5.0"
45.204.215.184 - - [09/Oct/2025:11:08:53 +0800] "POST /flow.php?step=login HTTP/1.1" 404 47 "-" "Mozilla/5.0"
45.204.215.184 - - [09/Oct/2025:11:08:53 +0800] "GET /plug/comment/commentList.asp?id=-1%20unmasterion%20semasterlect%20top%201%20UserID,GroupID,LoginName,Password,now(),null,1%20%20frmasterom%20{prefix}user HTTP/1.1" 301 5 "-" "Mozilla/5.0 (ZZ; Linux i686; rv:132.0) Gecko/20100101 Firefox/132.0"
45.204.215.184 - - [09/Oct/2025:11:08:53 +0800] "GET /data/%23aspcms252.asp HTTP/1.1" 301 5 "-" "Mozilla/5.0 (Macintosh; Intel Mac OS X 10_15_7) AppleWebKit/605.1.15 (KHTML, like Gecko) Version/16.6 Mobile/15E148 Safari/604.1"
36.133.115.36 - - [09/Oct/2025:11:08:53 +0800] "POST /wp-cron.php?doing_wp_cron=1759979333.9463899135589599609375 HTTP/1.1" 200 31 "-" "WordPress/6.8.2; http://cqqizhou.com"
45.204.215.184 - - [09/Oct/2025:11:08:53 +0800] "GET /pma HTTP/1.1" 301 5 "-" "Mozilla/5.0 (SS; Linux x86_64) AppleWebKit/537.36 (KHTML, like Gecko) Chrome/127.0.0.0 Safari/537.36"
36.133.115.36 - - [09/Oct/2025:11:15:00 +0800] "POST /wp-cron.php?doing_wp_cron=1759979700.0816600322723388671875 HTTP/1.1" 200 31 "-" "WordPress/6.8.2; http://cqqizhou.com"
87.120.191.92 - - [09/Oct/2025:11:15:00 +0800] "GET / HTTP/1.1" 200 33467 "-" "Mozilla/5.0 (Windows NT 10.0; Win64; x64) AppleWebKit/537.36 (KHTML, like Gecko) Chrome/90.0.4430.85 Safari/537.36 Edg/90.0.818.46"
43.164.195.17 - - [09/Oct/2025:11:15:00 +0800] "GET / HTTP/1.1" 200 33467 "-" "Mozilla/5.0 (iPhone; CPU iPhone OS 13_2_3 like Mac OS X) AppleWebKit/605.1.15 (KHTML, like Gecko) Version/13.0.3 Mobile/15E148 Safari/604.1"
36.133.115.36 - - [09/Oct/2025:11:16:08 +0800] "POST /wp-cron.php?doing_wp_cron=1759979768.1964778900146484375000 HTTP/1.1" 200 31 "-" "WordPress/6.8.2; http://cqqizhou.com"
45.142.195.99 - - [09/Oct/2025:11:16:08 +0800] "GET / HTTP/1.1" 200 33467 "-" "Mozilla/5.0 (Windows NT 10.0; Win64; x64) AppleWebKit/537.36 (KHTML, like Gecko) Chrome/90.0.4430.85 Safari/537.36 Edg/90.0.818.46"
36.133.115.36 - - [09/Oct/2025:11:31:59 +0800] "POST /wp-cron.php?doing_wp_cron=1759980719.4948420524597167968750 HTTP/1.1" 200 31 "-" "WordPress/6.8.2; http://cqqizhou.com"
87.120.191.91 - - [09/Oct/2025:11:31:59 +0800] "GET / HTTP/1.1" 200 33467 "-" "Mozilla/5.0 (Windows NT 10.0; Win64; x64) AppleWebKit/537.36 (KHTML, like Gecko) Chrome/90.0.4430.85 Safari/537.36 Edg/90.0.818.46"
36.133.115.36 - - [09/Oct/2025:11:35:07 +0800] "POST /wp-cron.php?doing_wp_cron=1759980907.3964200019836425781250 HTTP/1.1" 200 31 "-" "WordPress/6.8.2; http://cqqizhou.com"
87.120.191.93 - - [09/Oct/2025:11:35:07 +0800] "GET / HTTP/1.1" 200 33467 "-" "Mozilla/5.0 (Windows NT 10.0; Win64; x64) AppleWebKit/537.36 (KHTML, like Gecko) Chrome/90.0.4430.85 Safari/537.36 Edg/90.0.818.46"
129.226.197.196 - - [09/Oct/2025:11:35:26 +0800] "GET /robots.txt HTTP/1.1" 301 5 "-" "Mozilla/5.0 (Windows NT 10.0; Win64; x64) AppleWebKit/537.36 (KHTML, like Gecko) Chrome/131.0.0.0 Safari/537.36"
119.28.101.51 - - [09/Oct/2025:11:35:27 +0800] "GET /robots.txt HTTP/1.1" 200 190 "-" "Mozilla/5.0 (Windows NT 10.0; Win64; x64) AppleWebKit/537.36 (KHTML, like Gecko) Chrome/131.0.0.0 Safari/537.36"
36.133.115.36 - - [09/Oct/2025:11:36:08 +0800] "POST /wp-cron.php?doing_wp_cron=1759980968.9258110523223876953125 HTTP/1.1" 200 31 "-" "WordPress/6.8.2; http://cqqizhou.com"
119.29.130.253 - - [09/Oct/2025:11:36:08 +0800] "GET / HTTP/1.1" 301 5 "-" "Mozilla/5.0 (Windows NT 6.1; Win64; x64) AppleWebKit/537.36 (KHTML, like Gecko) Chrome/126.0.6478.114 Safari/537.36"
119.29.130.253 - - [09/Oct/2025:11:36:09 +0800] "GET / HTTP/1.1" 200 39369 "http://www.cqqizhou.com/" "Mozilla/5.0 (Windows NT 6.1; Win64; x64) AppleWebKit/537.36 (KHTML, like Gecko) Chrome/126.0.6478.114 Safari/537.36"
119.28.101.51 - - [09/Oct/2025:11:36:20 +0800] "GET /robots.txt HTTP/1.1" 200 190 "-" "Mozilla/5.0 (Windows NT 10.0; Win64; x64) AppleWebKit/537.36 (KHTML, like Gecko) Chrome/131.0.0.0 Safari/537.36"
123.57.13.121 - - [09/Oct/2025:11:36:51 +0800] "GET / HTTP/1.1" 200 39369 "-" "Mozilla/5.0 (Windows NT 10.0; Win64; x64) AppleWebKit/537.36 (KHTML, like Gecko) Chrome/104.0.0.0 Safari/537.36"
36.133.115.36 - - [09/Oct/2025:11:36:58 +0800] "POST /wp-cron.php?doing_wp_cron=1759981018.8150510787963867187500 HTTP/1.1" 200 31 "-" "WordPress/6.8.2; http://cqqizhou.com"
1.12.117.65 - - [09/Oct/2025:11:36:58 +0800] "GET /services HTTP/1.1" 301 5 "-" "Mozilla/5.0 (Windows NT 10.0; Win64; x64) AppleWebKit/537.36 (KHTML, like Gecko) Chrome/111.0.0.0 Safari/537.36"
1.12.117.65 - - [09/Oct/2025:11:36:58 +0800] "GET /services/ HTTP/1.1" 200 25528 "http://www.cqqizhou.com/services" "Mozilla/5.0 (Windows NT 10.0; Win64; x64) AppleWebKit/537.36 (KHTML, like Gecko) Chrome/111.0.0.0 Safari/537.36"
49.233.207.187 - - [09/Oct/2025:11:37:24 +0800] "GET /club/ HTTP/1.1" 200 13062 "-" "Mozilla/5.0 (Windows NT 10.0; Win64; x64) AppleWebKit/537.36 (KHTML, like Gecko) Chrome/116.0.0.0 Safari/537.36"
1.12.117.86 - - [09/Oct/2025:11:37:25 +0800] "GET /contacts/ HTTP/1.1" 301 5 "-" "Mozilla/5.0 (Windows NT 6.1; Win64; x64) AppleWebKit/537.36 (KHTML, like Gecko) Chrome/126.0.6478.114 Safari/537.36"
1.12.117.86 - - [09/Oct/2025:11:37:25 +0800] "GET /contacts/ HTTP/1.1" 200 21496 "http://www.cqqizhou.com/contacts/" "Mozilla/5.0 (Windows NT 6.1; Win64; x64) AppleWebKit/537.36 (KHTML, like Gecko) Chrome/126.0.6478.114 Safari/537.36"
1.12.117.167 - - [09/Oct/2025:11:37:26 +0800] "GET /wp-json/contact-form-7/v1/contact-forms/158/feedback/schema HTTP/1.1" 200 358 "http://www.cqqizhou.com/" "Mozilla/5.0 (Windows NT 6.1; Win64; x64) AppleWebKit/537.36 (KHTML, like Gecko) Chrome/126.0.6478.114 Safari/537.36"
114.132.5.138 - - [09/Oct/2025:11:37:26 +0800] "GET /wp-json/contact-form-7/v1/contact-forms/158/refill HTTP/1.1" 200 33 "http://www.cqqizhou.com/" "Mozilla/5.0 (Windows NT 6.1; Win64; x64) AppleWebKit/537.36 (KHTML, like Gecko) Chrome/126.0.6478.114 Safari/537.36"
114.132.5.248 - - [09/Oct/2025:11:37:27 +0800] "GET /logistics HTTP/1.1" 301 5 "-" "Mozilla/5.0 (Windows NT 10.0; Win64; x64) AppleWebKit/537.36 (KHTML, like Gecko) Chrome/107.0.0.0 Safari/537.36"
114.132.5.248 - - [09/Oct/2025:11:37:27 +0800] "GET /logistics/ HTTP/1.1" 200 22410 "http://www.cqqizhou.com/logistics" "Mozilla/5.0 (Windows NT 10.0; Win64; x64) AppleWebKit/537.36 (KHTML, like Gecko) Chrome/107.0.0.0 Safari/537.36"
94.191.33.19 - - [09/Oct/2025:11:37:27 +0800] "GET /material.html HTTP/1.1" 200 6459 "-" "Mozilla/5.0 (Windows NT 10.0; Win64; x64) AppleWebKit/537.36 (KHTML, like Gecko) Chrome/111.0.0.0 Safari/537.36"
1.12.128.44 - - [09/Oct/2025:11:37:28 +0800] "GET /bug HTTP/1.1" 301 5 "-" "Mozilla/5.0 (Windows NT 10.0; Win64; x64) AppleWebKit/537.36 (KHTML, like Gecko) Chrome/120.0.0.0 Safari/537.36"
1.12.128.44 - - [09/Oct/2025:11:37:28 +0800] "GET /bug/ HTTP/1.1" 200 12812 "http://www.cqqizhou.com/bug" "Mozilla/5.0 (Windows NT 10.0; Win64; x64) AppleWebKit/537.36 (KHTML, like Gecko) Chrome/120.0.0.0 Safari/537.36"
36.133.115.36 - - [09/Oct/2025:11:47:18 +0800] "POST /wp-cron.php?doing_wp_cron=1759981638.6841890811920166015625 HTTP/1.1" 200 31 "-" "WordPress/6.8.2; http://cqqizhou.com"
46.101.179.240 - - [09/Oct/2025:11:47:18 +0800] "GET /.env HTTP/1.1" 404 8990 "-" "Mozilla/5.0; Keydrop.io/1.0(onlyscans.com/about);"
46.101.179.240 - - [09/Oct/2025:11:47:20 +0800] "GET /.git/config HTTP/1.1" 404 8989 "-" "Mozilla/5.0; Keydrop.io/1.0(onlyscans.com/about);"
196.251.86.13 - - [09/Oct/2025:11:55:25 +0800] "GET /sites/all/modules/plupload/examples/upload.php HTTP/1.1" 404 27 "-" "ALittle Client"
36.133.115.36 - - [09/Oct/2025:11:57:55 +0800] "POST /wp-cron.php?doing_wp_cron=1759982275.5350799560546875000000 HTTP/1.1" 200 31 "-" "WordPress/6.8.2; http://cqqizhou.com"
165.154.11.140 - - [09/Oct/2025:11:57:55 +0800] "GET / HTTP/1.1" 301 5 "-" "Mozilla/5.0 (Macintosh; Intel Mac OS X 10_15_7) AppleWebKit/537.36 (KHTML, like Gecko) Chrome/120.0.0.0 Safari/537.36 Edg/120.0.0.0"
165.154.11.140 - - [09/Oct/2025:11:58:15 +0800] "GET /robots.txt HTTP/1.1" 200 190 "-" "Mozilla/5.0 (Macintosh; Intel Mac OS X 10_7_0) AppleWebKit/535.11 (KHTML, like Gecko) Chrome/17.0.963.56 Safari/535.11"
165.154.11.140 - - [09/Oct/2025:11:58:16 +0800] "GET /sitemap.xml HTTP/1.1" 200 496 "-" "Mozilla/5.0 (Macintosh; Intel Mac OS X 10_7_0) AppleWebKit/535.11 (KHTML, like Gecko) Chrome/17.0.963.56 Safari/535.11"
36.133.115.36 - - [09/Oct/2025:12:00:55 +0800] "POST /wp-cron.php?doing_wp_cron=1759982455.6159141063690185546875 HTTP/1.1" 200 31 "-" "WordPress/6.8.2; http://cqqizhou.com"
87.120.191.92 - - [09/Oct/2025:12:00:55 +0800] "GET / HTTP/1.1" 200 33466 "-" "Mozilla/5.0 (Windows NT 10.0; Win64; x64) AppleWebKit/537.36 (KHTML, like Gecko) Chrome/90.0.4430.85 Safari/537.36 Edg/90.0.818.46"
20.172.43.19 - - [09/Oct/2025:12:02:58 +0800] "GET /wp-content/ALFA_DATA/alfacgiapi/bypass.php HTTP/1.1" 404 27 "-" "-"
20.172.43.19 - - [09/Oct/2025:12:02:58 +0800] "GET /wp-content/about.php HTTP/1.1" 404 27 "-" "-"
20.172.43.19 - - [09/Oct/2025:12:02:59 +0800] "GET /wp-content/cache/index.php HTTP/1.1" 404 27 "-" "-"
20.172.43.19 - - [09/Oct/2025:12:02:59 +0800] "GET /wp-content/themes/about.php HTTP/1.1" 404 27 "-" "-"
20.172.43.19 - - [09/Oct/2025:12:02:59 +0800] "GET /wp-content/themes/twentyfive/include.php HTTP/1.1" 404 27 "-" "-"
20.172.43.19 - - [09/Oct/2025:12:02:59 +0800] "GET /wp-content/themes/twentytwentyfour/about.php HTTP/1.1" 404 27 "-" "-"
20.172.43.19 - - [09/Oct/2025:12:02:59 +0800] "GET /wp-content/themes/twentytwentythree/patterns/index.php HTTP/1.1" 404 27 "-" "-"
20.172.43.19 - - [09/Oct/2025:12:03:00 +0800] "GET /wp-includes/PHPMailer/wp-conflg.php HTTP/1.1" 404 27 "-" "-"
20.172.43.19 - - [09/Oct/2025:12:03:00 +0800] "GET /wp-includes/Text/about.php HTTP/1.1" 404 27 "-" "-"
20.172.43.19 - - [09/Oct/2025:12:03:00 +0800] "GET /wp-includes/blocks/about.php HTTP/1.1" 404 27 "-" "-"
20.172.43.19 - - [09/Oct/2025:12:03:00 +0800] "GET /wp-setup.php HTTP/1.1" 404 27 "-" "-"
20.172.43.19 - - [09/Oct/2025:12:03:00 +0800] "GET /zwso.php HTTP/1.1" 404 27 "-" "-"
20.172.43.19 - - [09/Oct/2025:12:03:01 +0800] "GET /.alf.php HTTP/1.1" 404 27 "-" "-"
20.172.43.19 - - [09/Oct/2025:12:03:01 +0800] "GET /autoload_classmap/function.php HTTP/1.1" 404 27 "-" "-"
20.172.43.19 - - [09/Oct/2025:12:03:01 +0800] "GET /ez.php HTTP/1.1" 404 27 "-" "-"
20.172.43.19 - - [09/Oct/2025:12:03:01 +0800] "GET /.bod/.ll/ss.php HTTP/1.1" 404 27 "-" "-"
20.172.43.19 - - [09/Oct/2025:12:03:02 +0800] "GET /admin/index.php HTTP/1.1" 404 27 "-" "-"
20.172.43.19 - - [09/Oct/2025:12:03:02 +0800] "GET /cgi-bin/xmrlpc.php HTTP/1.1" 404 27 "-" "-"
20.172.43.19 - - [09/Oct/2025:12:03:02 +0800] "GET /dropdown.php HTTP/1.1" 404 27 "-" "-"
20.172.43.19 - - [09/Oct/2025:12:03:02 +0800] "GET /gelay.php HTTP/1.1" 404 27 "-" "-"
20.172.43.19 - - [09/Oct/2025:12:03:02 +0800] "GET /installer.php HTTP/1.1" 404 27 "-" "-"
20.172.43.19 - - [09/Oct/2025:12:03:03 +0800] "GET /xleet.php HTTP/1.1" 404 27 "-" "-"
20.172.43.19 - - [09/Oct/2025:12:03:03 +0800] "GET /wp-sigunq.php HTTP/1.1" 404 27 "-" "-"
20.172.43.19 - - [09/Oct/2025:12:03:03 +0800] "GET /wso112233.php HTTP/1.1" 404 27 "-" "-"
20.172.43.19 - - [09/Oct/2025:12:03:03 +0800] "GET /alfanew.php HTTP/1.1" 404 27 "-" "-"
20.172.43.19 - - [09/Oct/2025:12:03:04 +0800] "GET /fw.php HTTP/1.1" 404 27 "-" "-"
20.172.43.19 - - [09/Oct/2025:12:03:04 +0800] "GET /install.php HTTP/1.1" 404 27 "-" "-"
36.133.115.36 - - [09/Oct/2025:12:03:05 +0800] "POST /wp-cron.php?doing_wp_cron=1759982585.0192520618438720703125 HTTP/1.1" 200 31 "-" "WordPress/6.8.2; http://cqqizhou.com"
20.172.43.19 - - [09/Oct/2025:12:03:05 +0800] "GET /wp-login.php HTTP/1.1" 200 8672 "-" "-"
20.172.43.19 - - [09/Oct/2025:12:03:05 +0800] "GET /simple.php HTTP/1.1" 404 27 "-" "-"
20.172.43.19 - - [09/Oct/2025:12:03:05 +0800] "GET /inputs.php HTTP/1.1" 404 27 "-" "-"
20.172.43.19 - - [09/Oct/2025:12:03:05 +0800] "GET /classsmtps.php HTTP/1.1" 404 27 "-" "-"
20.172.43.19 - - [09/Oct/2025:12:03:06 +0800] "GET /wp-blog-header.php HTTP/1.1" 404 5 "-" "-"
20.172.43.19 - - [09/Oct/2025:12:03:07 +0800] "GET /wp-trackback.php HTTP/1.1" 404 140 "-" "-"
20.172.43.19 - - [09/Oct/2025:12:03:08 +0800] "GET /wp-signup.php HTTP/1.1" 302 5 "-" "-"
20.172.43.19 - - [09/Oct/2025:12:03:08 +0800] "GET /wp-login.php?action=register HTTP/1.1" 302 5 "-" "-"
20.172.43.19 - - [09/Oct/2025:12:03:09 +0800] "GET /wp-login.php?registration=disabled HTTP/1.1" 200 8853 "-" "-"
20.172.43.19 - - [09/Oct/2025:12:03:09 +0800] "GET /wp-comments-post.php HTTP/1.1" 405 5 "-" "-"
20.172.43.19 - - [09/Oct/2025:12:03:10 +0800] "GET /wp-load.php HTTP/1.1" 200 5 "-" "-"
20.172.43.19 - - [09/Oct/2025:12:03:11 +0800] "GET /wp-mail.php HTTP/1.1" 403 2517 "-" "-"
20.172.43.19 - - [09/Oct/2025:12:03:11 +0800] "GET /wp-activate.php HTTP/1.1" 302 5 "-" "-"
20.172.43.19 - - [09/Oct/2025:12:03:12 +0800] "GET /wp-login.php?action=register HTTP/1.1" 302 5 "-" "-"
20.172.43.19 - - [09/Oct/2025:12:03:13 +0800] "GET /wp-login.php?registration=disabled HTTP/1.1" 200 8853 "-" "-"
20.172.43.19 - - [09/Oct/2025:12:03:13 +0800] "GET /plugins.php HTTP/1.1" 404 27 "-" "-"
20.172.43.19 - - [09/Oct/2025:12:03:13 +0800] "GET /post.php HTTP/1.1" 404 27 "-" "-"
20.172.43.19 - - [09/Oct/2025:12:03:14 +0800] "GET /wp-2019.php HTTP/1.1" 404 27 "-" "-"
20.172.43.19 - - [09/Oct/2025:12:03:14 +0800] "GET /geju.php HTTP/1.1" 404 27 "-" "-"
20.172.43.19 - - [09/Oct/2025:12:03:14 +0800] "GET /wp.php HTTP/1.1" 404 27 "-" "-"
20.172.43.19 - - [09/Oct/2025:12:03:14 +0800] "GET /hoot.php HTTP/1.1" 404 27 "-" "-"
20.172.43.19 - - [09/Oct/2025:12:03:15 +0800] "GET /css.php HTTP/1.1" 404 27 "-" "-"
20.172.43.19 - - [09/Oct/2025:12:03:15 +0800] "GET /log.php HTTP/1.1" 404 27 "-" "-"
20.172.43.19 - - [09/Oct/2025:12:03:15 +0800] "GET /mail.php HTTP/1.1" 404 27 "-" "-"
20.172.43.19 - - [09/Oct/2025:12:03:15 +0800] "GET /bak.php HTTP/1.1" 404 27 "-" "-"
20.172.43.19 - - [09/Oct/2025:12:03:15 +0800] "GET /content.php HTTP/1.1" 404 27 "-" "-"
20.172.43.19 - - [09/Oct/2025:12:03:16 +0800] "GET /upfile.php HTTP/1.1" 404 27 "-" "-"
20.172.43.19 - - [09/Oct/2025:12:03:16 +0800] "GET /wp-conflg.php HTTP/1.1" 404 27 "-" "-"
20.172.43.19 - - [09/Oct/2025:12:03:16 +0800] "GET /bypass.php HTTP/1.1" 404 27 "-" "-"
20.172.43.19 - - [09/Oct/2025:12:03:16 +0800] "GET /404.php HTTP/1.1" 404 27 "-" "-"
20.172.43.19 - - [09/Oct/2025:12:03:16 +0800] "GET /updates.php HTTP/1.1" 404 27 "-" "-"
20.172.43.19 - - [09/Oct/2025:12:03:17 +0800] "GET /radio.php HTTP/1.1" 404 27 "-" "-"
20.172.43.19 - - [09/Oct/2025:12:03:17 +0800] "GET /ae.php HTTP/1.1" 404 27 "-" "-"
20.172.43.19 - - [09/Oct/2025:12:03:17 +0800] "GET /blog.php HTTP/1.1" 404 27 "-" "-"
20.172.43.19 - - [09/Oct/2025:12:03:17 +0800] "GET /themes.php HTTP/1.1" 404 27 "-" "-"
20.172.43.19 - - [09/Oct/2025:12:03:18 +0800] "GET /ini.php HTTP/1.1" 404 27 "-" "-"
20.172.43.19 - - [09/Oct/2025:12:03:18 +0800] "GET /as.php HTTP/1.1" 404 27 "-" "-"
20.172.43.19 - - [09/Oct/2025:12:03:18 +0800] "GET /shell.php HTTP/1.1" 404 27 "-" "-"
20.172.43.19 - - [09/Oct/2025:12:03:18 +0800] "GET /ws.php HTTP/1.1" 404 27 "-" "-"
20.172.43.19 - - [09/Oct/2025:12:03:18 +0800] "GET /goat.php HTTP/1.1" 404 27 "-" "-"
20.172.43.19 - - [09/Oct/2025:12:03:19 +0800] "GET /lock360.php HTTP/1.1" 404 27 "-" "-"
20.172.43.19 - - [09/Oct/2025:12:03:19 +0800] "GET /mm.php HTTP/1.1" 404 27 "-" "-"
20.172.43.19 - - [09/Oct/2025:12:03:19 +0800] "GET /users.php HTTP/1.1" 404 27 "-" "-"
20.172.43.19 - - [09/Oct/2025:12:03:20 +0800] "GET /wp-admin/ HTTP/1.1" 302 5 "-" "-"
20.172.43.19 - - [09/Oct/2025:12:03:21 +0800] "GET /wp-login.php?redirect_to=http%3A%2F%2Fcqqizhou.com%2Fwp-admin%2F&reauth=1 HTTP/1.1" 200 8672 "-" "-"
20.172.43.19 - - [09/Oct/2025:12:03:21 +0800] "GET /wp-admin/images/moon.php HTTP/1.1" 404 27 "-" "-"
20.172.43.19 - - [09/Oct/2025:12:03:21 +0800] "GET /wp-admin/js/index.php HTTP/1.1" 404 27 "-" "-"
20.172.43.19 - - [09/Oct/2025:12:03:22 +0800] "GET /wp-admin/setup-config.php HTTP/1.1" 409 2667 "-" "-"
20.172.43.19 - - [09/Oct/2025:12:03:22 +0800] "GET /wp-api.php HTTP/1.1" 404 27 "-" "-"
20.172.43.19 - - [09/Oct/2025:12:03:22 +0800] "GET /wp-includes/IXR/autoload_classmap.php HTTP/1.1" 404 27 "-" "-"
20.172.43.19 - - [09/Oct/2025:12:03:22 +0800] "GET /wp-includes/fonts/admin.php HTTP/1.1" 404 27 "-" "-"
20.172.43.19 - - [09/Oct/2025:12:03:22 +0800] "GET /wsa.php HTTP/1.1" 404 27 "-" "-"
218.57.117.177 - - [09/Oct/2025:12:04:47 +0800] "GET / HTTP/1.1" 200 39369 "-" "Mozilla/5.0 (Windows NT 6.1; Win64; x64) AppleWebKit/537.36 (KHTML, like Gecko) Chrome/84.0.4147.30"
36.133.115.36 - - [09/Oct/2025:12:04:58 +0800] "POST /wp-cron.php?doing_wp_cron=1759982698.8678050041198730468750 HTTP/1.1" 200 31 "-" "WordPress/6.8.2; http://cqqizhou.com"
36.148.52.92 - - [09/Oct/2025:12:04:58 +0800] "GET / HTTP/1.1" 301 5 "-" "Mozilla/5.0 (Windows NT 6.2; Win64; x64) AppleWebKit/537.36 (KHTML, like Gecko) Chrome/75.0.3770.90"
36.148.52.92 - - [09/Oct/2025:12:04:59 +0800] "GET / HTTP/1.1" 200 39369 "-" "Mozilla/5.0 (Windows NT 6.2; Win64; x64) AppleWebKit/537.36 (KHTML, like Gecko) Chrome/75.0.3770.90"
36.133.115.36 - - [09/Oct/2025:12:14:49 +0800] "POST /wp-cron.php?doing_wp_cron=1759983289.0995640754699707031250 HTTP/1.1" 200 31 "-" "WordPress/6.8.2; http://cqqizhou.com"
87.120.191.91 - - [09/Oct/2025:12:14:49 +0800] "GET / HTTP/1.1" 200 33467 "-" "Mozilla/5.0 (Windows NT 10.0; Win64; x64) AppleWebKit/537.36 (KHTML, like Gecko) Chrome/90.0.4430.85 Safari/537.36 Edg/90.0.818.46"
36.133.115.36 - - [09/Oct/2025:12:16:33 +0800] "POST /wp-cron.php?doing_wp_cron=1759983393.9308009147644042968750 HTTP/1.1" 200 31 "-" "WordPress/6.8.2; http://cqqizhou.com"
93.174.93.12 - - [09/Oct/2025:12:16:33 +0800] "GET / HTTP/1.0" 301 0 "-" "Mozilla/5.0 (Windows NT 10.0; Win64; x64) AppleWebKit/537.36 (KHTML, like Gecko) Chrome/78.0.3887.7 Safari/537.36"
42.236.17.224 - - [09/Oct/2025:12:30:15 +0800] "GET / HTTP/1.1" 200 39369 "http://cqqizhou.com/" "Mozilla/5.0 (Windows NT 10.0; Win64; x64) AppleWebKit/537.36 (KHTML, like Gecko) Chrome/140.0.0.0 Safari/537.36 Edg/140.0.0.0; 360Spider"
36.133.115.36 - - [09/Oct/2025:12:39:19 +0800] "POST /wp-cron.php?doing_wp_cron=1759984759.9199171066284179687500 HTTP/1.1" 200 31 "-" "WordPress/6.8.2; http://cqqizhou.com"
17.241.227.135 - - [09/Oct/2025:12:39:19 +0800] "GET /news/page/1/ HTTP/1.1" 301 5 "-" "Mozilla/5.0 (Macintosh; Intel Mac OS X 10_15_7) AppleWebKit/605.1.15 (KHTML, like Gecko) Version/17.4 Safari/605.1.15 (Applebot/0.1; +http://www.apple.com/go/applebot)"
17.241.227.135 - - [09/Oct/2025:12:39:20 +0800] "GET /news/ HTTP/1.1" 200 25256 "-" "Mozilla/5.0 (Macintosh; Intel Mac OS X 10_15_7) AppleWebKit/605.1.15 (KHTML, like Gecko) Version/17.4 Safari/605.1.15 (Applebot/0.1; +http://www.apple.com/go/applebot)"
36.133.115.36 - - [09/Oct/2025:12:42:13 +0800] "POST /wp-cron.php?doing_wp_cron=1759984933.2694859504699707031250 HTTP/1.1" 200 31 "-" "WordPress/6.8.2; http://cqqizhou.com"
87.120.191.93 - - [09/Oct/2025:12:42:13 +0800] "GET / HTTP/1.1" 200 33466 "-" "Mozilla/5.0 (Windows NT 10.0; Win64; x64) AppleWebKit/537.36 (KHTML, like Gecko) Chrome/90.0.4430.85 Safari/537.36 Edg/90.0.818.46"
36.133.115.36 - - [09/Oct/2025:12:44:49 +0800] "POST /wp-cron.php?doing_wp_cron=1759985088.9666268825531005859375 HTTP/1.1" 200 31 "-" "WordPress/6.8.2; http://cqqizhou.com"
87.120.191.92 - - [09/Oct/2025:12:44:49 +0800] "GET / HTTP/1.1" 200 33467 "-" "Mozilla/5.0 (Windows NT 10.0; Win64; x64) AppleWebKit/537.36 (KHTML, like Gecko) Chrome/90.0.4430.85 Safari/537.36 Edg/90.0.818.46"
36.133.115.36 - - [09/Oct/2025:12:56:40 +0800] "POST /wp-cron.php?doing_wp_cron=1759985800.1424250602722167968750 HTTP/1.1" 200 31 "-" "WordPress/6.8.2; http://cqqizhou.com"
87.120.191.91 - - [09/Oct/2025:12:56:40 +0800] "GET / HTTP/1.1" 200 33467 "-" "Mozilla/5.0 (Windows NT 10.0; Win64; x64) AppleWebKit/537.36 (KHTML, like Gecko) Chrome/90.0.4430.85 Safari/537.36 Edg/90.0.818.46"
36.133.115.36 - - [09/Oct/2025:13:10:50 +0800] "POST /wp-cron.php?doing_wp_cron=1759986650.1120820045471191406250 HTTP/1.1" 200 31 "-" "WordPress/6.8.2; http://cqqizhou.com"
94.243.13.72 - - [09/Oct/2025:13:10:50 +0800] "POST /GponForm/diag_Form?images/ HTTP/1.1" 404 8989 "-" "Hello, World"
185.177.72.111 - - [09/Oct/2025:13:12:33 +0800] "GET / HTTP/1.1" 200 39369 "-" "Mozilla/5.0 (Windows NT 10.0; Win64; x64) AppleWebKit/537.36 (KHTML, like Gecko) Chrome/91.0.4472.124 Safari/537.36"
36.133.115.36 - - [09/Oct/2025:13:12:35 +0800] "POST /wp-cron.php?doing_wp_cron=1759986755.0558700561523437500000 HTTP/1.1" 200 31 "-" "WordPress/6.8.2; http://cqqizhou.com"
185.177.72.111 - - [09/Oct/2025:13:12:35 +0800] "GET /.env HTTP/1.1" 404 8990 "-" "Mozilla/5.0 (Windows NT 10.0; Win64; x64) AppleWebKit/537.36 (KHTML, like Gecko) Chrome/91.0.4472.124 Safari/537.36"
185.177.72.111 - - [09/Oct/2025:13:12:36 +0800] "GET /phpinfo HTTP/1.1" 404 8990 "-" "Mozilla/5.0 (Windows NT 10.0; Win64; x64) AppleWebKit/537.36 (KHTML, like Gecko) Chrome/91.0.4472.124 Safari/537.36"
185.177.72.111 - - [09/Oct/2025:13:12:36 +0800] "GET /phpinfo.php HTTP/1.1" 404 47 "-" "Mozilla/5.0 (Windows NT 10.0; Win64; x64) AppleWebKit/537.36 (KHTML, like Gecko) Chrome/91.0.4472.124 Safari/537.36"
185.177.72.111 - - [09/Oct/2025:13:12:37 +0800] "GET /portal/.env HTTP/1.1" 404 8990 "-" "Mozilla/5.0 (Windows NT 10.0; Win64; x64) AppleWebKit/537.36 (KHTML, like Gecko) Chrome/91.0.4472.124 Safari/537.36"
185.177.72.111 - - [09/Oct/2025:13:12:38 +0800] "GET /env/.env HTTP/1.1" 404 8990 "-" "Mozilla/5.0 (Windows NT 10.0; Win64; x64) AppleWebKit/537.36 (KHTML, like Gecko) Chrome/91.0.4472.124 Safari/537.36"
185.177.72.111 - - [09/Oct/2025:13:12:38 +0800] "GET /api/.env HTTP/1.1" 404 8990 "-" "Mozilla/5.0 (Windows NT 10.0; Win64; x64) AppleWebKit/537.36 (KHTML, like Gecko) Chrome/91.0.4472.124 Safari/537.36"
185.177.72.111 - - [09/Oct/2025:13:12:39 +0800] "GET /app/.env HTTP/1.1" 404 8989 "-" "Mozilla/5.0 (Windows NT 10.0; Win64; x64) AppleWebKit/537.36 (KHTML, like Gecko) Chrome/91.0.4472.124 Safari/537.36"
185.177.72.111 - - [09/Oct/2025:13:12:40 +0800] "GET /dev/.env HTTP/1.1" 404 8989 "-" "Mozilla/5.0 (Windows NT 10.0; Win64; x64) AppleWebKit/537.36 (KHTML, like Gecko) Chrome/91.0.4472.124 Safari/537.36"
185.177.72.111 - - [09/Oct/2025:13:12:41 +0800] "GET /new/.env HTTP/1.1" 404 8990 "-" "Mozilla/5.0 (Windows NT 10.0; Win64; x64) AppleWebKit/537.36 (KHTML, like Gecko) Chrome/91.0.4472.124 Safari/537.36"
185.177.72.111 - - [09/Oct/2025:13:12:42 +0800] "GET /new/.env.local HTTP/1.1" 404 8990 "-" "Mozilla/5.0 (Windows NT 10.0; Win64; x64) AppleWebKit/537.36 (KHTML, like Gecko) Chrome/91.0.4472.124 Safari/537.36"
185.177.72.111 - - [09/Oct/2025:13:12:43 +0800] "GET /new/.env.production HTTP/1.1" 404 8990 "-" "Mozilla/5.0 (Windows NT 10.0; Win64; x64) AppleWebKit/537.36 (KHTML, like Gecko) Chrome/91.0.4472.124 Safari/537.36"
185.177.72.111 - - [09/Oct/2025:13:12:44 +0800] "GET /new/.env.staging HTTP/1.1" 404 8991 "-" "Mozilla/5.0 (Windows NT 10.0; Win64; x64) AppleWebKit/537.36 (KHTML, like Gecko) Chrome/91.0.4472.124 Safari/537.36"
185.177.72.111 - - [09/Oct/2025:13:12:44 +0800] "GET /_phpinfo.php HTTP/1.1" 404 47 "-" "Mozilla/5.0 (Windows NT 10.0; Win64; x64) AppleWebKit/537.36 (KHTML, like Gecko) Chrome/91.0.4472.124 Safari/537.36"
185.177.72.111 - - [09/Oct/2025:13:12:45 +0800] "GET /_profiler/phpinfo HTTP/1.1" 404 8990 "-" "Mozilla/5.0 (Windows NT 10.0; Win64; x64) AppleWebKit/537.36 (KHTML, like Gecko) Chrome/91.0.4472.124 Safari/537.36"
185.177.72.111 - - [09/Oct/2025:13:12:45 +0800] "GET /_profiler/phpinfo/info.php HTTP/1.1" 404 47 "-" "Mozilla/5.0 (Windows NT 10.0; Win64; x64) AppleWebKit/537.36 (KHTML, like Gecko) Chrome/91.0.4472.124 Safari/537.36"
185.177.72.111 - - [09/Oct/2025:13:12:45 +0800] "GET /_profiler/phpinfo/phpinfo.php HTTP/1.1" 404 47 "-" "Mozilla/5.0 (Windows NT 10.0; Win64; x64) AppleWebKit/537.36 (KHTML, like Gecko) Chrome/91.0.4472.124 Safari/537.36"
36.133.115.36 - - [09/Oct/2025:13:12:46 +0800] "POST /wp-cron.php?doing_wp_cron=1759986766.7391729354858398437500 HTTP/1.1" 200 31 "-" "WordPress/6.8.2; http://cqqizhou.com"
185.177.72.111 - - [09/Oct/2025:13:12:46 +0800] "GET /wp-config HTTP/1.1" 404 8990 "-" "Mozilla/5.0 (Windows NT 10.0; Win64; x64) AppleWebKit/537.36 (KHTML, like Gecko) Chrome/91.0.4472.124 Safari/537.36"
185.177.72.111 - - [09/Oct/2025:13:12:48 +0800] "GET /aws-secret.yaml HTTP/1.1" 404 8990 "-" "Mozilla/5.0 (Windows NT 10.0; Win64; x64) AppleWebKit/537.36 (KHTML, like Gecko) Chrome/91.0.4472.124 Safari/537.36"
185.177.72.111 - - [09/Oct/2025:13:12:49 +0800] "GET /awstats/.env HTTP/1.1" 404 8990 "-" "Mozilla/5.0 (Windows NT 10.0; Win64; x64) AppleWebKit/537.36 (KHTML, like Gecko) Chrome/91.0.4472.124 Safari/537.36"
185.177.72.111 - - [09/Oct/2025:13:12:49 +0800] "GET /conf/.env HTTP/1.1" 404 8990 "-" "Mozilla/5.0 (Windows NT 10.0; Win64; x64) AppleWebKit/537.36 (KHTML, like Gecko) Chrome/91.0.4472.124 Safari/537.36"
185.177.72.111 - - [09/Oct/2025:13:12:50 +0800] "GET /cron/.env HTTP/1.1" 404 8990 "-" "Mozilla/5.0 (Windows NT 10.0; Win64; x64) AppleWebKit/537.36 (KHTML, like Gecko) Chrome/91.0.4472.124 Safari/537.36"
185.177.72.111 - - [09/Oct/2025:13:12:51 +0800] "GET /www/.env HTTP/1.1" 404 8990 "-" "Mozilla/5.0 (Windows NT 10.0; Win64; x64) AppleWebKit/537.36 (KHTML, like Gecko) Chrome/91.0.4472.124 Safari/537.36"
185.177.72.111 - - [09/Oct/2025:13:12:52 +0800] "GET /docker/.env HTTP/1.1" 404 8990 "-" "Mozilla/5.0 (Windows NT 10.0; Win64; x64) AppleWebKit/537.36 (KHTML, like Gecko) Chrome/91.0.4472.124 Safari/537.36"
185.177.72.111 - - [09/Oct/2025:13:12:53 +0800] "GET /docker/app/.env HTTP/1.1" 404 8990 "-" "Mozilla/5.0 (Windows NT 10.0; Win64; x64) AppleWebKit/537.36 (KHTML, like Gecko) Chrome/91.0.4472.124 Safari/537.36"
185.177.72.111 - - [09/Oct/2025:13:12:54 +0800] "GET /env.backup HTTP/1.1" 404 8991 "-" "Mozilla/5.0 (Windows NT 10.0; Win64; x64) AppleWebKit/537.36 (KHTML, like Gecko) Chrome/91.0.4472.124 Safari/537.36"
185.177.72.111 - - [09/Oct/2025:13:12:55 +0800] "GET /xampp/phpinfo.php HTTP/1.1" 404 47 "-" "Mozilla/5.0 (Windows NT 10.0; Win64; x64) AppleWebKit/537.36 (KHTML, like Gecko) Chrome/91.0.4472.124 Safari/537.36"
185.177.72.111 - - [09/Oct/2025:13:12:55 +0800] "GET /lara/info.php HTTP/1.1" 404 47 "-" "Mozilla/5.0 (Windows NT 10.0; Win64; x64) AppleWebKit/537.36 (KHTML, like Gecko) Chrome/91.0.4472.124 Safari/537.36"
185.177.72.111 - - [09/Oct/2025:13:12:55 +0800] "GET /lara/phpinfo.php HTTP/1.1" 404 47 "-" "Mozilla/5.0 (Windows NT 10.0; Win64; x64) AppleWebKit/537.36 (KHTML, like Gecko) Chrome/91.0.4472.124 Safari/537.36"
185.177.72.111 - - [09/Oct/2025:13:12:55 +0800] "GET /laravel/info.php HTTP/1.1" 404 47 "-" "Mozilla/5.0 (Windows NT 10.0; Win64; x64) AppleWebKit/537.36 (KHTML, like Gecko) Chrome/91.0.4472.124 Safari/537.36"
185.177.72.111 - - [09/Oct/2025:13:12:56 +0800] "GET /.vscode/.env HTTP/1.1" 404 8990 "-" "Mozilla/5.0 (Windows NT 10.0; Win64; x64) AppleWebKit/537.36 (KHTML, like Gecko) Chrome/91.0.4472.124 Safari/537.36"
185.177.72.111 - - [09/Oct/2025:13:12:57 +0800] "GET /js/.env HTTP/1.1" 404 8990 "-" "Mozilla/5.0 (Windows NT 10.0; Win64; x64) AppleWebKit/537.36 (KHTML, like Gecko) Chrome/91.0.4472.124 Safari/537.36"
185.177.72.111 - - [09/Oct/2025:13:12:58 +0800] "GET /laravel/.env HTTP/1.1" 404 8989 "-" "Mozilla/5.0 (Windows NT 10.0; Win64; x64) AppleWebKit/537.36 (KHTML, like Gecko) Chrome/91.0.4472.124 Safari/537.36"
185.177.72.111 - - [09/Oct/2025:13:12:59 +0800] "GET /laravel/core/.env HTTP/1.1" 404 8990 "-" "Mozilla/5.0 (Windows NT 10.0; Win64; x64) AppleWebKit/537.36 (KHTML, like Gecko) Chrome/91.0.4472.124 Safari/537.36"
185.177.72.111 - - [09/Oct/2025:13:13:00 +0800] "GET /mail/.env HTTP/1.1" 404 8990 "-" "Mozilla/5.0 (Windows NT 10.0; Win64; x64) AppleWebKit/537.36 (KHTML, like Gecko) Chrome/91.0.4472.124 Safari/537.36"
185.177.72.111 - - [09/Oct/2025:13:13:01 +0800] "GET /mailer/.env HTTP/1.1" 404 8990 "-" "Mozilla/5.0 (Windows NT 10.0; Win64; x64) AppleWebKit/537.36 (KHTML, like Gecko) Chrome/91.0.4472.124 Safari/537.36"
185.177.72.111 - - [09/Oct/2025:13:13:02 +0800] "GET /nginx/.env HTTP/1.1" 404 8990 "-" "Mozilla/5.0 (Windows NT 10.0; Win64; x64) AppleWebKit/537.36 (KHTML, like Gecko) Chrome/91.0.4472.124 Safari/537.36"
185.177.72.111 - - [09/Oct/2025:13:13:03 +0800] "GET /public/.env HTTP/1.1" 404 8990 "-" "Mozilla/5.0 (Windows NT 10.0; Win64; x64) AppleWebKit/537.36 (KHTML, like Gecko) Chrome/91.0.4472.124 Safari/537.36"
185.177.72.111 - - [09/Oct/2025:13:13:04 +0800] "GET /site/.env HTTP/1.1" 404 8991 "-" "Mozilla/5.0 (Windows NT 10.0; Win64; x64) AppleWebKit/537.36 (KHTML, like Gecko) Chrome/91.0.4472.124 Safari/537.36"
185.177.72.111 - - [09/Oct/2025:13:13:05 +0800] "GET /xampp/.env HTTP/1.1" 404 8990 "-" "Mozilla/5.0 (Windows NT 10.0; Win64; x64) AppleWebKit/537.36 (KHTML, like Gecko) Chrome/91.0.4472.124 Safari/537.36"
185.177.72.111 - - [09/Oct/2025:13:13:06 +0800] "GET /main/.env HTTP/1.1" 404 8990 "-" "Mozilla/5.0 (Windows NT 10.0; Win64; x64) AppleWebKit/537.36 (KHTML, like Gecko) Chrome/91.0.4472.124 Safari/537.36"
185.177.72.111 - - [09/Oct/2025:13:13:07 +0800] "GET /node_modules/.env HTTP/1.1" 404 8990 "-" "Mozilla/5.0 (Windows NT 10.0; Win64; x64) AppleWebKit/537.36 (KHTML, like Gecko) Chrome/91.0.4472.124 Safari/537.36"
185.177.72.111 - - [09/Oct/2025:13:13:08 +0800] "GET /kyc/.env HTTP/1.1" 404 8990 "-" "Mozilla/5.0 (Windows NT 10.0; Win64; x64) AppleWebKit/537.36 (KHTML, like Gecko) Chrome/91.0.4472.124 Safari/537.36"
185.177.72.111 - - [09/Oct/2025:13:13:09 +0800] "GET /admin/.env HTTP/1.1" 404 8990 "-" "Mozilla/5.0 (Windows NT 10.0; Win64; x64) AppleWebKit/537.36 (KHTML, like Gecko) Chrome/91.0.4472.124 Safari/537.36"
185.177.72.111 - - [09/Oct/2025:13:13:10 +0800] "GET /prod/.env HTTP/1.1" 404 8990 "-" "Mozilla/5.0 (Windows NT 10.0; Win64; x64) AppleWebKit/537.36 (KHTML, like Gecko) Chrome/91.0.4472.124 Safari/537.36"
185.177.72.111 - - [09/Oct/2025:13:13:11 +0800] "GET /.env.bak HTTP/1.1" 404 8990 "-" "Mozilla/5.0 (Windows NT 10.0; Win64; x64) AppleWebKit/537.36 (KHTML, like Gecko) Chrome/91.0.4472.124 Safari/537.36"
185.177.72.111 - - [09/Oct/2025:13:13:12 +0800] "GET /api/shared/config/config.env HTTP/1.1" 404 8990 "-" "Mozilla/5.0 (Windows NT 10.0; Win64; x64) AppleWebKit/537.36 (KHTML, like Gecko) Chrome/91.0.4472.124 Safari/537.36"
185.177.72.111 - - [09/Oct/2025:13:13:13 +0800] "GET /api/shared/config.env HTTP/1.1" 404 8990 "-" "Mozilla/5.0 (Windows NT 10.0; Win64; x64) AppleWebKit/537.36 (KHTML, like Gecko) Chrome/91.0.4472.124 Safari/537.36"
185.177.72.111 - - [09/Oct/2025:13:13:14 +0800] "GET /config.env HTTP/1.1" 404 8991 "-" "Mozilla/5.0 (Windows NT 10.0; Win64; x64) AppleWebKit/537.36 (KHTML, like Gecko) Chrome/91.0.4472.124 Safari/537.36"
185.177.72.111 - - [09/Oct/2025:13:13:15 +0800] "GET /website/.env HTTP/1.1" 404 8990 "-" "Mozilla/5.0 (Windows NT 10.0; Win64; x64) AppleWebKit/537.36 (KHTML, like Gecko) Chrome/91.0.4472.124 Safari/537.36"
185.177.72.111 - - [09/Oct/2025:13:13:15 +0800] "GET /development/.env HTTP/1.1" 404 8990 "-" "Mozilla/5.0 (Windows NT 10.0; Win64; x64) AppleWebKit/537.36 (KHTML, like Gecko) Chrome/91.0.4472.124 Safari/537.36"
185.177.72.111 - - [09/Oct/2025:13:13:16 +0800] "GET /backend/.env HTTP/1.1" 404 8990 "-" "Mozilla/5.0 (Windows NT 10.0; Win64; x64) AppleWebKit/537.36 (KHTML, like Gecko) Chrome/91.0.4472.124 Safari/537.36"
185.177.72.111 - - [09/Oct/2025:13:13:17 +0800] "GET /api/shared/config/.env HTTP/1.1" 404 8990 "-" "Mozilla/5.0 (Windows NT 10.0; Win64; x64) AppleWebKit/537.36 (KHTML, like Gecko) Chrome/91.0.4472.124 Safari/537.36"
185.177.72.111 - - [09/Oct/2025:13:13:18 +0800] "GET /api/shared/.env HTTP/1.1" 404 8990 "-" "Mozilla/5.0 (Windows NT 10.0; Win64; x64) AppleWebKit/537.36 (KHTML, like Gecko) Chrome/91.0.4472.124 Safari/537.36"
185.177.72.111 - - [09/Oct/2025:13:13:19 +0800] "GET /api/config.env HTTP/1.1" 404 8990 "-" "Mozilla/5.0 (Windows NT 10.0; Win64; x64) AppleWebKit/537.36 (KHTML, like Gecko) Chrome/91.0.4472.124 Safari/537.36"
185.177.72.111 - - [09/Oct/2025:13:13:20 +0800] "GET /service/email_service.py HTTP/1.1" 404 8989 "-" "Mozilla/5.0 (Windows NT 10.0; Win64; x64) AppleWebKit/537.36 (KHTML, like Gecko) Chrome/91.0.4472.124 Safari/537.36"
185.177.72.111 - - [09/Oct/2025:13:13:21 +0800] "GET /node/.env_example HTTP/1.1" 404 8990 "-" "Mozilla/5.0 (Windows NT 10.0; Win64; x64) AppleWebKit/537.36 (KHTML, like Gecko) Chrome/91.0.4472.124 Safari/537.36"
185.177.72.111 - - [09/Oct/2025:13:13:22 +0800] "GET /.env.production.local HTTP/1.1" 404 8990 "-" "Mozilla/5.0 (Windows NT 10.0; Win64; x64) AppleWebKit/537.36 (KHTML, like Gecko) Chrome/91.0.4472.124 Safari/537.36"
185.177.72.111 - - [09/Oct/2025:13:13:22 +0800] "GET /.env.local HTTP/1.1" 404 8990 "-" "Mozilla/5.0 (Windows NT 10.0; Win64; x64) AppleWebKit/537.36 (KHTML, like Gecko) Chrome/91.0.4472.124 Safari/537.36"
185.177.72.111 - - [09/Oct/2025:13:13:23 +0800] "GET /.env.example HTTP/1.1" 404 8990 "-" "Mozilla/5.0 (Windows NT 10.0; Win64; x64) AppleWebKit/537.36 (KHTML, like Gecko) Chrome/91.0.4472.124 Safari/537.36"
185.177.72.111 - - [09/Oct/2025:13:13:24 +0800] "GET /.env.stage HTTP/1.1" 404 8991 "-" "Mozilla/5.0 (Windows NT 10.0; Win64; x64) AppleWebKit/537.36 (KHTML, like Gecko) Chrome/91.0.4472.124 Safari/537.36"
185.177.72.111 - - [09/Oct/2025:13:13:25 +0800] "GET /.env.old HTTP/1.1" 404 8990 "-" "Mozilla/5.0 (Windows NT 10.0; Win64; x64) AppleWebKit/537.36 (KHTML, like Gecko) Chrome/91.0.4472.124 Safari/537.36"
185.177.72.111 - - [09/Oct/2025:13:13:26 +0800] "GET /.env_sample HTTP/1.1" 404 8990 "-" "Mozilla/5.0 (Windows NT 10.0; Win64; x64) AppleWebKit/537.36 (KHTML, like Gecko) Chrome/91.0.4472.124 Safari/537.36"
185.177.72.111 - - [09/Oct/2025:13:13:27 +0800] "GET /.env.prod HTTP/1.1" 404 8990 "-" "Mozilla/5.0 (Windows NT 10.0; Win64; x64) AppleWebKit/537.36 (KHTML, like Gecko) Chrome/91.0.4472.124 Safari/537.36"
185.177.72.111 - - [09/Oct/2025:13:13:28 +0800] "GET /crm/.env HTTP/1.1" 404 8990 "-" "Mozilla/5.0 (Windows NT 10.0; Win64; x64) AppleWebKit/537.36 (KHTML, like Gecko) Chrome/91.0.4472.124 Safari/537.36"
185.177.72.111 - - [09/Oct/2025:13:13:29 +0800] "GET /local/.env HTTP/1.1" 404 8990 "-" "Mozilla/5.0 (Windows NT 10.0; Win64; x64) AppleWebKit/537.36 (KHTML, like Gecko) Chrome/91.0.4472.124 Safari/537.36"
185.177.72.111 - - [09/Oct/2025:13:13:30 +0800] "GET /core/.env HTTP/1.1" 404 8989 "-" "Mozilla/5.0 (Windows NT 10.0; Win64; x64) AppleWebKit/537.36 (KHTML, like Gecko) Chrome/91.0.4472.124 Safari/537.36"
185.177.72.111 - - [09/Oct/2025:13:13:31 +0800] "GET /apps/.env HTTP/1.1" 404 8990 "-" "Mozilla/5.0 (Windows NT 10.0; Win64; x64) AppleWebKit/537.36 (KHTML, like Gecko) Chrome/91.0.4472.124 Safari/537.36"
185.177.72.111 - - [09/Oct/2025:13:13:32 +0800] "GET /application/.env HTTP/1.1" 404 8990 "-" "Mozilla/5.0 (Windows NT 10.0; Win64; x64) AppleWebKit/537.36 (KHTML, like Gecko) Chrome/91.0.4472.124 Safari/537.36"
185.177.72.111 - - [09/Oct/2025:13:13:33 +0800] "GET /web/.env HTTP/1.1" 404 8990 "-" "Mozilla/5.0 (Windows NT 10.0; Win64; x64) AppleWebKit/537.36 (KHTML, like Gecko) Chrome/91.0.4472.124 Safari/537.36"
185.177.72.111 - - [09/Oct/2025:13:13:33 +0800] "GET /.aws/credentials HTTP/1.1" 404 8990 "-" "Mozilla/5.0 (Windows NT 10.0; Win64; x64) AppleWebKit/537.36 (KHTML, like Gecko) Chrome/91.0.4472.124 Safari/537.36"
185.177.72.111 - - [09/Oct/2025:13:13:34 +0800] "GET /wp-config.php.bak HTTP/1.1" 404 8991 "-" "Mozilla/5.0 (Windows NT 10.0; Win64; x64) AppleWebKit/537.36 (KHTML, like Gecko) Chrome/91.0.4472.124 Safari/537.36"
185.177.72.111 - - [09/Oct/2025:13:13:35 +0800] "GET /info.php HTTP/1.1" 200 49 "-" "Mozilla/5.0 (Windows NT 10.0; Win64; x64) AppleWebKit/537.36 (KHTML, like Gecko) Chrome/91.0.4472.124 Safari/537.36"
185.177.72.111 - - [09/Oct/2025:13:13:35 +0800] "GET /dashboard/phpinfo.php HTTP/1.1" 404 47 "-" "Mozilla/5.0 (Windows NT 10.0; Win64; x64) AppleWebKit/537.36 (KHTML, like Gecko) Chrome/91.0.4472.124 Safari/537.36"
185.177.72.111 - - [09/Oct/2025:13:13:36 +0800] "GET /admin/server_info.php HTTP/1.1" 404 47 "-" "Mozilla/5.0 (Windows NT 10.0; Win64; x64) AppleWebKit/537.36 (KHTML, like Gecko) Chrome/91.0.4472.124 Safari/537.36"
185.177.72.111 - - [09/Oct/2025:13:13:37 +0800] "GET /server_info.php HTTP/1.1" 404 47 "-" "Mozilla/5.0 (Windows NT 10.0; Win64; x64) AppleWebKit/537.36 (KHTML, like Gecko) Chrome/91.0.4472.124 Safari/537.36"
185.177.72.111 - - [09/Oct/2025:13:13:38 +0800] "GET /app_dev.php/_profiler/phpinfo HTTP/1.1" 404 8990 "-" "Mozilla/5.0 (Windows NT 10.0; Win64; x64) AppleWebKit/537.36 (KHTML, like Gecko) Chrome/91.0.4472.124 Safari/537.36"
185.177.72.111 - - [09/Oct/2025:13:13:38 +0800] "GET /test.php HTTP/1.1" 404 47 "-" "Mozilla/5.0 (Windows NT 10.0; Win64; x64) AppleWebKit/537.36 (KHTML, like Gecko) Chrome/91.0.4472.124 Safari/537.36"
185.177.72.111 - - [09/Oct/2025:13:13:39 +0800] "GET /server-info HTTP/1.1" 404 8990 "-" "Mozilla/5.0 (Windows NT 10.0; Win64; x64) AppleWebKit/537.36 (KHTML, like Gecko) Chrome/91.0.4472.124 Safari/537.36"
185.177.72.111 - - [09/Oct/2025:13:13:39 +0800] "GET /server-info.php HTTP/1.1" 404 47 "-" "Mozilla/5.0 (Windows NT 10.0; Win64; x64) AppleWebKit/537.36 (KHTML, like Gecko) Chrome/91.0.4472.124 Safari/537.36"
185.177.72.111 - - [09/Oct/2025:13:13:40 +0800] "GET /secured/phpinfo.php HTTP/1.1" 404 47 "-" "Mozilla/5.0 (Windows NT 10.0; Win64; x64) AppleWebKit/537.36 (KHTML, like Gecko) Chrome/91.0.4472.124 Safari/537.36"
185.177.72.111 - - [09/Oct/2025:13:13:41 +0800] "GET /appsettings.json HTTP/1.1" 404 8990 "-" "Mozilla/5.0 (Windows NT 10.0; Win64; x64) AppleWebKit/537.36 (KHTML, like Gecko) Chrome/91.0.4472.124 Safari/537.36"
185.177.72.111 - - [09/Oct/2025:13:13:43 +0800] "GET /config/aws.yml HTTP/1.1" 404 8990 "-" "Mozilla/5.0 (Windows NT 10.0; Win64; x64) AppleWebKit/537.36 (KHTML, like Gecko) Chrome/91.0.4472.124 Safari/537.36"
185.177.72.111 - - [09/Oct/2025:13:13:44 +0800] "GET /settings.py HTTP/1.1" 404 8990 "-" "Mozilla/5.0 (Windows NT 10.0; Win64; x64) AppleWebKit/537.36 (KHTML, like Gecko) Chrome/91.0.4472.124 Safari/537.36"
185.177.72.111 - - [09/Oct/2025:13:13:44 +0800] "GET /config.json HTTP/1.1" 404 8990 "-" "Mozilla/5.0 (Windows NT 10.0; Win64; x64) AppleWebKit/537.36 (KHTML, like Gecko) Chrome/91.0.4472.124 Safari/537.36"
36.133.115.36 - - [09/Oct/2025:13:13:46 +0800] "POST /wp-cron.php?doing_wp_cron=1759986826.2612121105194091796875 HTTP/1.1" 200 31 "-" "WordPress/6.8.2; http://cqqizhou.com"
185.177.72.111 - - [09/Oct/2025:13:13:46 +0800] "GET /application.properties HTTP/1.1" 404 8990 "-" "Mozilla/5.0 (Windows NT 10.0; Win64; x64) AppleWebKit/537.36 (KHTML, like Gecko) Chrome/91.0.4472.124 Safari/537.36"
185.177.72.111 - - [09/Oct/2025:13:13:47 +0800] "GET /?phpinfo=1 HTTP/1.1" 200 33467 "-" "Mozilla/5.0 (Windows NT 10.0; Win64; x64) AppleWebKit/537.36 (KHTML, like Gecko) Chrome/91.0.4472.124 Safari/537.36"
185.177.72.111 - - [09/Oct/2025:13:13:49 +0800] "GET /storage/logs/laravel.log HTTP/1.1" 404 8990 "-" "Mozilla/5.0 (Windows NT 10.0; Win64; x64) AppleWebKit/537.36 (KHTML, like Gecko) Chrome/91.0.4472.124 Safari/537.36"
185.177.72.111 - - [09/Oct/2025:13:13:50 +0800] "GET /swagger.json HTTP/1.1" 404 8989 "-" "Mozilla/5.0 (Windows NT 10.0; Win64; x64) AppleWebKit/537.36 (KHTML, like Gecko) Chrome/91.0.4472.124 Safari/537.36"
185.177.72.111 - - [09/Oct/2025:13:13:52 +0800] "GET /backend/config/default.yml HTTP/1.1" 404 8990 "-" "Mozilla/5.0 (Windows NT 10.0; Win64; x64) AppleWebKit/537.36 (KHTML, like Gecko) Chrome/91.0.4472.124 Safari/537.36"
185.177.72.111 - - [09/Oct/2025:13:13:52 +0800] "GET /app.py HTTP/1.1" 404 8990 "-" "Mozilla/5.0 (Windows NT 10.0; Win64; x64) AppleWebKit/537.36 (KHTML, like Gecko) Chrome/91.0.4472.124 Safari/537.36"
185.177.72.111 - - [09/Oct/2025:13:13:54 +0800] "GET /api/objects/codes.php.save HTTP/1.1" 404 8991 "-" "Mozilla/5.0 (Windows NT 10.0; Win64; x64) AppleWebKit/537.36 (KHTML, like Gecko) Chrome/91.0.4472.124 Safari/537.36"
185.177.72.111 - - [09/Oct/2025:13:13:56 +0800] "GET /backend/config/development.yml HTTP/1.1" 404 8990 "-" "Mozilla/5.0 (Windows NT 10.0; Win64; x64) AppleWebKit/537.36 (KHTML, like Gecko) Chrome/91.0.4472.124 Safari/537.36"
185.177.72.111 - - [09/Oct/2025:13:13:57 +0800] "GET /config/application.yml HTTP/1.1" 404 8990 "-" "Mozilla/5.0 (Windows NT 10.0; Win64; x64) AppleWebKit/537.36 (KHTML, like Gecko) Chrome/91.0.4472.124 Safari/537.36"
185.177.72.111 - - [09/Oct/2025:13:13:59 +0800] "GET /config/storage.yml HTTP/1.1" 404 8990 "-" "Mozilla/5.0 (Windows NT 10.0; Win64; x64) AppleWebKit/537.36 (KHTML, like Gecko) Chrome/91.0.4472.124 Safari/537.36"
185.177.72.111 - - [09/Oct/2025:13:14:02 +0800] "GET /configs/s3_config.json HTTP/1.1" 404 8990 "-" "Mozilla/5.0 (Windows NT 10.0; Win64; x64) AppleWebKit/537.36 (KHTML, like Gecko) Chrome/91.0.4472.124 Safari/537.36"
185.177.72.111 - - [09/Oct/2025:13:14:03 +0800] "GET /getcpuutil.php-bakworking HTTP/1.1" 404 8990 "-" "Mozilla/5.0 (Windows NT 10.0; Win64; x64) AppleWebKit/537.36 (KHTML, like Gecko) Chrome/91.0.4472.124 Safari/537.36"
185.177.72.111 - - [09/Oct/2025:13:14:05 +0800] "GET /index.html HTTP/1.1" 200 8721 "-" "Mozilla/5.0 (Windows NT 10.0; Win64; x64) AppleWebKit/537.36 (KHTML, like Gecko) Chrome/91.0.4472.124 Safari/537.36"
185.177.72.111 - - [09/Oct/2025:13:14:07 +0800] "GET /my_env/chakaash.py HTTP/1.1" 404 8990 "-" "Mozilla/5.0 (Windows NT 10.0; Win64; x64) AppleWebKit/537.36 (KHTML, like Gecko) Chrome/91.0.4472.124 Safari/537.36"
185.177.72.111 - - [09/Oct/2025:13:14:08 +0800] "GET /my_env/newsletter.py HTTP/1.1" 404 8990 "-" "Mozilla/5.0 (Windows NT 10.0; Win64; x64) AppleWebKit/537.36 (KHTML, like Gecko) Chrome/91.0.4472.124 Safari/537.36"
185.177.72.111 - - [09/Oct/2025:13:14:08 +0800] "GET /my_env/palash.py HTTP/1.1" 404 8990 "-" "Mozilla/5.0 (Windows NT 10.0; Win64; x64) AppleWebKit/537.36 (KHTML, like Gecko) Chrome/91.0.4472.124 Safari/537.36"
185.177.72.111 - - [09/Oct/2025:13:14:11 +0800] "GET /config/settings.json HTTP/1.1" 404 8990 "-" "Mozilla/5.0 (Windows NT 10.0; Win64; x64) AppleWebKit/537.36 (KHTML, like Gecko) Chrome/91.0.4472.124 Safari/537.36"
185.177.72.111 - - [09/Oct/2025:13:14:11 +0800] "GET /config/settings.local HTTP/1.1" 404 8990 "-" "Mozilla/5.0 (Windows NT 10.0; Win64; x64) AppleWebKit/537.36 (KHTML, like Gecko) Chrome/91.0.4472.124 Safari/537.36"
185.177.72.111 - - [09/Oct/2025:13:14:12 +0800] "GET /.circleci/configs/development.yml HTTP/1.1" 404 8990 "-" "Mozilla/5.0 (Windows NT 10.0; Win64; x64) AppleWebKit/537.36 (KHTML, like Gecko) Chrome/91.0.4472.124 Safari/537.36"
185.177.72.111 - - [09/Oct/2025:13:14:13 +0800] "GET /config/settings.prod HTTP/1.1" 404 8990 "-" "Mozilla/5.0 (Windows NT 10.0; Win64; x64) AppleWebKit/537.36 (KHTML, like Gecko) Chrome/91.0.4472.124 Safari/537.36"
185.177.72.111 - - [09/Oct/2025:13:14:14 +0800] "GET /app/config/parameters.yml HTTP/1.1" 404 8991 "-" "Mozilla/5.0 (Windows NT 10.0; Win64; x64) AppleWebKit/537.36 (KHTML, like Gecko) Chrome/91.0.4472.124 Safari/537.36"
185.177.72.111 - - [09/Oct/2025:13:14:15 +0800] "GET /config/parameters.yml HTTP/1.1" 404 8990 "-" "Mozilla/5.0 (Windows NT 10.0; Win64; x64) AppleWebKit/537.36 (KHTML, like Gecko) Chrome/91.0.4472.124 Safari/537.36"
