121.40.243.124 - - [20/Sep/2025:00:15:20 +0800] "GET /wp-login.php HTTP/1.1" 200 2779 "-" "GRequests/0.10"
121.40.243.124 - - [20/Sep/2025:00:15:20 +0800] "POST /wp-login.php HTTP/1.1" 200 2925 "-" "GRequests/0.10"
121.42.249.16 - - [20/Sep/2025:00:15:21 +0800] "GET /portfolio/duplex-stainless-steel/ HTTP/1.1" 200 22101 "-" "Mozilla/5.0 (Windows NT 6.1; WOW64) AppleWebKit/537.36 (KHTML, like Gecko) Chrome/86.0.4240.198 Safari/537.36"
36.133.115.36 - - [20/Sep/2025:00:16:31 +0800] "POST /wp-cron.php?doing_wp_cron=1758298591.2334110736846923828125 HTTP/1.1" 200 31 "-" "WordPress/6.8.2; http://cqqizhou.com"
121.42.249.16 - - [20/Sep/2025:00:16:31 +0800] "GET /wp-json/ HTTP/1.1" 200 19172 "-" "Mozilla/5.0 (Windows NT 6.1; WOW64) AppleWebKit/537.36 (KHTML, like Gecko) Chrome/86.0.4240.198 Safari/537.36"
121.42.252.229 - - [20/Sep/2025:00:16:37 +0800] "GET /wp-content/uploads/elementor/css/ HTTP/1.1" 403 548 "-" "Mozilla/5.0 (Windows NT 6.1; WOW64) AppleWebKit/537.36 (KHTML, like Gecko) Chrome/86.0.4240.198 Safari/537.36"
47.108.117.45 - - [20/Sep/2025:00:16:57 +0800] "GET /wp-content/cache/min/1/wp-content/plugins/revslider/public/js/libs/ HTTP/1.1" 403 548 "-" "Mozilla/5.0 (Windows NT 6.1; WOW64) AppleWebKit/537.36 (KHTML, like Gecko) Chrome/86.0.4240.198 Safari/537.36"
47.109.54.65 - - [20/Sep/2025:00:18:16 +0800] "GET /wp-content/plugins/elementor/assets/css/ HTTP/1.1" 403 548 "-" "Mozilla/5.0 (Windows NT 6.1; WOW64) AppleWebKit/537.36 (KHTML, like Gecko) Chrome/86.0.4240.198 Safari/537.36"
47.109.31.152 - - [20/Sep/2025:00:18:34 +0800] "GET /2160/ HTTP/1.1" 200 29934 "-" "Mozilla/5.0 (Windows NT 6.1; WOW64) AppleWebKit/537.36 (KHTML, like Gecko) Chrome/86.0.4240.198 Safari/537.36"
36.133.115.36 - - [20/Sep/2025:00:18:53 +0800] "POST /wp-cron.php?doing_wp_cron=1758298733.3103940486907958984375 HTTP/1.1" 200 31 "-" "WordPress/6.8.2; http://cqqizhou.com"
121.42.252.229 - - [20/Sep/2025:00:18:53 +0800] "GET /wp-json/oembed/ HTTP/1.1" 404 154 "-" "Mozilla/5.0 (Windows NT 6.1; WOW64) AppleWebKit/537.36 (KHTML, like Gecko) Chrome/86.0.4240.198 Safari/537.36"
47.108.117.45 - - [20/Sep/2025:00:19:00 +0800] "GET /wp-content/plugins/elementor/assets/js/ HTTP/1.1" 403 548 "-" "Mozilla/5.0 (Windows NT 6.1; WOW64) AppleWebKit/537.36 (KHTML, like Gecko) Chrome/86.0.4240.198 Safari/537.36"
121.42.253.62 - - [20/Sep/2025:00:19:58 +0800] "GET /wp-content/cache/min/ HTTP/1.1" 200 0 "-" "Mozilla/5.0 (Windows NT 6.1; WOW64) AppleWebKit/537.36 (KHTML, like Gecko) Chrome/86.0.4240.198 Safari/537.36"
36.133.115.36 - - [20/Sep/2025:00:20:11 +0800] "POST /wp-cron.php?doing_wp_cron=1758298811.9377949237823486328125 HTTP/1.1" 200 31 "-" "WordPress/6.8.2; http://cqqizhou.com"
47.108.117.45 - - [20/Sep/2025:00:20:11 +0800] "GET /new/ HTTP/1.1" 301 5 "-" "Mozilla/5.0 (Windows NT 6.1; WOW64) AppleWebKit/537.36 (KHTML, like Gecko) Chrome/86.0.4240.198 Safari/537.36"
47.108.117.45 - - [20/Sep/2025:00:20:12 +0800] "GET /news/ HTTP/1.1" 200 25256 "http://www.cqqizhou.com/new/" "Mozilla/5.0 (Windows NT 6.1; WOW64) AppleWebKit/537.36 (KHTML, like Gecko) Chrome/86.0.4240.198 Safari/537.36"
139.129.246.141 - - [20/Sep/2025:00:20:13 +0800] "GET /ask/data/ HTTP/1.1" 301 5 "-" "Mozilla/5.0 (Windows NT 6.1; WOW64) AppleWebKit/537.36 (KHTML, like Gecko) Chrome/86.0.4240.198 Safari/537.36"
139.129.246.141 - - [20/Sep/2025:00:20:14 +0800] "GET /data/ HTTP/1.1" 200 11831 "http://www.cqqizhou.com/ask/data/" "Mozilla/5.0 (Windows NT 6.1; WOW64) AppleWebKit/537.36 (KHTML, like Gecko) Chrome/86.0.4240.198 Safari/537.36"
139.129.246.141 - - [20/Sep/2025:00:20:52 +0800] "GET /wp-content/cache/min/1/ HTTP/1.1" 403 548 "-" "Mozilla/5.0 (Windows NT 6.1; WOW64) AppleWebKit/537.36 (KHTML, like Gecko) Chrome/86.0.4240.198 Safari/537.36"
36.133.115.36 - - [20/Sep/2025:00:21:05 +0800] "POST /wp-cron.php?doing_wp_cron=1758298865.7823190689086914062500 HTTP/1.1" 200 31 "-" "WordPress/6.8.2; http://cqqizhou.com"
121.42.249.16 - - [20/Sep/2025:00:21:05 +0800] "GET /data/ HTTP/1.1" 301 5 "-" "Mozilla/5.0 (Windows NT 6.1; WOW64) AppleWebKit/537.36 (KHTML, like Gecko) Chrome/86.0.4240.198 Safari/537.36"
121.42.249.16 - - [20/Sep/2025:00:21:06 +0800] "GET /data/ HTTP/1.1" 200 11831 "http://www.cqqizhou.com/data/" "Mozilla/5.0 (Windows NT 6.1; WOW64) AppleWebKit/537.36 (KHTML, like Gecko) Chrome/86.0.4240.198 Safari/537.36"
47.108.117.45 - - [20/Sep/2025:00:21:26 +0800] "GET /wp-content/plugins/elementor/assets/ HTTP/1.1" 403 548 "-" "Mozilla/5.0 (Windows NT 6.1; WOW64) AppleWebKit/537.36 (KHTML, like Gecko) Chrome/86.0.4240.198 Safari/537.36"
47.109.44.73 - - [20/Sep/2025:00:21:38 +0800] "GET /wp-content/plugins/ HTTP/1.1" 200 31 "-" "Mozilla/5.0 (Windows NT 6.1; WOW64) AppleWebKit/537.36 (KHTML, like Gecko) Chrome/86.0.4240.198 Safari/537.36"
121.42.252.229 - - [20/Sep/2025:00:21:42 +0800] "GET /wp-content/cache/min/1/wp-content/plugins/revslider/public/css/fonts/revicons/css/ HTTP/1.1" 403 548 "-" "Mozilla/5.0 (Windows NT 6.1; WOW64) AppleWebKit/537.36 (KHTML, like Gecko) Chrome/86.0.4240.198 Safari/537.36"
47.109.44.73 - - [20/Sep/2025:00:21:43 +0800] "GET /wp-content/uploads/elementor/ HTTP/1.1" 403 548 "-" "Mozilla/5.0 (Windows NT 6.1; WOW64) AppleWebKit/537.36 (KHTML, like Gecko) Chrome/86.0.4240.198 Safari/537.36"
139.129.246.141 - - [20/Sep/2025:00:22:00 +0800] "GET /wp-includes/js/jquery/ui/ HTTP/1.1" 403 548 "-" "Mozilla/5.0 (Windows NT 6.1; WOW64) AppleWebKit/537.36 (KHTML, like Gecko) Chrome/86.0.4240.198 Safari/537.36"
121.42.236.230 - - [20/Sep/2025:00:22:02 +0800] "GET /wp-content/plugins/elementor/ HTTP/1.1" 403 548 "-" "Mozilla/5.0 (Windows NT 6.1; WOW64) AppleWebKit/537.36 (KHTML, like Gecko) Chrome/86.0.4240.198 Safari/537.36"
47.108.117.45 - - [20/Sep/2025:00:22:23 +0800] "GET /wp-content/themes/qizhou/css/ HTTP/1.1" 403 548 "-" "Mozilla/5.0 (Windows NT 6.1; WOW64) AppleWebKit/537.36 (KHTML, like Gecko) Chrome/86.0.4240.198 Safari/537.36"
47.109.54.65 - - [20/Sep/2025:00:23:09 +0800] "GET /wp-content/plugins/elementor-pro/ HTTP/1.1" 403 548 "-" "Mozilla/5.0 (Windows NT 6.1; WOW64) AppleWebKit/537.36 (KHTML, like Gecko) Chrome/86.0.4240.198 Safari/537.36"
47.109.44.73 - - [20/Sep/2025:00:23:29 +0800] "GET /club/ HTTP/1.1" 200 13062 "-" "Mozilla/5.0 (Windows NT 6.1; WOW64) AppleWebKit/537.36 (KHTML, like Gecko) Chrome/86.0.4240.198 Safari/537.36"
47.109.44.73 - - [20/Sep/2025:00:24:37 +0800] "GET /logistics/ HTTP/1.1" 200 22410 "-" "Mozilla/5.0 (Windows NT 6.1; WOW64) AppleWebKit/537.36 (KHTML, like Gecko) Chrome/86.0.4240.198 Safari/537.36"
121.42.236.230 - - [20/Sep/2025:00:25:05 +0800] "GET /portfolio-category/hot-dip-galvanized-coil/ HTTP/1.1" 200 20880 "-" "Mozilla/5.0 (Windows NT 6.1; WOW64) AppleWebKit/537.36 (KHTML, like Gecko) Chrome/86.0.4240.198 Safari/537.36"
36.133.115.36 - - [20/Sep/2025:00:25:20 +0800] "POST /wp-cron.php?doing_wp_cron=1758299120.4502949714660644531250 HTTP/1.1" 200 31 "-" "WordPress/6.8.2; http://cqqizhou.com"
154.84.184.122 - - [20/Sep/2025:00:25:20 +0800] "GET / HTTP/1.1" 200 33466 "-" "Mozilla/5.0 (Windows NT 10.0; Win64; x64) AppleWebKit/537.36 (KHTML, like Gecko) Chrome/90.0.4430.85 Safari/537.36 Edg/90.0.818.46"
121.42.236.230 - - [20/Sep/2025:00:26:18 +0800] "GET /wp-content/plugins/elementor/assets/lib/ HTTP/1.1" 403 548 "-" "Mozilla/5.0 (Windows NT 6.1; WOW64) AppleWebKit/537.36 (KHTML, like Gecko) Chrome/86.0.4240.198 Safari/537.36"
121.42.236.230 - - [20/Sep/2025:00:26:34 +0800] "GET /material.html HTTP/1.1" 200 6459 "-" "Mozilla/5.0 (Windows NT 6.1; WOW64) AppleWebKit/537.36 (KHTML, like Gecko) Chrome/86.0.4240.198 Safari/537.36"
121.42.253.62 - - [20/Sep/2025:00:26:51 +0800] "GET /wp-includes/ HTTP/1.1" 403 548 "-" "Mozilla/5.0 (Windows NT 6.1; WOW64) AppleWebKit/537.36 (KHTML, like Gecko) Chrome/86.0.4240.198 Safari/537.36"
121.42.252.229 - - [20/Sep/2025:00:27:29 +0800] "GET /wp-content/plugins/elementor/assets/lib/animations/ HTTP/1.1" 403 548 "-" "Mozilla/5.0 (Windows NT 6.1; WOW64) AppleWebKit/537.36 (KHTML, like Gecko) Chrome/86.0.4240.198 Safari/537.36"
139.129.246.141 - - [20/Sep/2025:00:27:43 +0800] "GET /services/ HTTP/1.1" 200 25528 "-" "Mozilla/5.0 (Windows NT 6.1; WOW64) AppleWebKit/537.36 (KHTML, like Gecko) Chrome/86.0.4240.198 Safari/537.36"
47.108.117.45 - - [20/Sep/2025:00:28:12 +0800] "GET /wp-content/cache/min/1/wp-content/plugins/smartideo/static/ HTTP/1.1" 403 548 "-" "Mozilla/5.0 (Windows NT 6.1; WOW64) AppleWebKit/537.36 (KHTML, like Gecko) Chrome/86.0.4240.198 Safari/537.36"
36.133.115.36 - - [20/Sep/2025:00:28:37 +0800] "POST /wp-cron.php?doing_wp_cron=1758299317.7541689872741699218750 HTTP/1.1" 200 31 "-" "WordPress/6.8.2; http://cqqizhou.com"
47.109.54.65 - - [20/Sep/2025:00:28:37 +0800] "GET /new/ HTTP/1.1" 301 5 "-" "Mozilla/5.0 (Windows NT 6.1; WOW64) AppleWebKit/537.36 (KHTML, like Gecko) Chrome/86.0.4240.198 Safari/537.36"
47.109.54.65 - - [20/Sep/2025:00:28:38 +0800] "GET /news/ HTTP/1.1" 200 25256 "http://www.cqqizhou.com/new/" "Mozilla/5.0 (Windows NT 6.1; WOW64) AppleWebKit/537.36 (KHTML, like Gecko) Chrome/86.0.4240.198 Safari/537.36"
121.42.253.62 - - [20/Sep/2025:00:28:54 +0800] "GET /2214/ HTTP/1.1" 200 24843 "-" "Mozilla/5.0 (Windows NT 6.1; WOW64) AppleWebKit/537.36 (KHTML, like Gecko) Chrome/86.0.4240.198 Safari/537.36"
36.133.115.36 - - [20/Sep/2025:00:29:04 +0800] "POST /wp-cron.php?doing_wp_cron=1758299344.9155640602111816406250 HTTP/1.1" 200 31 "-" "WordPress/6.8.2; http://cqqizhou.com"
139.129.246.141 - - [20/Sep/2025:00:29:04 +0800] "GET /services HTTP/1.1" 301 5 "-" "Mozilla/5.0 (Windows NT 6.1; WOW64) AppleWebKit/537.36 (KHTML, like Gecko) Chrome/86.0.4240.198 Safari/537.36"
139.129.246.141 - - [20/Sep/2025:00:29:05 +0800] "GET /services/ HTTP/1.1" 200 25528 "http://www.cqqizhou.com/services" "Mozilla/5.0 (Windows NT 6.1; WOW64) AppleWebKit/537.36 (KHTML, like Gecko) Chrome/86.0.4240.198 Safari/537.36"
36.133.115.36 - - [20/Sep/2025:00:30:37 +0800] "POST /wp-cron.php?doing_wp_cron=1758299437.1027390956878662109375 HTTP/1.1" 200 31 "-" "WordPress/6.8.2; http://cqqizhou.com"
121.42.236.230 - - [20/Sep/2025:00:30:37 +0800] "GET /news/page/ HTTP/1.1" 404 8990 "-" "Mozilla/5.0 (Windows NT 6.1; WOW64) AppleWebKit/537.36 (KHTML, like Gecko) Chrome/86.0.4240.198 Safari/537.36"
47.108.117.45 - - [20/Sep/2025:00:30:50 +0800] "GET /wp-includes/js/ HTTP/1.1" 403 548 "-" "Mozilla/5.0 (Windows NT 6.1; WOW64) AppleWebKit/537.36 (KHTML, like Gecko) Chrome/86.0.4240.198 Safari/537.36"
139.129.246.141 - - [20/Sep/2025:00:31:12 +0800] "GET /portfolio-category/remaining-rolls/ HTTP/1.1" 200 20832 "-" "Mozilla/5.0 (Windows NT 6.1; WOW64) AppleWebKit/537.36 (KHTML, like Gecko) Chrome/86.0.4240.198 Safari/537.36"
121.42.249.16 - - [20/Sep/2025:00:31:15 +0800] "GET /wp-content/uploads/2025/08/ HTTP/1.1" 403 548 "-" "Mozilla/5.0 (Windows NT 6.1; WOW64) AppleWebKit/537.36 (KHTML, like Gecko) Chrome/86.0.4240.198 Safari/537.36"
47.109.54.65 - - [20/Sep/2025:00:31:35 +0800] "GET /2163/ HTTP/1.1" 200 23987 "-" "Mozilla/5.0 (Windows NT 6.1; WOW64) AppleWebKit/537.36 (KHTML, like Gecko) Chrome/86.0.4240.198 Safari/537.36"
47.108.117.45 - - [20/Sep/2025:00:32:25 +0800] "GET /about/ HTTP/1.1" 200 30088 "-" "Mozilla/5.0 (Windows NT 6.1; WOW64) AppleWebKit/537.36 (KHTML, like Gecko) Chrome/86.0.4240.198 Safari/537.36"
121.42.252.229 - - [20/Sep/2025:00:38:32 +0800] "GET /2215/ HTTP/1.1" 200 20293 "-" "Mozilla/5.0 (Windows NT 6.1; WOW64) AppleWebKit/537.36 (KHTML, like Gecko) Chrome/86.0.4240.198 Safari/537.36"
139.129.246.141 - - [20/Sep/2025:00:38:45 +0800] "GET /wp-content/uploads/ HTTP/1.1" 403 548 "-" "Mozilla/5.0 (Windows NT 6.1; WOW64) AppleWebKit/537.36 (KHTML, like Gecko) Chrome/86.0.4240.198 Safari/537.36"
47.109.44.73 - - [20/Sep/2025:00:39:30 +0800] "GET /wp-content/cache/min/1/wp-content/plugins/revslider/public/css/fonts/ HTTP/1.1" 403 548 "-" "Mozilla/5.0 (Windows NT 6.1; WOW64) AppleWebKit/537.36 (KHTML, like Gecko) Chrome/86.0.4240.198 Safari/537.36"
47.109.54.65 - - [20/Sep/2025:00:39:48 +0800] "GET /news/ HTTP/1.1" 200 25256 "-" "Mozilla/5.0 (Windows NT 6.1; WOW64) AppleWebKit/537.36 (KHTML, like Gecko) Chrome/86.0.4240.198 Safari/537.36"
36.133.115.36 - - [20/Sep/2025:00:39:52 +0800] "POST /wp-cron.php?doing_wp_cron=1758299992.5891571044921875000000 HTTP/1.1" 200 31 "-" "WordPress/6.8.2; http://cqqizhou.com"
47.109.31.152 - - [20/Sep/2025:00:39:52 +0800] "GET /?s= HTTP/1.1" 200 19544 "-" "Mozilla/5.0 (Windows NT 6.1; WOW64) AppleWebKit/537.36 (KHTML, like Gecko) Chrome/86.0.4240.198 Safari/537.36"
121.42.249.16 - - [20/Sep/2025:00:41:20 +0800] "GET /2231/ HTTP/1.1" 200 23680 "-" "Mozilla/5.0 (Windows NT 6.1; WOW64) AppleWebKit/537.36 (KHTML, like Gecko) Chrome/86.0.4240.198 Safari/537.36"
36.133.115.36 - - [20/Sep/2025:00:41:46 +0800] "POST /wp-cron.php?doing_wp_cron=1758300106.7653870582580566406250 HTTP/1.1" 200 31 "-" "WordPress/6.8.2; http://cqqizhou.com"
121.42.252.229 - - [20/Sep/2025:00:41:46 +0800] "GET /bug HTTP/1.1" 301 5 "-" "Mozilla/5.0 (Windows NT 6.1; WOW64) AppleWebKit/537.36 (KHTML, like Gecko) Chrome/86.0.4240.198 Safari/537.36"
121.42.252.229 - - [20/Sep/2025:00:41:47 +0800] "GET /bug/ HTTP/1.1" 200 12812 "http://www.cqqizhou.com/bug" "Mozilla/5.0 (Windows NT 6.1; WOW64) AppleWebKit/537.36 (KHTML, like Gecko) Chrome/86.0.4240.198 Safari/537.36"
205.169.39.50 - - [20/Sep/2025:00:41:59 +0800] "GET / HTTP/1.1" 200 39369 "-" "Mozilla/5.0 (Windows NT 10.0; Win64; x64) AppleWebKit/537.36 (KHTML, like Gecko) Chrome/117.0.5938.132 Safari/537.36"
205.169.39.50 - - [20/Sep/2025:00:42:01 +0800] "GET /wp-content/uploads/2025/07/1751425283-qizhou.kf_.qq_.com_.webp HTTP/1.1" 200 16864 "http://cqqizhou.com/" "Mozilla/5.0 (Windows NT 10.0; Win64; x64) AppleWebKit/537.36 (KHTML, like Gecko) Chrome/117.0.5938.132 Safari/537.36"
205.169.39.50 - - [20/Sep/2025:00:42:03 +0800] "GET /wp-content/uploads/2025/07/1750174127-Marketing1920x800_3.webp HTTP/1.1" 200 52790 "http://cqqizhou.com/wp-content/uploads/elementor/css/post-1666.css?ver=1756373176" "Mozilla/5.0 (Windows NT 10.0; Win64; x64) AppleWebKit/537.36 (KHTML, like Gecko) Chrome/117.0.5938.132 Safari/537.36"
205.169.39.50 - - [20/Sep/2025:00:42:03 +0800] "GET /wp-content/uploads/2025/07/1753456723-%E5%8F%8C%E7%9B%B8%E9%92%A2roduct_Single600.webp HTTP/1.1" 200 22790 "http://cqqizhou.com/" "Mozilla/5.0 (Windows NT 10.0; Win64; x64) AppleWebKit/537.36 (KHTML, like Gecko) Chrome/117.0.5938.132 Safari/537.36"
205.169.39.50 - - [20/Sep/2025:00:42:03 +0800] "GET /wp-content/uploads/2025/07/1753453096-%E5%8F%8C%E7%9B%B8%E9%92%A2product_Single600%C3%97284.webp HTTP/1.1" 200 14562 "http://cqqizhou.com/" "Mozilla/5.0 (Windows NT 10.0; Win64; x64) AppleWebKit/537.36 (KHTML, like Gecko) Chrome/117.0.5938.132 Safari/537.36"
205.169.39.50 - - [20/Sep/2025:00:42:03 +0800] "GET /wp-content/uploads/2025/07/1753456770-%E7%83%AD%E9%95%80%E9%94%8C%E5%8D%B7product_Single600.webp HTTP/1.1" 200 27502 "http://cqqizhou.com/" "Mozilla/5.0 (Windows NT 10.0; Win64; x64) AppleWebKit/537.36 (KHTML, like Gecko) Chrome/117.0.5938.132 Safari/537.36"
205.169.39.50 - - [20/Sep/2025:00:42:03 +0800] "GET /wp-content/uploads/2025/07/1753453127-%E4%BD%99%E5%8D%B7product_Single600%C3%97284.webp HTTP/1.1" 200 18744 "http://cqqizhou.com/" "Mozilla/5.0 (Windows NT 10.0; Win64; x64) AppleWebKit/537.36 (KHTML, like Gecko) Chrome/117.0.5938.132 Safari/537.36"
121.42.253.62 - - [20/Sep/2025:00:42:03 +0800] "GET /2164/ HTTP/1.1" 200 23705 "-" "Mozilla/5.0 (Windows NT 6.1; WOW64) AppleWebKit/537.36 (KHTML, like Gecko) Chrome/86.0.4240.198 Safari/537.36"
205.169.39.50 - - [20/Sep/2025:00:42:05 +0800] "POST /wp-admin/admin-ajax.php HTTP/1.1" 403 33 "http://cqqizhou.com/" "Mozilla/5.0 (Windows NT 10.0; Win64; x64) AppleWebKit/537.36 (KHTML, like Gecko) Chrome/117.0.5938.132 Safari/537.36"
205.169.39.50 - - [20/Sep/2025:00:42:05 +0800] "GET /wp-content/uploads/revslider/slider-1/1750929639-yuanjing_Slider_3840%C3%972160_20250626171955-scaled.webp HTTP/1.1" 200 203290 "http://cqqizhou.com/" "Mozilla/5.0 (Windows NT 10.0; Win64; x64) AppleWebKit/537.36 (KHTML, like Gecko) Chrome/117.0.5938.132 Safari/537.36"
205.169.39.50 - - [20/Sep/2025:00:42:05 +0800] "GET /wp-content/uploads/revslider/slider-1/1750861156-logistics_Slider_3840%C3%972160_20250625191356-scaled-50x100.webp HTTP/1.1" 200 1416 "http://cqqizhou.com/" "Mozilla/5.0 (Windows NT 10.0; Win64; x64) AppleWebKit/537.36 (KHTML, like Gecko) Chrome/117.0.5938.132 Safari/537.36"
205.169.39.50 - - [20/Sep/2025:00:42:05 +0800] "GET /wp-content/uploads/2025/07/1753587901-Slider_3840%C3%972160_20250727-scaled-50x100.webp HTTP/1.1" 200 1660 "http://cqqizhou.com/" "Mozilla/5.0 (Windows NT 10.0; Win64; x64) AppleWebKit/537.36 (KHTML, like Gecko) Chrome/117.0.5938.132 Safari/537.36"
205.169.39.50 - - [20/Sep/2025:00:42:06 +0800] "GET /wp-content/uploads/revslider/slider-1/1750861156-logistics_Slider_3840%C3%972160_20250625191356-scaled-50x100.webp HTTP/1.1" 200 1416 "http://cqqizhou.com/" "Mozilla/5.0 (Windows NT 10.0; Win64; x64) AppleWebKit/537.36 (KHTML, like Gecko) Chrome/117.0.5938.132 Safari/537.36"
205.169.39.50 - - [20/Sep/2025:00:42:06 +0800] "GET /wp-content/uploads/2025/07/1753587901-Slider_3840%C3%972160_20250727-scaled-50x100.webp HTTP/1.1" 200 1660 "http://cqqizhou.com/" "Mozilla/5.0 (Windows NT 10.0; Win64; x64) AppleWebKit/537.36 (KHTML, like Gecko) Chrome/117.0.5938.132 Safari/537.36"
205.169.39.50 - - [20/Sep/2025:00:42:06 +0800] "GET /wp-json/sliderrevolution/sliders/1?srengine=7&slideid=2 HTTP/1.1" 200 2058 "http://cqqizhou.com/" "Mozilla/5.0 (Windows NT 10.0; Win64; x64) AppleWebKit/537.36 (KHTML, like Gecko) Chrome/117.0.5938.132 Safari/537.36"
205.169.39.50 - - [20/Sep/2025:00:42:06 +0800] "GET /wp-json/sliderrevolution/sliders/1?srengine=7&slideid=3 HTTP/1.1" 200 2292 "http://cqqizhou.com/" "Mozilla/5.0 (Windows NT 10.0; Win64; x64) AppleWebKit/537.36 (KHTML, like Gecko) Chrome/117.0.5938.132 Safari/537.36"
205.169.39.50 - - [20/Sep/2025:00:42:07 +0800] "GET /wp-content/uploads/2025/07/1753587901-Slider_3840%C3%972160_20250727-scaled.webp HTTP/1.1" 200 141034 "http://cqqizhou.com/" "Mozilla/5.0 (Windows NT 10.0; Win64; x64) AppleWebKit/537.36 (KHTML, like Gecko) Chrome/117.0.5938.132 Safari/537.36"
205.169.39.50 - - [20/Sep/2025:00:42:07 +0800] "GET /wp-content/uploads/revslider/slider-1/1750861156-logistics_Slider_3840%C3%972160_20250625191356-scaled.webp HTTP/1.1" 200 197360 "http://cqqizhou.com/" "Mozilla/5.0 (Windows NT 10.0; Win64; x64) AppleWebKit/537.36 (KHTML, like Gecko) Chrome/117.0.5938.132 Safari/537.36"
205.169.39.50 - - [20/Sep/2025:00:42:15 +0800] "GET /wp-content/uploads/revslider/slider-1/1750929639-yuanjing_Slider_3840%C3%972160_20250626171955-scaled-50x100.webp HTTP/1.1" 200 1784 "http://cqqizhou.com/" "Mozilla/5.0 (X11; Linux x86_64) AppleWebKit/537.36 (KHTML, like Gecko) HeadlessChrome/127.0.6533.119 Safari/537.36"
205.169.39.50 - - [20/Sep/2025:00:42:15 +0800] "POST /wp-admin/admin-ajax.php HTTP/1.1" 403 33 "http://cqqizhou.com/" "Mozilla/5.0 (X11; Linux x86_64) AppleWebKit/537.36 (KHTML, like Gecko) HeadlessChrome/127.0.6533.119 Safari/537.36"
47.108.117.45 - - [20/Sep/2025:00:43:34 +0800] "GET /wp-content/cache/min/1/wp-content/ HTTP/1.1" 403 548 "-" "Mozilla/5.0 (Windows NT 6.1; WOW64) AppleWebKit/537.36 (KHTML, like Gecko) Chrome/86.0.4240.198 Safari/537.36"
47.109.54.65 - - [20/Sep/2025:00:44:03 +0800] "GET /2165/ HTTP/1.1" 200 27212 "-" "Mozilla/5.0 (Windows NT 6.1; WOW64) AppleWebKit/537.36 (KHTML, like Gecko) Chrome/86.0.4240.198 Safari/537.36"
36.133.115.36 - - [20/Sep/2025:00:44:03 +0800] "POST /wp-cron.php?doing_wp_cron=1758300243.7938330173492431640625 HTTP/1.1" 200 31 "-" "WordPress/6.8.2; http://cqqizhou.com"
176.65.149.245 - - [20/Sep/2025:00:44:04 +0800] "GET / HTTP/1.1" 200 33466 "-" "Mozilla/5.0 (Windows NT 10.0; Win64; x64) AppleWebKit/537.36 (KHTML, like Gecko) Chrome/90.0.4430.85 Safari/537.36 Edg/90.0.818.46"
121.42.252.229 - - [20/Sep/2025:00:45:50 +0800] "GET /portfolio/remaining-rolls/ HTTP/1.1" 200 22142 "-" "Mozilla/5.0 (Windows NT 6.1; WOW64) AppleWebKit/537.36 (KHTML, like Gecko) Chrome/86.0.4240.198 Safari/537.36"
36.133.115.36 - - [20/Sep/2025:00:45:55 +0800] "POST /wp-cron.php?doing_wp_cron=1758300355.6851830482482910156250 HTTP/1.1" 200 31 "-" "WordPress/6.8.2; http://cqqizhou.com"
121.42.253.62 - - [20/Sep/2025:00:45:55 +0800] "GET /home/ HTTP/1.1" 301 5 "-" "Mozilla/5.0 (Windows NT 6.1; WOW64) AppleWebKit/537.36 (KHTML, like Gecko) Chrome/86.0.4240.198 Safari/537.36"
121.42.253.62 - - [20/Sep/2025:00:45:56 +0800] "GET / HTTP/1.1" 200 39369 "http://www.cqqizhou.com/home/" "Mozilla/5.0 (Windows NT 6.1; WOW64) AppleWebKit/537.36 (KHTML, like Gecko) Chrome/86.0.4240.198 Safari/537.36"
139.129.246.141 - - [20/Sep/2025:00:47:41 +0800] "GET /portfolio/ HTTP/1.1" 200 20553 "-" "Mozilla/5.0 (Windows NT 6.1; WOW64) AppleWebKit/537.36 (KHTML, like Gecko) Chrome/86.0.4240.198 Safari/537.36"
121.42.253.62 - - [20/Sep/2025:00:48:31 +0800] "GET /wp-content/cache/min/1/wp-content/plugins/smartideo/ HTTP/1.1" 403 548 "-" "Mozilla/5.0 (Windows NT 6.1; WOW64) AppleWebKit/537.36 (KHTML, like Gecko) Chrome/86.0.4240.198 Safari/537.36"
47.109.54.65 - - [20/Sep/2025:00:48:33 +0800] "GET /about/ HTTP/1.1" 200 30088 "-" "Mozilla/5.0 (Windows NT 6.1; WOW64) AppleWebKit/537.36 (KHTML, like Gecko) Chrome/86.0.4240.198 Safari/537.36"
121.42.236.230 - - [20/Sep/2025:00:48:36 +0800] "GET /wp-content/plugins/elementor-pro/assets/css/modules/ HTTP/1.1" 403 548 "-" "Mozilla/5.0 (Windows NT 6.1; WOW64) AppleWebKit/537.36 (KHTML, like Gecko) Chrome/86.0.4240.198 Safari/537.36"
36.133.115.36 - - [20/Sep/2025:00:49:03 +0800] "POST /wp-cron.php?doing_wp_cron=1758300543.5382208824157714843750 HTTP/1.1" 200 31 "-" "WordPress/6.8.2; http://cqqizhou.com"
87.120.191.6 - - [20/Sep/2025:00:49:03 +0800] "GET / HTTP/1.1" 200 33466 "-" "Mozilla/5.0 (Windows NT 10.0; Win64; x64) AppleWebKit/537.36 (KHTML, like Gecko) Chrome/90.0.4430.85 Safari/537.36 Edg/90.0.818.46"
47.109.44.73 - - [20/Sep/2025:00:50:20 +0800] "GET /wp-content/plugins/elementor-pro/assets/css/ HTTP/1.1" 403 548 "-" "Mozilla/5.0 (Windows NT 6.1; WOW64) AppleWebKit/537.36 (KHTML, like Gecko) Chrome/86.0.4240.198 Safari/537.36"
139.129.246.141 - - [20/Sep/2025:00:51:17 +0800] "GET /policy/ HTTP/1.1" 200 23548 "-" "Mozilla/5.0 (Windows NT 6.1; WOW64) AppleWebKit/537.36 (KHTML, like Gecko) Chrome/86.0.4240.198 Safari/537.36"
121.42.253.62 - - [20/Sep/2025:00:51:38 +0800] "GET /portfolio/hot-dip-galvanized-coil/ HTTP/1.1" 200 22257 "-" "Mozilla/5.0 (Windows NT 6.1; WOW64) AppleWebKit/537.36 (KHTML, like Gecko) Chrome/86.0.4240.198 Safari/537.36"
36.133.115.36 - - [20/Sep/2025:00:52:44 +0800] "POST /wp-cron.php?doing_wp_cron=1758300764.6304960250854492187500 HTTP/1.1" 200 31 "-" "WordPress/6.8.2; http://cqqizhou.com"
121.42.252.229 - - [20/Sep/2025:00:52:44 +0800] "GET /wp-json/oembed/1.0/ HTTP/1.1" 200 543 "-" "Mozilla/5.0 (Windows NT 6.1; WOW64) AppleWebKit/537.36 (KHTML, like Gecko) Chrome/86.0.4240.198 Safari/537.36"
36.133.115.36 - - [20/Sep/2025:00:53:59 +0800] "POST /wp-cron.php?doing_wp_cron=1758300839.0069680213928222656250 HTTP/1.1" 200 31 "-" "WordPress/6.8.2; http://cqqizhou.com"
47.109.44.73 - - [20/Sep/2025:00:53:59 +0800] "GET /?s= HTTP/1.1" 200 19544 "-" "Mozilla/5.0 (Windows NT 6.1; WOW64) AppleWebKit/537.36 (KHTML, like Gecko) Chrome/86.0.4240.198 Safari/537.36"
121.42.249.16 - - [20/Sep/2025:00:54:07 +0800] "GET /wp-includes/css/dist/ HTTP/1.1" 403 548 "-" "Mozilla/5.0 (Windows NT 6.1; WOW64) AppleWebKit/537.36 (KHTML, like Gecko) Chrome/86.0.4240.198 Safari/537.36"
121.42.252.229 - - [20/Sep/2025:00:54:44 +0800] "GET /wp-content/plugins/smartideo/ HTTP/1.1" 403 548 "-" "Mozilla/5.0 (Windows NT 6.1; WOW64) AppleWebKit/537.36 (KHTML, like Gecko) Chrome/86.0.4240.198 Safari/537.36"
36.133.115.36 - - [20/Sep/2025:00:55:41 +0800] "POST /wp-cron.php?doing_wp_cron=1758300941.8145990371704101562500 HTTP/1.1" 200 31 "-" "WordPress/6.8.2; http://cqqizhou.com"
121.42.249.16 - - [20/Sep/2025:00:55:41 +0800] "GET /bug HTTP/1.1" 301 5 "-" "Mozilla/5.0 (Windows NT 6.1; WOW64) AppleWebKit/537.36 (KHTML, like Gecko) Chrome/86.0.4240.198 Safari/537.36"
121.42.249.16 - - [20/Sep/2025:00:55:42 +0800] "GET /bug/ HTTP/1.1" 200 12812 "http://cqqizhou.com/bug" "Mozilla/5.0 (Windows NT 6.1; WOW64) AppleWebKit/537.36 (KHTML, like Gecko) Chrome/86.0.4240.198 Safari/537.36"
36.133.115.36 - - [20/Sep/2025:00:56:51 +0800] "POST /wp-cron.php?doing_wp_cron=1758301011.3559548854827880859375 HTTP/1.1" 200 31 "-" "WordPress/6.8.2; http://cqqizhou.com"
47.109.44.73 - - [20/Sep/2025:00:56:51 +0800] "GET /portfolio-category/ HTTP/1.1" 404 8989 "-" "Mozilla/5.0 (Windows NT 6.1; WOW64) AppleWebKit/537.36 (KHTML, like Gecko) Chrome/86.0.4240.198 Safari/537.36"
121.42.253.62 - - [20/Sep/2025:00:58:35 +0800] "GET /wp-content/themes/ HTTP/1.1" 200 31 "-" "Mozilla/5.0 (Windows NT 6.1; WOW64) AppleWebKit/537.36 (KHTML, like Gecko) Chrome/86.0.4240.198 Safari/537.36"
47.109.44.73 - - [20/Sep/2025:00:58:36 +0800] "GET /wp-content/plugins/revslider/public/css/ HTTP/1.1" 403 548 "-" "Mozilla/5.0 (Windows NT 6.1; WOW64) AppleWebKit/537.36 (KHTML, like Gecko) Chrome/86.0.4240.198 Safari/537.36"
36.133.115.36 - - [20/Sep/2025:00:59:20 +0800] "POST /wp-cron.php?doing_wp_cron=1758301160.8131439685821533203125 HTTP/1.1" 200 31 "-" "WordPress/6.8.2; http://cqqizhou.com"
121.42.253.62 - - [20/Sep/2025:00:59:20 +0800] "GET /ask/ HTTP/1.1" 404 8989 "-" "Mozilla/5.0 (Windows NT 6.1; WOW64) AppleWebKit/537.36 (KHTML, like Gecko) Chrome/86.0.4240.198 Safari/537.36"
47.109.54.65 - - [20/Sep/2025:00:59:24 +0800] "GET /portfolio/remaining-rolls/ HTTP/1.1" 200 22142 "-" "Mozilla/5.0 (Windows NT 6.1; WOW64) AppleWebKit/537.36 (KHTML, like Gecko) Chrome/86.0.4240.198 Safari/537.36"
47.109.44.73 - - [20/Sep/2025:00:59:41 +0800] "GET /page/2/?s HTTP/1.1" 200 19385 "-" "Mozilla/5.0 (Windows NT 6.1; WOW64) AppleWebKit/537.36 (KHTML, like Gecko) Chrome/86.0.4240.198 Safari/537.36"
47.109.31.152 - - [20/Sep/2025:00:59:59 +0800] "GET /wp-content/plugins/revslider/public/ HTTP/1.1" 403 548 "-" "Mozilla/5.0 (Windows NT 6.1; WOW64) AppleWebKit/537.36 (KHTML, like Gecko) Chrome/86.0.4240.198 Safari/537.36"
121.42.252.229 - - [20/Sep/2025:01:02:48 +0800] "GET /2162/ HTTP/1.1" 200 25352 "-" "Mozilla/5.0 (Windows NT 6.1; WOW64) AppleWebKit/537.36 (KHTML, like Gecko) Chrome/86.0.4240.198 Safari/537.36"
47.108.117.45 - - [20/Sep/2025:01:04:21 +0800] "GET /wp-content/uploads/2025/07/ HTTP/1.1" 403 548 "-" "Mozilla/5.0 (Windows NT 6.1; WOW64) AppleWebKit/537.36 (KHTML, like Gecko) Chrome/86.0.4240.198 Safari/537.36"
139.129.246.141 - - [20/Sep/2025:01:05:41 +0800] "GET /uncategorized/ HTTP/1.1" 200 20922 "-" "Mozilla/5.0 (Windows NT 6.1; WOW64) AppleWebKit/537.36 (KHTML, like Gecko) Chrome/86.0.4240.198 Safari/537.36"
47.108.117.45 - - [20/Sep/2025:01:05:58 +0800] "GET /wp-content/cache/min/1/wp-content/plugins/revslider/public/ HTTP/1.1" 403 548 "-" "Mozilla/5.0 (Windows NT 6.1; WOW64) AppleWebKit/537.36 (KHTML, like Gecko) Chrome/86.0.4240.198 Safari/537.36"
36.133.115.36 - - [20/Sep/2025:01:06:12 +0800] "POST /wp-cron.php?doing_wp_cron=1758301572.1593780517578125000000 HTTP/1.1" 200 31 "-" "WordPress/6.8.2; http://cqqizhou.com"
154.84.184.122 - - [20/Sep/2025:01:06:12 +0800] "GET / HTTP/1.1" 200 33466 "-" "Mozilla/5.0 (Windows NT 10.0; Win64; x64) AppleWebKit/537.36 (KHTML, like Gecko) Chrome/90.0.4430.85 Safari/537.36 Edg/90.0.818.46"
36.133.115.36 - - [20/Sep/2025:01:07:55 +0800] "POST /wp-cron.php?doing_wp_cron=1758301675.1008410453796386718750 HTTP/1.1" 200 31 "-" "WordPress/6.8.2; http://cqqizhou.com"
47.109.54.65 - - [20/Sep/2025:01:07:55 +0800] "GET /page/2/?s HTTP/1.1" 200 19385 "-" "Mozilla/5.0 (Windows NT 6.1; WOW64) AppleWebKit/537.36 (KHTML, like Gecko) Chrome/86.0.4240.198 Safari/537.36"
121.42.253.62 - - [20/Sep/2025:01:08:14 +0800] "GET /wp-content/plugins/revslider/ HTTP/1.1" 200 31 "-" "Mozilla/5.0 (Windows NT 6.1; WOW64) AppleWebKit/537.36 (KHTML, like Gecko) Chrome/86.0.4240.198 Safari/537.36"
121.42.253.62 - - [20/Sep/2025:01:08:55 +0800] "GET /wp-includes/css/ HTTP/1.1" 403 548 "-" "Mozilla/5.0 (Windows NT 6.1; WOW64) AppleWebKit/537.36 (KHTML, like Gecko) Chrome/86.0.4240.198 Safari/537.36"
36.133.115.36 - - [20/Sep/2025:01:09:01 +0800] "POST /wp-cron.php?doing_wp_cron=1758301741.2532451152801513671875 HTTP/1.1" 200 31 "-" "WordPress/6.8.2; http://cqqizhou.com"
47.109.44.73 - - [20/Sep/2025:01:09:01 +0800] "GET /news/page/ HTTP/1.1" 404 8989 "-" "Mozilla/5.0 (Windows NT 6.1; WOW64) AppleWebKit/537.36 (KHTML, like Gecko) Chrome/86.0.4240.198 Safari/537.36"
47.109.44.73 - - [20/Sep/2025:01:10:23 +0800] "GET /wp-content/cache/min/1/wp-content/ HTTP/1.1" 403 548 "-" "Mozilla/5.0 (Windows NT 6.1; WOW64) AppleWebKit/537.36 (KHTML, like Gecko) Chrome/86.0.4240.198 Safari/537.36"
139.129.246.141 - - [20/Sep/2025:01:12:32 +0800] "GET /business/ HTTP/1.1" 200 22444 "-" "Mozilla/5.0 (Windows NT 6.1; WOW64) AppleWebKit/537.36 (KHTML, like Gecko) Chrome/86.0.4240.198 Safari/537.36"
36.133.115.36 - - [20/Sep/2025:01:13:10 +0800] "POST /wp-cron.php?doing_wp_cron=1758301990.5023300647735595703125 HTTP/1.1" 200 31 "-" "WordPress/6.8.2; http://cqqizhou.com"
47.108.117.45 - - [20/Sep/2025:01:13:10 +0800] "GET /home/ HTTP/1.1" 301 5 "-" "Mozilla/5.0 (Windows NT 6.1; WOW64) AppleWebKit/537.36 (KHTML, like Gecko) Chrome/86.0.4240.198 Safari/537.36"
47.108.117.45 - - [20/Sep/2025:01:13:11 +0800] "GET / HTTP/1.1" 200 39369 "http://www.cqqizhou.com/home/" "Mozilla/5.0 (Windows NT 6.1; WOW64) AppleWebKit/537.36 (KHTML, like Gecko) Chrome/86.0.4240.198 Safari/537.36"
121.42.236.230 - - [20/Sep/2025:01:14:27 +0800] "GET /wp-content/plugins/revslider/public/js/libs/ HTTP/1.1" 403 548 "-" "Mozilla/5.0 (Windows NT 6.1; WOW64) AppleWebKit/537.36 (KHTML, like Gecko) Chrome/86.0.4240.198 Safari/537.36"
139.129.246.141 - - [20/Sep/2025:01:16:39 +0800] "GET /2155/ HTTP/1.1" 200 29372 "-" "Mozilla/5.0 (Windows NT 6.1; WOW64) AppleWebKit/537.36 (KHTML, like Gecko) Chrome/86.0.4240.198 Safari/537.36"
121.42.249.16 - - [20/Sep/2025:01:17:34 +0800] "GET /wp-content/plugins/elementor-pro/assets/js/ HTTP/1.1" 403 548 "-" "Mozilla/5.0 (Windows NT 6.1; WOW64) AppleWebKit/537.36 (KHTML, like Gecko) Chrome/86.0.4240.198 Safari/537.36"
47.109.44.73 - - [20/Sep/2025:01:18:53 +0800] "GET /wp-content/themes/qizhou/js/ HTTP/1.1" 403 548 "-" "Mozilla/5.0 (Windows NT 6.1; WOW64) AppleWebKit/537.36 (KHTML, like Gecko) Chrome/86.0.4240.198 Safari/537.36"
121.42.252.229 - - [20/Sep/2025:01:19:28 +0800] "GET /wp-content/cache/min/1/wp-content/plugins/revslider/public/js/ HTTP/1.1" 403 548 "-" "Mozilla/5.0 (Windows NT 6.1; WOW64) AppleWebKit/537.36 (KHTML, like Gecko) Chrome/86.0.4240.198 Safari/537.36"
36.133.115.36 - - [20/Sep/2025:01:20:34 +0800] "POST /wp-cron.php?doing_wp_cron=1758302434.6853270530700683593750 HTTP/1.1" 200 31 "-" "WordPress/6.8.2; http://cqqizhou.com"
47.108.117.45 - - [20/Sep/2025:01:20:34 +0800] "GET /news/ HTTP/1.1" 301 5 "-" "Mozilla/5.0 (Windows NT 6.1; WOW64) AppleWebKit/537.36 (KHTML, like Gecko) Chrome/86.0.4240.198 Safari/537.36"
47.108.117.45 - - [20/Sep/2025:01:20:35 +0800] "GET /news/ HTTP/1.1" 200 25256 "http://www.cqqizhou.com/news/" "Mozilla/5.0 (Windows NT 6.1; WOW64) AppleWebKit/537.36 (KHTML, like Gecko) Chrome/86.0.4240.198 Safari/537.36"
47.109.31.152 - - [20/Sep/2025:01:20:42 +0800] "GET /wp-content/cache/min/1/wp-content/plugins/revslider/ HTTP/1.1" 403 548 "-" "Mozilla/5.0 (Windows NT 6.1; WOW64) AppleWebKit/537.36 (KHTML, like Gecko) Chrome/86.0.4240.198 Safari/537.36"
139.129.246.141 - - [20/Sep/2025:01:24:28 +0800] "GET /news/page/2/ HTTP/1.1" 200 21561 "-" "Mozilla/5.0 (Windows NT 6.1; WOW64) AppleWebKit/537.36 (KHTML, like Gecko) Chrome/86.0.4240.198 Safari/537.36"
47.108.117.45 - - [20/Sep/2025:01:26:33 +0800] "GET /wp-content/cache/min/1/wp-content/plugins/revslider/public/css/fonts/revicons/ HTTP/1.1" 403 548 "-" "Mozilla/5.0 (Windows NT 6.1; WOW64) AppleWebKit/537.36 (KHTML, like Gecko) Chrome/86.0.4240.198 Safari/537.36"
139.129.246.141 - - [20/Sep/2025:01:27:19 +0800] "GET /wp-content/plugins/revslider/public/js/ HTTP/1.1" 403 548 "-" "Mozilla/5.0 (Windows NT 6.1; WOW64) AppleWebKit/537.36 (KHTML, like Gecko) Chrome/86.0.4240.198 Safari/537.36"
47.108.117.45 - - [20/Sep/2025:01:28:05 +0800] "GET /wp-content/plugins/smartideo/static/ HTTP/1.1" 403 548 "-" "Mozilla/5.0 (Windows NT 6.1; WOW64) AppleWebKit/537.36 (KHTML, like Gecko) Chrome/86.0.4240.198 Safari/537.36"
47.108.117.45 - - [20/Sep/2025:01:28:22 +0800] "GET /wp-content/cache/min/1/wp-content/themes/qizhou/css/ HTTP/1.1" 403 548 "-" "Mozilla/5.0 (Windows NT 6.1; WOW64) AppleWebKit/537.36 (KHTML, like Gecko) Chrome/86.0.4240.198 Safari/537.36"
36.133.115.36 - - [20/Sep/2025:01:29:32 +0800] "POST /wp-cron.php?doing_wp_cron=1758302972.6745851039886474609375 HTTP/1.1" 200 31 "-" "WordPress/6.8.2; http://cqqizhou.com"
45.142.193.144 - - [20/Sep/2025:01:29:32 +0800] "GET / HTTP/1.1" 200 33466 "-" "Mozilla/5.0 (Windows NT 10.0; Win64; x64) AppleWebKit/537.36 (KHTML, like Gecko) Chrome/90.0.4430.85 Safari/537.36 Edg/90.0.818.46"
47.109.31.152 - - [20/Sep/2025:01:29:55 +0800] "GET /wp-content/cache/min/1/wp-content/themes/ HTTP/1.1" 403 548 "-" "Mozilla/5.0 (Windows NT 6.1; WOW64) AppleWebKit/537.36 (KHTML, like Gecko) Chrome/86.0.4240.198 Safari/537.36"
36.133.115.36 - - [20/Sep/2025:01:32:40 +0800] "POST /wp-cron.php?doing_wp_cron=1758303160.9519929885864257812500 HTTP/1.1" 200 31 "-" "WordPress/6.8.2; http://cqqizhou.com"
87.120.191.6 - - [20/Sep/2025:01:32:41 +0800] "GET / HTTP/1.1" 200 33466 "-" "Mozilla/5.0 (Windows NT 10.0; Win64; x64) AppleWebKit/537.36 (KHTML, like Gecko) Chrome/90.0.4430.85 Safari/537.36 Edg/90.0.818.46"
121.42.249.16 - - [20/Sep/2025:01:33:06 +0800] "GET /wp-includes/js/jquery/ HTTP/1.1" 403 548 "-" "Mozilla/5.0 (Windows NT 6.1; WOW64) AppleWebKit/537.36 (KHTML, like Gecko) Chrome/86.0.4240.198 Safari/537.36"
121.42.253.62 - - [20/Sep/2025:01:37:04 +0800] "GET /portfolio-category/cold-rolled-coil/ HTTP/1.1" 200 20900 "-" "Mozilla/5.0 (Windows NT 6.1; WOW64) AppleWebKit/537.36 (KHTML, like Gecko) Chrome/86.0.4240.198 Safari/537.36"
36.133.115.36 - - [20/Sep/2025:01:38:16 +0800] "POST /wp-cron.php?doing_wp_cron=1758303496.8254270553588867187500 HTTP/1.1" 200 31 "-" "WordPress/6.8.2; http://cqqizhou.com"
121.42.252.229 - - [20/Sep/2025:01:38:17 +0800] "GET /page/4/?s HTTP/1.1" 200 17648 "-" "Mozilla/5.0 (Windows NT 6.1; WOW64) AppleWebKit/537.36 (KHTML, like Gecko) Chrome/86.0.4240.198 Safari/537.36"
121.42.253.62 - - [20/Sep/2025:01:38:33 +0800] "GET /wp-content/cache/min/1/wp-content/plugins/revslider/public/css/ HTTP/1.1" 403 548 "-" "Mozilla/5.0 (Windows NT 6.1; WOW64) AppleWebKit/537.36 (KHTML, like Gecko) Chrome/86.0.4240.198 Safari/537.36"
36.133.115.36 - - [20/Sep/2025:01:39:07 +0800] "POST /wp-cron.php?doing_wp_cron=1758303547.3197278976440429687500 HTTP/1.1" 200 31 "-" "WordPress/6.8.2; http://cqqizhou.com"
91.224.92.17 - - [20/Sep/2025:01:39:26 +0800] "GET / HTTP/1.1" 200 96805 "-" "-"
36.133.115.36 - - [20/Sep/2025:01:41:10 +0800] "POST /wp-cron.php?doing_wp_cron=1758303670.8872859477996826171875 HTTP/1.1" 200 31 "-" "WordPress/6.8.2; http://cqqizhou.com"
115.159.33.43 - - [20/Sep/2025:01:41:10 +0800] "GET / HTTP/1.1" 301 5 "-" "Mozilla/5.0 (Windows NT 10.0; Win64; x64) AppleWebKit/537.36 (KHTML, like Gecko) Chrome/79.0.3945.117 Safari/537.36"
36.133.115.36 - - [20/Sep/2025:01:42:05 +0800] "POST /wp-cron.php?doing_wp_cron=1758303725.0575330257415771484375 HTTP/1.1" 200 31 "-" "WordPress/6.8.2; http://cqqizhou.com"
162.62.213.165 - - [20/Sep/2025:01:42:05 +0800] "GET / HTTP/1.1" 301 5 "-" "Mozilla/5.0 (iPhone; CPU iPhone OS 13_2_3 like Mac OS X) AppleWebKit/605.1.15 (KHTML, like Gecko) Version/13.0.3 Mobile/15E148 Safari/604.1"
162.62.213.165 - - [20/Sep/2025:01:42:07 +0800] "GET / HTTP/1.1" 200 33466 "http://www.cqqizhou.com" "Mozilla/5.0 (iPhone; CPU iPhone OS 13_2_3 like Mac OS X) AppleWebKit/605.1.15 (KHTML, like Gecko) Version/13.0.3 Mobile/15E148 Safari/604.1"
47.109.44.73 - - [20/Sep/2025:01:42:27 +0800] "GET /wp-content/plugins/elementor/assets/css/conditionals/ HTTP/1.1" 403 548 "-" "Mozilla/5.0 (Windows NT 6.1; WOW64) AppleWebKit/537.36 (KHTML, like Gecko) Chrome/86.0.4240.198 Safari/537.36"
36.133.115.36 - - [20/Sep/2025:01:43:47 +0800] "POST /wp-cron.php?doing_wp_cron=1758303827.4901089668273925781250 HTTP/1.1" 200 31 "-" "WordPress/6.8.2; http://cqqizhou.com"
47.109.44.73 - - [20/Sep/2025:01:43:47 +0800] "GET /page/4/?s HTTP/1.1" 200 17648 "-" "Mozilla/5.0 (Windows NT 6.1; WOW64) AppleWebKit/537.36 (KHTML, like Gecko) Chrome/86.0.4240.198 Safari/537.36"
42.236.17.17 - - [20/Sep/2025:01:47:07 +0800] "GET / HTTP/1.1" 200 39369 "http://cqqizhou.com" "Mozilla/5.0 (Windows NT 6.1; WOW64) AppleWebKit/537.36 (KHTML, like Gecko) Chrome/50.0.2661.102 Safari/537.36; 360Spider"
121.42.249.16 - - [20/Sep/2025:01:47:39 +0800] "GET /portfolio/%e5%86%b7%e8%bd%a7%e6%9d%bf/ HTTP/1.1" 200 22092 "-" "Mozilla/5.0 (Windows NT 6.1; WOW64) AppleWebKit/537.36 (KHTML, like Gecko) Chrome/86.0.4240.198 Safari/537.36"
139.129.246.141 - - [20/Sep/2025:01:49:17 +0800] "GET /portfolio-tag/%e9%9e%8d%e9%92%a2%e8%92%82%e6%a3%ae/ HTTP/1.1" 200 22644 "-" "Mozilla/5.0 (Windows NT 6.1; WOW64) AppleWebKit/537.36 (KHTML, like Gecko) Chrome/86.0.4240.198 Safari/537.36"
36.133.115.36 - - [20/Sep/2025:01:51:47 +0800] "POST /wp-cron.php?doing_wp_cron=1758304307.7850708961486816406250 HTTP/1.1" 200 31 "-" "WordPress/6.8.2; http://cqqizhou.com"
47.109.31.152 - - [20/Sep/2025:01:51:47 +0800] "GET /portfolio-tag/ HTTP/1.1" 404 8989 "-" "Mozilla/5.0 (Windows NT 6.1; WOW64) AppleWebKit/537.36 (KHTML, like Gecko) Chrome/86.0.4240.198 Safari/537.36"
36.133.115.36 - - [20/Sep/2025:01:53:10 +0800] "POST /wp-cron.php?doing_wp_cron=1758304390.3598070144653320312500 HTTP/1.1" 200 31 "-" "WordPress/6.8.2; http://cqqizhou.com"
170.106.180.246 - - [20/Sep/2025:01:53:10 +0800] "GET / HTTP/1.1" 301 5 "-" "Mozilla/5.0 (iPhone; CPU iPhone OS 13_2_3 like Mac OS X) AppleWebKit/605.1.15 (KHTML, like Gecko) Version/13.0.3 Mobile/15E148 Safari/604.1"
170.106.180.246 - - [20/Sep/2025:01:53:12 +0800] "GET / HTTP/1.1" 200 33466 "http://36.133.115.36" "Mozilla/5.0 (iPhone; CPU iPhone OS 13_2_3 like Mac OS X) AppleWebKit/605.1.15 (KHTML, like Gecko) Version/13.0.3 Mobile/15E148 Safari/604.1"
154.84.184.122 - - [20/Sep/2025:01:53:13 +0800] "GET / HTTP/1.1" 200 33466 "-" "Mozilla/5.0 (Windows NT 10.0; Win64; x64) AppleWebKit/537.36 (KHTML, like Gecko) Chrome/90.0.4430.85 Safari/537.36 Edg/90.0.818.46"
36.133.115.36 - - [20/Sep/2025:01:56:52 +0800] "POST /wp-cron.php?doing_wp_cron=1758304612.6535730361938476562500 HTTP/1.1" 200 31 "-" "WordPress/6.8.2; http://cqqizhou.com"
47.109.31.152 - - [20/Sep/2025:01:56:52 +0800] "GET /page/3/?s HTTP/1.1" 200 17964 "-" "Mozilla/5.0 (Windows NT 6.1; WOW64) AppleWebKit/537.36 (KHTML, like Gecko) Chrome/86.0.4240.198 Safari/537.36"
47.109.54.65 - - [20/Sep/2025:01:57:03 +0800] "GET /comments/ HTTP/1.1" 404 8989 "-" "Mozilla/5.0 (Windows NT 6.1; WOW64) AppleWebKit/537.36 (KHTML, like Gecko) Chrome/86.0.4240.198 Safari/537.36"
121.42.236.230 - - [20/Sep/2025:01:57:36 +0800] "GET /wp-content/cache/ HTTP/1.1" 403 548 "-" "Mozilla/5.0 (Windows NT 6.1; WOW64) AppleWebKit/537.36 (KHTML, like Gecko) Chrome/86.0.4240.198 Safari/537.36"
36.133.115.36 - - [20/Sep/2025:01:58:23 +0800] "POST /wp-cron.php?doing_wp_cron=1758304702.9701759815216064453125 HTTP/1.1" 200 31 "-" "WordPress/6.8.2; http://cqqizhou.com"
47.109.44.73 - - [20/Sep/2025:01:58:23 +0800] "GET /ask/ HTTP/1.1" 404 8989 "-" "Mozilla/5.0 (Windows NT 6.1; WOW64) AppleWebKit/537.36 (KHTML, like Gecko) Chrome/86.0.4240.198 Safari/537.36"
36.133.115.36 - - [20/Sep/2025:02:00:16 +0800] "POST /wp-cron.php?doing_wp_cron=1758304816.4711930751800537109375 HTTP/1.1" 200 31 "-" "WordPress/6.8.2; http://cqqizhou.com"
129.226.213.145 - - [20/Sep/2025:02:00:16 +0800] "GET /portfolio/remaining-rolls/ HTTP/1.1" 200 18695 "-" "Mozilla/5.0 (iPhone; CPU iPhone OS 13_2_3 like Mac OS X) AppleWebKit/605.1.15 (KHTML, like Gecko) Version/13.0.3 Mobile/15E148 Safari/604.1"
47.109.44.73 - - [20/Sep/2025:02:01:46 +0800] "GET /contacts/ HTTP/1.1" 200 21496 "-" "Mozilla/5.0 (Windows NT 6.1; WOW64) AppleWebKit/537.36 (KHTML, like Gecko) Chrome/86.0.4240.198 Safari/537.36"
36.133.115.36 - - [20/Sep/2025:02:02:20 +0800] "POST /wp-cron.php?doing_wp_cron=1758304940.3791930675506591796875 HTTP/1.1" 200 31 "-" "WordPress/6.8.2; http://cqqizhou.com"
47.109.31.152 - - [20/Sep/2025:02:02:20 +0800] "GET /shop/ HTTP/1.1" 301 5 "-" "Mozilla/5.0 (Windows NT 6.1; WOW64) AppleWebKit/537.36 (KHTML, like Gecko) Chrome/86.0.4240.198 Safari/537.36"
47.109.31.152 - - [20/Sep/2025:02:02:21 +0800] "GET /shop/ HTTP/1.1" 200 20160 "http://www.cqqizhou.com/shop/" "Mozilla/5.0 (Windows NT 6.1; WOW64) AppleWebKit/537.36 (KHTML, like Gecko) Chrome/86.0.4240.198 Safari/537.36"
139.129.246.141 - - [20/Sep/2025:02:02:53 +0800] "GET /wp-content/cache/min/1/wp-content/themes/qizhou/js/ HTTP/1.1" 403 548 "-" "Mozilla/5.0 (Windows NT 6.1; WOW64) AppleWebKit/537.36 (KHTML, like Gecko) Chrome/86.0.4240.198 Safari/537.36"
47.109.44.73 - - [20/Sep/2025:02:04:01 +0800] "GET /wp-content/cache/min/1/wp-content/plugins/contact-form-7/includes/ HTTP/1.1" 403 548 "-" "Mozilla/5.0 (Windows NT 6.1; WOW64) AppleWebKit/537.36 (KHTML, like Gecko) Chrome/86.0.4240.198 Safari/537.36"
121.42.249.16 - - [20/Sep/2025:02:04:31 +0800] "GET /contacts/ HTTP/1.1" 200 21496 "-" "Mozilla/5.0 (Windows NT 6.1; WOW64) AppleWebKit/537.36 (KHTML, like Gecko) Chrome/86.0.4240.198 Safari/537.36"
36.133.115.36 - - [20/Sep/2025:02:06:19 +0800] "POST /wp-cron.php?doing_wp_cron=1758305179.1401529312133789062500 HTTP/1.1" 200 31 "-" "WordPress/6.8.2; http://cqqizhou.com"
154.84.184.122 - - [20/Sep/2025:02:06:19 +0800] "GET / HTTP/1.1" 200 33466 "-" "Mozilla/5.0 (Windows NT 10.0; Win64; x64) AppleWebKit/537.36 (KHTML, like Gecko) Chrome/90.0.4430.85 Safari/537.36 Edg/90.0.818.46"
121.42.253.62 - - [20/Sep/2025:02:07:17 +0800] "GET /wp-content/cache/min/1/wp-content/plugins/contact-form-7/ HTTP/1.1" 403 548 "-" "Mozilla/5.0 (Windows NT 6.1; WOW64) AppleWebKit/537.36 (KHTML, like Gecko) Chrome/86.0.4240.198 Safari/537.36"
36.133.115.36 - - [20/Sep/2025:02:07:18 +0800] "POST /wp-cron.php?doing_wp_cron=1758305238.8774631023406982421875 HTTP/1.1" 200 31 "-" "WordPress/6.8.2; http://cqqizhou.com"
167.99.134.229 - - [20/Sep/2025:02:07:19 +0800] "GET / HTTP/1.0" 301 0 "-" "-"
45.135.193.100 - - [20/Sep/2025:02:07:19 +0800] "GET / HTTP/1.1" 200 151919 "-" "-"
167.99.134.229 - - [20/Sep/2025:02:07:20 +0800] "GET / HTTP/1.0" 301 0 "-" "-"
167.99.134.229 - - [20/Sep/2025:02:07:20 +0800] "GET /odinhttpcall1758305239 HTTP/1.1" 404 31381 "-" "Mozilla/5.0 (compatible; Odin; https://docs.getodin.com/)"
167.99.134.229 - - [20/Sep/2025:02:07:21 +0800] "GET /evox/about HTTP/1.1" 404 31381 "-" "Mozilla/5.0 (compatible; Odin; https://docs.getodin.com/)"
167.99.134.229 - - [20/Sep/2025:02:07:22 +0800] "GET /HNAP1 HTTP/1.1" 404 31381 "-" "Mozilla/5.0 (compatible; Odin; https://docs.getodin.com/)"
167.99.134.229 - - [20/Sep/2025:02:07:24 +0800] "POST /sdk HTTP/1.1" 404 31381 "-" "Mozilla/5.0 (compatible; Odin; https://docs.getodin.com/)"
167.99.134.229 - - [20/Sep/2025:02:07:25 +0800] "GET / HTTP/1.0" 301 0 "-" "-"
167.99.134.229 - - [20/Sep/2025:02:07:27 +0800] "GET / HTTP/1.1" 301 5 "-" "-"
207.154.254.73 - - [20/Sep/2025:02:07:28 +0800] "GET / HTTP/1.1" 301 5 "-" "Mozilla/5.0 (compatible; Odin; https://docs.getodin.com/)"
139.59.151.191 - - [20/Sep/2025:02:07:28 +0800] "GET /solr/admin/info/system HTTP/1.1" 301 5 "-" "Go-http-client/1.1"
167.172.179.212 - - [20/Sep/2025:02:07:28 +0800] "GET /query?q=SHOW+DIAGNOSTICS HTTP/1.1" 301 5 "-" "Go-http-client/1.1"
161.35.220.110 - - [20/Sep/2025:02:07:28 +0800] "GET /cgi-bin/authLogin.cgi HTTP/1.1" 301 5 "-" "Go-http-client/1.1"
207.154.254.73 - - [20/Sep/2025:02:07:30 +0800] "GET / HTTP/1.1" 200 39369 "http://36.133.115.36" "Mozilla/5.0 (compatible; Odin; https://docs.getodin.com/)"
139.59.151.191 - - [20/Sep/2025:02:07:30 +0800] "GET /solr/admin/info/system HTTP/1.1" 404 31381 "http://36.133.115.36:80/solr/admin/info/system" "Go-http-client/1.1"
167.172.179.212 - - [20/Sep/2025:02:07:30 +0800] "GET /query?q=SHOW+DIAGNOSTICS HTTP/1.1" 404 31381 "http://36.133.115.36:80/query?q=SHOW+DIAGNOSTICS" "Go-http-client/1.1"
161.35.220.110 - - [20/Sep/2025:02:07:30 +0800] "GET /cgi-bin/authLogin.cgi HTTP/1.1" 404 31381 "http://36.133.115.36:80/cgi-bin/authLogin.cgi" "Go-http-client/1.1"
139.59.151.191 - - [20/Sep/2025:02:07:35 +0800] "GET /solr/admin/cores?action=STATUS&wt=json HTTP/1.1" 301 5 "-" "Go-http-client/1.1"
139.59.151.191 - - [20/Sep/2025:02:07:36 +0800] "GET /solr/admin/cores?action=STATUS&wt=json HTTP/1.1" 404 31381 "http://36.133.115.36:80/solr/admin/cores?action=STATUS&wt=json" "Go-http-client/1.1"
139.59.151.191 - - [20/Sep/2025:02:07:38 +0800] "GET /solr/admin/cores?action=STATUS&wt=json HTTP/1.1" 301 5 "-" "Go-http-client/1.1"
139.59.151.191 - - [20/Sep/2025:02:07:40 +0800] "GET /solr/admin/cores?action=STATUS&wt=json HTTP/1.1" 499 0 "http://36.133.115.36:80/solr/admin/cores?action=STATUS&wt=json" "Go-http-client/1.1"
36.133.115.36 - - [20/Sep/2025:02:08:16 +0800] "POST /wp-cron.php?doing_wp_cron=1758305296.8309168815612792968750 HTTP/1.1" 200 31 "-" "WordPress/6.8.2; http://cqqizhou.com"
43.135.148.92 - - [20/Sep/2025:02:08:17 +0800] "GET /portfolio-category/remaining-rolls/ HTTP/1.1" 200 17593 "-" "Mozilla/5.0 (iPhone; CPU iPhone OS 13_2_3 like Mac OS X) AppleWebKit/605.1.15 (KHTML, like Gecko) Version/13.0.3 Mobile/15E148 Safari/604.1"
47.108.117.45 - - [20/Sep/2025:02:09:55 +0800] "GET /wp-content/cache/min/1/wp-content/plugins/contact-form-7/includes/js/ HTTP/1.1" 403 548 "-" "Mozilla/5.0 (Windows NT 6.1; WOW64) AppleWebKit/537.36 (KHTML, like Gecko) Chrome/86.0.4240.198 Safari/537.36"
121.42.249.16 - - [20/Sep/2025:02:10:33 +0800] "GET /wp-content/cache/min/1/wp-content/plugins/contact-form-7/includes/swv/ HTTP/1.1" 403 548 "-" "Mozilla/5.0 (Windows NT 6.1; WOW64) AppleWebKit/537.36 (KHTML, like Gecko) Chrome/86.0.4240.198 Safari/537.36"
36.133.115.36 - - [20/Sep/2025:02:11:15 +0800] "POST /wp-cron.php?doing_wp_cron=1758305475.7741649150848388671875 HTTP/1.1" 200 31 "-" "WordPress/6.8.2; http://cqqizhou.com"
47.109.31.152 - - [20/Sep/2025:02:11:15 +0800] "GET /portfolio-category/ HTTP/1.1" 404 8988 "-" "Mozilla/5.0 (Windows NT 6.1; WOW64) AppleWebKit/537.36 (KHTML, like Gecko) Chrome/86.0.4240.198 Safari/537.36"
139.59.23.70 - - [20/Sep/2025:02:16:30 +0800] "GET / HTTP/1.1" 200 39369 "-" "Mozilla/5.0 (X11; Linux x86_64) AppleWebKit/537.36 (KHTML, like Gecko) Chrome/139.0.0.0 Safari/537.36"
36.133.115.36 - - [20/Sep/2025:02:16:42 +0800] "POST /wp-cron.php?doing_wp_cron=1758305802.4518880844116210937500 HTTP/1.1" 200 31 "-" "WordPress/6.8.2; http://cqqizhou.com"
121.42.236.230 - - [20/Sep/2025:02:16:42 +0800] "GET /news/ HTTP/1.1" 301 5 "-" "Mozilla/5.0 (Windows NT 6.1; WOW64) AppleWebKit/537.36 (KHTML, like Gecko) Chrome/86.0.4240.198 Safari/537.36"
121.42.236.230 - - [20/Sep/2025:02:16:43 +0800] "GET /news/ HTTP/1.1" 200 25256 "http://www.cqqizhou.com/news/" "Mozilla/5.0 (Windows NT 6.1; WOW64) AppleWebKit/537.36 (KHTML, like Gecko) Chrome/86.0.4240.198 Safari/537.36"
36.133.115.36 - - [20/Sep/2025:02:18:17 +0800] "POST /wp-cron.php?doing_wp_cron=1758305897.0184628963470458984375 HTTP/1.1" 200 31 "-" "WordPress/6.8.2; http://cqqizhou.com"
43.130.16.140 - - [20/Sep/2025:02:18:17 +0800] "GET /wp-content/uploads/2025/07/1753587901-Slider_3840 HTTP/1.1" 404 8988 "-" "Mozilla/5.0 (iPhone; CPU iPhone OS 13_2_3 like Mac OS X) AppleWebKit/605.1.15 (KHTML, like Gecko) Version/13.0.3 Mobile/15E148 Safari/604.1"
36.133.115.36 - - [20/Sep/2025:02:18:53 +0800] "POST /wp-cron.php?doing_wp_cron=1758305933.2291901111602783203125 HTTP/1.1" 200 31 "-" "WordPress/6.8.2; http://cqqizhou.com"
121.42.236.230 - - [20/Sep/2025:02:18:53 +0800] "GET /page/ HTTP/1.1" 404 8988 "-" "Mozilla/5.0 (Windows NT 6.1; WOW64) AppleWebKit/537.36 (KHTML, like Gecko) Chrome/86.0.4240.198 Safari/537.36"
87.120.191.6 - - [20/Sep/2025:02:19:44 +0800] "GET / HTTP/1.1" 200 33466 "-" "Mozilla/5.0 (Windows NT 10.0; Win64; x64) AppleWebKit/537.36 (KHTML, like Gecko) Chrome/90.0.4430.85 Safari/537.36 Edg/90.0.818.46"
47.109.54.65 - - [20/Sep/2025:02:20:30 +0800] "GET /news/page/2/ HTTP/1.1" 200 21561 "-" "Mozilla/5.0 (Windows NT 6.1; WOW64) AppleWebKit/537.36 (KHTML, like Gecko) Chrome/86.0.4240.198 Safari/537.36"
47.109.54.65 - - [20/Sep/2025:02:21:25 +0800] "GET /wp-content/uploads/2025/09/ HTTP/1.1" 403 548 "-" "Mozilla/5.0 (Windows NT 6.1; WOW64) AppleWebKit/537.36 (KHTML, like Gecko) Chrome/86.0.4240.198 Safari/537.36"
36.133.115.36 - - [20/Sep/2025:02:22:08 +0800] "POST /wp-cron.php?doing_wp_cron=1758306128.7720949649810791015625 HTTP/1.1" 200 31 "-" "WordPress/6.8.2; http://cqqizhou.com"
93.174.93.12 - - [20/Sep/2025:02:22:08 +0800] "GET / HTTP/1.0" 301 0 "-" "Mozilla/5.0 (Linux; Android 7.0; SM-J327T1) AppleWebKit/537.36 (KHTML, like Gecko) Chrome/71.0.3578.99 Mobile Safari/537.36"
152.42.161.227 - - [20/Sep/2025:02:22:38 +0800] "GET / HTTP/1.1" 200 165874 "-" "Mozilla/5.0 (Windows NT 10.0; Win64; x64) AppleWebKit/537.36 (KHTML, like Gecko) Chrome/78.0.3904.108 Safari/537.36"
152.42.161.227 - - [20/Sep/2025:02:22:38 +0800] "GET / HTTP/1.1" 200 165874 "-" "Mozilla/5.0 (Windows NT 10.0; Win64; x64) AppleWebKit/537.36 (KHTML, like Gecko) Chrome/78.0.3904.108 Safari/537.36"
152.42.161.227 - - [20/Sep/2025:02:22:39 +0800] "GET /wp-includes/wlwmanifest.xml HTTP/1.1" 404 31381 "-" "Mozilla/5.0 (Windows NT 10.0; Win64; x64) AppleWebKit/537.36 (KHTML, like Gecko) Chrome/78.0.3904.108 Safari/537.36"
152.42.161.227 - - [20/Sep/2025:02:22:39 +0800] "GET /?author=1 HTTP/1.1" 301 5 "-" "Mozilla/5.0 (Windows NT 10.0; Win64; x64) AppleWebKit/537.36 (KHTML, like Gecko) Chrome/78.0.3904.108 Safari/537.36"
