178.128.223.137 - - [20/Sep/2025:11:39:27 +0800] "POST /xmlrpc.php HTTP/1.1" 200 415 "-" "Mozilla/5.0 (Windows NT 10.0; Win64; x64) AppleWebKit/537.36 (KHTML, like Gecko) Chrome/88.0.4240.193 Safari/537.36"
178.128.223.137 - - [20/Sep/2025:11:39:27 +0800] "POST /xmlrpc.php HTTP/1.1" 200 415 "-" "Mozilla/5.0 (Windows NT 10.0; Win64; x64) AppleWebKit/537.36 (KHTML, like Gecko) Chrome/88.0.4240.193 Safari/537.36"
178.128.223.137 - - [20/Sep/2025:11:39:28 +0800] "POST /xmlrpc.php HTTP/1.1" 200 415 "-" "Mozilla/5.0 (Windows NT 10.0; Win64; x64) AppleWebKit/537.36 (KHTML, like Gecko) Chrome/88.0.4240.193 Safari/537.36"
178.128.223.137 - - [20/Sep/2025:11:39:29 +0800] "POST /xmlrpc.php HTTP/1.1" 200 415 "-" "Mozilla/5.0 (Windows NT 10.0; Win64; x64) AppleWebKit/537.36 (KHTML, like Gecko) Chrome/88.0.4240.193 Safari/537.36"
178.128.223.137 - - [20/Sep/2025:11:39:29 +0800] "POST /xmlrpc.php HTTP/1.1" 200 415 "-" "Mozilla/5.0 (Windows NT 10.0; Win64; x64) AppleWebKit/537.36 (KHTML, like Gecko) Chrome/88.0.4240.193 Safari/537.36"
178.128.223.137 - - [20/Sep/2025:11:39:30 +0800] "POST /xmlrpc.php HTTP/1.1" 200 415 "-" "Mozilla/5.0 (Windows NT 10.0; Win64; x64) AppleWebKit/537.36 (KHTML, like Gecko) Chrome/88.0.4240.193 Safari/537.36"
178.128.223.137 - - [20/Sep/2025:11:39:31 +0800] "POST /xmlrpc.php HTTP/1.1" 200 415 "-" "Mozilla/5.0 (Windows NT 10.0; Win64; x64) AppleWebKit/537.36 (KHTML, like Gecko) Chrome/88.0.4240.193 Safari/537.36"
178.128.223.137 - - [20/Sep/2025:11:39:31 +0800] "POST /xmlrpc.php HTTP/1.1" 200 415 "-" "Mozilla/5.0 (Windows NT 10.0; Win64; x64) AppleWebKit/537.36 (KHTML, like Gecko) Chrome/88.0.4240.193 Safari/537.36"
178.128.223.137 - - [20/Sep/2025:11:39:32 +0800] "POST /xmlrpc.php HTTP/1.1" 200 415 "-" "Mozilla/5.0 (Windows NT 10.0; Win64; x64) AppleWebKit/537.36 (KHTML, like Gecko) Chrome/88.0.4240.193 Safari/537.36"
178.128.223.137 - - [20/Sep/2025:11:39:33 +0800] "POST /xmlrpc.php HTTP/1.1" 200 415 "-" "Mozilla/5.0 (Windows NT 10.0; Win64; x64) AppleWebKit/537.36 (KHTML, like Gecko) Chrome/88.0.4240.193 Safari/537.36"
178.128.223.137 - - [20/Sep/2025:11:39:33 +0800] "POST /xmlrpc.php HTTP/1.1" 200 415 "-" "Mozilla/5.0 (Windows NT 10.0; Win64; x64) AppleWebKit/537.36 (KHTML, like Gecko) Chrome/88.0.4240.193 Safari/537.36"
178.128.223.137 - - [20/Sep/2025:11:39:34 +0800] "POST /xmlrpc.php HTTP/1.1" 200 415 "-" "Mozilla/5.0 (Windows NT 10.0; Win64; x64) AppleWebKit/537.36 (KHTML, like Gecko) Chrome/88.0.4240.193 Safari/537.36"
178.128.223.137 - - [20/Sep/2025:11:39:35 +0800] "POST /xmlrpc.php HTTP/1.1" 200 415 "-" "Mozilla/5.0 (Windows NT 10.0; Win64; x64) AppleWebKit/537.36 (KHTML, like Gecko) Chrome/88.0.4240.193 Safari/537.36"
178.128.223.137 - - [20/Sep/2025:11:39:35 +0800] "POST /xmlrpc.php HTTP/1.1" 200 415 "-" "Mozilla/5.0 (Windows NT 10.0; Win64; x64) AppleWebKit/537.36 (KHTML, like Gecko) Chrome/88.0.4240.193 Safari/537.36"
178.128.223.137 - - [20/Sep/2025:11:39:36 +0800] "POST /xmlrpc.php HTTP/1.1" 200 415 "-" "Mozilla/5.0 (Windows NT 10.0; Win64; x64) AppleWebKit/537.36 (KHTML, like Gecko) Chrome/88.0.4240.193 Safari/537.36"
178.128.223.137 - - [20/Sep/2025:11:39:37 +0800] "POST /xmlrpc.php HTTP/1.1" 200 415 "-" "Mozilla/5.0 (Windows NT 10.0; Win64; x64) AppleWebKit/537.36 (KHTML, like Gecko) Chrome/88.0.4240.193 Safari/537.36"
178.128.223.137 - - [20/Sep/2025:11:39:37 +0800] "POST /xmlrpc.php HTTP/1.1" 200 415 "-" "Mozilla/5.0 (Windows NT 10.0; Win64; x64) AppleWebKit/537.36 (KHTML, like Gecko) Chrome/88.0.4240.193 Safari/537.36"
178.128.223.137 - - [20/Sep/2025:11:39:38 +0800] "POST /xmlrpc.php HTTP/1.1" 200 415 "-" "Mozilla/5.0 (Windows NT 10.0; Win64; x64) AppleWebKit/537.36 (KHTML, like Gecko) Chrome/88.0.4240.193 Safari/537.36"
178.128.223.137 - - [20/Sep/2025:11:39:39 +0800] "POST /xmlrpc.php HTTP/1.1" 200 415 "-" "Mozilla/5.0 (Windows NT 10.0; Win64; x64) AppleWebKit/537.36 (KHTML, like Gecko) Chrome/88.0.4240.193 Safari/537.36"
178.128.223.137 - - [20/Sep/2025:11:39:39 +0800] "POST /xmlrpc.php HTTP/1.1" 200 415 "-" "Mozilla/5.0 (Windows NT 10.0; Win64; x64) AppleWebKit/537.36 (KHTML, like Gecko) Chrome/88.0.4240.193 Safari/537.36"
178.128.223.137 - - [20/Sep/2025:11:39:40 +0800] "POST /xmlrpc.php HTTP/1.1" 200 415 "-" "Mozilla/5.0 (Windows NT 10.0; Win64; x64) AppleWebKit/537.36 (KHTML, like Gecko) Chrome/88.0.4240.193 Safari/537.36"
178.128.223.137 - - [20/Sep/2025:11:39:41 +0800] "POST /xmlrpc.php HTTP/1.1" 200 415 "-" "Mozilla/5.0 (Windows NT 10.0; Win64; x64) AppleWebKit/537.36 (KHTML, like Gecko) Chrome/88.0.4240.193 Safari/537.36"
178.128.223.137 - - [20/Sep/2025:11:39:41 +0800] "POST /xmlrpc.php HTTP/1.1" 200 415 "-" "Mozilla/5.0 (Windows NT 10.0; Win64; x64) AppleWebKit/537.36 (KHTML, like Gecko) Chrome/88.0.4240.193 Safari/537.36"
178.128.223.137 - - [20/Sep/2025:11:39:42 +0800] "POST /xmlrpc.php HTTP/1.1" 200 415 "-" "Mozilla/5.0 (Windows NT 10.0; Win64; x64) AppleWebKit/537.36 (KHTML, like Gecko) Chrome/88.0.4240.193 Safari/537.36"
178.128.223.137 - - [20/Sep/2025:11:39:43 +0800] "POST /xmlrpc.php HTTP/1.1" 200 415 "-" "Mozilla/5.0 (Windows NT 10.0; Win64; x64) AppleWebKit/537.36 (KHTML, like Gecko) Chrome/88.0.4240.193 Safari/537.36"
178.128.223.137 - - [20/Sep/2025:11:39:43 +0800] "POST /xmlrpc.php HTTP/1.1" 200 415 "-" "Mozilla/5.0 (Windows NT 10.0; Win64; x64) AppleWebKit/537.36 (KHTML, like Gecko) Chrome/88.0.4240.193 Safari/537.36"
178.128.223.137 - - [20/Sep/2025:11:39:44 +0800] "POST /xmlrpc.php HTTP/1.1" 200 415 "-" "Mozilla/5.0 (Windows NT 10.0; Win64; x64) AppleWebKit/537.36 (KHTML, like Gecko) Chrome/88.0.4240.193 Safari/537.36"
178.128.223.137 - - [20/Sep/2025:11:39:45 +0800] "POST /xmlrpc.php HTTP/1.1" 200 415 "-" "Mozilla/5.0 (Windows NT 10.0; Win64; x64) AppleWebKit/537.36 (KHTML, like Gecko) Chrome/88.0.4240.193 Safari/537.36"
178.128.223.137 - - [20/Sep/2025:11:39:45 +0800] "POST /xmlrpc.php HTTP/1.1" 200 415 "-" "Mozilla/5.0 (Windows NT 10.0; Win64; x64) AppleWebKit/537.36 (KHTML, like Gecko) Chrome/88.0.4240.193 Safari/537.36"
36.133.115.36 - - [20/Sep/2025:11:39:46 +0800] "POST /wp-cron.php?doing_wp_cron=1758339586.5149209499359130859375 HTTP/1.1" 200 31 "-" "WordPress/6.8.2; http://cqqizhou.com"
178.128.223.137 - - [20/Sep/2025:11:39:46 +0800] "POST /xmlrpc.php HTTP/1.1" 200 415 "-" "Mozilla/5.0 (Windows NT 10.0; Win64; x64) AppleWebKit/537.36 (KHTML, like Gecko) Chrome/88.0.4240.193 Safari/537.36"
178.128.223.137 - - [20/Sep/2025:11:39:47 +0800] "POST /xmlrpc.php HTTP/1.1" 200 415 "-" "Mozilla/5.0 (Windows NT 10.0; Win64; x64) AppleWebKit/537.36 (KHTML, like Gecko) Chrome/88.0.4240.193 Safari/537.36"
178.128.223.137 - - [20/Sep/2025:11:39:47 +0800] "POST /xmlrpc.php HTTP/1.1" 200 415 "-" "Mozilla/5.0 (Windows NT 10.0; Win64; x64) AppleWebKit/537.36 (KHTML, like Gecko) Chrome/88.0.4240.193 Safari/537.36"
178.128.223.137 - - [20/Sep/2025:11:39:48 +0800] "POST /xmlrpc.php HTTP/1.1" 200 415 "-" "Mozilla/5.0 (Windows NT 10.0; Win64; x64) AppleWebKit/537.36 (KHTML, like Gecko) Chrome/88.0.4240.193 Safari/537.36"
178.128.223.137 - - [20/Sep/2025:11:39:49 +0800] "POST /xmlrpc.php HTTP/1.1" 200 415 "-" "Mozilla/5.0 (Windows NT 10.0; Win64; x64) AppleWebKit/537.36 (KHTML, like Gecko) Chrome/88.0.4240.193 Safari/537.36"
178.128.223.137 - - [20/Sep/2025:11:39:49 +0800] "POST /xmlrpc.php HTTP/1.1" 200 415 "-" "Mozilla/5.0 (Windows NT 10.0; Win64; x64) AppleWebKit/537.36 (KHTML, like Gecko) Chrome/88.0.4240.193 Safari/537.36"
178.128.223.137 - - [20/Sep/2025:11:39:50 +0800] "POST /xmlrpc.php HTTP/1.1" 200 415 "-" "Mozilla/5.0 (Windows NT 10.0; Win64; x64) AppleWebKit/537.36 (KHTML, like Gecko) Chrome/88.0.4240.193 Safari/537.36"
178.128.223.137 - - [20/Sep/2025:11:39:51 +0800] "POST /xmlrpc.php HTTP/1.1" 200 415 "-" "Mozilla/5.0 (Windows NT 10.0; Win64; x64) AppleWebKit/537.36 (KHTML, like Gecko) Chrome/88.0.4240.193 Safari/537.36"
178.128.223.137 - - [20/Sep/2025:11:39:51 +0800] "POST /xmlrpc.php HTTP/1.1" 200 415 "-" "Mozilla/5.0 (Windows NT 10.0; Win64; x64) AppleWebKit/537.36 (KHTML, like Gecko) Chrome/88.0.4240.193 Safari/537.36"
178.128.223.137 - - [20/Sep/2025:11:39:52 +0800] "POST /xmlrpc.php HTTP/1.1" 200 415 "-" "Mozilla/5.0 (Windows NT 10.0; Win64; x64) AppleWebKit/537.36 (KHTML, like Gecko) Chrome/88.0.4240.193 Safari/537.36"
178.128.223.137 - - [20/Sep/2025:11:39:53 +0800] "POST /xmlrpc.php HTTP/1.1" 200 415 "-" "Mozilla/5.0 (Windows NT 10.0; Win64; x64) AppleWebKit/537.36 (KHTML, like Gecko) Chrome/88.0.4240.193 Safari/537.36"
178.128.223.137 - - [20/Sep/2025:11:39:53 +0800] "POST /xmlrpc.php HTTP/1.1" 200 415 "-" "Mozilla/5.0 (Windows NT 10.0; Win64; x64) AppleWebKit/537.36 (KHTML, like Gecko) Chrome/88.0.4240.193 Safari/537.36"
178.128.223.137 - - [20/Sep/2025:11:39:54 +0800] "POST /xmlrpc.php HTTP/1.1" 200 415 "-" "Mozilla/5.0 (Windows NT 10.0; Win64; x64) AppleWebKit/537.36 (KHTML, like Gecko) Chrome/88.0.4240.193 Safari/537.36"
178.128.223.137 - - [20/Sep/2025:11:39:55 +0800] "POST /xmlrpc.php HTTP/1.1" 200 415 "-" "Mozilla/5.0 (Windows NT 10.0; Win64; x64) AppleWebKit/537.36 (KHTML, like Gecko) Chrome/88.0.4240.193 Safari/537.36"
178.128.223.137 - - [20/Sep/2025:11:39:55 +0800] "POST /xmlrpc.php HTTP/1.1" 200 415 "-" "Mozilla/5.0 (Windows NT 10.0; Win64; x64) AppleWebKit/537.36 (KHTML, like Gecko) Chrome/88.0.4240.193 Safari/537.36"
178.128.223.137 - - [20/Sep/2025:11:39:56 +0800] "POST /xmlrpc.php HTTP/1.1" 200 415 "-" "Mozilla/5.0 (Windows NT 10.0; Win64; x64) AppleWebKit/537.36 (KHTML, like Gecko) Chrome/88.0.4240.193 Safari/537.36"
178.128.223.137 - - [20/Sep/2025:11:39:57 +0800] "POST /xmlrpc.php HTTP/1.1" 200 415 "-" "Mozilla/5.0 (Windows NT 10.0; Win64; x64) AppleWebKit/537.36 (KHTML, like Gecko) Chrome/88.0.4240.193 Safari/537.36"
178.128.223.137 - - [20/Sep/2025:11:39:57 +0800] "POST /xmlrpc.php HTTP/1.1" 200 415 "-" "Mozilla/5.0 (Windows NT 10.0; Win64; x64) AppleWebKit/537.36 (KHTML, like Gecko) Chrome/88.0.4240.193 Safari/537.36"
178.128.223.137 - - [20/Sep/2025:11:39:58 +0800] "POST /xmlrpc.php HTTP/1.1" 200 415 "-" "Mozilla/5.0 (Windows NT 10.0; Win64; x64) AppleWebKit/537.36 (KHTML, like Gecko) Chrome/88.0.4240.193 Safari/537.36"
178.128.223.137 - - [20/Sep/2025:11:39:59 +0800] "POST /xmlrpc.php HTTP/1.1" 200 415 "-" "Mozilla/5.0 (Windows NT 10.0; Win64; x64) AppleWebKit/537.36 (KHTML, like Gecko) Chrome/88.0.4240.193 Safari/537.36"
178.128.223.137 - - [20/Sep/2025:11:39:59 +0800] "POST /xmlrpc.php HTTP/1.1" 200 415 "-" "Mozilla/5.0 (Windows NT 10.0; Win64; x64) AppleWebKit/537.36 (KHTML, like Gecko) Chrome/88.0.4240.193 Safari/537.36"
178.128.223.137 - - [20/Sep/2025:11:40:00 +0800] "POST /xmlrpc.php HTTP/1.1" 200 415 "-" "Mozilla/5.0 (Windows NT 10.0; Win64; x64) AppleWebKit/537.36 (KHTML, like Gecko) Chrome/88.0.4240.193 Safari/537.36"
178.128.223.137 - - [20/Sep/2025:11:40:01 +0800] "POST /xmlrpc.php HTTP/1.1" 200 415 "-" "Mozilla/5.0 (Windows NT 10.0; Win64; x64) AppleWebKit/537.36 (KHTML, like Gecko) Chrome/88.0.4240.193 Safari/537.36"
178.128.223.137 - - [20/Sep/2025:11:40:01 +0800] "POST /xmlrpc.php HTTP/1.1" 200 415 "-" "Mozilla/5.0 (Windows NT 10.0; Win64; x64) AppleWebKit/537.36 (KHTML, like Gecko) Chrome/88.0.4240.193 Safari/537.36"
178.128.223.137 - - [20/Sep/2025:11:40:02 +0800] "POST /xmlrpc.php HTTP/1.1" 200 415 "-" "Mozilla/5.0 (Windows NT 10.0; Win64; x64) AppleWebKit/537.36 (KHTML, like Gecko) Chrome/88.0.4240.193 Safari/537.36"
178.128.223.137 - - [20/Sep/2025:11:40:03 +0800] "POST /xmlrpc.php HTTP/1.1" 200 415 "-" "Mozilla/5.0 (Windows NT 10.0; Win64; x64) AppleWebKit/537.36 (KHTML, like Gecko) Chrome/88.0.4240.193 Safari/537.36"
178.128.223.137 - - [20/Sep/2025:11:40:03 +0800] "POST /xmlrpc.php HTTP/1.1" 200 415 "-" "Mozilla/5.0 (Windows NT 10.0; Win64; x64) AppleWebKit/537.36 (KHTML, like Gecko) Chrome/88.0.4240.193 Safari/537.36"
178.128.223.137 - - [20/Sep/2025:11:40:04 +0800] "POST /xmlrpc.php HTTP/1.1" 200 415 "-" "Mozilla/5.0 (Windows NT 10.0; Win64; x64) AppleWebKit/537.36 (KHTML, like Gecko) Chrome/88.0.4240.193 Safari/537.36"
178.128.223.137 - - [20/Sep/2025:11:40:05 +0800] "POST /xmlrpc.php HTTP/1.1" 200 415 "-" "Mozilla/5.0 (Windows NT 10.0; Win64; x64) AppleWebKit/537.36 (KHTML, like Gecko) Chrome/88.0.4240.193 Safari/537.36"
178.128.223.137 - - [20/Sep/2025:11:40:06 +0800] "POST /xmlrpc.php HTTP/1.1" 200 415 "-" "Mozilla/5.0 (Windows NT 10.0; Win64; x64) AppleWebKit/537.36 (KHTML, like Gecko) Chrome/88.0.4240.193 Safari/537.36"
178.128.223.137 - - [20/Sep/2025:11:40:06 +0800] "POST /xmlrpc.php HTTP/1.1" 200 415 "-" "Mozilla/5.0 (Windows NT 10.0; Win64; x64) AppleWebKit/537.36 (KHTML, like Gecko) Chrome/88.0.4240.193 Safari/537.36"
178.128.223.137 - - [20/Sep/2025:11:40:07 +0800] "POST /xmlrpc.php HTTP/1.1" 200 415 "-" "Mozilla/5.0 (Windows NT 10.0; Win64; x64) AppleWebKit/537.36 (KHTML, like Gecko) Chrome/88.0.4240.193 Safari/537.36"
178.128.223.137 - - [20/Sep/2025:11:40:08 +0800] "POST /xmlrpc.php HTTP/1.1" 200 415 "-" "Mozilla/5.0 (Windows NT 10.0; Win64; x64) AppleWebKit/537.36 (KHTML, like Gecko) Chrome/88.0.4240.193 Safari/537.36"
178.128.223.137 - - [20/Sep/2025:11:40:08 +0800] "POST /xmlrpc.php HTTP/1.1" 200 415 "-" "Mozilla/5.0 (Windows NT 10.0; Win64; x64) AppleWebKit/537.36 (KHTML, like Gecko) Chrome/88.0.4240.193 Safari/537.36"
178.128.223.137 - - [20/Sep/2025:11:40:09 +0800] "POST /xmlrpc.php HTTP/1.1" 200 415 "-" "Mozilla/5.0 (Windows NT 10.0; Win64; x64) AppleWebKit/537.36 (KHTML, like Gecko) Chrome/88.0.4240.193 Safari/537.36"
178.128.223.137 - - [20/Sep/2025:11:40:10 +0800] "POST /xmlrpc.php HTTP/1.1" 200 415 "-" "Mozilla/5.0 (Windows NT 10.0; Win64; x64) AppleWebKit/537.36 (KHTML, like Gecko) Chrome/88.0.4240.193 Safari/537.36"
178.128.223.137 - - [20/Sep/2025:11:40:10 +0800] "POST /xmlrpc.php HTTP/1.1" 200 415 "-" "Mozilla/5.0 (Windows NT 10.0; Win64; x64) AppleWebKit/537.36 (KHTML, like Gecko) Chrome/88.0.4240.193 Safari/537.36"
178.128.223.137 - - [20/Sep/2025:11:40:11 +0800] "POST /xmlrpc.php HTTP/1.1" 200 415 "-" "Mozilla/5.0 (Windows NT 10.0; Win64; x64) AppleWebKit/537.36 (KHTML, like Gecko) Chrome/88.0.4240.193 Safari/537.36"
178.128.223.137 - - [20/Sep/2025:11:40:12 +0800] "POST /xmlrpc.php HTTP/1.1" 200 415 "-" "Mozilla/5.0 (Windows NT 10.0; Win64; x64) AppleWebKit/537.36 (KHTML, like Gecko) Chrome/88.0.4240.193 Safari/537.36"
178.128.223.137 - - [20/Sep/2025:11:40:13 +0800] "POST /xmlrpc.php HTTP/1.1" 200 415 "-" "Mozilla/5.0 (Windows NT 10.0; Win64; x64) AppleWebKit/537.36 (KHTML, like Gecko) Chrome/88.0.4240.193 Safari/537.36"
178.128.223.137 - - [20/Sep/2025:11:40:13 +0800] "POST /xmlrpc.php HTTP/1.1" 200 415 "-" "Mozilla/5.0 (Windows NT 10.0; Win64; x64) AppleWebKit/537.36 (KHTML, like Gecko) Chrome/88.0.4240.193 Safari/537.36"
178.128.223.137 - - [20/Sep/2025:11:40:14 +0800] "POST /xmlrpc.php HTTP/1.1" 200 415 "-" "Mozilla/5.0 (Windows NT 10.0; Win64; x64) AppleWebKit/537.36 (KHTML, like Gecko) Chrome/88.0.4240.193 Safari/537.36"
178.128.223.137 - - [20/Sep/2025:11:40:15 +0800] "POST /xmlrpc.php HTTP/1.1" 200 415 "-" "Mozilla/5.0 (Windows NT 10.0; Win64; x64) AppleWebKit/537.36 (KHTML, like Gecko) Chrome/88.0.4240.193 Safari/537.36"
178.128.223.137 - - [20/Sep/2025:11:40:15 +0800] "POST /xmlrpc.php HTTP/1.1" 200 415 "-" "Mozilla/5.0 (Windows NT 10.0; Win64; x64) AppleWebKit/537.36 (KHTML, like Gecko) Chrome/88.0.4240.193 Safari/537.36"
178.128.223.137 - - [20/Sep/2025:11:40:16 +0800] "POST /xmlrpc.php HTTP/1.1" 200 415 "-" "Mozilla/5.0 (Windows NT 10.0; Win64; x64) AppleWebKit/537.36 (KHTML, like Gecko) Chrome/88.0.4240.193 Safari/537.36"
178.128.223.137 - - [20/Sep/2025:11:40:17 +0800] "POST /xmlrpc.php HTTP/1.1" 200 415 "-" "Mozilla/5.0 (Windows NT 10.0; Win64; x64) AppleWebKit/537.36 (KHTML, like Gecko) Chrome/88.0.4240.193 Safari/537.36"
178.128.223.137 - - [20/Sep/2025:11:40:17 +0800] "POST /xmlrpc.php HTTP/1.1" 200 415 "-" "Mozilla/5.0 (Windows NT 10.0; Win64; x64) AppleWebKit/537.36 (KHTML, like Gecko) Chrome/88.0.4240.193 Safari/537.36"
178.128.223.137 - - [20/Sep/2025:11:40:18 +0800] "POST /xmlrpc.php HTTP/1.1" 200 415 "-" "Mozilla/5.0 (Windows NT 10.0; Win64; x64) AppleWebKit/537.36 (KHTML, like Gecko) Chrome/88.0.4240.193 Safari/537.36"
178.128.223.137 - - [20/Sep/2025:11:40:19 +0800] "POST /xmlrpc.php HTTP/1.1" 200 415 "-" "Mozilla/5.0 (Windows NT 10.0; Win64; x64) AppleWebKit/537.36 (KHTML, like Gecko) Chrome/88.0.4240.193 Safari/537.36"
178.128.223.137 - - [20/Sep/2025:11:40:19 +0800] "POST /xmlrpc.php HTTP/1.1" 200 415 "-" "Mozilla/5.0 (Windows NT 10.0; Win64; x64) AppleWebKit/537.36 (KHTML, like Gecko) Chrome/88.0.4240.193 Safari/537.36"
178.128.223.137 - - [20/Sep/2025:11:40:20 +0800] "POST /xmlrpc.php HTTP/1.1" 200 415 "-" "Mozilla/5.0 (Windows NT 10.0; Win64; x64) AppleWebKit/537.36 (KHTML, like Gecko) Chrome/88.0.4240.193 Safari/537.36"
178.128.223.137 - - [20/Sep/2025:11:40:21 +0800] "POST /xmlrpc.php HTTP/1.1" 200 415 "-" "Mozilla/5.0 (Windows NT 10.0; Win64; x64) AppleWebKit/537.36 (KHTML, like Gecko) Chrome/88.0.4240.193 Safari/537.36"
178.128.223.137 - - [20/Sep/2025:11:40:21 +0800] "POST /xmlrpc.php HTTP/1.1" 200 415 "-" "Mozilla/5.0 (Windows NT 10.0; Win64; x64) AppleWebKit/537.36 (KHTML, like Gecko) Chrome/88.0.4240.193 Safari/537.36"
178.128.223.137 - - [20/Sep/2025:11:40:22 +0800] "POST /xmlrpc.php HTTP/1.1" 200 415 "-" "Mozilla/5.0 (Windows NT 10.0; Win64; x64) AppleWebKit/537.36 (KHTML, like Gecko) Chrome/88.0.4240.193 Safari/537.36"
178.128.223.137 - - [20/Sep/2025:11:40:23 +0800] "POST /xmlrpc.php HTTP/1.1" 200 415 "-" "Mozilla/5.0 (Windows NT 10.0; Win64; x64) AppleWebKit/537.36 (KHTML, like Gecko) Chrome/88.0.4240.193 Safari/537.36"
178.128.223.137 - - [20/Sep/2025:11:40:23 +0800] "POST /xmlrpc.php HTTP/1.1" 200 415 "-" "Mozilla/5.0 (Windows NT 10.0; Win64; x64) AppleWebKit/537.36 (KHTML, like Gecko) Chrome/88.0.4240.193 Safari/537.36"
178.128.223.137 - - [20/Sep/2025:11:40:24 +0800] "POST /xmlrpc.php HTTP/1.1" 200 415 "-" "Mozilla/5.0 (Windows NT 10.0; Win64; x64) AppleWebKit/537.36 (KHTML, like Gecko) Chrome/88.0.4240.193 Safari/537.36"
178.128.223.137 - - [20/Sep/2025:11:40:25 +0800] "POST /xmlrpc.php HTTP/1.1" 200 415 "-" "Mozilla/5.0 (Windows NT 10.0; Win64; x64) AppleWebKit/537.36 (KHTML, like Gecko) Chrome/88.0.4240.193 Safari/537.36"
178.128.223.137 - - [20/Sep/2025:11:40:25 +0800] "POST /xmlrpc.php HTTP/1.1" 200 415 "-" "Mozilla/5.0 (Windows NT 10.0; Win64; x64) AppleWebKit/537.36 (KHTML, like Gecko) Chrome/88.0.4240.193 Safari/537.36"
178.128.223.137 - - [20/Sep/2025:11:40:26 +0800] "POST /xmlrpc.php HTTP/1.1" 200 415 "-" "Mozilla/5.0 (Windows NT 10.0; Win64; x64) AppleWebKit/537.36 (KHTML, like Gecko) Chrome/88.0.4240.193 Safari/537.36"
178.128.223.137 - - [20/Sep/2025:11:40:27 +0800] "POST /xmlrpc.php HTTP/1.1" 200 415 "-" "Mozilla/5.0 (Windows NT 10.0; Win64; x64) AppleWebKit/537.36 (KHTML, like Gecko) Chrome/88.0.4240.193 Safari/537.36"
178.128.223.137 - - [20/Sep/2025:11:40:27 +0800] "POST /xmlrpc.php HTTP/1.1" 200 415 "-" "Mozilla/5.0 (Windows NT 10.0; Win64; x64) AppleWebKit/537.36 (KHTML, like Gecko) Chrome/88.0.4240.193 Safari/537.36"
178.128.223.137 - - [20/Sep/2025:11:40:28 +0800] "POST /xmlrpc.php HTTP/1.1" 200 415 "-" "Mozilla/5.0 (Windows NT 10.0; Win64; x64) AppleWebKit/537.36 (KHTML, like Gecko) Chrome/88.0.4240.193 Safari/537.36"
178.128.223.137 - - [20/Sep/2025:11:40:29 +0800] "POST /xmlrpc.php HTTP/1.1" 200 415 "-" "Mozilla/5.0 (Windows NT 10.0; Win64; x64) AppleWebKit/537.36 (KHTML, like Gecko) Chrome/88.0.4240.193 Safari/537.36"
178.128.223.137 - - [20/Sep/2025:11:40:29 +0800] "POST /xmlrpc.php HTTP/1.1" 200 415 "-" "Mozilla/5.0 (Windows NT 10.0; Win64; x64) AppleWebKit/537.36 (KHTML, like Gecko) Chrome/88.0.4240.193 Safari/537.36"
178.128.223.137 - - [20/Sep/2025:11:40:30 +0800] "POST /xmlrpc.php HTTP/1.1" 200 415 "-" "Mozilla/5.0 (Windows NT 10.0; Win64; x64) AppleWebKit/537.36 (KHTML, like Gecko) Chrome/88.0.4240.193 Safari/537.36"
178.128.223.137 - - [20/Sep/2025:11:40:31 +0800] "POST /xmlrpc.php HTTP/1.1" 200 415 "-" "Mozilla/5.0 (Windows NT 10.0; Win64; x64) AppleWebKit/537.36 (KHTML, like Gecko) Chrome/88.0.4240.193 Safari/537.36"
178.128.223.137 - - [20/Sep/2025:11:40:31 +0800] "POST /xmlrpc.php HTTP/1.1" 200 415 "-" "Mozilla/5.0 (Windows NT 10.0; Win64; x64) AppleWebKit/537.36 (KHTML, like Gecko) Chrome/88.0.4240.193 Safari/537.36"
178.128.223.137 - - [20/Sep/2025:11:40:32 +0800] "POST /xmlrpc.php HTTP/1.1" 200 415 "-" "Mozilla/5.0 (Windows NT 10.0; Win64; x64) AppleWebKit/537.36 (KHTML, like Gecko) Chrome/88.0.4240.193 Safari/537.36"
178.128.223.137 - - [20/Sep/2025:11:40:33 +0800] "POST /xmlrpc.php HTTP/1.1" 200 415 "-" "Mozilla/5.0 (Windows NT 10.0; Win64; x64) AppleWebKit/537.36 (KHTML, like Gecko) Chrome/88.0.4240.193 Safari/537.36"
178.128.223.137 - - [20/Sep/2025:11:40:34 +0800] "POST /xmlrpc.php HTTP/1.1" 200 415 "-" "Mozilla/5.0 (Windows NT 10.0; Win64; x64) AppleWebKit/537.36 (KHTML, like Gecko) Chrome/88.0.4240.193 Safari/537.36"
178.128.223.137 - - [20/Sep/2025:11:40:34 +0800] "POST /xmlrpc.php HTTP/1.1" 200 415 "-" "Mozilla/5.0 (Windows NT 10.0; Win64; x64) AppleWebKit/537.36 (KHTML, like Gecko) Chrome/88.0.4240.193 Safari/537.36"
178.128.223.137 - - [20/Sep/2025:11:40:35 +0800] "POST /xmlrpc.php HTTP/1.1" 200 415 "-" "Mozilla/5.0 (Windows NT 10.0; Win64; x64) AppleWebKit/537.36 (KHTML, like Gecko) Chrome/88.0.4240.193 Safari/537.36"
178.128.223.137 - - [20/Sep/2025:11:40:36 +0800] "POST /xmlrpc.php HTTP/1.1" 200 415 "-" "Mozilla/5.0 (Windows NT 10.0; Win64; x64) AppleWebKit/537.36 (KHTML, like Gecko) Chrome/88.0.4240.193 Safari/537.36"
178.128.223.137 - - [20/Sep/2025:11:40:36 +0800] "POST /xmlrpc.php HTTP/1.1" 200 415 "-" "Mozilla/5.0 (Windows NT 10.0; Win64; x64) AppleWebKit/537.36 (KHTML, like Gecko) Chrome/88.0.4240.193 Safari/537.36"
178.128.223.137 - - [20/Sep/2025:11:40:37 +0800] "POST /xmlrpc.php HTTP/1.1" 200 415 "-" "Mozilla/5.0 (Windows NT 10.0; Win64; x64) AppleWebKit/537.36 (KHTML, like Gecko) Chrome/88.0.4240.193 Safari/537.36"
178.128.223.137 - - [20/Sep/2025:11:40:38 +0800] "POST /xmlrpc.php HTTP/1.1" 200 415 "-" "Mozilla/5.0 (Windows NT 10.0; Win64; x64) AppleWebKit/537.36 (KHTML, like Gecko) Chrome/88.0.4240.193 Safari/537.36"
178.128.223.137 - - [20/Sep/2025:11:40:38 +0800] "POST /xmlrpc.php HTTP/1.1" 200 415 "-" "Mozilla/5.0 (Windows NT 10.0; Win64; x64) AppleWebKit/537.36 (KHTML, like Gecko) Chrome/88.0.4240.193 Safari/537.36"
178.128.223.137 - - [20/Sep/2025:11:40:39 +0800] "POST /xmlrpc.php HTTP/1.1" 200 415 "-" "Mozilla/5.0 (Windows NT 10.0; Win64; x64) AppleWebKit/537.36 (KHTML, like Gecko) Chrome/88.0.4240.193 Safari/537.36"
178.128.223.137 - - [20/Sep/2025:11:40:40 +0800] "POST /xmlrpc.php HTTP/1.1" 200 415 "-" "Mozilla/5.0 (Windows NT 10.0; Win64; x64) AppleWebKit/537.36 (KHTML, like Gecko) Chrome/88.0.4240.193 Safari/537.36"
178.128.223.137 - - [20/Sep/2025:11:40:40 +0800] "POST /xmlrpc.php HTTP/1.1" 200 415 "-" "Mozilla/5.0 (Windows NT 10.0; Win64; x64) AppleWebKit/537.36 (KHTML, like Gecko) Chrome/88.0.4240.193 Safari/537.36"
178.128.223.137 - - [20/Sep/2025:11:40:41 +0800] "POST /xmlrpc.php HTTP/1.1" 200 415 "-" "Mozilla/5.0 (Windows NT 10.0; Win64; x64) AppleWebKit/537.36 (KHTML, like Gecko) Chrome/88.0.4240.193 Safari/537.36"
178.128.223.137 - - [20/Sep/2025:11:40:42 +0800] "POST /xmlrpc.php HTTP/1.1" 200 415 "-" "Mozilla/5.0 (Windows NT 10.0; Win64; x64) AppleWebKit/537.36 (KHTML, like Gecko) Chrome/88.0.4240.193 Safari/537.36"
178.128.223.137 - - [20/Sep/2025:11:40:42 +0800] "POST /xmlrpc.php HTTP/1.1" 200 415 "-" "Mozilla/5.0 (Windows NT 10.0; Win64; x64) AppleWebKit/537.36 (KHTML, like Gecko) Chrome/88.0.4240.193 Safari/537.36"
178.128.223.137 - - [20/Sep/2025:11:40:43 +0800] "POST /xmlrpc.php HTTP/1.1" 200 415 "-" "Mozilla/5.0 (Windows NT 10.0; Win64; x64) AppleWebKit/537.36 (KHTML, like Gecko) Chrome/88.0.4240.193 Safari/537.36"
178.128.223.137 - - [20/Sep/2025:11:40:44 +0800] "POST /xmlrpc.php HTTP/1.1" 200 415 "-" "Mozilla/5.0 (Windows NT 10.0; Win64; x64) AppleWebKit/537.36 (KHTML, like Gecko) Chrome/88.0.4240.193 Safari/537.36"
178.128.223.137 - - [20/Sep/2025:11:40:44 +0800] "POST /xmlrpc.php HTTP/1.1" 200 415 "-" "Mozilla/5.0 (Windows NT 10.0; Win64; x64) AppleWebKit/537.36 (KHTML, like Gecko) Chrome/88.0.4240.193 Safari/537.36"
178.128.223.137 - - [20/Sep/2025:11:40:45 +0800] "POST /xmlrpc.php HTTP/1.1" 200 415 "-" "Mozilla/5.0 (Windows NT 10.0; Win64; x64) AppleWebKit/537.36 (KHTML, like Gecko) Chrome/88.0.4240.193 Safari/537.36"
36.133.115.36 - - [20/Sep/2025:11:40:46 +0800] "POST /wp-cron.php?doing_wp_cron=1758339646.0895140171051025390625 HTTP/1.1" 200 31 "-" "WordPress/6.8.2; http://cqqizhou.com"
178.128.223.137 - - [20/Sep/2025:11:40:46 +0800] "POST /xmlrpc.php HTTP/1.1" 200 415 "-" "Mozilla/5.0 (Windows NT 10.0; Win64; x64) AppleWebKit/537.36 (KHTML, like Gecko) Chrome/88.0.4240.193 Safari/537.36"
178.128.223.137 - - [20/Sep/2025:11:40:46 +0800] "POST /xmlrpc.php HTTP/1.1" 200 415 "-" "Mozilla/5.0 (Windows NT 10.0; Win64; x64) AppleWebKit/537.36 (KHTML, like Gecko) Chrome/88.0.4240.193 Safari/537.36"
178.128.223.137 - - [20/Sep/2025:11:40:47 +0800] "POST /xmlrpc.php HTTP/1.1" 200 415 "-" "Mozilla/5.0 (Windows NT 10.0; Win64; x64) AppleWebKit/537.36 (KHTML, like Gecko) Chrome/88.0.4240.193 Safari/537.36"
178.128.223.137 - - [20/Sep/2025:11:40:48 +0800] "POST /xmlrpc.php HTTP/1.1" 200 415 "-" "Mozilla/5.0 (Windows NT 10.0; Win64; x64) AppleWebKit/537.36 (KHTML, like Gecko) Chrome/88.0.4240.193 Safari/537.36"
178.128.223.137 - - [20/Sep/2025:11:40:48 +0800] "POST /xmlrpc.php HTTP/1.1" 200 415 "-" "Mozilla/5.0 (Windows NT 10.0; Win64; x64) AppleWebKit/537.36 (KHTML, like Gecko) Chrome/88.0.4240.193 Safari/537.36"
178.128.223.137 - - [20/Sep/2025:11:40:49 +0800] "POST /xmlrpc.php HTTP/1.1" 200 415 "-" "Mozilla/5.0 (Windows NT 10.0; Win64; x64) AppleWebKit/537.36 (KHTML, like Gecko) Chrome/88.0.4240.193 Safari/537.36"
178.128.223.137 - - [20/Sep/2025:11:40:50 +0800] "POST /xmlrpc.php HTTP/1.1" 200 415 "-" "Mozilla/5.0 (Windows NT 10.0; Win64; x64) AppleWebKit/537.36 (KHTML, like Gecko) Chrome/88.0.4240.193 Safari/537.36"
178.128.223.137 - - [20/Sep/2025:11:40:50 +0800] "POST /xmlrpc.php HTTP/1.1" 200 415 "-" "Mozilla/5.0 (Windows NT 10.0; Win64; x64) AppleWebKit/537.36 (KHTML, like Gecko) Chrome/88.0.4240.193 Safari/537.36"
178.128.223.137 - - [20/Sep/2025:11:40:51 +0800] "POST /xmlrpc.php HTTP/1.1" 200 415 "-" "Mozilla/5.0 (Windows NT 10.0; Win64; x64) AppleWebKit/537.36 (KHTML, like Gecko) Chrome/88.0.4240.193 Safari/537.36"
178.128.223.137 - - [20/Sep/2025:11:40:52 +0800] "POST /xmlrpc.php HTTP/1.1" 200 415 "-" "Mozilla/5.0 (Windows NT 10.0; Win64; x64) AppleWebKit/537.36 (KHTML, like Gecko) Chrome/88.0.4240.193 Safari/537.36"
178.128.223.137 - - [20/Sep/2025:11:40:52 +0800] "POST /xmlrpc.php HTTP/1.1" 200 415 "-" "Mozilla/5.0 (Windows NT 10.0; Win64; x64) AppleWebKit/537.36 (KHTML, like Gecko) Chrome/88.0.4240.193 Safari/537.36"
178.128.223.137 - - [20/Sep/2025:11:40:53 +0800] "POST /xmlrpc.php HTTP/1.1" 200 415 "-" "Mozilla/5.0 (Windows NT 10.0; Win64; x64) AppleWebKit/537.36 (KHTML, like Gecko) Chrome/88.0.4240.193 Safari/537.36"
178.128.223.137 - - [20/Sep/2025:11:40:54 +0800] "POST /xmlrpc.php HTTP/1.1" 200 415 "-" "Mozilla/5.0 (Windows NT 10.0; Win64; x64) AppleWebKit/537.36 (KHTML, like Gecko) Chrome/88.0.4240.193 Safari/537.36"
178.128.223.137 - - [20/Sep/2025:11:40:54 +0800] "POST /xmlrpc.php HTTP/1.1" 200 415 "-" "Mozilla/5.0 (Windows NT 10.0; Win64; x64) AppleWebKit/537.36 (KHTML, like Gecko) Chrome/88.0.4240.193 Safari/537.36"
178.128.223.137 - - [20/Sep/2025:11:40:55 +0800] "POST /xmlrpc.php HTTP/1.1" 200 415 "-" "Mozilla/5.0 (Windows NT 10.0; Win64; x64) AppleWebKit/537.36 (KHTML, like Gecko) Chrome/88.0.4240.193 Safari/537.36"
178.128.223.137 - - [20/Sep/2025:11:40:56 +0800] "POST /xmlrpc.php HTTP/1.1" 200 415 "-" "Mozilla/5.0 (Windows NT 10.0; Win64; x64) AppleWebKit/537.36 (KHTML, like Gecko) Chrome/88.0.4240.193 Safari/537.36"
178.128.223.137 - - [20/Sep/2025:11:40:56 +0800] "POST /xmlrpc.php HTTP/1.1" 200 415 "-" "Mozilla/5.0 (Windows NT 10.0; Win64; x64) AppleWebKit/537.36 (KHTML, like Gecko) Chrome/88.0.4240.193 Safari/537.36"
178.128.223.137 - - [20/Sep/2025:11:40:57 +0800] "POST /xmlrpc.php HTTP/1.1" 200 415 "-" "Mozilla/5.0 (Windows NT 10.0; Win64; x64) AppleWebKit/537.36 (KHTML, like Gecko) Chrome/88.0.4240.193 Safari/537.36"
178.128.223.137 - - [20/Sep/2025:11:40:58 +0800] "POST /xmlrpc.php HTTP/1.1" 200 415 "-" "Mozilla/5.0 (Windows NT 10.0; Win64; x64) AppleWebKit/537.36 (KHTML, like Gecko) Chrome/88.0.4240.193 Safari/537.36"
178.128.223.137 - - [20/Sep/2025:11:40:58 +0800] "POST /xmlrpc.php HTTP/1.1" 200 415 "-" "Mozilla/5.0 (Windows NT 10.0; Win64; x64) AppleWebKit/537.36 (KHTML, like Gecko) Chrome/88.0.4240.193 Safari/537.36"
178.128.223.137 - - [20/Sep/2025:11:40:59 +0800] "POST /xmlrpc.php HTTP/1.1" 200 415 "-" "Mozilla/5.0 (Windows NT 10.0; Win64; x64) AppleWebKit/537.36 (KHTML, like Gecko) Chrome/88.0.4240.193 Safari/537.36"
178.128.223.137 - - [20/Sep/2025:11:41:00 +0800] "POST /xmlrpc.php HTTP/1.1" 200 415 "-" "Mozilla/5.0 (Windows NT 10.0; Win64; x64) AppleWebKit/537.36 (KHTML, like Gecko) Chrome/88.0.4240.193 Safari/537.36"
178.128.223.137 - - [20/Sep/2025:11:41:00 +0800] "POST /xmlrpc.php HTTP/1.1" 200 415 "-" "Mozilla/5.0 (Windows NT 10.0; Win64; x64) AppleWebKit/537.36 (KHTML, like Gecko) Chrome/88.0.4240.193 Safari/537.36"
178.128.223.137 - - [20/Sep/2025:11:41:01 +0800] "POST /xmlrpc.php HTTP/1.1" 200 415 "-" "Mozilla/5.0 (Windows NT 10.0; Win64; x64) AppleWebKit/537.36 (KHTML, like Gecko) Chrome/88.0.4240.193 Safari/537.36"
178.128.223.137 - - [20/Sep/2025:11:41:02 +0800] "POST /xmlrpc.php HTTP/1.1" 200 415 "-" "Mozilla/5.0 (Windows NT 10.0; Win64; x64) AppleWebKit/537.36 (KHTML, like Gecko) Chrome/88.0.4240.193 Safari/537.36"
178.128.223.137 - - [20/Sep/2025:11:41:02 +0800] "POST /xmlrpc.php HTTP/1.1" 200 415 "-" "Mozilla/5.0 (Windows NT 10.0; Win64; x64) AppleWebKit/537.36 (KHTML, like Gecko) Chrome/88.0.4240.193 Safari/537.36"
87.120.191.70 - - [20/Sep/2025:11:41:08 +0800] "GET / HTTP/1.1" 200 33467 "-" "Mozilla/5.0 (Windows NT 10.0; Win64; x64) AppleWebKit/537.36 (KHTML, like Gecko) Chrome/90.0.4430.85 Safari/537.36 Edg/90.0.818.46"
162.240.70.131 - - [20/Sep/2025:11:41:33 +0800] "POST /xmlrpc.php HTTP/1.1" 200 217 "-" "Mozilla/5.0 (X11; Ubuntu; Linux x86_64; rv:85.0) Gecko/20100101 Firefox/91.0"
36.133.115.36 - - [20/Sep/2025:11:45:21 +0800] "POST /wp-cron.php?doing_wp_cron=1758339921.2119750976562500000000 HTTP/1.1" 200 31 "-" "WordPress/6.8.2; http://cqqizhou.com"
45.142.193.144 - - [20/Sep/2025:11:45:21 +0800] "GET / HTTP/1.1" 200 33467 "-" "Mozilla/5.0 (Windows NT 10.0; Win64; x64) AppleWebKit/537.36 (KHTML, like Gecko) Chrome/90.0.4430.85 Safari/537.36 Edg/90.0.818.46"
36.133.115.36 - - [20/Sep/2025:11:49:05 +0800] "POST /wp-cron.php?doing_wp_cron=1758340145.9542610645294189453125 HTTP/1.1" 200 31 "-" "WordPress/6.8.2; http://cqqizhou.com"
87.120.191.6 - - [20/Sep/2025:11:49:06 +0800] "GET / HTTP/1.1" 200 33466 "-" "Mozilla/5.0 (Windows NT 10.0; Win64; x64) AppleWebKit/537.36 (KHTML, like Gecko) Chrome/90.0.4430.85 Safari/537.36 Edg/90.0.818.46"
36.133.115.36 - - [20/Sep/2025:11:51:13 +0800] "POST /wp-cron.php?doing_wp_cron=1758340273.3884639739990234375000 HTTP/1.1" 200 31 "-" "WordPress/6.8.2; http://cqqizhou.com"
178.242.207.186 - - [20/Sep/2025:11:51:13 +0800] "GET / HTTP/1.0" 301 0 "-" "Hello World"
36.133.115.36 - - [20/Sep/2025:11:59:34 +0800] "POST /wp-cron.php?doing_wp_cron=1758340774.7481598854064941406250 HTTP/1.1" 200 31 "-" "WordPress/6.8.2; http://cqqizhou.com"
149.50.103.48 - - [20/Sep/2025:11:59:35 +0800] "GET / HTTP/1.1" 200 33467 "-" "Mozilla/5.0 (Windows NT 10.0; Win64; x64) AppleWebKit/537.36 (KHTML, like Gecko) Chrome/90.0.4430.85 Safari/537.36 Edg/90.0.818.46"
36.133.115.36 - - [20/Sep/2025:12:13:33 +0800] "POST /wp-cron.php?doing_wp_cron=1758341613.6117019653320312500000 HTTP/1.1" 200 31 "-" "WordPress/6.8.2; http://cqqizhou.com"
51.254.59.113 - - [20/Sep/2025:12:13:33 +0800] "GET / HTTP/1.1" 301 5 "-" "Mozilla/5.0 (Windows NT 6.1) AppleWebKit/537.36 (KHTML, like Gecko) Chrome/41.0.2228.0 Safari/537.36"
36.133.115.36 - - [20/Sep/2025:12:19:38 +0800] "POST /wp-cron.php?doing_wp_cron=1758341978.3360099792480468750000 HTTP/1.1" 200 31 "-" "WordPress/6.8.2; http://cqqizhou.com"
175.173.144.242 - - [20/Sep/2025:12:19:38 +0800] "GET / HTTP/1.1" 301 5 "-" "Mozilla/5.0 (Windows NT 10.0; Win64; x64) AppleWebKit/537.36 (KHTML, like Gecko) Chrome/73.0.3683.20"
175.173.144.242 - - [20/Sep/2025:12:19:39 +0800] "GET / HTTP/1.1" 200 39369 "-" "Mozilla/5.0 (Windows NT 10.0; Win64; x64) AppleWebKit/537.36 (KHTML, like Gecko) Chrome/73.0.3683.20"
222.247.154.198 - - [20/Sep/2025:12:19:55 +0800] "GET / HTTP/1.1" 200 39369 "-" "Mozilla/5.0 (Windows NT 6.2; WOW64) AppleWebKit/537.36 (KHTML, like Gecko) Chrome/73.0.3683.68"
36.133.115.36 - - [20/Sep/2025:12:20:55 +0800] "POST /wp-cron.php?doing_wp_cron=1758342055.2480330467224121093750 HTTP/1.1" 200 31 "-" "WordPress/6.8.2; http://cqqizhou.com"
36.133.108.119 - - [20/Sep/2025:12:20:55 +0800] "HEAD /local/.env HTTP/1.1" 404 0 "-" "Mozilla/5.0 (compatible; MSIE 8.0; Windows NT 5.1; Trident/4.0; SLCC1; .NET CLR 3.0.4506.2152; .NET CLR 3.5.30729; .NET CLR 1.1.4322)"
36.133.115.36 - - [20/Sep/2025:12:31:04 +0800] "POST /wp-cron.php?doing_wp_cron=1758342664.1621639728546142578125 HTTP/1.1" 200 31 "-" "WordPress/6.8.2; http://cqqizhou.com"
87.120.191.6 - - [20/Sep/2025:12:31:04 +0800] "GET / HTTP/1.1" 200 33466 "-" "Mozilla/5.0 (Windows NT 10.0; Win64; x64) AppleWebKit/537.36 (KHTML, like Gecko) Chrome/90.0.4430.85 Safari/537.36 Edg/90.0.818.46"
87.120.191.70 - - [20/Sep/2025:12:31:34 +0800] "GET / HTTP/1.1" 200 33466 "-" "Mozilla/5.0 (Windows NT 10.0; Win64; x64) AppleWebKit/537.36 (KHTML, like Gecko) Chrome/90.0.4430.85 Safari/537.36 Edg/90.0.818.46"
36.133.115.36 - - [20/Sep/2025:12:33:18 +0800] "POST /wp-cron.php?doing_wp_cron=1758342798.5618779659271240234375 HTTP/1.1" 200 31 "-" "WordPress/6.8.2; http://cqqizhou.com"
115.78.7.179 - - [20/Sep/2025:12:33:18 +0800] "POST /xmlrpc.php HTTP/1.1" 200 217 "-" "Mozilla/5.0 (X11; Ubuntu; Linux x86_64; rv:85.0) Gecko/20100101 Firefox/91.0"
36.133.115.36 - - [20/Sep/2025:12:35:55 +0800] "POST /wp-cron.php?doing_wp_cron=1758342955.4718599319458007812500 HTTP/1.1" 200 31 "-" "WordPress/6.8.2; http://cqqizhou.com"
209.126.84.16 - - [20/Sep/2025:12:35:55 +0800] "GET /.env HTTP/1.1" 301 5 "-" "python-requests/2.32.5"
36.133.115.36 - - [20/Sep/2025:12:40:22 +0800] "POST /wp-cron.php?doing_wp_cron=1758343222.4183480739593505859375 HTTP/1.1" 200 31 "-" "WordPress/6.8.2; http://cqqizhou.com"
91.224.92.17 - - [20/Sep/2025:12:40:25 +0800] "GET / HTTP/1.1" 200 96805 "-" "-"
36.133.115.36 - - [20/Sep/2025:12:41:36 +0800] "POST /wp-cron.php?doing_wp_cron=1758343296.5144889354705810546875 HTTP/1.1" 200 31 "-" "WordPress/6.8.2; http://cqqizhou.com"
176.65.149.245 - - [20/Sep/2025:12:41:36 +0800] "GET / HTTP/1.1" 200 33466 "-" "Mozilla/5.0 (Windows NT 10.0; Win64; x64) AppleWebKit/537.36 (KHTML, like Gecko) Chrome/90.0.4430.85 Safari/537.36 Edg/90.0.818.46"
36.133.115.36 - - [20/Sep/2025:12:46:58 +0800] "POST /wp-cron.php?doing_wp_cron=1758343618.6441740989685058593750 HTTP/1.1" 200 31 "-" "WordPress/6.8.2; http://cqqizhou.com"
9.234.10.188 - - [20/Sep/2025:12:46:58 +0800] "GET /developmentserver/metadatauploader HTTP/1.1" 404 8990 "-" "Mozilla/5.0 zgrab/0.x"
36.133.115.36 - - [20/Sep/2025:12:57:12 +0800] "POST /wp-cron.php?doing_wp_cron=1758344232.6192541122436523437500 HTTP/1.1" 200 31 "-" "WordPress/6.8.2; http://cqqizhou.com"
49.51.141.76 - - [20/Sep/2025:12:57:12 +0800] "GET / HTTP/1.1" 200 33466 "-" "Mozilla/5.0 (iPhone; CPU iPhone OS 13_2_3 like Mac OS X) AppleWebKit/605.1.15 (KHTML, like Gecko) Version/13.0.3 Mobile/15E148 Safari/604.1"
36.133.115.36 - - [20/Sep/2025:12:58:50 +0800] "POST /wp-cron.php?doing_wp_cron=1758344330.3969318866729736328125 HTTP/1.1" 200 31 "-" "WordPress/6.8.2; http://cqqizhou.com"
45.142.193.144 - - [20/Sep/2025:12:58:50 +0800] "GET / HTTP/1.1" 200 33466 "-" "Mozilla/5.0 (Windows NT 10.0; Win64; x64) AppleWebKit/537.36 (KHTML, like Gecko) Chrome/90.0.4430.85 Safari/537.36 Edg/90.0.818.46"
36.133.115.36 - - [20/Sep/2025:13:05:47 +0800] "POST /wp-cron.php?doing_wp_cron=1758344747.4427840709686279296875 HTTP/1.1" 200 31 "-" "WordPress/6.8.2; http://cqqizhou.com"
103.74.118.39 - - [20/Sep/2025:13:05:47 +0800] "POST /xmlrpc.php HTTP/1.1" 200 217 "-" "Mozilla/5.0 (X11; Ubuntu; Linux x86_64; rv:85.0) Gecko/20100101 Firefox/91.0"
36.133.115.36 - - [20/Sep/2025:13:11:29 +0800] "POST /wp-cron.php?doing_wp_cron=1758345089.2618169784545898437500 HTTP/1.1" 200 31 "-" "WordPress/6.8.2; http://cqqizhou.com"
43.166.250.187 - - [20/Sep/2025:13:11:29 +0800] "GET / HTTP/1.1" 200 33467 "-" "Mozilla/5.0 (iPhone; CPU iPhone OS 13_2_3 like Mac OS X) AppleWebKit/605.1.15 (KHTML, like Gecko) Version/13.0.3 Mobile/15E148 Safari/604.1"
36.133.115.36 - - [20/Sep/2025:13:13:27 +0800] "POST /wp-cron.php?doing_wp_cron=1758345207.7014269828796386718750 HTTP/1.1" 200 31 "-" "WordPress/6.8.2; http://cqqizhou.com"
91.224.92.17 - - [20/Sep/2025:13:13:45 +0800] "GET / HTTP/1.1" 200 109837 "-" "-"
36.133.115.36 - - [20/Sep/2025:13:18:22 +0800] "POST /wp-cron.php?doing_wp_cron=1758345502.5055708885192871093750 HTTP/1.1" 200 31 "-" "WordPress/6.8.2; http://cqqizhou.com"
45.135.193.100 - - [20/Sep/2025:13:18:23 +0800] "GET / HTTP/1.1" 200 151919 "-" "-"
36.133.115.36 - - [20/Sep/2025:13:23:15 +0800] "POST /wp-cron.php?doing_wp_cron=1758345795.6839659214019775390625 HTTP/1.1" 200 31 "-" "WordPress/6.8.2; http://cqqizhou.com"
87.120.191.6 - - [20/Sep/2025:13:23:15 +0800] "GET / HTTP/1.1" 200 33467 "-" "Mozilla/5.0 (Windows NT 10.0; Win64; x64) AppleWebKit/537.36 (KHTML, like Gecko) Chrome/90.0.4430.85 Safari/537.36 Edg/90.0.818.46"
36.133.115.36 - - [20/Sep/2025:13:24:34 +0800] "POST /wp-cron.php?doing_wp_cron=1758345874.1326940059661865234375 HTTP/1.1" 200 31 "-" "WordPress/6.8.2; http://cqqizhou.com"
87.120.191.70 - - [20/Sep/2025:13:24:34 +0800] "GET / HTTP/1.1" 200 33467 "-" "Mozilla/5.0 (Windows NT 10.0; Win64; x64) AppleWebKit/537.36 (KHTML, like Gecko) Chrome/90.0.4430.85 Safari/537.36 Edg/90.0.818.46"
36.133.115.36 - - [20/Sep/2025:13:25:26 +0800] "POST /wp-cron.php?doing_wp_cron=1758345926.0028359889984130859375 HTTP/1.1" 200 31 "-" "WordPress/6.8.2; http://cqqizhou.com"
43.166.253.94 - - [20/Sep/2025:13:25:26 +0800] "GET /portfolio/hot-dip-galvanized-coil/ HTTP/1.1" 200 18820 "-" "Mozilla/5.0 (iPhone; CPU iPhone OS 13_2_3 like Mac OS X) AppleWebKit/605.1.15 (KHTML, like Gecko) Version/13.0.3 Mobile/15E148 Safari/604.1"
36.133.115.36 - - [20/Sep/2025:13:28:07 +0800] "POST /wp-cron.php?doing_wp_cron=1758346087.3938510417938232421875 HTTP/1.1" 200 31 "-" "WordPress/6.8.2; http://cqqizhou.com"
45.156.87.179 - - [20/Sep/2025:13:28:08 +0800] "GET / HTTP/1.1" 200 151919 "-" "-"
36.133.115.36 - - [20/Sep/2025:13:29:14 +0800] "POST /wp-cron.php?doing_wp_cron=1758346154.2600440979003906250000 HTTP/1.1" 200 31 "-" "WordPress/6.8.2; http://cqqizhou.com"
43.166.244.192 - - [20/Sep/2025:13:29:14 +0800] "GET / HTTP/1.1" 200 33465 "-" "Mozilla/5.0 (iPhone; CPU iPhone OS 13_2_3 like Mac OS X) AppleWebKit/605.1.15 (KHTML, like Gecko) Version/13.0.3 Mobile/15E148 Safari/604.1"
36.133.115.36 - - [20/Sep/2025:13:31:22 +0800] "POST /wp-cron.php?doing_wp_cron=1758346282.7062060832977294921875 HTTP/1.1" 200 31 "-" "WordPress/6.8.2; http://cqqizhou.com"
43.166.1.243 - - [20/Sep/2025:13:31:22 +0800] "GET /portfolio/duplex-stainless-steel/ HTTP/1.1" 200 18677 "-" "Mozilla/5.0 (iPhone; CPU iPhone OS 13_2_3 like Mac OS X) AppleWebKit/605.1.15 (KHTML, like Gecko) Version/13.0.3 Mobile/15E148 Safari/604.1"
36.133.115.36 - - [20/Sep/2025:13:36:12 +0800] "POST /wp-cron.php?doing_wp_cron=1758346572.7040679454803466796875 HTTP/1.1" 200 31 "-" "WordPress/6.8.2; http://cqqizhou.com"
148.72.214.194 - - [20/Sep/2025:13:36:12 +0800] "POST /xmlrpc.php HTTP/1.1" 200 217 "-" "Mozilla/5.0 (X11; Ubuntu; Linux x86_64; rv:85.0) Gecko/20100101 Firefox/91.0"
36.133.115.36 - - [20/Sep/2025:13:42:00 +0800] "POST /wp-cron.php?doing_wp_cron=1758346920.5810608863830566406250 HTTP/1.1" 200 31 "-" "WordPress/6.8.2; http://cqqizhou.com"
49.51.178.45 - - [20/Sep/2025:13:42:00 +0800] "GET /logistics HTTP/1.1" 301 5 "-" "Mozilla/5.0 (iPhone; CPU iPhone OS 13_2_3 like Mac OS X) AppleWebKit/605.1.15 (KHTML, like Gecko) Version/13.0.3 Mobile/15E148 Safari/604.1"
49.51.178.45 - - [20/Sep/2025:13:42:04 +0800] "GET /logistics/ HTTP/1.1" 200 18250 "http://cqqizhou.com/logistics" "Mozilla/5.0 (iPhone; CPU iPhone OS 13_2_3 like Mac OS X) AppleWebKit/605.1.15 (KHTML, like Gecko) Version/13.0.3 Mobile/15E148 Safari/604.1"
36.133.115.36 - - [20/Sep/2025:13:51:20 +0800] "POST /wp-cron.php?doing_wp_cron=1758347480.2550311088562011718750 HTTP/1.1" 200 31 "-" "WordPress/6.8.2; http://cqqizhou.com"
43.153.47.201 - - [20/Sep/2025:13:51:20 +0800] "GET / HTTP/1.1" 200 33466 "-" "Mozilla/5.0 (iPhone; CPU iPhone OS 13_2_3 like Mac OS X) AppleWebKit/605.1.15 (KHTML, like Gecko) Version/13.0.3 Mobile/15E148 Safari/604.1"
36.133.115.36 - - [20/Sep/2025:14:02:55 +0800] "POST /wp-cron.php?doing_wp_cron=1758348175.7575659751892089843750 HTTP/1.1" 200 31 "-" "WordPress/6.8.2; http://cqqizhou.com"
43.159.145.153 - - [20/Sep/2025:14:02:56 +0800] "GET / HTTP/1.1" 200 33466 "-" "Mozilla/5.0 (iPhone; CPU iPhone OS 13_2_3 like Mac OS X) AppleWebKit/605.1.15 (KHTML, like Gecko) Version/13.0.3 Mobile/15E148 Safari/604.1"
36.133.115.36 - - [20/Sep/2025:14:04:12 +0800] "POST /wp-cron.php?doing_wp_cron=1758348252.5849959850311279296875 HTTP/1.1" 200 31 "-" "WordPress/6.8.2; http://cqqizhou.com"
184.168.126.97 - - [20/Sep/2025:14:04:12 +0800] "POST /xmlrpc.php HTTP/1.1" 200 217 "-" "Mozilla/5.0 (X11; Ubuntu; Linux x86_64; rv:85.0) Gecko/20100101 Firefox/91.0"
36.133.115.36 - - [20/Sep/2025:14:08:28 +0800] "POST /wp-cron.php?doing_wp_cron=1758348508.0762810707092285156250 HTTP/1.1" 200 31 "-" "WordPress/6.8.2; http://cqqizhou.com"
87.120.191.6 - - [20/Sep/2025:14:08:28 +0800] "GET / HTTP/1.1" 200 33467 "-" "Mozilla/5.0 (Windows NT 10.0; Win64; x64) AppleWebKit/537.36 (KHTML, like Gecko) Chrome/90.0.4430.85 Safari/537.36 Edg/90.0.818.46"
36.133.115.36 - - [20/Sep/2025:14:09:51 +0800] "POST /wp-cron.php?doing_wp_cron=1758348591.7926139831542968750000 HTTP/1.1" 200 31 "-" "WordPress/6.8.2; http://cqqizhou.com"
43.157.188.74 - - [20/Sep/2025:14:09:52 +0800] "GET / HTTP/1.1" 200 33467 "-" "Mozilla/5.0 (iPhone; CPU iPhone OS 13_2_3 like Mac OS X) AppleWebKit/605.1.15 (KHTML, like Gecko) Version/13.0.3 Mobile/15E148 Safari/604.1"
36.133.115.36 - - [20/Sep/2025:14:20:25 +0800] "POST /wp-cron.php?doing_wp_cron=1758349225.4006569385528564453125 HTTP/1.1" 200 31 "-" "WordPress/6.8.2; http://cqqizhou.com"
182.40.104.255 - - [20/Sep/2025:14:20:25 +0800] "GET / HTTP/1.1" 200 33466 "-" "Mozilla/5.0 (iPhone; CPU iPhone OS 13_2_3 like Mac OS X) AppleWebKit/605.1.15 (KHTML, like Gecko) Version/13.0.3 Mobile/15E148 Safari/604.1"
36.133.115.36 - - [20/Sep/2025:14:21:13 +0800] "POST /wp-cron.php?doing_wp_cron=1758349273.6875789165496826171875 HTTP/1.1" 200 31 "-" "WordPress/6.8.2; http://cqqizhou.com"
43.157.20.63 - - [20/Sep/2025:14:21:13 +0800] "GET /portfolio-tag/%e9%9e%8d%e9%92%a2%e8%92%82%e6%a3%ae/ HTTP/1.1" 200 18123 "-" "Mozilla/5.0 (iPhone; CPU iPhone OS 13_2_3 like Mac OS X) AppleWebKit/605.1.15 (KHTML, like Gecko) Version/13.0.3 Mobile/15E148 Safari/604.1"
36.133.115.36 - - [20/Sep/2025:14:30:45 +0800] "POST /wp-cron.php?doing_wp_cron=1758349845.1743600368499755859375 HTTP/1.1" 200 31 "-" "WordPress/6.8.2; http://cqqizhou.com"
188.59.2.158 - - [20/Sep/2025:14:30:45 +0800] "GET / HTTP/1.0" 301 0 "-" "Hello World"
42.236.101.249 - - [20/Sep/2025:14:30:53 +0800] "GET / HTTP/1.1" 200 39369 "http://cqqizhou.com/" "Mozilla/5.0 (Windows NT 6.1; WOW64) AppleWebKit/537.36 (KHTML, like Gecko) Chrome/50.0.2661.102 Safari/537.36; 360Spider"
36.133.115.36 - - [20/Sep/2025:14:30:57 +0800] "POST /wp-cron.php?doing_wp_cron=1758349857.0386700630187988281250 HTTP/1.1" 200 31 "-" "WordPress/6.8.2; http://cqqizhou.com"
87.120.191.70 - - [20/Sep/2025:14:30:57 +0800] "GET / HTTP/1.1" 200 33467 "-" "Mozilla/5.0 (Windows NT 10.0; Win64; x64) AppleWebKit/537.36 (KHTML, like Gecko) Chrome/90.0.4430.85 Safari/537.36 Edg/90.0.818.46"
36.133.115.36 - - [20/Sep/2025:14:32:18 +0800] "POST /wp-cron.php?doing_wp_cron=1758349938.6290750503540039062500 HTTP/1.1" 200 31 "-" "WordPress/6.8.2; http://cqqizhou.com"
149.50.103.48 - - [20/Sep/2025:14:32:18 +0800] "GET / HTTP/1.1" 200 33467 "-" "Mozilla/5.0 (Windows NT 10.0; Win64; x64) AppleWebKit/537.36 (KHTML, like Gecko) Chrome/90.0.4430.85 Safari/537.36 Edg/90.0.818.46"
87.255.194.135 - - [20/Sep/2025:14:32:20 +0800] "GET /admin/config.php HTTP/1.0" 404 16 "-" "xfa1"
36.133.115.36 - - [20/Sep/2025:14:33:29 +0800] "POST /wp-cron.php?doing_wp_cron=1758350009.6024661064147949218750 HTTP/1.1" 200 31 "-" "WordPress/6.8.2; http://cqqizhou.com"
43.166.134.114 - - [20/Sep/2025:14:33:29 +0800] "GET /portfolio-category/cold-rolled-coil/ HTTP/1.1" 200 17640 "-" "Mozilla/5.0 (iPhone; CPU iPhone OS 13_2_3 like Mac OS X) AppleWebKit/605.1.15 (KHTML, like Gecko) Version/13.0.3 Mobile/15E148 Safari/604.1"
36.133.115.36 - - [20/Sep/2025:14:35:53 +0800] "POST /wp-cron.php?doing_wp_cron=1758350153.3274569511413574218750 HTTP/1.1" 200 31 "-" "WordPress/6.8.2; http://cqqizhou.com"
150.138.77.87 - - [20/Sep/2025:14:35:53 +0800] "GET /index.php HTTP/1.1" 200 151919 "-" "Mozilla/5.0 (Windows NT 6.1; WOW64; rv:18.0) Gecko/20100101 Firefox/18.0"
150.138.77.87 - - [20/Sep/2025:14:35:54 +0800] "GET /phpmyadmin/index.php HTTP/1.1" 404 27 "-" "Mozilla/5.0 (Windows NT 6.1; WOW64; rv:18.0) Gecko/20100101 Firefox/18.0"
205.169.39.15 - - [20/Sep/2025:14:37:33 +0800] "GET / HTTP/1.1" 200 39369 "-" "Mozilla/5.0 (Windows NT 10.0; Win64; x64) AppleWebKit/537.36 (KHTML, like Gecko) Chrome/117.0.5938.132 Safari/537.36"
205.169.39.15 - - [20/Sep/2025:14:37:34 +0800] "GET /wp-content/uploads/2025/07/1751425283-qizhou.kf_.qq_.com_.webp HTTP/1.1" 200 16864 "http://cqqizhou.com/" "Mozilla/5.0 (Windows NT 10.0; Win64; x64) AppleWebKit/537.36 (KHTML, like Gecko) Chrome/117.0.5938.132 Safari/537.36"
205.169.39.15 - - [20/Sep/2025:14:37:36 +0800] "GET /wp-content/uploads/2025/07/1750174127-Marketing1920x800_3.webp HTTP/1.1" 200 52790 "http://cqqizhou.com/wp-content/uploads/elementor/css/post-1666.css?ver=1756373176" "Mozilla/5.0 (Windows NT 10.0; Win64; x64) AppleWebKit/537.36 (KHTML, like Gecko) Chrome/117.0.5938.132 Safari/537.36"
205.169.39.15 - - [20/Sep/2025:14:37:36 +0800] "GET /wp-content/uploads/2025/07/1753456723-%E5%8F%8C%E7%9B%B8%E9%92%A2roduct_Single600.webp HTTP/1.1" 200 22790 "http://cqqizhou.com/" "Mozilla/5.0 (Windows NT 10.0; Win64; x64) AppleWebKit/537.36 (KHTML, like Gecko) Chrome/117.0.5938.132 Safari/537.36"
205.169.39.15 - - [20/Sep/2025:14:37:36 +0800] "GET /wp-content/uploads/2025/07/1753453096-%E5%8F%8C%E7%9B%B8%E9%92%A2product_Single600%C3%97284.webp HTTP/1.1" 200 14562 "http://cqqizhou.com/" "Mozilla/5.0 (Windows NT 10.0; Win64; x64) AppleWebKit/537.36 (KHTML, like Gecko) Chrome/117.0.5938.132 Safari/537.36"
205.169.39.15 - - [20/Sep/2025:14:37:36 +0800] "GET /wp-content/uploads/2025/07/1753456770-%E7%83%AD%E9%95%80%E9%94%8C%E5%8D%B7product_Single600.webp HTTP/1.1" 200 27502 "http://cqqizhou.com/" "Mozilla/5.0 (Windows NT 10.0; Win64; x64) AppleWebKit/537.36 (KHTML, like Gecko) Chrome/117.0.5938.132 Safari/537.36"
205.169.39.15 - - [20/Sep/2025:14:37:36 +0800] "GET /wp-content/uploads/2025/07/1753453127-%E4%BD%99%E5%8D%B7product_Single600%C3%97284.webp HTTP/1.1" 200 18744 "http://cqqizhou.com/" "Mozilla/5.0 (Windows NT 10.0; Win64; x64) AppleWebKit/537.36 (KHTML, like Gecko) Chrome/117.0.5938.132 Safari/537.36"
36.133.115.36 - - [20/Sep/2025:14:37:38 +0800] "POST /wp-cron.php?doing_wp_cron=1758350258.7092230319976806640625 HTTP/1.1" 200 31 "-" "WordPress/6.8.2; http://cqqizhou.com"
205.169.39.15 - - [20/Sep/2025:14:37:38 +0800] "POST /wp-admin/admin-ajax.php HTTP/1.1" 403 33 "http://cqqizhou.com/" "Mozilla/5.0 (Windows NT 10.0; Win64; x64) AppleWebKit/537.36 (KHTML, like Gecko) Chrome/117.0.5938.132 Safari/537.36"
205.169.39.15 - - [20/Sep/2025:14:37:39 +0800] "GET /wp-content/uploads/revslider/slider-1/1750929639-yuanjing_Slider_3840%C3%972160_20250626171955-scaled.webp HTTP/1.1" 200 203290 "http://cqqizhou.com/" "Mozilla/5.0 (Windows NT 10.0; Win64; x64) AppleWebKit/537.36 (KHTML, like Gecko) Chrome/117.0.5938.132 Safari/537.36"
205.169.39.15 - - [20/Sep/2025:14:37:39 +0800] "GET /wp-content/uploads/2025/07/1753587901-Slider_3840%C3%972160_20250727-scaled-50x100.webp HTTP/1.1" 200 1660 "http://cqqizhou.com/" "Mozilla/5.0 (Windows NT 10.0; Win64; x64) AppleWebKit/537.36 (KHTML, like Gecko) Chrome/117.0.5938.132 Safari/537.36"
205.169.39.15 - - [20/Sep/2025:14:37:39 +0800] "GET /wp-content/uploads/revslider/slider-1/1750861156-logistics_Slider_3840%C3%972160_20250625191356-scaled-50x100.webp HTTP/1.1" 200 1416 "http://cqqizhou.com/" "Mozilla/5.0 (Windows NT 10.0; Win64; x64) AppleWebKit/537.36 (KHTML, like Gecko) Chrome/117.0.5938.132 Safari/537.36"
205.169.39.15 - - [20/Sep/2025:14:37:40 +0800] "GET /wp-content/uploads/2025/07/1753587901-Slider_3840%C3%972160_20250727-scaled-50x100.webp HTTP/1.1" 200 1660 "http://cqqizhou.com/" "Mozilla/5.0 (Windows NT 10.0; Win64; x64) AppleWebKit/537.36 (KHTML, like Gecko) Chrome/117.0.5938.132 Safari/537.36"
205.169.39.15 - - [20/Sep/2025:14:37:40 +0800] "GET /wp-content/uploads/revslider/slider-1/1750861156-logistics_Slider_3840%C3%972160_20250625191356-scaled-50x100.webp HTTP/1.1" 200 1416 "http://cqqizhou.com/" "Mozilla/5.0 (Windows NT 10.0; Win64; x64) AppleWebKit/537.36 (KHTML, like Gecko) Chrome/117.0.5938.132 Safari/537.36"
