78.46.40.28 - - [17/Sep/2025:06:04:07 +0800] "POST /xmlrpc.php HTTP/1.1" 200 217 "http://cqqizhou.com" "Mozilla/5.0 (Macintosh; Intel Mac OS X 13.3; rv:126.0) Gecko/20100101 Firefox/126.0"
36.133.115.36 - - [17/Sep/2025:06:05:02 +0800] "POST /wp-cron.php?doing_wp_cron=1758060302.4545149803161621093750 HTTP/1.1" 200 31 "-" "WordPress/6.8.2; http://cqqizhou.com"
176.65.149.161 - - [17/Sep/2025:06:05:02 +0800] "GET / HTTP/1.1" 200 33468 "-" "Mozilla/5.0 (Windows NT 10.0; Win64; x64) AppleWebKit/537.36 (KHTML, like Gecko) Chrome/90.0.4430.85 Safari/537.36 Edg/90.0.818.46"
154.84.184.122 - - [17/Sep/2025:06:05:28 +0800] "GET / HTTP/1.1" 200 33468 "-" "Mozilla/5.0 (Windows NT 10.0; Win64; x64) AppleWebKit/537.36 (KHTML, like Gecko) Chrome/90.0.4430.85 Safari/537.36 Edg/90.0.818.46"
36.133.115.36 - - [17/Sep/2025:06:06:54 +0800] "POST /wp-cron.php?doing_wp_cron=1758060414.3006150722503662109375 HTTP/1.1" 200 31 "-" "WordPress/6.8.2; http://cqqizhou.com"
167.172.113.201 - - [17/Sep/2025:06:06:54 +0800] "POST /xmlrpc.php HTTP/1.1" 200 217 "http://cqqizhou.com" "Mozilla/5.0 (Macintosh; Intel Mac OS X 13_3) AppleWebKit/537.36 (KHTML, like Gecko) Chrome/126.0.0.0 Safari/537.36 Edg/126.0.0.0"
36.133.115.36 - - [17/Sep/2025:06:09:49 +0800] "POST /wp-cron.php?doing_wp_cron=1758060589.9052989482879638671875 HTTP/1.1" 200 31 "-" "WordPress/6.8.2; http://cqqizhou.com"
61.59.6.105 - - [17/Sep/2025:06:09:49 +0800] "POST /xmlrpc.php HTTP/1.1" 200 217 "http://cqqizhou.com" "Mozilla/5.0 (Windows NT 10.0; Win64; x64; rv:128.0) Gecko/20100101 Firefox/128.0"
36.133.115.36 - - [17/Sep/2025:06:12:30 +0800] "POST /wp-cron.php?doing_wp_cron=1758060750.8565530776977539062500 HTTP/1.1" 200 31 "-" "WordPress/6.8.2; http://cqqizhou.com"
86.48.6.132 - - [17/Sep/2025:06:12:30 +0800] "POST /xmlrpc.php HTTP/1.1" 200 217 "http://cqqizhou.com" "Mozilla/5.0 (Macintosh; Intel Mac OS X 10_15_7; rv:125.0.1) Gecko/20100101 Firefox/125.0.1"
36.133.115.36 - - [17/Sep/2025:06:14:01 +0800] "POST /wp-cron.php?doing_wp_cron=1758060841.7405660152435302734375 HTTP/1.1" 200 31 "-" "WordPress/6.8.2; http://cqqizhou.com"
66.249.66.38 - - [17/Sep/2025:06:14:01 +0800] "GET /robots.txt HTTP/1.1" 200 190 "-" "Mozilla/5.0 (compatible; Googlebot/2.1; +http://www.google.com/bot.html)"
36.133.115.36 - - [17/Sep/2025:06:15:21 +0800] "POST /wp-cron.php?doing_wp_cron=1758060921.0884740352630615234375 HTTP/1.1" 200 31 "-" "WordPress/6.8.2; http://cqqizhou.com"
185.208.164.52 - - [17/Sep/2025:06:15:21 +0800] "POST /xmlrpc.php HTTP/1.1" 200 217 "http://cqqizhou.com" "Mozilla/5.0 (Windows NT 11.0; Win64; x64; rv:126.0) Gecko/20100101 Firefox/126.0"
36.133.115.36 - - [17/Sep/2025:06:17:15 +0800] "POST /wp-cron.php?doing_wp_cron=1758061035.2360029220581054687500 HTTP/1.1" 200 31 "-" "WordPress/6.8.2; http://cqqizhou.com"
45.135.193.100 - - [17/Sep/2025:06:17:15 +0800] "GET / HTTP/1.1" 301 5 "-" "-"
36.133.115.36 - - [17/Sep/2025:06:18:07 +0800] "POST /wp-cron.php?doing_wp_cron=1758061087.3791179656982421875000 HTTP/1.1" 200 31 "-" "WordPress/6.8.2; http://cqqizhou.com"
81.177.135.2 - - [17/Sep/2025:06:18:07 +0800] "POST /xmlrpc.php HTTP/1.1" 200 217 "http://cqqizhou.com" "Mozilla/5.0 (Windows NT 11.0; Win64; x64) AppleWebKit/537.36 (KHTML, like Gecko) Chrome/126.0.0.0 Safari/537.36"
87.120.191.70 - - [17/Sep/2025:06:18:11 +0800] "GET / HTTP/1.1" 301 5 "-" "Mozilla/5.0 (Windows NT 10.0; Win64; x64) AppleWebKit/537.36 (KHTML, like Gecko) Chrome/90.0.4430.85 Safari/537.36 Edg/90.0.818.46"
36.133.115.36 - - [17/Sep/2025:06:19:03 +0800] "POST /wp-cron.php?doing_wp_cron=1758061143.4213469028472900390625 HTTP/1.1" 200 31 "-" "WordPress/6.8.2; http://cqqizhou.com"
87.120.191.6 - - [17/Sep/2025:06:19:03 +0800] "GET / HTTP/1.1" 200 33468 "-" "Mozilla/5.0 (Windows NT 10.0; Win64; x64) AppleWebKit/537.36 (KHTML, like Gecko) Chrome/90.0.4430.85 Safari/537.36 Edg/90.0.818.46"
36.133.115.36 - - [17/Sep/2025:06:20:24 +0800] "POST /wp-cron.php?doing_wp_cron=1758061224.8369569778442382812500 HTTP/1.1" 200 31 "-" "WordPress/6.8.2; http://cqqizhou.com"
91.224.92.17 - - [17/Sep/2025:06:20:44 +0800] "GET / HTTP/1.1" 200 109837 "-" "-"
36.133.115.36 - - [17/Sep/2025:06:20:58 +0800] "POST /wp-cron.php?doing_wp_cron=1758061258.4787259101867675781250 HTTP/1.1" 200 31 "-" "WordPress/6.8.2; http://cqqizhou.com"
45.142.193.144 - - [17/Sep/2025:06:20:58 +0800] "GET / HTTP/1.1" 200 33468 "-" "Mozilla/5.0 (Windows NT 10.0; Win64; x64) AppleWebKit/537.36 (KHTML, like Gecko) Chrome/90.0.4430.85 Safari/537.36 Edg/90.0.818.46"
36.133.115.36 - - [17/Sep/2025:06:23:42 +0800] "POST /wp-cron.php?doing_wp_cron=1758061422.0666129589080810546875 HTTP/1.1" 200 31 "-" "WordPress/6.8.2; http://cqqizhou.com"
125.253.121.223 - - [17/Sep/2025:06:23:42 +0800] "POST /xmlrpc.php HTTP/1.1" 200 217 "http://cqqizhou.com" "Mozilla/5.0 (Macintosh; Intel Mac OS X 10_15_7; rv:126.0) Gecko/20100101 Firefox/126.0"
36.133.115.36 - - [17/Sep/2025:06:29:16 +0800] "POST /wp-cron.php?doing_wp_cron=1758061756.1355540752410888671875 HTTP/1.1" 200 31 "-" "WordPress/6.8.2; http://cqqizhou.com"
217.160.185.141 - - [17/Sep/2025:06:29:16 +0800] "POST /xmlrpc.php HTTP/1.1" 200 217 "http://cqqizhou.com" "Mozilla/5.0 (Macintosh; Intel Mac OS X 14.3) AppleWebKit/614.31.14 (KHTML, like Gecko) Version/17.0.96 Safari/614.31.14"
36.133.115.36 - - [17/Sep/2025:06:33:35 +0800] "POST /wp-cron.php?doing_wp_cron=1758062015.1992011070251464843750 HTTP/1.1" 200 31 "-" "WordPress/6.8.2; http://cqqizhou.com"
165.84.219.9 - - [17/Sep/2025:06:33:35 +0800] "POST /xmlrpc.php HTTP/1.1" 200 217 "http://cqqizhou.com" "Mozilla/5.0 (Windows NT 11.0; Win64; x64) AppleWebKit/537.36 (KHTML, like Gecko) Chrome/126.0.0.0 Safari/537.36 Edg/126.0.0.0"
165.84.219.9 - - [17/Sep/2025:06:33:36 +0800] "POST /wp-login.php HTTP/1.1" 200 2919 "http://cqqizhou.com" "Mozilla/5.0 (Windows NT 10.0; Win64; x64; rv:127.0) Gecko/20100101 Firefox/127.0"
36.133.115.36 - - [17/Sep/2025:06:37:43 +0800] "POST /wp-cron.php?doing_wp_cron=1758062263.9157950878143310546875 HTTP/1.1" 200 31 "-" "WordPress/6.8.2; http://cqqizhou.com"
69.57.162.14 - - [17/Sep/2025:06:37:43 +0800] "POST /xmlrpc.php HTTP/1.1" 200 217 "http://cqqizhou.com" "Mozilla/5.0 (Macintosh; Intel Mac OS X 10_15_7) AppleWebKit/537.36 (KHTML, like Gecko) Chrome/112.0.5615.138 Safari/537.36"
36.133.115.36 - - [17/Sep/2025:06:37:46 +0800] "POST /wp-cron.php?doing_wp_cron=1758062266.2140760421752929687500 HTTP/1.1" 200 31 "-" "WordPress/6.8.2; http://cqqizhou.com"
69.57.162.14 - - [17/Sep/2025:06:37:46 +0800] "POST /wp-login.php HTTP/1.1" 200 2919 "http://cqqizhou.com" "Mozilla/5.0 (Windows NT 10.0; Win64; x64; rv:127.0) Gecko/20100101 Firefox/127.0"
36.133.115.36 - - [17/Sep/2025:06:40:40 +0800] "POST /wp-cron.php?doing_wp_cron=1758062440.6348550319671630859375 HTTP/1.1" 200 31 "-" "WordPress/6.8.2; http://cqqizhou.com"
87.120.191.70 - - [17/Sep/2025:06:40:40 +0800] "GET / HTTP/1.1" 301 5 "-" "Mozilla/5.0 (Windows NT 10.0; Win64; x64) AppleWebKit/537.36 (KHTML, like Gecko) Chrome/90.0.4430.85 Safari/537.36 Edg/90.0.818.46"
36.133.115.36 - - [17/Sep/2025:06:41:18 +0800] "POST /wp-cron.php?doing_wp_cron=1758062478.0644550323486328125000 HTTP/1.1" 200 31 "-" "WordPress/6.8.2; http://cqqizhou.com"
196.251.81.194 - - [17/Sep/2025:06:41:18 +0800] "GET /.env HTTP/1.1" 404 8990 "-" "Nokia7250/1.0 (3.14) Profile/MIDP-1.0 Configuration/CLDC-1.0"
68.183.190.78 - - [17/Sep/2025:06:41:35 +0800] "GET /.env HTTP/1.1" 404 8990 "-" "Mozilla/5.0; Keydrop.io/1.0(onlyscans.com/about);"
68.183.190.78 - - [17/Sep/2025:06:41:36 +0800] "GET /.git/config HTTP/1.1" 404 8990 "-" "Mozilla/5.0; Keydrop.io/1.0(onlyscans.com/about);"
36.133.115.36 - - [17/Sep/2025:06:41:50 +0800] "POST /wp-cron.php?doing_wp_cron=1758062510.3895270824432373046875 HTTP/1.1" 200 31 "-" "WordPress/6.8.2; http://cqqizhou.com"
200.40.79.197 - - [17/Sep/2025:06:41:50 +0800] "POST /xmlrpc.php HTTP/1.1" 200 217 "http://cqqizhou.com" "Mozilla/5.0 (Windows NT 10.0; Win64; x64; rv:128.0) Gecko/20100101 Firefox/128.0"
200.40.79.197 - - [17/Sep/2025:06:41:51 +0800] "POST /wp-login.php HTTP/1.1" 200 2919 "http://cqqizhou.com" "Mozilla/5.0 (Macintosh; Intel Mac OS X 10_15_7) AppleWebKit/537.36 (KHTML, like Gecko) Chrome/116.0.5845.96 Safari/537.36"
36.133.115.36 - - [17/Sep/2025:06:44:51 +0800] "POST /wp-cron.php?doing_wp_cron=1758062691.8616139888763427734375 HTTP/1.1" 200 31 "-" "WordPress/6.8.2; http://cqqizhou.com"
149.50.103.48 - - [17/Sep/2025:06:44:52 +0800] "GET / HTTP/1.1" 200 33467 "-" "Mozilla/5.0 (Windows NT 10.0; Win64; x64) AppleWebKit/537.36 (KHTML, like Gecko) Chrome/90.0.4430.85 Safari/537.36 Edg/90.0.818.46"
154.84.184.122 - - [17/Sep/2025:06:44:54 +0800] "GET / HTTP/1.1" 200 33467 "-" "Mozilla/5.0 (Windows NT 10.0; Win64; x64) AppleWebKit/537.36 (KHTML, like Gecko) Chrome/90.0.4430.85 Safari/537.36 Edg/90.0.818.46"
36.133.115.36 - - [17/Sep/2025:06:45:58 +0800] "POST /wp-cron.php?doing_wp_cron=1758062758.0134100914001464843750 HTTP/1.1" 200 31 "-" "WordPress/6.8.2; http://cqqizhou.com"
147.182.171.230 - - [17/Sep/2025:06:45:58 +0800] "POST /xmlrpc.php HTTP/1.1" 200 217 "http://cqqizhou.com" "Mozilla/5.0 (Windows NT 10.0; Win64; x64) AppleWebKit/537.36 (KHTML, like Gecko) Chrome/112.0.5615.138 Safari/537.36 Edg/112.0.1722.68"
147.182.171.230 - - [17/Sep/2025:06:45:59 +0800] "POST /wp-login.php HTTP/1.1" 200 2919 "http://cqqizhou.com" "Mozilla/5.0 (Windows NT 10.0; Win64; x64) AppleWebKit/537.36 (KHTML, like Gecko) Chrome/112.0.5615.138 Safari/537.36 Edg/112.0.1722.68"
36.133.115.36 - - [17/Sep/2025:06:48:25 +0800] "POST /wp-cron.php?doing_wp_cron=1758062905.9625039100646972656250 HTTP/1.1" 200 31 "-" "WordPress/6.8.2; http://cqqizhou.com"
45.142.193.144 - - [17/Sep/2025:06:48:26 +0800] "GET / HTTP/1.1" 200 33468 "-" "Mozilla/5.0 (Windows NT 10.0; Win64; x64) AppleWebKit/537.36 (KHTML, like Gecko) Chrome/90.0.4430.85 Safari/537.36 Edg/90.0.818.46"
36.133.115.36 - - [17/Sep/2025:06:50:14 +0800] "POST /wp-cron.php?doing_wp_cron=1758063014.1860699653625488281250 HTTP/1.1" 200 31 "-" "WordPress/6.8.2; http://cqqizhou.com"
192.227.184.130 - - [17/Sep/2025:06:50:14 +0800] "POST /xmlrpc.php HTTP/1.1" 200 217 "http://cqqizhou.com" "Mozilla/5.0 (Windows NT 11.0; Win64; x64) AppleWebKit/537.36 (KHTML, like Gecko) Chrome/126.0.0.0 Safari/537.36 Edg/126.0.0.0"
192.227.184.130 - - [17/Sep/2025:06:50:15 +0800] "POST /wp-login.php HTTP/1.1" 200 2919 "http://cqqizhou.com" "Mozilla/5.0 (Macintosh; Intel Mac OS X 10_15_7; rv:129.0) Gecko/20100101 Firefox/129.0"
36.133.115.36 - - [17/Sep/2025:06:54:18 +0800] "POST /wp-cron.php?doing_wp_cron=1758063258.1534221172332763671875 HTTP/1.1" 200 31 "-" "WordPress/6.8.2; http://cqqizhou.com"
139.59.97.132 - - [17/Sep/2025:06:54:18 +0800] "POST /xmlrpc.php HTTP/1.1" 200 217 "http://cqqizhou.com" "Mozilla/5.0 (Windows NT 10.0; Win64; x64) AppleWebKit/537.36 (KHTML, like Gecko) Chrome/114.0.5735.199 Safari/537.36 Edg/114.0.1823.67"
139.59.97.132 - - [17/Sep/2025:06:54:19 +0800] "POST /wp-login.php HTTP/1.1" 200 2919 "http://cqqizhou.com" "Mozilla/5.0 (Windows NT 11.0; Win64; x64) AppleWebKit/537.36 (KHTML, like Gecko) Chrome/126.0.0.0 Safari/537.36 Edg/126.0.0.0"
37.60.141.156 - - [17/Sep/2025:06:54:21 +0800] "GET / HTTP/1.1" 200 151919 "-" "-"
36.133.115.36 - - [17/Sep/2025:06:58:58 +0800] "POST /wp-cron.php?doing_wp_cron=1758063538.1503109931945800781250 HTTP/1.1" 200 31 "-" "WordPress/6.8.2; http://cqqizhou.com"
50.30.32.22 - - [17/Sep/2025:06:58:58 +0800] "POST /xmlrpc.php HTTP/1.1" 200 217 "-" "Mozilla/5.0 (X11; Ubuntu; Linux x86_64; rv:85.0) Gecko/20100101 Firefox/91.0"
36.133.115.36 - - [17/Sep/2025:07:01:33 +0800] "POST /wp-cron.php?doing_wp_cron=1758063693.0232660770416259765625 HTTP/1.1" 200 31 "-" "WordPress/6.8.2; http://cqqizhou.com"
176.65.149.245 - - [17/Sep/2025:07:01:33 +0800] "GET / HTTP/1.1" 200 33466 "-" "Mozilla/5.0 (Windows NT 10.0; Win64; x64) AppleWebKit/537.36 (KHTML, like Gecko) Chrome/90.0.4430.85 Safari/537.36 Edg/90.0.818.46"
36.133.115.36 - - [17/Sep/2025:07:02:43 +0800] "POST /wp-cron.php?doing_wp_cron=1758063763.1681768894195556640625 HTTP/1.1" 200 31 "-" "WordPress/6.8.2; http://cqqizhou.com"
104.248.148.137 - - [17/Sep/2025:07:02:43 +0800] "POST /xmlrpc.php HTTP/1.1" 200 217 "http://cqqizhou.com" "Mozilla/5.0 (Macintosh; Intel Mac OS X 10_15_7; rv:126.0) Gecko/20100101 Firefox/126.0"
104.248.148.137 - - [17/Sep/2025:07:02:44 +0800] "POST /wp-login.php HTTP/1.1" 200 2919 "http://cqqizhou.com" "Mozilla/5.0 (Windows NT 11.0; Win64; x64) AppleWebKit/537.36 (KHTML, like Gecko) Chrome/126.0.0.0 Safari/537.36"
36.133.115.36 - - [17/Sep/2025:07:06:53 +0800] "POST /wp-cron.php?doing_wp_cron=1758064013.4017961025238037109375 HTTP/1.1" 200 31 "-" "WordPress/6.8.2; http://cqqizhou.com"
207.154.247.73 - - [17/Sep/2025:07:06:53 +0800] "POST /xmlrpc.php HTTP/1.1" 200 217 "http://cqqizhou.com" "Mozilla/5.0 (Windows NT 10.0; Win64; x64; rv:127.0) Gecko/20100101 Firefox/127.0"
207.154.247.73 - - [17/Sep/2025:07:06:54 +0800] "POST /wp-login.php HTTP/1.1" 200 2919 "http://cqqizhou.com" "Mozilla/5.0 (Macintosh; Intel Mac OS X 13.3; rv:126.0) Gecko/20100101 Firefox/126.0"
87.120.191.70 - - [17/Sep/2025:07:07:15 +0800] "GET / HTTP/1.1" 301 5 "-" "Mozilla/5.0 (Windows NT 10.0; Win64; x64) AppleWebKit/537.36 (KHTML, like Gecko) Chrome/90.0.4430.85 Safari/537.36 Edg/90.0.818.46"
36.133.115.36 - - [17/Sep/2025:07:11:06 +0800] "POST /wp-cron.php?doing_wp_cron=1758064266.0984869003295898437500 HTTP/1.1" 200 31 "-" "WordPress/6.8.2; http://cqqizhou.com"
94.199.215.40 - - [17/Sep/2025:07:11:06 +0800] "POST /xmlrpc.php HTTP/1.1" 200 217 "http://cqqizhou.com" "Mozilla/5.0 (Macintosh; Intel Mac OS X 10_15_7; rv:128.0) Gecko/20100101 Firefox/128.0"
94.199.215.40 - - [17/Sep/2025:07:11:07 +0800] "POST /wp-login.php HTTP/1.1" 200 2919 "http://cqqizhou.com" "Mozilla/5.0 (Macintosh; Intel Mac OS X 13_3) AppleWebKit/537.36 (KHTML, like Gecko) Chrome/126.0.0.0 Safari/537.36"
36.133.115.36 - - [17/Sep/2025:07:14:59 +0800] "POST /wp-cron.php?doing_wp_cron=1758064499.0439040660858154296875 HTTP/1.1" 200 31 "-" "WordPress/6.8.2; http://cqqizhou.com"
223.244.35.77 - - [17/Sep/2025:07:14:59 +0800] "GET / HTTP/1.1" 200 33468 "-" "Mozilla/5.0 (iPhone; CPU iPhone OS 13_2_3 like Mac OS X) AppleWebKit/605.1.15 (KHTML, like Gecko) Version/13.0.3 Mobile/15E148 Safari/604.1"
139.59.32.59 - - [17/Sep/2025:07:15:15 +0800] "POST /xmlrpc.php HTTP/1.1" 200 217 "http://cqqizhou.com" "Mozilla/5.0 (Windows NT 10.0; Win64; x64) AppleWebKit/537.36 (KHTML, like Gecko) Chrome/126.0.0.0 Safari/537.36"
139.59.32.59 - - [17/Sep/2025:07:15:18 +0800] "POST /wp-login.php HTTP/1.1" 200 2919 "http://cqqizhou.com" "Mozilla/5.0 (Windows NT 10.0; Win64; x64; rv:125.0.1) Gecko/20100101 Firefox/125.0.1"
36.133.115.36 - - [17/Sep/2025:07:23:43 +0800] "POST /wp-cron.php?doing_wp_cron=1758065023.7447669506072998046875 HTTP/1.1" 200 31 "-" "WordPress/6.8.2; http://cqqizhou.com"
141.98.153.234 - - [17/Sep/2025:07:23:43 +0800] "POST /xmlrpc.php HTTP/1.1" 200 217 "http://cqqizhou.com" "Mozilla/5.0 (Macintosh; Intel Mac OS X 10_15_7) AppleWebKit/537.36 (KHTML, like Gecko) Chrome/112.0.5615.138 Safari/537.36"
141.98.153.234 - - [17/Sep/2025:07:23:45 +0800] "POST /wp-login.php HTTP/1.1" 200 2919 "http://cqqizhou.com" "Mozilla/5.0 (Windows NT 10.0; Win64; x64) AppleWebKit/537.36 (KHTML, like Gecko) Chrome/115.0.5790.102 Safari/537.36"
36.133.115.36 - - [17/Sep/2025:07:27:54 +0800] "POST /wp-cron.php?doing_wp_cron=1758065274.1438350677490234375000 HTTP/1.1" 200 31 "-" "WordPress/6.8.2; http://cqqizhou.com"
157.230.255.214 - - [17/Sep/2025:07:27:54 +0800] "POST /xmlrpc.php HTTP/1.1" 200 217 "http://cqqizhou.com" "Mozilla/5.0 (Macintosh; Intel Mac OS X 14_4_1) AppleWebKit/605.1.15 (KHTML, like Gecko) Version/17.3.1 Safari/605.1.15"
157.230.255.214 - - [17/Sep/2025:07:27:55 +0800] "POST /wp-login.php HTTP/1.1" 200 2919 "http://cqqizhou.com" "Mozilla/5.0 (Macintosh; Intel Mac OS X 10_15_7; rv:125.0.1) Gecko/20100101 Firefox/125.0.1"
36.133.115.36 - - [17/Sep/2025:07:29:00 +0800] "POST /wp-cron.php?doing_wp_cron=1758065340.4222490787506103515625 HTTP/1.1" 200 31 "-" "WordPress/6.8.2; http://cqqizhou.com"
87.120.191.70 - - [17/Sep/2025:07:29:00 +0800] "GET / HTTP/1.1" 301 5 "-" "Mozilla/5.0 (Windows NT 10.0; Win64; x64) AppleWebKit/537.36 (KHTML, like Gecko) Chrome/90.0.4430.85 Safari/537.36 Edg/90.0.818.46"
36.133.115.36 - - [17/Sep/2025:07:31:15 +0800] "POST /wp-cron.php?doing_wp_cron=1758065475.1884729862213134765625 HTTP/1.1" 200 31 "-" "WordPress/6.8.2; http://cqqizhou.com"
91.224.92.17 - - [17/Sep/2025:07:31:34 +0800] "GET / HTTP/1.1" 200 109837 "-" "-"
36.133.115.36 - - [17/Sep/2025:07:32:07 +0800] "POST /wp-cron.php?doing_wp_cron=1758065527.0027239322662353515625 HTTP/1.1" 200 31 "-" "WordPress/6.8.2; http://cqqizhou.com"
162.0.226.36 - - [17/Sep/2025:07:32:07 +0800] "POST /xmlrpc.php HTTP/1.1" 200 217 "http://cqqizhou.com" "Mozilla/5.0 (Macintosh; Intel Mac OS X 10_15_7) AppleWebKit/537.36 (KHTML, like Gecko) Chrome/116.0.5845.96 Safari/537.36"
162.0.226.36 - - [17/Sep/2025:07:32:08 +0800] "POST /wp-login.php HTTP/1.1" 200 2919 "http://cqqizhou.com" "Mozilla/5.0 (Macintosh; Intel Mac OS X 13_3) AppleWebKit/537.36 (KHTML, like Gecko) Chrome/126.0.0.0 Safari/537.36"
36.133.115.36 - - [17/Sep/2025:07:35:12 +0800] "POST /wp-cron.php?doing_wp_cron=1758065712.5840010643005371093750 HTTP/1.1" 200 31 "-" "WordPress/6.8.2; http://cqqizhou.com"
154.84.184.122 - - [17/Sep/2025:07:35:12 +0800] "GET / HTTP/1.1" 200 33467 "-" "Mozilla/5.0 (Windows NT 10.0; Win64; x64) AppleWebKit/537.36 (KHTML, like Gecko) Chrome/90.0.4430.85 Safari/537.36 Edg/90.0.818.46"
36.133.115.36 - - [17/Sep/2025:07:36:16 +0800] "POST /wp-cron.php?doing_wp_cron=1758065776.2419021129608154296875 HTTP/1.1" 200 31 "-" "WordPress/6.8.2; http://cqqizhou.com"
128.199.79.81 - - [17/Sep/2025:07:36:16 +0800] "POST /xmlrpc.php HTTP/1.1" 200 217 "http://cqqizhou.com" "Mozilla/5.0 (Windows NT 10.0; Win64; x64; rv:128.0) Gecko/20100101 Firefox/128.0"
128.199.79.81 - - [17/Sep/2025:07:36:17 +0800] "POST /wp-login.php HTTP/1.1" 200 2919 "http://cqqizhou.com" "Mozilla/5.0 (Macintosh; Intel Mac OS X 10_15_7) AppleWebKit/537.36 (KHTML, like Gecko) Chrome/116.0.5845.96 Safari/537.36"
36.133.115.36 - - [17/Sep/2025:07:42:19 +0800] "POST /wp-cron.php?doing_wp_cron=1758066139.3149259090423583984375 HTTP/1.1" 200 31 "-" "WordPress/6.8.2; http://cqqizhou.com"
91.231.89.135 - - [17/Sep/2025:07:42:19 +0800] "GET / HTTP/1.1" 301 5 "-" "Mozilla/5.0 (X11; Ubuntu; Linux x86_64; rv:134.0) Gecko/20100101 Firefox/134.0"
36.133.115.36 - - [17/Sep/2025:07:44:44 +0800] "POST /wp-cron.php?doing_wp_cron=1758066284.5483920574188232421875 HTTP/1.1" 200 31 "-" "WordPress/6.8.2; http://cqqizhou.com"
3.219.40.25 - - [17/Sep/2025:07:44:44 +0800] "POST /xmlrpc.php HTTP/1.1" 200 217 "http://cqqizhou.com" "Mozilla/5.0 (Windows NT 10.0; Win64; x64) AppleWebKit/537.36 (KHTML, like Gecko) Chrome/116.0.5845.96 Safari/537.36 Edg/116.0.1938.62"
3.219.40.25 - - [17/Sep/2025:07:44:45 +0800] "POST /wp-login.php HTTP/1.1" 200 2919 "http://cqqizhou.com" "Mozilla/5.0 (Macintosh; Intel Mac OS X 10_15_7; rv:128.0) Gecko/20100101 Firefox/128.0"
36.133.115.36 - - [17/Sep/2025:07:49:06 +0800] "POST /wp-cron.php?doing_wp_cron=1758066546.5842659473419189453125 HTTP/1.1" 200 31 "-" "WordPress/6.8.2; http://cqqizhou.com"
45.55.220.171 - - [17/Sep/2025:07:49:06 +0800] "POST /xmlrpc.php HTTP/1.1" 200 217 "http://cqqizhou.com" "Mozilla/5.0 (Macintosh; Intel Mac OS X 13_3) AppleWebKit/537.36 (KHTML, like Gecko) Chrome/126.0.0.0 Safari/537.36 Edg/126.0.0.0"
45.55.220.171 - - [17/Sep/2025:07:49:07 +0800] "POST /wp-login.php HTTP/1.1" 200 2919 "http://cqqizhou.com" "Mozilla/5.0 (Macintosh; Intel Mac OS X 10_15_7; rv:129.0) Gecko/20100101 Firefox/129.0"
36.133.115.36 - - [17/Sep/2025:07:53:17 +0800] "POST /wp-cron.php?doing_wp_cron=1758066797.1762659549713134765625 HTTP/1.1" 200 31 "-" "WordPress/6.8.2; http://cqqizhou.com"
89.46.105.193 - - [17/Sep/2025:07:53:17 +0800] "POST /xmlrpc.php HTTP/1.1" 200 217 "http://cqqizhou.com" "Mozilla/5.0 (Windows NT 10.0; Win64; x64; rv:126.0) Gecko/20100101 Firefox/126.0"
89.46.105.193 - - [17/Sep/2025:07:53:18 +0800] "POST /wp-login.php HTTP/1.1" 200 2919 "http://cqqizhou.com" "Mozilla/5.0 (Windows NT 10.0; Win64; x64) AppleWebKit/537.36 (KHTML, like Gecko) Chrome/114.0.5735.134 Safari/537.36"
87.120.191.70 - - [17/Sep/2025:07:53:42 +0800] "GET / HTTP/1.1" 301 5 "-" "Mozilla/5.0 (Windows NT 10.0; Win64; x64) AppleWebKit/537.36 (KHTML, like Gecko) Chrome/90.0.4430.85 Safari/537.36 Edg/90.0.818.46"
36.133.115.36 - - [17/Sep/2025:07:56:12 +0800] "POST /wp-cron.php?doing_wp_cron=1758066972.5188369750976562500000 HTTP/1.1" 200 31 "-" "WordPress/6.8.2; http://cqqizhou.com"
154.84.184.122 - - [17/Sep/2025:07:56:12 +0800] "GET / HTTP/1.1" 200 33468 "-" "Mozilla/5.0 (Windows NT 10.0; Win64; x64) AppleWebKit/537.36 (KHTML, like Gecko) Chrome/90.0.4430.85 Safari/537.36 Edg/90.0.818.46"
87.120.191.6 - - [17/Sep/2025:07:56:18 +0800] "GET / HTTP/1.1" 200 33468 "-" "Mozilla/5.0 (Windows NT 10.0; Win64; x64) AppleWebKit/537.36 (KHTML, like Gecko) Chrome/90.0.4430.85 Safari/537.36 Edg/90.0.818.46"
36.133.115.36 - - [17/Sep/2025:07:57:30 +0800] "POST /wp-cron.php?doing_wp_cron=1758067050.7961568832397460937500 HTTP/1.1" 200 31 "-" "WordPress/6.8.2; http://cqqizhou.com"
86.48.6.132 - - [17/Sep/2025:07:57:30 +0800] "POST /xmlrpc.php HTTP/1.1" 200 217 "http://cqqizhou.com" "Mozilla/5.0 (Macintosh; Intel Mac OS X 10_15_7; rv:128.0) Gecko/20100101 Firefox/128.0"
86.48.6.132 - - [17/Sep/2025:07:57:32 +0800] "POST /wp-login.php HTTP/1.1" 200 2919 "http://cqqizhou.com" "Mozilla/5.0 (Windows NT 10.0; Win64; x64) AppleWebKit/537.36 (KHTML, like Gecko) Chrome/112.0.5615.138 Safari/537.36"
36.133.115.36 - - [17/Sep/2025:08:00:32 +0800] "POST /wp-cron.php?doing_wp_cron=1758067232.0626280307769775390625 HTTP/1.1" 200 31 "-" "WordPress/6.8.2; http://cqqizhou.com"
185.40.4.19 - - [17/Sep/2025:08:00:32 +0800] "GET / HTTP/1.1" 200 33466 "-" "Mozilla/5.0 (Windows NT 10.0; Win64; x64) AppleWebKit/537.36 (KHTML, like Gecko) Chrome/90.0.4430.85 Safari/537.36 Edg/90.0.818.46"
36.133.115.36 - - [17/Sep/2025:08:01:56 +0800] "POST /wp-cron.php?doing_wp_cron=1758067316.8600749969482421875000 HTTP/1.1" 200 31 "-" "WordPress/6.8.2; http://cqqizhou.com"
209.172.2.60 - - [17/Sep/2025:08:01:56 +0800] "POST /xmlrpc.php HTTP/1.1" 200 217 "http://cqqizhou.com" "Mozilla/5.0 (Windows NT 10.0; Win64; x64) AppleWebKit/537.36 (KHTML, like Gecko) Chrome/126.0.0.0 Safari/537.36"
209.172.2.60 - - [17/Sep/2025:08:01:58 +0800] "POST /wp-login.php HTTP/1.1" 200 2917 "http://cqqizhou.com" "Mozilla/5.0 (Windows NT 10.0; Win64; x64; rv:127.0) Gecko/20100101 Firefox/127.0"
45.142.193.144 - - [17/Sep/2025:08:02:10 +0800] "GET / HTTP/1.1" 200 33466 "-" "Mozilla/5.0 (Windows NT 10.0; Win64; x64) AppleWebKit/537.36 (KHTML, like Gecko) Chrome/90.0.4430.85 Safari/537.36 Edg/90.0.818.46"
36.133.115.36 - - [17/Sep/2025:08:04:20 +0800] "POST /wp-cron.php?doing_wp_cron=1758067460.7550098896026611328125 HTTP/1.1" 200 31 "-" "WordPress/6.8.2; http://cqqizhou.com"
52.167.144.189 - - [17/Sep/2025:08:04:20 +0800] "GET /?s=2026 HTTP/1.1" 200 17611 "-" "Mozilla/5.0 AppleWebKit/537.36 (KHTML, like Gecko; compatible; bingbot/2.0; +http://www.bing.com/bingbot.htm) Chrome/116.0.1938.76 Safari/537.36"
36.133.115.36 - - [17/Sep/2025:08:06:24 +0800] "POST /wp-cron.php?doing_wp_cron=1758067584.8115429878234863281250 HTTP/1.1" 200 31 "-" "WordPress/6.8.2; http://cqqizhou.com"
62.146.237.219 - - [17/Sep/2025:08:06:24 +0800] "POST /xmlrpc.php HTTP/1.1" 200 217 "http://cqqizhou.com" "Mozilla/5.0 (Macintosh; Intel Mac OS X 10_15_7; rv:125.0.1) Gecko/20100101 Firefox/125.0.1"
62.146.237.219 - - [17/Sep/2025:08:06:26 +0800] "POST /wp-login.php HTTP/1.1" 200 2917 "http://cqqizhou.com" "Mozilla/5.0 (Macintosh; Intel Mac OS X 10_15_7; rv:126.0) Gecko/20100101 Firefox/126.0"
36.133.115.36 - - [17/Sep/2025:08:07:28 +0800] "POST /wp-cron.php?doing_wp_cron=1758067648.1143488883972167968750 HTTP/1.1" 200 31 "-" "WordPress/6.8.2; http://cqqizhou.com"
112.196.0.228 - - [17/Sep/2025:08:07:28 +0800] "POST /xmlrpc.php HTTP/1.1" 200 217 "-" "Mozilla/5.0 (X11; Ubuntu; Linux x86_64; rv:85.0) Gecko/20100101 Firefox/91.0"
36.133.115.36 - - [17/Sep/2025:08:10:44 +0800] "POST /wp-cron.php?doing_wp_cron=1758067844.3105740547180175781250 HTTP/1.1" 200 31 "-" "WordPress/6.8.2; http://cqqizhou.com"
188.166.127.27 - - [17/Sep/2025:08:10:44 +0800] "POST /xmlrpc.php HTTP/1.1" 200 217 "http://cqqizhou.com" "Mozilla/5.0 (Windows NT 10.0; Win64; x64) AppleWebKit/537.36 (KHTML, like Gecko) Chrome/115.0.5790.171 Safari/537.36 Edg/115.0.1901.203"
188.166.127.27 - - [17/Sep/2025:08:10:45 +0800] "POST /wp-login.php HTTP/1.1" 200 2917 "http://cqqizhou.com" "Mozilla/5.0 (Macintosh; Intel Mac OS X 10_15_7; rv:126.0) Gecko/20100101 Firefox/126.0"
36.133.115.36 - - [17/Sep/2025:08:15:39 +0800] "POST /wp-cron.php?doing_wp_cron=1758068139.3757269382476806640625 HTTP/1.1" 200 31 "-" "WordPress/6.8.2; http://cqqizhou.com"
93.174.93.12 - - [17/Sep/2025:08:15:39 +0800] "GET / HTTP/1.0" 301 0 "-" "Mozilla/5.0 (Linux; Android 8.1.0; SM-T580) AppleWebKit/537.36 (KHTML, like Gecko) Chrome/76.0.3809.111 Safari/537.36"
36.133.115.36 - - [17/Sep/2025:08:17:50 +0800] "POST /wp-cron.php?doing_wp_cron=1758068270.4042210578918457031250 HTTP/1.1" 200 31 "-" "WordPress/6.8.2; http://cqqizhou.com"
87.120.191.70 - - [17/Sep/2025:08:17:50 +0800] "GET / HTTP/1.1" 301 5 "-" "Mozilla/5.0 (Windows NT 10.0; Win64; x64) AppleWebKit/537.36 (KHTML, like Gecko) Chrome/90.0.4430.85 Safari/537.36 Edg/90.0.818.46"
36.133.115.36 - - [17/Sep/2025:08:23:57 +0800] "POST /wp-cron.php?doing_wp_cron=1758068637.9258909225463867187500 HTTP/1.1" 200 31 "-" "WordPress/6.8.2; http://cqqizhou.com"
46.245.76.52 - - [17/Sep/2025:08:23:57 +0800] "POST /xmlrpc.php HTTP/1.1" 200 217 "http://cqqizhou.com" "Mozilla/5.0 (Windows NT 10.0; Win64; x64; rv:128.0) Gecko/20100101 Firefox/128.0"
46.245.76.52 - - [17/Sep/2025:08:23:59 +0800] "POST /wp-login.php HTTP/1.1" 200 2917 "http://cqqizhou.com" "Mozilla/5.0 (Windows NT 10.0; Win64; x64) AppleWebKit/537.36 (KHTML, like Gecko) Chrome/126.0.0.0 Safari/537.36"
36.133.115.36 - - [17/Sep/2025:08:28:24 +0800] "POST /wp-cron.php?doing_wp_cron=1758068904.1732790470123291015625 HTTP/1.1" 200 31 "-" "WordPress/6.8.2; http://cqqizhou.com"
92.114.50.2 - - [17/Sep/2025:08:28:24 +0800] "POST /xmlrpc.php HTTP/1.1" 200 217 "http://cqqizhou.com" "Mozilla/5.0 (Macintosh; Intel Mac OS X 10_15_7) AppleWebKit/537.36 (KHTML, like Gecko) Chrome/112.0.5615.138 Safari/537.36"
92.114.50.2 - - [17/Sep/2025:08:28:25 +0800] "POST /wp-login.php HTTP/1.1" 200 2917 "http://cqqizhou.com" "Mozilla/5.0 (Macintosh; Intel Mac OS X 10_15_7) AppleWebKit/537.36 (KHTML, like Gecko) Chrome/114.0.5735.134 Safari/537.36"
36.133.115.36 - - [17/Sep/2025:08:32:50 +0800] "POST /wp-cron.php?doing_wp_cron=1758069170.3978209495544433593750 HTTP/1.1" 200 31 "-" "WordPress/6.8.2; http://cqqizhou.com"
144.91.101.129 - - [17/Sep/2025:08:32:50 +0800] "POST /xmlrpc.php HTTP/1.1" 200 217 "http://cqqizhou.com" "Mozilla/5.0 (Macintosh; Intel Mac OS X 10_15_7) AppleWebKit/537.36 (KHTML, like Gecko) Chrome/112.0.5615.138 Safari/537.36"
144.91.101.129 - - [17/Sep/2025:08:32:51 +0800] "POST /wp-login.php HTTP/1.1" 200 2917 "http://cqqizhou.com" "Mozilla/5.0 (Windows NT 10.0; Win64; x64; rv:127.0) Gecko/20100101 Firefox/127.0"
36.133.115.36 - - [17/Sep/2025:08:42:10 +0800] "POST /wp-cron.php?doing_wp_cron=1758069730.3328020572662353515625 HTTP/1.1" 200 31 "-" "WordPress/6.8.2; http://cqqizhou.com"
87.120.191.70 - - [17/Sep/2025:08:42:10 +0800] "GET / HTTP/1.1" 301 5 "-" "Mozilla/5.0 (Windows NT 10.0; Win64; x64) AppleWebKit/537.36 (KHTML, like Gecko) Chrome/90.0.4430.85 Safari/537.36 Edg/90.0.818.46"
154.84.184.122 - - [17/Sep/2025:08:42:24 +0800] "GET / HTTP/1.1" 200 33466 "-" "Mozilla/5.0 (Windows NT 10.0; Win64; x64) AppleWebKit/537.36 (KHTML, like Gecko) Chrome/90.0.4430.85 Safari/537.36 Edg/90.0.818.46"
36.133.115.36 - - [17/Sep/2025:08:46:05 +0800] "POST /wp-cron.php?doing_wp_cron=1758069965.7199718952178955078125 HTTP/1.1" 200 31 "-" "WordPress/6.8.2; http://cqqizhou.com"
194.242.45.55 - - [17/Sep/2025:08:46:05 +0800] "POST /xmlrpc.php HTTP/1.1" 200 217 "http://cqqizhou.com" "Mozilla/5.0 (Windows NT 10.0; Win64; x64) AppleWebKit/537.36 (KHTML, like Gecko) Chrome/112.0.5615.138 Safari/537.36 Edg/112.0.1722.68"
194.242.45.55 - - [17/Sep/2025:08:46:07 +0800] "POST /wp-login.php HTTP/1.1" 200 2917 "http://cqqizhou.com" "Mozilla/5.0 (Windows NT 11.0; Win64; x64) AppleWebKit/537.36 (KHTML, like Gecko) Chrome/126.0.0.0 Safari/537.36 Edg/126.0.0.0"
36.133.115.36 - - [17/Sep/2025:08:54:56 +0800] "POST /wp-cron.php?doing_wp_cron=1758070496.0634551048278808593750 HTTP/1.1" 200 31 "-" "WordPress/6.8.2; http://cqqizhou.com"
63.250.38.185 - - [17/Sep/2025:08:54:56 +0800] "POST /xmlrpc.php HTTP/1.1" 200 217 "http://cqqizhou.com" "Mozilla/5.0 (Windows NT 10.0; Win64; x64; rv:126.0) Gecko/20100101 Firefox/126.0"
63.250.38.185 - - [17/Sep/2025:08:54:57 +0800] "POST /wp-login.php HTTP/1.1" 200 2917 "http://cqqizhou.com" "Mozilla/5.0 (Macintosh; Intel Mac OS X 10_15_7) AppleWebKit/537.36 (KHTML, like Gecko) Chrome/126.0.0.0 Safari/537.36"
36.133.115.36 - - [17/Sep/2025:08:59:30 +0800] "POST /wp-cron.php?doing_wp_cron=1758070770.4191219806671142578125 HTTP/1.1" 200 31 "-" "WordPress/6.8.2; http://cqqizhou.com"
43.204.165.73 - - [17/Sep/2025:08:59:30 +0800] "POST /xmlrpc.php HTTP/1.1" 200 217 "http://cqqizhou.com" "Mozilla/5.0 (Macintosh; Intel Mac OS X 10_15_7) AppleWebKit/537.36 (KHTML, like Gecko) Chrome/115.0.5790.102 Safari/537.36"
43.204.165.73 - - [17/Sep/2025:08:59:35 +0800] "POST /wp-login.php HTTP/1.1" 200 2917 "http://cqqizhou.com" "Mozilla/5.0 (Macintosh; Intel Mac OS X 10_15_7; rv:126.0) Gecko/20100101 Firefox/126.0"
36.133.108.125 - - [17/Sep/2025:09:02:08 +0800] "HEAD /phpunit/phpunit/src/Util/PHP/eval-stdin.php HTTP/1.1" 404 0 "-" "Mozilla/5.0 (Macintosh; U; Intel Mac OS X 10_6_6; fr-ch) AppleWebKit/533.19.4 (KHTML, like Gecko) Version/5.0.3 Safari/533.19.4"
36.133.115.36 - - [17/Sep/2025:09:03:56 +0800] "POST /wp-cron.php?doing_wp_cron=1758071036.1154749393463134765625 HTTP/1.1" 200 31 "-" "WordPress/6.8.2; http://cqqizhou.com"
69.57.162.14 - - [17/Sep/2025:09:03:56 +0800] "POST /xmlrpc.php HTTP/1.1" 200 217 "http://cqqizhou.com" "Mozilla/5.0 (Macintosh; Intel Mac OS X 10_15_7) AppleWebKit/537.36 (KHTML, like Gecko) Chrome/113.0.5672.93 Safari/537.36"
69.57.162.14 - - [17/Sep/2025:09:03:57 +0800] "POST /wp-login.php HTTP/1.1" 200 2917 "http://cqqizhou.com" "Mozilla/5.0 (Macintosh; Intel Mac OS X 10_15_7; rv:129.0) Gecko/20100101 Firefox/129.0"
36.133.115.36 - - [17/Sep/2025:09:07:52 +0800] "POST /wp-cron.php?doing_wp_cron=1758071272.3093221187591552734375 HTTP/1.1" 200 31 "-" "WordPress/6.8.2; http://cqqizhou.com"
87.120.191.70 - - [17/Sep/2025:09:07:52 +0800] "GET / HTTP/1.1" 301 5 "-" "Mozilla/5.0 (Windows NT 10.0; Win64; x64) AppleWebKit/537.36 (KHTML, like Gecko) Chrome/90.0.4430.85 Safari/537.36 Edg/90.0.818.46"
101.251.6.19 - - [17/Sep/2025:09:08:21 +0800] "POST /xmlrpc.php HTTP/1.1" 200 217 "http://cqqizhou.com" "Mozilla/5.0 (Windows NT 10.0; Win64; x64) AppleWebKit/537.36 (KHTML, like Gecko) Chrome/112.0.5615.138 Safari/537.36"
101.251.6.19 - - [17/Sep/2025:09:08:23 +0800] "POST /wp-login.php HTTP/1.1" 200 2917 "http://cqqizhou.com" "Mozilla/5.0 (Macintosh; Intel Mac OS X 14_4_1) AppleWebKit/605.1.15 (KHTML, like Gecko) Version/17.3.1 Safari/605.1.15"
36.133.115.36 - - [17/Sep/2025:09:11:22 +0800] "POST /wp-cron.php?doing_wp_cron=1758071482.1157948970794677734375 HTTP/1.1" 200 31 "-" "WordPress/6.8.2; http://cqqizhou.com"
52.167.144.159 - - [17/Sep/2025:09:11:22 +0800] "GET /?s=2025 HTTP/1.1" 200 19411 "-" "Mozilla/5.0 AppleWebKit/537.36 (KHTML, like Gecko; compatible; bingbot/2.0; +http://www.bing.com/bingbot.htm) Chrome/116.0.1938.76 Safari/537.36"
36.133.115.36 - - [17/Sep/2025:09:12:42 +0800] "POST /wp-cron.php?doing_wp_cron=1758071562.5078868865966796875000 HTTP/1.1" 200 31 "-" "WordPress/6.8.2; http://cqqizhou.com"
123.1.133.4 - - [17/Sep/2025:09:12:42 +0800] "POST /xmlrpc.php HTTP/1.1" 200 217 "http://cqqizhou.com" "Mozilla/5.0 (Macintosh; Intel Mac OS X 10_15_7; rv:126.0) Gecko/20100101 Firefox/126.0"
123.1.133.4 - - [17/Sep/2025:09:12:43 +0800] "POST /wp-login.php HTTP/1.1" 200 2917 "http://cqqizhou.com" "Mozilla/5.0 (Macintosh; Intel Mac OS X 10_15_7) AppleWebKit/537.36 (KHTML, like Gecko) Chrome/112.0.5615.138 Safari/537.36"
36.133.115.36 - - [17/Sep/2025:09:16:13 +0800] "POST /wp-cron.php?doing_wp_cron=1758071773.8740220069885253906250 HTTP/1.1" 200 31 "-" "WordPress/6.8.2; http://cqqizhou.com"
45.142.193.144 - - [17/Sep/2025:09:16:14 +0800] "GET / HTTP/1.1" 200 33466 "-" "Mozilla/5.0 (Windows NT 10.0; Win64; x64) AppleWebKit/537.36 (KHTML, like Gecko) Chrome/90.0.4430.85 Safari/537.36 Edg/90.0.818.46"
36.133.115.36 - - [17/Sep/2025:09:17:11 +0800] "POST /wp-cron.php?doing_wp_cron=1758071831.6163980960845947265625 HTTP/1.1" 200 31 "-" "WordPress/6.8.2; http://cqqizhou.com"
142.44.138.99 - - [17/Sep/2025:09:17:11 +0800] "POST /xmlrpc.php HTTP/1.1" 200 217 "http://cqqizhou.com" "Mozilla/5.0 (Macintosh; Intel Mac OS X 14.3) AppleWebKit/614.31.14 (KHTML, like Gecko) Version/17.0.96 Safari/614.31.14"
142.44.138.99 - - [17/Sep/2025:09:17:12 +0800] "POST /wp-login.php HTTP/1.1" 200 2917 "http://cqqizhou.com" "Mozilla/5.0 (Windows NT 10.0; Win64; x64) AppleWebKit/537.36 (KHTML, like Gecko) Chrome/115.0.5790.102 Safari/537.36"
36.133.115.36 - - [17/Sep/2025:09:18:13 +0800] "POST /wp-cron.php?doing_wp_cron=1758071893.8103260993957519531250 HTTP/1.1" 200 31 "-" "WordPress/6.8.2; http://cqqizhou.com"
87.120.191.6 - - [17/Sep/2025:09:18:14 +0800] "GET / HTTP/1.1" 200 33466 "-" "Mozilla/5.0 (Windows NT 10.0; Win64; x64) AppleWebKit/537.36 (KHTML, like Gecko) Chrome/90.0.4430.85 Safari/537.36 Edg/90.0.818.46"
36.133.115.36 - - [17/Sep/2025:09:19:14 +0800] "POST /wp-cron.php?doing_wp_cron=1758071954.7725589275360107421875 HTTP/1.1" 200 31 "-" "WordPress/6.8.2; http://cqqizhou.com"
154.84.184.122 - - [17/Sep/2025:09:19:15 +0800] "GET / HTTP/1.1" 200 33466 "-" "Mozilla/5.0 (Windows NT 10.0; Win64; x64) AppleWebKit/537.36 (KHTML, like Gecko) Chrome/90.0.4430.85 Safari/537.36 Edg/90.0.818.46"
196.251.84.253 - - [17/Sep/2025:09:19:24 +0800] "GET / HTTP/1.0" 200 78014 "-" "Mozilla/5.0 (X11; Linux x86_64; rv:140.0) Gecko/20100101 Firefox/140.0"
36.133.115.36 - - [17/Sep/2025:09:20:24 +0800] "POST /wp-cron.php?doing_wp_cron=1758072024.7449500560760498046875 HTTP/1.1" 200 31 "-" "WordPress/6.8.2; http://cqqizhou.com"
200.124.160.3 - - [17/Sep/2025:09:20:24 +0800] "GET / HTTP/1.0" 301 0 "-" "ivre-masscan/1.3 https://github.com/robertdavidgraham/"
36.133.115.36 - - [17/Sep/2025:09:21:02 +0800] "POST /wp-cron.php?doing_wp_cron=1758072062.7967329025268554687500 HTTP/1.1" 200 31 "-" "WordPress/6.8.2; http://cqqizhou.com"
149.50.103.48 - - [17/Sep/2025:09:21:03 +0800] "GET / HTTP/1.1" 200 33466 "-" "Mozilla/5.0 (Windows NT 10.0; Win64; x64) AppleWebKit/537.36 (KHTML, like Gecko) Chrome/90.0.4430.85 Safari/537.36 Edg/90.0.818.46"
176.65.149.161 - - [17/Sep/2025:09:21:05 +0800] "GET / HTTP/1.1" 200 33466 "-" "Mozilla/5.0 (Windows NT 10.0; Win64; x64) AppleWebKit/537.36 (KHTML, like Gecko) Chrome/90.0.4430.85 Safari/537.36 Edg/90.0.818.46"
143.198.55.111 - - [17/Sep/2025:09:21:31 +0800] "POST /xmlrpc.php HTTP/1.1" 200 217 "http://cqqizhou.com" "Mozilla/5.0 (Macintosh; Intel Mac OS X 13_3) AppleWebKit/537.36 (KHTML, like Gecko) Chrome/126.0.0.0 Safari/537.36 Edg/126.0.0.0"
143.198.55.111 - - [17/Sep/2025:09:21:32 +0800] "POST /wp-login.php HTTP/1.1" 200 2917 "http://cqqizhou.com" "Mozilla/5.0 (Macintosh; Intel Mac OS X 13_3) AppleWebKit/537.36 (KHTML, like Gecko) Chrome/126.0.0.0 Safari/537.36 Edg/126.0.0.0"
36.133.115.36 - - [17/Sep/2025:09:22:13 +0800] "POST /wp-cron.php?doing_wp_cron=1758072132.9921278953552246093750 HTTP/1.1" 200 31 "-" "WordPress/6.8.2; http://cqqizhou.com"
43.157.156.190 - - [17/Sep/2025:09:22:13 +0800] "GET / HTTP/1.1" 301 5 "-" "Mozilla/5.0 (iPhone; CPU iPhone OS 13_2_3 like Mac OS X) AppleWebKit/605.1.15 (KHTML, like Gecko) Version/13.0.3 Mobile/15E148 Safari/604.1"
43.157.156.190 - - [17/Sep/2025:09:22:17 +0800] "GET / HTTP/1.1" 200 33466 "http://36.133.115.36" "Mozilla/5.0 (iPhone; CPU iPhone OS 13_2_3 like Mac OS X) AppleWebKit/605.1.15 (KHTML, like Gecko) Version/13.0.3 Mobile/15E148 Safari/604.1"
36.133.115.36 - - [17/Sep/2025:09:24:46 +0800] "POST /wp-cron.php?doing_wp_cron=1758072286.5122530460357666015625 HTTP/1.1" 200 31 "-" "WordPress/6.8.2; http://cqqizhou.com"
50.30.32.22 - - [17/Sep/2025:09:24:46 +0800] "POST /xmlrpc.php HTTP/1.1" 200 217 "-" "Mozilla/5.0 (X11; Ubuntu; Linux x86_64; rv:85.0) Gecko/20100101 Firefox/91.0"
36.133.115.36 - - [17/Sep/2025:09:28:34 +0800] "POST /wp-cron.php?doing_wp_cron=1758072514.2770750522613525390625 HTTP/1.1" 200 31 "-" "WordPress/6.8.2; http://cqqizhou.com"
61.222.18.61 - - [17/Sep/2025:09:28:34 +0800] "GET /wp-login.php HTTP/1.1" 200 2778 "-" "GRequests/0.10"
61.222.18.61 - - [17/Sep/2025:09:28:35 +0800] "POST /wp-login.php HTTP/1.1" 200 2925 "-" "GRequests/0.10"
36.133.115.36 - - [17/Sep/2025:09:30:18 +0800] "POST /wp-cron.php?doing_wp_cron=1758072618.0835039615631103515625 HTTP/1.1" 200 31 "-" "WordPress/6.8.2; http://cqqizhou.com"
87.120.191.70 - - [17/Sep/2025:09:30:18 +0800] "GET / HTTP/1.1" 301 5 "-" "Mozilla/5.0 (Windows NT 10.0; Win64; x64) AppleWebKit/537.36 (KHTML, like Gecko) Chrome/90.0.4430.85 Safari/537.36 Edg/90.0.818.46"
36.133.115.36 - - [17/Sep/2025:09:34:42 +0800] "POST /wp-cron.php?doing_wp_cron=1758072882.1968669891357421875000 HTTP/1.1" 200 31 "-" "WordPress/6.8.2; http://cqqizhou.com"
45.94.58.22 - - [17/Sep/2025:09:34:42 +0800] "POST /xmlrpc.php HTTP/1.1" 200 217 "http://cqqizhou.com" "Mozilla/5.0 (Windows NT 10.0; Win64; x64) AppleWebKit/537.36 (KHTML, like Gecko) Chrome/112.0.5615.138 Safari/537.36"
45.94.58.22 - - [17/Sep/2025:09:34:43 +0800] "POST /wp-login.php HTTP/1.1" 200 2917 "http://cqqizhou.com" "Mozilla/5.0 (Windows NT 10.0; Win64; x64) AppleWebKit/537.36 (KHTML, like Gecko) Chrome/115.0.5790.171 Safari/537.36 Edg/115.0.1901.203"
36.133.115.36 - - [17/Sep/2025:09:39:05 +0800] "POST /wp-cron.php?doing_wp_cron=1758073145.4070460796356201171875 HTTP/1.1" 200 31 "-" "WordPress/6.8.2; http://cqqizhou.com"
209.172.2.60 - - [17/Sep/2025:09:39:05 +0800] "POST /xmlrpc.php HTTP/1.1" 200 217 "http://cqqizhou.com" "Mozilla/5.0 (Macintosh; Intel Mac OS X 10_15_7; rv:126.0) Gecko/20100101 Firefox/126.0"
209.172.2.60 - - [17/Sep/2025:09:39:06 +0800] "POST /wp-login.php HTTP/1.1" 200 2917 "http://cqqizhou.com" "Mozilla/5.0 (Macintosh; Intel Mac OS X 14.5) AppleWebKit/618.3.5 (KHTML, like Gecko) Version/17.4 Safari/618.3.5"
36.133.115.36 - - [17/Sep/2025:09:41:20 +0800] "POST /wp-cron.php?doing_wp_cron=1758073280.7347168922424316406250 HTTP/1.1" 200 31 "-" "WordPress/6.8.2; http://cqqizhou.com"
82.157.190.111 - - [17/Sep/2025:09:41:20 +0800] "GET / HTTP/1.1" 301 5 "-" "Mozilla/5.0 (X11; Linux x86_64) AppleWebKit/537.36 (KHTML, like Gecko) Chrome/90.0.4430.61 Safari/537.36 HeyTapBrowser/40.7.39.1"
82.157.190.111 - - [17/Sep/2025:09:41:20 +0800] "GET / HTTP/1.1" 301 5 "-" "Mozilla/5.0 (X11; Linux x86_64) AppleWebKit/537.36 (KHTML, like Gecko) Chrome/90.0.4430.61 Safari/537.36 HeyTapBrowser/40.7.39.1"
82.157.190.111 - - [17/Sep/2025:09:41:21 +0800] "GET / HTTP/1.1" 200 39369 "-" "Mozilla/5.0 (X11; Linux x86_64) AppleWebKit/537.36 (KHTML, like Gecko) Chrome/90.0.4430.61 Safari/537.36 HeyTapBrowser/40.7.39.1"
82.157.190.111 - - [17/Sep/2025:09:41:21 +0800] "GET / HTTP/1.1" 200 39369 "-" "Mozilla/5.0 (X11; Linux x86_64) AppleWebKit/537.36 (KHTML, like Gecko) Chrome/90.0.4430.61 Safari/537.36 HeyTapBrowser/40.7.39.1"
36.133.115.36 - - [17/Sep/2025:09:45:13 +0800] "POST /wp-cron.php?doing_wp_cron=1758073513.4555189609527587890625 HTTP/1.1" 200 31 "-" "WordPress/6.8.2; http://cqqizhou.com"
176.65.149.245 - - [17/Sep/2025:09:45:13 +0800] "GET / HTTP/1.1" 200 33467 "-" "Mozilla/5.0 (Windows NT 10.0; Win64; x64) AppleWebKit/537.36 (KHTML, like Gecko) Chrome/90.0.4430.85 Safari/537.36 Edg/90.0.818.46"
36.133.115.36 - - [17/Sep/2025:09:46:33 +0800] "POST /wp-cron.php?doing_wp_cron=1758073593.8144500255584716796875 HTTP/1.1" 200 31 "-" "WordPress/6.8.2; http://cqqizhou.com"
154.84.184.122 - - [17/Sep/2025:09:46:34 +0800] "GET / HTTP/1.1" 200 33466 "-" "Mozilla/5.0 (Windows NT 10.0; Win64; x64) AppleWebKit/537.36 (KHTML, like Gecko) Chrome/90.0.4430.85 Safari/537.36 Edg/90.0.818.46"
36.133.115.36 - - [17/Sep/2025:09:47:58 +0800] "POST /wp-cron.php?doing_wp_cron=1758073678.2036399841308593750000 HTTP/1.1" 200 31 "-" "WordPress/6.8.2; http://cqqizhou.com"
89.207.146.191 - - [17/Sep/2025:09:47:58 +0800] "POST /xmlrpc.php HTTP/1.1" 200 217 "http://cqqizhou.com" "Mozilla/5.0 (Windows NT 10.0; Win64; x64; rv:129.0) Gecko/20100101 Firefox/129.0"
89.207.146.191 - - [17/Sep/2025:09:47:59 +0800] "POST /wp-login.php HTTP/1.1" 200 2917 "http://cqqizhou.com" "Mozilla/5.0 (Windows NT 10.0; Win64; x64; rv:125.0.1) Gecko/20100101 Firefox/125.0.1"
36.133.115.36 - - [17/Sep/2025:09:53:58 +0800] "POST /wp-cron.php?doing_wp_cron=1758074038.4085409641265869140625 HTTP/1.1" 200 31 "-" "WordPress/6.8.2; http://cqqizhou.com"
87.120.191.70 - - [17/Sep/2025:09:53:58 +0800] "GET / HTTP/1.1" 301 5 "-" "Mozilla/5.0 (Windows NT 10.0; Win64; x64) AppleWebKit/537.36 (KHTML, like Gecko) Chrome/90.0.4430.85 Safari/537.36 Edg/90.0.818.46"
36.133.115.36 - - [17/Sep/2025:09:56:54 +0800] "POST /wp-cron.php?doing_wp_cron=1758074214.1674690246582031250000 HTTP/1.1" 200 31 "-" "WordPress/6.8.2; http://cqqizhou.com"
84.247.144.53 - - [17/Sep/2025:09:56:54 +0800] "POST /xmlrpc.php HTTP/1.1" 200 217 "http://cqqizhou.com" "Mozilla/5.0 (Macintosh; Intel Mac OS X 13_3) AppleWebKit/537.36 (KHTML, like Gecko) Chrome/126.0.0.0 Safari/537.36 Edg/126.0.0.0"
84.247.144.53 - - [17/Sep/2025:09:56:56 +0800] "POST /wp-login.php HTTP/1.1" 200 2917 "http://cqqizhou.com" "Mozilla/5.0 (Macintosh; Intel Mac OS X 14_4_1) AppleWebKit/605.1.15 (KHTML, like Gecko) Version/17.3.1 Safari/605.1.15"
36.133.115.36 - - [17/Sep/2025:10:01:21 +0800] "POST /wp-cron.php?doing_wp_cron=1758074481.2245290279388427734375 HTTP/1.1" 200 31 "-" "WordPress/6.8.2; http://cqqizhou.com"
176.65.148.40 - - [17/Sep/2025:10:01:21 +0800] "GET / HTTP/1.1" 200 33466 "-" "Mozilla/5.0 (Windows NT 10.0; Win64; x64) AppleWebKit/537.36 (KHTML, like Gecko) Chrome/90.0.4430.85 Safari/537.36 Edg/90.0.818.46"
130.193.77.35 - - [17/Sep/2025:10:01:24 +0800] "POST /xmlrpc.php HTTP/1.1" 200 217 "http://cqqizhou.com" "Mozilla/5.0 (Macintosh; Intel Mac OS X 14.5) AppleWebKit/618.3.5 (KHTML, like Gecko) Version/17.4 Safari/618.3.5"
130.193.77.35 - - [17/Sep/2025:10:01:25 +0800] "POST /wp-login.php HTTP/1.1" 200 2917 "http://cqqizhou.com" "Mozilla/5.0 (Macintosh; Intel Mac OS X 10_15_7; rv:128.0) Gecko/20100101 Firefox/128.0"
36.133.115.36 - - [17/Sep/2025:10:04:41 +0800] "POST /wp-cron.php?doing_wp_cron=1758074681.7437069416046142578125 HTTP/1.1" 200 31 "-" "WordPress/6.8.2; http://cqqizhou.com"
45.142.193.144 - - [17/Sep/2025:10:04:42 +0800] "GET / HTTP/1.1" 200 33466 "-" "Mozilla/5.0 (Windows NT 10.0; Win64; x64) AppleWebKit/537.36 (KHTML, like Gecko) Chrome/90.0.4430.85 Safari/537.36 Edg/90.0.818.46"
36.133.115.36 - - [17/Sep/2025:10:06:21 +0800] "POST /wp-cron.php?doing_wp_cron=1758074781.0598359107971191406250 HTTP/1.1" 200 31 "-" "WordPress/6.8.2; http://cqqizhou.com"
121.29.51.28 - - [17/Sep/2025:10:06:21 +0800] "GET / HTTP/1.1" 200 33466 "-" "Mozilla/5.0 (Linux; Android 7.0; Redmi Note 4X Build/NRD90M; wv) AppleWebKit/537.36 (KHTML, like Gecko) Version/4.0 Chrome/57.0.2987.132 MQQBrowser/6.2 TBS/044207 Mobile Safari/537.36 MicroMessenger/6.7.2.1340(0x2607023A) NetType/NON_NETWORK Language/zh_CN"
36.133.115.36 - - [17/Sep/2025:10:07:29 +0800] "POST /wp-cron.php?doing_wp_cron=1758074849.4640150070190429687500 HTTP/1.1" 200 31 "-" "WordPress/6.8.2; http://cqqizhou.com"
43.157.191.20 - - [17/Sep/2025:10:07:29 +0800] "GET / HTTP/1.1" 301 5 "-" "Mozilla/5.0 (iPhone; CPU iPhone OS 13_2_3 like Mac OS X) AppleWebKit/605.1.15 (KHTML, like Gecko) Version/13.0.3 Mobile/15E148 Safari/604.1"
43.157.191.20 - - [17/Sep/2025:10:07:32 +0800] "GET / HTTP/1.1" 200 33466 "http://www.cqqizhou.com" "Mozilla/5.0 (iPhone; CPU iPhone OS 13_2_3 like Mac OS X) AppleWebKit/605.1.15 (KHTML, like Gecko) Version/13.0.3 Mobile/15E148 Safari/604.1"
36.133.115.36 - - [17/Sep/2025:10:15:12 +0800] "POST /wp-cron.php?doing_wp_cron=1758075312.8542070388793945312500 HTTP/1.1" 200 31 "-" "WordPress/6.8.2; http://cqqizhou.com"
50.62.183.174 - - [17/Sep/2025:10:15:12 +0800] "POST /xmlrpc.php HTTP/1.1" 200 217 "http://cqqizhou.com" "Mozilla/5.0 (Windows NT 10.0; Win64; x64) AppleWebKit/537.36 (KHTML, like Gecko) Chrome/114.0.5735.199 Safari/537.36 Edg/114.0.1823.67"
50.62.183.174 - - [17/Sep/2025:10:15:14 +0800] "POST /wp-login.php HTTP/1.1" 200 2917 "http://cqqizhou.com" "Mozilla/5.0 (Macintosh; Intel Mac OS X 13.3; rv:126.0) Gecko/20100101 Firefox/126.0"
36.133.115.36 - - [17/Sep/2025:10:19:49 +0800] "POST /wp-cron.php?doing_wp_cron=1758075589.0462009906768798828125 HTTP/1.1" 200 31 "-" "WordPress/6.8.2; http://cqqizhou.com"
87.120.191.70 - - [17/Sep/2025:10:19:49 +0800] "GET / HTTP/1.1" 301 5 "-" "Mozilla/5.0 (Windows NT 10.0; Win64; x64) AppleWebKit/537.36 (KHTML, like Gecko) Chrome/90.0.4430.85 Safari/537.36 Edg/90.0.818.46"
192.250.229.38 - - [17/Sep/2025:10:19:55 +0800] "POST /xmlrpc.php HTTP/1.1" 200 217 "http://cqqizhou.com" "Mozilla/5.0 (Windows NT 10.0; Win64; x64; rv:128.0) Gecko/20100101 Firefox/128.0"
192.250.229.38 - - [17/Sep/2025:10:19:57 +0800] "POST /wp-login.php HTTP/1.1" 200 2917 "http://cqqizhou.com" "Mozilla/5.0 (Macintosh; Intel Mac OS X 10_15_7) AppleWebKit/537.36 (KHTML, like Gecko) Chrome/126.0.0.0 Safari/537.36"
36.133.108.119 - - [17/Sep/2025:10:20:37 +0800] "HEAD /phpunit/phpunit/Util/PHP/eval-stdin.php HTTP/1.1" 404 0 "-" "Mozilla/5.0 (Macintosh; U; Intel Mac OS X 10_5_8; zh-cn) AppleWebKit/533.18.1 (KHTML, like Gecko) Version/5.0.2 Safari/533.18.5"
36.133.115.36 - - [17/Sep/2025:10:24:42 +0800] "POST /wp-cron.php?doing_wp_cron=1758075882.1386759281158447265625 HTTP/1.1" 200 31 "-" "WordPress/6.8.2; http://cqqizhou.com"
103.153.68.238 - - [17/Sep/2025:10:24:42 +0800] "POST /xmlrpc.php HTTP/1.1" 200 217 "http://cqqizhou.com" "Mozilla/5.0 (Windows NT 10.0; Win64; x64) AppleWebKit/537.36 (KHTML, like Gecko) Chrome/116.0.5845.96 Safari/537.36 Edg/116.0.1938.62"
103.153.68.238 - - [17/Sep/2025:10:24:42 +0800] "POST /wp-login.php HTTP/1.1" 200 2917 "http://cqqizhou.com" "Mozilla/5.0 (Windows NT 11.0; Win64; x64) AppleWebKit/537.36 (KHTML, like Gecko) Chrome/126.0.0.0 Safari/537.36 Edg/126.0.0.0"
36.133.115.36 - - [17/Sep/2025:10:26:53 +0800] "POST /wp-cron.php?doing_wp_cron=1758076013.6256690025329589843750 HTTP/1.1" 200 31 "-" "WordPress/6.8.2; http://cqqizhou.com"
87.120.191.6 - - [17/Sep/2025:10:26:53 +0800] "GET / HTTP/1.1" 200 33467 "-" "Mozilla/5.0 (Windows NT 10.0; Win64; x64) AppleWebKit/537.36 (KHTML, like Gecko) Chrome/90.0.4430.85 Safari/537.36 Edg/90.0.818.46"
44.202.155.118 - - [17/Sep/2025:10:27:20 +0800] "GET / HTTP/1.1" 301 5 "-" "Mozilla/5.0 (Windows NT 10.0; Win64; x64) AppleWebKit/537.36 (KHTML, like Gecko) Chrome/136.0.0.0 Safari/537.36"
128.90.141.19 - - [17/Sep/2025:10:28:01 +0800] "GET / HTTP/1.1" 200 39369 "-" "Go-http-client/1.1"
128.90.141.19 - - [17/Sep/2025:10:28:02 +0800] "GET /wp-admin/setup-config.php?step=1&language=en_GB HTTP/1.1" 409 2662 "-" "Mozilla/5.0 (Windows NT 10.0; Win64; x64) AppleWebKit/537.36 (KHTML, like Gecko) Chrome/115.0.0.0 Safari/537.36"
36.133.115.36 - - [17/Sep/2025:10:28:03 +0800] "POST /wp-cron.php?doing_wp_cron=1758076083.1353158950805664062500 HTTP/1.1" 200 31 "-" "WordPress/6.8.2; http://cqqizhou.com"
128.90.141.19 - - [17/Sep/2025:10:28:03 +0800] "GET /wp-admin/install.php?step=1&language=en_GB HTTP/1.1" 200 534 "-" "Mozilla/5.0 (iPhone; CPU iPhone OS 16_4 like Mac OS X) AppleWebKit/605.1.15 (KHTML, like Gecko) Version/16.4 Mobile/15E148 Safari/604.1"
128.90.141.19 - - [17/Sep/2025:10:28:03 +0800] "GET /wordpress/wp-admin/setup-config.php?step=1&language=en_GB HTTP/1.1" 404 47 "-" "Mozilla/5.0 (iPhone; CPU iPhone OS 16_4 like Mac OS X) AppleWebKit/605.1.15 (KHTML, like Gecko) Version/16.4 Mobile/15E148 Safari/604.1"
128.90.141.19 - - [17/Sep/2025:10:28:03 +0800] "GET /wordpress/wp-admin/install.php?step=1&language=en_GB HTTP/1.1" 404 47 "-" "Mozilla/5.0 (Windows NT 10.0; Win64; x64) AppleWebKit/537.36 (KHTML, like Gecko) Chrome/115.0.0.0 Safari/537.36"
128.90.141.19 - - [17/Sep/2025:10:28:05 +0800] "GET /wp/wp-admin/setup-config.php?step=1&language=en_GB HTTP/1.1" 404 47 "-" "Mozilla/5.0 (Windows NT 10.0; Win64; x64) AppleWebKit/537.36 (KHTML, like Gecko) Chrome/115.0.0.0 Safari/537.36"
128.90.141.19 - - [17/Sep/2025:10:28:05 +0800] "GET /wp/wp-admin/install.php?step=1&language=en_GB HTTP/1.1" 404 47 "-" "Mozilla/5.0 (X11; Linux x86_64) AppleWebKit/537.36 (KHTML, like Gecko) Chrome/115.0.0.0 Safari/537.36"
128.90.141.19 - - [17/Sep/2025:10:28:05 +0800] "GET /new/wp-admin/setup-config.php?step=1&language=en_GB HTTP/1.1" 404 47 "-" "Mozilla/5.0 (X11; Linux x86_64) AppleWebKit/537.36 (KHTML, like Gecko) Chrome/115.0.0.0 Safari/537.36"
128.90.141.19 - - [17/Sep/2025:10:28:06 +0800] "GET /new/wp-admin/install.php?step=1&language=en_GB HTTP/1.1" 404 47 "-" "Mozilla/5.0 (iPad; CPU OS 16_4 like Mac OS X) AppleWebKit/605.1.15 (KHTML, like Gecko) Version/16.4 Mobile/15E148 Safari/604.1"
128.90.141.19 - - [17/Sep/2025:10:28:06 +0800] "GET /old/wp-admin/setup-config.php?step=1&language=en_GB HTTP/1.1" 404 47 "-" "Mozilla/5.0 (iPad; CPU OS 16_4 like Mac OS X) AppleWebKit/605.1.15 (KHTML, like Gecko) Version/16.4 Mobile/15E148 Safari/604.1"
