45.89.237.80 - - [17/Sep/2025:20:22:34 +0800] "POST /xmlrpc.php HTTP/1.1" 200 217 "http://cqqizhou.com" "Mozilla/5.0 (Windows NT 10.0; Win64; x64) AppleWebKit/537.36 (KHTML, like Gecko) Chrome/116.0.5845.96 Safari/537.36 Edg/116.0.1938.62"
176.65.149.161 - - [17/Sep/2025:20:22:40 +0800] "GET / HTTP/1.1" 200 33465 "-" "Mozilla/5.0 (Windows NT 10.0; Win64; x64) AppleWebKit/537.36 (KHTML, like Gecko) Chrome/90.0.4430.85 Safari/537.36 Edg/90.0.818.46"
36.133.115.36 - - [17/Sep/2025:20:25:42 +0800] "POST /wp-cron.php?doing_wp_cron=1758111941.9889440536499023437500 HTTP/1.1" 200 31 "-" "WordPress/6.8.2; http://cqqizhou.com"
144.91.101.129 - - [17/Sep/2025:20:25:42 +0800] "POST /xmlrpc.php HTTP/1.1" 200 217 "http://cqqizhou.com" "Mozilla/5.0 (Windows NT 10.0; Win64; x64; rv:125.0.1) Gecko/20100101 Firefox/125.0.1"
36.133.115.36 - - [17/Sep/2025:20:27:49 +0800] "POST /wp-cron.php?doing_wp_cron=1758112069.8653171062469482421875 HTTP/1.1" 200 31 "-" "WordPress/6.8.2; http://cqqizhou.com"
91.224.92.17 - - [17/Sep/2025:20:28:09 +0800] "GET / HTTP/1.1" 200 109837 "-" "-"
36.133.115.36 - - [17/Sep/2025:20:28:50 +0800] "POST /wp-cron.php?doing_wp_cron=1758112130.4095320701599121093750 HTTP/1.1" 200 31 "-" "WordPress/6.8.2; http://cqqizhou.com"
195.154.194.72 - - [17/Sep/2025:20:28:50 +0800] "POST /xmlrpc.php HTTP/1.1" 200 217 "http://cqqizhou.com" "Mozilla/5.0 (Windows NT 10.0; Win64; x64) AppleWebKit/537.36 (KHTML, like Gecko) Chrome/115.0.5790.171 Safari/537.36 Edg/115.0.1901.203"
87.120.191.70 - - [17/Sep/2025:20:29:37 +0800] "GET / HTTP/1.1" 301 5 "-" "Mozilla/5.0 (Windows NT 10.0; Win64; x64) AppleWebKit/537.36 (KHTML, like Gecko) Chrome/90.0.4430.85 Safari/537.36 Edg/90.0.818.46"
36.133.115.36 - - [17/Sep/2025:20:30:20 +0800] "POST /wp-cron.php?doing_wp_cron=1758112220.0616579055786132812500 HTTP/1.1" 200 31 "-" "WordPress/6.8.2; http://cqqizhou.com"
79.242.226.133 - - [17/Sep/2025:20:30:20 +0800] "POST /xmlrpc.php HTTP/1.1" 200 217 "-" "Mozilla/5.0 (X11; Ubuntu; Linux x86_64; rv:85.0) Gecko/20100101 Firefox/91.0"
36.133.115.36 - - [17/Sep/2025:20:32:00 +0800] "POST /wp-cron.php?doing_wp_cron=1758112320.4543380737304687500000 HTTP/1.1" 200 31 "-" "WordPress/6.8.2; http://cqqizhou.com"
31.11.36.220 - - [17/Sep/2025:20:32:00 +0800] "POST /xmlrpc.php HTTP/1.1" 200 217 "http://cqqizhou.com" "Mozilla/5.0 (Windows NT 10.0; Win64; x64) AppleWebKit/537.36 (KHTML, like Gecko) Chrome/116.0.5845.96 Safari/537.36"
36.133.115.36 - - [17/Sep/2025:20:36:53 +0800] "POST /wp-cron.php?doing_wp_cron=1758112613.2135260105133056640625 HTTP/1.1" 200 31 "-" "WordPress/6.8.2; http://cqqizhou.com"
43.133.66.51 - - [17/Sep/2025:20:36:53 +0800] "GET / HTTP/1.1" 301 5 "-" "Mozilla/5.0 (iPhone; CPU iPhone OS 13_2_3 like Mac OS X) AppleWebKit/605.1.15 (KHTML, like Gecko) Version/13.0.3 Mobile/15E148 Safari/604.1"
43.133.66.51 - - [17/Sep/2025:20:36:55 +0800] "GET / HTTP/1.1" 200 33466 "http://36.133.115.36" "Mozilla/5.0 (iPhone; CPU iPhone OS 13_2_3 like Mac OS X) AppleWebKit/605.1.15 (KHTML, like Gecko) Version/13.0.3 Mobile/15E148 Safari/604.1"
36.133.115.36 - - [17/Sep/2025:20:38:25 +0800] "POST /wp-cron.php?doing_wp_cron=1758112705.4702589511871337890625 HTTP/1.1" 200 31 "-" "WordPress/6.8.2; http://cqqizhou.com"
72.167.33.20 - - [17/Sep/2025:20:38:25 +0800] "POST /xmlrpc.php HTTP/1.1" 200 217 "http://cqqizhou.com" "Mozilla/5.0 (Windows NT 11.0; Win64; x64) AppleWebKit/537.36 (KHTML, like Gecko) Chrome/126.0.0.0 Safari/537.36"
36.133.115.36 - - [17/Sep/2025:20:39:06 +0800] "POST /wp-cron.php?doing_wp_cron=1758112746.1124050617218017578125 HTTP/1.1" 200 31 "-" "WordPress/6.8.2; http://cqqizhou.com"
154.84.184.122 - - [17/Sep/2025:20:39:06 +0800] "GET / HTTP/1.1" 200 33466 "-" "Mozilla/5.0 (Windows NT 10.0; Win64; x64) AppleWebKit/537.36 (KHTML, like Gecko) Chrome/90.0.4430.85 Safari/537.36 Edg/90.0.818.46"
45.135.193.100 - - [17/Sep/2025:20:39:15 +0800] "GET / HTTP/1.1" 301 5 "-" "-"
36.133.115.36 - - [17/Sep/2025:20:44:41 +0800] "POST /wp-cron.php?doing_wp_cron=1758113081.3923408985137939453125 HTTP/1.1" 200 31 "-" "WordPress/6.8.2; http://cqqizhou.com"
162.214.159.60 - - [17/Sep/2025:20:44:41 +0800] "POST /xmlrpc.php HTTP/1.1" 200 217 "http://cqqizhou.com" "Mozilla/5.0 (Windows NT 10.0; Win64; x64) AppleWebKit/537.36 (KHTML, like Gecko) Chrome/116.0.5845.96 Safari/537.36 Edg/116.0.1938.62"
36.133.115.36 - - [17/Sep/2025:20:51:05 +0800] "POST /wp-cron.php?doing_wp_cron=1758113465.2292590141296386718750 HTTP/1.1" 200 31 "-" "WordPress/6.8.2; http://cqqizhou.com"
94.191.24.214 - - [17/Sep/2025:20:51:05 +0800] "POST /xmlrpc.php HTTP/1.1" 200 217 "http://cqqizhou.com" "Mozilla/5.0 (Windows NT 11.0; Win64; x64; rv:126.0) Gecko/20100101 Firefox/126.0"
36.133.115.36 - - [17/Sep/2025:20:52:02 +0800] "POST /wp-cron.php?doing_wp_cron=1758113521.9999420642852783203125 HTTP/1.1" 200 31 "-" "WordPress/6.8.2; http://cqqizhou.com"
176.65.149.245 - - [17/Sep/2025:20:52:02 +0800] "GET / HTTP/1.1" 200 33466 "-" "Mozilla/5.0 (Windows NT 10.0; Win64; x64) AppleWebKit/537.36 (KHTML, like Gecko) Chrome/90.0.4430.85 Safari/537.36 Edg/90.0.818.46"
36.133.115.36 - - [17/Sep/2025:20:56:15 +0800] "POST /wp-cron.php?doing_wp_cron=1758113775.3135080337524414062500 HTTP/1.1" 200 31 "-" "WordPress/6.8.2; http://cqqizhou.com"
87.120.191.70 - - [17/Sep/2025:20:56:15 +0800] "GET / HTTP/1.1" 301 5 "-" "Mozilla/5.0 (Windows NT 10.0; Win64; x64) AppleWebKit/537.36 (KHTML, like Gecko) Chrome/90.0.4430.85 Safari/537.36 Edg/90.0.818.46"
36.133.115.36 - - [17/Sep/2025:21:00:02 +0800] "POST /wp-cron.php?doing_wp_cron=1758114002.2486820220947265625000 HTTP/1.1" 200 31 "-" "WordPress/6.8.2; http://cqqizhou.com"
185.242.226.102 - - [17/Sep/2025:21:00:02 +0800] "GET / HTTP/1.1" 301 5 "-" "Mozilla/5.0 (Windows NT 10.0; Win64; x64) AppleWebKit/537.36 (KHTML, like Gecko) Chrome/88.0.4324.190 Safari/537.36"
185.242.226.102 - - [17/Sep/2025:21:00:04 +0800] "GET / HTTP/1.1" 200 39369 "http://36.133.115.36:80/" "Mozilla/5.0 (Windows NT 10.0; Win64; x64) AppleWebKit/537.36 (KHTML, like Gecko) Chrome/88.0.4324.190 Safari/537.36"
36.133.115.36 - - [17/Sep/2025:21:00:58 +0800] "POST /wp-cron.php?doing_wp_cron=1758114058.3341560363769531250000 HTTP/1.1" 200 31 "-" "WordPress/6.8.2; http://cqqizhou.com"
87.120.191.6 - - [17/Sep/2025:21:00:58 +0800] "GET / HTTP/1.1" 200 33466 "-" "Mozilla/5.0 (Windows NT 10.0; Win64; x64) AppleWebKit/537.36 (KHTML, like Gecko) Chrome/90.0.4430.85 Safari/537.36 Edg/90.0.818.46"
185.242.226.102 - - [17/Sep/2025:21:10:48 +0800] "GET / HTTP/1.1" 499 0 "-" "python-requests/2.26.0"
36.133.115.36 - - [17/Sep/2025:21:10:49 +0800] "POST /wp-cron.php?doing_wp_cron=1758114649.0620269775390625000000 HTTP/1.1" 200 31 "-" "WordPress/6.8.2; http://cqqizhou.com"
36.133.115.36 - - [17/Sep/2025:21:15:39 +0800] "POST /wp-cron.php?doing_wp_cron=1758114939.5245659351348876953125 HTTP/1.1" 200 31 "-" "WordPress/6.8.2; http://cqqizhou.com"
45.142.193.144 - - [17/Sep/2025:21:15:39 +0800] "GET / HTTP/1.1" 200 33466 "-" "Mozilla/5.0 (Windows NT 10.0; Win64; x64) AppleWebKit/537.36 (KHTML, like Gecko) Chrome/90.0.4430.85 Safari/537.36 Edg/90.0.818.46"
36.133.115.36 - - [17/Sep/2025:21:16:12 +0800] "POST /wp-cron.php?doing_wp_cron=1758114972.3960080146789550781250 HTTP/1.1" 200 31 "-" "WordPress/6.8.2; http://cqqizhou.com"
207.180.211.42 - - [17/Sep/2025:21:16:12 +0800] "POST /hello.world?%ADd+allow_url_include%3d1+%ADd+auto_prepend_file%3dphp://input HTTP/1.1" 404 31381 "-" "libredtail-http"
207.180.211.42 - - [17/Sep/2025:21:16:14 +0800] "POST /?%ADd+allow_url_include%3d1+%ADd+auto_prepend_file%3dphp://input HTTP/1.1" 200 151919 "-" "libredtail-http"
207.180.211.42 - - [17/Sep/2025:21:16:14 +0800] "GET /vendor/phpunit/phpunit/src/Util/PHP/eval-stdin.php HTTP/1.1" 404 27 "-" "libredtail-http"
207.180.211.42 - - [17/Sep/2025:21:16:15 +0800] "GET /vendor/phpunit/phpunit/Util/PHP/eval-stdin.php HTTP/1.1" 404 27 "-" "libredtail-http"
207.180.211.42 - - [17/Sep/2025:21:16:15 +0800] "GET /vendor/phpunit/src/Util/PHP/eval-stdin.php HTTP/1.1" 404 27 "-" "libredtail-http"
207.180.211.42 - - [17/Sep/2025:21:16:15 +0800] "GET /vendor/phpunit/Util/PHP/eval-stdin.php HTTP/1.1" 404 27 "-" "libredtail-http"
207.180.211.42 - - [17/Sep/2025:21:16:15 +0800] "GET /vendor/phpunit/phpunit/LICENSE/eval-stdin.php HTTP/1.1" 404 27 "-" "libredtail-http"
207.180.211.42 - - [17/Sep/2025:21:16:16 +0800] "GET /vendor/vendor/phpunit/phpunit/src/Util/PHP/eval-stdin.php HTTP/1.1" 404 27 "-" "libredtail-http"
207.180.211.42 - - [17/Sep/2025:21:16:16 +0800] "GET /phpunit/phpunit/src/Util/PHP/eval-stdin.php HTTP/1.1" 404 27 "-" "libredtail-http"
207.180.211.42 - - [17/Sep/2025:21:16:16 +0800] "GET /phpunit/phpunit/Util/PHP/eval-stdin.php HTTP/1.1" 404 27 "-" "libredtail-http"
207.180.211.42 - - [17/Sep/2025:21:16:17 +0800] "GET /phpunit/src/Util/PHP/eval-stdin.php HTTP/1.1" 404 27 "-" "libredtail-http"
207.180.211.42 - - [17/Sep/2025:21:16:17 +0800] "GET /phpunit/Util/PHP/eval-stdin.php HTTP/1.1" 404 27 "-" "libredtail-http"
207.180.211.42 - - [17/Sep/2025:21:16:18 +0800] "GET /lib/phpunit/phpunit/src/Util/PHP/eval-stdin.php HTTP/1.1" 404 27 "-" "libredtail-http"
207.180.211.42 - - [17/Sep/2025:21:16:18 +0800] "GET /lib/phpunit/phpunit/Util/PHP/eval-stdin.php HTTP/1.1" 404 27 "-" "libredtail-http"
207.180.211.42 - - [17/Sep/2025:21:16:18 +0800] "GET /lib/phpunit/src/Util/PHP/eval-stdin.php HTTP/1.1" 404 27 "-" "libredtail-http"
207.180.211.42 - - [17/Sep/2025:21:16:18 +0800] "GET /lib/phpunit/Util/PHP/eval-stdin.php HTTP/1.1" 404 27 "-" "libredtail-http"
207.180.211.42 - - [17/Sep/2025:21:16:19 +0800] "GET /lib/vendor/phpunit/phpunit/src/Util/PHP/eval-stdin.php HTTP/1.1" 404 27 "-" "libredtail-http"
207.180.211.42 - - [17/Sep/2025:21:16:19 +0800] "GET /laravel/vendor/phpunit/phpunit/src/Util/PHP/eval-stdin.php HTTP/1.1" 404 27 "-" "libredtail-http"
207.180.211.42 - - [17/Sep/2025:21:16:20 +0800] "GET /www/vendor/phpunit/phpunit/src/Util/PHP/eval-stdin.php HTTP/1.1" 404 27 "-" "libredtail-http"
207.180.211.42 - - [17/Sep/2025:21:16:21 +0800] "GET /ws/vendor/phpunit/phpunit/src/Util/PHP/eval-stdin.php HTTP/1.1" 404 27 "-" "libredtail-http"
207.180.211.42 - - [17/Sep/2025:21:16:21 +0800] "GET /yii/vendor/phpunit/phpunit/src/Util/PHP/eval-stdin.php HTTP/1.1" 404 27 "-" "libredtail-http"
207.180.211.42 - - [17/Sep/2025:21:16:21 +0800] "GET /zend/vendor/phpunit/phpunit/src/Util/PHP/eval-stdin.php HTTP/1.1" 404 27 "-" "libredtail-http"
207.180.211.42 - - [17/Sep/2025:21:16:22 +0800] "GET /ws/ec/vendor/phpunit/phpunit/src/Util/PHP/eval-stdin.php HTTP/1.1" 404 27 "-" "libredtail-http"
207.180.211.42 - - [17/Sep/2025:21:16:23 +0800] "GET /V2/vendor/phpunit/phpunit/src/Util/PHP/eval-stdin.php HTTP/1.1" 404 27 "-" "libredtail-http"
207.180.211.42 - - [17/Sep/2025:21:16:23 +0800] "GET /tests/vendor/phpunit/phpunit/src/Util/PHP/eval-stdin.php HTTP/1.1" 404 27 "-" "libredtail-http"
207.180.211.42 - - [17/Sep/2025:21:16:24 +0800] "GET /test/vendor/phpunit/phpunit/src/Util/PHP/eval-stdin.php HTTP/1.1" 404 27 "-" "libredtail-http"
207.180.211.42 - - [17/Sep/2025:21:16:24 +0800] "GET /testing/vendor/phpunit/phpunit/src/Util/PHP/eval-stdin.php HTTP/1.1" 404 27 "-" "libredtail-http"
207.180.211.42 - - [17/Sep/2025:21:16:25 +0800] "GET /api/vendor/phpunit/phpunit/src/Util/PHP/eval-stdin.php HTTP/1.1" 404 27 "-" "libredtail-http"
207.180.211.42 - - [17/Sep/2025:21:16:25 +0800] "GET /demo/vendor/phpunit/phpunit/src/Util/PHP/eval-stdin.php HTTP/1.1" 404 27 "-" "libredtail-http"
207.180.211.42 - - [17/Sep/2025:21:16:26 +0800] "GET /cms/vendor/phpunit/phpunit/src/Util/PHP/eval-stdin.php HTTP/1.1" 404 27 "-" "libredtail-http"
207.180.211.42 - - [17/Sep/2025:21:16:26 +0800] "GET /crm/vendor/phpunit/phpunit/src/Util/PHP/eval-stdin.php HTTP/1.1" 404 27 "-" "libredtail-http"
207.180.211.42 - - [17/Sep/2025:21:16:26 +0800] "GET /admin/vendor/phpunit/phpunit/src/Util/PHP/eval-stdin.php HTTP/1.1" 404 27 "-" "libredtail-http"
207.180.211.42 - - [17/Sep/2025:21:16:27 +0800] "GET /backup/vendor/phpunit/phpunit/src/Util/PHP/eval-stdin.php HTTP/1.1" 404 27 "-" "libredtail-http"
207.180.211.42 - - [17/Sep/2025:21:16:27 +0800] "GET /blog/vendor/phpunit/phpunit/src/Util/PHP/eval-stdin.php HTTP/1.1" 404 27 "-" "libredtail-http"
207.180.211.42 - - [17/Sep/2025:21:16:28 +0800] "GET /workspace/drupal/vendor/phpunit/phpunit/src/Util/PHP/eval-stdin.php HTTP/1.1" 404 27 "-" "libredtail-http"
207.180.211.42 - - [17/Sep/2025:21:16:28 +0800] "GET /panel/vendor/phpunit/phpunit/src/Util/PHP/eval-stdin.php HTTP/1.1" 404 27 "-" "libredtail-http"
207.180.211.42 - - [17/Sep/2025:21:16:28 +0800] "GET /public/vendor/phpunit/phpunit/src/Util/PHP/eval-stdin.php HTTP/1.1" 404 27 "-" "libredtail-http"
207.180.211.42 - - [17/Sep/2025:21:16:28 +0800] "GET /apps/vendor/phpunit/phpunit/src/Util/PHP/eval-stdin.php HTTP/1.1" 404 27 "-" "libredtail-http"
207.180.211.42 - - [17/Sep/2025:21:16:30 +0800] "GET /app/vendor/phpunit/phpunit/src/Util/PHP/eval-stdin.php HTTP/1.1" 404 27 "-" "libredtail-http"
207.180.211.42 - - [17/Sep/2025:21:16:31 +0800] "GET /index.php?s=/index/\x5Cthink\x5Capp/invokefunction&function=call_user_func_array&vars[0]=md5&vars[1][]=Hello HTTP/1.1" 200 65160 "-" "libredtail-http"
207.180.211.42 - - [17/Sep/2025:21:16:31 +0800] "GET /public/index.php?s=/index/\x5Cthink\x5Capp/invokefunction&function=call_user_func_array&vars[0]=md5&vars[1][]=Hello HTTP/1.1" 404 27 "-" "libredtail-http"
207.180.211.42 - - [17/Sep/2025:21:16:33 +0800] "GET /index.php?lang=../../../../../../../../usr/local/lib/php/pearcmd&+config-create+/&/<?echo(md5(\x22hi\x22));?>+/tmp/index1.php HTTP/1.1" 200 151919 "-" "libredtail-http"
207.180.211.42 - - [17/Sep/2025:21:16:35 +0800] "GET /index.php?lang=../../../../../../../../tmp/index1 HTTP/1.1" 200 151919 "-" "libredtail-http"
207.180.211.42 - - [17/Sep/2025:21:16:36 +0800] "GET /containers/json HTTP/1.1" 301 5 "-" "libredtail-http"
207.180.211.42 - - [17/Sep/2025:21:16:37 +0800] "GET /containers/json HTTP/1.1" 301 5 "-" "libredtail-http"
36.133.115.36 - - [17/Sep/2025:21:22:11 +0800] "POST /wp-cron.php?doing_wp_cron=1758115331.7275660037994384765625 HTTP/1.1" 200 31 "-" "WordPress/6.8.2; http://cqqizhou.com"
154.84.184.122 - - [17/Sep/2025:21:22:12 +0800] "GET / HTTP/1.1" 200 33466 "-" "Mozilla/5.0 (Windows NT 10.0; Win64; x64) AppleWebKit/537.36 (KHTML, like Gecko) Chrome/90.0.4430.85 Safari/537.36 Edg/90.0.818.46"
87.120.191.70 - - [17/Sep/2025:21:22:36 +0800] "GET / HTTP/1.1" 301 5 "-" "Mozilla/5.0 (Windows NT 10.0; Win64; x64) AppleWebKit/537.36 (KHTML, like Gecko) Chrome/90.0.4430.85 Safari/537.36 Edg/90.0.818.46"
36.133.108.119 - - [17/Sep/2025:21:28:52 +0800] "HEAD /lib/vendor/phpunit/phpunit/src/Util/PHP/eval-stdin.php HTTP/1.1" 404 0 "-" "Mozilla/5.0 (compatible; MSIE 8.0; Windows NT 5.1; Trident/4.0; .NET CLR 1.1.4322; .NET CLR 2.0.50727)"
36.133.115.36 - - [17/Sep/2025:21:36:03 +0800] "POST /wp-cron.php?doing_wp_cron=1758116163.2862079143524169921875 HTTP/1.1" 200 31 "-" "WordPress/6.8.2; http://cqqizhou.com"
183.134.59.134 - - [17/Sep/2025:21:36:03 +0800] "GET / HTTP/1.1" 301 5 "-" "Dalvik/2.1.0 (Linux; U; Android 9.0; ZTE BA520 Build/MRA58K)"
183.134.59.134 - - [17/Sep/2025:21:36:04 +0800] "GET / HTTP/1.1" 200 33465 "-" "Dalvik/2.1.0 (Linux; U; Android 9.0; ZTE BA520 Build/MRA58K)"
183.134.59.134 - - [17/Sep/2025:21:36:34 +0800] "GET / HTTP/1.1" 301 5 "-" "Opera/9.63 (X11; FreeBSD 7.1-RELEASE i386; U; en) Presto/2.1.1"
36.133.115.36 - - [17/Sep/2025:21:37:30 +0800] "POST /wp-cron.php?doing_wp_cron=1758116250.6691260337829589843750 HTTP/1.1" 200 31 "-" "WordPress/6.8.2; http://cqqizhou.com"
183.134.59.134 - - [17/Sep/2025:21:37:30 +0800] "GET / HTTP/1.1" 301 5 "-" "Mozilla/5.0 (Macintosh; Intel Mac OS X 10_11) AppleWebKit/601.1.27 (KHTML, like Gecko) Chrome/47.0.2526.106 Safari/601.1.27"
183.134.59.134 - - [17/Sep/2025:21:37:31 +0800] "GET / HTTP/1.1" 200 39369 "-" "Mozilla/5.0 (Macintosh; Intel Mac OS X 10_11) AppleWebKit/601.1.27 (KHTML, like Gecko) Chrome/47.0.2526.106 Safari/601.1.27"
36.133.115.36 - - [17/Sep/2025:21:43:42 +0800] "POST /wp-cron.php?doing_wp_cron=1758116622.3926250934600830078125 HTTP/1.1" 200 31 "-" "WordPress/6.8.2; http://cqqizhou.com"
183.134.59.134 - - [17/Sep/2025:21:43:42 +0800] "GET / HTTP/1.1" 301 5 "-" "Mozilla/5.0 (Macintosh; Intel Mac OS X 10_11) AppleWebKit/601.1.27 (KHTML, like Gecko) Chrome/47.0.2526.106 Safari/601.1.27"
183.134.59.134 - - [17/Sep/2025:21:43:49 +0800] "GET / HTTP/1.1" 200 39369 "-" "Mozilla/5.0 (Macintosh; Intel Mac OS X 10_11) AppleWebKit/601.1.27 (KHTML, like Gecko) Chrome/47.0.2526.106 Safari/601.1.27"
36.133.115.36 - - [17/Sep/2025:21:45:26 +0800] "POST /wp-cron.php?doing_wp_cron=1758116726.0422079563140869140625 HTTP/1.1" 200 31 "-" "WordPress/6.8.2; http://cqqizhou.com"
185.6.9.148 - - [17/Sep/2025:21:45:26 +0800] "GET /robots.txt HTTP/1.1" 200 190 "-" "Mozilla/5.0 (X11; CrOS x86_64 14541.0.0) AppleWebKit/537.36 (KHTML, like Gecko) Chrome/121.0.0.0 Safari/537.3"
5.133.192.173 - - [17/Sep/2025:21:45:27 +0800] "GET / HTTP/1.1" 200 39369 "-" "Mozilla/5.0 (X11; CrOS x86_64 14541.0.0) AppleWebKit/537.36 (KHTML, like Gecko) Chrome/121.0.0.0 Safari/537.3"
36.133.115.36 - - [17/Sep/2025:21:45:46 +0800] "POST /wp-cron.php?doing_wp_cron=1758116746.5963439941406250000000 HTTP/1.1" 200 31 "-" "WordPress/6.8.2; http://cqqizhou.com"
183.134.59.134 - - [17/Sep/2025:21:45:46 +0800] "GET / HTTP/1.1" 301 5 "-" "Dalvik/2.1.0 (Linux; U; Android 9.0; ZTE BA520 Build/MRA58K)"
183.134.59.134 - - [17/Sep/2025:21:45:48 +0800] "GET / HTTP/1.1" 200 33466 "-" "Dalvik/2.1.0 (Linux; U; Android 9.0; ZTE BA520 Build/MRA58K)"
20.205.110.167 - - [17/Sep/2025:21:46:12 +0800] "POST /xmlrpc.php HTTP/1.1" 200 217 "-" "Mozilla/5.0 (X11; Ubuntu; Linux x86_64; rv:85.0) Gecko/20100101 Firefox/91.0"
36.133.115.36 - - [17/Sep/2025:21:47:34 +0800] "POST /wp-cron.php?doing_wp_cron=1758116854.0500349998474121093750 HTTP/1.1" 200 31 "-" "WordPress/6.8.2; http://cqqizhou.com"
192.159.99.162 - - [17/Sep/2025:21:47:35 +0800] "GET / HTTP/1.1" 200 151919 "-" "-"
36.133.115.36 - - [17/Sep/2025:21:48:01 +0800] "POST /wp-cron.php?doing_wp_cron=1758116881.4794900417327880859375 HTTP/1.1" 200 31 "-" "WordPress/6.8.2; http://cqqizhou.com"
87.120.191.70 - - [17/Sep/2025:21:48:01 +0800] "GET / HTTP/1.1" 301 5 "-" "Mozilla/5.0 (Windows NT 10.0; Win64; x64) AppleWebKit/537.36 (KHTML, like Gecko) Chrome/90.0.4430.85 Safari/537.36 Edg/90.0.818.46"
176.65.149.161 - - [17/Sep/2025:21:48:20 +0800] "GET / HTTP/1.1" 200 33465 "-" "Mozilla/5.0 (Windows NT 10.0; Win64; x64) AppleWebKit/537.36 (KHTML, like Gecko) Chrome/90.0.4430.85 Safari/537.36 Edg/90.0.818.46"
36.133.115.36 - - [17/Sep/2025:21:48:47 +0800] "POST /wp-cron.php?doing_wp_cron=1758116927.0344710350036621093750 HTTP/1.1" 200 31 "-" "WordPress/6.8.2; http://cqqizhou.com"
183.134.59.134 - - [17/Sep/2025:21:48:47 +0800] "GET /index/index/info?type=ultimate HTTP/1.1" 301 5 "-" "Opera/9.63 (X11; FreeBSD 7.1-RELEASE i386; U; en) Presto/2.1.1"
183.134.59.134 - - [17/Sep/2025:21:48:49 +0800] "GET /?teir HTTP/1.1" 301 5 "-" "Opera/9.63 (X11; FreeBSD 7.1-RELEASE i386; U; en) Presto/2.1.1"
183.134.59.134 - - [17/Sep/2025:21:48:50 +0800] "GET /index/index/info?type=ultimate&date=1633382774669 HTTP/1.1" 301 5 "-" "Opera/9.63 (X11; FreeBSD 7.1-RELEASE i386; U; en) Presto/2.1.1"
183.134.59.134 - - [17/Sep/2025:21:48:51 +0800] "GET /?teir HTTP/1.1" 301 5 "-" "Opera/9.63 (X11; FreeBSD 7.1-RELEASE i386; U; en) Presto/2.1.1"
183.134.59.134 - - [17/Sep/2025:21:48:51 +0800] "GET /index/index/leaveMsg/s/4 HTTP/1.1" 301 5 "-" "Opera/9.63 (X11; FreeBSD 7.1-RELEASE i386; U; en) Presto/2.1.1"
183.134.59.134 - - [17/Sep/2025:21:48:51 +0800] "GET /junhuashen.php HTTP/1.1" 404 47 "-" "Opera/9.63 (X11; FreeBSD 7.1-RELEASE i386; U; en) Presto/2.1.1"
183.134.59.134 - - [17/Sep/2025:21:48:51 +0800] "GET /jw HTTP/1.1" 301 5 "-" "Opera/9.63 (X11; FreeBSD 7.1-RELEASE i386; U; en) Presto/2.1.1"
183.134.59.134 - - [17/Sep/2025:21:48:51 +0800] "GET /api/Event/Products/Average HTTP/1.1" 301 5 "-" "Opera/9.63 (X11; FreeBSD 7.1-RELEASE i386; U; en) Presto/2.1.1"
183.134.59.134 - - [17/Sep/2025:21:48:51 +0800] "GET /vv/getfu HTTP/1.1" 301 5 "-" "Opera/9.63 (X11; FreeBSD 7.1-RELEASE i386; U; en) Presto/2.1.1"
183.134.59.134 - - [17/Sep/2025:21:48:52 +0800] "GET /index.php/user/login HTTP/1.1" 301 5 "-" "Opera/9.63 (X11; FreeBSD 7.1-RELEASE i386; U; en) Presto/2.1.1"
36.133.115.36 - - [17/Sep/2025:21:50:16 +0800] "POST /wp-cron.php?doing_wp_cron=1758117016.3104290962219238281250 HTTP/1.1" 200 31 "-" "WordPress/6.8.2; http://cqqizhou.com"
183.134.59.134 - - [17/Sep/2025:21:50:16 +0800] "GET / HTTP/1.1" 301 5 "-" "Mozilla/5.0 (Windows; U; Windows NT 6.0; pl-PL) AppleWebKit/525.19 (KHTML, like Gecko) Version/3.1.2 Safari/525.21"
36.133.115.36 - - [17/Sep/2025:21:54:43 +0800] "POST /wp-cron.php?doing_wp_cron=1758117283.4200150966644287109375 HTTP/1.1" 200 31 "-" "WordPress/6.8.2; http://cqqizhou.com"
115.231.78.8 - - [17/Sep/2025:21:54:43 +0800] "GET / HTTP/1.1" 301 5 "-" "Mozilla/5.0 (Windows NT 6.1) AppleWebKit/537.36 (KHTML, like Gecko) Chrome/71.0.2623.112 Safari/537.36"
37.60.141.156 - - [17/Sep/2025:21:54:44 +0800] "GET / HTTP/1.1" 200 151919 "-" "-"
36.133.115.36 - - [17/Sep/2025:21:55:12 +0800] "POST /wp-cron.php?doing_wp_cron=1758117312.6540439128875732421875 HTTP/1.1" 200 31 "-" "WordPress/6.8.2; http://cqqizhou.com"
115.231.78.8 - - [17/Sep/2025:21:55:12 +0800] "GET / HTTP/1.1" 301 5 "-" "Mozilla/5.0 (Windows NT 6.1; WOW64) AppleWebKit/537.36 (KHTML, like Gecko) Chrome/63.0.3239.132 Safari/537.36 QIHU 360SE"
115.231.78.8 - - [17/Sep/2025:21:55:13 +0800] "GET / HTTP/1.1" 200 39369 "-" "Mozilla/5.0 (Windows NT 6.1; WOW64) AppleWebKit/537.36 (KHTML, like Gecko) Chrome/63.0.3239.132 Safari/537.36 QIHU 360SE"
115.231.78.8 - - [17/Sep/2025:21:55:14 +0800] "GET /robots.txt HTTP/1.1" 301 5 "-" "Mozilla/5.0 (Windows NT 6.1; WOW64) AppleWebKit/537.36 (KHTML, like Gecko) Chrome/63.0.3239.132 Safari/537.36 QIHU 360SE"
36.133.115.36 - - [17/Sep/2025:22:06:56 +0800] "POST /wp-cron.php?doing_wp_cron=1758118016.6285519599914550781250 HTTP/1.1" 200 31 "-" "WordPress/6.8.2; http://cqqizhou.com"
87.120.191.6 - - [17/Sep/2025:22:06:56 +0800] "GET / HTTP/1.1" 200 33466 "-" "Mozilla/5.0 (Windows NT 10.0; Win64; x64) AppleWebKit/537.36 (KHTML, like Gecko) Chrome/90.0.4430.85 Safari/537.36 Edg/90.0.818.46"
36.133.115.36 - - [17/Sep/2025:22:12:55 +0800] "POST /wp-cron.php?doing_wp_cron=1758118375.8320469856262207031250 HTTP/1.1" 200 31 "-" "WordPress/6.8.2; http://cqqizhou.com"
87.120.191.70 - - [17/Sep/2025:22:12:55 +0800] "GET / HTTP/1.1" 301 5 "-" "Mozilla/5.0 (Windows NT 10.0; Win64; x64) AppleWebKit/537.36 (KHTML, like Gecko) Chrome/90.0.4430.85 Safari/537.36 Edg/90.0.818.46"
36.133.115.36 - - [17/Sep/2025:22:19:27 +0800] "POST /wp-cron.php?doing_wp_cron=1758118767.1131379604339599609375 HTTP/1.1" 200 31 "-" "WordPress/6.8.2; http://cqqizhou.com"
43.166.132.142 - - [17/Sep/2025:22:19:27 +0800] "GET / HTTP/1.1" 301 5 "-" "Mozilla/5.0 (iPhone; CPU iPhone OS 13_2_3 like Mac OS X) AppleWebKit/605.1.15 (KHTML, like Gecko) Version/13.0.3 Mobile/15E148 Safari/604.1"
43.166.132.142 - - [17/Sep/2025:22:19:29 +0800] "GET / HTTP/1.1" 200 33466 "http://www.cqqizhou.com" "Mozilla/5.0 (iPhone; CPU iPhone OS 13_2_3 like Mac OS X) AppleWebKit/605.1.15 (KHTML, like Gecko) Version/13.0.3 Mobile/15E148 Safari/604.1"
36.133.108.125 - - [17/Sep/2025:22:30:22 +0800] "HEAD /ws/vendor/phpunit/phpunit/src/Util/PHP/eval-stdin.php HTTP/1.1" 404 0 "-" "Mozilla/5.0 (Macintosh; U; Intel Mac OS X 10_6_6; en-gb) AppleWebKit/533.20.25 (KHTML, like Gecko) Version/5.0.4 Safari/533.20.27"
36.133.115.36 - - [17/Sep/2025:22:31:21 +0800] "POST /wp-cron.php?doing_wp_cron=1758119481.2433609962463378906250 HTTP/1.1" 200 31 "-" "WordPress/6.8.2; http://cqqizhou.com"
50.7.252.138 - - [17/Sep/2025:22:31:21 +0800] "GET / HTTP/1.1" 301 5 "-" "Mozilla/5.0 (Windows NT 10.0; Win64; x64) AppleWebKit/537.36 (KHTML, like Gecko) Chrome/137.0.0.0 Safari/537.36"
50.7.252.138 - - [17/Sep/2025:22:31:21 +0800] "GET / HTTP/1.1" 200 39369 "http://36.133.115.36/" "Mozilla/5.0 (Windows NT 10.0; Win64; x64) AppleWebKit/537.36 (KHTML, like Gecko) Chrome/137.0.0.0 Safari/537.36"
36.133.115.36 - - [17/Sep/2025:22:32:29 +0800] "POST /wp-cron.php?doing_wp_cron=1758119549.4179379940032958984375 HTTP/1.1" 200 31 "-" "WordPress/6.8.2; http://cqqizhou.com"
17.241.219.98 - - [17/Sep/2025:22:32:29 +0800] "GET /robots.txt HTTP/1.1" 200 190 "-" "Mozilla/5.0 (Macintosh; Intel Mac OS X 10_15_7) AppleWebKit/605.1.15 (KHTML, like Gecko) Version/17.4 Safari/605.1.15 (Applebot/0.1; +http://www.apple.com/go/applebot)"
17.241.219.98 - - [17/Sep/2025:22:32:30 +0800] "GET /portfolio-category/remaining-rolls/ HTTP/1.1" 200 20832 "-" "Mozilla/5.0 (Macintosh; Intel Mac OS X 10_15_7) AppleWebKit/605.1.15 (KHTML, like Gecko) Version/17.4 Safari/605.1.15 (Applebot/0.1; +http://www.apple.com/go/applebot)"
36.133.115.36 - - [17/Sep/2025:22:35:45 +0800] "POST /wp-cron.php?doing_wp_cron=1758119745.3213601112365722656250 HTTP/1.1" 200 31 "-" "WordPress/6.8.2; http://cqqizhou.com"
87.120.191.70 - - [17/Sep/2025:22:35:45 +0800] "GET / HTTP/1.1" 301 5 "-" "Mozilla/5.0 (Windows NT 10.0; Win64; x64) AppleWebKit/537.36 (KHTML, like Gecko) Chrome/90.0.4430.85 Safari/537.36 Edg/90.0.818.46"
36.133.115.36 - - [17/Sep/2025:22:44:07 +0800] "POST /wp-cron.php?doing_wp_cron=1758120247.9176011085510253906250 HTTP/1.1" 200 31 "-" "WordPress/6.8.2; http://cqqizhou.com"
45.142.193.144 - - [17/Sep/2025:22:44:08 +0800] "GET / HTTP/1.1" 200 33466 "-" "Mozilla/5.0 (Windows NT 10.0; Win64; x64) AppleWebKit/537.36 (KHTML, like Gecko) Chrome/90.0.4430.85 Safari/537.36 Edg/90.0.818.46"
36.133.115.36 - - [17/Sep/2025:22:45:49 +0800] "POST /wp-cron.php?doing_wp_cron=1758120349.3615829944610595703125 HTTP/1.1" 200 31 "-" "WordPress/6.8.2; http://cqqizhou.com"
154.84.184.122 - - [17/Sep/2025:22:45:49 +0800] "GET / HTTP/1.1" 200 33466 "-" "Mozilla/5.0 (Windows NT 10.0; Win64; x64) AppleWebKit/537.36 (KHTML, like Gecko) Chrome/90.0.4430.85 Safari/537.36 Edg/90.0.818.46"
36.133.115.36 - - [17/Sep/2025:22:47:26 +0800] "POST /wp-cron.php?doing_wp_cron=1758120446.3164310455322265625000 HTTP/1.1" 200 31 "-" "WordPress/6.8.2; http://cqqizhou.com"
45.135.193.100 - - [17/Sep/2025:22:47:26 +0800] "GET / HTTP/1.1" 301 5 "-" "-"
36.133.115.36 - - [17/Sep/2025:22:50:36 +0800] "POST /wp-cron.php?doing_wp_cron=1758120636.6788189411163330078125 HTTP/1.1" 200 31 "-" "WordPress/6.8.2; http://cqqizhou.com"
66.249.79.226 - - [17/Sep/2025:22:50:36 +0800] "GET /robots.txt HTTP/1.1" 301 5 "-" "Mozilla/5.0 (compatible; Googlebot/2.1; +http://www.google.com/bot.html)"
66.249.68.64 - - [17/Sep/2025:22:50:38 +0800] "GET /robots.txt HTTP/1.1" 200 190 "-" "Mozilla/5.0 (compatible; Googlebot/2.1; +http://www.google.com/bot.html)"
66.249.79.226 - - [17/Sep/2025:22:50:38 +0800] "GET / HTTP/1.1" 301 5 "-" "Mozilla/5.0 (Linux; Android 6.0.1; Nexus 5X Build/MMB29P) AppleWebKit/537.36 (KHTML, like Gecko) Chrome/140.0.7339.127 Mobile Safari/537.36 (compatible; Googlebot/2.1; +http://www.google.com/bot.html)"
66.249.68.70 - - [17/Sep/2025:22:50:40 +0800] "GET / HTTP/1.1" 200 33466 "-" "Mozilla/5.0 (Linux; Android 6.0.1; Nexus 5X Build/MMB29P) AppleWebKit/537.36 (KHTML, like Gecko) Chrome/140.0.7339.127 Mobile Safari/537.36 (compatible; Googlebot/2.1; +http://www.google.com/bot.html)"
36.133.115.36 - - [17/Sep/2025:22:52:02 +0800] "POST /wp-cron.php?doing_wp_cron=1758120722.0635349750518798828125 HTTP/1.1" 200 31 "-" "WordPress/6.8.2; http://cqqizhou.com"
66.249.79.227 - - [17/Sep/2025:22:52:02 +0800] "GET / HTTP/1.1" 301 5 "-" "Mozilla/5.0 (Linux; Android 6.0.1; Nexus 5X Build/MMB29P) AppleWebKit/537.36 (KHTML, like Gecko) Chrome/99.0.4844.84 Mobile Safari/537.36 (compatible; Googlebot/2.1; +http://www.google.com/bot.html)"
66.249.79.226 - - [17/Sep/2025:22:52:03 +0800] "GET / HTTP/1.1" 301 5 "-" "Mozilla/5.0 (compatible; Googlebot/2.1; +http://www.google.com/bot.html)"
66.249.68.64 - - [17/Sep/2025:22:52:04 +0800] "GET / HTTP/1.1" 200 33467 "-" "Mozilla/5.0 (Linux; Android 6.0.1; Nexus 5X Build/MMB29P) AppleWebKit/537.36 (KHTML, like Gecko) Chrome/99.0.4844.84 Mobile Safari/537.36 (compatible; Googlebot/2.1; +http://www.google.com/bot.html)"
66.249.68.71 - - [17/Sep/2025:22:52:05 +0800] "GET / HTTP/1.1" 200 39369 "-" "Mozilla/5.0 (compatible; Googlebot/2.1; +http://www.google.com/bot.html)"
66.249.68.64 - - [17/Sep/2025:22:52:05 +0800] "GET / HTTP/1.1" 200 39369 "-" "Mozilla/5.0 (compatible; Googlebot/2.1; +http://www.google.com/bot.html)"
66.249.68.71 - - [17/Sep/2025:22:52:09 +0800] "GET / HTTP/1.1" 200 33466 "-" "Mozilla/5.0 (Linux; Android 6.0.1; Nexus 5X Build/MMB29P) AppleWebKit/537.36 (KHTML, like Gecko) Chrome/99.0.4844.84 Mobile Safari/537.36 (compatible; Googlebot/2.1; +http://www.google.com/bot.html)"
36.133.115.36 - - [17/Sep/2025:23:02:46 +0800] "POST /wp-cron.php?doing_wp_cron=1758121366.9167249202728271484375 HTTP/1.1" 200 31 "-" "WordPress/6.8.2; http://cqqizhou.com"
87.120.191.70 - - [17/Sep/2025:23:02:46 +0800] "GET / HTTP/1.1" 301 5 "-" "Mozilla/5.0 (Windows NT 10.0; Win64; x64) AppleWebKit/537.36 (KHTML, like Gecko) Chrome/90.0.4430.85 Safari/537.36 Edg/90.0.818.46"
154.84.184.122 - - [17/Sep/2025:23:02:49 +0800] "GET / HTTP/1.1" 200 33466 "-" "Mozilla/5.0 (Windows NT 10.0; Win64; x64) AppleWebKit/537.36 (KHTML, like Gecko) Chrome/90.0.4430.85 Safari/537.36 Edg/90.0.818.46"
36.133.115.36 - - [17/Sep/2025:23:04:59 +0800] "POST /wp-cron.php?doing_wp_cron=1758121499.6218149662017822265625 HTTP/1.1" 200 31 "-" "WordPress/6.8.2; http://cqqizhou.com"
103.146.231.114 - - [17/Sep/2025:23:04:59 +0800] "POST /xmlrpc.php HTTP/1.1" 200 217 "-" "Mozilla/5.0 (X11; Ubuntu; Linux x86_64; rv:85.0) Gecko/20100101 Firefox/91.0"
36.133.115.36 - - [17/Sep/2025:23:12:58 +0800] "POST /wp-cron.php?doing_wp_cron=1758121978.0329449176788330078125 HTTP/1.1" 200 31 "-" "WordPress/6.8.2; http://cqqizhou.com"
196.251.81.194 - - [17/Sep/2025:23:12:58 +0800] "GET /_profiler/phpinfo HTTP/1.1" 404 8990 "-" "Mozilla/5.0 (Macintosh; Intel Mac OS X 10_12_6) AppleWebKit/537.36 (KHTML, like Gecko) Chrome/69.0.3497.100 Safari/537.36"
185.183.33.119 - - [17/Sep/2025:23:19:42 +0800] "GET / HTTP/1.1" 200 39369 "-" "Mozilla/5.0 (compatible; GoParserBot/1.0)"
36.133.115.36 - - [17/Sep/2025:23:21:44 +0800] "POST /wp-cron.php?doing_wp_cron=1758122504.5224521160125732421875 HTTP/1.1" 200 31 "-" "WordPress/6.8.2; http://cqqizhou.com"
34.135.47.174 - - [17/Sep/2025:23:21:44 +0800] "HEAD /bc HTTP/1.1" 404 0 "-" "Mozilla/5.0 (iPhone; CPU iPhone OS 17_2 like Mac OS X) AppleWebKit/605.1.15 (KHTML, like Gecko) CriOS/124.0.6367.56 Mobile/15E148 Safari/604.1"
34.135.47.174 - - [17/Sep/2025:23:21:45 +0800] "HEAD /wordpress HTTP/1.1" 404 0 "-" "Mozilla/5.0 (iPhone; CPU iPhone OS 17_4 like Mac OS X) AppleWebKit/605.1.15 (KHTML, like Gecko) Version/17.4 Mobile/15E148 Safari/604.1"
36.133.115.36 - - [17/Sep/2025:23:21:47 +0800] "POST /wp-cron.php?doing_wp_cron=1758122507.0714960098266601562500 HTTP/1.1" 200 31 "-" "WordPress/6.8.2; http://cqqizhou.com"
34.135.47.174 - - [17/Sep/2025:23:21:47 +0800] "HEAD /main HTTP/1.1" 404 0 "-" "Mozilla/5.0 (Macintosh; Intel Mac OS X 14_3) AppleWebKit/537.36 (KHTML, like Gecko) Chrome/125.0.6422.60 Safari/537.36 Edg/125.0.2535.51"
34.135.47.174 - - [17/Sep/2025:23:21:48 +0800] "HEAD /new HTTP/1.1" 301 0 "-" "Mozilla/5.0 (Linux; Android 14; Pixel 8 Pro) AppleWebKit/537.36 (KHTML, like Gecko) Chrome/124.0.6367.56 Mobile Safari/537.36"
34.135.47.174 - - [17/Sep/2025:23:21:48 +0800] "HEAD /news/ HTTP/1.1" 200 0 "http://cqqizhou.com/new" "Mozilla/5.0 (Linux; Android 14; Pixel 8 Pro) AppleWebKit/537.36 (KHTML, like Gecko) Chrome/124.0.6367.56 Mobile Safari/537.36"
34.135.47.174 - - [17/Sep/2025:23:21:49 +0800] "HEAD /bk HTTP/1.1" 404 0 "-" "Mozilla/5.0 (Windows NT 10.0; Win64; x64) AppleWebKit/537.36 (KHTML, like Gecko) Chrome/120.0.6099.200 YaBrowser/24.1.0.0 Safari/537.36"
34.135.47.174 - - [17/Sep/2025:23:21:50 +0800] "HEAD /old HTTP/1.1" 404 0 "-" "Mozilla/5.0 (Linux; U; Android 11; en-US; V2027) AppleWebKit/537.36 (KHTML, like Gecko) Version/4.0 Chrome/89.0.4389.116 UCBrowser/13.4.0.1306 Mobile Safari/537.36"
34.135.47.174 - - [17/Sep/2025:23:21:51 +0800] "HEAD /home HTTP/1.1" 301 0 "-" "Mozilla/5.0 (Linux; Android 13; SAMSUNG SM-S918B) AppleWebKit/537.36 (KHTML, like Gecko) SamsungBrowser/24.0 Chrome/120.0.6099.144 Mobile Safari/537.36"
34.135.47.174 - - [17/Sep/2025:23:21:52 +0800] "HEAD / HTTP/1.1" 200 0 "http://cqqizhou.com/home" "Mozilla/5.0 (Linux; Android 13; SAMSUNG SM-S918B) AppleWebKit/537.36 (KHTML, like Gecko) SamsungBrowser/24.0 Chrome/120.0.6099.144 Mobile Safari/537.36"
34.135.47.174 - - [17/Sep/2025:23:21:54 +0800] "HEAD /wp HTTP/1.1" 404 0 "-" "Mozilla/5.0 (Macintosh; Intel Mac OS X 14_2) AppleWebKit/537.36 (KHTML, like Gecko) Chrome/121.0.6167.86 Safari/537.36 Brave/1.62.162"
34.135.47.174 - - [17/Sep/2025:23:21:54 +0800] "HEAD / HTTP/1.1" 200 0 "-" "Mozilla/5.0 (Windows NT 11.0; Win64; x64) AppleWebKit/537.36 (KHTML, like Gecko) Chrome/124.0.6367.62 Safari/537.36"
34.135.47.174 - - [17/Sep/2025:23:21:55 +0800] "HEAD /backup HTTP/1.1" 404 0 "-" "Mozilla/5.0 (Linux; Android 10; Nokia 2720 Flip) AppleWebKit/537.36 (KHTML, like Gecko) Chrome/80.0.3987.99 Mobile Safari/537.36 KAIOS/2.5"
36.133.115.36 - - [17/Sep/2025:23:27:53 +0800] "POST /wp-cron.php?doing_wp_cron=1758122872.9749579429626464843750 HTTP/1.1" 200 31 "-" "WordPress/6.8.2; http://cqqizhou.com"
87.120.191.6 - - [17/Sep/2025:23:27:53 +0800] "GET / HTTP/1.1" 200 33466 "-" "Mozilla/5.0 (Windows NT 10.0; Win64; x64) AppleWebKit/537.36 (KHTML, like Gecko) Chrome/90.0.4430.85 Safari/537.36 Edg/90.0.818.46"
36.133.115.36 - - [17/Sep/2025:23:32:37 +0800] "POST /wp-cron.php?doing_wp_cron=1758123157.2902948856353759765625 HTTP/1.1" 200 31 "-" "WordPress/6.8.2; http://cqqizhou.com"
101.42.117.179 - - [17/Sep/2025:23:32:37 +0800] "GET / HTTP/1.1" 200 33466 "-" "Mozilla/5.0 (iPhone; CPU iPhone OS 13_2_3 like Mac OS X) AppleWebKit/605.1.15 (KHTML, like Gecko) Version/13.0.3 Mobile/15E148 Safari/604.1"
34.46.158.166 - - [17/Sep/2025:23:38:54 +0800] "GET / HTTP/1.1" 200 39369 "-" "Mozilla/5.0 (Windows NT 10.0; Win64; x64) AppleWebKit/537.36 (KHTML, like Gecko) Chrome/122.0.0.0 Safari/537.36"
36.133.115.36 - - [17/Sep/2025:23:40:34 +0800] "POST /wp-cron.php?doing_wp_cron=1758123634.8922989368438720703125 HTTP/1.1" 200 31 "-" "WordPress/6.8.2; http://cqqizhou.com"
34.46.158.166 - - [17/Sep/2025:23:40:34 +0800] "GET /robots.txt HTTP/1.1" 200 190 "-" "Mozilla/5.0 (Windows NT 10.0; Win64; x64) AppleWebKit/537.36 (KHTML, like Gecko) Chrome/122.0.0.0 Safari/537.36"
36.133.115.36 - - [17/Sep/2025:23:41:27 +0800] "POST /wp-cron.php?doing_wp_cron=1758123687.1212139129638671875000 HTTP/1.1" 200 31 "-" "WordPress/6.8.2; http://cqqizhou.com"
45.142.193.144 - - [17/Sep/2025:23:41:27 +0800] "GET / HTTP/1.1" 200 33466 "-" "Mozilla/5.0 (Windows NT 10.0; Win64; x64) AppleWebKit/537.36 (KHTML, like Gecko) Chrome/90.0.4430.85 Safari/537.36 Edg/90.0.818.46"
36.133.115.36 - - [17/Sep/2025:23:46:50 +0800] "POST /wp-cron.php?doing_wp_cron=1758124010.7472600936889648437500 HTTP/1.1" 200 31 "-" "WordPress/6.8.2; http://cqqizhou.com"
43.157.38.228 - - [17/Sep/2025:23:46:51 +0800] "GET / HTTP/1.1" 200 33465 "-" "Mozilla/5.0 (iPhone; CPU iPhone OS 13_2_3 like Mac OS X) AppleWebKit/605.1.15 (KHTML, like Gecko) Version/13.0.3 Mobile/15E148 Safari/604.1"
36.133.115.36 - - [17/Sep/2025:23:49:00 +0800] "POST /wp-cron.php?doing_wp_cron=1758124140.1378920078277587890625 HTTP/1.1" 200 31 "-" "WordPress/6.8.2; http://cqqizhou.com"
176.65.149.161 - - [17/Sep/2025:23:49:00 +0800] "GET / HTTP/1.1" 200 33465 "-" "Mozilla/5.0 (Windows NT 10.0; Win64; x64) AppleWebKit/537.36 (KHTML, like Gecko) Chrome/90.0.4430.85 Safari/537.36 Edg/90.0.818.46"
36.133.115.36 - - [17/Sep/2025:23:50:23 +0800] "POST /wp-cron.php?doing_wp_cron=1758124223.4846351146697998046875 HTTP/1.1" 200 31 "-" "WordPress/6.8.2; http://cqqizhou.com"
34.90.192.194 - - [17/Sep/2025:23:50:23 +0800] "POST /xmlrpc.php HTTP/1.1" 200 217 "-" "Mozilla/5.0 (X11; Ubuntu; Linux x86_64; rv:85.0) Gecko/20100101 Firefox/91.0"
66.249.68.70 - - [17/Sep/2025:23:50:26 +0800] "GET /portfolio/ HTTP/1.1" 200 17013 "-" "Mozilla/5.0 (Linux; Android 6.0.1; Nexus 5X Build/MMB29P) AppleWebKit/537.36 (KHTML, like Gecko) Chrome/140.0.7339.127 Mobile Safari/537.36 (compatible; GoogleOther)"
36.133.115.36 - - [17/Sep/2025:23:51:01 +0800] "POST /wp-cron.php?doing_wp_cron=1758124261.8663959503173828125000 HTTP/1.1" 200 31 "-" "WordPress/6.8.2; http://cqqizhou.com"
87.120.191.70 - - [17/Sep/2025:23:51:01 +0800] "GET / HTTP/1.1" 301 5 "-" "Mozilla/5.0 (Windows NT 10.0; Win64; x64) AppleWebKit/537.36 (KHTML, like Gecko) Chrome/90.0.4430.85 Safari/537.36 Edg/90.0.818.46"
183.134.59.134 - - [17/Sep/2025:23:51:22 +0800] "GET / HTTP/1.1" 200 33466 "-" "Mozilla/5.0 (Linux; Android 7.0; KNT-AL20 Build/HUAWEIKNT-AL20; wv) AppleWebKit/537.36 (KHTML, like Gecko) Version/4.0 Chrome/57.0.2987.132 MQQBrowser/6.2 TBS/044113 Mobile Safari/537.36 MicroMessenger/6.6.7.1321(0x26060739) NetType/WIFI Language/zh_CN"
183.134.59.134 - - [17/Sep/2025:23:53:03 +0800] "GET / HTTP/1.1" 200 39369 "-" "Mozilla/5.0 (Macintosh; Intel Mac OS X 10_11) AppleWebKit/601.1.27 (KHTML, like Gecko) Chrome/47.0.2526.106 Safari/601.1.27"
36.133.115.36 - - [17/Sep/2025:23:53:38 +0800] "POST /wp-cron.php?doing_wp_cron=1758124418.2331719398498535156250 HTTP/1.1" 200 31 "-" "WordPress/6.8.2; http://cqqizhou.com"
183.134.59.134 - - [17/Sep/2025:23:53:38 +0800] "GET / HTTP/1.1" 200 33466 "-" "Dalvik/2.1.0 (Linux; U; Android 9.0; ZTE BA520 Build/MRA58K)"