149.50.103.48 - - [15/Sep/2025:10:03:25 +0800] "GET / HTTP/1.1" 200 33466 "-" "Mozilla/5.0 (Windows NT 10.0; Win64; x64) AppleWebKit/537.36 (KHTML, like Gecko) Chrome/90.0.4430.85 Safari/537.36 Edg/90.0.818.46"
109.172.93.44 - - [15/Sep/2025:10:05:59 +0800] "GET / HTTP/1.1" 200 165874 "-" "Mozilla/5.0 (X11; Linux x86_64) Chrome/19.0.1084.9 Safari/536.5"
36.133.115.36 - - [15/Sep/2025:10:08:35 +0800] "POST /wp-cron.php?doing_wp_cron=1757902115.2817819118499755859375 HTTP/1.1" 200 31 "-" "WordPress/6.8.2; http://cqqizhou.com"
87.120.191.70 - - [15/Sep/2025:10:08:35 +0800] "GET / HTTP/1.1" 301 5 "-" "Mozilla/5.0 (Windows NT 10.0; Win64; x64) AppleWebKit/537.36 (KHTML, like Gecko) Chrome/90.0.4430.85 Safari/537.36 Edg/90.0.818.46"
36.133.115.36 - - [15/Sep/2025:10:11:53 +0800] "POST /wp-cron.php?doing_wp_cron=1757902313.6414399147033691406250 HTTP/1.1" 200 31 "-" "WordPress/6.8.2; http://cqqizhou.com"
45.142.193.144 - - [15/Sep/2025:10:11:53 +0800] "GET / HTTP/1.1" 200 33468 "-" "Mozilla/5.0 (Windows NT 10.0; Win64; x64) AppleWebKit/537.36 (KHTML, like Gecko) Chrome/90.0.4430.85 Safari/537.36 Edg/90.0.818.46"
36.133.115.36 - - [15/Sep/2025:10:23:53 +0800] "POST /wp-cron.php?doing_wp_cron=1757903033.4522590637207031250000 HTTP/1.1" 200 31 "-" "WordPress/6.8.2; http://cqqizhou.com"
91.224.92.17 - - [15/Sep/2025:10:23:57 +0800] "GET / HTTP/1.1" 200 96805 "-" "-"
36.133.115.36 - - [15/Sep/2025:10:34:43 +0800] "POST /wp-cron.php?doing_wp_cron=1757903683.8055520057678222656250 HTTP/1.1" 200 31 "-" "WordPress/6.8.2; http://cqqizhou.com"
87.120.191.70 - - [15/Sep/2025:10:34:43 +0800] "GET / HTTP/1.1" 301 5 "-" "Mozilla/5.0 (Windows NT 10.0; Win64; x64) AppleWebKit/537.36 (KHTML, like Gecko) Chrome/90.0.4430.85 Safari/537.36 Edg/90.0.818.46"
36.133.115.36 - - [15/Sep/2025:10:44:15 +0800] "POST /wp-cron.php?doing_wp_cron=1757904255.2862010002136230468750 HTTP/1.1" 200 31 "-" "WordPress/6.8.2; http://cqqizhou.com"
171.244.0.91 - - [15/Sep/2025:10:44:15 +0800] "POST /xmlrpc.php HTTP/1.1" 200 217 "-" "Mozilla/5.0 (X11; Ubuntu; Linux x86_64; rv:85.0) Gecko/20100101 Firefox/91.0"
36.133.115.36 - - [15/Sep/2025:10:56:14 +0800] "POST /wp-cron.php?doing_wp_cron=1757904974.0671880245208740234375 HTTP/1.1" 200 31 "-" "WordPress/6.8.2; http://cqqizhou.com"
87.120.191.70 - - [15/Sep/2025:10:56:14 +0800] "GET / HTTP/1.1" 301 5 "-" "Mozilla/5.0 (Windows NT 10.0; Win64; x64) AppleWebKit/537.36 (KHTML, like Gecko) Chrome/90.0.4430.85 Safari/537.36 Edg/90.0.818.46"
36.133.115.36 - - [15/Sep/2025:10:59:46 +0800] "POST /wp-cron.php?doing_wp_cron=1757905186.8344380855560302734375 HTTP/1.1" 200 31 "-" "WordPress/6.8.2; http://cqqizhou.com"
45.142.193.144 - - [15/Sep/2025:10:59:47 +0800] "GET / HTTP/1.1" 200 33467 "-" "Mozilla/5.0 (Windows NT 10.0; Win64; x64) AppleWebKit/537.36 (KHTML, like Gecko) Chrome/90.0.4430.85 Safari/537.36 Edg/90.0.818.46"
36.133.115.36 - - [15/Sep/2025:11:03:54 +0800] "POST /wp-cron.php?doing_wp_cron=1757905434.8930819034576416015625 HTTP/1.1" 200 31 "-" "WordPress/6.8.2; http://cqqizhou.com"
20.64.104.70 - - [15/Sep/2025:11:03:54 +0800] "GET / HTTP/1.1" 301 5 "-" "Mozilla/5.0 zgrab/0.x"
36.133.115.36 - - [15/Sep/2025:11:04:46 +0800] "POST /wp-cron.php?doing_wp_cron=1757905486.8840498924255371093750 HTTP/1.1" 200 31 "-" "WordPress/6.8.2; http://cqqizhou.com"
117.209.20.191 - - [15/Sep/2025:11:04:51 +0800] "GET /boaform/admin/formLogin?username=user&psd=user HTTP/1.0" 404 31368 "-" "-"
36.133.115.36 - - [15/Sep/2025:11:07:16 +0800] "POST /wp-cron.php?doing_wp_cron=1757905636.1237099170684814453125 HTTP/1.1" 200 31 "-" "WordPress/6.8.2; http://cqqizhou.com"
176.65.149.245 - - [15/Sep/2025:11:07:16 +0800] "GET / HTTP/1.1" 200 33466 "-" "Mozilla/5.0 (Windows NT 10.0; Win64; x64) AppleWebKit/537.36 (KHTML, like Gecko) Chrome/90.0.4430.85 Safari/537.36 Edg/90.0.818.46"
36.133.115.36 - - [15/Sep/2025:11:13:05 +0800] "POST /wp-cron.php?doing_wp_cron=1757905985.5214850902557373046875 HTTP/1.1" 200 31 "-" "WordPress/6.8.2; http://cqqizhou.com"
149.50.103.48 - - [15/Sep/2025:11:13:05 +0800] "GET / HTTP/1.1" 200 33467 "-" "Mozilla/5.0 (Windows NT 10.0; Win64; x64) AppleWebKit/537.36 (KHTML, like Gecko) Chrome/90.0.4430.85 Safari/537.36 Edg/90.0.818.46"
87.120.191.6 - - [15/Sep/2025:11:13:06 +0800] "GET / HTTP/1.1" 301 5 "-" "Mozilla/5.0 (Windows NT 10.0; Win64; x64) AppleWebKit/537.36 (KHTML, like Gecko) Chrome/90.0.4430.85 Safari/537.36 Edg/90.0.818.46"
36.133.115.36 - - [15/Sep/2025:11:16:37 +0800] "POST /wp-cron.php?doing_wp_cron=1757906197.3990480899810791015625 HTTP/1.1" 200 31 "-" "WordPress/6.8.2; http://cqqizhou.com"
111.176.173.13 - - [15/Sep/2025:11:16:37 +0800] "GET / HTTP/1.1" 301 5 "-" "Mozilla/5.0 (Windows NT 6.1; Win64; x64) AppleWebKit/537.36 (KHTML, like Gecko) Chrome/75.0.3489.88 Safari/537.36"
111.176.173.13 - - [15/Sep/2025:11:16:37 +0800] "GET / HTTP/1.1" 200 39369 "-" "Mozilla/5.0 (Windows NT 6.1; Win64; x64) AppleWebKit/537.36 (KHTML, like Gecko) Chrome/75.0.3489.88 Safari/537.36"
111.176.173.13 - - [15/Sep/2025:11:16:37 +0800] "GET /contacts/ HTTP/1.1" 200 21496 "-" "Mozilla/5.0 (Windows NT 8.6; Win64; x64) AppleWebKit/537.36 (KHTML, like Gecko) Chrome/74.0.1139.88 Safari/537.36"
36.133.115.36 - - [15/Sep/2025:11:20:36 +0800] "POST /wp-cron.php?doing_wp_cron=1757906436.7025649547576904296875 HTTP/1.1" 200 31 "-" "WordPress/6.8.2; http://cqqizhou.com"
87.120.191.70 - - [15/Sep/2025:11:20:36 +0800] "GET / HTTP/1.1" 301 5 "-" "Mozilla/5.0 (Windows NT 10.0; Win64; x64) AppleWebKit/537.36 (KHTML, like Gecko) Chrome/90.0.4430.85 Safari/537.36 Edg/90.0.818.46"
36.133.115.36 - - [15/Sep/2025:11:20:52 +0800] "POST /wp-cron.php?doing_wp_cron=1757906451.9985320568084716796875 HTTP/1.1" 200 31 "-" "WordPress/6.8.2; http://cqqizhou.com"
43.153.67.21 - - [15/Sep/2025:11:20:52 +0800] "GET / HTTP/1.1" 301 5 "-" "Mozilla/5.0 (iPhone; CPU iPhone OS 13_2_3 like Mac OS X) AppleWebKit/605.1.15 (KHTML, like Gecko) Version/13.0.3 Mobile/15E148 Safari/604.1"
43.153.67.21 - - [15/Sep/2025:11:20:54 +0800] "GET / HTTP/1.1" 200 33467 "http://www.cqqizhou.com" "Mozilla/5.0 (iPhone; CPU iPhone OS 13_2_3 like Mac OS X) AppleWebKit/605.1.15 (KHTML, like Gecko) Version/13.0.3 Mobile/15E148 Safari/604.1"
115.78.7.179 - - [15/Sep/2025:11:21:19 +0800] "POST /xmlrpc.php HTTP/1.1" 200 217 "-" "Mozilla/5.0 (X11; Ubuntu; Linux x86_64; rv:85.0) Gecko/20100101 Firefox/91.0"
52.167.144.227 - - [15/Sep/2025:11:22:03 +0800] "GET /wp-content/uploads/2025/08/1755826390-DSC01765.webp HTTP/1.1" 200 71514 "-" "Mozilla/5.0 AppleWebKit/537.36 (KHTML, like Gecko; compatible; bingbot/2.0; +http://www.bing.com/bingbot.htm) Chrome/116.0.1938.76 Safari/537.36"
20.99.210.66 - - [15/Sep/2025:11:31:36 +0800] "GET / HTTP/1.1" 200 165874 "-" "Mozilla/5.0 (Windows NT 10.0; Win64; x64) AppleWebKit/537.36 (KHTML, like Gecko) Chrome/131.0.0.0 Safari/537.36 Edg/131.0.0.0"
36.133.115.36 - - [15/Sep/2025:11:35:43 +0800] "POST /wp-cron.php?doing_wp_cron=1757907343.3856379985809326171875 HTTP/1.1" 200 31 "-" "WordPress/6.8.2; http://cqqizhou.com"
124.156.225.181 - - [15/Sep/2025:11:35:43 +0800] "GET /logistics HTTP/1.1" 301 5 "-" "Mozilla/5.0 (iPhone; CPU iPhone OS 13_2_3 like Mac OS X) AppleWebKit/605.1.15 (KHTML, like Gecko) Version/13.0.3 Mobile/15E148 Safari/604.1"
36.133.115.36 - - [15/Sep/2025:11:35:47 +0800] "POST /wp-cron.php?doing_wp_cron=1757907347.5134959220886230468750 HTTP/1.1" 200 31 "-" "WordPress/6.8.2; http://cqqizhou.com"
124.156.225.181 - - [15/Sep/2025:11:35:47 +0800] "GET /logistics/ HTTP/1.1" 200 18248 "http://cqqizhou.com/logistics" "Mozilla/5.0 (iPhone; CPU iPhone OS 13_2_3 like Mac OS X) AppleWebKit/605.1.15 (KHTML, like Gecko) Version/13.0.3 Mobile/15E148 Safari/604.1"
196.251.84.253 - - [15/Sep/2025:11:36:03 +0800] "GET / HTTP/1.0" 200 151897 "-" "Mozilla/5.0 (X11; Linux x86_64; rv:140.0) Gecko/20100101 Firefox/140.0"
36.133.115.36 - - [15/Sep/2025:11:46:48 +0800] "POST /wp-cron.php?doing_wp_cron=1757908008.5402739048004150390625 HTTP/1.1" 200 31 "-" "WordPress/6.8.2; http://cqqizhou.com"
43.130.111.40 - - [15/Sep/2025:11:46:48 +0800] "GET / HTTP/1.1" 200 33467 "-" "Mozilla/5.0 (iPhone; CPU iPhone OS 13_2_3 like Mac OS X) AppleWebKit/605.1.15 (KHTML, like Gecko) Version/13.0.3 Mobile/15E148 Safari/604.1"
87.120.191.70 - - [15/Sep/2025:11:46:49 +0800] "GET / HTTP/1.1" 301 5 "-" "Mozilla/5.0 (Windows NT 10.0; Win64; x64) AppleWebKit/537.36 (KHTML, like Gecko) Chrome/90.0.4430.85 Safari/537.36 Edg/90.0.818.46"
36.133.115.36 - - [15/Sep/2025:11:54:53 +0800] "POST /wp-cron.php?doing_wp_cron=1757908493.0521280765533447265625 HTTP/1.1" 200 31 "-" "WordPress/6.8.2; http://cqqizhou.com"
43.157.38.228 - - [15/Sep/2025:11:54:53 +0800] "GET /wp-content/uploads/2025/07/1753587901-Slider_3840 HTTP/1.1" 404 8990 "-" "Mozilla/5.0 (iPhone; CPU iPhone OS 13_2_3 like Mac OS X) AppleWebKit/605.1.15 (KHTML, like Gecko) Version/13.0.3 Mobile/15E148 Safari/604.1"
36.133.115.36 - - [15/Sep/2025:12:03:42 +0800] "POST /wp-cron.php?doing_wp_cron=1757909022.6101739406585693359375 HTTP/1.1" 200 31 "-" "WordPress/6.8.2; http://cqqizhou.com"
68.183.106.79 - - [15/Sep/2025:12:03:42 +0800] "POST /xmlrpc.php HTTP/1.1" 200 217 "-" "Mozilla/5.0 (X11; Ubuntu; Linux x86_64; rv:85.0) Gecko/20100101 Firefox/91.0"
36.133.115.36 - - [15/Sep/2025:12:06:41 +0800] "POST /wp-cron.php?doing_wp_cron=1757909201.3014469146728515625000 HTTP/1.1" 200 31 "-" "WordPress/6.8.2; http://cqqizhou.com"
49.51.243.95 - - [15/Sep/2025:12:06:41 +0800] "GET / HTTP/1.1" 200 33467 "-" "Mozilla/5.0 (iPhone; CPU iPhone OS 13_2_3 like Mac OS X) AppleWebKit/605.1.15 (KHTML, like Gecko) Version/13.0.3 Mobile/15E148 Safari/604.1"
36.133.115.36 - - [15/Sep/2025:12:10:55 +0800] "POST /wp-cron.php?doing_wp_cron=1757909455.2955350875854492187500 HTTP/1.1" 200 31 "-" "WordPress/6.8.2; http://cqqizhou.com"
149.50.103.48 - - [15/Sep/2025:12:10:55 +0800] "GET / HTTP/1.1" 200 33467 "-" "Mozilla/5.0 (Windows NT 10.0; Win64; x64) AppleWebKit/537.36 (KHTML, like Gecko) Chrome/90.0.4430.85 Safari/537.36 Edg/90.0.818.46"
45.142.193.144 - - [15/Sep/2025:12:10:59 +0800] "GET /userLogin.asp HTTP/1.1" 301 5 "http://36.133.115.36:80/" "Mozilla/5.0 (X11; Linux x86_64) AppleWebKit/537.36 (KHTML, like Gecko) Chrome/126.0.0.0 Safari/537.36"
87.120.191.70 - - [15/Sep/2025:12:11:31 +0800] "GET / HTTP/1.1" 301 5 "-" "Mozilla/5.0 (Windows NT 10.0; Win64; x64) AppleWebKit/537.36 (KHTML, like Gecko) Chrome/90.0.4430.85 Safari/537.36 Edg/90.0.818.46"
36.133.115.36 - - [15/Sep/2025:12:12:54 +0800] "POST /wp-cron.php?doing_wp_cron=1757909574.5960299968719482421875 HTTP/1.1" 200 31 "-" "WordPress/6.8.2; http://cqqizhou.com"
176.65.149.161 - - [15/Sep/2025:12:12:54 +0800] "GET / HTTP/1.1" 200 33467 "-" "Mozilla/5.0 (Windows NT 10.0; Win64; x64) AppleWebKit/537.36 (KHTML, like Gecko) Chrome/90.0.4430.85 Safari/537.36 Edg/90.0.818.46"
36.133.115.36 - - [15/Sep/2025:12:15:09 +0800] "POST /wp-cron.php?doing_wp_cron=1757909709.0799109935760498046875 HTTP/1.1" 200 31 "-" "WordPress/6.8.2; http://cqqizhou.com"
43.163.206.70 - - [15/Sep/2025:12:15:09 +0800] "GET /wp-content/uploads/2025/07/1753453096- HTTP/1.1" 404 8990 "-" "Mozilla/5.0 (iPhone; CPU iPhone OS 13_2_3 like Mac OS X) AppleWebKit/605.1.15 (KHTML, like Gecko) Version/13.0.3 Mobile/15E148 Safari/604.1"
42.83.147.53 - - [15/Sep/2025:12:22:23 +0800] "GET / HTTP/1.1" 200 39369 "-" "Mozilla/5.0 (Windows NT 6.1; Win64; x64) AppleWebKit/537.36 (KHTML, like Gecko)Chrome/74.0.3729.169 Safari/537.36"
36.133.115.36 - - [15/Sep/2025:12:23:01 +0800] "POST /wp-cron.php?doing_wp_cron=1757910181.0937690734863281250000 HTTP/1.1" 200 31 "-" "WordPress/6.8.2; http://cqqizhou.com"
87.120.191.6 - - [15/Sep/2025:12:23:01 +0800] "GET / HTTP/1.1" 301 5 "-" "Mozilla/5.0 (Windows NT 10.0; Win64; x64) AppleWebKit/537.36 (KHTML, like Gecko) Chrome/90.0.4430.85 Safari/537.36 Edg/90.0.818.46"
36.133.115.36 - - [15/Sep/2025:12:28:10 +0800] "POST /wp-cron.php?doing_wp_cron=1757910490.5939249992370605468750 HTTP/1.1" 200 31 "-" "WordPress/6.8.2; http://cqqizhou.com"
43.166.136.24 - - [15/Sep/2025:12:28:10 +0800] "GET / HTTP/1.1" 200 33467 "-" "Mozilla/5.0 (iPhone; CPU iPhone OS 13_2_3 like Mac OS X) AppleWebKit/605.1.15 (KHTML, like Gecko) Version/13.0.3 Mobile/15E148 Safari/604.1"
36.133.115.36 - - [15/Sep/2025:12:34:56 +0800] "POST /wp-cron.php?doing_wp_cron=1757910896.7230150699615478515625 HTTP/1.1" 200 31 "-" "WordPress/6.8.2; http://cqqizhou.com"
87.120.191.70 - - [15/Sep/2025:12:34:56 +0800] "GET / HTTP/1.1" 301 5 "-" "Mozilla/5.0 (Windows NT 10.0; Win64; x64) AppleWebKit/537.36 (KHTML, like Gecko) Chrome/90.0.4430.85 Safari/537.36 Edg/90.0.818.46"
36.133.115.36 - - [15/Sep/2025:12:35:52 +0800] "POST /wp-cron.php?doing_wp_cron=1757910952.6487159729003906250000 HTTP/1.1" 200 31 "-" "WordPress/6.8.2; http://cqqizhou.com"
124.156.225.181 - - [15/Sep/2025:12:35:52 +0800] "GET /wp-json/oembed/1.0/embed?url=http%3A%2F%2Fcqqizhou.com%2Flogistics%2F HTTP/1.1" 200 1116 "-" "Mozilla/5.0 (iPhone; CPU iPhone OS 13_2_3 like Mac OS X) AppleWebKit/605.1.15 (KHTML, like Gecko) Version/13.0.3 Mobile/15E148 Safari/604.1"
36.133.115.36 - - [15/Sep/2025:12:39:29 +0800] "POST /wp-cron.php?doing_wp_cron=1757911169.6631588935852050781250 HTTP/1.1" 200 31 "-" "WordPress/6.8.2; http://cqqizhou.com"
43.157.38.131 - - [15/Sep/2025:12:39:29 +0800] "GET / HTTP/1.1" 200 33467 "-" "Mozilla/5.0 (iPhone; CPU iPhone OS 13_2_3 like Mac OS X) AppleWebKit/605.1.15 (KHTML, like Gecko) Version/13.0.3 Mobile/15E148 Safari/604.1"
36.133.115.36 - - [15/Sep/2025:12:42:29 +0800] "POST /wp-cron.php?doing_wp_cron=1757911349.8684790134429931640625 HTTP/1.1" 200 31 "-" "WordPress/6.8.2; http://cqqizhou.com"
103.167.217.137 - - [15/Sep/2025:12:42:30 +0800] "POST /xmlrpc.php HTTP/1.1" 200 217 "-" "Mozilla/5.0 (X11; Ubuntu; Linux x86_64; rv:85.0) Gecko/20100101 Firefox/91.0"
36.133.115.36 - - [15/Sep/2025:12:43:11 +0800] "POST /wp-cron.php?doing_wp_cron=1757911391.7837369441986083984375 HTTP/1.1" 200 31 "-" "WordPress/6.8.2; http://cqqizhou.com"
91.224.92.17 - - [15/Sep/2025:12:43:31 +0800] "GET / HTTP/1.1" 200 96805 "-" "-"
139.224.0.39 - - [15/Sep/2025:12:44:52 +0800] "HEAD /pscc/ HTTP/1.1" 404 0 "-" "-"
36.133.115.36 - - [15/Sep/2025:12:44:53 +0800] "POST /wp-cron.php?doing_wp_cron=1757911492.9688959121704101562500 HTTP/1.1" 200 31 "-" "WordPress/6.8.2; http://cqqizhou.com"
139.224.0.39 - - [15/Sep/2025:12:44:53 +0800] "HEAD /start/index.html HTTP/1.1" 404 0 "-" "-"
36.133.115.36 - - [15/Sep/2025:12:49:55 +0800] "POST /wp-cron.php?doing_wp_cron=1757911795.4668118953704833984375 HTTP/1.1" 200 31 "-" "WordPress/6.8.2; http://cqqizhou.com"
180.213.197.233 - - [15/Sep/2025:12:49:55 +0800] "GET / HTTP/1.1" 301 5 "-" "Mozilla/5.0 (Windows NT 10.0; Win64; x64) AppleWebKit/537.36 (KHTML, like Gecko) Chrome/96.0.4664.45 Safari/537.36"
180.213.197.233 - - [15/Sep/2025:12:49:55 +0800] "GET / HTTP/1.1" 200 39369 "http://www.cqqizhou.com/" "Mozilla/5.0 (Windows NT 10.0; Win64; x64) AppleWebKit/537.36 (KHTML, like Gecko) Chrome/96.0.4664.45 Safari/537.36"
36.133.115.36 - - [15/Sep/2025:12:58:10 +0800] "POST /wp-cron.php?doing_wp_cron=1757912290.8903050422668457031250 HTTP/1.1" 200 31 "-" "WordPress/6.8.2; http://cqqizhou.com"
213.209.157.253 - - [15/Sep/2025:12:58:10 +0800] "GET /.git/config HTTP/1.1" 404 8989 "-" "Mozilla/5.0 (X11; U; Linux i686; pl-PL; rv:1.9.0.2) Gecko/20121223 Ubuntu/9.25 (jaunty) Firefox/3.8"
36.133.115.36 - - [15/Sep/2025:12:58:46 +0800] "POST /wp-cron.php?doing_wp_cron=1757912326.7165079116821289062500 HTTP/1.1" 200 31 "-" "WordPress/6.8.2; http://cqqizhou.com"
87.120.191.70 - - [15/Sep/2025:12:58:46 +0800] "GET / HTTP/1.1" 301 5 "-" "Mozilla/5.0 (Windows NT 10.0; Win64; x64) AppleWebKit/537.36 (KHTML, like Gecko) Chrome/90.0.4430.85 Safari/537.36 Edg/90.0.818.46"
36.133.115.36 - - [15/Sep/2025:13:07:11 +0800] "POST /wp-cron.php?doing_wp_cron=1757912831.4096939563751220703125 HTTP/1.1" 200 31 "-" "WordPress/6.8.2; http://cqqizhou.com"
94.191.43.82 - - [15/Sep/2025:13:07:11 +0800] "GET / HTTP/1.1" 301 5 "-" "Mozilla/5.0 (iPhone; CPU iPhone OS 13_2_3 like Mac OS X) AppleWebKit/605.1.15 (KHTML, like Gecko) Version/13.0.3 Mobile/15E148 Safari/604.1"
94.191.43.82 - - [15/Sep/2025:13:07:16 +0800] "GET / HTTP/1.1" 200 33467 "http://www.cqqizhou.com" "Mozilla/5.0 (iPhone; CPU iPhone OS 13_2_3 like Mac OS X) AppleWebKit/605.1.15 (KHTML, like Gecko) Version/13.0.3 Mobile/15E148 Safari/604.1"
36.133.115.36 - - [15/Sep/2025:13:08:17 +0800] "POST /wp-cron.php?doing_wp_cron=1757912897.1832890510559082031250 HTTP/1.1" 200 31 "-" "WordPress/6.8.2; http://cqqizhou.com"
213.209.157.253 - - [15/Sep/2025:13:08:17 +0800] "GET /.git/config HTTP/1.1" 404 8990 "-" "Mozilla/5.0 (X11; Linux i686) AppleWebKit/537.36 (KHTML, like Gecko) Chrome/28.0.1478.0 Safari/537.36"
42.236.17.121 - - [15/Sep/2025:13:08:34 +0800] "GET / HTTP/1.1" 200 39369 "http://cqqizhou.com/" "Mozilla/5.0 (Windows NT 6.1; WOW64) AppleWebKit/537.36 (KHTML, like Gecko) Chrome/50.0.2661.102 Safari/537.36; 360Spider"
36.133.115.36 - - [15/Sep/2025:13:08:54 +0800] "POST /wp-cron.php?doing_wp_cron=1757912934.8579339981079101562500 HTTP/1.1" 200 31 "-" "WordPress/6.8.2; http://cqqizhou.com"
176.65.148.40 - - [15/Sep/2025:13:08:55 +0800] "GET / HTTP/1.1" 200 33467 "-" "Mozilla/5.0 (Windows NT 10.0; Win64; x64) AppleWebKit/537.36 (KHTML, like Gecko) Chrome/90.0.4430.85 Safari/537.36 Edg/90.0.818.46"
36.133.115.36 - - [15/Sep/2025:13:11:45 +0800] "POST /wp-cron.php?doing_wp_cron=1757913105.8652119636535644531250 HTTP/1.1" 200 31 "-" "WordPress/6.8.2; http://cqqizhou.com"
20.163.2.53 - - [15/Sep/2025:13:11:45 +0800] "GET /druid/index.html HTTP/1.1" 404 8990 "-" "Mozilla/5.0 zgrab/0.x"
36.133.115.36 - - [15/Sep/2025:13:16:11 +0800] "POST /wp-cron.php?doing_wp_cron=1757913371.8742558956146240234375 HTTP/1.1" 200 31 "-" "WordPress/6.8.2; http://cqqizhou.com"
149.50.103.48 - - [15/Sep/2025:13:16:12 +0800] "GET / HTTP/1.1" 200 33467 "-" "Mozilla/5.0 (Windows NT 10.0; Win64; x64) AppleWebKit/537.36 (KHTML, like Gecko) Chrome/90.0.4430.85 Safari/537.36 Edg/90.0.818.46"
36.133.115.36 - - [15/Sep/2025:13:17:10 +0800] "POST /wp-cron.php?doing_wp_cron=1757913430.7205541133880615234375 HTTP/1.1" 200 31 "-" "WordPress/6.8.2; http://cqqizhou.com"
87.120.191.13 - - [15/Sep/2025:13:17:10 +0800] "GET /cgi-bin/luci/ HTTP/1.1" 404 31381 "-" "-"
36.133.115.36 - - [15/Sep/2025:13:18:39 +0800] "POST /wp-cron.php?doing_wp_cron=1757913519.2855150699615478515625 HTTP/1.1" 200 31 "-" "WordPress/6.8.2; http://cqqizhou.com"
95.154.198.138 - - [15/Sep/2025:13:18:39 +0800] "POST /xmlrpc.php HTTP/1.1" 200 217 "-" "Mozilla/5.0 (X11; Ubuntu; Linux x86_64; rv:85.0) Gecko/20100101 Firefox/91.0"
36.133.115.36 - - [15/Sep/2025:13:19:37 +0800] "POST /wp-cron.php?doing_wp_cron=1757913577.8932321071624755859375 HTTP/1.1" 200 31 "-" "WordPress/6.8.2; http://cqqizhou.com"
176.65.148.180 - - [15/Sep/2025:13:19:38 +0800] "GET / HTTP/1.1" 200 33467 "-" "Mozilla/5.0 (Windows NT 10.0; Win64; x64) AppleWebKit/537.36 (KHTML, like Gecko) Chrome/90.0.4430.85 Safari/537.36 Edg/90.0.818.46"
36.133.115.36 - - [15/Sep/2025:13:25:53 +0800] "POST /wp-cron.php?doing_wp_cron=1757913953.1776900291442871093750 HTTP/1.1" 200 31 "-" "WordPress/6.8.2; http://cqqizhou.com"
87.120.191.70 - - [15/Sep/2025:13:25:53 +0800] "GET / HTTP/1.1" 301 5 "-" "Mozilla/5.0 (Windows NT 10.0; Win64; x64) AppleWebKit/537.36 (KHTML, like Gecko) Chrome/90.0.4430.85 Safari/537.36 Edg/90.0.818.46"
121.42.252.229 - - [15/Sep/2025:13:26:18 +0800] "GET / HTTP/1.1" 301 5 "-" "Mozilla/5.0 (Windows NT 6.1; WOW64) AppleWebKit/537.36 (KHTML, like Gecko) Chrome/86.0.4240.198 Safari/537.36"
121.42.252.229 - - [15/Sep/2025:13:26:20 +0800] "GET / HTTP/1.1" 200 39369 "http://www.cqqizhou.com" "Mozilla/5.0 (Windows NT 6.1; WOW64) AppleWebKit/537.36 (KHTML, like Gecko) Chrome/86.0.4240.198 Safari/537.36"
121.42.252.229 - - [15/Sep/2025:13:26:21 +0800] "HEAD /wp-includes HTTP/1.1" 301 0 "-" "Go-http-client/1.1"
121.42.252.229 - - [15/Sep/2025:13:26:22 +0800] "HEAD /wp-includes/ HTTP/1.1" 403 0 "http://www.cqqizhou.com/wp-includes" "Go-http-client/1.1"
121.42.252.229 - - [15/Sep/2025:13:26:23 +0800] "HEAD /Systemadmin HTTP/1.1" 301 0 "-" "Go-http-client/1.1"
121.42.252.229 - - [15/Sep/2025:13:26:24 +0800] "HEAD /login HTTP/1.1" 301 0 "-" "Go-http-client/1.1"
121.42.252.229 - - [15/Sep/2025:13:26:24 +0800] "HEAD /adminweb HTTP/1.1" 301 0 "-" "Go-http-client/1.1"
121.42.252.229 - - [15/Sep/2025:13:26:24 +0800] "HEAD /admin/WebEditor HTTP/1.1" 301 0 "-" "Go-http-client/1.1"
121.42.252.229 - - [15/Sep/2025:13:26:24 +0800] "HEAD /admin/EDITOR/Dialog HTTP/1.1" 301 0 "-" "Go-http-client/1.1"
121.42.252.229 - - [15/Sep/2025:13:26:24 +0800] "HEAD /admin HTTP/1.1" 301 0 "-" "Go-http-client/1.1"
121.42.252.229 - - [15/Sep/2025:13:26:24 +0800] "HEAD /data HTTP/1.1" 301 0 "-" "Go-http-client/1.1"
121.42.252.229 - - [15/Sep/2025:13:26:24 +0800] "HEAD /FCKeditor/editor HTTP/1.1" 301 0 "-" "Go-http-client/1.1"
121.42.252.229 - - [15/Sep/2025:13:26:24 +0800] "HEAD /UpLoadFile HTTP/1.1" 301 0 "-" "Go-http-client/1.1"
121.42.252.229 - - [15/Sep/2025:13:26:24 +0800] "HEAD /newbbs HTTP/1.1" 301 0 "-" "Go-http-client/1.1"
121.42.252.229 - - [15/Sep/2025:13:26:24 +0800] "HEAD /fckeditor HTTP/1.1" 301 0 "-" "Go-http-client/1.1"
121.42.252.229 - - [15/Sep/2025:13:26:24 +0800] "HEAD /add HTTP/1.1" 301 0 "-" "Go-http-client/1.1"
121.42.252.229 - - [15/Sep/2025:13:26:24 +0800] "HEAD /guestbook HTTP/1.1" 301 0 "-" "Go-http-client/1.1"
121.42.252.229 - - [15/Sep/2025:13:26:24 +0800] "HEAD /southidceditor HTTP/1.1" 301 0 "-" "Go-http-client/1.1"
121.42.252.229 - - [15/Sep/2025:13:26:24 +0800] "HEAD /manage HTTP/1.1" 301 0 "-" "Go-http-client/1.1"
121.42.252.229 - - [15/Sep/2025:13:26:24 +0800] "HEAD /Editor HTTP/1.1" 301 0 "-" "Go-http-client/1.1"
121.42.252.229 - - [15/Sep/2025:13:26:24 +0800] "HEAD /server HTTP/1.1" 301 0 "-" "Go-http-client/1.1"
121.42.252.229 - - [15/Sep/2025:13:26:24 +0800] "HEAD /hello HTTP/1.1" 301 0 "-" "Go-http-client/1.1"
121.42.252.229 - - [15/Sep/2025:13:26:24 +0800] "HEAD /edit HTTP/1.1" 301 0 "-" "Go-http-client/1.1"
121.42.252.229 - - [15/Sep/2025:13:26:24 +0800] "HEAD /web_Fckeditor HTTP/1.1" 301 0 "-" "Go-http-client/1.1"
121.42.252.229 - - [15/Sep/2025:13:26:24 +0800] "HEAD /database HTTP/1.1" 301 0 "-" "Go-http-client/1.1"
121.42.252.229 - - [15/Sep/2025:13:26:24 +0800] "HEAD /2012 HTTP/1.1" 301 0 "-" "Go-http-client/1.1"
121.42.252.229 - - [15/Sep/2025:13:26:24 +0800] "HEAD /editor HTTP/1.1" 301 0 "-" "Go-http-client/1.1"
121.42.252.229 - - [15/Sep/2025:13:26:24 +0800] "HEAD /Editor/Include HTTP/1.1" 301 0 "-" "Go-http-client/1.1"
121.42.252.229 - - [15/Sep/2025:13:26:24 +0800] "HEAD /edit HTTP/1.1" 301 0 "-" "Go-http-client/1.1"
121.42.252.229 - - [15/Sep/2025:13:26:24 +0800] "HEAD /manager HTTP/1.1" 301 0 "-" "Go-http-client/1.1"
121.42.252.229 - - [15/Sep/2025:13:26:24 +0800] "HEAD /test HTTP/1.1" 301 0 "-" "Go-http-client/1.1"
121.42.252.229 - - [15/Sep/2025:13:26:24 +0800] "HEAD /shopadmin HTTP/1.1" 301 0 "-" "Go-http-client/1.1"
121.42.252.229 - - [15/Sep/2025:13:26:24 +0800] "HEAD /reg HTTP/1.1" 301 0 "-" "Go-http-client/1.1"
121.42.252.229 - - [15/Sep/2025:13:26:24 +0800] "HEAD /backgl HTTP/1.1" 301 0 "-" "Go-http-client/1.1"
121.42.252.229 - - [15/Sep/2025:13:26:24 +0800] "HEAD /shopadmin HTTP/1.1" 301 0 "-" "Go-http-client/1.1"
121.42.252.229 - - [15/Sep/2025:13:26:24 +0800] "HEAD /admin/daili/webedit HTTP/1.1" 301 0 "-" "Go-http-client/1.1"
121.42.252.229 - - [15/Sep/2025:13:26:24 +0800] "HEAD /webadmin HTTP/1.1" 301 0 "-" "Go-http-client/1.1"
121.42.252.229 - - [15/Sep/2025:13:26:25 +0800] "HEAD /adminx HTTP/1.1" 301 0 "-" "Go-http-client/1.1"
121.42.252.229 - - [15/Sep/2025:13:26:25 +0800] "HEAD /Photo HTTP/1.1" 301 0 "-" "Go-http-client/1.1"
121.42.252.229 - - [15/Sep/2025:13:26:25 +0800] "HEAD /bbs HTTP/1.1" 301 0 "-" "Go-http-client/1.1"
121.42.252.229 - - [15/Sep/2025:13:26:25 +0800] "HEAD /include HTTP/1.1" 301 0 "-" "Go-http-client/1.1"
121.42.252.229 - - [15/Sep/2025:13:26:25 +0800] "HEAD /kindeditor HTTP/1.1" 301 0 "-" "Go-http-client/1.1"
121.42.252.229 - - [15/Sep/2025:13:26:25 +0800] "HEAD /office HTTP/1.1" 301 0 "-" "Go-http-client/1.1"
121.42.252.229 - - [15/Sep/2025:13:26:25 +0800] "HEAD /PayOnline HTTP/1.1" 301 0 "-" "Go-http-client/1.1"
121.42.252.229 - - [15/Sep/2025:13:26:25 +0800] "HEAD /manage HTTP/1.1" 301 0 "-" "Go-http-client/1.1"
121.42.252.229 - - [15/Sep/2025:13:26:25 +0800] "HEAD /ewebeditor HTTP/1.1" 301 0 "-" "Go-http-client/1.1"
121.42.252.229 - - [15/Sep/2025:13:26:25 +0800] "HEAD /web HTTP/1.1" 301 0 "-" "Go-http-client/1.1"
121.42.252.229 - - [15/Sep/2025:13:26:25 +0800] "HEAD /Class HTTP/1.1" 301 0 "-" "Go-http-client/1.1"
121.42.252.229 - - [15/Sep/2025:13:26:25 +0800] "HEAD /dede HTTP/1.1" 301 0 "-" "Go-http-client/1.1"
121.42.252.229 - - [15/Sep/2025:13:26:25 +0800] "HEAD /sadmin HTTP/1.1" 301 0 "-" "Go-http-client/1.1"
121.42.252.229 - - [15/Sep/2025:13:26:25 +0800] "HEAD /tmp HTTP/1.1" 301 0 "-" "Go-http-client/1.1"
121.42.252.229 - - [15/Sep/2025:13:26:25 +0800] "HEAD /Fckeditor HTTP/1.1" 301 0 "-" "Go-http-client/1.1"
121.42.252.229 - - [15/Sep/2025:13:26:25 +0800] "HEAD /anager/login HTTP/1.1" 301 0 "-" "Go-http-client/1.1"
121.42.252.229 - - [15/Sep/2025:13:26:25 +0800] "HEAD /webadmin HTTP/1.1" 301 0 "-" "Go-http-client/1.1"
121.42.252.229 - - [15/Sep/2025:13:26:25 +0800] "HEAD /data/ HTTP/1.1" 200 0 "http://www.cqqizhou.com/data" "Go-http-client/1.1"
121.42.252.229 - - [15/Sep/2025:13:26:26 +0800] "HEAD /Systemadmin HTTP/1.1" 404 0 "http://www.cqqizhou.com/Systemadmin" "Go-http-client/1.1"
121.42.252.229 - - [15/Sep/2025:13:26:26 +0800] "HEAD /kindeditor HTTP/1.1" 499 0 "http://www.cqqizhou.com/kindeditor" "Go-http-client/1.1"
121.42.252.229 - - [15/Sep/2025:13:26:26 +0800] "HEAD /Class HTTP/1.1" 499 0 "http://www.cqqizhou.com/Class" "Go-http-client/1.1"
121.42.252.229 - - [15/Sep/2025:13:26:26 +0800] "HEAD /Photo HTTP/1.1" 499 0 "http://www.cqqizhou.com/Photo" "Go-http-client/1.1"
121.42.252.229 - - [15/Sep/2025:13:26:26 +0800] "HEAD /hello HTTP/1.1" 499 0 "http://www.cqqizhou.com/hello" "Go-http-client/1.1"
121.42.252.229 - - [15/Sep/2025:13:26:26 +0800] "HEAD /admin HTTP/1.1" 499 0 "http://www.cqqizhou.com/admin" "Go-http-client/1.1"
121.42.252.229 - - [15/Sep/2025:13:26:26 +0800] "HEAD /tmp HTTP/1.1" 499 0 "http://www.cqqizhou.com/tmp" "Go-http-client/1.1"
121.42.252.229 - - [15/Sep/2025:13:26:26 +0800] "HEAD /login HTTP/1.1" 499 0 "http://www.cqqizhou.com/login" "Go-http-client/1.1"
121.42.252.229 - - [15/Sep/2025:13:26:26 +0800] "HEAD /web HTTP/1.1" 499 0 "http://www.cqqizhou.com/web" "Go-http-client/1.1"
121.42.252.229 - - [15/Sep/2025:13:26:26 +0800] "HEAD /manager HTTP/1.1" 499 0 "http://www.cqqizhou.com/manager" "Go-http-client/1.1"
121.42.252.229 - - [15/Sep/2025:13:26:26 +0800] "HEAD /manage HTTP/1.1" 499 0 "http://www.cqqizhou.com/manage" "Go-http-client/1.1"
121.42.252.229 - - [15/Sep/2025:13:26:26 +0800] "HEAD /server HTTP/1.1" 499 0 "http://www.cqqizhou.com/server" "Go-http-client/1.1"
121.42.252.229 - - [15/Sep/2025:13:26:26 +0800] "HEAD /fckeditor HTTP/1.1" 499 0 "http://www.cqqizhou.com/fckeditor" "Go-http-client/1.1"
121.42.252.229 - - [15/Sep/2025:13:26:26 +0800] "HEAD /admin/WebEditor HTTP/1.1" 499 0 "http://www.cqqizhou.com/admin/WebEditor" "Go-http-client/1.1"
121.42.252.229 - - [15/Sep/2025:13:26:26 +0800] "HEAD /UpLoadFile HTTP/1.1" 499 0 "http://www.cqqizhou.com/UpLoadFile" "Go-http-client/1.1"
121.42.252.229 - - [15/Sep/2025:13:26:26 +0800] "HEAD /FCKeditor/editor HTTP/1.1" 499 0 "http://www.cqqizhou.com/FCKeditor/editor" "Go-http-client/1.1"
121.42.252.229 - - [15/Sep/2025:13:26:26 +0800] "HEAD /office HTTP/1.1" 499 0 "http://www.cqqizhou.com/office" "Go-http-client/1.1"
121.42.252.229 - - [15/Sep/2025:13:26:26 +0800] "HEAD /edit HTTP/1.1" 499 0 "http://www.cqqizhou.com/edit" "Go-http-client/1.1"
121.42.252.229 - - [15/Sep/2025:13:26:26 +0800] "HEAD /sadmin HTTP/1.1" 499 0 "http://www.cqqizhou.com/sadmin" "Go-http-client/1.1"
121.42.252.229 - - [15/Sep/2025:13:26:26 +0800] "HEAD /newbbs HTTP/1.1" 499 0 "http://www.cqqizhou.com/newbbs" "Go-http-client/1.1"
121.42.252.229 - - [15/Sep/2025:13:26:26 +0800] "HEAD /Fckeditor HTTP/1.1" 499 0 "http://www.cqqizhou.com/Fckeditor" "Go-http-client/1.1"
121.42.252.229 - - [15/Sep/2025:13:26:26 +0800] "HEAD /anager/login HTTP/1.1" 499 0 "http://www.cqqizhou.com/anager/login" "Go-http-client/1.1"
121.42.252.229 - - [15/Sep/2025:13:26:26 +0800] "HEAD /adminweb HTTP/1.1" 499 0 "http://www.cqqizhou.com/adminweb" "Go-http-client/1.1"
121.42.252.229 - - [15/Sep/2025:13:26:26 +0800] "HEAD /bbs HTTP/1.1" 499 0 "http://www.cqqizhou.com/bbs" "Go-http-client/1.1"
121.42.252.229 - - [15/Sep/2025:13:26:26 +0800] "HEAD /shopadmin HTTP/1.1" 499 0 "http://www.cqqizhou.com/shopadmin" "Go-http-client/1.1"
121.42.252.229 - - [15/Sep/2025:13:26:26 +0800] "HEAD /manage HTTP/1.1" 499 0 "http://www.cqqizhou.com/manage" "Go-http-client/1.1"
121.42.252.229 - - [15/Sep/2025:13:26:26 +0800] "HEAD /Editor HTTP/1.1" 499 0 "http://www.cqqizhou.com/Editor" "Go-http-client/1.1"
121.42.252.229 - - [15/Sep/2025:13:26:26 +0800] "HEAD /test HTTP/1.1" 499 0 "http://www.cqqizhou.com/test" "Go-http-client/1.1"
121.42.252.229 - - [15/Sep/2025:13:26:26 +0800] "HEAD /2012 HTTP/1.1" 499 0 "http://www.cqqizhou.com/2012" "Go-http-client/1.1"
121.42.252.229 - - [15/Sep/2025:13:26:26 +0800] "HEAD /backgl HTTP/1.1" 499 0 "http://www.cqqizhou.com/backgl" "Go-http-client/1.1"
121.42.252.229 - - [15/Sep/2025:13:26:26 +0800] "HEAD /reg HTTP/1.1" 499 0 "http://www.cqqizhou.com/reg" "Go-http-client/1.1"
121.42.252.229 - - [15/Sep/2025:13:26:26 +0800] "HEAD /southidceditor HTTP/1.1" 499 0 "http://www.cqqizhou.com/southidceditor" "Go-http-client/1.1"
121.42.252.229 - - [15/Sep/2025:13:26:26 +0800] "HEAD /admin/EDITOR/Dialog HTTP/1.1" 499 0 "http://www.cqqizhou.com/admin/EDITOR/Dialog" "Go-http-client/1.1"
121.42.252.229 - - [15/Sep/2025:13:26:26 +0800] "HEAD /database HTTP/1.1" 499 0 "http://www.cqqizhou.com/database" "Go-http-client/1.1"
121.42.252.229 - - [15/Sep/2025:13:26:26 +0800] "HEAD /webadmin HTTP/1.1" 499 0 "http://www.cqqizhou.com/webadmin" "Go-http-client/1.1"
121.42.252.229 - - [15/Sep/2025:13:26:26 +0800] "HEAD /add HTTP/1.1" 499 0 "http://www.cqqizhou.com/add" "Go-http-client/1.1"
121.42.252.229 - - [15/Sep/2025:13:26:26 +0800] "HEAD /admin/daili/webedit HTTP/1.1" 499 0 "http://www.cqqizhou.com/admin/daili/webedit" "Go-http-client/1.1"
121.42.252.229 - - [15/Sep/2025:13:26:26 +0800] "HEAD /ewebeditor HTTP/1.1" 499 0 "http://www.cqqizhou.com/ewebeditor" "Go-http-client/1.1"
121.42.252.229 - - [15/Sep/2025:13:26:26 +0800] "HEAD /web_Fckeditor HTTP/1.1" 499 0 "http://www.cqqizhou.com/web_Fckeditor" "Go-http-client/1.1"
121.42.252.229 - - [15/Sep/2025:13:26:26 +0800] "HEAD /adminx HTTP/1.1" 499 0 "http://www.cqqizhou.com/adminx" "Go-http-client/1.1"
121.42.252.229 - - [15/Sep/2025:13:26:26 +0800] "HEAD /editor HTTP/1.1" 499 0 "http://www.cqqizhou.com/editor" "Go-http-client/1.1"
121.42.252.229 - - [15/Sep/2025:13:26:26 +0800] "HEAD /edit HTTP/1.1" 499 0 "http://www.cqqizhou.com/edit" "Go-http-client/1.1"
121.42.252.229 - - [15/Sep/2025:13:26:26 +0800] "HEAD /dede HTTP/1.1" 499 0 "http://www.cqqizhou.com/dede" "Go-http-client/1.1"
121.42.252.229 - - [15/Sep/2025:13:26:26 +0800] "HEAD /guestbook HTTP/1.1" 499 0 "http://www.cqqizhou.com/guestbook" "Go-http-client/1.1"
121.42.252.229 - - [15/Sep/2025:13:26:26 +0800] "HEAD /webadmin HTTP/1.1" 499 0 "http://www.cqqizhou.com/webadmin" "Go-http-client/1.1"
121.42.252.229 - - [15/Sep/2025:13:26:26 +0800] "HEAD /shopadmin HTTP/1.1" 499 0 "http://www.cqqizhou.com/shopadmin" "Go-http-client/1.1"
121.42.252.229 - - [15/Sep/2025:13:26:26 +0800] "HEAD /include HTTP/1.1" 499 0 "http://www.cqqizhou.com/include" "Go-http-client/1.1"
121.42.252.229 - - [15/Sep/2025:13:26:26 +0800] "HEAD /Editor/Include HTTP/1.1" 499 0 "http://www.cqqizhou.com/Editor/Include" "Go-http-client/1.1"
121.42.252.229 - - [15/Sep/2025:13:26:28 +0800] "HEAD /PayOnline HTTP/1.1" 499 0 "http://www.cqqizhou.com/PayOnline" "Go-http-client/1.1"
121.42.252.229 - - [15/Sep/2025:13:26:29 +0800] "HEAD /upload/admin HTTP/1.1" 301 0 "-" "Go-http-client/1.1"
121.42.252.229 - - [15/Sep/2025:13:26:30 +0800] "HEAD /setup HTTP/1.1" 301 0 "-" "Go-http-client/1.1"
121.42.252.229 - - [15/Sep/2025:13:26:31 +0800] "HEAD /FCKeditor/editor/dialog HTTP/1.1" 301 0 "-" "Go-http-client/1.1"
121.42.252.229 - - [15/Sep/2025:13:26:31 +0800] "HEAD /intraAdmin HTTP/1.1" 301 0 "-" "Go-http-client/1.1"
121.42.252.229 - - [15/Sep/2025:13:26:31 +0800] "HEAD /aspnet_client HTTP/1.1" 301 0 "-" "Go-http-client/1.1"
121.42.252.229 - - [15/Sep/2025:13:26:31 +0800] "HEAD /aspnet_client/system_web HTTP/1.1" 301 0 "-" "Go-http-client/1.1"
121.42.252.229 - - [15/Sep/2025:13:26:31 +0800] "HEAD /aspnet_client/system_web/2_0_50727 HTTP/1.1" 301 0 "-" "Go-http-client/1.1"
121.42.252.229 - - [15/Sep/2025:13:26:32 +0800] "HEAD /dwkx HTTP/1.1" 301 0 "-" "Go-http-client/1.1"
121.42.252.229 - - [15/Sep/2025:13:26:32 +0800] "HEAD /fund HTTP/1.1" 301 0 "-" "Go-http-client/1.1"
121.42.252.229 - - [15/Sep/2025:13:26:32 +0800] "HEAD /webadmin/htmledit/db HTTP/1.1" 301 0 "-" "Go-http-client/1.1"
121.42.252.229 - - [15/Sep/2025:13:26:32 +0800] "HEAD /fckEditor/editor HTTP/1.1" 301 0 "-" "Go-http-client/1.1"
121.42.252.229 - - [15/Sep/2025:13:26:32 +0800] "HEAD /admin/wo%255Fedit HTTP/1.1" 301 0 "-" "Go-http-client/1.1"
121.42.252.229 - - [15/Sep/2025:13:26:32 +0800] "HEAD /upload/admin HTTP/1.1" 499 0 "http://www.cqqizhou.com/upload/admin" "Go-http-client/1.1"
121.42.252.229 - - [15/Sep/2025:13:26:32 +0800] "HEAD /system/eWebEditor HTTP/1.1" 301 0 "-" "Go-http-client/1.1"
121.42.252.229 - - [15/Sep/2025:13:26:32 +0800] "HEAD /boke/Edit_Plus/FCKeditor/editor HTTP/1.1" 301 0 "-" "Go-http-client/1.1"
121.42.252.229 - - [15/Sep/2025:13:26:32 +0800] "HEAD /fckeditor/dialog HTTP/1.1" 301 0 "-" "Go-http-client/1.1"
121.42.252.229 - - [15/Sep/2025:13:26:32 +0800] "HEAD /admin/editor/include HTTP/1.1" 301 0 "-" "Go-http-client/1.1"
121.42.252.229 - - [15/Sep/2025:13:26:32 +0800] "HEAD /admin/editor/db HTTP/1.1" 301 0 "-" "Go-http-client/1.1"
121.42.252.229 - - [15/Sep/2025:13:26:32 +0800] "HEAD /dmtbdata HTTP/1.1" 301 0 "-" "Go-http-client/1.1"
121.42.252.229 - - [15/Sep/2025:13:26:32 +0800] "HEAD /admin/wo%255Fedit/editor HTTP/1.1" 301 0 "-" "Go-http-client/1.1"
121.42.252.229 - - [15/Sep/2025:13:26:32 +0800] "HEAD /setup HTTP/1.1" 499 0 "http://www.cqqizhou.com/setup" "Go-http-client/1.1"
121.42.252.229 - - [15/Sep/2025:13:26:32 +0800] "HEAD /intraAdmin/class HTTP/1.1" 301 0 "-" "Go-http-client/1.1"
121.42.252.229 - - [15/Sep/2025:13:26:32 +0800] "HEAD /s_admin HTTP/1.1" 499 0 "-" "Go-http-client/1.1"
121.42.252.229 - - [15/Sep/2025:13:26:32 +0800] "HEAD /company HTTP/1.1" 499 0 "-" "Go-http-client/1.1"
121.42.252.229 - - [15/Sep/2025:13:26:32 +0800] "HEAD /aspnet_client/FreeTextBox HTTP/1.1" 499 0 "-" "Go-http-client/1.1"
121.42.252.229 - - [15/Sep/2025:13:26:32 +0800] "HEAD /admin/wo%255Fedit HTTP/1.1" 499 0 "http://www.cqqizhou.com/admin/wo%255Fedit" "Go-http-client/1.1"
121.42.252.229 - - [15/Sep/2025:13:26:32 +0800] "HEAD /system/eWebEditor HTTP/1.1" 499 0 "http://www.cqqizhou.com/system/eWebEditor" "Go-http-client/1.1"
121.42.252.229 - - [15/Sep/2025:13:26:32 +0800] "HEAD /boke/Edit_Plus/FCKeditor/editor HTTP/1.1" 499 0 "http://www.cqqizhou.com/boke/Edit_Plus/FCKeditor/editor" "Go-http-client/1.1"
121.42.252.229 - - [15/Sep/2025:13:26:32 +0800] "HEAD /edit/Include HTTP/1.1" 499 0 "-" "Go-http-client/1.1"
121.42.252.229 - - [15/Sep/2025:13:26:32 +0800] "HEAD /aspnet_client/system_web HTTP/1.1" 499 0 "http://www.cqqizhou.com/aspnet_client/system_web" "Go-http-client/1.1"
121.42.252.229 - - [15/Sep/2025:13:26:32 +0800] "HEAD /admin/editor/admin HTTP/1.1" 499 0 "-" "Go-http-client/1.1"
121.42.252.229 - - [15/Sep/2025:13:26:32 +0800] "HEAD /aspnet_client/system_web/2_0_50727 HTTP/1.1" 499 0 "http://www.cqqizhou.com/aspnet_client/system_web/2_0_50727" "Go-http-client/1.1"
121.42.252.229 - - [15/Sep/2025:13:26:32 +0800] "HEAD /aspcheck HTTP/1.1" 499 0 "-" "Go-http-client/1.1"
121.42.252.229 - - [15/Sep/2025:13:26:32 +0800] "HEAD /aspnet_client HTTP/1.1" 499 0 "http://www.cqqizhou.com/aspnet_client" "Go-http-client/1.1"
121.42.252.229 - - [15/Sep/2025:13:26:32 +0800] "HEAD /system/eWebEditor/admin HTTP/1.1" 499 0 "-" "Go-http-client/1.1"
121.42.252.229 - - [15/Sep/2025:13:26:32 +0800] "HEAD /intraAdmin HTTP/1.1" 499 0 "http://www.cqqizhou.com/intraAdmin" "Go-http-client/1.1"
121.42.252.229 - - [15/Sep/2025:13:26:32 +0800] "HEAD /Webedit/admin HTTP/1.1" 499 0 "-" "Go-http-client/1.1"
121.42.252.229 - - [15/Sep/2025:13:26:32 +0800] "HEAD /FCKeditor/editor/dialog HTTP/1.1" 499 0 "http://www.cqqizhou.com/FCKeditor/editor/dialog" "Go-http-client/1.1"
121.42.252.229 - - [15/Sep/2025:13:26:32 +0800] "HEAD /webadmin/htmledit/db HTTP/1.1" 499 0 "http://www.cqqizhou.com/webadmin/htmledit/db" "Go-http-client/1.1"
121.42.252.229 - - [15/Sep/2025:13:26:32 +0800] "HEAD /fckeditor/dialog HTTP/1.1" 499 0 "http://www.cqqizhou.com/fckeditor/dialog" "Go-http-client/1.1"
121.42.252.229 - - [15/Sep/2025:13:26:32 +0800] "HEAD /dmtbdata HTTP/1.1" 499 0 "http://www.cqqizhou.com/dmtbdata" "Go-http-client/1.1"
121.42.252.229 - - [15/Sep/2025:13:26:32 +0800] "HEAD /edit/SysImage HTTP/1.1" 499 0 "-" "Go-http-client/1.1"
121.42.252.229 - - [15/Sep/2025:13:26:32 +0800] "HEAD /syssite/shopadmin HTTP/1.1" 499 0 "-" "Go-http-client/1.1"
121.42.252.229 - - [15/Sep/2025:13:26:32 +0800] "HEAD /WEB-INF HTTP/1.1" 499 0 "-" "Go-http-client/1.1"
121.42.252.229 - - [15/Sep/2025:13:26:32 +0800] "HEAD /fckEditor/editor HTTP/1.1" 499 0 "http://www.cqqizhou.com/fckEditor/editor" "Go-http-client/1.1"
121.42.252.229 - - [15/Sep/2025:13:26:32 +0800] "HEAD /eWebEditorNet/UploadFile HTTP/1.1" 499 0 "-" "Go-http-client/1.1"
121.42.252.229 - - [15/Sep/2025:13:26:32 +0800] "HEAD /admin/editor/UploadFile HTTP/1.1" 499 0 "-" "Go-http-client/1.1"
121.42.252.229 - - [15/Sep/2025:13:26:32 +0800] "HEAD /webadmin/htmledit HTTP/1.1" 499 0 "-" "Go-http-client/1.1"
121.42.252.229 - - [15/Sep/2025:13:26:32 +0800] "HEAD /admin/editubb HTTP/1.1" 499 0 "-" "Go-http-client/1.1"
121.42.252.229 - - [15/Sep/2025:13:26:32 +0800] "HEAD /admin/wo%255Fedit/editor HTTP/1.1" 499 0 "http://www.cqqizhou.com/admin/wo%255Fedit/editor" "Go-http-client/1.1"
121.42.252.229 - - [15/Sep/2025:13:26:32 +0800] "HEAD /fund HTTP/1.1" 499 0 "http://www.cqqizhou.com/fund" "Go-http-client/1.1"
121.42.252.229 - - [15/Sep/2025:13:26:32 +0800] "HEAD /edit/db HTTP/1.1" 499 0 "-" "Go-http-client/1.1"
121.42.252.229 - - [15/Sep/2025:13:26:32 +0800] "HEAD /phpmyadmin HTTP/1.1" 499 0 "-" "Go-http-client/1.1"
121.42.252.229 - - [15/Sep/2025:13:26:32 +0800] "HEAD /system/eWebEditor/asp HTTP/1.1" 499 0 "-" "Go-http-client/1.1"
121.42.252.229 - - [15/Sep/2025:13:26:32 +0800] "HEAD /htmledit HTTP/1.1" 499 0 "-" "Go-http-client/1.1"
121.42.252.229 - - [15/Sep/2025:13:26:32 +0800] "HEAD /admin/editor/db HTTP/1.1" 499 0 "http://www.cqqizhou.com/admin/editor/db" "Go-http-client/1.1"
121.42.252.229 - - [15/Sep/2025:13:26:32 +0800] "HEAD /admin/editor/include HTTP/1.1" 499 0 "http://www.cqqizhou.com/admin/editor/include" "Go-http-client/1.1"
121.42.252.229 - - [15/Sep/2025:13:26:32 +0800] "HEAD /dwkx HTTP/1.1" 499 0 "http://www.cqqizhou.com/dwkx" "Go-http-client/1.1"
121.42.252.229 - - [15/Sep/2025:13:26:32 +0800] "HEAD /database/web/Base HTTP/1.1" 499 0 "-" "Go-http-client/1.1"
121.42.252.229 - - [15/Sep/2025:13:26:32 +0800] "HEAD /ewebeditornet HTTP/1.1" 499 0 "-" "Go-http-client/1.1"
121.42.252.229 - - [15/Sep/2025:13:26:32 +0800] "HEAD /syssite/install HTTP/1.1" 499 0 "-" "Go-http-client/1.1"
121.42.252.229 - - [15/Sep/2025:13:26:33 +0800] "HEAD /intraAdmin/phpmyadmin HTTP/1.1" 499 0 "-" "Go-http-client/1.1"
121.42.252.229 - - [15/Sep/2025:13:26:33 +0800] "HEAD /web/downloads HTTP/1.1" 499 0 "-" "Go-http-client/1.1"
121.42.252.229 - - [15/Sep/2025:13:26:33 +0800] "HEAD /shsjms HTTP/1.1" 499 0 "-" "Go-http-client/1.1"
121.42.252.229 - - [15/Sep/2025:13:26:33 +0800] "HEAD /Edit/editor HTTP/1.1" 499 0 "-" "Go-http-client/1.1"
121.42.252.229 - - [15/Sep/2025:13:26:33 +0800] "HEAD /11111admin/Editor/SysImage/emot HTTP/1.1" 499 0 "-" "Go-http-client/1.1"
121.42.252.229 - - [15/Sep/2025:13:26:33 +0800] "HEAD /admin888 HTTP/1.1" 499 0 "-" "Go-http-client/1.1"
121.42.252.229 - - [15/Sep/2025:13:26:33 +0800] "HEAD /mdb HTTP/1.1" 499 0 "-" "Go-http-client/1.1"
121.42.252.229 - - [15/Sep/2025:13:26:34 +0800] "HEAD /Database/Qianbo.Qianbo HTTP/1.1" 499 0 "-" "Go-http-client/1.1"
121.42.252.229 - - [15/Sep/2025:13:26:35 +0800] "HEAD /bbs/boke/Edit_Plus/FCKeditor/editor/dialog HTTP/1.1" 301 0 "-" "Go-http-client/1.1"
121.42.252.229 - - [15/Sep/2025:13:26:36 +0800] "HEAD /admin123/inc HTTP/1.1" 301 0 "-" "Go-http-client/1.1"
121.42.252.229 - - [15/Sep/2025:13:26:36 +0800] "HEAD /master HTTP/1.1" 301 0 "-" "Go-http-client/1.1"
121.42.252.229 - - [15/Sep/2025:13:26:37 +0800] "HEAD /system HTTP/1.1" 301 0 "-" "Go-http-client/1.1"
121.42.252.229 - - [15/Sep/2025:13:26:37 +0800] "HEAD /admin123/Login HTTP/1.1" 301 0 "-" "Go-http-client/1.1"
121.42.252.229 - - [15/Sep/2025:13:26:37 +0800] "HEAD /s_admin HTTP/1.1" 301 0 "-" "Go-http-client/1.1"
121.42.252.229 - - [15/Sep/2025:13:26:37 +0800] "HEAD /CuteEditor HTTP/1.1" 301 0 "-" "Go-http-client/1.1"
121.42.252.229 - - [15/Sep/2025:13:26:37 +0800] "HEAD /FCKeditor/editor/filemanage HTTP/1.1" 301 0 "-" "Go-http-client/1.1"
121.42.252.229 - - [15/Sep/2025:13:26:37 +0800] "HEAD /admin/wo%255Fedit/editor/filemanager HTTP/1.1" 301 0 "-" "Go-http-client/1.1"
121.42.252.229 - - [15/Sep/2025:13:26:37 +0800] "HEAD /forum/admin HTTP/1.1" 301 0 "-" "Go-http-client/1.1"
121.42.252.229 - - [15/Sep/2025:13:26:37 +0800] "HEAD /UserFiles/monyer HTTP/1.1" 301 0 "-" "Go-http-client/1.1"
121.42.252.229 - - [15/Sep/2025:13:26:37 +0800] "HEAD /admin/ewebeditor HTTP/1.1" 301 0 "-" "Go-http-client/1.1"
121.42.252.229 - - [15/Sep/2025:13:26:37 +0800] "HEAD /ad HTTP/1.1" 301 0 "-" "Go-http-client/1.1"
121.42.252.229 - - [15/Sep/2025:13:26:37 +0800] "HEAD /inc/db HTTP/1.1" 301 0 "-" "Go-http-client/1.1"
121.42.252.229 - - [15/Sep/2025:13:26:37 +0800] "HEAD /inc HTTP/1.1" 301 0 "-" "Go-http-client/1.1"
121.42.252.229 - - [15/Sep/2025:13:26:37 +0800] "HEAD /admin/phpmyadmin HTTP/1.1" 301 0 "-" "Go-http-client/1.1"
121.42.252.229 - - [15/Sep/2025:13:26:37 +0800] "HEAD /adminmanage HTTP/1.1" 301 0 "-" "Go-http-client/1.1"
121.42.252.229 - - [15/Sep/2025:13:26:37 +0800] "HEAD /html HTTP/1.1" 301 0 "-" "Go-http-client/1.1"
121.42.252.229 - - [15/Sep/2025:13:26:37 +0800] "HEAD /asp_bin HTTP/1.1" 301 0 "-" "Go-http-client/1.1"
121.42.252.229 - - [15/Sep/2025:13:26:37 +0800] "HEAD /editor/editor/filemanager HTTP/1.1" 301 0 "-" "Go-http-client/1.1"
121.42.252.229 - - [15/Sep/2025:13:26:37 +0800] "HEAD /qq/qq/mdb HTTP/1.1" 301 0 "-" "Go-http-client/1.1"
121.42.252.229 - - [15/Sep/2025:13:26:37 +0800] "HEAD /administrator HTTP/1.1" 301 0 "-" "Go-http-client/1.1"
121.42.252.229 - - [15/Sep/2025:13:26:38 +0800] "HEAD /adwin HTTP/1.1" 301 0 "-" "Go-http-client/1.1"
121.42.252.229 - - [15/Sep/2025:13:26:38 +0800] "HEAD /eweb HTTP/1.1" 301 0 "-" "Go-http-client/1.1"
121.42.252.229 - - [15/Sep/2025:13:26:38 +0800] "HEAD /user HTTP/1.1" 301 0 "-" "Go-http-client/1.1"
121.42.252.229 - - [15/Sep/2025:13:26:38 +0800] "HEAD /office/web%255Fadmin HTTP/1.1" 301 0 "-" "Go-http-client/1.1"
121.42.252.229 - - [15/Sep/2025:13:26:38 +0800] "HEAD /admin/FCKeditor/editor/filemanage HTTP/1.1" 301 0 "-" "Go-http-client/1.1"
121.42.252.229 - - [15/Sep/2025:13:26:38 +0800] "HEAD /bm HTTP/1.1" 301 0 "-" "Go-http-client/1.1"
121.42.252.229 - - [15/Sep/2025:13:26:38 +0800] "HEAD /shopxp/shopxp/mdb HTTP/1.1" 301 0 "-" "Go-http-client/1.1"
121.42.252.229 - - [15/Sep/2025:13:26:38 +0800] "HEAD /manage/ewebeditor HTTP/1.1" 301 0 "-" "Go-http-client/1.1"
121.42.252.229 - - [15/Sep/2025:13:26:38 +0800] "HEAD /bbs/boke/Edit_Plus/FCKeditor/editor/dialog HTTP/1.1" 499 0 "http://www.cqqizhou.com/bbs/boke/Edit_Plus/FCKeditor/editor/dialog" "Go-http-client/1.1"
121.42.252.229 - - [15/Sep/2025:13:26:38 +0800] "HEAD /admin/edit HTTP/1.1" 301 0 "-" "Go-http-client/1.1"
121.42.252.229 - - [15/Sep/2025:13:26:38 +0800] "HEAD /adminhh HTTP/1.1" 301 0 "-" "Go-http-client/1.1"
121.42.252.229 - - [15/Sep/2025:13:26:38 +0800] "HEAD /admin/fckeditor HTTP/1.1" 301 0 "-" "Go-http-client/1.1"
121.42.252.229 - - [15/Sep/2025:13:26:38 +0800] "HEAD /bbs/phpmyadmin HTTP/1.1" 301 0 "-" "Go-http-client/1.1"
121.42.252.229 - - [15/Sep/2025:13:26:38 +0800] "HEAD /manage/fckeditor HTTP/1.1" 301 0 "-" "Go-http-client/1.1"
121.42.252.229 - - [15/Sep/2025:13:26:38 +0800] "HEAD /aadmin HTTP/1.1" 301 0 "-" "Go-http-client/1.1"
121.42.252.229 - - [15/Sep/2025:13:26:38 +0800] "HEAD /phpadmin HTTP/1.1" 301 0 "-" "Go-http-client/1.1"
121.42.252.229 - - [15/Sep/2025:13:26:38 +0800] "HEAD /qq848456042/qq848456042/mdb HTTP/1.1" 301 0 "-" "Go-http-client/1.1"
121.42.252.229 - - [15/Sep/2025:13:26:38 +0800] "HEAD /admin/autoedit HTTP/1.1" 301 0 "-" "Go-http-client/1.1"
121.42.252.229 - - [15/Sep/2025:13:26:38 +0800] "HEAD /system/Fckeditor HTTP/1.1" 301 0 "-" "Go-http-client/1.1"
121.42.252.229 - - [15/Sep/2025:13:26:38 +0800] "HEAD /includes/fckeditor HTTP/1.1" 301 0 "-" "Go-http-client/1.1"
121.42.252.229 - - [15/Sep/2025:13:26:38 +0800] "HEAD /admin/CuteEditor HTTP/1.1" 301 0 "-" "Go-http-client/1.1"
121.42.252.229 - - [15/Sep/2025:13:26:38 +0800] "HEAD /new HTTP/1.1" 301 0 "-" "Go-http-client/1.1"
121.42.252.229 - - [15/Sep/2025:13:26:38 +0800] "HEAD /admin123/inc HTTP/1.1" 499 0 "http://www.cqqizhou.com/admin123/inc" "Go-http-client/1.1"
121.42.252.229 - - [15/Sep/2025:13:26:38 +0800] "HEAD /web/FCKeditor/editor/filemanage HTTP/1.1" 301 0 "-" "Go-http-client/1.1"
121.42.252.229 - - [15/Sep/2025:13:26:38 +0800] "HEAD /news HTTP/1.1" 301 0 "-" "Go-http-client/1.1"
121.42.252.229 - - [15/Sep/2025:13:26:38 +0800] "HEAD /manage/edit HTTP/1.1" 301 0 "-" "Go-http-client/1.1"
121.42.252.229 - - [15/Sep/2025:13:26:38 +0800] "HEAD /admin123/Login HTTP/1.1" 499 0 "http://www.cqqizhou.com/admin123/Login" "Go-http-client/1.1"
121.42.252.229 - - [15/Sep/2025:13:26:38 +0800] "HEAD /forum/admin HTTP/1.1" 499 0 "http://www.cqqizhou.com/forum/admin" "Go-http-client/1.1"
121.42.252.229 - - [15/Sep/2025:13:26:38 +0800] "HEAD /admin/wo%255Fedit/editor/filemanager HTTP/1.1" 499 0 "http://www.cqqizhou.com/admin/wo%255Fedit/editor/filemanager" "Go-http-client/1.1"
121.42.252.229 - - [15/Sep/2025:13:26:38 +0800] "HEAD /adminmanage HTTP/1.1" 499 0 "http://www.cqqizhou.com/adminmanage" "Go-http-client/1.1"
121.42.252.229 - - [15/Sep/2025:13:26:38 +0800] "HEAD /editor/editor/filemanager HTTP/1.1" 499 0 "http://www.cqqizhou.com/editor/editor/filemanager" "Go-http-client/1.1"
121.42.252.229 - - [15/Sep/2025:13:26:38 +0800] "HEAD /system HTTP/1.1" 499 0 "http://www.cqqizhou.com/system" "Go-http-client/1.1"
121.42.252.229 - - [15/Sep/2025:13:26:38 +0800] "HEAD /inc HTTP/1.1" 499 0 "http://www.cqqizhou.com/inc" "Go-http-client/1.1"
121.42.252.229 - - [15/Sep/2025:13:26:38 +0800] "HEAD /adwin HTTP/1.1" 499 0 "http://www.cqqizhou.com/adwin" "Go-http-client/1.1"
121.42.252.229 - - [15/Sep/2025:13:26:38 +0800] "HEAD /ad HTTP/1.1" 499 0 "http://www.cqqizhou.com/ad" "Go-http-client/1.1"
121.42.252.229 - - [15/Sep/2025:13:26:38 +0800] "HEAD /eweb HTTP/1.1" 499 0 "http://www.cqqizhou.com/eweb" "Go-http-client/1.1"
121.42.252.229 - - [15/Sep/2025:13:26:38 +0800] "HEAD /admin/FCKeditor/editor/filemanage HTTP/1.1" 499 0 "http://www.cqqizhou.com/admin/FCKeditor/editor/filemanage" "Go-http-client/1.1"
121.42.252.229 - - [15/Sep/2025:13:26:38 +0800] "HEAD /admin/phpmyadmin HTTP/1.1" 499 0 "http://www.cqqizhou.com/admin/phpmyadmin" "Go-http-client/1.1"
121.42.252.229 - - [15/Sep/2025:13:26:38 +0800] "HEAD /webeditor HTTP/1.1" 499 0 "-" "Go-http-client/1.1"
121.42.252.229 - - [15/Sep/2025:13:26:38 +0800] "HEAD /file HTTP/1.1" 499 0 "-" "Go-http-client/1.1"
121.42.252.229 - - [15/Sep/2025:13:26:38 +0800] "HEAD /FCKeditor/editor/filemanage HTTP/1.1" 499 0 "http://www.cqqizhou.com/FCKeditor/editor/filemanage" "Go-http-client/1.1"
121.42.252.229 - - [15/Sep/2025:13:26:38 +0800] "HEAD /office/web%255Fadmin HTTP/1.1" 499 0 "http://www.cqqizhou.com/office/web%255Fadmin" "Go-http-client/1.1"
121.42.252.229 - - [15/Sep/2025:13:26:38 +0800] "HEAD /user HTTP/1.1" 499 0 "http://www.cqqizhou.com/user" "Go-http-client/1.1"
121.42.252.229 - - [15/Sep/2025:13:26:38 +0800] "HEAD /master HTTP/1.1" 499 0 "http://www.cqqizhou.com/master" "Go-http-client/1.1"
121.42.252.229 - - [15/Sep/2025:13:26:38 +0800] "HEAD /CuteEditor HTTP/1.1" 499 0 "http://www.cqqizhou.com/CuteEditor" "Go-http-client/1.1"
121.42.252.229 - - [15/Sep/2025:13:26:38 +0800] "HEAD /asp_bin HTTP/1.1" 499 0 "http://www.cqqizhou.com/asp_bin" "Go-http-client/1.1"
121.42.252.229 - - [15/Sep/2025:13:26:38 +0800] "HEAD /admin/ewebeditor HTTP/1.1" 499 0 "http://www.cqqizhou.com/admin/ewebeditor" "Go-http-client/1.1"
121.42.252.229 - - [15/Sep/2025:13:26:38 +0800] "HEAD /administrator HTTP/1.1" 499 0 "http://www.cqqizhou.com/administrator" "Go-http-client/1.1"
121.42.252.229 - - [15/Sep/2025:13:26:38 +0800] "HEAD /inc/db HTTP/1.1" 499 0 "http://www.cqqizhou.com/inc/db" "Go-http-client/1.1"
121.42.252.229 - - [15/Sep/2025:13:26:38 +0800] "HEAD /s_admin HTTP/1.1" 499 0 "http://www.cqqizhou.com/s_admin" "Go-http-client/1.1"
121.42.252.229 - - [15/Sep/2025:13:26:38 +0800] "HEAD /html HTTP/1.1" 499 0 "http://www.cqqizhou.com/html" "Go-http-client/1.1"
121.42.252.229 - - [15/Sep/2025:13:26:38 +0800] "HEAD /UserFiles/monyer HTTP/1.1" 499 0 "http://www.cqqizhou.com/UserFiles/monyer" "Go-http-client/1.1"
121.42.252.229 - - [15/Sep/2025:13:26:38 +0800] "HEAD /administrator HTTP/1.1" 499 0 "-" "Go-http-client/1.1"
121.42.252.229 - - [15/Sep/2025:13:26:39 +0800] "HEAD /qq/qq/mdb HTTP/1.1" 499 0 "http://www.cqqizhou.com/qq/qq/mdb" "Go-http-client/1.1"
