HEX
Server: nginx/1.16.1
System: Linux ecs-04358622 4.19.90-2107.6.0.0100.oe1.bclinux.x86_64 #1 SMP Wed Dec 1 19:59:44 CST 2021 x86_64
User: nginx (994)
PHP: 8.0.0
Disabled: NONE
Upload Files
File: /home/logs/cqqizhou_access_2025-09-15.log
36.133.115.36 - - [15/Sep/2025:00:07:54 +0800] "POST /wp-cron.php?doing_wp_cron=1757866074.5433890819549560546875 HTTP/1.1" 200 31 "-" "WordPress/6.8.2; http://cqqizhou.com"
178.33.137.255 - - [15/Sep/2025:00:07:54 +0800] "POST /xmlrpc.php HTTP/1.1" 200 217 "-" "Mozilla/5.0 (X11; Ubuntu; Linux x86_64; rv:85.0) Gecko/20100101 Firefox/91.0"
36.133.115.36 - - [15/Sep/2025:00:24:52 +0800] "POST /wp-cron.php?doing_wp_cron=1757867092.9124770164489746093750 HTTP/1.1" 200 31 "-" "WordPress/6.8.2; http://cqqizhou.com"
43.156.156.96 - - [15/Sep/2025:00:24:53 +0800] "GET / HTTP/1.1" 200 33467 "-" "Mozilla/5.0 (iPhone; CPU iPhone OS 13_2_3 like Mac OS X) AppleWebKit/605.1.15 (KHTML, like Gecko) Version/13.0.3 Mobile/15E148 Safari/604.1"
36.133.115.36 - - [15/Sep/2025:00:32:06 +0800] "POST /wp-cron.php?doing_wp_cron=1757867526.3616650104522705078125 HTTP/1.1" 200 31 "-" "WordPress/6.8.2; http://cqqizhou.com"
20.102.98.235 - - [15/Sep/2025:00:32:06 +0800] "GET /developmentserver/metadatauploader HTTP/1.1" 404 8991 "-" "Mozilla/5.0 zgrab/0.x"
36.133.115.36 - - [15/Sep/2025:00:34:11 +0800] "POST /wp-cron.php?doing_wp_cron=1757867651.3750278949737548828125 HTTP/1.1" 200 31 "-" "WordPress/6.8.2; http://cqqizhou.com"
95.154.198.138 - - [15/Sep/2025:00:34:11 +0800] "POST /xmlrpc.php HTTP/1.1" 200 217 "-" "Mozilla/5.0 (X11; Ubuntu; Linux x86_64; rv:85.0) Gecko/20100101 Firefox/91.0"
36.133.115.36 - - [15/Sep/2025:00:39:54 +0800] "POST /wp-cron.php?doing_wp_cron=1757867994.0910561084747314453125 HTTP/1.1" 200 31 "-" "WordPress/6.8.2; http://cqqizhou.com"
170.106.143.6 - - [15/Sep/2025:00:39:54 +0800] "GET /logistics/ HTTP/1.1" 200 18248 "-" "Mozilla/5.0 (iPhone; CPU iPhone OS 13_2_3 like Mac OS X) AppleWebKit/605.1.15 (KHTML, like Gecko) Version/13.0.3 Mobile/15E148 Safari/604.1"
36.133.115.36 - - [15/Sep/2025:00:50:14 +0800] "POST /wp-cron.php?doing_wp_cron=1757868614.5706839561462402343750 HTTP/1.1" 200 31 "-" "WordPress/6.8.2; http://cqqizhou.com"
170.106.165.186 - - [15/Sep/2025:00:50:14 +0800] "GET / HTTP/1.1" 200 33467 "-" "Mozilla/5.0 (iPhone; CPU iPhone OS 13_2_3 like Mac OS X) AppleWebKit/605.1.15 (KHTML, like Gecko) Version/13.0.3 Mobile/15E148 Safari/604.1"
206.168.34.120 - - [15/Sep/2025:00:50:44 +0800] "GET / HTTP/1.1" 301 5 "-" "Mozilla/5.0 (compatible; CensysInspect/1.1; +https://about.censys.io/)"
91.224.92.17 - - [15/Sep/2025:00:51:01 +0800] "GET / HTTP/1.1" 200 109837 "-" "-"
36.133.115.36 - - [15/Sep/2025:01:01:09 +0800] "POST /wp-cron.php?doing_wp_cron=1757869269.2534749507904052734375 HTTP/1.1" 200 31 "-" "WordPress/6.8.2; http://cqqizhou.com"
43.131.243.61 - - [15/Sep/2025:01:01:09 +0800] "GET /about/ HTTP/1.1" 200 24240 "-" "Mozilla/5.0 (iPhone; CPU iPhone OS 13_2_3 like Mac OS X) AppleWebKit/605.1.15 (KHTML, like Gecko) Version/13.0.3 Mobile/15E148 Safari/604.1"
36.133.115.36 - - [15/Sep/2025:01:11:13 +0800] "POST /wp-cron.php?doing_wp_cron=1757869873.6902029514312744140625 HTTP/1.1" 200 31 "-" "WordPress/6.8.2; http://cqqizhou.com"
43.135.130.202 - - [15/Sep/2025:01:11:13 +0800] "GET / HTTP/1.1" 200 33467 "-" "Mozilla/5.0 (iPhone; CPU iPhone OS 13_2_3 like Mac OS X) AppleWebKit/605.1.15 (KHTML, like Gecko) Version/13.0.3 Mobile/15E148 Safari/604.1"
36.133.115.36 - - [15/Sep/2025:01:13:34 +0800] "POST /wp-cron.php?doing_wp_cron=1757870014.3709220886230468750000 HTTP/1.1" 200 31 "-" "WordPress/6.8.2; http://cqqizhou.com"
87.120.191.70 - - [15/Sep/2025:01:13:34 +0800] "GET / HTTP/1.1" 301 5 "-" "Mozilla/5.0 (Windows NT 10.0; Win64; x64) AppleWebKit/537.36 (KHTML, like Gecko) Chrome/90.0.4430.85 Safari/537.36 Edg/90.0.818.46"
36.133.115.36 - - [15/Sep/2025:01:15:18 +0800] "POST /wp-cron.php?doing_wp_cron=1757870118.0681269168853759765625 HTTP/1.1" 200 31 "-" "WordPress/6.8.2; http://cqqizhou.com"
43.157.179.227 - - [15/Sep/2025:01:15:18 +0800] "GET / HTTP/1.1" 301 5 "-" "Mozilla/5.0 (iPhone; CPU iPhone OS 13_2_3 like Mac OS X) AppleWebKit/605.1.15 (KHTML, like Gecko) Version/13.0.3 Mobile/15E148 Safari/604.1"
43.157.179.227 - - [15/Sep/2025:01:15:21 +0800] "GET / HTTP/1.1" 200 33467 "http://36.133.115.36" "Mozilla/5.0 (iPhone; CPU iPhone OS 13_2_3 like Mac OS X) AppleWebKit/605.1.15 (KHTML, like Gecko) Version/13.0.3 Mobile/15E148 Safari/604.1"
36.133.115.36 - - [15/Sep/2025:01:20:35 +0800] "POST /wp-cron.php?doing_wp_cron=1757870435.5609939098358154296875 HTTP/1.1" 200 31 "-" "WordPress/6.8.2; http://cqqizhou.com"
87.120.191.6 - - [15/Sep/2025:01:20:35 +0800] "GET / HTTP/1.1" 301 5 "-" "Mozilla/5.0 (Windows NT 10.0; Win64; x64) AppleWebKit/537.36 (KHTML, like Gecko) Chrome/90.0.4430.85 Safari/537.36 Edg/90.0.818.46"
36.133.115.36 - - [15/Sep/2025:01:21:46 +0800] "POST /wp-cron.php?doing_wp_cron=1757870506.2759289741516113281250 HTTP/1.1" 200 31 "-" "WordPress/6.8.2; http://cqqizhou.com"
43.130.16.212 - - [15/Sep/2025:01:21:46 +0800] "GET /portfolio/hot-dip-galvanized-coil/ HTTP/1.1" 200 18820 "-" "Mozilla/5.0 (iPhone; CPU iPhone OS 13_2_3 like Mac OS X) AppleWebKit/605.1.15 (KHTML, like Gecko) Version/13.0.3 Mobile/15E148 Safari/604.1"
36.133.115.36 - - [15/Sep/2025:01:28:08 +0800] "POST /wp-cron.php?doing_wp_cron=1757870888.3761889934539794921875 HTTP/1.1" 200 31 "-" "WordPress/6.8.2; http://cqqizhou.com"
194.163.158.166 - - [15/Sep/2025:01:28:08 +0800] "POST /xmlrpc.php HTTP/1.1" 200 217 "-" "Mozilla/5.0 (X11; Ubuntu; Linux x86_64; rv:85.0) Gecko/20100101 Firefox/91.0"
36.133.115.36 - - [15/Sep/2025:01:31:43 +0800] "POST /wp-cron.php?doing_wp_cron=1757871103.0905170440673828125000 HTTP/1.1" 200 31 "-" "WordPress/6.8.2; http://cqqizhou.com"
49.51.183.84 - - [15/Sep/2025:01:31:43 +0800] "GET /portfolio/duplex-stainless-steel/ HTTP/1.1" 200 18677 "-" "Mozilla/5.0 (iPhone; CPU iPhone OS 13_2_3 like Mac OS X) AppleWebKit/605.1.15 (KHTML, like Gecko) Version/13.0.3 Mobile/15E148 Safari/604.1"
36.133.115.36 - - [15/Sep/2025:01:36:46 +0800] "POST /wp-cron.php?doing_wp_cron=1757871406.5458419322967529296875 HTTP/1.1" 200 31 "-" "WordPress/6.8.2; http://cqqizhou.com"
149.50.103.48 - - [15/Sep/2025:01:36:46 +0800] "GET / HTTP/1.1" 200 33467 "-" "Mozilla/5.0 (Windows NT 10.0; Win64; x64) AppleWebKit/537.36 (KHTML, like Gecko) Chrome/90.0.4430.85 Safari/537.36 Edg/90.0.818.46"
36.133.115.36 - - [15/Sep/2025:01:38:07 +0800] "POST /wp-cron.php?doing_wp_cron=1757871487.3716549873352050781250 HTTP/1.1" 200 31 "-" "WordPress/6.8.2; http://cqqizhou.com"
87.120.191.70 - - [15/Sep/2025:01:38:07 +0800] "GET / HTTP/1.1" 301 5 "-" "Mozilla/5.0 (Windows NT 10.0; Win64; x64) AppleWebKit/537.36 (KHTML, like Gecko) Chrome/90.0.4430.85 Safari/537.36 Edg/90.0.818.46"
36.133.115.36 - - [15/Sep/2025:01:39:34 +0800] "POST /wp-cron.php?doing_wp_cron=1757871574.8886580467224121093750 HTTP/1.1" 200 31 "-" "WordPress/6.8.2; http://cqqizhou.com"
115.159.33.43 - - [15/Sep/2025:01:39:34 +0800] "GET / HTTP/1.1" 301 5 "-" "Mozilla/5.0 (Windows NT 10.0; Win64; x64) AppleWebKit/537.36 (KHTML, like Gecko) Chrome/79.0.3945.117 Safari/537.36"
36.133.115.36 - - [15/Sep/2025:01:43:04 +0800] "POST /wp-cron.php?doing_wp_cron=1757871784.4692659378051757812500 HTTP/1.1" 200 31 "-" "WordPress/6.8.2; http://cqqizhou.com"
71.6.199.23 - - [15/Sep/2025:01:43:04 +0800] "GET / HTTP/1.1" 301 5 "-" "Mozilla/5.0 (Windows NT 6.1) AppleWebKit/537.36 (KHTML, like Gecko) Chrome/41.0.2228.0 Safari/537.36"
71.6.199.23 - - [15/Sep/2025:01:43:06 +0800] "GET /robots.txt HTTP/1.1" 200 390 "-" "-"
71.6.199.23 - - [15/Sep/2025:01:43:07 +0800] "GET /sitemap.xml HTTP/1.1" 200 2411 "-" "-"
71.6.199.23 - - [15/Sep/2025:01:43:08 +0800] "GET /.well-known/security.txt HTTP/1.1" 404 31381 "-" "-"
42.236.17.224 - - [15/Sep/2025:01:44:10 +0800] "GET / HTTP/1.1" 200 39369 "http://cqqizhou.com/" "Mozilla/5.0 (Windows NT 6.1; WOW64) AppleWebKit/537.36 (KHTML, like Gecko) Chrome/50.0.2661.102 Safari/537.36; 360Spider"
49.51.33.159 - - [15/Sep/2025:01:44:24 +0800] "GET /wp-content/uploads/2025/07/1751864664-Logistics800x500_1-300x188.webp HTTP/1.1" 200 18996 "-" "Mozilla/5.0 (iPhone; CPU iPhone OS 13_2_3 like Mac OS X) AppleWebKit/605.1.15 (KHTML, like Gecko) Version/13.0.3 Mobile/15E148 Safari/604.1"
36.133.115.36 - - [15/Sep/2025:01:53:48 +0800] "POST /wp-cron.php?doing_wp_cron=1757872428.3864850997924804687500 HTTP/1.1" 200 31 "-" "WordPress/6.8.2; http://cqqizhou.com"
223.244.35.77 - - [15/Sep/2025:01:53:48 +0800] "GET / HTTP/1.1" 200 33467 "-" "Mozilla/5.0 (iPhone; CPU iPhone OS 13_2_3 like Mac OS X) AppleWebKit/605.1.15 (KHTML, like Gecko) Version/13.0.3 Mobile/15E148 Safari/604.1"
43.135.185.59 - - [15/Sep/2025:01:53:55 +0800] "GET /portfolio-category/hot-dip-galvanized-coil/ HTTP/1.1" 200 17629 "-" "Mozilla/5.0 (iPhone; CPU iPhone OS 13_2_3 like Mac OS X) AppleWebKit/605.1.15 (KHTML, like Gecko) Version/13.0.3 Mobile/15E148 Safari/604.1"
49.51.253.26 - - [15/Sep/2025:02:04:00 +0800] "GET /wp-content/uploads/2025/07/1750649183-qizhou1920x1080_2.webp HTTP/1.1" 200 267936 "-" "Mozilla/5.0 (iPhone; CPU iPhone OS 13_2_3 like Mac OS X) AppleWebKit/605.1.15 (KHTML, like Gecko) Version/13.0.3 Mobile/15E148 Safari/604.1"
36.133.115.36 - - [15/Sep/2025:02:04:02 +0800] "POST /wp-cron.php?doing_wp_cron=1757873042.2818439006805419921875 HTTP/1.1" 200 31 "-" "WordPress/6.8.2; http://cqqizhou.com"
87.120.191.70 - - [15/Sep/2025:02:04:02 +0800] "GET / HTTP/1.1" 301 5 "-" "Mozilla/5.0 (Windows NT 10.0; Win64; x64) AppleWebKit/537.36 (KHTML, like Gecko) Chrome/90.0.4430.85 Safari/537.36 Edg/90.0.818.46"
36.133.115.36 - - [15/Sep/2025:02:12:18 +0800] "POST /wp-cron.php?doing_wp_cron=1757873538.2583749294281005859375 HTTP/1.1" 200 31 "-" "WordPress/6.8.2; http://cqqizhou.com"
43.135.145.73 - - [15/Sep/2025:02:12:18 +0800] "GET /portfolio/remaining-rolls/ HTTP/1.1" 200 18696 "-" "Mozilla/5.0 (iPhone; CPU iPhone OS 13_2_3 like Mac OS X) AppleWebKit/605.1.15 (KHTML, like Gecko) Version/13.0.3 Mobile/15E148 Safari/604.1"
36.133.115.36 - - [15/Sep/2025:02:19:11 +0800] "POST /wp-cron.php?doing_wp_cron=1757873951.0455451011657714843750 HTTP/1.1" 200 31 "-" "WordPress/6.8.2; http://cqqizhou.com"
43.134.141.244 - - [15/Sep/2025:02:19:11 +0800] "GET /portfolio-category/remaining-rolls/ HTTP/1.1" 200 17594 "-" "Mozilla/5.0 (iPhone; CPU iPhone OS 13_2_3 like Mac OS X) AppleWebKit/605.1.15 (KHTML, like Gecko) Version/13.0.3 Mobile/15E148 Safari/604.1"
36.133.115.36 - - [15/Sep/2025:02:23:22 +0800] "POST /wp-cron.php?doing_wp_cron=1757874202.5551130771636962890625 HTTP/1.1" 200 31 "-" "WordPress/6.8.2; http://cqqizhou.com"
45.135.193.100 - - [15/Sep/2025:02:23:22 +0800] "GET / HTTP/1.1" 301 5 "-" "-"
36.133.115.36 - - [15/Sep/2025:02:28:30 +0800] "POST /wp-cron.php?doing_wp_cron=1757874510.7721838951110839843750 HTTP/1.1" 200 31 "-" "WordPress/6.8.2; http://cqqizhou.com"
87.120.191.70 - - [15/Sep/2025:02:28:30 +0800] "GET / HTTP/1.1" 301 5 "-" "Mozilla/5.0 (Windows NT 10.0; Win64; x64) AppleWebKit/537.36 (KHTML, like Gecko) Chrome/90.0.4430.85 Safari/537.36 Edg/90.0.818.46"
36.133.115.36 - - [15/Sep/2025:02:32:00 +0800] "POST /wp-cron.php?doing_wp_cron=1757874720.8127419948577880859375 HTTP/1.1" 200 31 "-" "WordPress/6.8.2; http://cqqizhou.com"
87.120.191.6 - - [15/Sep/2025:02:32:18 +0800] "GET / HTTP/1.1" 301 5 "-" "Mozilla/5.0 (Windows NT 10.0; Win64; x64) AppleWebKit/537.36 (KHTML, like Gecko) Chrome/90.0.4430.85 Safari/537.36 Edg/90.0.818.46"
91.224.92.17 - - [15/Sep/2025:02:32:20 +0800] "GET / HTTP/1.1" 200 96805 "-" "-"
36.133.115.36 - - [15/Sep/2025:02:34:14 +0800] "POST /wp-cron.php?doing_wp_cron=1757874854.1688079833984375000000 HTTP/1.1" 200 31 "-" "WordPress/6.8.2; http://cqqizhou.com"
43.166.244.192 - - [15/Sep/2025:02:34:14 +0800] "GET /portfolio/ HTTP/1.1" 200 17014 "-" "Mozilla/5.0 (iPhone; CPU iPhone OS 13_2_3 like Mac OS X) AppleWebKit/605.1.15 (KHTML, like Gecko) Version/13.0.3 Mobile/15E148 Safari/604.1"
36.133.115.36 - - [15/Sep/2025:02:34:47 +0800] "POST /wp-cron.php?doing_wp_cron=1757874887.0630660057067871093750 HTTP/1.1" 200 31 "-" "WordPress/6.8.2; http://cqqizhou.com"
202.131.117.90 - - [15/Sep/2025:02:34:47 +0800] "POST /xmlrpc.php HTTP/1.1" 200 217 "-" "Mozilla/5.0 (X11; Ubuntu; Linux x86_64; rv:85.0) Gecko/20100101 Firefox/91.0"
42.236.17.119 - - [15/Sep/2025:02:39:05 +0800] "GET / HTTP/1.1" 200 39369 "http://cqqizhou.com/" "Mozilla/5.0 (Windows NT 6.1; WOW64) AppleWebKit/537.36 (KHTML, like Gecko) Chrome/50.0.2661.102 Safari/537.36; 360Spider"
36.133.115.36 - - [15/Sep/2025:02:39:30 +0800] "POST /wp-cron.php?doing_wp_cron=1757875170.0386710166931152343750 HTTP/1.1" 200 31 "-" "WordPress/6.8.2; http://cqqizhou.com"
149.50.103.48 - - [15/Sep/2025:02:39:30 +0800] "GET / HTTP/1.1" 200 33467 "-" "Mozilla/5.0 (Windows NT 10.0; Win64; x64) AppleWebKit/537.36 (KHTML, like Gecko) Chrome/90.0.4430.85 Safari/537.36 Edg/90.0.818.46"
36.133.115.36 - - [15/Sep/2025:02:39:58 +0800] "POST /wp-cron.php?doing_wp_cron=1757875198.7283780574798583984375 HTTP/1.1" 200 31 "-" "WordPress/6.8.2; http://cqqizhou.com"
170.106.113.159 - - [15/Sep/2025:02:39:58 +0800] "GET /2231/ HTTP/1.1" 200 19532 "-" "Mozilla/5.0 (iPhone; CPU iPhone OS 13_2_3 like Mac OS X) AppleWebKit/605.1.15 (KHTML, like Gecko) Version/13.0.3 Mobile/15E148 Safari/604.1"
36.133.115.36 - - [15/Sep/2025:02:41:49 +0800] "POST /wp-cron.php?doing_wp_cron=1757875309.4181599617004394531250 HTTP/1.1" 200 31 "-" "WordPress/6.8.2; http://cqqizhou.com"
4.227.36.10 - - [15/Sep/2025:02:41:49 +0800] "GET /robots.txt HTTP/1.1" 200 190 "-" "Mozilla/5.0 AppleWebKit/537.36 (KHTML, like Gecko; compatible; GPTBot/1.2; +https://openai.com/gptbot)"
20.171.207.12 - - [15/Sep/2025:02:41:49 +0800] "GET /wp-sitemap.xml HTTP/1.1" 501 253 "-" "Mozilla/5.0 AppleWebKit/537.36 (KHTML, like Gecko; compatible; GPTBot/1.2; +https://openai.com/gptbot)"
220.181.108.144 - - [15/Sep/2025:02:44:09 +0800] "GET /portfolio/ HTTP/1.1" 200 20553 "-" "Mozilla/5.0 (compatible; Baiduspider/2.0; +http://www.baidu.com/search/spider.html)"
49.51.252.146 - - [15/Sep/2025:02:50:43 +0800] "GET /wp-content/uploads/2025/07/1751425283-qizhou.kf_.qq_.com_.webp HTTP/1.1" 200 16864 "-" "Mozilla/5.0 (iPhone; CPU iPhone OS 13_2_3 like Mac OS X) AppleWebKit/605.1.15 (KHTML, like Gecko) Version/13.0.3 Mobile/15E148 Safari/604.1"
36.133.115.36 - - [15/Sep/2025:02:52:01 +0800] "POST /wp-cron.php?doing_wp_cron=1757875921.6274828910827636718750 HTTP/1.1" 200 31 "-" "WordPress/6.8.2; http://cqqizhou.com"
87.120.191.70 - - [15/Sep/2025:02:52:01 +0800] "GET / HTTP/1.1" 301 5 "-" "Mozilla/5.0 (Windows NT 10.0; Win64; x64) AppleWebKit/537.36 (KHTML, like Gecko) Chrome/90.0.4430.85 Safari/537.36 Edg/90.0.818.46"
36.133.115.36 - - [15/Sep/2025:03:03:17 +0800] "POST /wp-cron.php?doing_wp_cron=1757876597.2573890686035156250000 HTTP/1.1" 200 31 "-" "WordPress/6.8.2; http://cqqizhou.com"
49.51.203.164 - - [15/Sep/2025:03:03:17 +0800] "GET /portfolio/pickled-coil/ HTTP/1.1" 200 18699 "-" "Mozilla/5.0 (iPhone; CPU iPhone OS 13_2_3 like Mac OS X) AppleWebKit/605.1.15 (KHTML, like Gecko) Version/13.0.3 Mobile/15E148 Safari/604.1"
36.133.115.36 - - [15/Sep/2025:03:03:50 +0800] "POST /wp-cron.php?doing_wp_cron=1757876630.2536349296569824218750 HTTP/1.1" 200 31 "-" "WordPress/6.8.2; http://cqqizhou.com"
184.168.126.97 - - [15/Sep/2025:03:03:50 +0800] "POST /xmlrpc.php HTTP/1.1" 200 217 "-" "Mozilla/5.0 (X11; Ubuntu; Linux x86_64; rv:85.0) Gecko/20100101 Firefox/91.0"
116.179.33.203 - - [15/Sep/2025:03:10:48 +0800] "GET /wp-content/uploads/2025/07/1751425283-qizhou.kf_.qq_.com_.webp HTTP/1.1" 200 16864 "http://cqqizhou.com/" "Mozilla/5.0 (Windows NT 10.0; WOW64) AppleWebKit/537.36 (KHTML, like Gecko) Chrome/48.0.2564.116 Safari/537.36"
36.133.115.36 - - [15/Sep/2025:03:10:49 +0800] "POST /wp-cron.php?doing_wp_cron=1757877049.4754760265350341796875 HTTP/1.1" 200 31 "-" "WordPress/6.8.2; http://cqqizhou.com"
116.179.33.148 - - [15/Sep/2025:03:10:49 +0800] "GET /wp-content/uploads/2025/07/1753453096-%CB%AB%CF%E0%B8%D6product_Single600%A1%C1284.webp HTTP/1.1" 404 31381 "http://cqqizhou.com/" "Mozilla/5.0 (Windows NT 10.0; WOW64) AppleWebKit/537.36 (KHTML, like Gecko) Chrome/48.0.2564.116 Safari/537.36"
116.179.33.77 - - [15/Sep/2025:03:10:49 +0800] "GET /wp-content/uploads/2025/07/1753456723-%CB%AB%CF%E0%B8%D6roduct_Single600.webp HTTP/1.1" 404 31381 "http://cqqizhou.com/" "Mozilla/5.0 (Windows NT 10.0; WOW64) AppleWebKit/537.36 (KHTML, like Gecko) Chrome/48.0.2564.116 Safari/537.36"
220.181.51.120 - - [15/Sep/2025:03:10:49 +0800] "GET /wp-content/uploads/2025/07/1753456770-%C8%C8%B6%C6%D0%BF%BE%EDproduct_Single600.webp HTTP/1.1" 404 31381 "http://cqqizhou.com/" "Mozilla/5.0 (Windows NT 10.0; WOW64) AppleWebKit/537.36 (KHTML, like Gecko) Chrome/48.0.2564.116 Safari/537.36"
220.181.51.113 - - [15/Sep/2025:03:10:49 +0800] "GET /wp-content/uploads/2025/07/1753453127-%D3%E0%BE%EDproduct_Single600%A1%C1284.webp HTTP/1.1" 404 31381 "http://cqqizhou.com/" "Mozilla/5.0 (Windows NT 10.0; WOW64) AppleWebKit/537.36 (KHTML, like Gecko) Chrome/48.0.2564.116 Safari/537.36"
36.133.115.36 - - [15/Sep/2025:03:17:05 +0800] "POST /wp-cron.php?doing_wp_cron=1757877425.4879460334777832031250 HTTP/1.1" 200 31 "-" "WordPress/6.8.2; http://cqqizhou.com"
87.120.191.70 - - [15/Sep/2025:03:17:05 +0800] "GET / HTTP/1.1" 301 5 "-" "Mozilla/5.0 (Windows NT 10.0; Win64; x64) AppleWebKit/537.36 (KHTML, like Gecko) Chrome/90.0.4430.85 Safari/537.36 Edg/90.0.818.46"
36.133.115.36 - - [15/Sep/2025:03:18:03 +0800] "POST /wp-cron.php?doing_wp_cron=1757877483.3102910518646240234375 HTTP/1.1" 200 31 "-" "WordPress/6.8.2; http://cqqizhou.com"
43.130.78.203 - - [15/Sep/2025:03:18:03 +0800] "GET /wp-content/uploads/2025/07/1753453127- HTTP/1.1" 404 8991 "-" "Mozilla/5.0 (iPhone; CPU iPhone OS 13_2_3 like Mac OS X) AppleWebKit/605.1.15 (KHTML, like Gecko) Version/13.0.3 Mobile/15E148 Safari/604.1"
36.133.115.36 - - [15/Sep/2025:03:19:46 +0800] "POST /wp-cron.php?doing_wp_cron=1757877586.4954469203948974609375 HTTP/1.1" 200 31 "-" "WordPress/6.8.2; http://cqqizhou.com"
43.157.156.190 - - [15/Sep/2025:03:19:46 +0800] "GET /2165/ HTTP/1.1" 200 23003 "-" "Mozilla/5.0 (iPhone; CPU iPhone OS 13_2_3 like Mac OS X) AppleWebKit/605.1.15 (KHTML, like Gecko) Version/13.0.3 Mobile/15E148 Safari/604.1"
36.133.115.36 - - [15/Sep/2025:03:25:24 +0800] "POST /wp-cron.php?doing_wp_cron=1757877924.8929779529571533203125 HTTP/1.1" 200 31 "-" "WordPress/6.8.2; http://cqqizhou.com"
125.119.92.30 - - [15/Sep/2025:03:25:24 +0800] "GET http://www.cqqizhou.com/ HTTP/1.1" 301 5 "-" "Mozilla/5.0 (Macintosh; Intel Mac OS X 10_15_7) AppleWebKit/537.36 (KHTML, like Gecko) Chrome/126.0.0.0 Safari/537.36"
125.119.92.30 - - [15/Sep/2025:03:25:25 +0800] "GET http://cqqizhou.com/ HTTP/1.1" 200 39369 "-" "Mozilla/5.0 (Macintosh; Intel Mac OS X 10_15_7) AppleWebKit/537.36 (KHTML, like Gecko) Chrome/126.0.0.0 Safari/537.36"
61.137.166.60 - - [15/Sep/2025:03:25:25 +0800] "GET http://cqqizhou.com/ HTTP/1.1" 200 39369 "-" "Mozilla/5.0 (Macintosh; Intel Mac OS X 10_15_7) AppleWebKit/537.36 (KHTML, like Gecko) Chrome/126.0.0.0 Safari/537.36"
36.133.115.36 - - [15/Sep/2025:03:26:02 +0800] "POST /wp-cron.php?doing_wp_cron=1757877962.3201730251312255859375 HTTP/1.1" 200 31 "-" "WordPress/6.8.2; http://cqqizhou.com"
118.193.39.45 - - [15/Sep/2025:03:26:02 +0800] "GET /version HTTP/1.1" 301 5 "-" "-"
118.193.39.45 - - [15/Sep/2025:03:26:03 +0800] "GET / HTTP/1.1" 200 151919 "-" "-"
118.193.39.45 - - [15/Sep/2025:03:26:04 +0800] "GET / HTTP/1.1" 200 151919 "-" "-"
118.193.39.45 - - [15/Sep/2025:03:26:05 +0800] "GET /v1 HTTP/1.1" 301 5 "-" "-"
118.193.39.45 - - [15/Sep/2025:03:26:06 +0800] "GET / HTTP/1.1" 200 151919 "-" "-"
36.133.115.36 - - [15/Sep/2025:03:31:00 +0800] "POST /wp-cron.php?doing_wp_cron=1757878260.1808180809020996093750 HTTP/1.1" 200 31 "-" "WordPress/6.8.2; http://cqqizhou.com"
43.159.139.164 - - [15/Sep/2025:03:31:00 +0800] "GET /portfolio-category/cold-rolled-coil/ HTTP/1.1" 200 17639 "-" "Mozilla/5.0 (iPhone; CPU iPhone OS 13_2_3 like Mac OS X) AppleWebKit/605.1.15 (KHTML, like Gecko) Version/13.0.3 Mobile/15E148 Safari/604.1"
36.133.115.36 - - [15/Sep/2025:03:33:27 +0800] "POST /wp-cron.php?doing_wp_cron=1757878407.3795950412750244140625 HTTP/1.1" 200 31 "-" "WordPress/6.8.2; http://cqqizhou.com"
115.79.196.94 - - [15/Sep/2025:03:33:27 +0800] "POST /xmlrpc.php HTTP/1.1" 200 217 "-" "Mozilla/5.0 (X11; Ubuntu; Linux x86_64; rv:85.0) Gecko/20100101 Firefox/91.0"
36.133.115.36 - - [15/Sep/2025:03:40:20 +0800] "POST /wp-cron.php?doing_wp_cron=1757878820.8535380363464355468750 HTTP/1.1" 200 31 "-" "WordPress/6.8.2; http://cqqizhou.com"
87.120.191.70 - - [15/Sep/2025:03:40:20 +0800] "GET / HTTP/1.1" 301 5 "-" "Mozilla/5.0 (Windows NT 10.0; Win64; x64) AppleWebKit/537.36 (KHTML, like Gecko) Chrome/90.0.4430.85 Safari/537.36 Edg/90.0.818.46"
43.135.145.73 - - [15/Sep/2025:03:43:50 +0800] "GET /wp-content/uploads/2025/07/1753455650-DSC01469.webp HTTP/1.1" 200 32132 "-" "Mozilla/5.0 (iPhone; CPU iPhone OS 13_2_3 like Mac OS X) AppleWebKit/605.1.15 (KHTML, like Gecko) Version/13.0.3 Mobile/15E148 Safari/604.1"
36.133.115.36 - - [15/Sep/2025:03:44:02 +0800] "POST /wp-cron.php?doing_wp_cron=1757879042.1134839057922363281250 HTTP/1.1" 200 31 "-" "WordPress/6.8.2; http://cqqizhou.com"
78.128.114.62 - - [15/Sep/2025:03:44:02 +0800] "GET / HTTP/1.1" 200 33466 "-" "Mozilla/5.0 (Windows NT 10.0; Win64; x64) AppleWebKit/537.36 (KHTML, like Gecko) Chrome/90.0.4430.85 Safari/537.36 Edg/90.0.818.46"
36.133.115.36 - - [15/Sep/2025:03:45:57 +0800] "POST /wp-cron.php?doing_wp_cron=1757879157.8435730934143066406250 HTTP/1.1" 200 31 "-" "WordPress/6.8.2; http://cqqizhou.com"
149.50.103.48 - - [15/Sep/2025:03:45:58 +0800] "GET / HTTP/1.1" 200 33467 "-" "Mozilla/5.0 (Windows NT 10.0; Win64; x64) AppleWebKit/537.36 (KHTML, like Gecko) Chrome/90.0.4430.85 Safari/537.36 Edg/90.0.818.46"
36.133.115.36 - - [15/Sep/2025:03:47:08 +0800] "POST /wp-cron.php?doing_wp_cron=1757879228.3205668926239013671875 HTTP/1.1" 200 31 "-" "WordPress/6.8.2; http://cqqizhou.com"
45.135.193.100 - - [15/Sep/2025:03:47:08 +0800] "GET / HTTP/1.1" 200 33467 "-" "Mozilla/5.0 (Windows NT 10.0; Win64; x64) AppleWebKit/537.36 (KHTML, like Gecko) Chrome/90.0.4430.85 Safari/537.36 Edg/90.0.818.46"
36.133.115.36 - - [15/Sep/2025:03:51:06 +0800] "POST /wp-cron.php?doing_wp_cron=1757879466.3054640293121337890625 HTTP/1.1" 200 31 "-" "WordPress/6.8.2; http://cqqizhou.com"
87.120.191.6 - - [15/Sep/2025:03:51:06 +0800] "GET / HTTP/1.1" 301 5 "-" "Mozilla/5.0 (Windows NT 10.0; Win64; x64) AppleWebKit/537.36 (KHTML, like Gecko) Chrome/90.0.4430.85 Safari/537.36 Edg/90.0.818.46"
43.166.131.228 - - [15/Sep/2025:03:51:44 +0800] "GET /wp-content/uploads/2025/07/1753455650-DSC01469-768x432.webp HTTP/1.1" 200 30572 "-" "Mozilla/5.0 (iPhone; CPU iPhone OS 13_2_3 like Mac OS X) AppleWebKit/605.1.15 (KHTML, like Gecko) Version/13.0.3 Mobile/15E148 Safari/604.1"
114.103.248.244 - - [15/Sep/2025:03:57:33 +0800] "GET / HTTP/1.1" 200 39369 "-" "Mozilla/5.0 (Windows NT 10.0; Win64; x64) AppleWebKit/537.36 (KHTML, like Gecko) Chrome/133.0.0.0 Safari/537.36"
36.133.115.36 - - [15/Sep/2025:03:57:43 +0800] "POST /wp-cron.php?doing_wp_cron=1757879863.2785639762878417968750 HTTP/1.1" 200 31 "-" "WordPress/6.8.2; http://cqqizhou.com"
114.103.248.244 - - [15/Sep/2025:03:57:43 +0800] "GET / HTTP/1.1" 200 33467 "-" "Mozilla/5.0 (Linux; Android 10; K) AppleWebKit/537.36 (KHTML, like Gecko) Chrome/133.0.0.0 Mobile Safari/537.36"
36.133.115.36 - - [15/Sep/2025:03:59:27 +0800] "POST /wp-cron.php?doing_wp_cron=1757879967.5508759021759033203125 HTTP/1.1" 200 31 "-" "WordPress/6.8.2; http://cqqizhou.com"
50.6.152.214 - - [15/Sep/2025:03:59:27 +0800] "POST /xmlrpc.php HTTP/1.1" 200 217 "-" "Mozilla/5.0 (X11; Ubuntu; Linux x86_64; rv:85.0) Gecko/20100101 Firefox/91.0"
36.133.115.36 - - [15/Sep/2025:04:04:52 +0800] "POST /wp-cron.php?doing_wp_cron=1757880292.4267990589141845703125 HTTP/1.1" 200 31 "-" "WordPress/6.8.2; http://cqqizhou.com"
36.7.190.170 - - [15/Sep/2025:04:04:52 +0800] "GET / HTTP/1.1" 200 33467 "-" "Mozilla/5.0 (Linux; Android 10; K) AppleWebKit/537.36 (KHTML, like Gecko) Chrome/133.0.0.0 Mobile Safari/537.36"
43.153.76.247 - - [15/Sep/2025:04:05:28 +0800] "GET /wp-content/uploads/2025/07/1753454089-Article_images_W900px-150x150.webp HTTP/1.1" 200 5292 "-" "Mozilla/5.0 (iPhone; CPU iPhone OS 13_2_3 like Mac OS X) AppleWebKit/605.1.15 (KHTML, like Gecko) Version/13.0.3 Mobile/15E148 Safari/604.1"
87.120.191.70 - - [15/Sep/2025:04:05:32 +0800] "GET / HTTP/1.1" 301 5 "-" "Mozilla/5.0 (Windows NT 10.0; Win64; x64) AppleWebKit/537.36 (KHTML, like Gecko) Chrome/90.0.4430.85 Safari/537.36 Edg/90.0.818.46"
43.159.152.4 - - [15/Sep/2025:04:18:01 +0800] "GET /wp-content/uploads/2025/08/1755826390-DSC01765-150x150.webp HTTP/1.1" 200 6586 "-" "Mozilla/5.0 (iPhone; CPU iPhone OS 13_2_3 like Mac OS X) AppleWebKit/605.1.15 (KHTML, like Gecko) Version/13.0.3 Mobile/15E148 Safari/604.1"
170.106.165.76 - - [15/Sep/2025:04:28:10 +0800] "GET /wp-content/uploads/2025/08/1755826456-DSC01841.webp HTTP/1.1" 200 87046 "-" "Mozilla/5.0 (iPhone; CPU iPhone OS 13_2_3 like Mac OS X) AppleWebKit/605.1.15 (KHTML, like Gecko) Version/13.0.3 Mobile/15E148 Safari/604.1"
36.133.115.36 - - [15/Sep/2025:04:30:51 +0800] "POST /wp-cron.php?doing_wp_cron=1757881851.5411889553070068359375 HTTP/1.1" 200 31 "-" "WordPress/6.8.2; http://cqqizhou.com"
87.120.191.70 - - [15/Sep/2025:04:30:51 +0800] "GET / HTTP/1.1" 301 5 "-" "Mozilla/5.0 (Windows NT 10.0; Win64; x64) AppleWebKit/537.36 (KHTML, like Gecko) Chrome/90.0.4430.85 Safari/537.36 Edg/90.0.818.46"
36.133.115.36 - - [15/Sep/2025:04:34:58 +0800] "POST /wp-cron.php?doing_wp_cron=1757882098.2899649143218994140625 HTTP/1.1" 200 31 "-" "WordPress/6.8.2; http://cqqizhou.com"
107.23.134.93 - - [15/Sep/2025:04:34:58 +0800] "GET / HTTP/1.1" 301 5 "-" "Mozilla/5.0 (Windows NT 10.0; Win64; x64) AppleWebKit/537.36 (KHTML, like Gecko) Chrome/136.0.0.0 Safari/537.36"
36.133.115.36 - - [15/Sep/2025:04:39:15 +0800] "POST /wp-cron.php?doing_wp_cron=1757882355.1710789203643798828125 HTTP/1.1" 200 31 "-" "WordPress/6.8.2; http://cqqizhou.com"
91.224.92.17 - - [15/Sep/2025:04:39:34 +0800] "GET / HTTP/1.1" 200 96805 "-" "-"
36.133.115.36 - - [15/Sep/2025:04:48:51 +0800] "POST /wp-cron.php?doing_wp_cron=1757882931.3370668888092041015625 HTTP/1.1" 200 31 "-" "WordPress/6.8.2; http://cqqizhou.com"
149.50.103.48 - - [15/Sep/2025:04:48:51 +0800] "GET / HTTP/1.1" 200 33467 "-" "Mozilla/5.0 (Windows NT 10.0; Win64; x64) AppleWebKit/537.36 (KHTML, like Gecko) Chrome/90.0.4430.85 Safari/537.36 Edg/90.0.818.46"
36.133.115.36 - - [15/Sep/2025:04:52:45 +0800] "POST /wp-cron.php?doing_wp_cron=1757883165.3030269145965576171875 HTTP/1.1" 200 31 "-" "WordPress/6.8.2; http://cqqizhou.com"
78.128.114.62 - - [15/Sep/2025:04:52:45 +0800] "GET / HTTP/1.1" 200 33467 "-" "Mozilla/5.0 (Windows NT 10.0; Win64; x64) AppleWebKit/537.36 (KHTML, like Gecko) Chrome/90.0.4430.85 Safari/537.36 Edg/90.0.818.46"
36.133.115.36 - - [15/Sep/2025:04:55:16 +0800] "POST /wp-cron.php?doing_wp_cron=1757883316.2377789020538330078125 HTTP/1.1" 200 31 "-" "WordPress/6.8.2; http://cqqizhou.com"
87.120.191.70 - - [15/Sep/2025:04:55:16 +0800] "GET / HTTP/1.1" 301 5 "-" "Mozilla/5.0 (Windows NT 10.0; Win64; x64) AppleWebKit/537.36 (KHTML, like Gecko) Chrome/90.0.4430.85 Safari/537.36 Edg/90.0.818.46"
36.133.115.36 - - [15/Sep/2025:04:59:07 +0800] "POST /wp-cron.php?doing_wp_cron=1757883547.0552380084991455078125 HTTP/1.1" 200 31 "-" "WordPress/6.8.2; http://cqqizhou.com"
87.120.191.6 - - [15/Sep/2025:04:59:07 +0800] "GET / HTTP/1.1" 301 5 "-" "Mozilla/5.0 (Windows NT 10.0; Win64; x64) AppleWebKit/537.36 (KHTML, like Gecko) Chrome/90.0.4430.85 Safari/537.36 Edg/90.0.818.46"
202.92.5.232 - - [15/Sep/2025:04:59:19 +0800] "POST /xmlrpc.php HTTP/1.1" 200 217 "-" "Mozilla/5.0 (X11; Ubuntu; Linux x86_64; rv:85.0) Gecko/20100101 Firefox/91.0"
36.133.115.36 - - [15/Sep/2025:05:14:39 +0800] "POST /wp-cron.php?doing_wp_cron=1757884479.6929769515991210937500 HTTP/1.1" 200 31 "-" "WordPress/6.8.2; http://cqqizhou.com"
91.224.92.17 - - [15/Sep/2025:05:14:59 +0800] "GET / HTTP/1.1" 200 109837 "-" "-"
36.133.115.36 - - [15/Sep/2025:05:19:51 +0800] "POST /wp-cron.php?doing_wp_cron=1757884791.4423420429229736328125 HTTP/1.1" 200 31 "-" "WordPress/6.8.2; http://cqqizhou.com"
87.120.191.70 - - [15/Sep/2025:05:19:51 +0800] "GET / HTTP/1.1" 301 5 "-" "Mozilla/5.0 (Windows NT 10.0; Win64; x64) AppleWebKit/537.36 (KHTML, like Gecko) Chrome/90.0.4430.85 Safari/537.36 Edg/90.0.818.46"
36.133.115.36 - - [15/Sep/2025:05:34:01 +0800] "POST /wp-cron.php?doing_wp_cron=1757885641.0308730602264404296875 HTTP/1.1" 200 31 "-" "WordPress/6.8.2; http://cqqizhou.com"
78.128.114.62 - - [15/Sep/2025:05:34:01 +0800] "GET / HTTP/1.1" 200 33467 "-" "Mozilla/5.0 (Windows NT 10.0; Win64; x64) AppleWebKit/537.36 (KHTML, like Gecko) Chrome/90.0.4430.85 Safari/537.36 Edg/90.0.818.46"
36.133.115.36 - - [15/Sep/2025:05:39:40 +0800] "POST /wp-cron.php?doing_wp_cron=1757885980.6746609210968017578125 HTTP/1.1" 200 31 "-" "WordPress/6.8.2; http://cqqizhou.com"
162.240.70.131 - - [15/Sep/2025:05:39:40 +0800] "POST /xmlrpc.php HTTP/1.1" 200 217 "-" "Mozilla/5.0 (X11; Ubuntu; Linux x86_64; rv:85.0) Gecko/20100101 Firefox/91.0"
36.133.115.36 - - [15/Sep/2025:05:40:04 +0800] "POST /wp-cron.php?doing_wp_cron=1757886004.3171119689941406250000 HTTP/1.1" 200 31 "-" "WordPress/6.8.2; http://cqqizhou.com"
106.119.167.146 - - [15/Sep/2025:05:40:04 +0800] "GET / HTTP/1.1" 301 5 "-" "Mozilla/5.0 (iPhone; CPU iPhone OS 13_2_3 like Mac OS X) AppleWebKit/605.1.15 (KHTML, like Gecko) Version/13.0.3 Mobile/15E148 Safari/604.1"
106.119.167.146 - - [15/Sep/2025:05:40:05 +0800] "GET / HTTP/1.1" 200 33467 "http://www.cqqizhou.com" "Mozilla/5.0 (iPhone; CPU iPhone OS 13_2_3 like Mac OS X) AppleWebKit/605.1.15 (KHTML, like Gecko) Version/13.0.3 Mobile/15E148 Safari/604.1"
36.133.115.36 - - [15/Sep/2025:05:44:08 +0800] "POST /wp-cron.php?doing_wp_cron=1757886248.3150730133056640625000 HTTP/1.1" 200 31 "-" "WordPress/6.8.2; http://cqqizhou.com"
87.120.191.70 - - [15/Sep/2025:05:44:08 +0800] "GET / HTTP/1.1" 301 5 "-" "Mozilla/5.0 (Windows NT 10.0; Win64; x64) AppleWebKit/537.36 (KHTML, like Gecko) Chrome/90.0.4430.85 Safari/537.36 Edg/90.0.818.46"
36.133.115.36 - - [15/Sep/2025:05:50:12 +0800] "POST /wp-cron.php?doing_wp_cron=1757886612.4148828983306884765625 HTTP/1.1" 200 31 "-" "WordPress/6.8.2; http://cqqizhou.com"
149.50.103.48 - - [15/Sep/2025:05:50:12 +0800] "GET / HTTP/1.1" 200 33466 "-" "Mozilla/5.0 (Windows NT 10.0; Win64; x64) AppleWebKit/537.36 (KHTML, like Gecko) Chrome/90.0.4430.85 Safari/537.36 Edg/90.0.818.46"
36.133.115.36 - - [15/Sep/2025:06:06:52 +0800] "POST /wp-cron.php?doing_wp_cron=1757887612.6595239639282226562500 HTTP/1.1" 200 31 "-" "WordPress/6.8.2; http://cqqizhou.com"
87.120.191.70 - - [15/Sep/2025:06:06:52 +0800] "GET / HTTP/1.1" 301 5 "-" "Mozilla/5.0 (Windows NT 10.0; Win64; x64) AppleWebKit/537.36 (KHTML, like Gecko) Chrome/90.0.4430.85 Safari/537.36 Edg/90.0.818.46"
36.133.115.36 - - [15/Sep/2025:06:07:48 +0800] "POST /wp-cron.php?doing_wp_cron=1757887668.8885130882263183593750 HTTP/1.1" 200 31 "-" "WordPress/6.8.2; http://cqqizhou.com"
78.128.114.62 - - [15/Sep/2025:06:07:49 +0800] "GET / HTTP/1.1" 200 33467 "-" "Mozilla/5.0 (Windows NT 10.0; Win64; x64) AppleWebKit/537.36 (KHTML, like Gecko) Chrome/90.0.4430.85 Safari/537.36 Edg/90.0.818.46"
36.133.115.36 - - [15/Sep/2025:06:13:57 +0800] "POST /wp-cron.php?doing_wp_cron=1757888037.0414159297943115234375 HTTP/1.1" 200 31 "-" "WordPress/6.8.2; http://cqqizhou.com"
87.120.191.6 - - [15/Sep/2025:06:13:57 +0800] "GET / HTTP/1.1" 301 5 "-" "Mozilla/5.0 (Windows NT 10.0; Win64; x64) AppleWebKit/537.36 (KHTML, like Gecko) Chrome/90.0.4430.85 Safari/537.36 Edg/90.0.818.46"
36.133.115.36 - - [15/Sep/2025:06:29:52 +0800] "POST /wp-cron.php?doing_wp_cron=1757888992.8290550708770751953125 HTTP/1.1" 200 31 "-" "WordPress/6.8.2; http://cqqizhou.com"
87.120.191.70 - - [15/Sep/2025:06:29:52 +0800] "GET / HTTP/1.1" 301 5 "-" "Mozilla/5.0 (Windows NT 10.0; Win64; x64) AppleWebKit/537.36 (KHTML, like Gecko) Chrome/90.0.4430.85 Safari/537.36 Edg/90.0.818.46"
115.79.196.94 - - [15/Sep/2025:06:30:07 +0800] "POST /xmlrpc.php HTTP/1.1" 200 217 "-" "Mozilla/5.0 (X11; Ubuntu; Linux x86_64; rv:85.0) Gecko/20100101 Firefox/91.0"
36.133.115.36 - - [15/Sep/2025:06:35:45 +0800] "POST /wp-cron.php?doing_wp_cron=1757889345.0748679637908935546875 HTTP/1.1" 200 31 "-" "WordPress/6.8.2; http://cqqizhou.com"
91.224.92.17 - - [15/Sep/2025:06:36:04 +0800] "GET / HTTP/1.1" 200 96805 "-" "-"
36.133.115.36 - - [15/Sep/2025:06:39:26 +0800] "POST /wp-cron.php?doing_wp_cron=1757889566.4900810718536376953125 HTTP/1.1" 200 31 "-" "WordPress/6.8.2; http://cqqizhou.com"
45.142.193.144 - - [15/Sep/2025:06:39:26 +0800] "GET / HTTP/1.1" 200 33468 "-" "Mozilla/5.0 (Windows NT 10.0; Win64; x64) AppleWebKit/537.36 (KHTML, like Gecko) Chrome/90.0.4430.85 Safari/537.36 Edg/90.0.818.46"
36.133.115.36 - - [15/Sep/2025:06:52:40 +0800] "POST /wp-cron.php?doing_wp_cron=1757890360.1360070705413818359375 HTTP/1.1" 200 31 "-" "WordPress/6.8.2; http://cqqizhou.com"
149.50.103.48 - - [15/Sep/2025:06:52:40 +0800] "GET / HTTP/1.1" 200 33467 "-" "Mozilla/5.0 (Windows NT 10.0; Win64; x64) AppleWebKit/537.36 (KHTML, like Gecko) Chrome/90.0.4430.85 Safari/537.36 Edg/90.0.818.46"
36.133.115.36 - - [15/Sep/2025:06:56:29 +0800] "POST /wp-cron.php?doing_wp_cron=1757890589.1143620014190673828125 HTTP/1.1" 200 31 "-" "WordPress/6.8.2; http://cqqizhou.com"
87.120.191.70 - - [15/Sep/2025:06:56:29 +0800] "GET / HTTP/1.1" 301 5 "-" "Mozilla/5.0 (Windows NT 10.0; Win64; x64) AppleWebKit/537.36 (KHTML, like Gecko) Chrome/90.0.4430.85 Safari/537.36 Edg/90.0.818.46"
63.178.221.133 - - [15/Sep/2025:06:59:53 +0800] "GET / HTTP/1.1" 200 39369 "-" "Mozilla/5.0 (Windows NT 10.0; Win64; x64) AppleWebKit/537.36"
36.133.115.36 - - [15/Sep/2025:07:00:41 +0800] "POST /wp-cron.php?doing_wp_cron=1757890841.2292110919952392578125 HTTP/1.1" 200 31 "-" "WordPress/6.8.2; http://cqqizhou.com"
78.128.114.62 - - [15/Sep/2025:07:00:41 +0800] "GET / HTTP/1.1" 200 33467 "-" "Mozilla/5.0 (Windows NT 10.0; Win64; x64) AppleWebKit/537.36 (KHTML, like Gecko) Chrome/90.0.4430.85 Safari/537.36 Edg/90.0.818.46"
36.133.115.36 - - [15/Sep/2025:07:16:25 +0800] "POST /wp-cron.php?doing_wp_cron=1757891785.4273209571838378906250 HTTP/1.1" 200 31 "-" "WordPress/6.8.2; http://cqqizhou.com"
91.224.92.17 - - [15/Sep/2025:07:16:44 +0800] "GET / HTTP/1.1" 200 109837 "-" "-"
36.133.115.36 - - [15/Sep/2025:07:20:22 +0800] "POST /wp-cron.php?doing_wp_cron=1757892022.6896200180053710937500 HTTP/1.1" 200 31 "-" "WordPress/6.8.2; http://cqqizhou.com"
87.120.191.70 - - [15/Sep/2025:07:20:22 +0800] "GET / HTTP/1.1" 301 5 "-" "Mozilla/5.0 (Windows NT 10.0; Win64; x64) AppleWebKit/537.36 (KHTML, like Gecko) Chrome/90.0.4430.85 Safari/537.36 Edg/90.0.818.46"
52.167.144.229 - - [15/Sep/2025:07:25:21 +0800] "GET /wp-content/uploads/2025/07/1750671803-partner3_200x50.webp HTTP/1.1" 200 4414 "-" "Mozilla/5.0 AppleWebKit/537.36 (KHTML, like Gecko; compatible; bingbot/2.0; +http://www.bing.com/bingbot.htm) Chrome/116.0.1938.76 Safari/537.36"
36.133.115.36 - - [15/Sep/2025:07:26:53 +0800] "POST /wp-cron.php?doing_wp_cron=1757892413.3429899215698242187500 HTTP/1.1" 200 31 "-" "WordPress/6.8.2; http://cqqizhou.com"
87.120.191.6 - - [15/Sep/2025:07:26:53 +0800] "GET / HTTP/1.1" 301 5 "-" "Mozilla/5.0 (Windows NT 10.0; Win64; x64) AppleWebKit/537.36 (KHTML, like Gecko) Chrome/90.0.4430.85 Safari/537.36 Edg/90.0.818.46"
36.133.115.36 - - [15/Sep/2025:07:28:21 +0800] "POST /wp-cron.php?doing_wp_cron=1757892501.7400629520416259765625 HTTP/1.1" 200 31 "-" "WordPress/6.8.2; http://cqqizhou.com"
122.45.51.68 - - [15/Sep/2025:07:28:21 +0800] "POST /xmlrpc.php HTTP/1.1" 200 217 "-" "Mozilla/5.0 (X11; Ubuntu; Linux x86_64; rv:85.0) Gecko/20100101 Firefox/91.0"
36.133.115.36 - - [15/Sep/2025:07:43:41 +0800] "POST /wp-cron.php?doing_wp_cron=1757893421.2280240058898925781250 HTTP/1.1" 200 31 "-" "WordPress/6.8.2; http://cqqizhou.com"
87.120.191.70 - - [15/Sep/2025:07:43:41 +0800] "GET / HTTP/1.1" 301 5 "-" "Mozilla/5.0 (Windows NT 10.0; Win64; x64) AppleWebKit/537.36 (KHTML, like Gecko) Chrome/90.0.4430.85 Safari/537.36 Edg/90.0.818.46"
36.133.115.36 - - [15/Sep/2025:07:54:13 +0800] "POST /wp-cron.php?doing_wp_cron=1757894053.9455819129943847656250 HTTP/1.1" 200 31 "-" "WordPress/6.8.2; http://cqqizhou.com"
149.50.103.48 - - [15/Sep/2025:07:54:14 +0800] "GET / HTTP/1.1" 200 33467 "-" "Mozilla/5.0 (Windows NT 10.0; Win64; x64) AppleWebKit/537.36 (KHTML, like Gecko) Chrome/90.0.4430.85 Safari/537.36 Edg/90.0.818.46"
36.133.115.36 - - [15/Sep/2025:07:56:03 +0800] "POST /wp-cron.php?doing_wp_cron=1757894163.0232160091400146484375 HTTP/1.1" 200 31 "-" "WordPress/6.8.2; http://cqqizhou.com"
14.108.233.129 - - [15/Sep/2025:07:56:03 +0800] "GET / HTTP/1.1" 301 5 "-" "Mozilla/5.0 (Windows NT 10.0; Win64; x64) AppleWebKit/537.36 (KHTML, like Gecko) Chrome/138.0.0.0 Safari/537.36 Edg/138.0.0.0"
14.108.233.129 - - [15/Sep/2025:07:56:09 +0800] "GET / HTTP/1.1" 200 39369 "-" "Mozilla/5.0 (Windows NT 10.0; Win64; x64) AppleWebKit/537.36 (KHTML, like Gecko) Chrome/138.0.0.0 Safari/537.36 Edg/138.0.0.0"
14.108.233.129 - - [15/Sep/2025:07:56:09 +0800] "GET /wp-content/uploads/2025/07/1751425283-qizhou.kf_.qq_.com_.webp HTTP/1.1" 200 16864 "http://cqqizhou.com/" "Mozilla/5.0 (Windows NT 10.0; Win64; x64) AppleWebKit/537.36 (KHTML, like Gecko) Chrome/138.0.0.0 Safari/537.36 Edg/138.0.0.0"
14.108.233.129 - - [15/Sep/2025:07:56:21 +0800] "GET /wp-content/uploads/revslider/slider-1/1750929639-yuanjing_Slider_3840%C3%972160_20250626171955-scaled.webp HTTP/1.1" 200 203290 "http://cqqizhou.com/" "Mozilla/5.0 (Windows NT 10.0; Win64; x64) AppleWebKit/537.36 (KHTML, like Gecko) Chrome/138.0.0.0 Safari/537.36 Edg/138.0.0.0"
14.108.233.129 - - [15/Sep/2025:07:56:21 +0800] "GET /wp-content/uploads/2025/07/1753456723-%E5%8F%8C%E7%9B%B8%E9%92%A2roduct_Single600.webp HTTP/1.1" 200 22790 "http://cqqizhou.com/" "Mozilla/5.0 (Windows NT 10.0; Win64; x64) AppleWebKit/537.36 (KHTML, like Gecko) Chrome/138.0.0.0 Safari/537.36 Edg/138.0.0.0"
14.108.233.129 - - [15/Sep/2025:07:56:21 +0800] "GET /wp-content/uploads/2025/07/1753453127-%E4%BD%99%E5%8D%B7product_Single600%C3%97284.webp HTTP/1.1" 200 18744 "http://cqqizhou.com/" "Mozilla/5.0 (Windows NT 10.0; Win64; x64) AppleWebKit/537.36 (KHTML, like Gecko) Chrome/138.0.0.0 Safari/537.36 Edg/138.0.0.0"
14.108.233.129 - - [15/Sep/2025:07:56:21 +0800] "GET /wp-content/uploads/2025/07/1753453096-%E5%8F%8C%E7%9B%B8%E9%92%A2product_Single600%C3%97284.webp HTTP/1.1" 200 14562 "http://cqqizhou.com/" "Mozilla/5.0 (Windows NT 10.0; Win64; x64) AppleWebKit/537.36 (KHTML, like Gecko) Chrome/138.0.0.0 Safari/537.36 Edg/138.0.0.0"
14.108.233.129 - - [15/Sep/2025:07:56:21 +0800] "GET /wp-content/uploads/2025/07/1753456770-%E7%83%AD%E9%95%80%E9%94%8C%E5%8D%B7product_Single600.webp HTTP/1.1" 200 27502 "http://cqqizhou.com/" "Mozilla/5.0 (Windows NT 10.0; Win64; x64) AppleWebKit/537.36 (KHTML, like Gecko) Chrome/138.0.0.0 Safari/537.36 Edg/138.0.0.0"
14.108.233.129 - - [15/Sep/2025:07:56:22 +0800] "GET /wp-content/uploads/2025/07/1753587901-Slider_3840%C3%972160_20250727-scaled-50x100.webp HTTP/1.1" 200 1660 "http://cqqizhou.com/" "Mozilla/5.0 (Windows NT 10.0; Win64; x64) AppleWebKit/537.36 (KHTML, like Gecko) Chrome/138.0.0.0 Safari/537.36 Edg/138.0.0.0"
14.108.233.129 - - [15/Sep/2025:07:56:22 +0800] "GET /wp-content/uploads/revslider/slider-1/1750861156-logistics_Slider_3840%C3%972160_20250625191356-scaled-50x100.webp HTTP/1.1" 200 1416 "http://cqqizhou.com/" "Mozilla/5.0 (Windows NT 10.0; Win64; x64) AppleWebKit/537.36 (KHTML, like Gecko) Chrome/138.0.0.0 Safari/537.36 Edg/138.0.0.0"
14.108.233.129 - - [15/Sep/2025:07:56:22 +0800] "GET /wp-json/sliderrevolution/sliders/1?srengine=7&slideid=3 HTTP/1.1" 200 2292 "http://cqqizhou.com/" "Mozilla/5.0 (Windows NT 10.0; Win64; x64) AppleWebKit/537.36 (KHTML, like Gecko) Chrome/138.0.0.0 Safari/537.36 Edg/138.0.0.0"
14.108.233.129 - - [15/Sep/2025:07:56:22 +0800] "GET /wp-json/sliderrevolution/sliders/1?srengine=7&slideid=2 HTTP/1.1" 200 2058 "http://cqqizhou.com/" "Mozilla/5.0 (Windows NT 10.0; Win64; x64) AppleWebKit/537.36 (KHTML, like Gecko) Chrome/138.0.0.0 Safari/537.36 Edg/138.0.0.0"
14.108.233.129 - - [15/Sep/2025:07:56:22 +0800] "GET /wp-content/uploads/2025/07/1753587901-Slider_3840%C3%972160_20250727-scaled.webp HTTP/1.1" 200 141034 "http://cqqizhou.com/" "Mozilla/5.0 (Windows NT 10.0; Win64; x64) AppleWebKit/537.36 (KHTML, like Gecko) Chrome/138.0.0.0 Safari/537.36 Edg/138.0.0.0"
14.108.233.129 - - [15/Sep/2025:07:56:22 +0800] "GET /wp-content/uploads/revslider/slider-1/1750861156-logistics_Slider_3840%C3%972160_20250625191356-scaled.webp HTTP/1.1" 200 197360 "http://cqqizhou.com/" "Mozilla/5.0 (Windows NT 10.0; Win64; x64) AppleWebKit/537.36 (KHTML, like Gecko) Chrome/138.0.0.0 Safari/537.36 Edg/138.0.0.0"
36.133.115.36 - - [15/Sep/2025:08:08:12 +0800] "POST /wp-cron.php?doing_wp_cron=1757894892.2556738853454589843750 HTTP/1.1" 200 31 "-" "WordPress/6.8.2; http://cqqizhou.com"
87.120.191.70 - - [15/Sep/2025:08:08:12 +0800] "GET / HTTP/1.1" 301 5 "-" "Mozilla/5.0 (Windows NT 10.0; Win64; x64) AppleWebKit/537.36 (KHTML, like Gecko) Chrome/90.0.4430.85 Safari/537.36 Edg/90.0.818.46"
36.133.115.36 - - [15/Sep/2025:08:19:59 +0800] "POST /wp-cron.php?doing_wp_cron=1757895599.2162349224090576171875 HTTP/1.1" 200 31 "-" "WordPress/6.8.2; http://cqqizhou.com"
78.128.114.62 - - [15/Sep/2025:08:19:59 +0800] "GET / HTTP/1.1" 200 33467 "-" "Mozilla/5.0 (Windows NT 10.0; Win64; x64) AppleWebKit/537.36 (KHTML, like Gecko) Chrome/90.0.4430.85 Safari/537.36 Edg/90.0.818.46"
36.133.115.36 - - [15/Sep/2025:08:23:10 +0800] "POST /wp-cron.php?doing_wp_cron=1757895790.7649641036987304687500 HTTP/1.1" 200 31 "-" "WordPress/6.8.2; http://cqqizhou.com"
45.156.87.179 - - [15/Sep/2025:08:23:11 +0800] "GET / HTTP/1.1" 200 151919 "-" "-"
36.133.115.36 - - [15/Sep/2025:08:32:20 +0800] "POST /wp-cron.php?doing_wp_cron=1757896340.1805839538574218750000 HTTP/1.1" 200 31 "-" "WordPress/6.8.2; http://cqqizhou.com"
87.120.191.70 - - [15/Sep/2025:08:32:20 +0800] "GET / HTTP/1.1" 301 5 "-" "Mozilla/5.0 (Windows NT 10.0; Win64; x64) AppleWebKit/537.36 (KHTML, like Gecko) Chrome/90.0.4430.85 Safari/537.36 Edg/90.0.818.46"
36.133.115.36 - - [15/Sep/2025:08:34:31 +0800] "POST /wp-cron.php?doing_wp_cron=1757896471.6588280200958251953125 HTTP/1.1" 200 31 "-" "WordPress/6.8.2; http://cqqizhou.com"
45.142.193.144 - - [15/Sep/2025:08:34:31 +0800] "GET / HTTP/1.1" 200 33467 "-" "Mozilla/5.0 (Windows NT 10.0; Win64; x64) AppleWebKit/537.36 (KHTML, like Gecko) Chrome/90.0.4430.85 Safari/537.36 Edg/90.0.818.46"
36.133.115.36 - - [15/Sep/2025:08:40:13 +0800] "POST /wp-cron.php?doing_wp_cron=1757896813.0995719432830810546875 HTTP/1.1" 200 31 "-" "WordPress/6.8.2; http://cqqizhou.com"
87.120.191.6 - - [15/Sep/2025:08:40:13 +0800] "GET / HTTP/1.1" 301 5 "-" "Mozilla/5.0 (Windows NT 10.0; Win64; x64) AppleWebKit/537.36 (KHTML, like Gecko) Chrome/90.0.4430.85 Safari/537.36 Edg/90.0.818.46"
36.133.115.36 - - [15/Sep/2025:08:40:58 +0800] "POST /wp-cron.php?doing_wp_cron=1757896858.1778070926666259765625 HTTP/1.1" 200 31 "-" "WordPress/6.8.2; http://cqqizhou.com"
152.32.177.169 - - [15/Sep/2025:08:40:58 +0800] "GET / HTTP/1.1" 301 5 "-" "Mozilla/5.0 (Macintosh; Intel Mac OS X 10_15_7) AppleWebKit/537.36 (KHTML, like Gecko) Chrome/120.0.0.0 Safari/537.36 Edg/120.0.0.0"
152.32.177.169 - - [15/Sep/2025:08:41:18 +0800] "GET /robots.txt HTTP/1.1" 200 190 "-" "Mozilla/5.0 (Macintosh; Intel Mac OS X 10_7_0) AppleWebKit/535.11 (KHTML, like Gecko) Chrome/17.0.963.56 Safari/535.11"
152.32.177.169 - - [15/Sep/2025:08:41:19 +0800] "GET /sitemap.xml HTTP/1.1" 200 498 "-" "Mozilla/5.0 (Macintosh; Intel Mac OS X 10_7_0) AppleWebKit/535.11 (KHTML, like Gecko) Chrome/17.0.963.56 Safari/535.11"
36.133.115.36 - - [15/Sep/2025:08:54:34 +0800] "POST /wp-cron.php?doing_wp_cron=1757897674.3952219486236572265625 HTTP/1.1" 200 31 "-" "WordPress/6.8.2; http://cqqizhou.com"
87.120.191.70 - - [15/Sep/2025:08:54:34 +0800] "GET / HTTP/1.1" 301 5 "-" "Mozilla/5.0 (Windows NT 10.0; Win64; x64) AppleWebKit/537.36 (KHTML, like Gecko) Chrome/90.0.4430.85 Safari/537.36 Edg/90.0.818.46"
36.133.115.36 - - [15/Sep/2025:08:55:20 +0800] "POST /wp-cron.php?doing_wp_cron=1757897720.0606729984283447265625 HTTP/1.1" 200 31 "-" "WordPress/6.8.2; http://cqqizhou.com"
91.224.92.17 - - [15/Sep/2025:08:55:39 +0800] "GET / HTTP/1.1" 200 96805 "-" "-"
36.133.115.36 - - [15/Sep/2025:09:00:46 +0800] "POST /wp-cron.php?doing_wp_cron=1757898046.8786070346832275390625 HTTP/1.1" 200 31 "-" "WordPress/6.8.2; http://cqqizhou.com"
149.50.103.48 - - [15/Sep/2025:09:00:47 +0800] "GET / HTTP/1.1" 200 33467 "-" "Mozilla/5.0 (Windows NT 10.0; Win64; x64) AppleWebKit/537.36 (KHTML, like Gecko) Chrome/90.0.4430.85 Safari/537.36 Edg/90.0.818.46"
36.133.115.36 - - [15/Sep/2025:09:17:19 +0800] "POST /wp-cron.php?doing_wp_cron=1757899039.0582320690155029296875 HTTP/1.1" 200 31 "-" "WordPress/6.8.2; http://cqqizhou.com"
182.44.10.67 - - [15/Sep/2025:09:17:19 +0800] "GET / HTTP/1.1" 200 33467 "-" "Mozilla/5.0 (iPhone; CPU iPhone OS 13_2_3 like Mac OS X) AppleWebKit/605.1.15 (KHTML, like Gecko) Version/13.0.3 Mobile/15E148 Safari/604.1"
36.133.115.36 - - [15/Sep/2025:09:21:17 +0800] "POST /wp-cron.php?doing_wp_cron=1757899277.0188190937042236328125 HTTP/1.1" 200 31 "-" "WordPress/6.8.2; http://cqqizhou.com"
87.120.191.70 - - [15/Sep/2025:09:21:17 +0800] "GET / HTTP/1.1" 301 5 "-" "Mozilla/5.0 (Windows NT 10.0; Win64; x64) AppleWebKit/537.36 (KHTML, like Gecko) Chrome/90.0.4430.85 Safari/537.36 Edg/90.0.818.46"
36.133.115.36 - - [15/Sep/2025:09:25:56 +0800] "POST /wp-cron.php?doing_wp_cron=1757899556.9047698974609375000000 HTTP/1.1" 200 31 "-" "WordPress/6.8.2; http://cqqizhou.com"
46.161.50.108 - - [15/Sep/2025:09:25:56 +0800] "GET / HTTP/1.0" 301 0 "-" "Mozilla/5.0 (Macintosh; Intel Mac OS X 10_15_7) AppleWebKit/537.36 (KHTML, like Gecko) Chrome/101.0.4951.41 Safari/537.36 Edg/101.0.1210.32"
95.215.0.144 - - [15/Sep/2025:09:26:38 +0800] "GET /aaa9 HTTP/1.1" 301 5 "-" "Mozilla/5.0 (Windows NT 10.0; Win64; x64) AppleWebKit/537.36 (KHTML, like Gecko) Chrome/70.0.3538.77 Safari/537.36"
95.215.0.144 - - [15/Sep/2025:09:26:42 +0800] "GET /aab9 HTTP/1.1" 301 5 "-" "Mozilla/5.0 (Windows NT 10.0; Win64; x64) AppleWebKit/537.36 (KHTML, like Gecko) Chrome/70.0.3538.77 Safari/537.36"
36.133.115.36 - - [15/Sep/2025:09:39:46 +0800] "POST /wp-cron.php?doing_wp_cron=1757900385.9969580173492431640625 HTTP/1.1" 200 31 "-" "WordPress/6.8.2; http://cqqizhou.com"
194.187.251.91 - - [15/Sep/2025:09:39:46 +0800] "GET / HTTP/1.1" 301 5 "-" "Mozilla/5.0 (Windows NT 10.0; Win64; x64)"
194.187.251.91 - - [15/Sep/2025:09:39:47 +0800] "GET / HTTP/1.1" 200 165874 "-" "Mozilla/5.0 (Windows NT 10.0; Win64; x64)"
194.187.251.91 - - [15/Sep/2025:09:39:49 +0800] "GET /phpmyadmin/ HTTP/1.1" 404 31381 "-" "Mozilla/5.0 (Windows NT 10.0; Win64; x64)"
194.187.251.91 - - [15/Sep/2025:09:39:51 +0800] "GET /phpMyAdmin/ HTTP/1.1" 404 31381 "-" "Mozilla/5.0 (Windows NT 10.0; Win64; x64)"
194.187.251.91 - - [15/Sep/2025:09:39:54 +0800] "GET /pma/ HTTP/1.1" 404 31381 "-" "Mozilla/5.0 (Windows NT 10.0; Win64; x64)"
194.187.251.91 - - [15/Sep/2025:09:39:56 +0800] "GET /myadmin/ HTTP/1.1" 404 31381 "-" "Mozilla/5.0 (Windows NT 10.0; Win64; x64)"
36.133.115.36 - - [15/Sep/2025:09:41:16 +0800] "POST /wp-cron.php?doing_wp_cron=1757900476.0767099857330322265625 HTTP/1.1" 200 31 "-" "WordPress/6.8.2; http://cqqizhou.com"
196.251.84.253 - - [15/Sep/2025:09:41:16 +0800] "GET / HTTP/1.0" 200 151897 "-" "Mozilla/5.0 (X11; Linux x86_64; rv:140.0) Gecko/20100101 Firefox/140.0"
36.133.115.36 - - [15/Sep/2025:09:44:54 +0800] "POST /wp-cron.php?doing_wp_cron=1757900694.9374439716339111328125 HTTP/1.1" 200 31 "-" "WordPress/6.8.2; http://cqqizhou.com"
34.138.140.106 - - [15/Sep/2025:09:44:55 +0800] "GET /robots.txt HTTP/1.1" 200 190 "-" "Python/3.10 aiohttp/3.12.13"
34.138.140.106 - - [15/Sep/2025:09:44:55 +0800] "GET /wp-sitemap.xml HTTP/1.1" 501 253 "-" "Python/3.10 aiohttp/3.12.13"
36.133.115.36 - - [15/Sep/2025:09:45:54 +0800] "POST /wp-cron.php?doing_wp_cron=1757900754.6071629524230957031250 HTTP/1.1" 200 31 "-" "WordPress/6.8.2; http://cqqizhou.com"
87.120.191.70 - - [15/Sep/2025:09:45:54 +0800] "GET / HTTP/1.1" 301 5 "-" "Mozilla/5.0 (Windows NT 10.0; Win64; x64) AppleWebKit/537.36 (KHTML, like Gecko) Chrome/90.0.4430.85 Safari/537.36 Edg/90.0.818.46"
45.142.193.144 - - [15/Sep/2025:09:46:06 +0800] "GET / HTTP/1.1" 200 33468 "-" "Mozilla/5.0 (Windows NT 10.0; Win64; x64) AppleWebKit/537.36 (KHTML, like Gecko) Chrome/90.0.4430.85 Safari/537.36 Edg/90.0.818.46"
36.133.115.36 - - [15/Sep/2025:09:52:58 +0800] "POST /wp-cron.php?doing_wp_cron=1757901178.1901810169219970703125 HTTP/1.1" 200 31 "-" "WordPress/6.8.2; http://cqqizhou.com"
87.120.191.6 - - [15/Sep/2025:09:52:58 +0800] "GET / HTTP/1.1" 301 5 "-" "Mozilla/5.0 (Windows NT 10.0; Win64; x64) AppleWebKit/537.36 (KHTML, like Gecko) Chrome/90.0.4430.85 Safari/537.36 Edg/90.0.818.46"
36.133.115.36 - - [15/Sep/2025:09:53:47 +0800] "POST /wp-cron.php?doing_wp_cron=1757901227.0911929607391357421875 HTTP/1.1" 200 31 "-" "WordPress/6.8.2; http://cqqizhou.com"
103.42.117.165 - - [15/Sep/2025:09:53:47 +0800] "POST /xmlrpc.php HTTP/1.1" 200 217 "-" "Mozilla/5.0 (X11; Ubuntu; Linux x86_64; rv:85.0) Gecko/20100101 Firefox/91.0"
36.133.115.36 - - [15/Sep/2025:10:03:25 +0800] "POST /wp-cron.php?doing_wp_cron=1757901805.0512740612030029296875 HTTP/1.1" 200 31 "-" "WordPress/6.8.2; http://cqqizhou.com"
