HEX
Server: nginx/1.16.1
System: Linux ecs-04358622 4.19.90-2107.6.0.0100.oe1.bclinux.x86_64 #1 SMP Wed Dec 1 19:59:44 CST 2021 x86_64
User: nginx (994)
PHP: 8.0.0
Disabled: NONE
Upload Files
File: /home/logs/cqqizhou_access_2025-09-12.log
36.133.115.36 - - [12/Sep/2025:00:07:03 +0800] "POST /wp-cron.php?doing_wp_cron=1757606823.5725929737091064453125 HTTP/1.1" 200 31 "-" "WordPress/6.8.2; http://cqqizhou.com"
3.96.48.139 - - [12/Sep/2025:00:07:03 +0800] "GET / HTTP/1.1" 301 5 "-" "l9tcpid/v1.1.0"
3.96.48.139 - - [12/Sep/2025:00:07:05 +0800] "GET /.git/config HTTP/1.1" 404 8989 "-" "l9explore/1.2.2"
36.133.115.36 - - [12/Sep/2025:00:16:45 +0800] "POST /wp-cron.php?doing_wp_cron=1757607405.3897700309753417968750 HTTP/1.1" 200 31 "-" "WordPress/6.8.2; http://cqqizhou.com"
18.61.25.253 - - [12/Sep/2025:00:16:45 +0800] "GET /.git/config HTTP/1.1" 404 8989 "-" "l9explore/1.2.2"
36.133.115.36 - - [12/Sep/2025:00:26:28 +0800] "POST /wp-cron.php?doing_wp_cron=1757607988.0018649101257324218750 HTTP/1.1" 200 31 "-" "WordPress/6.8.2; http://cqqizhou.com"
3.96.48.139 - - [12/Sep/2025:00:26:28 +0800] "GET / HTTP/1.1" 301 5 "-" "l9tcpid/v1.1.0"
3.96.48.139 - - [12/Sep/2025:00:26:30 +0800] "GET /.git/config HTTP/1.1" 404 8989 "-" "l9explore/1.2.2"
36.133.115.36 - - [12/Sep/2025:00:28:10 +0800] "POST /wp-cron.php?doing_wp_cron=1757608090.1838629245758056640625 HTTP/1.1" 200 31 "-" "WordPress/6.8.2; http://cqqizhou.com"
15.156.69.58 - - [12/Sep/2025:00:28:10 +0800] "GET / HTTP/1.1" 301 5 "-" "l9tcpid/v1.1.0"
15.156.69.58 - - [12/Sep/2025:00:28:13 +0800] "GET /.git/config HTTP/1.1" 404 8989 "-" "l9explore/1.2.2"
36.133.115.36 - - [12/Sep/2025:00:46:43 +0800] "POST /wp-cron.php?doing_wp_cron=1757609203.8067920207977294921875 HTTP/1.1" 200 31 "-" "WordPress/6.8.2; http://cqqizhou.com"
15.160.47.63 - - [12/Sep/2025:00:46:43 +0800] "GET / HTTP/1.1" 301 5 "-" "l9tcpid/v1.1.0"
15.160.47.63 - - [12/Sep/2025:00:46:45 +0800] "GET /.git/config HTTP/1.1" 404 8989 "-" "l9explore/1.2.2"
36.133.115.36 - - [12/Sep/2025:00:48:35 +0800] "POST /wp-cron.php?doing_wp_cron=1757609315.4131040573120117187500 HTTP/1.1" 200 31 "-" "WordPress/6.8.2; http://cqqizhou.com"
15.160.117.88 - - [12/Sep/2025:00:48:35 +0800] "GET / HTTP/1.1" 301 5 "-" "l9tcpid/v1.1.0"
15.160.117.88 - - [12/Sep/2025:00:48:36 +0800] "GET /.git/config HTTP/1.1" 404 8989 "-" "l9explore/1.2.2"
36.133.115.36 - - [12/Sep/2025:00:50:33 +0800] "POST /wp-cron.php?doing_wp_cron=1757609433.1569349765777587890625 HTTP/1.1" 200 31 "-" "WordPress/6.8.2; http://cqqizhou.com"
43.166.239.145 - - [12/Sep/2025:00:50:33 +0800] "GET / HTTP/1.1" 200 33467 "-" "Mozilla/5.0 (iPhone; CPU iPhone OS 13_2_3 like Mac OS X) AppleWebKit/605.1.15 (KHTML, like Gecko) Version/13.0.3 Mobile/15E148 Safari/604.1"
36.133.115.36 - - [12/Sep/2025:00:55:19 +0800] "POST /wp-cron.php?doing_wp_cron=1757609719.3226220607757568359375 HTTP/1.1" 200 31 "-" "WordPress/6.8.2; http://cqqizhou.com"
149.50.103.48 - - [12/Sep/2025:00:55:19 +0800] "GET / HTTP/1.1" 200 33467 "-" "Mozilla/5.0 (Windows NT 10.0; Win64; x64) AppleWebKit/537.36 (KHTML, like Gecko) Chrome/90.0.4430.85 Safari/537.36 Edg/90.0.818.46"
36.133.115.36 - - [12/Sep/2025:00:59:25 +0800] "POST /wp-cron.php?doing_wp_cron=1757609965.1292519569396972656250 HTTP/1.1" 200 31 "-" "WordPress/6.8.2; http://cqqizhou.com"
51.210.194.206 - - [12/Sep/2025:00:59:25 +0800] "POST /xmlrpc.php HTTP/1.1" 200 217 "-" "Mozilla/5.0 (X11; Ubuntu; Linux x86_64; rv:85.0) Gecko/20100101 Firefox/91.0"
36.133.115.36 - - [12/Sep/2025:01:03:40 +0800] "POST /wp-cron.php?doing_wp_cron=1757610220.1044950485229492187500 HTTP/1.1" 200 31 "-" "WordPress/6.8.2; http://cqqizhou.com"
43.156.228.27 - - [12/Sep/2025:01:03:40 +0800] "GET /wp-json/oembed/1.0/embed?url=http%3A%2F%2Fcqqizhou.com%2F HTTP/1.1" 200 1097 "-" "Mozilla/5.0 (iPhone; CPU iPhone OS 13_2_3 like Mac OS X) AppleWebKit/605.1.15 (KHTML, like Gecko) Version/13.0.3 Mobile/15E148 Safari/604.1"
109.199.118.129 - - [12/Sep/2025:01:04:19 +0800] "GET / HTTP/1.1" 200 39369 "-" "Mozilla/5.0 (Windows NT 10.0; Win64; x64) AppleWebKit/537.36 (KHTML, like Gecko) Chrome/91.0.4472.114 Safari/537.36 Edg/91.0.864.54"
17.241.219.182 - - [12/Sep/2025:01:12:37 +0800] "GET /portfolio-category/dual-phase-steel/ HTTP/1.1" 200 20860 "-" "Mozilla/5.0 (Macintosh; Intel Mac OS X 10_15_7) AppleWebKit/605.1.15 (KHTML, like Gecko) Version/17.4 Safari/605.1.15 (Applebot/0.1; +http://www.apple.com/go/applebot)"
43.165.189.206 - - [12/Sep/2025:01:15:57 +0800] "GET /material.html HTTP/1.1" 200 6459 "-" "Mozilla/5.0 (iPhone; CPU iPhone OS 13_2_3 like Mac OS X) AppleWebKit/605.1.15 (KHTML, like Gecko) Version/13.0.3 Mobile/15E148 Safari/604.1"
36.133.115.36 - - [12/Sep/2025:01:17:04 +0800] "POST /wp-cron.php?doing_wp_cron=1757611023.9707489013671875000000 HTTP/1.1" 200 31 "-" "WordPress/6.8.2; http://cqqizhou.com"
37.120.217.134 - - [12/Sep/2025:01:17:04 +0800] "GET /.git/config HTTP/1.1" 404 31381 "-" "Mozilla/5.0 (Windows NT 10.0; rv:91.0) Gecko/20100101 Firefox/91.0"
36.133.115.36 - - [12/Sep/2025:01:18:31 +0800] "POST /wp-cron.php?doing_wp_cron=1757611111.5238549709320068359375 HTTP/1.1" 200 31 "-" "WordPress/6.8.2; http://cqqizhou.com"
119.8.169.21 - - [12/Sep/2025:01:18:31 +0800] "POST /hello.world?%ADd+allow_url_include%3d1+%ADd+auto_prepend_file%3dphp://input HTTP/1.1" 404 31381 "-" "libredtail-http"
119.8.169.21 - - [12/Sep/2025:01:18:32 +0800] "POST /?%ADd+allow_url_include%3d1+%ADd+auto_prepend_file%3dphp://input HTTP/1.1" 200 151919 "-" "libredtail-http"
119.8.169.21 - - [12/Sep/2025:01:18:33 +0800] "GET /vendor/phpunit/phpunit/src/Util/PHP/eval-stdin.php HTTP/1.1" 404 27 "-" "libredtail-http"
119.8.169.21 - - [12/Sep/2025:01:18:33 +0800] "GET /vendor/phpunit/phpunit/Util/PHP/eval-stdin.php HTTP/1.1" 404 27 "-" "libredtail-http"
119.8.169.21 - - [12/Sep/2025:01:18:33 +0800] "GET /vendor/phpunit/src/Util/PHP/eval-stdin.php HTTP/1.1" 404 27 "-" "libredtail-http"
119.8.169.21 - - [12/Sep/2025:01:18:33 +0800] "GET /vendor/phpunit/Util/PHP/eval-stdin.php HTTP/1.1" 404 27 "-" "libredtail-http"
119.8.169.21 - - [12/Sep/2025:01:18:33 +0800] "GET /vendor/phpunit/phpunit/LICENSE/eval-stdin.php HTTP/1.1" 404 27 "-" "libredtail-http"
119.8.169.21 - - [12/Sep/2025:01:18:34 +0800] "GET /vendor/vendor/phpunit/phpunit/src/Util/PHP/eval-stdin.php HTTP/1.1" 404 27 "-" "libredtail-http"
119.8.169.21 - - [12/Sep/2025:01:18:34 +0800] "GET /phpunit/phpunit/src/Util/PHP/eval-stdin.php HTTP/1.1" 404 27 "-" "libredtail-http"
119.8.169.21 - - [12/Sep/2025:01:18:34 +0800] "GET /phpunit/phpunit/Util/PHP/eval-stdin.php HTTP/1.1" 404 27 "-" "libredtail-http"
119.8.169.21 - - [12/Sep/2025:01:18:34 +0800] "GET /phpunit/src/Util/PHP/eval-stdin.php HTTP/1.1" 404 27 "-" "libredtail-http"
119.8.169.21 - - [12/Sep/2025:01:18:34 +0800] "GET /phpunit/Util/PHP/eval-stdin.php HTTP/1.1" 404 27 "-" "libredtail-http"
119.8.169.21 - - [12/Sep/2025:01:18:34 +0800] "GET /lib/phpunit/phpunit/src/Util/PHP/eval-stdin.php HTTP/1.1" 404 27 "-" "libredtail-http"
119.8.169.21 - - [12/Sep/2025:01:18:35 +0800] "GET /lib/phpunit/phpunit/Util/PHP/eval-stdin.php HTTP/1.1" 404 27 "-" "libredtail-http"
119.8.169.21 - - [12/Sep/2025:01:18:35 +0800] "GET /lib/phpunit/src/Util/PHP/eval-stdin.php HTTP/1.1" 404 27 "-" "libredtail-http"
119.8.169.21 - - [12/Sep/2025:01:18:35 +0800] "GET /lib/phpunit/Util/PHP/eval-stdin.php HTTP/1.1" 404 27 "-" "libredtail-http"
119.8.169.21 - - [12/Sep/2025:01:18:35 +0800] "GET /lib/vendor/phpunit/phpunit/src/Util/PHP/eval-stdin.php HTTP/1.1" 404 27 "-" "libredtail-http"
119.8.169.21 - - [12/Sep/2025:01:18:35 +0800] "GET /laravel/vendor/phpunit/phpunit/src/Util/PHP/eval-stdin.php HTTP/1.1" 404 27 "-" "libredtail-http"
119.8.169.21 - - [12/Sep/2025:01:18:36 +0800] "GET /www/vendor/phpunit/phpunit/src/Util/PHP/eval-stdin.php HTTP/1.1" 404 27 "-" "libredtail-http"
119.8.169.21 - - [12/Sep/2025:01:18:36 +0800] "GET /ws/vendor/phpunit/phpunit/src/Util/PHP/eval-stdin.php HTTP/1.1" 404 27 "-" "libredtail-http"
119.8.169.21 - - [12/Sep/2025:01:18:36 +0800] "GET /yii/vendor/phpunit/phpunit/src/Util/PHP/eval-stdin.php HTTP/1.1" 404 27 "-" "libredtail-http"
119.8.169.21 - - [12/Sep/2025:01:18:36 +0800] "GET /zend/vendor/phpunit/phpunit/src/Util/PHP/eval-stdin.php HTTP/1.1" 404 27 "-" "libredtail-http"
119.8.169.21 - - [12/Sep/2025:01:18:36 +0800] "GET /ws/ec/vendor/phpunit/phpunit/src/Util/PHP/eval-stdin.php HTTP/1.1" 404 27 "-" "libredtail-http"
119.8.169.21 - - [12/Sep/2025:01:18:37 +0800] "GET /V2/vendor/phpunit/phpunit/src/Util/PHP/eval-stdin.php HTTP/1.1" 404 27 "-" "libredtail-http"
119.8.169.21 - - [12/Sep/2025:01:18:37 +0800] "GET /tests/vendor/phpunit/phpunit/src/Util/PHP/eval-stdin.php HTTP/1.1" 404 27 "-" "libredtail-http"
119.8.169.21 - - [12/Sep/2025:01:18:37 +0800] "GET /test/vendor/phpunit/phpunit/src/Util/PHP/eval-stdin.php HTTP/1.1" 404 27 "-" "libredtail-http"
119.8.169.21 - - [12/Sep/2025:01:18:37 +0800] "GET /testing/vendor/phpunit/phpunit/src/Util/PHP/eval-stdin.php HTTP/1.1" 404 27 "-" "libredtail-http"
119.8.169.21 - - [12/Sep/2025:01:18:37 +0800] "GET /api/vendor/phpunit/phpunit/src/Util/PHP/eval-stdin.php HTTP/1.1" 404 27 "-" "libredtail-http"
119.8.169.21 - - [12/Sep/2025:01:18:38 +0800] "GET /demo/vendor/phpunit/phpunit/src/Util/PHP/eval-stdin.php HTTP/1.1" 404 27 "-" "libredtail-http"
119.8.169.21 - - [12/Sep/2025:01:18:38 +0800] "GET /cms/vendor/phpunit/phpunit/src/Util/PHP/eval-stdin.php HTTP/1.1" 404 27 "-" "libredtail-http"
119.8.169.21 - - [12/Sep/2025:01:18:38 +0800] "GET /crm/vendor/phpunit/phpunit/src/Util/PHP/eval-stdin.php HTTP/1.1" 404 27 "-" "libredtail-http"
119.8.169.21 - - [12/Sep/2025:01:18:38 +0800] "GET /admin/vendor/phpunit/phpunit/src/Util/PHP/eval-stdin.php HTTP/1.1" 404 27 "-" "libredtail-http"
119.8.169.21 - - [12/Sep/2025:01:18:38 +0800] "GET /backup/vendor/phpunit/phpunit/src/Util/PHP/eval-stdin.php HTTP/1.1" 404 27 "-" "libredtail-http"
119.8.169.21 - - [12/Sep/2025:01:18:39 +0800] "GET /blog/vendor/phpunit/phpunit/src/Util/PHP/eval-stdin.php HTTP/1.1" 404 27 "-" "libredtail-http"
119.8.169.21 - - [12/Sep/2025:01:18:39 +0800] "GET /workspace/drupal/vendor/phpunit/phpunit/src/Util/PHP/eval-stdin.php HTTP/1.1" 404 27 "-" "libredtail-http"
119.8.169.21 - - [12/Sep/2025:01:18:39 +0800] "GET /panel/vendor/phpunit/phpunit/src/Util/PHP/eval-stdin.php HTTP/1.1" 404 27 "-" "libredtail-http"
119.8.169.21 - - [12/Sep/2025:01:18:39 +0800] "GET /public/vendor/phpunit/phpunit/src/Util/PHP/eval-stdin.php HTTP/1.1" 404 27 "-" "libredtail-http"
119.8.169.21 - - [12/Sep/2025:01:18:40 +0800] "GET /apps/vendor/phpunit/phpunit/src/Util/PHP/eval-stdin.php HTTP/1.1" 404 27 "-" "libredtail-http"
119.8.169.21 - - [12/Sep/2025:01:18:40 +0800] "GET /app/vendor/phpunit/phpunit/src/Util/PHP/eval-stdin.php HTTP/1.1" 404 27 "-" "libredtail-http"
119.8.169.21 - - [12/Sep/2025:01:18:41 +0800] "GET /index.php?s=/index/\x5Cthink\x5Capp/invokefunction&function=call_user_func_array&vars[0]=md5&vars[1][]=Hello HTTP/1.1" 200 65160 "-" "libredtail-http"
119.8.169.21 - - [12/Sep/2025:01:18:41 +0800] "GET /public/index.php?s=/index/\x5Cthink\x5Capp/invokefunction&function=call_user_func_array&vars[0]=md5&vars[1][]=Hello HTTP/1.1" 404 27 "-" "libredtail-http"
119.8.169.21 - - [12/Sep/2025:01:18:42 +0800] "GET /index.php?lang=../../../../../../../../usr/local/lib/php/pearcmd&+config-create+/&/<?echo(md5(\x22hi\x22));?>+/tmp/index1.php HTTP/1.1" 200 151919 "-" "libredtail-http"
119.8.169.21 - - [12/Sep/2025:01:18:43 +0800] "GET /index.php?lang=../../../../../../../../tmp/index1 HTTP/1.1" 200 151919 "-" "libredtail-http"
119.8.169.21 - - [12/Sep/2025:01:18:45 +0800] "GET /containers/json HTTP/1.1" 301 5 "-" "libredtail-http"
36.133.115.36 - - [12/Sep/2025:01:18:46 +0800] "POST /wp-cron.php?doing_wp_cron=1757611126.0144169330596923828125 HTTP/1.1" 200 31 "-" "WordPress/6.8.2; http://cqqizhou.com"
119.8.169.21 - - [12/Sep/2025:01:18:46 +0800] "GET /containers/json HTTP/1.1" 301 5 "-" "libredtail-http"
36.133.115.36 - - [12/Sep/2025:01:20:38 +0800] "POST /wp-cron.php?doing_wp_cron=1757611238.1640141010284423828125 HTTP/1.1" 200 31 "-" "WordPress/6.8.2; http://cqqizhou.com"
110.166.71.39 - - [12/Sep/2025:01:20:38 +0800] "GET / HTTP/1.1" 301 5 "-" "Mozilla/5.0 (iPhone; CPU iPhone OS 13_2_3 like Mac OS X) AppleWebKit/605.1.15 (KHTML, like Gecko) Version/13.0.3 Mobile/15E148 Safari/604.1"
45.135.193.100 - - [12/Sep/2025:01:20:38 +0800] "GET / HTTP/1.1" 301 5 "-" "-"
36.133.115.36 - - [12/Sep/2025:01:22:20 +0800] "POST /wp-cron.php?doing_wp_cron=1757611340.7257039546966552734375 HTTP/1.1" 200 31 "-" "WordPress/6.8.2; http://cqqizhou.com"
196.251.81.194 - - [12/Sep/2025:01:22:20 +0800] "GET /.env HTTP/1.1" 404 8988 "-" "Mozilla/5.0 (PLAYSTATION 3; 1.10)"
36.133.115.36 - - [12/Sep/2025:01:22:48 +0800] "POST /wp-cron.php?doing_wp_cron=1757611368.3073039054870605468750 HTTP/1.1" 200 31 "-" "WordPress/6.8.2; http://cqqizhou.com"
91.224.92.17 - - [12/Sep/2025:01:23:07 +0800] "GET / HTTP/1.1" 200 96805 "-" "-"
36.133.115.36 - - [12/Sep/2025:01:31:27 +0800] "POST /wp-cron.php?doing_wp_cron=1757611887.8023519515991210937500 HTTP/1.1" 200 31 "-" "WordPress/6.8.2; http://cqqizhou.com"
43.135.142.37 - - [12/Sep/2025:01:31:27 +0800] "GET / HTTP/1.1" 301 5 "-" "Mozilla/5.0 (iPhone; CPU iPhone OS 13_2_3 like Mac OS X) AppleWebKit/605.1.15 (KHTML, like Gecko) Version/13.0.3 Mobile/15E148 Safari/604.1"
43.135.142.37 - - [12/Sep/2025:01:31:31 +0800] "GET / HTTP/1.1" 200 33467 "http://www.cqqizhou.com" "Mozilla/5.0 (iPhone; CPU iPhone OS 13_2_3 like Mac OS X) AppleWebKit/605.1.15 (KHTML, like Gecko) Version/13.0.3 Mobile/15E148 Safari/604.1"
52.167.144.204 - - [12/Sep/2025:01:34:22 +0800] "GET /club/ HTTP/1.1" 200 13062 "-" "Mozilla/5.0 AppleWebKit/537.36 (KHTML, like Gecko; compatible; bingbot/2.0; +http://www.bing.com/bingbot.htm) Chrome/116.0.1938.76 Safari/537.36"
36.133.115.36 - - [12/Sep/2025:01:37:00 +0800] "POST /wp-cron.php?doing_wp_cron=1757612220.1207139492034912109375 HTTP/1.1" 200 31 "-" "WordPress/6.8.2; http://cqqizhou.com"
162.241.174.216 - - [12/Sep/2025:01:37:00 +0800] "POST /xmlrpc.php HTTP/1.1" 200 217 "-" "Mozilla/5.0 (X11; Ubuntu; Linux x86_64; rv:85.0) Gecko/20100101 Firefox/91.0"
36.133.115.36 - - [12/Sep/2025:01:38:25 +0800] "POST /wp-cron.php?doing_wp_cron=1757612305.4074039459228515625000 HTTP/1.1" 200 31 "-" "WordPress/6.8.2; http://cqqizhou.com"
52.167.144.231 - - [12/Sep/2025:01:38:25 +0800] "GET /?s= HTTP/1.1" 200 19545 "-" "Mozilla/5.0 AppleWebKit/537.36 (KHTML, like Gecko; compatible; bingbot/2.0; +http://www.bing.com/bingbot.htm) Chrome/116.0.1938.76 Safari/537.36"
36.133.115.36 - - [12/Sep/2025:01:39:49 +0800] "POST /wp-cron.php?doing_wp_cron=1757612389.9628090858459472656250 HTTP/1.1" 200 31 "-" "WordPress/6.8.2; http://cqqizhou.com"
115.159.33.43 - - [12/Sep/2025:01:39:50 +0800] "GET / HTTP/1.1" 301 5 "-" "Mozilla/5.0 (Windows NT 10.0; Win64; x64) AppleWebKit/537.36 (KHTML, like Gecko) Chrome/79.0.3945.117 Safari/537.36"
36.133.115.36 - - [12/Sep/2025:01:46:41 +0800] "POST /wp-cron.php?doing_wp_cron=1757612801.0004560947418212890625 HTTP/1.1" 200 31 "-" "WordPress/6.8.2; http://cqqizhou.com"
93.174.93.12 - - [12/Sep/2025:01:46:41 +0800] "GET / HTTP/1.0" 301 0 "-" "Mozilla/5.0 (Windows NT 6.1; Win64; x64) AppleWebKit/537.36 (KHTML, like Gecko) Chrome/76.0.3809.100 Safari/537.36"
36.133.115.36 - - [12/Sep/2025:01:56:57 +0800] "POST /wp-cron.php?doing_wp_cron=1757613417.6179931163787841796875 HTTP/1.1" 200 31 "-" "WordPress/6.8.2; http://cqqizhou.com"
196.251.69.194 - - [12/Sep/2025:01:56:58 +0800] "GET / HTTP/1.0" 200 151897 "-" "Mozilla/5.0 (X11; Linux x86_64; rv:140.0) Gecko/20100101 Firefox/140.0"
36.133.115.36 - - [12/Sep/2025:02:02:14 +0800] "POST /wp-cron.php?doing_wp_cron=1757613734.7957220077514648437500 HTTP/1.1" 200 31 "-" "WordPress/6.8.2; http://cqqizhou.com"
149.50.103.48 - - [12/Sep/2025:02:02:15 +0800] "GET / HTTP/1.1" 200 33466 "-" "Mozilla/5.0 (Windows NT 10.0; Win64; x64) AppleWebKit/537.36 (KHTML, like Gecko) Chrome/90.0.4430.85 Safari/537.36 Edg/90.0.818.46"
36.133.115.36 - - [12/Sep/2025:02:06:33 +0800] "POST /wp-cron.php?doing_wp_cron=1757613993.3763399124145507812500 HTTP/1.1" 200 31 "-" "WordPress/6.8.2; http://cqqizhou.com"
45.135.193.100 - - [12/Sep/2025:02:06:33 +0800] "GET / HTTP/1.1" 301 5 "-" "-"
36.133.115.36 - - [12/Sep/2025:02:06:59 +0800] "POST /wp-cron.php?doing_wp_cron=1757614019.1761820316314697265625 HTTP/1.1" 200 31 "-" "WordPress/6.8.2; http://cqqizhou.com"
34.138.198.129 - - [12/Sep/2025:02:06:59 +0800] "HEAD /old HTTP/1.1" 404 0 "-" "Mozilla/5.0 (iPad; CPU OS 16_6 like Mac OS X) AppleWebKit/605.1.15 (KHTML, like Gecko) Version/16.6 Mobile/15E148 Safari/604.1"
34.138.198.129 - - [12/Sep/2025:02:06:59 +0800] "HEAD / HTTP/1.1" 200 0 "-" "Mozilla/5.0 (Windows NT 10.0; Win64; x64) AppleWebKit/537.36 (KHTML, like Gecko) Chrome/121.0.6167.140 Safari/537.36 Vivaldi/6.4.3160.47"
34.138.198.129 - - [12/Sep/2025:02:07:00 +0800] "HEAD /wordpress HTTP/1.1" 404 0 "-" "Mozilla/5.0 (Linux; Android 12; CPH2381) AppleWebKit/537.36 (KHTML, like Gecko) Chrome/119.0.6045.163 Mobile Safari/537.36 OPR/76.3.4027.73374"
34.138.198.129 - - [12/Sep/2025:02:07:01 +0800] "HEAD /bc HTTP/1.1" 404 0 "-" "Mozilla/5.0 (iPhone; CPU iPhone OS 17_2 like Mac OS X) AppleWebKit/605.1.15 (KHTML, like Gecko) CriOS/124.0.6367.56 Mobile/15E148 Safari/604.1"
34.138.198.129 - - [12/Sep/2025:02:07:02 +0800] "HEAD /backup HTTP/1.1" 404 0 "-" "Mozilla/5.0 (Macintosh; Intel Mac OS X 14_2) AppleWebKit/537.36 (KHTML, like Gecko) Chrome/121.0.6167.86 Safari/537.36 Brave/1.62.162"
34.138.198.129 - - [12/Sep/2025:02:07:02 +0800] "HEAD /home HTTP/1.1" 301 0 "-" "Mozilla/5.0 (Windows NT 10.0; Win64; x64) AppleWebKit/537.36 (KHTML, like Gecko) Chrome/123.0.6312.86 Safari/537.36"
34.138.198.129 - - [12/Sep/2025:02:07:03 +0800] "HEAD / HTTP/1.1" 200 0 "http://cqqizhou.com/home" "Mozilla/5.0 (Windows NT 10.0; Win64; x64) AppleWebKit/537.36 (KHTML, like Gecko) Chrome/123.0.6312.86 Safari/537.36"
34.138.198.129 - - [12/Sep/2025:02:07:04 +0800] "HEAD /bk HTTP/1.1" 404 0 "-" "Mozilla/5.0 (Macintosh; Intel Mac OS X 14_3) AppleWebKit/537.36 (KHTML, like Gecko) Chrome/125.0.6422.60 Safari/537.36 Edg/125.0.2535.51"
34.138.198.129 - - [12/Sep/2025:02:07:04 +0800] "HEAD /wp HTTP/1.1" 404 0 "-" "Mozilla/5.0 (Windows NT 10.0; Win64; x64) AppleWebKit/537.36 (KHTML, like Gecko) Chrome/120.0.6099.224 Safari/537.36 OPR/106.0.0.0"
34.138.198.129 - - [12/Sep/2025:02:07:05 +0800] "HEAD /new HTTP/1.1" 301 0 "-" "Mozilla/5.0 (Windows NT 11.0; Win64; x64) AppleWebKit/537.36 (KHTML, like Gecko) Chrome/124.0.6367.62 Safari/537.36"
34.138.198.129 - - [12/Sep/2025:02:07:06 +0800] "HEAD /news/ HTTP/1.1" 200 0 "http://cqqizhou.com/new" "Mozilla/5.0 (Windows NT 11.0; Win64; x64) AppleWebKit/537.36 (KHTML, like Gecko) Chrome/124.0.6367.62 Safari/537.36"
34.138.198.129 - - [12/Sep/2025:02:07:06 +0800] "HEAD /main HTTP/1.1" 404 0 "-" "Mozilla/5.0 (Macintosh; Intel Mac OS X 13_6) AppleWebKit/537.36 (KHTML, like Gecko) Chrome/122.0.6280.88 Safari/537.36"
36.133.115.36 - - [12/Sep/2025:02:08:33 +0800] "POST /wp-cron.php?doing_wp_cron=1757614113.2542719841003417968750 HTTP/1.1" 200 31 "-" "WordPress/6.8.2; http://cqqizhou.com"
160.251.96.90 - - [12/Sep/2025:02:08:33 +0800] "POST /xmlrpc.php HTTP/1.1" 200 217 "-" "Mozilla/5.0 (X11; Ubuntu; Linux x86_64; rv:85.0) Gecko/20100101 Firefox/91.0"
17.241.219.114 - - [12/Sep/2025:02:31:25 +0800] "GET /portfolio-category/cold-rolled-coil/ HTTP/1.1" 200 20900 "-" "Mozilla/5.0 (Macintosh; Intel Mac OS X 10_15_7) AppleWebKit/605.1.15 (KHTML, like Gecko) Version/17.4 Safari/605.1.15 (Applebot/0.1; +http://www.apple.com/go/applebot)"
36.133.115.36 - - [12/Sep/2025:02:36:29 +0800] "POST /wp-cron.php?doing_wp_cron=1757615789.9364249706268310546875 HTTP/1.1" 200 31 "-" "WordPress/6.8.2; http://cqqizhou.com"
20.171.207.221 - - [12/Sep/2025:02:36:29 +0800] "GET /wp-sitemap.xml HTTP/1.1" 501 253 "-" "Mozilla/5.0 AppleWebKit/537.36 (KHTML, like Gecko; compatible; GPTBot/1.2; +https://openai.com/gptbot)"
4.227.36.10 - - [12/Sep/2025:02:36:30 +0800] "GET /robots.txt HTTP/1.1" 200 190 "-" "Mozilla/5.0 AppleWebKit/537.36 (KHTML, like Gecko; compatible; GPTBot/1.2; +https://openai.com/gptbot)"
36.133.115.36 - - [12/Sep/2025:02:42:04 +0800] "POST /wp-cron.php?doing_wp_cron=1757616123.9723479747772216796875 HTTP/1.1" 200 31 "-" "WordPress/6.8.2; http://cqqizhou.com"
121.144.120.196 - - [12/Sep/2025:02:42:04 +0800] "POST /xmlrpc.php HTTP/1.1" 200 217 "-" "Mozilla/5.0 (X11; Ubuntu; Linux x86_64; rv:85.0) Gecko/20100101 Firefox/91.0"
61.155.157.14 - - [12/Sep/2025:03:06:04 +0800] "GET / HTTP/1.1" 200 39369 "-" "Mozilla/5.0 (Windows NT 10.0; Win64; x64) AppleWebKit/537.36 (KHTML, like Gecko) Chrome/100.0.4896.127 Safari/537.36"
61.155.157.14 - - [12/Sep/2025:03:06:06 +0800] "GET /wp-content/uploads/2025/07/1751425283-qizhou.kf_.qq_.com_.webp HTTP/1.1" 200 16864 "http://cqqizhou.com/" "Mozilla/5.0 (Windows NT 10.0; Win64; x64) AppleWebKit/537.36 (KHTML, like Gecko) Chrome/100.0.4896.127 Safari/537.36"
61.155.157.14 - - [12/Sep/2025:03:06:09 +0800] "GET /wp-content/uploads/2025/07/1751425283-qizhou.kf_.qq_.com_.webp HTTP/1.1" 200 16864 "http://cqqizhou.com/" "Mozilla/5.0 (Windows NT 10.0; Win64; x64) AppleWebKit/537.36 (KHTML, like Gecko) Chrome/100.0.4896.127 Safari/537.36"
61.155.157.14 - - [12/Sep/2025:03:06:09 +0800] "GET /wp-content/uploads/2025/07/1753456723-%E5%8F%8C%E7%9B%B8%E9%92%A2roduct_Single600.webp HTTP/1.1" 200 22790 "http://cqqizhou.com/" "Mozilla/5.0 (Windows NT 10.0; Win64; x64) AppleWebKit/537.36 (KHTML, like Gecko) Chrome/100.0.4896.127 Safari/537.36"
61.155.157.14 - - [12/Sep/2025:03:06:09 +0800] "GET /wp-content/uploads/2025/07/1753453096-%E5%8F%8C%E7%9B%B8%E9%92%A2product_Single600%C3%97284.webp HTTP/1.1" 200 14562 "http://cqqizhou.com/" "Mozilla/5.0 (Windows NT 10.0; Win64; x64) AppleWebKit/537.36 (KHTML, like Gecko) Chrome/100.0.4896.127 Safari/537.36"
61.155.157.14 - - [12/Sep/2025:03:06:09 +0800] "GET /wp-content/uploads/2025/07/1753456770-%E7%83%AD%E9%95%80%E9%94%8C%E5%8D%B7product_Single600.webp HTTP/1.1" 200 27502 "http://cqqizhou.com/" "Mozilla/5.0 (Windows NT 10.0; Win64; x64) AppleWebKit/537.36 (KHTML, like Gecko) Chrome/100.0.4896.127 Safari/537.36"
61.155.157.14 - - [12/Sep/2025:03:06:09 +0800] "GET /wp-content/uploads/2025/07/1753453127-%E4%BD%99%E5%8D%B7product_Single600%C3%97284.webp HTTP/1.1" 200 18744 "http://cqqizhou.com/" "Mozilla/5.0 (Windows NT 10.0; Win64; x64) AppleWebKit/537.36 (KHTML, like Gecko) Chrome/100.0.4896.127 Safari/537.36"
61.155.157.14 - - [12/Sep/2025:03:06:16 +0800] "GET /wp-content/uploads/2025/07/1753456723-%E5%8F%8C%E7%9B%B8%E9%92%A2roduct_Single600.webp HTTP/1.1" 200 22790 "http://cqqizhou.com/" "Mozilla/5.0 (Windows NT 10.0; Win64; x64) AppleWebKit/537.36 (KHTML, like Gecko) Chrome/100.0.4896.127 Safari/537.36"
61.155.157.14 - - [12/Sep/2025:03:06:16 +0800] "GET /wp-content/uploads/2025/07/1751425283-qizhou.kf_.qq_.com_.webp HTTP/1.1" 200 16864 "http://cqqizhou.com/" "Mozilla/5.0 (Windows NT 10.0; Win64; x64) AppleWebKit/537.36 (KHTML, like Gecko) Chrome/100.0.4896.127 Safari/537.36"
61.155.157.14 - - [12/Sep/2025:03:06:16 +0800] "GET /wp-content/uploads/2025/07/1751425283-qizhou.kf_.qq_.com_.webp HTTP/1.1" 200 16864 "http://cqqizhou.com/" "Mozilla/5.0 (Windows NT 10.0; Win64; x64) AppleWebKit/537.36 (KHTML, like Gecko) Chrome/100.0.4896.127 Safari/537.36"
61.155.157.14 - - [12/Sep/2025:03:06:16 +0800] "GET /wp-content/uploads/2025/07/1753453096-%E5%8F%8C%E7%9B%B8%E9%92%A2product_Single600%C3%97284.webp HTTP/1.1" 200 14562 "http://cqqizhou.com/" "Mozilla/5.0 (Windows NT 10.0; Win64; x64) AppleWebKit/537.36 (KHTML, like Gecko) Chrome/100.0.4896.127 Safari/537.36"
61.155.157.14 - - [12/Sep/2025:03:06:16 +0800] "GET /wp-content/uploads/revslider/slider-1/1750929639-yuanjing_Slider_3840%C3%972160_20250626171955-scaled.webp HTTP/1.1" 200 203290 "http://cqqizhou.com/" "Mozilla/5.0 (Windows NT 10.0; Win64; x64) AppleWebKit/537.36 (KHTML, like Gecko) Chrome/100.0.4896.127 Safari/537.36"
36.133.115.36 - - [12/Sep/2025:03:07:36 +0800] "POST /wp-cron.php?doing_wp_cron=1757617656.2779889106750488281250 HTTP/1.1" 200 31 "-" "WordPress/6.8.2; http://cqqizhou.com"
149.50.103.48 - - [12/Sep/2025:03:07:36 +0800] "GET / HTTP/1.1" 200 33466 "-" "Mozilla/5.0 (Windows NT 10.0; Win64; x64) AppleWebKit/537.36 (KHTML, like Gecko) Chrome/90.0.4430.85 Safari/537.36 Edg/90.0.818.46"
36.133.115.36 - - [12/Sep/2025:03:13:25 +0800] "POST /wp-cron.php?doing_wp_cron=1757618005.0538959503173828125000 HTTP/1.1" 200 31 "-" "WordPress/6.8.2; http://cqqizhou.com"
103.167.217.137 - - [12/Sep/2025:03:13:25 +0800] "POST /xmlrpc.php HTTP/1.1" 200 217 "-" "Mozilla/5.0 (X11; Ubuntu; Linux x86_64; rv:85.0) Gecko/20100101 Firefox/91.0"
36.133.115.36 - - [12/Sep/2025:03:15:04 +0800] "POST /wp-cron.php?doing_wp_cron=1757618104.9261660575866699218750 HTTP/1.1" 200 31 "-" "WordPress/6.8.2; http://cqqizhou.com"
176.32.195.85 - - [12/Sep/2025:03:15:04 +0800] "GET / HTTP/1.0" 301 0 "-" "Mozilla/5.0 (Windows NT 10.0; Win64; x64) AppleWebKit/537.36 (KHTML, like Gecko) Chrome/94.0.4606.71 Safari/537.36"
36.133.115.36 - - [12/Sep/2025:03:15:48 +0800] "POST /wp-cron.php?doing_wp_cron=1757618147.9677069187164306640625 HTTP/1.1" 200 31 "-" "WordPress/6.8.2; http://cqqizhou.com"
95.215.0.144 - - [12/Sep/2025:03:15:48 +0800] "GET /aaa9 HTTP/1.1" 301 5 "-" "Mozilla/5.0 (Windows NT 10.0; Win64; x64) AppleWebKit/537.36 (KHTML, like Gecko) Chrome/70.0.3538.77 Safari/537.36"
95.215.0.144 - - [12/Sep/2025:03:15:50 +0800] "GET /aab9 HTTP/1.1" 301 5 "-" "Mozilla/5.0 (Windows NT 10.0; Win64; x64) AppleWebKit/537.36 (KHTML, like Gecko) Chrome/70.0.3538.77 Safari/537.36"
36.133.115.36 - - [12/Sep/2025:03:22:19 +0800] "POST /wp-cron.php?doing_wp_cron=1757618539.4343559741973876953125 HTTP/1.1" 200 31 "-" "WordPress/6.8.2; http://cqqizhou.com"
45.135.193.100 - - [12/Sep/2025:03:22:19 +0800] "GET / HTTP/1.1" 301 5 "-" "-"
36.133.115.36 - - [12/Sep/2025:03:30:47 +0800] "POST /wp-cron.php?doing_wp_cron=1757619047.7673780918121337890625 HTTP/1.1" 200 31 "-" "WordPress/6.8.2; http://cqqizhou.com"
43.165.70.220 - - [12/Sep/2025:03:30:47 +0800] "GET / HTTP/1.1" 301 5 "-" "Mozilla/5.0 (iPhone; CPU iPhone OS 13_2_3 like Mac OS X) AppleWebKit/605.1.15 (KHTML, like Gecko) Version/13.0.3 Mobile/15E148 Safari/604.1"
43.165.70.220 - - [12/Sep/2025:03:30:50 +0800] "GET / HTTP/1.1" 200 33467 "http://36.133.115.36" "Mozilla/5.0 (iPhone; CPU iPhone OS 13_2_3 like Mac OS X) AppleWebKit/605.1.15 (KHTML, like Gecko) Version/13.0.3 Mobile/15E148 Safari/604.1"
36.133.115.36 - - [12/Sep/2025:03:32:32 +0800] "POST /wp-cron.php?doing_wp_cron=1757619151.9726269245147705078125 HTTP/1.1" 200 31 "-" "WordPress/6.8.2; http://cqqizhou.com"
91.224.92.17 - - [12/Sep/2025:03:32:51 +0800] "GET / HTTP/1.1" 200 96805 "-" "-"
36.133.115.36 - - [12/Sep/2025:04:00:25 +0800] "POST /wp-cron.php?doing_wp_cron=1757620825.5767390727996826171875 HTTP/1.1" 200 31 "-" "WordPress/6.8.2; http://cqqizhou.com"
37.60.141.156 - - [12/Sep/2025:04:00:26 +0800] "GET / HTTP/1.1" 200 151919 "-" "-"
36.133.115.36 - - [12/Sep/2025:04:03:27 +0800] "POST /wp-cron.php?doing_wp_cron=1757621007.6404280662536621093750 HTTP/1.1" 200 31 "-" "WordPress/6.8.2; http://cqqizhou.com"
149.50.103.48 - - [12/Sep/2025:04:03:27 +0800] "GET / HTTP/1.1" 200 33467 "-" "Mozilla/5.0 (Windows NT 10.0; Win64; x64) AppleWebKit/537.36 (KHTML, like Gecko) Chrome/90.0.4430.85 Safari/537.36 Edg/90.0.818.46"
36.133.115.36 - - [12/Sep/2025:04:12:29 +0800] "POST /wp-cron.php?doing_wp_cron=1757621549.2726750373840332031250 HTTP/1.1" 200 31 "-" "WordPress/6.8.2; http://cqqizhou.com"
37.60.141.158 - - [12/Sep/2025:04:12:29 +0800] "POST /boaform/admin/formLogin HTTP/1.1" 404 8989 "http://36.133.115.36:80/admin/login.asp" "Mozilla/5.0 (X11; Ubuntu; Linux x86_64; rv:71.0) Gecko/20100101 Firefox/71.0"
36.133.115.36 - - [12/Sep/2025:04:15:22 +0800] "POST /wp-cron.php?doing_wp_cron=1757621722.4905641078948974609375 HTTP/1.1" 200 31 "-" "WordPress/6.8.2; http://cqqizhou.com"
45.156.87.179 - - [12/Sep/2025:04:15:23 +0800] "GET / HTTP/1.1" 200 151919 "-" "-"
64.226.118.50 - - [12/Sep/2025:04:22:00 +0800] "GET / HTTP/1.1" 200 39369 "-" "Mozilla/5.0 (X11; Linux x86_64) AppleWebKit/537.36 (KHTML, like Gecko) Chrome/139.0.0.0 Safari/537.36"
36.133.115.36 - - [12/Sep/2025:04:22:06 +0800] "POST /wp-cron.php?doing_wp_cron=1757622126.1612629890441894531250 HTTP/1.1" 200 31 "-" "WordPress/6.8.2; http://cqqizhou.com"
175.6.217.4 - - [12/Sep/2025:04:22:06 +0800] "GET / HTTP/1.1" 200 33467 "-" "Mozilla/5.0 (iPhone; CPU iPhone OS 13_2_3 like Mac OS X) AppleWebKit/605.1.15 (KHTML, like Gecko) Version/13.0.3 Mobile/15E148 Safari/604.1"
36.133.115.36 - - [12/Sep/2025:04:30:33 +0800] "POST /wp-cron.php?doing_wp_cron=1757622633.5005331039428710937500 HTTP/1.1" 200 31 "-" "WordPress/6.8.2; http://cqqizhou.com"
52.167.144.236 - - [12/Sep/2025:04:30:33 +0800] "GET /?s=2026 HTTP/1.1" 200 17623 "-" "Mozilla/5.0 AppleWebKit/537.36 (KHTML, like Gecko; compatible; bingbot/2.0; +http://www.bing.com/bingbot.htm) Chrome/116.0.1938.76 Safari/537.36"
36.133.115.36 - - [12/Sep/2025:04:38:06 +0800] "POST /wp-cron.php?doing_wp_cron=1757623086.2296528816223144531250 HTTP/1.1" 200 31 "-" "WordPress/6.8.2; http://cqqizhou.com"
124.170.74.125 - - [12/Sep/2025:04:38:07 +0800] "GET / HTTP/1.1" 200 151919 "-" "Mozilla/5.0 (Windows NT 6.1; WOW64) AppleWebKit/537.36 (KHTML, like Gecko) Chrome/52.0.2743.116 Safari/537.36"
36.133.115.36 - - [12/Sep/2025:04:46:16 +0800] "POST /wp-cron.php?doing_wp_cron=1757623576.6512229442596435546875 HTTP/1.1" 200 31 "-" "WordPress/6.8.2; http://cqqizhou.com"
91.224.92.17 - - [12/Sep/2025:04:46:36 +0800] "GET / HTTP/1.1" 200 109837 "-" "-"
36.133.115.36 - - [12/Sep/2025:04:59:46 +0800] "POST /wp-cron.php?doing_wp_cron=1757624386.4143640995025634765625 HTTP/1.1" 200 31 "-" "WordPress/6.8.2; http://cqqizhou.com"
121.42.249.16 - - [12/Sep/2025:04:59:46 +0800] "GET / HTTP/1.1" 301 5 "-" "Mozilla/5.0 (Windows NT 6.1; WOW64) AppleWebKit/537.36 (KHTML, like Gecko) Chrome/86.0.4240.198 Safari/537.36"
121.42.249.16 - - [12/Sep/2025:04:59:47 +0800] "GET / HTTP/1.1" 200 39369 "http://www.cqqizhou.com" "Mozilla/5.0 (Windows NT 6.1; WOW64) AppleWebKit/537.36 (KHTML, like Gecko) Chrome/86.0.4240.198 Safari/537.36"
121.42.249.16 - - [12/Sep/2025:04:59:49 +0800] "HEAD /wp-includes HTTP/1.1" 301 0 "-" "Go-http-client/1.1"
121.42.249.16 - - [12/Sep/2025:04:59:50 +0800] "HEAD /wp-includes/ HTTP/1.1" 403 0 "http://www.cqqizhou.com/wp-includes" "Go-http-client/1.1"
121.42.249.16 - - [12/Sep/2025:04:59:51 +0800] "HEAD /2012 HTTP/1.1" 301 0 "-" "Go-http-client/1.1"
121.42.249.16 - - [12/Sep/2025:04:59:51 +0800] "HEAD /ewebeditor HTTP/1.1" 301 0 "-" "Go-http-client/1.1"
121.42.249.16 - - [12/Sep/2025:04:59:51 +0800] "HEAD /admin/daili/webedit HTTP/1.1" 301 0 "-" "Go-http-client/1.1"
121.42.249.16 - - [12/Sep/2025:04:59:51 +0800] "HEAD /office HTTP/1.1" 301 0 "-" "Go-http-client/1.1"
121.42.249.16 - - [12/Sep/2025:04:59:51 +0800] "HEAD /FCKeditor/editor HTTP/1.1" 301 0 "-" "Go-http-client/1.1"
121.42.249.16 - - [12/Sep/2025:04:59:52 +0800] "HEAD /fckeditor HTTP/1.1" 301 0 "-" "Go-http-client/1.1"
121.42.249.16 - - [12/Sep/2025:04:59:52 +0800] "HEAD /backgl HTTP/1.1" 301 0 "-" "Go-http-client/1.1"
121.42.249.16 - - [12/Sep/2025:04:59:52 +0800] "HEAD /webadmin HTTP/1.1" 301 0 "-" "Go-http-client/1.1"
121.42.249.16 - - [12/Sep/2025:04:59:52 +0800] "HEAD /edit HTTP/1.1" 301 0 "-" "Go-http-client/1.1"
121.42.249.16 - - [12/Sep/2025:04:59:52 +0800] "HEAD /dede HTTP/1.1" 301 0 "-" "Go-http-client/1.1"
121.42.249.16 - - [12/Sep/2025:04:59:52 +0800] "HEAD /UpLoadFile HTTP/1.1" 301 0 "-" "Go-http-client/1.1"
121.42.249.16 - - [12/Sep/2025:04:59:52 +0800] "HEAD /Systemadmin HTTP/1.1" 301 0 "-" "Go-http-client/1.1"
121.42.249.16 - - [12/Sep/2025:04:59:52 +0800] "HEAD /data HTTP/1.1" 301 0 "-" "Go-http-client/1.1"
121.42.249.16 - - [12/Sep/2025:04:59:52 +0800] "HEAD /sadmin HTTP/1.1" 301 0 "-" "Go-http-client/1.1"
121.42.249.16 - - [12/Sep/2025:04:59:52 +0800] "HEAD /shopadmin HTTP/1.1" 301 0 "-" "Go-http-client/1.1"
121.42.249.16 - - [12/Sep/2025:04:59:52 +0800] "HEAD /reg HTTP/1.1" 301 0 "-" "Go-http-client/1.1"
121.42.249.16 - - [12/Sep/2025:04:59:52 +0800] "HEAD /web_Fckeditor HTTP/1.1" 301 0 "-" "Go-http-client/1.1"
121.42.249.16 - - [12/Sep/2025:04:59:52 +0800] "HEAD /admin/WebEditor HTTP/1.1" 301 0 "-" "Go-http-client/1.1"
121.42.249.16 - - [12/Sep/2025:04:59:52 +0800] "HEAD /admin/EDITOR/Dialog HTTP/1.1" 301 0 "-" "Go-http-client/1.1"
121.42.249.16 - - [12/Sep/2025:04:59:52 +0800] "HEAD /edit HTTP/1.1" 301 0 "-" "Go-http-client/1.1"
121.42.249.16 - - [12/Sep/2025:04:59:52 +0800] "HEAD /manage HTTP/1.1" 301 0 "-" "Go-http-client/1.1"
121.42.249.16 - - [12/Sep/2025:04:59:52 +0800] "HEAD /Class HTTP/1.1" 301 0 "-" "Go-http-client/1.1"
121.42.249.16 - - [12/Sep/2025:04:59:52 +0800] "HEAD /anager/login HTTP/1.1" 301 0 "-" "Go-http-client/1.1"
121.42.249.16 - - [12/Sep/2025:04:59:52 +0800] "HEAD /webadmin HTTP/1.1" 301 0 "-" "Go-http-client/1.1"
121.42.249.16 - - [12/Sep/2025:04:59:52 +0800] "HEAD /include HTTP/1.1" 301 0 "-" "Go-http-client/1.1"
121.42.249.16 - - [12/Sep/2025:04:59:52 +0800] "HEAD /guestbook HTTP/1.1" 301 0 "-" "Go-http-client/1.1"
121.42.249.16 - - [12/Sep/2025:04:59:52 +0800] "HEAD /manage HTTP/1.1" 301 0 "-" "Go-http-client/1.1"
121.42.249.16 - - [12/Sep/2025:04:59:52 +0800] "HEAD /tmp HTTP/1.1" 301 0 "-" "Go-http-client/1.1"
121.42.249.16 - - [12/Sep/2025:04:59:52 +0800] "HEAD /editor HTTP/1.1" 301 0 "-" "Go-http-client/1.1"
121.42.249.16 - - [12/Sep/2025:04:59:52 +0800] "HEAD /kindeditor HTTP/1.1" 301 0 "-" "Go-http-client/1.1"
121.42.249.16 - - [12/Sep/2025:04:59:52 +0800] "HEAD /manager HTTP/1.1" 301 0 "-" "Go-http-client/1.1"
121.42.249.16 - - [12/Sep/2025:04:59:52 +0800] "HEAD /adminweb HTTP/1.1" 301 0 "-" "Go-http-client/1.1"
121.42.249.16 - - [12/Sep/2025:04:59:52 +0800] "HEAD /shopadmin HTTP/1.1" 301 0 "-" "Go-http-client/1.1"
121.42.249.16 - - [12/Sep/2025:04:59:52 +0800] "HEAD /server HTTP/1.1" 301 0 "-" "Go-http-client/1.1"
121.42.249.16 - - [12/Sep/2025:04:59:52 +0800] "HEAD /database HTTP/1.1" 301 0 "-" "Go-http-client/1.1"
121.42.249.16 - - [12/Sep/2025:04:59:52 +0800] "HEAD /Fckeditor HTTP/1.1" 301 0 "-" "Go-http-client/1.1"
121.42.249.16 - - [12/Sep/2025:04:59:53 +0800] "HEAD /admin HTTP/1.1" 301 0 "-" "Go-http-client/1.1"
121.42.249.16 - - [12/Sep/2025:04:59:53 +0800] "HEAD /web HTTP/1.1" 301 0 "-" "Go-http-client/1.1"
121.42.249.16 - - [12/Sep/2025:04:59:53 +0800] "HEAD /login HTTP/1.1" 301 0 "-" "Go-http-client/1.1"
121.42.249.16 - - [12/Sep/2025:04:59:53 +0800] "HEAD /adminx HTTP/1.1" 301 0 "-" "Go-http-client/1.1"
121.42.249.16 - - [12/Sep/2025:04:59:53 +0800] "HEAD /Editor HTTP/1.1" 301 0 "-" "Go-http-client/1.1"
121.42.249.16 - - [12/Sep/2025:04:59:53 +0800] "HEAD /bbs HTTP/1.1" 301 0 "-" "Go-http-client/1.1"
121.42.249.16 - - [12/Sep/2025:04:59:53 +0800] "HEAD /test HTTP/1.1" 301 0 "-" "Go-http-client/1.1"
121.42.249.16 - - [12/Sep/2025:04:59:53 +0800] "HEAD /Photo HTTP/1.1" 301 0 "-" "Go-http-client/1.1"
121.42.249.16 - - [12/Sep/2025:04:59:53 +0800] "HEAD /add HTTP/1.1" 301 0 "-" "Go-http-client/1.1"
121.42.249.16 - - [12/Sep/2025:04:59:53 +0800] "HEAD /newbbs HTTP/1.1" 301 0 "-" "Go-http-client/1.1"
121.42.249.16 - - [12/Sep/2025:04:59:53 +0800] "HEAD /southidceditor HTTP/1.1" 301 0 "-" "Go-http-client/1.1"
121.42.249.16 - - [12/Sep/2025:04:59:53 +0800] "HEAD /Editor/Include HTTP/1.1" 301 0 "-" "Go-http-client/1.1"
121.42.249.16 - - [12/Sep/2025:04:59:53 +0800] "HEAD /PayOnline HTTP/1.1" 301 0 "-" "Go-http-client/1.1"
121.42.249.16 - - [12/Sep/2025:04:59:53 +0800] "HEAD /hello HTTP/1.1" 301 0 "-" "Go-http-client/1.1"
121.42.249.16 - - [12/Sep/2025:04:59:53 +0800] "HEAD /admin/daili/webedit HTTP/1.1" 404 0 "http://www.cqqizhou.com/admin/daili/webedit" "Go-http-client/1.1"
121.42.249.16 - - [12/Sep/2025:04:59:53 +0800] "HEAD /ewebeditor HTTP/1.1" 404 0 "http://www.cqqizhou.com/ewebeditor" "Go-http-client/1.1"
121.42.249.16 - - [12/Sep/2025:04:59:53 +0800] "HEAD /office HTTP/1.1" 404 0 "http://www.cqqizhou.com/office" "Go-http-client/1.1"
121.42.249.16 - - [12/Sep/2025:04:59:53 +0800] "HEAD /FCKeditor/editor HTTP/1.1" 404 0 "http://www.cqqizhou.com/FCKeditor/editor" "Go-http-client/1.1"
121.42.249.16 - - [12/Sep/2025:04:59:54 +0800] "HEAD /2012 HTTP/1.1" 404 0 "http://www.cqqizhou.com/2012" "Go-http-client/1.1"
121.42.249.16 - - [12/Sep/2025:04:59:54 +0800] "HEAD /edit HTTP/1.1" 499 0 "http://www.cqqizhou.com/edit" "Go-http-client/1.1"
121.42.249.16 - - [12/Sep/2025:04:59:54 +0800] "HEAD /admin/EDITOR/Dialog HTTP/1.1" 499 0 "http://www.cqqizhou.com/admin/EDITOR/Dialog" "Go-http-client/1.1"
121.42.249.16 - - [12/Sep/2025:04:59:54 +0800] "HEAD /manage HTTP/1.1" 499 0 "http://www.cqqizhou.com/manage" "Go-http-client/1.1"
121.42.249.16 - - [12/Sep/2025:04:59:54 +0800] "HEAD /manager HTTP/1.1" 499 0 "http://www.cqqizhou.com/manager" "Go-http-client/1.1"
121.42.249.16 - - [12/Sep/2025:04:59:54 +0800] "HEAD /dede HTTP/1.1" 499 0 "http://www.cqqizhou.com/dede" "Go-http-client/1.1"
121.42.249.16 - - [12/Sep/2025:04:59:54 +0800] "HEAD /fckeditor HTTP/1.1" 499 0 "http://www.cqqizhou.com/fckeditor" "Go-http-client/1.1"
121.42.249.16 - - [12/Sep/2025:04:59:54 +0800] "HEAD /UpLoadFile HTTP/1.1" 499 0 "http://www.cqqizhou.com/UpLoadFile" "Go-http-client/1.1"
121.42.249.16 - - [12/Sep/2025:04:59:55 +0800] "HEAD /setup HTTP/1.1" 301 0 "-" "Go-http-client/1.1"
121.42.249.16 - - [12/Sep/2025:04:59:55 +0800] "HEAD /upload/admin HTTP/1.1" 301 0 "-" "Go-http-client/1.1"
121.42.249.16 - - [12/Sep/2025:04:59:55 +0800] "HEAD /PayOnline HTTP/1.1" 404 0 "http://www.cqqizhou.com/PayOnline" "Go-http-client/1.1"
121.42.249.16 - - [12/Sep/2025:04:59:57 +0800] "HEAD /upload/admin HTTP/1.1" 404 0 "http://www.cqqizhou.com/upload/admin" "Go-http-client/1.1"
121.42.249.16 - - [12/Sep/2025:04:59:57 +0800] "HEAD /setup HTTP/1.1" 404 0 "http://www.cqqizhou.com/setup" "Go-http-client/1.1"
121.42.249.16 - - [12/Sep/2025:04:59:58 +0800] "HEAD /fund HTTP/1.1" 301 0 "-" "Go-http-client/1.1"
121.42.249.16 - - [12/Sep/2025:04:59:58 +0800] "HEAD /s_admin HTTP/1.1" 301 0 "-" "Go-http-client/1.1"
121.42.249.16 - - [12/Sep/2025:04:59:58 +0800] "HEAD /dwkx HTTP/1.1" 301 0 "-" "Go-http-client/1.1"
121.42.249.16 - - [12/Sep/2025:04:59:58 +0800] "HEAD /admin/wo%255Fedit HTTP/1.1" 301 0 "-" "Go-http-client/1.1"
121.42.249.16 - - [12/Sep/2025:04:59:59 +0800] "HEAD /web/downloads HTTP/1.1" 301 0 "-" "Go-http-client/1.1"
121.42.249.16 - - [12/Sep/2025:04:59:59 +0800] "HEAD /mdb HTTP/1.1" 301 0 "-" "Go-http-client/1.1"
121.42.249.16 - - [12/Sep/2025:04:59:59 +0800] "HEAD /admin/editubb HTTP/1.1" 301 0 "-" "Go-http-client/1.1"
121.42.249.16 - - [12/Sep/2025:04:59:59 +0800] "HEAD /webadmin/htmledit/db HTTP/1.1" 301 0 "-" "Go-http-client/1.1"
121.42.249.16 - - [12/Sep/2025:04:59:59 +0800] "HEAD /company HTTP/1.1" 301 0 "-" "Go-http-client/1.1"
121.42.249.16 - - [12/Sep/2025:04:59:59 +0800] "HEAD /syssite/shopadmin HTTP/1.1" 301 0 "-" "Go-http-client/1.1"
121.42.249.16 - - [12/Sep/2025:04:59:59 +0800] "HEAD /Database/Qianbo.Qianbo HTTP/1.1" 301 0 "-" "Go-http-client/1.1"
121.42.249.16 - - [12/Sep/2025:04:59:59 +0800] "HEAD /intraAdmin/class HTTP/1.1" 301 0 "-" "Go-http-client/1.1"
121.42.249.16 - - [12/Sep/2025:04:59:59 +0800] "HEAD /fckEditor/editor HTTP/1.1" 301 0 "-" "Go-http-client/1.1"
121.42.249.16 - - [12/Sep/2025:04:59:59 +0800] "HEAD /system/eWebEditor/admin HTTP/1.1" 301 0 "-" "Go-http-client/1.1"
121.42.249.16 - - [12/Sep/2025:04:59:59 +0800] "HEAD /aspnet_client/system_web/2_0_50727 HTTP/1.1" 301 0 "-" "Go-http-client/1.1"
121.42.249.16 - - [12/Sep/2025:04:59:59 +0800] "HEAD /phpmyadmin HTTP/1.1" 301 0 "-" "Go-http-client/1.1"
121.42.249.16 - - [12/Sep/2025:04:59:59 +0800] "HEAD /admin/editor/admin HTTP/1.1" 301 0 "-" "Go-http-client/1.1"
121.42.249.16 - - [12/Sep/2025:04:59:59 +0800] "HEAD /system/eWebEditor/asp HTTP/1.1" 301 0 "-" "Go-http-client/1.1"
121.42.249.16 - - [12/Sep/2025:04:59:59 +0800] "HEAD /admin/editor/UploadFile HTTP/1.1" 301 0 "-" "Go-http-client/1.1"
121.42.249.16 - - [12/Sep/2025:04:59:59 +0800] "HEAD /FCKeditor/editor/dialog HTTP/1.1" 301 0 "-" "Go-http-client/1.1"
121.42.249.16 - - [12/Sep/2025:04:59:59 +0800] "HEAD /aspnet_client HTTP/1.1" 301 0 "-" "Go-http-client/1.1"
121.42.249.16 - - [12/Sep/2025:04:59:59 +0800] "HEAD /eWebEditorNet/UploadFile HTTP/1.1" 301 0 "-" "Go-http-client/1.1"
121.42.249.16 - - [12/Sep/2025:04:59:59 +0800] "HEAD /admin/editor/include HTTP/1.1" 301 0 "-" "Go-http-client/1.1"
121.42.249.16 - - [12/Sep/2025:04:59:59 +0800] "HEAD /Webedit/admin HTTP/1.1" 301 0 "-" "Go-http-client/1.1"
121.42.249.16 - - [12/Sep/2025:04:59:59 +0800] "HEAD /database/web/Base HTTP/1.1" 301 0 "-" "Go-http-client/1.1"
121.42.249.16 - - [12/Sep/2025:04:59:59 +0800] "HEAD /intraAdmin HTTP/1.1" 301 0 "-" "Go-http-client/1.1"
121.42.249.16 - - [12/Sep/2025:04:59:59 +0800] "HEAD /htmledit HTTP/1.1" 301 0 "-" "Go-http-client/1.1"
121.42.249.16 - - [12/Sep/2025:05:00:00 +0800] "HEAD /intraAdmin/phpmyadmin HTTP/1.1" 301 0 "-" "Go-http-client/1.1"
121.42.249.16 - - [12/Sep/2025:05:00:00 +0800] "HEAD /webadmin/htmledit HTTP/1.1" 301 0 "-" "Go-http-client/1.1"
121.42.249.16 - - [12/Sep/2025:05:00:00 +0800] "HEAD /edit/db HTTP/1.1" 301 0 "-" "Go-http-client/1.1"
121.42.249.16 - - [12/Sep/2025:05:00:00 +0800] "HEAD /Edit/editor HTTP/1.1" 301 0 "-" "Go-http-client/1.1"
121.42.249.16 - - [12/Sep/2025:05:00:00 +0800] "HEAD /boke/Edit_Plus/FCKeditor/editor HTTP/1.1" 301 0 "-" "Go-http-client/1.1"
121.42.249.16 - - [12/Sep/2025:05:00:00 +0800] "HEAD /system/eWebEditor HTTP/1.1" 301 0 "-" "Go-http-client/1.1"
121.42.249.16 - - [12/Sep/2025:05:00:00 +0800] "HEAD /ewebeditornet HTTP/1.1" 301 0 "-" "Go-http-client/1.1"
121.42.249.16 - - [12/Sep/2025:05:00:00 +0800] "HEAD /shsjms HTTP/1.1" 301 0 "-" "Go-http-client/1.1"
121.42.249.16 - - [12/Sep/2025:05:00:00 +0800] "HEAD /edit/Include HTTP/1.1" 301 0 "-" "Go-http-client/1.1"
121.42.249.16 - - [12/Sep/2025:05:00:00 +0800] "HEAD /aspnet_client/FreeTextBox HTTP/1.1" 301 0 "-" "Go-http-client/1.1"
121.42.249.16 - - [12/Sep/2025:05:00:00 +0800] "HEAD /admin/wo%255Fedit/editor HTTP/1.1" 301 0 "-" "Go-http-client/1.1"
121.42.249.16 - - [12/Sep/2025:05:00:00 +0800] "HEAD /11111admin/Editor/SysImage/emot HTTP/1.1" 301 0 "-" "Go-http-client/1.1"
121.42.249.16 - - [12/Sep/2025:05:00:00 +0800] "HEAD /edit/SysImage HTTP/1.1" 301 0 "-" "Go-http-client/1.1"
121.42.249.16 - - [12/Sep/2025:05:00:00 +0800] "HEAD /fckeditor/dialog HTTP/1.1" 301 0 "-" "Go-http-client/1.1"
121.42.249.16 - - [12/Sep/2025:05:00:00 +0800] "HEAD /admin123/inc HTTP/1.1" 301 0 "-" "Go-http-client/1.1"
121.42.249.16 - - [12/Sep/2025:05:00:00 +0800] "HEAD /syssite/install HTTP/1.1" 301 0 "-" "Go-http-client/1.1"
121.42.249.16 - - [12/Sep/2025:05:00:00 +0800] "HEAD /dmtbdata HTTP/1.1" 301 0 "-" "Go-http-client/1.1"
121.42.249.16 - - [12/Sep/2025:05:00:00 +0800] "HEAD /aspnet_client/system_web HTTP/1.1" 301 0 "-" "Go-http-client/1.1"
121.42.249.16 - - [12/Sep/2025:05:00:00 +0800] "HEAD /admin888 HTTP/1.1" 301 0 "-" "Go-http-client/1.1"
121.42.249.16 - - [12/Sep/2025:05:00:00 +0800] "HEAD /fund HTTP/1.1" 404 0 "http://www.cqqizhou.com/fund" "Go-http-client/1.1"
121.42.249.16 - - [12/Sep/2025:05:00:00 +0800] "HEAD /bbs/boke/Edit_Plus/FCKeditor/editor/dialog HTTP/1.1" 301 0 "-" "Go-http-client/1.1"
121.42.249.16 - - [12/Sep/2025:05:00:00 +0800] "HEAD /aspcheck HTTP/1.1" 301 0 "-" "Go-http-client/1.1"
121.42.249.16 - - [12/Sep/2025:05:00:00 +0800] "HEAD /s_admin HTTP/1.1" 404 0 "http://www.cqqizhou.com/s_admin" "Go-http-client/1.1"
121.42.249.16 - - [12/Sep/2025:05:00:00 +0800] "HEAD /WEB-INF HTTP/1.1" 301 0 "-" "Go-http-client/1.1"
121.42.249.16 - - [12/Sep/2025:05:00:00 +0800] "HEAD /admin/editor/db HTTP/1.1" 301 0 "-" "Go-http-client/1.1"
121.42.249.16 - - [12/Sep/2025:05:00:01 +0800] "HEAD /admin123/Login HTTP/1.1" 301 0 "-" "Go-http-client/1.1"
121.42.249.16 - - [12/Sep/2025:05:00:01 +0800] "HEAD /inc/db HTTP/1.1" 301 0 "-" "Go-http-client/1.1"
121.42.249.16 - - [12/Sep/2025:05:00:01 +0800] "HEAD /forum/admin HTTP/1.1" 301 0 "-" "Go-http-client/1.1"
121.42.249.16 - - [12/Sep/2025:05:00:01 +0800] "HEAD /admin/CuteEditor HTTP/1.1" 301 0 "-" "Go-http-client/1.1"
121.42.249.16 - - [12/Sep/2025:05:00:01 +0800] "HEAD /CuteEditor HTTP/1.1" 301 0 "-" "Go-http-client/1.1"
121.42.249.16 - - [12/Sep/2025:05:00:01 +0800] "HEAD /office/web%255Fadmin HTTP/1.1" 301 0 "-" "Go-http-client/1.1"
121.42.249.16 - - [12/Sep/2025:05:00:01 +0800] "HEAD /UserFiles/monyer HTTP/1.1" 301 0 "-" "Go-http-client/1.1"
121.42.249.16 - - [12/Sep/2025:05:00:01 +0800] "HEAD /admin/wo%255Fedit/editor/filemanager HTTP/1.1" 301 0 "-" "Go-http-client/1.1"
121.42.249.16 - - [12/Sep/2025:05:00:01 +0800] "HEAD /administrator HTTP/1.1" 301 0 "-" "Go-http-client/1.1"
121.42.249.16 - - [12/Sep/2025:05:00:01 +0800] "HEAD /bbs/phpmyadmin HTTP/1.1" 301 0 "-" "Go-http-client/1.1"
121.42.249.16 - - [12/Sep/2025:05:00:02 +0800] "HEAD /Database/Qianbo.Qianbo HTTP/1.1" 499 0 "http://www.cqqizhou.com/Database/Qianbo.Qianbo" "Go-http-client/1.1"
121.42.249.16 - - [12/Sep/2025:05:00:02 +0800] "HEAD /admin123/Login HTTP/1.1" 404 0 "http://www.cqqizhou.com/admin123/Login" "Go-http-client/1.1"
121.42.249.16 - - [12/Sep/2025:05:00:02 +0800] "HEAD /administrator HTTP/1.1" 301 0 "-" "Go-http-client/1.1"
121.42.249.16 - - [12/Sep/2025:05:00:02 +0800] "HEAD /admin123/inc HTTP/1.1" 404 0 "http://www.cqqizhou.com/admin123/inc" "Go-http-client/1.1"
121.42.249.16 - - [12/Sep/2025:05:00:02 +0800] "HEAD /adminhh HTTP/1.1" 301 0 "-" "Go-http-client/1.1"
121.42.249.16 - - [12/Sep/2025:05:00:03 +0800] "HEAD /bbs/boke/Edit_Plus/FCKeditor/editor/dialog HTTP/1.1" 404 0 "http://www.cqqizhou.com/bbs/boke/Edit_Plus/FCKeditor/editor/dialog" "Go-http-client/1.1"
121.42.249.16 - - [12/Sep/2025:05:00:03 +0800] "HEAD /admin/phpmyadmin HTTP/1.1" 301 0 "-" "Go-http-client/1.1"
121.42.249.16 - - [12/Sep/2025:05:00:03 +0800] "HEAD /admin/CuteEditor HTTP/1.1" 404 0 "http://www.cqqizhou.com/admin/CuteEditor" "Go-http-client/1.1"
121.42.249.16 - - [12/Sep/2025:05:00:03 +0800] "HEAD /qq/qq/mdb HTTP/1.1" 301 0 "-" "Go-http-client/1.1"
121.42.249.16 - - [12/Sep/2025:05:00:03 +0800] "HEAD /phpadmin HTTP/1.1" 301 0 "-" "Go-http-client/1.1"
121.42.249.16 - - [12/Sep/2025:05:00:03 +0800] "HEAD /shopxp/shopxp/mdb HTTP/1.1" 301 0 "-" "Go-http-client/1.1"
121.42.249.16 - - [12/Sep/2025:05:00:04 +0800] "HEAD /qq848456042/qq848456042/mdb HTTP/1.1" 301 0 "-" "Go-http-client/1.1"
121.42.249.16 - - [12/Sep/2025:05:00:04 +0800] "HEAD /webeditor HTTP/1.1" 301 0 "-" "Go-http-client/1.1"
121.42.249.16 - - [12/Sep/2025:05:00:05 +0800] "HEAD /asp_bin HTTP/1.1" 301 0 "-" "Go-http-client/1.1"
121.42.249.16 - - [12/Sep/2025:05:00:05 +0800] "HEAD /admin/autoedit HTTP/1.1" 301 0 "-" "Go-http-client/1.1"
121.42.249.16 - - [12/Sep/2025:05:00:05 +0800] "HEAD /adwin HTTP/1.1" 301 0 "-" "Go-http-client/1.1"
121.42.249.16 - - [12/Sep/2025:05:00:05 +0800] "HEAD /inc HTTP/1.1" 301 0 "-" "Go-http-client/1.1"
121.42.249.16 - - [12/Sep/2025:05:00:05 +0800] "HEAD /s_admin HTTP/1.1" 301 0 "-" "Go-http-client/1.1"
121.42.249.16 - - [12/Sep/2025:05:00:05 +0800] "HEAD /adminmanage HTTP/1.1" 301 0 "-" "Go-http-client/1.1"
121.42.249.16 - - [12/Sep/2025:05:00:05 +0800] "HEAD /manage/ewebeditor HTTP/1.1" 301 0 "-" "Go-http-client/1.1"
121.42.249.16 - - [12/Sep/2025:05:00:05 +0800] "HEAD /includes/fckeditor HTTP/1.1" 301 0 "-" "Go-http-client/1.1"
121.42.249.16 - - [12/Sep/2025:05:00:06 +0800] "HEAD /admin/fckeditor HTTP/1.1" 301 0 "-" "Go-http-client/1.1"
121.42.249.16 - - [12/Sep/2025:05:00:06 +0800] "HEAD /file HTTP/1.1" 301 0 "-" "Go-http-client/1.1"
121.42.249.16 - - [12/Sep/2025:05:00:06 +0800] "HEAD /news HTTP/1.1" 301 0 "-" "Go-http-client/1.1"
121.42.249.16 - - [12/Sep/2025:05:00:06 +0800] "HEAD /web/FCKeditor/editor/filemanage HTTP/1.1" 301 0 "-" "Go-http-client/1.1"
121.42.249.16 - - [12/Sep/2025:05:00:06 +0800] "HEAD /html HTTP/1.1" 301 0 "-" "Go-http-client/1.1"
121.42.249.16 - - [12/Sep/2025:05:00:06 +0800] "HEAD /tools/fckeditor/editor/filemanager HTTP/1.1" 301 0 "-" "Go-http-client/1.1"
121.42.249.16 - - [12/Sep/2025:05:00:06 +0800] "HEAD /manage/edit HTTP/1.1" 301 0 "-" "Go-http-client/1.1"
121.42.249.16 - - [12/Sep/2025:05:00:06 +0800] "HEAD /admin/FCKeditor/editor/filemanage HTTP/1.1" 301 0 "-" "Go-http-client/1.1"
121.42.249.16 - - [12/Sep/2025:05:00:06 +0800] "HEAD /eweb HTTP/1.1" 301 0 "-" "Go-http-client/1.1"
121.42.249.16 - - [12/Sep/2025:05:00:06 +0800] "HEAD /new HTTP/1.1" 301 0 "-" "Go-http-client/1.1"
121.42.249.16 - - [12/Sep/2025:05:00:06 +0800] "HEAD /system HTTP/1.1" 301 0 "-" "Go-http-client/1.1"
121.42.249.16 - - [12/Sep/2025:05:00:06 +0800] "HEAD /FCKeditor/editor/filemanage HTTP/1.1" 301 0 "-" "Go-http-client/1.1"
121.42.249.16 - - [12/Sep/2025:05:00:06 +0800] "HEAD /user HTTP/1.1" 301 0 "-" "Go-http-client/1.1"
121.42.249.16 - - [12/Sep/2025:05:00:06 +0800] "HEAD /editor/editor/filemanager HTTP/1.1" 301 0 "-" "Go-http-client/1.1"
121.42.249.16 - - [12/Sep/2025:05:00:06 +0800] "HEAD /admin/ewebeditor HTTP/1.1" 301 0 "-" "Go-http-client/1.1"
121.42.249.16 - - [12/Sep/2025:05:00:06 +0800] "HEAD /bm HTTP/1.1" 301 0 "-" "Go-http-client/1.1"
121.42.249.16 - - [12/Sep/2025:05:00:06 +0800] "HEAD /ad HTTP/1.1" 301 0 "-" "Go-http-client/1.1"
121.42.249.16 - - [12/Sep/2025:05:00:06 +0800] "HEAD /manage/fckeditor HTTP/1.1" 301 0 "-" "Go-http-client/1.1"
121.42.249.16 - - [12/Sep/2025:05:00:06 +0800] "HEAD /aadmin HTTP/1.1" 301 0 "-" "Go-http-client/1.1"
121.42.249.16 - - [12/Sep/2025:05:00:06 +0800] "HEAD /master HTTP/1.1" 301 0 "-" "Go-http-client/1.1"
121.42.249.16 - - [12/Sep/2025:05:00:06 +0800] "HEAD /admin/edit HTTP/1.1" 301 0 "-" "Go-http-client/1.1"
121.42.249.16 - - [12/Sep/2025:05:00:06 +0800] "HEAD /system/Fckeditor HTTP/1.1" 301 0 "-" "Go-http-client/1.1"
