121.42.249.16 - - [12/Sep/2025:05:00:42 +0800] "HEAD /do HTTP/1.1" 301 0 "-" "Go-http-client/1.1"
121.42.249.16 - - [12/Sep/2025:05:00:42 +0800] "HEAD /do/webeditor HTTP/1.1" 301 0 "-" "Go-http-client/1.1"
121.42.249.16 - - [12/Sep/2025:05:00:42 +0800] "HEAD /admin/ewebedit HTTP/1.1" 301 0 "-" "Go-http-client/1.1"
121.42.249.16 - - [12/Sep/2025:05:00:42 +0800] "HEAD /do/edit HTTP/1.1" 301 0 "-" "Go-http-client/1.1"
121.42.249.16 - - [12/Sep/2025:05:00:42 +0800] "HEAD /admin_8da HTTP/1.1" 301 0 "-" "Go-http-client/1.1"
121.42.249.16 - - [12/Sep/2025:05:00:42 +0800] "HEAD /admina HTTP/1.1" 499 0 "http://www.cqqizhou.com/admina" "Go-http-client/1.1"
121.42.249.16 - - [12/Sep/2025:05:00:42 +0800] "HEAD /adminc HTTP/1.1" 499 0 "http://www.cqqizhou.com/adminc" "Go-http-client/1.1"
121.42.249.16 - - [12/Sep/2025:05:00:42 +0800] "HEAD /manage_microfan HTTP/1.1" 301 0 "-" "Go-http-client/1.1"
121.42.249.16 - - [12/Sep/2025:05:00:42 +0800] "HEAD /admin_microfan HTTP/1.1" 301 0 "-" "Go-http-client/1.1"
121.42.249.16 - - [12/Sep/2025:05:00:42 +0800] "HEAD /admin/Oledit HTTP/1.1" 301 0 "-" "Go-http-client/1.1"
121.42.249.16 - - [12/Sep/2025:05:00:42 +0800] "HEAD /Oledit HTTP/1.1" 301 0 "-" "Go-http-client/1.1"
121.42.249.16 - - [12/Sep/2025:05:00:42 +0800] "HEAD /WebEditor HTTP/1.1" 301 0 "-" "Go-http-client/1.1"
121.42.249.16 - - [12/Sep/2025:05:00:42 +0800] "HEAD /ddbb HTTP/1.1" 301 0 "-" "Go-http-client/1.1"
121.42.249.16 - - [12/Sep/2025:05:00:42 +0800] "HEAD /newsadmin HTTP/1.1" 301 0 "-" "Go-http-client/1.1"
121.42.249.16 - - [12/Sep/2025:05:00:42 +0800] "HEAD /fck HTTP/1.1" 301 0 "-" "Go-http-client/1.1"
121.42.249.16 - - [12/Sep/2025:05:00:42 +0800] "HEAD /adminm HTTP/1.1" 499 0 "http://www.cqqizhou.com/adminm" "Go-http-client/1.1"
121.42.249.16 - - [12/Sep/2025:05:00:42 +0800] "HEAD /Adminmanage HTTP/1.1" 301 0 "-" "Go-http-client/1.1"
121.42.249.16 - - [12/Sep/2025:05:00:42 +0800] "HEAD /adminit HTTP/1.1" 499 0 "http://www.cqqizhou.com/adminit" "Go-http-client/1.1"
121.42.249.16 - - [12/Sep/2025:05:00:42 +0800] "HEAD /adminmanager HTTP/1.1" 301 0 "-" "Go-http-client/1.1"
121.42.249.16 - - [12/Sep/2025:05:00:42 +0800] "HEAD /FCKeditor/editor/filemanager/browser/default/conn HTTP/1.1" 301 0 "-" "Go-http-client/1.1"
121.42.249.16 - - [12/Sep/2025:05:00:42 +0800] "HEAD /newsadmin/ubb HTTP/1.1" 301 0 "-" "Go-http-client/1.1"
121.42.249.16 - - [12/Sep/2025:05:00:42 +0800] "HEAD /%2523ksqdate HTTP/1.1" 301 0 "-" "Go-http-client/1.1"
121.42.249.16 - - [12/Sep/2025:05:00:42 +0800] "HEAD /ManageAdmin HTTP/1.1" 301 0 "-" "Go-http-client/1.1"
121.42.249.16 - - [12/Sep/2025:05:00:42 +0800] "HEAD /manageradmin HTTP/1.1" 301 0 "-" "Go-http-client/1.1"
121.42.249.16 - - [12/Sep/2025:05:00:42 +0800] "HEAD /@dmin HTTP/1.1" 499 0 "http://www.cqqizhou.com/@dmin" "Go-http-client/1.1"
121.42.249.16 - - [12/Sep/2025:05:00:42 +0800] "HEAD /admin/webedit HTTP/1.1" 499 0 "http://www.cqqizhou.com/admin/webedit" "Go-http-client/1.1"
121.42.249.16 - - [12/Sep/2025:05:00:42 +0800] "HEAD /adminbdbur HTTP/1.1" 301 0 "-" "Go-http-client/1.1"
121.42.249.16 - - [12/Sep/2025:05:00:42 +0800] "HEAD /admin_manager HTTP/1.1" 301 0 "-" "Go-http-client/1.1"
121.42.249.16 - - [12/Sep/2025:05:00:43 +0800] "HEAD /editor/filemanager/browser/default/connectors/tes HTTP/1.1" 301 0 "-" "Go-http-client/1.1"
121.42.249.16 - - [12/Sep/2025:05:00:43 +0800] "HEAD /adm1n HTTP/1.1" 301 0 "-" "Go-http-client/1.1"
121.42.249.16 - - [12/Sep/2025:05:00:43 +0800] "HEAD /ubb HTTP/1.1" 301 0 "-" "Go-http-client/1.1"
121.42.249.16 - - [12/Sep/2025:05:00:43 +0800] "HEAD /htgl/webeditor HTTP/1.1" 301 0 "-" "Go-http-client/1.1"
121.42.249.16 - - [12/Sep/2025:05:00:43 +0800] "HEAD /lavery_Edit HTTP/1.1" 301 0 "-" "Go-http-client/1.1"
121.42.249.16 - - [12/Sep/2025:05:00:43 +0800] "HEAD /touch/Include/ewebeditor HTTP/1.1" 301 0 "-" "Go-http-client/1.1"
121.42.249.16 - - [12/Sep/2025:05:00:43 +0800] "HEAD /admin_folder HTTP/1.1" 301 0 "-" "Go-http-client/1.1"
121.42.249.16 - - [12/Sep/2025:05:00:43 +0800] "HEAD /platform.xml HTTP/1.1" 301 0 "-" "Go-http-client/1.1"
121.42.249.16 - - [12/Sep/2025:05:00:43 +0800] "HEAD /Include/ewebeditor HTTP/1.1" 301 0 "-" "Go-http-client/1.1"
121.42.249.16 - - [12/Sep/2025:05:00:43 +0800] "HEAD /demo HTTP/1.1" 301 0 "-" "Go-http-client/1.1"
121.42.249.16 - - [12/Sep/2025:05:00:43 +0800] "HEAD /admin/up HTTP/1.1" 301 0 "-" "Go-http-client/1.1"
121.42.249.16 - - [12/Sep/2025:05:00:43 +0800] "HEAD /admin/lavery_Edit HTTP/1.1" 301 0 "-" "Go-http-client/1.1"
121.42.249.16 - - [12/Sep/2025:05:00:43 +0800] "HEAD /Manage_Admin HTTP/1.1" 301 0 "-" "Go-http-client/1.1"
121.42.249.16 - - [12/Sep/2025:05:00:43 +0800] "HEAD /Oledit HTTP/1.1" 499 0 "http://www.cqqizhou.com/Oledit" "Go-http-client/1.1"
121.42.249.16 - - [12/Sep/2025:05:00:43 +0800] "HEAD /aspnet_client/system_web/2_0_50727 HTTP/1.1" 301 0 "-" "Go-http-client/1.1"
121.42.249.16 - - [12/Sep/2025:05:00:43 +0800] "HEAD /manager_admin HTTP/1.1" 301 0 "-" "Go-http-client/1.1"
121.42.249.16 - - [12/Sep/2025:05:00:43 +0800] "HEAD /sms HTTP/1.1" 301 0 "-" "Go-http-client/1.1"
121.42.249.16 - - [12/Sep/2025:05:00:43 +0800] "HEAD /up_img HTTP/1.1" 301 0 "-" "Go-http-client/1.1"
121.42.249.16 - - [12/Sep/2025:05:00:43 +0800] "HEAD /adm HTTP/1.1" 301 0 "-" "Go-http-client/1.1"
121.42.249.16 - - [12/Sep/2025:05:00:43 +0800] "HEAD /ddbb HTTP/1.1" 499 0 "http://www.cqqizhou.com/ddbb" "Go-http-client/1.1"
121.42.249.16 - - [12/Sep/2025:05:00:43 +0800] "HEAD /sysmanage HTTP/1.1" 301 0 "-" "Go-http-client/1.1"
121.42.249.16 - - [12/Sep/2025:05:00:44 +0800] "HEAD /newsadmin HTTP/1.1" 499 0 "http://www.cqqizhou.com/newsadmin" "Go-http-client/1.1"
121.42.249.16 - - [12/Sep/2025:05:00:44 +0800] "HEAD /admin/webeditor HTTP/1.1" 301 0 "-" "Go-http-client/1.1"
121.42.249.16 - - [12/Sep/2025:05:00:44 +0800] "HEAD /Adminmanage HTTP/1.1" 499 0 "http://www.cqqizhou.com/Adminmanage" "Go-http-client/1.1"
121.42.249.16 - - [12/Sep/2025:05:00:44 +0800] "HEAD /SystemAdmin/eWebEdit HTTP/1.1" 301 0 "-" "Go-http-client/1.1"
121.42.249.16 - - [12/Sep/2025:05:00:44 +0800] "HEAD /admin_file HTTP/1.1" 301 0 "-" "Go-http-client/1.1"
121.42.249.16 - - [12/Sep/2025:05:00:44 +0800] "HEAD /help HTTP/1.1" 301 0 "-" "Go-http-client/1.1"
121.42.249.16 - - [12/Sep/2025:05:00:44 +0800] "HEAD /adminmanager HTTP/1.1" 499 0 "http://www.cqqizhou.com/adminmanager" "Go-http-client/1.1"
121.42.249.16 - - [12/Sep/2025:05:00:44 +0800] "HEAD /admin_manager HTTP/1.1" 499 0 "http://www.cqqizhou.com/admin_manager" "Go-http-client/1.1"
121.42.249.16 - - [12/Sep/2025:05:00:44 +0800] "HEAD /demo HTTP/1.1" 499 0 "http://www.cqqizhou.com/demo" "Go-http-client/1.1"
121.42.249.16 - - [12/Sep/2025:05:00:44 +0800] "HEAD /platform.xml HTTP/1.1" 499 0 "http://www.cqqizhou.com/platform.xml" "Go-http-client/1.1"
121.42.249.16 - - [12/Sep/2025:05:00:44 +0800] "HEAD /SystemAdmin HTTP/1.1" 301 0 "-" "Go-http-client/1.1"
121.42.249.16 - - [12/Sep/2025:05:00:45 +0800] "HEAD /touch/Include/ewebeditor HTTP/1.1" 499 0 "http://www.cqqizhou.com/touch/Include/ewebeditor" "Go-http-client/1.1"
121.42.249.16 - - [12/Sep/2025:05:00:45 +0800] "HEAD /Include/ewebeditor HTTP/1.1" 499 0 "http://www.cqqizhou.com/Include/ewebeditor" "Go-http-client/1.1"
121.42.249.16 - - [12/Sep/2025:05:00:45 +0800] "HEAD /WebEditor HTTP/1.1" 499 0 "http://www.cqqizhou.com/WebEditor" "Go-http-client/1.1"
121.42.249.16 - - [12/Sep/2025:05:00:45 +0800] "HEAD /fck HTTP/1.1" 499 0 "http://www.cqqizhou.com/fck" "Go-http-client/1.1"
121.42.249.16 - - [12/Sep/2025:05:00:45 +0800] "HEAD /aspnet_client/system_web/2_0_50727 HTTP/1.1" 499 0 "http://www.cqqizhou.com/aspnet_client/system_web/2_0_50727" "Go-http-client/1.1"
121.42.249.16 - - [12/Sep/2025:05:00:45 +0800] "HEAD /admin/up HTTP/1.1" 499 0 "http://www.cqqizhou.com/admin/up" "Go-http-client/1.1"
121.42.249.16 - - [12/Sep/2025:05:00:45 +0800] "HEAD /sitemanage HTTP/1.1" 301 0 "-" "Go-http-client/1.1"
121.42.249.16 - - [12/Sep/2025:05:00:45 +0800] "HEAD /admin_shopxp/editubb HTTP/1.1" 301 0 "-" "Go-http-client/1.1"
121.42.249.16 - - [12/Sep/2025:05:00:45 +0800] "HEAD /up_img HTTP/1.1" 499 0 "http://www.cqqizhou.com/up_img" "Go-http-client/1.1"
36.133.115.36 - - [12/Sep/2025:05:00:46 +0800] "POST /wp-cron.php?doing_wp_cron=1757624446.0325939655303955078125 HTTP/1.1" 200 31 "-" "WordPress/6.8.2; http://cqqizhou.com"
121.42.249.16 - - [12/Sep/2025:05:00:46 +0800] "HEAD /szwyadmin HTTP/1.1" 301 0 "-" "Go-http-client/1.1"
121.42.249.16 - - [12/Sep/2025:05:00:46 +0800] "HEAD /shopxp_admin HTTP/1.1" 301 0 "-" "Go-http-client/1.1"
121.42.249.16 - - [12/Sep/2025:05:00:46 +0800] "HEAD /adm HTTP/1.1" 499 0 "http://www.cqqizhou.com/adm" "Go-http-client/1.1"
121.42.249.16 - - [12/Sep/2025:05:00:46 +0800] "HEAD /sms HTTP/1.1" 499 0 "http://www.cqqizhou.com/sms" "Go-http-client/1.1"
121.42.249.16 - - [12/Sep/2025:05:00:46 +0800] "HEAD /admin/editubb HTTP/1.1" 301 0 "-" "Go-http-client/1.1"
121.42.249.16 - - [12/Sep/2025:05:00:46 +0800] "HEAD /editubb HTTP/1.1" 301 0 "-" "Go-http-client/1.1"
121.42.249.16 - - [12/Sep/2025:05:00:46 +0800] "HEAD /hjadmin HTTP/1.1" 301 0 "-" "Go-http-client/1.1"
121.42.249.16 - - [12/Sep/2025:05:00:46 +0800] "HEAD /admin_shopxp HTTP/1.1" 301 0 "-" "Go-http-client/1.1"
121.42.249.16 - - [12/Sep/2025:05:00:46 +0800] "HEAD /admin_niao HTTP/1.1" 301 0 "-" "Go-http-client/1.1"
121.42.249.16 - - [12/Sep/2025:05:00:46 +0800] "HEAD /login_manager HTTP/1.1" 301 0 "-" "Go-http-client/1.1"
121.42.249.16 - - [12/Sep/2025:05:00:46 +0800] "HEAD /sysmanage HTTP/1.1" 499 0 "http://www.cqqizhou.com/sysmanage" "Go-http-client/1.1"
121.42.249.16 - - [12/Sep/2025:05:00:46 +0800] "HEAD /sitemanager HTTP/1.1" 301 0 "-" "Go-http-client/1.1"
121.42.249.16 - - [12/Sep/2025:05:00:47 +0800] "HEAD /siteadmin HTTP/1.1" 301 0 "-" "Go-http-client/1.1"
121.42.249.16 - - [12/Sep/2025:05:00:47 +0800] "HEAD /admin_manage HTTP/1.1" 301 0 "-" "Go-http-client/1.1"
121.42.249.16 - - [12/Sep/2025:05:00:47 +0800] "HEAD /admin_manage_access HTTP/1.1" 301 0 "-" "Go-http-client/1.1"
121.42.249.16 - - [12/Sep/2025:05:00:47 +0800] "HEAD /phpMyAdmin-3.4.2-all-languages HTTP/1.1" 301 0 "-" "Go-http-client/1.1"
121.42.249.16 - - [12/Sep/2025:05:00:47 +0800] "HEAD /HX_admin HTTP/1.1" 301 0 "-" "Go-http-client/1.1"
121.42.249.16 - - [12/Sep/2025:05:00:47 +0800] "HEAD /manage_access HTTP/1.1" 301 0 "-" "Go-http-client/1.1"
121.42.249.16 - - [12/Sep/2025:05:00:47 +0800] "HEAD /admin_access HTTP/1.1" 301 0 "-" "Go-http-client/1.1"
121.42.249.16 - - [12/Sep/2025:05:00:47 +0800] "HEAD /administration HTTP/1.1" 301 0 "-" "Go-http-client/1.1"
121.42.249.16 - - [12/Sep/2025:05:00:47 +0800] "HEAD /login_from_admin HTTP/1.1" 301 0 "-" "Go-http-client/1.1"
121.42.249.16 - - [12/Sep/2025:05:00:47 +0800] "HEAD /qdmins HTTP/1.1" 301 0 "-" "Go-http-client/1.1"
121.42.249.16 - - [12/Sep/2025:05:00:47 +0800] "HEAD /qdmin HTTP/1.1" 301 0 "-" "Go-http-client/1.1"
121.42.249.16 - - [12/Sep/2025:05:00:47 +0800] "HEAD /include/dialoguser HTTP/1.1" 301 0 "-" "Go-http-client/1.1"
121.42.249.16 - - [12/Sep/2025:05:00:47 +0800] "HEAD /login_system HTTP/1.1" 301 0 "-" "Go-http-client/1.1"
121.42.249.16 - - [12/Sep/2025:05:00:47 +0800] "HEAD /login_manage HTTP/1.1" 301 0 "-" "Go-http-client/1.1"
121.42.249.16 - - [12/Sep/2025:05:00:47 +0800] "HEAD /ctrladmin HTTP/1.1" 301 0 "-" "Go-http-client/1.1"
121.42.249.16 - - [12/Sep/2025:05:00:47 +0800] "HEAD /m HTTP/1.1" 301 0 "-" "Go-http-client/1.1"
121.42.249.16 - - [12/Sep/2025:05:00:48 +0800] "HEAD /ubbcode HTTP/1.1" 301 0 "-" "Go-http-client/1.1"
121.42.249.16 - - [12/Sep/2025:05:00:48 +0800] "HEAD /login_from_manage HTTP/1.1" 301 0 "-" "Go-http-client/1.1"
121.42.249.16 - - [12/Sep/2025:05:00:48 +0800] "HEAD /admin/do HTTP/1.1" 301 0 "-" "Go-http-client/1.1"
121.42.249.16 - - [12/Sep/2025:05:00:48 +0800] "HEAD /login_from_system HTTP/1.1" 301 0 "-" "Go-http-client/1.1"
121.42.249.16 - - [12/Sep/2025:05:00:48 +0800] "HEAD /admin/webeditor HTTP/1.1" 499 0 "http://www.cqqizhou.com/admin/webeditor" "Go-http-client/1.1"
121.42.249.16 - - [12/Sep/2025:05:00:48 +0800] "HEAD /admin_file HTTP/1.1" 499 0 "http://www.cqqizhou.com/admin_file" "Go-http-client/1.1"
121.42.249.16 - - [12/Sep/2025:05:00:48 +0800] "HEAD /help HTTP/1.1" 404 0 "http://www.cqqizhou.com/help" "Go-http-client/1.1"
121.42.249.16 - - [12/Sep/2025:05:00:48 +0800] "HEAD /SystemAdmin/eWebEdit HTTP/1.1" 404 0 "http://www.cqqizhou.com/SystemAdmin/eWebEdit" "Go-http-client/1.1"
121.42.249.16 - - [12/Sep/2025:05:00:48 +0800] "HEAD /admin_shopxp/editubb HTTP/1.1" 404 0 "http://www.cqqizhou.com/admin_shopxp/editubb" "Go-http-client/1.1"
36.133.115.36 - - [12/Sep/2025:05:00:48 +0800] "POST /wp-cron.php?doing_wp_cron=1757624448.5858390331268310546875 HTTP/1.1" 200 31 "-" "WordPress/6.8.2; http://cqqizhou.com"
121.42.249.16 - - [12/Sep/2025:05:00:48 +0800] "HEAD /SystemAdmin HTTP/1.1" 404 0 "http://www.cqqizhou.com/SystemAdmin" "Go-http-client/1.1"
121.42.249.16 - - [12/Sep/2025:05:00:48 +0800] "HEAD /szwyadmin HTTP/1.1" 404 0 "http://www.cqqizhou.com/szwyadmin" "Go-http-client/1.1"
121.42.249.16 - - [12/Sep/2025:05:00:48 +0800] "HEAD /shopxp_admin HTTP/1.1" 404 0 "http://www.cqqizhou.com/shopxp_admin" "Go-http-client/1.1"
121.42.249.16 - - [12/Sep/2025:05:00:48 +0800] "HEAD /editubb HTTP/1.1" 404 0 "http://www.cqqizhou.com/editubb" "Go-http-client/1.1"
121.42.249.16 - - [12/Sep/2025:05:00:48 +0800] "HEAD /sitemanage HTTP/1.1" 404 0 "http://www.cqqizhou.com/sitemanage" "Go-http-client/1.1"
121.42.249.16 - - [12/Sep/2025:05:00:48 +0800] "HEAD /admin/editubb HTTP/1.1" 404 0 "http://www.cqqizhou.com/admin/editubb" "Go-http-client/1.1"
121.42.249.16 - - [12/Sep/2025:05:00:48 +0800] "HEAD /hjadmin HTTP/1.1" 404 0 "http://www.cqqizhou.com/hjadmin" "Go-http-client/1.1"
121.42.249.16 - - [12/Sep/2025:05:00:48 +0800] "HEAD /admin_shopxp HTTP/1.1" 499 0 "http://www.cqqizhou.com/admin_shopxp" "Go-http-client/1.1"
121.42.249.16 - - [12/Sep/2025:05:00:48 +0800] "HEAD /sitemanager HTTP/1.1" 499 0 "http://www.cqqizhou.com/sitemanager" "Go-http-client/1.1"
121.42.249.16 - - [12/Sep/2025:05:00:49 +0800] "HEAD /siteadmin HTTP/1.1" 499 0 "http://www.cqqizhou.com/siteadmin" "Go-http-client/1.1"
121.42.249.16 - - [12/Sep/2025:05:00:49 +0800] "HEAD /phpMyAdmin-3.4.2-all-languages HTTP/1.1" 499 0 "http://www.cqqizhou.com/phpMyAdmin-3.4.2-all-languages" "Go-http-client/1.1"
121.42.249.16 - - [12/Sep/2025:05:00:49 +0800] "HEAD /HX_admin HTTP/1.1" 499 0 "http://www.cqqizhou.com/HX_admin" "Go-http-client/1.1"
121.42.249.16 - - [12/Sep/2025:05:00:49 +0800] "HEAD /login_manager HTTP/1.1" 404 0 "http://www.cqqizhou.com/login_manager" "Go-http-client/1.1"
121.42.249.16 - - [12/Sep/2025:05:00:49 +0800] "HEAD /admin_niao HTTP/1.1" 404 0 "http://www.cqqizhou.com/admin_niao" "Go-http-client/1.1"
121.42.249.16 - - [12/Sep/2025:05:00:49 +0800] "HEAD /admin_manage HTTP/1.1" 404 0 "http://www.cqqizhou.com/admin_manage" "Go-http-client/1.1"
121.42.249.16 - - [12/Sep/2025:05:00:49 +0800] "HEAD /admin_manage_access HTTP/1.1" 404 0 "http://www.cqqizhou.com/admin_manage_access" "Go-http-client/1.1"
121.42.249.16 - - [12/Sep/2025:05:00:49 +0800] "HEAD /manage_access HTTP/1.1" 404 0 "http://www.cqqizhou.com/manage_access" "Go-http-client/1.1"
121.42.249.16 - - [12/Sep/2025:05:00:49 +0800] "HEAD /qdmins HTTP/1.1" 404 0 "http://www.cqqizhou.com/qdmins" "Go-http-client/1.1"
121.42.249.16 - - [12/Sep/2025:05:00:49 +0800] "HEAD /login_system HTTP/1.1" 404 0 "http://www.cqqizhou.com/login_system" "Go-http-client/1.1"
121.42.249.16 - - [12/Sep/2025:05:00:49 +0800] "HEAD /admin_access HTTP/1.1" 404 0 "http://www.cqqizhou.com/admin_access" "Go-http-client/1.1"
121.42.249.16 - - [12/Sep/2025:05:00:49 +0800] "HEAD /administration HTTP/1.1" 404 0 "http://www.cqqizhou.com/administration" "Go-http-client/1.1"
121.42.249.16 - - [12/Sep/2025:05:00:49 +0800] "HEAD /qdmin HTTP/1.1" 404 0 "http://www.cqqizhou.com/qdmin" "Go-http-client/1.1"
121.42.249.16 - - [12/Sep/2025:05:00:49 +0800] "HEAD /login_from_admin HTTP/1.1" 404 0 "http://www.cqqizhou.com/login_from_admin" "Go-http-client/1.1"
121.42.249.16 - - [12/Sep/2025:05:00:49 +0800] "HEAD /include/dialoguser HTTP/1.1" 404 0 "http://www.cqqizhou.com/include/dialoguser" "Go-http-client/1.1"
121.42.249.16 - - [12/Sep/2025:05:00:50 +0800] "HEAD /ctrladmin HTTP/1.1" 499 0 "http://www.cqqizhou.com/ctrladmin" "Go-http-client/1.1"
121.42.249.16 - - [12/Sep/2025:05:00:50 +0800] "HEAD /m HTTP/1.1" 404 0 "http://www.cqqizhou.com/m" "Go-http-client/1.1"
121.42.249.16 - - [12/Sep/2025:05:00:50 +0800] "HEAD /login_manage HTTP/1.1" 499 0 "http://www.cqqizhou.com/login_manage" "Go-http-client/1.1"
121.42.249.16 - - [12/Sep/2025:05:00:50 +0800] "HEAD /login_from_manage HTTP/1.1" 499 0 "http://www.cqqizhou.com/login_from_manage" "Go-http-client/1.1"
121.42.249.16 - - [12/Sep/2025:05:00:50 +0800] "HEAD /login_from_system HTTP/1.1" 499 0 "http://www.cqqizhou.com/login_from_system" "Go-http-client/1.1"
121.42.249.16 - - [12/Sep/2025:05:00:50 +0800] "HEAD /ubbcode HTTP/1.1" 499 0 "http://www.cqqizhou.com/ubbcode" "Go-http-client/1.1"
121.42.249.16 - - [12/Sep/2025:05:00:50 +0800] "HEAD /admin/do HTTP/1.1" 404 0 "http://www.cqqizhou.com/admin/do" "Go-http-client/1.1"
139.129.246.141 - - [12/Sep/2025:05:01:19 +0800] "GET /wp-content/plugins/wp-rocket/assets/js/ HTTP/1.1" 403 548 "-" "Mozilla/5.0 (Windows NT 6.1; WOW64) AppleWebKit/537.36 (KHTML, like Gecko) Chrome/86.0.4240.198 Safari/537.36"
47.108.117.45 - - [12/Sep/2025:05:01:23 +0800] "GET /wp-content/plugins/ HTTP/1.1" 200 31 "-" "Mozilla/5.0 (Windows NT 6.1; WOW64) AppleWebKit/537.36 (KHTML, like Gecko) Chrome/86.0.4240.198 Safari/537.36"
47.109.44.73 - - [12/Sep/2025:05:01:35 +0800] "GET /wp-content/themes/qizhou/css/ HTTP/1.1" 403 548 "-" "Mozilla/5.0 (Windows NT 6.1; WOW64) AppleWebKit/537.36 (KHTML, like Gecko) Chrome/86.0.4240.198 Safari/537.36"
36.133.115.36 - - [12/Sep/2025:05:02:07 +0800] "POST /wp-cron.php?doing_wp_cron=1757624527.3589940071105957031250 HTTP/1.1" 200 31 "-" "WordPress/6.8.2; http://cqqizhou.com"
34.38.19.235 - - [12/Sep/2025:05:02:07 +0800] "GET / HTTP/1.1" 301 5 "-" "python-requests/2.32.4"
121.42.249.16 - - [12/Sep/2025:05:02:20 +0800] "GET /industry/ HTTP/1.1" 200 21890 "-" "Mozilla/5.0 (Windows NT 6.1; WOW64) AppleWebKit/537.36 (KHTML, like Gecko) Chrome/86.0.4240.198 Safari/537.36"
139.129.246.141 - - [12/Sep/2025:05:02:24 +0800] "GET /portfolio-category/ HTTP/1.1" 404 8990 "-" "Mozilla/5.0 (Windows NT 6.1; WOW64) AppleWebKit/537.36 (KHTML, like Gecko) Chrome/86.0.4240.198 Safari/537.36"
121.42.253.62 - - [12/Sep/2025:05:02:49 +0800] "GET /wp-content/plugins/elementor-pro/assets/ HTTP/1.1" 403 548 "-" "Mozilla/5.0 (Windows NT 6.1; WOW64) AppleWebKit/537.36 (KHTML, like Gecko) Chrome/86.0.4240.198 Safari/537.36"
47.108.117.45 - - [12/Sep/2025:05:03:07 +0800] "GET /services/ HTTP/1.1" 200 25528 "-" "Mozilla/5.0 (Windows NT 6.1; WOW64) AppleWebKit/537.36 (KHTML, like Gecko) Chrome/86.0.4240.198 Safari/537.36"
139.129.246.141 - - [12/Sep/2025:05:03:29 +0800] "GET /wp-content/plugins/elementor-pro/assets/js/ HTTP/1.1" 403 548 "-" "Mozilla/5.0 (Windows NT 6.1; WOW64) AppleWebKit/537.36 (KHTML, like Gecko) Chrome/86.0.4240.198 Safari/537.36"
47.109.44.73 - - [12/Sep/2025:05:04:15 +0800] "GET /wp-content/cache/min/1/wp-content/plugins/revslider/public/js/libs/ HTTP/1.1" 403 548 "-" "Mozilla/5.0 (Windows NT 6.1; WOW64) AppleWebKit/537.36 (KHTML, like Gecko) Chrome/86.0.4240.198 Safari/537.36"
121.42.236.230 - - [12/Sep/2025:05:04:47 +0800] "GET /2159/ HTTP/1.1" 200 28935 "-" "Mozilla/5.0 (Windows NT 6.1; WOW64) AppleWebKit/537.36 (KHTML, like Gecko) Chrome/86.0.4240.198 Safari/537.36"
121.42.253.62 - - [12/Sep/2025:05:04:50 +0800] "GET /wp-content/themes/qizhou/images/ HTTP/1.1" 403 548 "-" "Mozilla/5.0 (Windows NT 6.1; WOW64) AppleWebKit/537.36 (KHTML, like Gecko) Chrome/86.0.4240.198 Safari/537.36"
121.42.236.230 - - [12/Sep/2025:05:04:56 +0800] "GET /portfolio/%e5%86%b7%e8%bd%a7%e6%9d%bf/ HTTP/1.1" 200 22092 "-" "Mozilla/5.0 (Windows NT 6.1; WOW64) AppleWebKit/537.36 (KHTML, like Gecko) Chrome/86.0.4240.198 Safari/537.36"
121.42.249.16 - - [12/Sep/2025:05:04:58 +0800] "GET /wp-includes/js/ HTTP/1.1" 403 548 "-" "Mozilla/5.0 (Windows NT 6.1; WOW64) AppleWebKit/537.36 (KHTML, like Gecko) Chrome/86.0.4240.198 Safari/537.36"
121.42.253.62 - - [12/Sep/2025:05:05:38 +0800] "GET /wp-content/cache/min/1/wp-content/themes/ HTTP/1.1" 403 548 "-" "Mozilla/5.0 (Windows NT 6.1; WOW64) AppleWebKit/537.36 (KHTML, like Gecko) Chrome/86.0.4240.198 Safari/537.36"
47.108.117.45 - - [12/Sep/2025:05:05:42 +0800] "GET /wp-includes/js/jquery/ui/ HTTP/1.1" 403 548 "-" "Mozilla/5.0 (Windows NT 6.1; WOW64) AppleWebKit/537.36 (KHTML, like Gecko) Chrome/86.0.4240.198 Safari/537.36"
47.109.44.73 - - [12/Sep/2025:05:06:07 +0800] "GET /wp-content/cache/min/1/wp-content/plugins/revslider/public/js/ HTTP/1.1" 403 548 "-" "Mozilla/5.0 (Windows NT 6.1; WOW64) AppleWebKit/537.36 (KHTML, like Gecko) Chrome/86.0.4240.198 Safari/537.36"
121.42.236.230 - - [12/Sep/2025:05:06:47 +0800] "GET /2160/ HTTP/1.1" 200 29934 "-" "Mozilla/5.0 (Windows NT 6.1; WOW64) AppleWebKit/537.36 (KHTML, like Gecko) Chrome/86.0.4240.198 Safari/537.36"
36.133.115.36 - - [12/Sep/2025:05:07:03 +0800] "POST /wp-cron.php?doing_wp_cron=1757624823.1145908832550048828125 HTTP/1.1" 200 31 "-" "WordPress/6.8.2; http://cqqizhou.com"
8.222.138.24 - - [12/Sep/2025:05:07:03 +0800] "POST /xmlrpc.php HTTP/1.1" 200 217 "-" "Mozilla/5.0 (X11; Ubuntu; Linux x86_64; rv:85.0) Gecko/20100101 Firefox/91.0"
121.42.252.229 - - [12/Sep/2025:05:08:17 +0800] "GET /wp-content/cache/min/ HTTP/1.1" 200 0 "-" "Mozilla/5.0 (Windows NT 6.1; WOW64) AppleWebKit/537.36 (KHTML, like Gecko) Chrome/86.0.4240.198 Safari/537.36"
139.129.246.141 - - [12/Sep/2025:05:08:38 +0800] "GET /wp-content/cache/min/1/wp-content/plugins/smartideo/ HTTP/1.1" 403 548 "-" "Mozilla/5.0 (Windows NT 6.1; WOW64) AppleWebKit/537.36 (KHTML, like Gecko) Chrome/86.0.4240.198 Safari/537.36"
47.109.54.65 - - [12/Sep/2025:05:08:53 +0800] "GET /portfolio/ HTTP/1.1" 200 20553 "-" "Mozilla/5.0 (Windows NT 6.1; WOW64) AppleWebKit/537.36 (KHTML, like Gecko) Chrome/86.0.4240.198 Safari/537.36"
47.109.31.152 - - [12/Sep/2025:05:08:56 +0800] "GET /wp-content/plugins/elementor/assets/css/conditionals/ HTTP/1.1" 403 548 "-" "Mozilla/5.0 (Windows NT 6.1; WOW64) AppleWebKit/537.36 (KHTML, like Gecko) Chrome/86.0.4240.198 Safari/537.36"
47.109.44.73 - - [12/Sep/2025:05:09:27 +0800] "GET /wp-content/plugins/elementor/assets/css/ HTTP/1.1" 403 548 "-" "Mozilla/5.0 (Windows NT 6.1; WOW64) AppleWebKit/537.36 (KHTML, like Gecko) Chrome/86.0.4240.198 Safari/537.36"
47.109.44.73 - - [12/Sep/2025:05:09:51 +0800] "GET /2164/ HTTP/1.1" 200 23705 "-" "Mozilla/5.0 (Windows NT 6.1; WOW64) AppleWebKit/537.36 (KHTML, like Gecko) Chrome/86.0.4240.198 Safari/537.36"
47.108.117.45 - - [12/Sep/2025:05:09:52 +0800] "GET /portfolio-category/cold-rolled-coil/ HTTP/1.1" 200 20900 "-" "Mozilla/5.0 (Windows NT 6.1; WOW64) AppleWebKit/537.36 (KHTML, like Gecko) Chrome/86.0.4240.198 Safari/537.36"
121.42.249.16 - - [12/Sep/2025:05:09:59 +0800] "GET /wp-includes/js/dist/ HTTP/1.1" 403 548 "-" "Mozilla/5.0 (Windows NT 6.1; WOW64) AppleWebKit/537.36 (KHTML, like Gecko) Chrome/86.0.4240.198 Safari/537.36"
47.109.44.73 - - [12/Sep/2025:05:10:20 +0800] "GET /wp-content/plugins/elementor/assets/lib/animations/styles/ HTTP/1.1" 403 548 "-" "Mozilla/5.0 (Windows NT 6.1; WOW64) AppleWebKit/537.36 (KHTML, like Gecko) Chrome/86.0.4240.198 Safari/537.36"
36.133.115.36 - - [12/Sep/2025:05:10:33 +0800] "POST /wp-cron.php?doing_wp_cron=1757625033.6800050735473632812500 HTTP/1.1" 200 31 "-" "WordPress/6.8.2; http://cqqizhou.com"
37.60.141.156 - - [12/Sep/2025:05:10:34 +0800] "GET / HTTP/1.1" 200 151919 "-" "Go-http-client/1.1"
36.133.115.36 - - [12/Sep/2025:05:11:01 +0800] "POST /wp-cron.php?doing_wp_cron=1757625061.2549979686737060546875 HTTP/1.1" 200 31 "-" "WordPress/6.8.2; http://cqqizhou.com"
149.50.103.48 - - [12/Sep/2025:05:11:01 +0800] "GET / HTTP/1.1" 200 33467 "-" "Mozilla/5.0 (Windows NT 10.0; Win64; x64) AppleWebKit/537.36 (KHTML, like Gecko) Chrome/90.0.4430.85 Safari/537.36 Edg/90.0.818.46"
121.42.249.16 - - [12/Sep/2025:05:11:06 +0800] "GET /wp-content/plugins/elementor/assets/js/ HTTP/1.1" 403 548 "-" "Mozilla/5.0 (Windows NT 6.1; WOW64) AppleWebKit/537.36 (KHTML, like Gecko) Chrome/86.0.4240.198 Safari/537.36"
47.109.44.73 - - [12/Sep/2025:05:12:17 +0800] "GET /wp-content/plugins/elementor/assets/lib/animations/ HTTP/1.1" 403 548 "-" "Mozilla/5.0 (Windows NT 6.1; WOW64) AppleWebKit/537.36 (KHTML, like Gecko) Chrome/86.0.4240.198 Safari/537.36"
36.133.115.36 - - [12/Sep/2025:05:13:24 +0800] "POST /wp-cron.php?doing_wp_cron=1757625204.3173310756683349609375 HTTP/1.1" 200 31 "-" "WordPress/6.8.2; http://cqqizhou.com"
139.129.246.141 - - [12/Sep/2025:05:13:24 +0800] "GET /bug HTTP/1.1" 301 5 "-" "Mozilla/5.0 (Windows NT 6.1; WOW64) AppleWebKit/537.36 (KHTML, like Gecko) Chrome/86.0.4240.198 Safari/537.36"
139.129.246.141 - - [12/Sep/2025:05:13:26 +0800] "GET /bug/ HTTP/1.1" 200 12812 "http://www.cqqizhou.com/bug" "Mozilla/5.0 (Windows NT 6.1; WOW64) AppleWebKit/537.36 (KHTML, like Gecko) Chrome/86.0.4240.198 Safari/537.36"
47.109.31.152 - - [12/Sep/2025:05:14:23 +0800] "GET /wp-includes/js/jquery/ HTTP/1.1" 403 548 "-" "Mozilla/5.0 (Windows NT 6.1; WOW64) AppleWebKit/537.36 (KHTML, like Gecko) Chrome/86.0.4240.198 Safari/537.36"
36.133.115.36 - - [12/Sep/2025:05:14:26 +0800] "POST /wp-cron.php?doing_wp_cron=1757625265.9917149543762207031250 HTTP/1.1" 200 31 "-" "WordPress/6.8.2; http://cqqizhou.com"
47.108.117.45 - - [12/Sep/2025:05:14:26 +0800] "GET /portfolio-category/ HTTP/1.1" 404 8989 "-" "Mozilla/5.0 (Windows NT 6.1; WOW64) AppleWebKit/537.36 (KHTML, like Gecko) Chrome/86.0.4240.198 Safari/537.36"
121.42.252.229 - - [12/Sep/2025:05:16:04 +0800] "GET /portfolio-category/remaining-rolls/ HTTP/1.1" 200 20832 "-" "Mozilla/5.0 (Windows NT 6.1; WOW64) AppleWebKit/537.36 (KHTML, like Gecko) Chrome/86.0.4240.198 Safari/537.36"
121.42.252.229 - - [12/Sep/2025:05:17:19 +0800] "GET /wp-content/cache/min/1/wp-content/ HTTP/1.1" 403 548 "-" "Mozilla/5.0 (Windows NT 6.1; WOW64) AppleWebKit/537.36 (KHTML, like Gecko) Chrome/86.0.4240.198 Safari/537.36"
121.42.252.229 - - [12/Sep/2025:05:18:21 +0800] "GET /wp-includes/ HTTP/1.1" 403 548 "-" "Mozilla/5.0 (Windows NT 6.1; WOW64) AppleWebKit/537.36 (KHTML, like Gecko) Chrome/86.0.4240.198 Safari/537.36"
47.109.31.152 - - [12/Sep/2025:05:19:12 +0800] "GET /wp-content/plugins/elementor/assets/lib/ HTTP/1.1" 403 548 "-" "Mozilla/5.0 (Windows NT 6.1; WOW64) AppleWebKit/537.36 (KHTML, like Gecko) Chrome/86.0.4240.198 Safari/537.36"
36.133.115.36 - - [12/Sep/2025:05:19:23 +0800] "POST /wp-cron.php?doing_wp_cron=1757625563.5836119651794433593750 HTTP/1.1" 200 31 "-" "WordPress/6.8.2; http://cqqizhou.com"
121.42.236.230 - - [12/Sep/2025:05:19:23 +0800] "GET /wp-json/oembed/ HTTP/1.1" 404 154 "-" "Mozilla/5.0 (Windows NT 6.1; WOW64) AppleWebKit/537.36 (KHTML, like Gecko) Chrome/86.0.4240.198 Safari/537.36"
121.42.236.230 - - [12/Sep/2025:05:20:08 +0800] "GET /2162/ HTTP/1.1" 200 25352 "-" "Mozilla/5.0 (Windows NT 6.1; WOW64) AppleWebKit/537.36 (KHTML, like Gecko) Chrome/86.0.4240.198 Safari/537.36"
121.42.253.62 - - [12/Sep/2025:05:20:15 +0800] "GET /wp-includes/css/dist/ HTTP/1.1" 403 548 "-" "Mozilla/5.0 (Windows NT 6.1; WOW64) AppleWebKit/537.36 (KHTML, like Gecko) Chrome/86.0.4240.198 Safari/537.36"
47.109.44.73 - - [12/Sep/2025:05:21:02 +0800] "GET /logistics/ HTTP/1.1" 200 22410 "-" "Mozilla/5.0 (Windows NT 6.1; WOW64) AppleWebKit/537.36 (KHTML, like Gecko) Chrome/86.0.4240.198 Safari/537.36"
139.129.246.141 - - [12/Sep/2025:05:21:34 +0800] "GET /wp-content/cache/min/1/ HTTP/1.1" 403 548 "-" "Mozilla/5.0 (Windows NT 6.1; WOW64) AppleWebKit/537.36 (KHTML, like Gecko) Chrome/86.0.4240.198 Safari/537.36"
47.109.31.152 - - [12/Sep/2025:05:21:49 +0800] "GET /wp-content/plugins/revslider/public/js/libs/ HTTP/1.1" 403 548 "-" "Mozilla/5.0 (Windows NT 6.1; WOW64) AppleWebKit/537.36 (KHTML, like Gecko) Chrome/86.0.4240.198 Safari/537.36"
121.42.253.62 - - [12/Sep/2025:05:21:59 +0800] "GET /wp-content/plugins/revslider/public/js/ HTTP/1.1" 403 548 "-" "Mozilla/5.0 (Windows NT 6.1; WOW64) AppleWebKit/537.36 (KHTML, like Gecko) Chrome/86.0.4240.198 Safari/537.36"
47.109.31.152 - - [12/Sep/2025:05:24:46 +0800] "GET /wp-content/cache/min/1/wp-content/plugins/revslider/public/css/fonts/revicons/ HTTP/1.1" 403 548 "-" "Mozilla/5.0 (Windows NT 6.1; WOW64) AppleWebKit/537.36 (KHTML, like Gecko) Chrome/86.0.4240.198 Safari/537.36"
139.129.246.141 - - [12/Sep/2025:05:26:54 +0800] "GET /wp-content/cache/min/1/wp-content/plugins/ HTTP/1.1" 403 548 "-" "Mozilla/5.0 (Windows NT 6.1; WOW64) AppleWebKit/537.36 (KHTML, like Gecko) Chrome/86.0.4240.198 Safari/537.36"
47.108.117.45 - - [12/Sep/2025:05:27:24 +0800] "GET /wp-content/uploads/ HTTP/1.1" 403 548 "-" "Mozilla/5.0 (Windows NT 6.1; WOW64) AppleWebKit/537.36 (KHTML, like Gecko) Chrome/86.0.4240.198 Safari/537.36"
47.109.54.65 - - [12/Sep/2025:05:29:13 +0800] "GET /wp-content/plugins/wp-rocket/ HTTP/1.1" 403 548 "-" "Mozilla/5.0 (Windows NT 6.1; WOW64) AppleWebKit/537.36 (KHTML, like Gecko) Chrome/86.0.4240.198 Safari/537.36"
47.109.54.65 - - [12/Sep/2025:05:29:51 +0800] "GET /wp-content/themes/ HTTP/1.1" 200 31 "-" "Mozilla/5.0 (Windows NT 6.1; WOW64) AppleWebKit/537.36 (KHTML, like Gecko) Chrome/86.0.4240.198 Safari/537.36"
121.42.236.230 - - [12/Sep/2025:05:30:47 +0800] "GET /wp-content/cache/min/1/wp-content/themes/qizhou/ HTTP/1.1" 403 548 "-" "Mozilla/5.0 (Windows NT 6.1; WOW64) AppleWebKit/537.36 (KHTML, like Gecko) Chrome/86.0.4240.198 Safari/537.36"
47.109.54.65 - - [12/Sep/2025:05:32:06 +0800] "GET /2163/ HTTP/1.1" 200 23987 "-" "Mozilla/5.0 (Windows NT 6.1; WOW64) AppleWebKit/537.36 (KHTML, like Gecko) Chrome/86.0.4240.198 Safari/537.36"
139.129.246.141 - - [12/Sep/2025:05:32:33 +0800] "GET /wp-content/plugins/revslider/ HTTP/1.1" 200 31 "-" "Mozilla/5.0 (Windows NT 6.1; WOW64) AppleWebKit/537.36 (KHTML, like Gecko) Chrome/86.0.4240.198 Safari/537.36"
139.129.246.141 - - [12/Sep/2025:05:33:23 +0800] "GET /wp-includes/css/ HTTP/1.1" 403 548 "-" "Mozilla/5.0 (Windows NT 6.1; WOW64) AppleWebKit/537.36 (KHTML, like Gecko) Chrome/86.0.4240.198 Safari/537.36"
36.133.115.36 - - [12/Sep/2025:05:33:32 +0800] "POST /wp-cron.php?doing_wp_cron=1757626412.0146710872650146484375 HTTP/1.1" 200 31 "-" "WordPress/6.8.2; http://cqqizhou.com"
47.108.117.45 - - [12/Sep/2025:05:33:32 +0800] "GET /wp-json/oembed/1.0/ HTTP/1.1" 200 543 "-" "Mozilla/5.0 (Windows NT 6.1; WOW64) AppleWebKit/537.36 (KHTML, like Gecko) Chrome/86.0.4240.198 Safari/537.36"
121.42.253.62 - - [12/Sep/2025:05:35:08 +0800] "GET /wp-content/plugins/elementor/assets/ HTTP/1.1" 403 548 "-" "Mozilla/5.0 (Windows NT 6.1; WOW64) AppleWebKit/537.36 (KHTML, like Gecko) Chrome/86.0.4240.198 Safari/537.36"
47.109.54.65 - - [12/Sep/2025:05:37:09 +0800] "GET /wp-content/cache/min/1/wp-content/plugins/revslider/public/ HTTP/1.1" 403 548 "-" "Mozilla/5.0 (Windows NT 6.1; WOW64) AppleWebKit/537.36 (KHTML, like Gecko) Chrome/86.0.4240.198 Safari/537.36"
121.42.252.229 - - [12/Sep/2025:05:37:10 +0800] "GET /wp-content/themes/qizhou/js/ HTTP/1.1" 403 548 "-" "Mozilla/5.0 (Windows NT 6.1; WOW64) AppleWebKit/537.36 (KHTML, like Gecko) Chrome/86.0.4240.198 Safari/537.36"
47.109.44.73 - - [12/Sep/2025:05:37:29 +0800] "GET /wp-content/uploads/elementor/css/ HTTP/1.1" 403 548 "-" "Mozilla/5.0 (Windows NT 6.1; WOW64) AppleWebKit/537.36 (KHTML, like Gecko) Chrome/86.0.4240.198 Safari/537.36"
47.108.117.45 - - [12/Sep/2025:05:37:56 +0800] "GET /wp-content/cache/min/1/wp-content/plugins/revslider/public/css/ HTTP/1.1" 403 548 "-" "Mozilla/5.0 (Windows NT 6.1; WOW64) AppleWebKit/537.36 (KHTML, like Gecko) Chrome/86.0.4240.198 Safari/537.36"
47.109.31.152 - - [12/Sep/2025:05:39:05 +0800] "GET /wp-content/cache/min/1/wp-content/plugins/revslider/public/css/fonts/ HTTP/1.1" 403 548 "-" "Mozilla/5.0 (Windows NT 6.1; WOW64) AppleWebKit/537.36 (KHTML, like Gecko) Chrome/86.0.4240.198 Safari/537.36"
121.42.253.62 - - [12/Sep/2025:05:39:08 +0800] "GET /wp-content/cache/min/1/wp-content/themes/qizhou/js/ HTTP/1.1" 403 548 "-" "Mozilla/5.0 (Windows NT 6.1; WOW64) AppleWebKit/537.36 (KHTML, like Gecko) Chrome/86.0.4240.198 Safari/537.36"
139.129.246.141 - - [12/Sep/2025:05:39:15 +0800] "GET /contacts/ HTTP/1.1" 200 21496 "-" "Mozilla/5.0 (Windows NT 6.1; WOW64) AppleWebKit/537.36 (KHTML, like Gecko) Chrome/86.0.4240.198 Safari/537.36"
36.133.115.36 - - [12/Sep/2025:05:39:31 +0800] "POST /wp-cron.php?doing_wp_cron=1757626771.9305338859558105468750 HTTP/1.1" 200 31 "-" "WordPress/6.8.2; http://cqqizhou.com"
47.109.44.73 - - [12/Sep/2025:05:39:31 +0800] "GET /logistics HTTP/1.1" 301 5 "-" "Mozilla/5.0 (Windows NT 6.1; WOW64) AppleWebKit/537.36 (KHTML, like Gecko) Chrome/86.0.4240.198 Safari/537.36"
47.109.44.73 - - [12/Sep/2025:05:39:32 +0800] "GET /logistics/ HTTP/1.1" 200 22410 "http://www.cqqizhou.com/logistics" "Mozilla/5.0 (Windows NT 6.1; WOW64) AppleWebKit/537.36 (KHTML, like Gecko) Chrome/86.0.4240.198 Safari/537.36"
121.42.236.230 - - [12/Sep/2025:05:39:49 +0800] "GET /portfolio/duplex-stainless-steel/ HTTP/1.1" 200 22101 "-" "Mozilla/5.0 (Windows NT 6.1; WOW64) AppleWebKit/537.36 (KHTML, like Gecko) Chrome/86.0.4240.198 Safari/537.36"
36.133.115.36 - - [12/Sep/2025:05:40:33 +0800] "POST /wp-cron.php?doing_wp_cron=1757626833.7620890140533447265625 HTTP/1.1" 200 31 "-" "WordPress/6.8.2; http://cqqizhou.com"
139.129.246.141 - - [12/Sep/2025:05:40:33 +0800] "GET /comments/ HTTP/1.1" 404 8989 "-" "Mozilla/5.0 (Windows NT 6.1; WOW64) AppleWebKit/537.36 (KHTML, like Gecko) Chrome/86.0.4240.198 Safari/537.36"
47.109.44.73 - - [12/Sep/2025:05:42:04 +0800] "GET /wp-content/plugins/elementor-pro/assets/css/modules/ HTTP/1.1" 403 548 "-" "Mozilla/5.0 (Windows NT 6.1; WOW64) AppleWebKit/537.36 (KHTML, like Gecko) Chrome/86.0.4240.198 Safari/537.36"
47.109.31.152 - - [12/Sep/2025:05:44:45 +0800] "GET /wp-content/cache/min/1/wp-content/themes/qizhou/css/ HTTP/1.1" 403 548 "-" "Mozilla/5.0 (Windows NT 6.1; WOW64) AppleWebKit/537.36 (KHTML, like Gecko) Chrome/86.0.4240.198 Safari/537.36"
121.42.252.229 - - [12/Sep/2025:05:45:11 +0800] "GET /portfolio/remaining-rolls/ HTTP/1.1" 200 22142 "-" "Mozilla/5.0 (Windows NT 6.1; WOW64) AppleWebKit/537.36 (KHTML, like Gecko) Chrome/86.0.4240.198 Safari/537.36"
47.109.31.152 - - [12/Sep/2025:05:45:18 +0800] "GET /wp-content/themes/qizhou/ HTTP/1.1" 500 5 "-" "Mozilla/5.0 (Windows NT 6.1; WOW64) AppleWebKit/537.36 (KHTML, like Gecko) Chrome/86.0.4240.198 Safari/537.36"
36.133.115.36 - - [12/Sep/2025:05:45:33 +0800] "POST /wp-cron.php?doing_wp_cron=1757627133.2955579757690429687500 HTTP/1.1" 200 31 "-" "WordPress/6.8.2; http://cqqizhou.com"
47.109.44.73 - - [12/Sep/2025:05:45:33 +0800] "GET /comments/ HTTP/1.1" 404 8989 "-" "Mozilla/5.0 (Windows NT 6.1; WOW64) AppleWebKit/537.36 (KHTML, like Gecko) Chrome/86.0.4240.198 Safari/537.36"
47.108.117.45 - - [12/Sep/2025:05:46:12 +0800] "GET /wp-content/uploads/elementor/ HTTP/1.1" 403 548 "-" "Mozilla/5.0 (Windows NT 6.1; WOW64) AppleWebKit/537.36 (KHTML, like Gecko) Chrome/86.0.4240.198 Safari/537.36"
139.129.246.141 - - [12/Sep/2025:05:46:34 +0800] "GET /wp-content/plugins/smartideo/static/ HTTP/1.1" 403 548 "-" "Mozilla/5.0 (Windows NT 6.1; WOW64) AppleWebKit/537.36 (KHTML, like Gecko) Chrome/86.0.4240.198 Safari/537.36"
47.109.54.65 - - [12/Sep/2025:05:47:41 +0800] "GET /wp-content/cache/min/1/wp-content/plugins/smartideo/static/ HTTP/1.1" 403 548 "-" "Mozilla/5.0 (Windows NT 6.1; WOW64) AppleWebKit/537.36 (KHTML, like Gecko) Chrome/86.0.4240.198 Safari/537.36"
47.109.31.152 - - [12/Sep/2025:05:49:24 +0800] "GET /material.html HTTP/1.1" 200 6459 "-" "Mozilla/5.0 (Windows NT 6.1; WOW64) AppleWebKit/537.36 (KHTML, like Gecko) Chrome/86.0.4240.198 Safari/537.36"
47.109.54.65 - - [12/Sep/2025:05:52:34 +0800] "GET /wp-includes/css/dist/block-library/ HTTP/1.1" 403 548 "-" "Mozilla/5.0 (Windows NT 6.1; WOW64) AppleWebKit/537.36 (KHTML, like Gecko) Chrome/86.0.4240.198 Safari/537.36"
47.109.31.152 - - [12/Sep/2025:05:55:30 +0800] "GET /wp-content/plugins/elementor-pro/ HTTP/1.1" 403 548 "-" "Mozilla/5.0 (Windows NT 6.1; WOW64) AppleWebKit/537.36 (KHTML, like Gecko) Chrome/86.0.4240.198 Safari/537.36"
47.109.54.65 - - [12/Sep/2025:05:57:01 +0800] "GET /wp-content/plugins/revslider/public/ HTTP/1.1" 403 548 "-" "Mozilla/5.0 (Windows NT 6.1; WOW64) AppleWebKit/537.36 (KHTML, like Gecko) Chrome/86.0.4240.198 Safari/537.36"
121.42.236.230 - - [12/Sep/2025:06:01:05 +0800] "GET /wp-content/uploads/2025/07/ HTTP/1.1" 403 548 "-" "Mozilla/5.0 (Windows NT 6.1; WOW64) AppleWebKit/537.36 (KHTML, like Gecko) Chrome/86.0.4240.198 Safari/537.36"
121.42.252.229 - - [12/Sep/2025:06:01:13 +0800] "GET /portfolio-category/dual-phase-steel/ HTTP/1.1" 200 20860 "-" "Mozilla/5.0 (Windows NT 6.1; WOW64) AppleWebKit/537.36 (KHTML, like Gecko) Chrome/86.0.4240.198 Safari/537.36"
139.129.246.141 - - [12/Sep/2025:06:01:42 +0800] "GET /wp-content/plugins/smartideo/ HTTP/1.1" 403 548 "-" "Mozilla/5.0 (Windows NT 6.1; WOW64) AppleWebKit/537.36 (KHTML, like Gecko) Chrome/86.0.4240.198 Safari/537.36"
36.133.115.36 - - [12/Sep/2025:06:02:18 +0800] "POST /wp-cron.php?doing_wp_cron=1757628138.8710980415344238281250 HTTP/1.1" 200 31 "-" "WordPress/6.8.2; http://cqqizhou.com"
103.205.211.78 - - [12/Sep/2025:06:02:19 +0800] "POST /xmlrpc.php HTTP/1.1" 200 217 "-" "Mozilla/5.0 (X11; Ubuntu; Linux x86_64; rv:85.0) Gecko/20100101 Firefox/91.0"
47.109.44.73 - - [12/Sep/2025:06:03:49 +0800] "GET /wp-content/cache/min/1/wp-content/plugins/revslider/ HTTP/1.1" 403 548 "-" "Mozilla/5.0 (Windows NT 6.1; WOW64) AppleWebKit/537.36 (KHTML, like Gecko) Chrome/86.0.4240.198 Safari/537.36"
47.109.44.73 - - [12/Sep/2025:06:05:07 +0800] "GET /wp-content/plugins/elementor-pro/assets/css/ HTTP/1.1" 403 548 "-" "Mozilla/5.0 (Windows NT 6.1; WOW64) AppleWebKit/537.36 (KHTML, like Gecko) Chrome/86.0.4240.198 Safari/537.36"
36.133.115.36 - - [12/Sep/2025:06:07:30 +0800] "POST /wp-cron.php?doing_wp_cron=1757628450.3832159042358398437500 HTTP/1.1" 200 31 "-" "WordPress/6.8.2; http://cqqizhou.com"
121.42.253.62 - - [12/Sep/2025:06:07:30 +0800] "GET /services HTTP/1.1" 301 5 "-" "Mozilla/5.0 (Windows NT 6.1; WOW64) AppleWebKit/537.36 (KHTML, like Gecko) Chrome/86.0.4240.198 Safari/537.36"
121.42.253.62 - - [12/Sep/2025:06:07:31 +0800] "GET /services/ HTTP/1.1" 200 25528 "http://www.cqqizhou.com/services" "Mozilla/5.0 (Windows NT 6.1; WOW64) AppleWebKit/537.36 (KHTML, like Gecko) Chrome/86.0.4240.198 Safari/537.36"
36.133.115.36 - - [12/Sep/2025:06:10:59 +0800] "POST /wp-cron.php?doing_wp_cron=1757628659.8092920780181884765625 HTTP/1.1" 200 31 "-" "WordPress/6.8.2; http://cqqizhou.com"
121.42.249.16 - - [12/Sep/2025:06:11:00 +0800] "GET /?s= HTTP/1.1" 200 19544 "-" "Mozilla/5.0 (Windows NT 6.1; WOW64) AppleWebKit/537.36 (KHTML, like Gecko) Chrome/86.0.4240.198 Safari/537.36"
139.59.159.109 - - [12/Sep/2025:06:11:08 +0800] "GET /.env HTTP/1.1" 404 8989 "-" "Mozilla/5.0; Keydrop.io/1.0(onlyscans.com/about);"
139.59.159.109 - - [12/Sep/2025:06:11:09 +0800] "GET /.git/config HTTP/1.1" 404 8989 "-" "Mozilla/5.0; Keydrop.io/1.0(onlyscans.com/about);"
139.129.246.141 - - [12/Sep/2025:06:12:44 +0800] "GET /club/ HTTP/1.1" 200 13062 "-" "Mozilla/5.0 (Windows NT 6.1; WOW64) AppleWebKit/537.36 (KHTML, like Gecko) Chrome/86.0.4240.198 Safari/537.36"
47.108.117.45 - - [12/Sep/2025:06:15:37 +0800] "GET /portfolio/hot-dip-galvanized-coil/ HTTP/1.1" 200 22257 "-" "Mozilla/5.0 (Windows NT 6.1; WOW64) AppleWebKit/537.36 (KHTML, like Gecko) Chrome/86.0.4240.198 Safari/537.36"
36.133.115.36 - - [12/Sep/2025:06:15:40 +0800] "POST /wp-cron.php?doing_wp_cron=1757628940.2015628814697265625000 HTTP/1.1" 200 31 "-" "WordPress/6.8.2; http://cqqizhou.com"
149.50.103.48 - - [12/Sep/2025:06:15:40 +0800] "GET / HTTP/1.1" 200 33467 "-" "Mozilla/5.0 (Windows NT 10.0; Win64; x64) AppleWebKit/537.36 (KHTML, like Gecko) Chrome/90.0.4430.85 Safari/537.36 Edg/90.0.818.46"
36.133.115.36 - - [12/Sep/2025:06:19:06 +0800] "POST /wp-cron.php?doing_wp_cron=1757629146.8033750057220458984375 HTTP/1.1" 200 31 "-" "WordPress/6.8.2; http://cqqizhou.com"
139.129.246.141 - - [12/Sep/2025:06:19:06 +0800] "GET /contacts/ HTTP/1.1" 301 5 "-" "Mozilla/5.0 (Windows NT 6.1; WOW64) AppleWebKit/537.36 (KHTML, like Gecko) Chrome/86.0.4240.198 Safari/537.36"
139.129.246.141 - - [12/Sep/2025:06:19:07 +0800] "GET /contacts/ HTTP/1.1" 200 21496 "http://www.cqqizhou.com/contacts/" "Mozilla/5.0 (Windows NT 6.1; WOW64) AppleWebKit/537.36 (KHTML, like Gecko) Chrome/86.0.4240.198 Safari/537.36"
121.42.252.229 - - [12/Sep/2025:06:19:48 +0800] "GET /wp-content/ HTTP/1.1" 200 31 "-" "Mozilla/5.0 (Windows NT 6.1; WOW64) AppleWebKit/537.36 (KHTML, like Gecko) Chrome/86.0.4240.198 Safari/537.36"
36.133.115.36 - - [12/Sep/2025:06:25:50 +0800] "POST /wp-cron.php?doing_wp_cron=1757629549.9807360172271728515625 HTTP/1.1" 200 31 "-" "WordPress/6.8.2; http://cqqizhou.com"
47.109.44.73 - - [12/Sep/2025:06:25:50 +0800] "GET /contacts/ HTTP/1.1" 301 5 "-" "Mozilla/5.0 (Windows NT 6.1; WOW64) AppleWebKit/537.36 (KHTML, like Gecko) Chrome/86.0.4240.198 Safari/537.36"
47.109.44.73 - - [12/Sep/2025:06:25:50 +0800] "GET /contacts/ HTTP/1.1" 200 21496 "http://www.cqqizhou.com/contacts/" "Mozilla/5.0 (Windows NT 6.1; WOW64) AppleWebKit/537.36 (KHTML, like Gecko) Chrome/86.0.4240.198 Safari/537.36"
47.109.44.73 - - [12/Sep/2025:06:26:30 +0800] "GET /contacts/ HTTP/1.1" 301 5 "-" "Mozilla/5.0 (Windows NT 6.1; WOW64) AppleWebKit/537.36 (KHTML, like Gecko) Chrome/86.0.4240.198 Safari/537.36"
47.109.44.73 - - [12/Sep/2025:06:26:31 +0800] "GET /contacts/ HTTP/1.1" 200 21496 "http://www.cqqizhou.com/contacts/#wpcf7-f158-p2-o1" "Mozilla/5.0 (Windows NT 6.1; WOW64) AppleWebKit/537.36 (KHTML, like Gecko) Chrome/86.0.4240.198 Safari/537.36"
36.133.115.36 - - [12/Sep/2025:06:28:29 +0800] "POST /wp-cron.php?doing_wp_cron=1757629709.5261080265045166015625 HTTP/1.1" 200 31 "-" "WordPress/6.8.2; http://cqqizhou.com"
47.109.44.73 - - [12/Sep/2025:06:28:29 +0800] "GET /wp-json/ HTTP/1.1" 200 19172 "-" "Mozilla/5.0 (Windows NT 6.1; WOW64) AppleWebKit/537.36 (KHTML, like Gecko) Chrome/86.0.4240.198 Safari/537.36"
121.42.252.229 - - [12/Sep/2025:06:31:04 +0800] "GET /wp-content/uploads/2025/ HTTP/1.1" 403 548 "-" "Mozilla/5.0 (Windows NT 6.1; WOW64) AppleWebKit/537.36 (KHTML, like Gecko) Chrome/86.0.4240.198 Safari/537.36"
36.133.115.36 - - [12/Sep/2025:06:31:26 +0800] "POST /wp-cron.php?doing_wp_cron=1757629886.9213058948516845703125 HTTP/1.1" 200 31 "-" "WordPress/6.8.2; http://cqqizhou.com"
47.109.54.65 - - [12/Sep/2025:06:31:27 +0800] "GET /?s= HTTP/1.1" 200 19545 "-" "Mozilla/5.0 (Windows NT 6.1; WOW64) AppleWebKit/537.36 (KHTML, like Gecko) Chrome/86.0.4240.198 Safari/537.36"
121.42.252.229 - - [12/Sep/2025:06:32:07 +0800] "GET /wp-content/cache/min/1/wp-content/plugins/contact-form-7/includes/swv/ HTTP/1.1" 403 548 "-" "Mozilla/5.0 (Windows NT 6.1; WOW64) AppleWebKit/537.36 (KHTML, like Gecko) Chrome/86.0.4240.198 Safari/537.36"
47.109.54.65 - - [12/Sep/2025:06:35:53 +0800] "GET /policy/ HTTP/1.1" 200 23548 "-" "Mozilla/5.0 (Windows NT 6.1; WOW64) AppleWebKit/537.36 (KHTML, like Gecko) Chrome/86.0.4240.198 Safari/537.36"
121.42.252.229 - - [12/Sep/2025:06:36:41 +0800] "GET /wp-content/cache/min/1/wp-content/plugins/contact-form-7/includes/css/ HTTP/1.1" 403 548 "-" "Mozilla/5.0 (Windows NT 6.1; WOW64) AppleWebKit/537.36 (KHTML, like Gecko) Chrome/86.0.4240.198 Safari/537.36"
139.129.246.141 - - [12/Sep/2025:06:37:57 +0800] "GET /wp-content/cache/min/1/wp-content/plugins/contact-form-7/includes/js/ HTTP/1.1" 403 548 "-" "Mozilla/5.0 (Windows NT 6.1; WOW64) AppleWebKit/537.36 (KHTML, like Gecko) Chrome/86.0.4240.198 Safari/537.36"
47.108.117.45 - - [12/Sep/2025:06:39:07 +0800] "GET /about/ HTTP/1.1" 200 30088 "-" "Mozilla/5.0 (Windows NT 6.1; WOW64) AppleWebKit/537.36 (KHTML, like Gecko) Chrome/86.0.4240.198 Safari/537.36"
139.129.246.141 - - [12/Sep/2025:06:40:00 +0800] "GET /portfolio-category/hot-dip-galvanized-coil/ HTTP/1.1" 200 20880 "-" "Mozilla/5.0 (Windows NT 6.1; WOW64) AppleWebKit/537.36 (KHTML, like Gecko) Chrome/86.0.4240.198 Safari/537.36"
121.42.253.62 - - [12/Sep/2025:06:40:38 +0800] "GET /wp-content/plugins/revslider/public/css/ HTTP/1.1" 403 548 "-" "Mozilla/5.0 (Windows NT 6.1; WOW64) AppleWebKit/537.36 (KHTML, like Gecko) Chrome/86.0.4240.198 Safari/537.36"
47.109.54.65 - - [12/Sep/2025:06:41:10 +0800] "GET /news/ HTTP/1.1" 200 25256 "-" "Mozilla/5.0 (Windows NT 6.1; WOW64) AppleWebKit/537.36 (KHTML, like Gecko) Chrome/86.0.4240.198 Safari/537.36"
36.133.115.36 - - [12/Sep/2025:06:41:56 +0800] "POST /wp-cron.php?doing_wp_cron=1757630516.1796538829803466796875 HTTP/1.1" 200 31 "-" "WordPress/6.8.2; http://cqqizhou.com"
54.224.205.112 - - [12/Sep/2025:06:41:56 +0800] "GET / HTTP/1.1" 301 5 "-" "Mozilla/5.0 (Windows NT 10.0; Win64; x64) AppleWebKit/537.36 (KHTML, like Gecko) Chrome/136.0.0.0 Safari/537.36"
91.224.92.17 - - [12/Sep/2025:06:42:32 +0800] "GET / HTTP/1.1" 200 109837 "-" "-"
121.42.249.16 - - [12/Sep/2025:06:42:47 +0800] "GET /wp-content/cache/min/1/wp-content/plugins/contact-form-7/ HTTP/1.1" 403 548 "-" "Mozilla/5.0 (Windows NT 6.1; WOW64) AppleWebKit/537.36 (KHTML, like Gecko) Chrome/86.0.4240.198 Safari/537.36"
36.133.115.36 - - [12/Sep/2025:06:43:13 +0800] "POST /wp-cron.php?doing_wp_cron=1757630593.5410749912261962890625 HTTP/1.1" 200 31 "-" "WordPress/6.8.2; http://cqqizhou.com"
121.42.252.229 - - [12/Sep/2025:06:43:13 +0800] "GET /contacts/ HTTP/1.1" 301 5 "-" "Mozilla/5.0 (Windows NT 6.1; WOW64) AppleWebKit/537.36 (KHTML, like Gecko) Chrome/86.0.4240.198 Safari/537.36"
121.42.252.229 - - [12/Sep/2025:06:43:14 +0800] "GET /contacts/ HTTP/1.1" 200 21496 "http://www.cqqizhou.com/contacts/#wpcf7-f158-p2-o1" "Mozilla/5.0 (Windows NT 6.1; WOW64) AppleWebKit/537.36 (KHTML, like Gecko) Chrome/86.0.4240.198 Safari/537.36"
121.42.253.62 - - [12/Sep/2025:06:46:09 +0800] "GET /wp-content/cache/min/1/wp-content/plugins/contact-form-7/includes/ HTTP/1.1" 403 548 "-" "Mozilla/5.0 (Windows NT 6.1; WOW64) AppleWebKit/537.36 (KHTML, like Gecko) Chrome/86.0.4240.198 Safari/537.36"
139.129.246.141 - - [12/Sep/2025:06:46:32 +0800] "GET /wp-content/plugins/elementor/ HTTP/1.1" 403 548 "-" "Mozilla/5.0 (Windows NT 6.1; WOW64) AppleWebKit/537.36 (KHTML, like Gecko) Chrome/86.0.4240.198 Safari/537.36"
176.46.138.150 - - [12/Sep/2025:06:47:54 +0800] "GET / HTTP/1.1" 200 39369 "-" "Go-http-client/1.1"
36.133.115.36 - - [12/Sep/2025:06:47:56 +0800] "POST /wp-cron.php?doing_wp_cron=1757630876.1218459606170654296875 HTTP/1.1" 200 31 "-" "WordPress/6.8.2; http://cqqizhou.com"
176.46.138.150 - - [12/Sep/2025:06:47:56 +0800] "GET /.git/config HTTP/1.1" 404 8989 "-" "Go-http-client/1.1"
176.46.138.150 - - [12/Sep/2025:06:47:56 +0800] "GET /dev/phpinfo.php HTTP/1.1" 404 47 "-" "Go-http-client/1.1"
176.46.138.150 - - [12/Sep/2025:06:47:56 +0800] "GET /dashboard/phpinfo.php HTTP/1.1" 404 47 "-" "Go-http-client/1.1"
176.46.138.150 - - [12/Sep/2025:06:47:56 +0800] "GET /i.php HTTP/1.1" 404 47 "-" "Go-http-client/1.1"
176.46.138.150 - - [12/Sep/2025:06:47:56 +0800] "GET /old_phpinfo.php HTTP/1.1" 404 47 "-" "Go-http-client/1.1"
176.46.138.150 - - [12/Sep/2025:06:47:56 +0800] "GET /linusadmin-phpinfo.php HTTP/1.1" 404 47 "-" "Go-http-client/1.1"
176.46.138.150 - - [12/Sep/2025:06:47:56 +0800] "GET /infophp.php HTTP/1.1" 404 47 "-" "Go-http-client/1.1"
176.46.138.150 - - [12/Sep/2025:06:47:56 +0800] "GET /config/development.config.php HTTP/1.1" 404 47 "-" "Go-http-client/1.1"
176.46.138.150 - - [12/Sep/2025:06:47:56 +0800] "GET / HTTP/1.1" 200 39369 "-" "Go-http-client/1.1"
176.46.138.150 - - [12/Sep/2025:06:47:57 +0800] "GET /.production HTTP/1.1" 404 8989 "-" "Go-http-client/1.1"
176.46.138.150 - - [12/Sep/2025:06:47:57 +0800] "GET /_profiler/phpinfo HTTP/1.1" 404 8989 "-" "Go-http-client/1.1"
176.46.138.150 - - [12/Sep/2025:06:47:57 +0800] "GET /config/prod.json HTTP/1.1" 404 8989 "-" "Go-http-client/1.1"
176.46.138.150 - - [12/Sep/2025:06:47:57 +0800] "GET /config/production.json HTTP/1.1" 404 8989 "-" "Go-http-client/1.1"
176.46.138.150 - - [12/Sep/2025:06:47:57 +0800] "GET /aws.yml HTTP/1.1" 404 8989 "-" "Go-http-client/1.1"
121.42.252.229 - - [12/Sep/2025:06:49:58 +0800] "GET /wp-content/cache/min/1/wp-content/plugins/contact-form-7/includes/swv/js/ HTTP/1.1" 403 548 "-" "Mozilla/5.0 (Windows NT 6.1; WOW64) AppleWebKit/537.36 (KHTML, like Gecko) Chrome/86.0.4240.198 Safari/537.36"
121.42.236.230 - - [12/Sep/2025:06:58:36 +0800] "GET /wp-content/cache/min/1/wp-content/plugins/revslider/public/css/fonts/revicons/css/ HTTP/1.1" 403 548 "-" "Mozilla/5.0 (Windows NT 6.1; WOW64) AppleWebKit/537.36 (KHTML, like Gecko) Chrome/86.0.4240.198 Safari/537.36"
52.167.144.195 - - [12/Sep/2025:06:58:53 +0800] "GET /portfolio-category/hot-dip-galvanized-coil/ HTTP/1.1" 200 20880 "-" "Mozilla/5.0 AppleWebKit/537.36 (KHTML, like Gecko; compatible; bingbot/2.0; +http://www.bing.com/bingbot.htm) Chrome/116.0.1938.76 Safari/537.36"
36.133.115.36 - - [12/Sep/2025:07:02:15 +0800] "POST /wp-cron.php?doing_wp_cron=1757631735.1236810684204101562500 HTTP/1.1" 200 31 "-" "WordPress/6.8.2; http://cqqizhou.com"
37.60.141.156 - - [12/Sep/2025:07:02:15 +0800] "GET / HTTP/1.1" 200 151919 "-" "-"
36.133.115.36 - - [12/Sep/2025:07:08:39 +0800] "POST /wp-cron.php?doing_wp_cron=1757632119.0927159786224365234375 HTTP/1.1" 200 31 "-" "WordPress/6.8.2; http://cqqizhou.com"
162.240.19.150 - - [12/Sep/2025:07:08:39 +0800] "POST /xmlrpc.php HTTP/1.1" 200 217 "-" "Mozilla/5.0 (X11; Ubuntu; Linux x86_64; rv:85.0) Gecko/20100101 Firefox/91.0"
36.133.115.36 - - [12/Sep/2025:07:15:35 +0800] "POST /wp-cron.php?doing_wp_cron=1757632535.5016379356384277343750 HTTP/1.1" 200 31 "-" "WordPress/6.8.2; http://cqqizhou.com"
