119.8.169.21 - - [23/Aug/2025:15:56:41 +0800] "GET /containers/json HTTP/1.1" 301 5 "-" "libredtail-http"
36.133.115.36 - - [23/Aug/2025:15:59:20 +0800] "POST /wp-cron.php?doing_wp_cron=1755935960.8400371074676513671875 HTTP/1.1" 200 31 "-" "WordPress/6.8.2; http://cqqizhou.com"
103.187.147.142 - - [23/Aug/2025:15:59:20 +0800] "POST /xmlrpc.php HTTP/1.1" 200 217 "http://cqqizhou.com" "Mozilla/5.0 (Windows NT 10.0; Win64; x64) AppleWebKit/537.36 (KHTML, like Gecko) Chrome/126.0.0.0 Safari/537.36"
103.187.147.142 - - [23/Aug/2025:15:59:21 +0800] "POST /wp-login.php HTTP/1.1" 200 2918 "http://cqqizhou.com" "Mozilla/5.0 (Windows NT 11.0; Win64; x64) AppleWebKit/537.36 (KHTML, like Gecko) Chrome/126.0.0.0 Safari/537.36 Edg/126.0.0.0"
36.133.115.36 - - [23/Aug/2025:16:09:45 +0800] "POST /wp-cron.php?doing_wp_cron=1755936585.5348179340362548828125 HTTP/1.1" 200 31 "-" "WordPress/6.8.2; http://cqqizhou.com"
173.237.185.49 - - [23/Aug/2025:16:09:45 +0800] "POST /xmlrpc.php HTTP/1.1" 200 217 "http://cqqizhou.com" "Mozilla/5.0 (Macintosh; Intel Mac OS X 10_15_7) AppleWebKit/537.36 (KHTML, like Gecko) Chrome/113.0.5672.93 Safari/537.36"
173.237.185.49 - - [23/Aug/2025:16:09:46 +0800] "POST /wp-login.php HTTP/1.1" 200 2918 "http://cqqizhou.com" "Mozilla/5.0 (Macintosh; Intel Mac OS X 10_15_7; rv:127.0) Gecko/20100101 Firefox/127.0"
36.133.115.36 - - [23/Aug/2025:16:11:47 +0800] "POST /wp-cron.php?doing_wp_cron=1755936707.8646581172943115234375 HTTP/1.1" 200 31 "-" "WordPress/6.8.2; http://cqqizhou.com"
52.167.144.56 - - [23/Aug/2025:16:11:47 +0800] "GET /robots.txt HTTP/1.1" 200 190 "-" "Mozilla/5.0 AppleWebKit/537.36 (KHTML, like Gecko; compatible; bingbot/2.0; +http://www.bing.com/bingbot.htm) Chrome/116.0.1938.76 Safari/537.36"
36.133.115.36 - - [23/Aug/2025:16:15:01 +0800] "POST /wp-cron.php?doing_wp_cron=1755936901.5880100727081298828125 HTTP/1.1" 200 31 "-" "WordPress/6.8.2; http://cqqizhou.com"
113.45.227.187 - - [23/Aug/2025:16:15:01 +0800] "POST /xmlrpc.php HTTP/1.1" 200 217 "http://cqqizhou.com" "Mozilla/5.0 (Windows NT 10.0; Win64; x64) AppleWebKit/537.36 (KHTML, like Gecko) Chrome/126.0.0.0 Safari/537.36"
113.45.227.187 - - [23/Aug/2025:16:15:02 +0800] "POST /wp-login.php HTTP/1.1" 200 2918 "http://cqqizhou.com" "Mozilla/5.0 (Macintosh; Intel Mac OS X 10_15_7; rv:129.0) Gecko/20100101 Firefox/129.0"
91.224.92.14 - - [23/Aug/2025:16:15:17 +0800] "GET / HTTP/1.1" 200 33394 "-" "Mozilla/5.0 (Windows NT 10.0; Win64; x64) AppleWebKit/537.36 (KHTML, like Gecko) Chrome/90.0.4430.85 Safari/537.36 Edg/90.0.818.46"
36.133.115.36 - - [23/Aug/2025:16:16:33 +0800] "POST /wp-cron.php?doing_wp_cron=1755936993.2696840763092041015625 HTTP/1.1" 200 31 "-" "WordPress/6.8.2; http://cqqizhou.com"
185.111.159.10 - - [23/Aug/2025:16:16:34 +0800] "POST /xmlrpc.php HTTP/1.1" 200 217 "-" "Mozilla/5.0 (X11; Ubuntu; Linux x86_64; rv:85.0) Gecko/20100101 Firefox/91.0"
36.133.115.36 - - [23/Aug/2025:16:20:15 +0800] "POST /wp-cron.php?doing_wp_cron=1755937215.2640709877014160156250 HTTP/1.1" 200 31 "-" "WordPress/6.8.2; http://cqqizhou.com"
207.244.236.151 - - [23/Aug/2025:16:20:15 +0800] "POST /xmlrpc.php HTTP/1.1" 200 217 "http://cqqizhou.com" "Mozilla/5.0 (Macintosh; Intel Mac OS X 14_4_1) AppleWebKit/605.1.15 (KHTML, like Gecko) Version/17.3.1 Safari/605.1.15"
207.244.236.151 - - [23/Aug/2025:16:20:16 +0800] "POST /wp-login.php HTTP/1.1" 200 2918 "http://cqqizhou.com" "Mozilla/5.0 (Macintosh; Intel Mac OS X 13.3; rv:126.0) Gecko/20100101 Firefox/126.0"
36.133.115.36 - - [23/Aug/2025:16:25:22 +0800] "POST /wp-cron.php?doing_wp_cron=1755937522.7081139087677001953125 HTTP/1.1" 200 31 "-" "WordPress/6.8.2; http://cqqizhou.com"
178.128.166.101 - - [23/Aug/2025:16:25:22 +0800] "POST /xmlrpc.php HTTP/1.1" 200 217 "http://cqqizhou.com" "Mozilla/5.0 (Macintosh; Intel Mac OS X 13.3; rv:126.0) Gecko/20100101 Firefox/126.0"
178.128.166.101 - - [23/Aug/2025:16:25:23 +0800] "POST /wp-login.php HTTP/1.1" 200 2918 "http://cqqizhou.com" "Mozilla/5.0 (Windows NT 10.0; Win64; x64; rv:125.0.1) Gecko/20100101 Firefox/125.0.1"
36.133.115.36 - - [23/Aug/2025:16:30:33 +0800] "POST /wp-cron.php?doing_wp_cron=1755937833.1650500297546386718750 HTTP/1.1" 200 31 "-" "WordPress/6.8.2; http://cqqizhou.com"
162.241.22.11 - - [23/Aug/2025:16:30:33 +0800] "POST /xmlrpc.php HTTP/1.1" 200 217 "http://cqqizhou.com" "Mozilla/5.0 (Windows NT 10.0; Win64; x64) AppleWebKit/537.36 (KHTML, like Gecko) Chrome/126.0.0.0 Safari/537.36"
162.241.22.11 - - [23/Aug/2025:16:30:34 +0800] "POST /wp-login.php HTTP/1.1" 200 2918 "http://cqqizhou.com" "Mozilla/5.0 (Windows NT 10.0; Win64; x64; rv:126.0) Gecko/20100101 Firefox/126.0"
36.133.115.36 - - [23/Aug/2025:16:35:38 +0800] "POST /wp-cron.php?doing_wp_cron=1755938138.3740129470825195312500 HTTP/1.1" 200 31 "-" "WordPress/6.8.2; http://cqqizhou.com"
119.8.34.117 - - [23/Aug/2025:16:35:38 +0800] "POST /xmlrpc.php HTTP/1.1" 200 217 "http://cqqizhou.com" "Mozilla/5.0 (Windows NT 10.0; Win64; x64) AppleWebKit/537.36 (KHTML, like Gecko) Chrome/115.0.5790.102 Safari/537.36"
119.8.34.117 - - [23/Aug/2025:16:35:40 +0800] "POST /wp-login.php HTTP/1.1" 200 2918 "http://cqqizhou.com" "Mozilla/5.0 (Windows NT 10.0; Win64; x64) AppleWebKit/537.36 (KHTML, like Gecko) Chrome/126.0.0.0 Safari/537.36 Edg/126.0.0.0"
36.133.115.36 - - [23/Aug/2025:16:36:54 +0800] "POST /wp-cron.php?doing_wp_cron=1755938214.3339030742645263671875 HTTP/1.1" 200 31 "-" "WordPress/6.8.2; http://cqqizhou.com"
136.243.0.233 - - [23/Aug/2025:16:36:54 +0800] "POST /xmlrpc.php HTTP/1.1" 200 217 "-" "Mozilla/5.0 (X11; Ubuntu; Linux x86_64; rv:85.0) Gecko/20100101 Firefox/91.0"
36.133.115.36 - - [23/Aug/2025:16:40:35 +0800] "POST /wp-cron.php?doing_wp_cron=1755938435.5650229454040527343750 HTTP/1.1" 200 31 "-" "WordPress/6.8.2; http://cqqizhou.com"
146.185.78.137 - - [23/Aug/2025:16:40:35 +0800] "POST /xmlrpc.php HTTP/1.1" 200 217 "http://cqqizhou.com" "Mozilla/5.0 (Windows NT 10.0; Win64; x64; rv:129.0) Gecko/20100101 Firefox/129.0"
146.185.78.137 - - [23/Aug/2025:16:40:36 +0800] "POST /wp-login.php HTTP/1.1" 200 2918 "http://cqqizhou.com" "Mozilla/5.0 (Windows NT 10.0; Win64; x64; rv:129.0) Gecko/20100101 Firefox/129.0"
36.133.115.36 - - [23/Aug/2025:16:45:19 +0800] "POST /wp-cron.php?doing_wp_cron=1755938719.4704649448394775390625 HTTP/1.1" 200 31 "-" "WordPress/6.8.2; http://cqqizhou.com"
185.150.190.222 - - [23/Aug/2025:16:45:19 +0800] "POST /xmlrpc.php HTTP/1.1" 200 217 "http://cqqizhou.com" "Mozilla/5.0 (Macintosh; Intel Mac OS X 10_15_7) AppleWebKit/537.36 (KHTML, like Gecko) Chrome/115.0.5790.102 Safari/537.36"
185.150.190.222 - - [23/Aug/2025:16:45:20 +0800] "POST /wp-login.php HTTP/1.1" 200 2918 "http://cqqizhou.com" "Mozilla/5.0 (Windows NT 10.0; Win64; x64; rv:128.0) Gecko/20100101 Firefox/128.0"
36.133.115.36 - - [23/Aug/2025:16:48:14 +0800] "POST /wp-cron.php?doing_wp_cron=1755938893.9938950538635253906250 HTTP/1.1" 200 31 "-" "WordPress/6.8.2; http://cqqizhou.com"
34.78.17.71 - - [23/Aug/2025:16:48:14 +0800] "GET / HTTP/1.1" 301 5 "-" "python-requests/2.32.4"
36.133.115.36 - - [23/Aug/2025:16:50:01 +0800] "POST /wp-cron.php?doing_wp_cron=1755939001.0024890899658203125000 HTTP/1.1" 200 31 "-" "WordPress/6.8.2; http://cqqizhou.com"
31.193.2.236 - - [23/Aug/2025:16:50:01 +0800] "POST /xmlrpc.php HTTP/1.1" 200 217 "http://cqqizhou.com" "Mozilla/5.0 (Windows NT 10.0; Win64; x64) AppleWebKit/537.36 (KHTML, like Gecko) Chrome/112.0.5615.138 Safari/537.36"
31.193.2.236 - - [23/Aug/2025:16:50:02 +0800] "POST /wp-login.php HTTP/1.1" 200 2918 "http://cqqizhou.com" "Mozilla/5.0 (Macintosh; Intel Mac OS X 10_15_7) AppleWebKit/537.36 (KHTML, like Gecko) Chrome/112.0.5615.138 Safari/537.36"
36.133.115.36 - - [23/Aug/2025:16:52:47 +0800] "POST /wp-cron.php?doing_wp_cron=1755939167.7476489543914794921875 HTTP/1.1" 200 31 "-" "WordPress/6.8.2; http://cqqizhou.com"
196.251.69.194 - - [23/Aug/2025:16:52:48 +0800] "GET / HTTP/1.0" 200 151647 "-" "Mozilla/5.0 (X11; Linux x86_64; rv:140.0) Gecko/20100101 Firefox/140.0"
36.133.115.36 - - [23/Aug/2025:16:54:31 +0800] "POST /wp-cron.php?doing_wp_cron=1755939271.4801299571990966796875 HTTP/1.1" 200 31 "-" "WordPress/6.8.2; http://cqqizhou.com"
149.50.103.48 - - [23/Aug/2025:16:54:31 +0800] "GET / HTTP/1.1" 200 33394 "-" "Mozilla/5.0 (Windows NT 10.0; Win64; x64) AppleWebKit/537.36 (KHTML, like Gecko) Chrome/90.0.4430.85 Safari/537.36 Edg/90.0.818.46"
89.144.145.213 - - [23/Aug/2025:16:54:41 +0800] "POST /xmlrpc.php HTTP/1.1" 200 217 "http://cqqizhou.com" "Mozilla/5.0 (Windows NT 10.0; Win64; x64) AppleWebKit/537.36 (KHTML, like Gecko) Chrome/115.0.5790.171 Safari/537.36 Edg/115.0.1901.203"
89.144.145.213 - - [23/Aug/2025:16:54:43 +0800] "POST /wp-login.php HTTP/1.1" 200 2918 "http://cqqizhou.com" "Mozilla/5.0 (Macintosh; Intel Mac OS X 14_4_1) AppleWebKit/605.1.15 (KHTML, like Gecko) Version/17.3.1 Safari/605.1.15"
36.133.115.36 - - [23/Aug/2025:17:03:55 +0800] "POST /wp-cron.php?doing_wp_cron=1755939835.7151379585266113281250 HTTP/1.1" 200 31 "-" "WordPress/6.8.2; http://cqqizhou.com"
107.180.224.51 - - [23/Aug/2025:17:03:55 +0800] "POST /xmlrpc.php HTTP/1.1" 200 217 "http://cqqizhou.com" "Mozilla/5.0 (Windows NT 10.0; Win64; x64) AppleWebKit/537.36 (KHTML, like Gecko) Chrome/112.0.5615.138 Safari/537.36"
107.180.224.51 - - [23/Aug/2025:17:03:56 +0800] "POST /wp-login.php HTTP/1.1" 200 2918 "http://cqqizhou.com" "Mozilla/5.0 (Macintosh; Intel Mac OS X 10_15_7; rv:128.0) Gecko/20100101 Firefox/128.0"
36.133.115.36 - - [23/Aug/2025:17:08:45 +0800] "POST /wp-cron.php?doing_wp_cron=1755940125.7919158935546875000000 HTTP/1.1" 200 31 "-" "WordPress/6.8.2; http://cqqizhou.com"
194.164.54.162 - - [23/Aug/2025:17:08:45 +0800] "POST /xmlrpc.php HTTP/1.1" 200 217 "http://cqqizhou.com" "Mozilla/5.0 (Macintosh; Intel Mac OS X 10_15_7) AppleWebKit/537.36 (KHTML, like Gecko) Chrome/114.0.5735.134 Safari/537.36"
194.164.54.162 - - [23/Aug/2025:17:08:46 +0800] "POST /wp-login.php HTTP/1.1" 200 2918 "http://cqqizhou.com" "Mozilla/5.0 (Windows NT 10.0; Win64; x64; rv:127.0) Gecko/20100101 Firefox/127.0"
199.45.154.152 - - [23/Aug/2025:17:09:25 +0800] "GET / HTTP/1.1" 200 39302 "-" "Mozilla/5.0 (compatible; CensysInspect/1.1; +https://about.censys.io/)"
36.133.115.36 - - [23/Aug/2025:17:09:53 +0800] "POST /wp-cron.php?doing_wp_cron=1755940193.9012670516967773437500 HTTP/1.1" 200 31 "-" "WordPress/6.8.2; http://cqqizhou.com"
199.45.154.152 - - [23/Aug/2025:17:09:53 +0800] "GET /.well-known/security.txt HTTP/1.1" 404 8989 "-" "Mozilla/5.0 (compatible; CensysInspect/1.1; +https://about.censys.io/)"
36.133.115.36 - - [23/Aug/2025:17:18:17 +0800] "POST /wp-cron.php?doing_wp_cron=1755940697.9549179077148437500000 HTTP/1.1" 200 31 "-" "WordPress/6.8.2; http://cqqizhou.com"
91.224.92.14 - - [23/Aug/2025:17:18:18 +0800] "GET / HTTP/1.1" 200 33394 "-" "Mozilla/5.0 (Windows NT 10.0; Win64; x64) AppleWebKit/537.36 (KHTML, like Gecko) Chrome/90.0.4430.85 Safari/537.36 Edg/90.0.818.46"
36.133.115.36 - - [23/Aug/2025:17:24:02 +0800] "POST /wp-cron.php?doing_wp_cron=1755941042.0386569499969482421875 HTTP/1.1" 200 31 "-" "WordPress/6.8.2; http://cqqizhou.com"
51.178.79.197 - - [23/Aug/2025:17:24:02 +0800] "POST /xmlrpc.php HTTP/1.1" 200 217 "http://cqqizhou.com" "Mozilla/5.0 (Windows NT 10.0; Win64; x64) AppleWebKit/537.36 (KHTML, like Gecko) Chrome/116.0.5845.96 Safari/537.36"
51.178.79.197 - - [23/Aug/2025:17:24:03 +0800] "POST /wp-login.php HTTP/1.1" 200 2918 "http://cqqizhou.com" "Mozilla/5.0 (Macintosh; Intel Mac OS X 14.3) AppleWebKit/614.31.14 (KHTML, like Gecko) Version/17.0.96 Safari/614.31.14"
36.133.115.36 - - [23/Aug/2025:17:24:49 +0800] "POST /wp-cron.php?doing_wp_cron=1755941089.3391549587249755859375 HTTP/1.1" 200 31 "-" "WordPress/6.8.2; http://cqqizhou.com"
43.159.145.153 - - [23/Aug/2025:17:24:49 +0800] "GET / HTTP/1.1" 200 33394 "-" "Mozilla/5.0 (iPhone; CPU iPhone OS 13_2_3 like Mac OS X) AppleWebKit/605.1.15 (KHTML, like Gecko) Version/13.0.3 Mobile/15E148 Safari/604.1"
36.133.115.36 - - [23/Aug/2025:17:29:11 +0800] "POST /wp-cron.php?doing_wp_cron=1755941351.3617970943450927734375 HTTP/1.1" 200 31 "-" "WordPress/6.8.2; http://cqqizhou.com"
198.54.126.241 - - [23/Aug/2025:17:29:11 +0800] "POST /xmlrpc.php HTTP/1.1" 200 217 "http://cqqizhou.com" "Mozilla/5.0 (Macintosh; Intel Mac OS X 14.5) AppleWebKit/618.3.5 (KHTML, like Gecko) Version/17.4 Safari/618.3.5"
198.54.126.241 - - [23/Aug/2025:17:29:12 +0800] "POST /wp-login.php HTTP/1.1" 200 2918 "http://cqqizhou.com" "Mozilla/5.0 (Windows NT 10.0; Win64; x64) AppleWebKit/537.36 (KHTML, like Gecko) Chrome/113.0.5672.93 Safari/537.36"
36.133.115.36 - - [23/Aug/2025:17:34:19 +0800] "POST /wp-cron.php?doing_wp_cron=1755941659.0864610671997070312500 HTTP/1.1" 200 31 "-" "WordPress/6.8.2; http://cqqizhou.com"
5.161.85.218 - - [23/Aug/2025:17:34:19 +0800] "POST /xmlrpc.php HTTP/1.1" 200 217 "http://cqqizhou.com" "Mozilla/5.0 (Windows NT 11.0; Win64; x64) AppleWebKit/537.36 (KHTML, like Gecko) Chrome/126.0.0.0 Safari/537.36"
5.161.85.218 - - [23/Aug/2025:17:34:20 +0800] "POST /wp-login.php HTTP/1.1" 200 2918 "http://cqqizhou.com" "Mozilla/5.0 (Windows NT 10.0; Win64; x64; rv:126.0) Gecko/20100101 Firefox/126.0"
36.133.115.36 - - [23/Aug/2025:17:35:06 +0800] "POST /wp-cron.php?doing_wp_cron=1755941706.6314051151275634765625 HTTP/1.1" 200 31 "-" "WordPress/6.8.2; http://cqqizhou.com"
203.33.203.148 - - [23/Aug/2025:17:35:06 +0800] "GET / HTTP/1.1" 301 5 "-" "Mozilla/5.0 (iPhone; CPU iPhone OS 13_2_3 like Mac OS X) AppleWebKit/605.1.15 (KHTML, like Gecko) Version/13.0.3 Mobile/15E148 Safari/604.1"
203.33.203.148 - - [23/Aug/2025:17:35:08 +0800] "GET / HTTP/1.1" 200 33395 "http://www.cqqizhou.com" "Mozilla/5.0 (iPhone; CPU iPhone OS 13_2_3 like Mac OS X) AppleWebKit/605.1.15 (KHTML, like Gecko) Version/13.0.3 Mobile/15E148 Safari/604.1"
211.228.5.94 - - [23/Aug/2025:17:35:14 +0800] "GET / HTTP/1.0" 301 0 "-" "-"
36.133.115.36 - - [23/Aug/2025:17:35:56 +0800] "POST /wp-cron.php?doing_wp_cron=1755941756.6874940395355224609375 HTTP/1.1" 200 31 "-" "WordPress/6.8.2; http://cqqizhou.com"
91.224.92.17 - - [23/Aug/2025:17:36:16 +0800] "GET / HTTP/1.1" 200 109837 "-" "-"
36.133.115.36 - - [23/Aug/2025:17:39:30 +0800] "POST /wp-cron.php?doing_wp_cron=1755941970.9509909152984619140625 HTTP/1.1" 200 31 "-" "WordPress/6.8.2; http://cqqizhou.com"
195.201.203.16 - - [23/Aug/2025:17:39:31 +0800] "POST /xmlrpc.php HTTP/1.1" 200 217 "http://cqqizhou.com" "Mozilla/5.0 (Windows NT 10.0; Win64; x64) AppleWebKit/537.36 (KHTML, like Gecko) Chrome/116.0.5845.96 Safari/537.36"
195.201.203.16 - - [23/Aug/2025:17:39:32 +0800] "POST /wp-login.php HTTP/1.1" 200 2918 "http://cqqizhou.com" "Mozilla/5.0 (Macintosh; Intel Mac OS X 10_15_7; rv:128.0) Gecko/20100101 Firefox/128.0"
36.133.115.36 - - [23/Aug/2025:17:42:05 +0800] "POST /wp-cron.php?doing_wp_cron=1755942125.6735069751739501953125 HTTP/1.1" 200 31 "-" "WordPress/6.8.2; http://cqqizhou.com"
141.95.53.61 - - [23/Aug/2025:17:42:05 +0800] "POST /xmlrpc.php HTTP/1.1" 200 217 "-" "Mozilla/5.0 (X11; Ubuntu; Linux x86_64; rv:85.0) Gecko/20100101 Firefox/91.0"
36.133.115.36 - - [23/Aug/2025:17:42:57 +0800] "POST /wp-cron.php?doing_wp_cron=1755942177.3865859508514404296875 HTTP/1.1" 200 31 "-" "WordPress/6.8.2; http://cqqizhou.com"
34.203.214.152 - - [23/Aug/2025:17:42:57 +0800] "GET / HTTP/1.1" 301 5 "-" "Mozilla/5.0 (Windows NT 10.0; Win64; x64) AppleWebKit/537.36 (KHTML, like Gecko) Chrome/136.0.0.0 Safari/537.36"
36.133.115.36 - - [23/Aug/2025:17:44:43 +0800] "POST /wp-cron.php?doing_wp_cron=1755942283.2899739742279052734375 HTTP/1.1" 200 31 "-" "WordPress/6.8.2; http://cqqizhou.com"
177.52.160.19 - - [23/Aug/2025:17:44:43 +0800] "POST /xmlrpc.php HTTP/1.1" 200 217 "http://cqqizhou.com" "Mozilla/5.0 (Windows NT 10.0; Win64; x64) AppleWebKit/537.36 (KHTML, like Gecko) Chrome/112.0.5615.138 Safari/537.36"
177.52.160.19 - - [23/Aug/2025:17:44:44 +0800] "POST /wp-login.php HTTP/1.1" 200 2918 "http://cqqizhou.com" "Mozilla/5.0 (Windows NT 10.0; Win64; x64) AppleWebKit/537.36 (KHTML, like Gecko) Chrome/113.0.5672.126 Safari/537.36 Edg/113.0.1774.50"
36.133.115.36 - - [23/Aug/2025:17:56:38 +0800] "POST /wp-cron.php?doing_wp_cron=1755942998.1603889465332031250000 HTTP/1.1" 200 31 "-" "WordPress/6.8.2; http://cqqizhou.com"
149.50.103.48 - - [23/Aug/2025:17:56:38 +0800] "GET / HTTP/1.1" 200 33394 "-" "Mozilla/5.0 (Windows NT 10.0; Win64; x64) AppleWebKit/537.36 (KHTML, like Gecko) Chrome/90.0.4430.85 Safari/537.36 Edg/90.0.818.46"
36.133.115.36 - - [23/Aug/2025:18:05:26 +0800] "POST /wp-cron.php?doing_wp_cron=1755943526.0388190746307373046875 HTTP/1.1" 200 31 "-" "WordPress/6.8.2; http://cqqizhou.com"
31.11.36.220 - - [23/Aug/2025:18:05:26 +0800] "POST /xmlrpc.php HTTP/1.1" 200 217 "http://cqqizhou.com" "Mozilla/5.0 (Windows NT 10.0; Win64; x64) AppleWebKit/537.36 (KHTML, like Gecko) Chrome/113.0.5672.93 Safari/537.36"
31.11.36.220 - - [23/Aug/2025:18:05:27 +0800] "POST /wp-login.php HTTP/1.1" 200 2918 "http://cqqizhou.com" "Mozilla/5.0 (Macintosh; Intel Mac OS X 10_15_7; rv:129.0) Gecko/20100101 Firefox/129.0"
36.133.115.36 - - [23/Aug/2025:18:06:42 +0800] "POST /wp-cron.php?doing_wp_cron=1755943602.3086559772491455078125 HTTP/1.1" 200 31 "-" "WordPress/6.8.2; http://cqqizhou.com"
203.217.101.237 - - [23/Aug/2025:18:06:42 +0800] "POST /xmlrpc.php HTTP/1.1" 200 217 "-" "Mozilla/5.0 (X11; Ubuntu; Linux x86_64; rv:85.0) Gecko/20100101 Firefox/91.0"
36.133.115.36 - - [23/Aug/2025:18:10:43 +0800] "POST /wp-cron.php?doing_wp_cron=1755943843.6446459293365478515625 HTTP/1.1" 200 31 "-" "WordPress/6.8.2; http://cqqizhou.com"
44.196.119.63 - - [23/Aug/2025:18:10:43 +0800] "POST /xmlrpc.php HTTP/1.1" 200 217 "http://cqqizhou.com" "Mozilla/5.0 (Macintosh; Intel Mac OS X 14_6) AppleWebKit/605.1.15 (KHTML, like Gecko) Version/17.5 Safari/605.1.15"
44.196.119.63 - - [23/Aug/2025:18:10:44 +0800] "POST /wp-login.php HTTP/1.1" 200 2918 "http://cqqizhou.com" "Mozilla/5.0 (Macintosh; Intel Mac OS X 10_15_7; rv:125.0.1) Gecko/20100101 Firefox/125.0.1"
36.133.115.36 - - [23/Aug/2025:18:14:27 +0800] "POST /wp-cron.php?doing_wp_cron=1755944067.0352830886840820312500 HTTP/1.1" 200 31 "-" "WordPress/6.8.2; http://cqqizhou.com"
91.224.92.14 - - [23/Aug/2025:18:14:27 +0800] "GET / HTTP/1.1" 200 33394 "-" "Mozilla/5.0 (Windows NT 10.0; Win64; x64) AppleWebKit/537.36 (KHTML, like Gecko) Chrome/90.0.4430.85 Safari/537.36 Edg/90.0.818.46"
36.133.115.36 - - [23/Aug/2025:18:21:21 +0800] "POST /wp-cron.php?doing_wp_cron=1755944481.1098730564117431640625 HTTP/1.1" 200 31 "-" "WordPress/6.8.2; http://cqqizhou.com"
165.232.60.151 - - [23/Aug/2025:18:21:21 +0800] "POST /xmlrpc.php HTTP/1.1" 200 217 "http://cqqizhou.com" "Mozilla/5.0 (Macintosh; Intel Mac OS X 10.15; rv:126.0) Gecko/20100101 Firefox/126.0"
165.232.60.151 - - [23/Aug/2025:18:21:22 +0800] "POST /wp-login.php HTTP/1.1" 200 2918 "http://cqqizhou.com" "Mozilla/5.0 (Windows NT 10.0; Win64; x64; rv:125.0.1) Gecko/20100101 Firefox/125.0.1"
36.133.115.36 - - [23/Aug/2025:18:26:41 +0800] "POST /wp-cron.php?doing_wp_cron=1755944801.1075301170349121093750 HTTP/1.1" 200 31 "-" "WordPress/6.8.2; http://cqqizhou.com"
217.71.200.128 - - [23/Aug/2025:18:26:41 +0800] "POST /xmlrpc.php HTTP/1.1" 200 217 "http://cqqizhou.com" "Mozilla/5.0 (Macintosh; Intel Mac OS X 10_15_7; rv:125.0.1) Gecko/20100101 Firefox/125.0.1"
217.71.200.128 - - [23/Aug/2025:18:26:42 +0800] "POST /wp-login.php HTTP/1.1" 200 2918 "http://cqqizhou.com" "Mozilla/5.0 (Macintosh; Intel Mac OS X 10.15; rv:126.0) Gecko/20100101 Firefox/126.0"
36.133.115.36 - - [23/Aug/2025:18:30:39 +0800] "POST /wp-cron.php?doing_wp_cron=1755945039.5979740619659423828125 HTTP/1.1" 200 31 "-" "WordPress/6.8.2; http://cqqizhou.com"
91.224.92.17 - - [23/Aug/2025:18:30:59 +0800] "GET / HTTP/1.1" 200 109837 "-" "-"
36.133.115.36 - - [23/Aug/2025:18:31:38 +0800] "POST /wp-cron.php?doing_wp_cron=1755945098.3455588817596435546875 HTTP/1.1" 200 31 "-" "WordPress/6.8.2; http://cqqizhou.com"
51.77.212.249 - - [23/Aug/2025:18:31:38 +0800] "POST /xmlrpc.php HTTP/1.1" 200 217 "http://cqqizhou.com" "Mozilla/5.0 (Macintosh; Intel Mac OS X 10_15_7) AppleWebKit/537.36 (KHTML, like Gecko) Chrome/113.0.5672.93 Safari/537.36"
51.77.212.249 - - [23/Aug/2025:18:31:39 +0800] "POST /wp-login.php HTTP/1.1" 200 2918 "http://cqqizhou.com" "Mozilla/5.0 (Macintosh; Intel Mac OS X 13.3; rv:126.0) Gecko/20100101 Firefox/126.0"
36.133.115.36 - - [23/Aug/2025:18:33:14 +0800] "POST /wp-cron.php?doing_wp_cron=1755945194.2867529392242431640625 HTTP/1.1" 200 31 "-" "WordPress/6.8.2; http://cqqizhou.com"
45.156.129.135 - - [23/Aug/2025:18:33:14 +0800] "GET / HTTP/1.1" 301 5 "-" "Mozilla/5.0 (Windows NT 10.0; Win64; x64) AppleWebKit/537.36 (KHTML, like Gecko) Chrome/60.0.3112.113 Safari/537.36"
45.156.129.135 - - [23/Aug/2025:18:33:15 +0800] "GET / HTTP/1.1" 200 39302 "http://36.133.115.36/" "Mozilla/5.0 (Windows NT 10.0; Win64; x64) AppleWebKit/537.36 (KHTML, like Gecko) Chrome/60.0.3112.113 Safari/537.36"
203.217.101.237 - - [23/Aug/2025:18:33:36 +0800] "POST /xmlrpc.php HTTP/1.1" 200 217 "-" "Mozilla/5.0 (X11; Ubuntu; Linux x86_64; rv:85.0) Gecko/20100101 Firefox/91.0"
36.133.115.36 - - [23/Aug/2025:18:36:55 +0800] "POST /wp-cron.php?doing_wp_cron=1755945415.9535028934478759765625 HTTP/1.1" 200 31 "-" "WordPress/6.8.2; http://cqqizhou.com"
178.239.147.98 - - [23/Aug/2025:18:36:56 +0800] "POST /xmlrpc.php HTTP/1.1" 200 217 "http://cqqizhou.com" "Mozilla/5.0 (Macintosh; Intel Mac OS X 10_15_7) AppleWebKit/537.36 (KHTML, like Gecko) Chrome/113.0.5672.93 Safari/537.36"
178.239.147.98 - - [23/Aug/2025:18:36:57 +0800] "POST /wp-login.php HTTP/1.1" 200 2918 "http://cqqizhou.com" "Mozilla/5.0 (Windows NT 10.0; Win64; x64) AppleWebKit/537.36 (KHTML, like Gecko) Chrome/126.0.0.0 Safari/537.36"
36.133.115.36 - - [23/Aug/2025:18:42:09 +0800] "POST /wp-cron.php?doing_wp_cron=1755945729.6816120147705078125000 HTTP/1.1" 200 31 "-" "WordPress/6.8.2; http://cqqizhou.com"
77.247.109.57 - - [23/Aug/2025:18:42:09 +0800] "POST /xmlrpc.php HTTP/1.1" 200 217 "http://cqqizhou.com" "Mozilla/5.0 (Macintosh; Intel Mac OS X 10_15_7) AppleWebKit/537.36 (KHTML, like Gecko) Chrome/113.0.5672.93 Safari/537.36"
77.247.109.57 - - [23/Aug/2025:18:42:10 +0800] "POST /wp-login.php HTTP/1.1" 200 2918 "http://cqqizhou.com" "Mozilla/5.0 (Windows NT 10.0; Win64; x64) AppleWebKit/537.36 (KHTML, like Gecko) Chrome/112.0.5615.138 Safari/537.36 Edg/112.0.1722.68"
8.220.204.252 - - [23/Aug/2025:18:48:57 +0800] "GET /poc/system/serviceInfo.json?v=1 HTTP/1.1" 499 0 "https://m.ticket.melon.com/" "okhttp/4.9.1"
36.133.115.36 - - [23/Aug/2025:18:48:57 +0800] "POST /wp-cron.php?doing_wp_cron=1755946137.7892930507659912109375 HTTP/1.1" 200 31 "-" "WordPress/6.8.2; http://cqqizhou.com"
206.168.34.223 - - [23/Aug/2025:18:49:27 +0800] "GET / HTTP/1.1" 301 5 "-" "Mozilla/5.0 (compatible; CensysInspect/1.1; +https://about.censys.io/)"
206.168.34.223 - - [23/Aug/2025:18:49:42 +0800] "GET / HTTP/1.1" 200 39302 "-" "Mozilla/5.0 (compatible; CensysInspect/1.1; +https://about.censys.io/)"
36.133.115.36 - - [23/Aug/2025:18:50:36 +0800] "POST /wp-cron.php?doing_wp_cron=1755946236.1508100032806396484375 HTTP/1.1" 200 31 "-" "WordPress/6.8.2; http://cqqizhou.com"
206.168.34.223 - - [23/Aug/2025:18:50:36 +0800] "GET /login HTTP/1.1" 302 5 "-" "Mozilla/5.0 (compatible; CensysInspect/1.1; +https://about.censys.io/)"
36.133.115.36 - - [23/Aug/2025:18:56:20 +0800] "POST /wp-cron.php?doing_wp_cron=1755946580.6873929500579833984375 HTTP/1.1" 200 31 "-" "WordPress/6.8.2; http://cqqizhou.com"
93.174.93.12 - - [23/Aug/2025:18:56:20 +0800] "GET / HTTP/1.0" 301 0 "-" "Mozilla/5.0 (Macintosh; Intel Mac OS X 10_12_0) AppleWebKit/537.36 (KHTML, like Gecko) Chrome/76.0.3809.100 Safari/537.36"
36.133.115.36 - - [23/Aug/2025:18:57:52 +0800] "POST /wp-cron.php?doing_wp_cron=1755946672.7243220806121826171875 HTTP/1.1" 200 31 "-" "WordPress/6.8.2; http://cqqizhou.com"
50.6.7.95 - - [23/Aug/2025:18:57:52 +0800] "POST /xmlrpc.php HTTP/1.1" 200 217 "http://cqqizhou.com" "Mozilla/5.0 (Macintosh; Intel Mac OS X 10_15_7; rv:129.0) Gecko/20100101 Firefox/129.0"
50.6.7.95 - - [23/Aug/2025:18:57:53 +0800] "POST /wp-login.php HTTP/1.1" 200 2918 "http://cqqizhou.com" "Mozilla/5.0 (Windows NT 10.0; Win64; x64) AppleWebKit/537.36 (KHTML, like Gecko) Chrome/112.0.5615.138 Safari/537.36"
36.133.115.36 - - [23/Aug/2025:19:00:18 +0800] "POST /wp-cron.php?doing_wp_cron=1755946818.5828349590301513671875 HTTP/1.1" 200 31 "-" "WordPress/6.8.2; http://cqqizhou.com"
170.106.165.186 - - [23/Aug/2025:19:00:18 +0800] "GET / HTTP/1.1" 301 5 "-" "Mozilla/5.0 (iPhone; CPU iPhone OS 13_2_3 like Mac OS X) AppleWebKit/605.1.15 (KHTML, like Gecko) Version/13.0.3 Mobile/15E148 Safari/604.1"
170.106.165.186 - - [23/Aug/2025:19:00:20 +0800] "GET / HTTP/1.1" 200 33394 "http://www.cqqizhou.com" "Mozilla/5.0 (iPhone; CPU iPhone OS 13_2_3 like Mac OS X) AppleWebKit/605.1.15 (KHTML, like Gecko) Version/13.0.3 Mobile/15E148 Safari/604.1"
36.133.115.36 - - [23/Aug/2025:19:03:07 +0800] "POST /wp-cron.php?doing_wp_cron=1755946987.8481409549713134765625 HTTP/1.1" 200 31 "-" "WordPress/6.8.2; http://cqqizhou.com"
107.170.66.27 - - [23/Aug/2025:19:03:07 +0800] "POST /xmlrpc.php HTTP/1.1" 200 217 "http://cqqizhou.com" "Mozilla/5.0 (Windows NT 11.0; Win64; x64) AppleWebKit/537.36 (KHTML, like Gecko) Chrome/126.0.0.0 Safari/537.36"
107.170.66.27 - - [23/Aug/2025:19:03:09 +0800] "POST /wp-login.php HTTP/1.1" 200 2918 "http://cqqizhou.com" "Mozilla/5.0 (Macintosh; Intel Mac OS X 13_3) AppleWebKit/537.36 (KHTML, like Gecko) Chrome/126.0.0.0 Safari/537.36 Edg/126.0.0.0"
36.133.115.36 - - [23/Aug/2025:19:06:04 +0800] "POST /wp-cron.php?doing_wp_cron=1755947164.5786430835723876953125 HTTP/1.1" 200 31 "-" "WordPress/6.8.2; http://cqqizhou.com"
149.50.103.48 - - [23/Aug/2025:19:06:04 +0800] "GET / HTTP/1.1" 200 33394 "-" "Mozilla/5.0 (Windows NT 10.0; Win64; x64) AppleWebKit/537.36 (KHTML, like Gecko) Chrome/90.0.4430.85 Safari/537.36 Edg/90.0.818.46"
36.133.115.36 - - [23/Aug/2025:19:08:26 +0800] "POST /wp-cron.php?doing_wp_cron=1755947306.2649910449981689453125 HTTP/1.1" 200 31 "-" "WordPress/6.8.2; http://cqqizhou.com"
82.144.108.135 - - [23/Aug/2025:19:08:26 +0800] "POST /xmlrpc.php HTTP/1.1" 200 217 "http://cqqizhou.com" "Mozilla/5.0 (Macintosh; Intel Mac OS X 10_15_7) AppleWebKit/537.36 (KHTML, like Gecko) Chrome/116.0.5845.96 Safari/537.36"
82.144.108.135 - - [23/Aug/2025:19:08:27 +0800] "POST /wp-login.php HTTP/1.1" 200 2918 "http://cqqizhou.com" "Mozilla/5.0 (Windows NT 10.0; Win64; x64; rv:125.0.1) Gecko/20100101 Firefox/125.0.1"
36.133.115.36 - - [23/Aug/2025:19:13:35 +0800] "POST /wp-cron.php?doing_wp_cron=1755947615.3235299587249755859375 HTTP/1.1" 200 31 "-" "WordPress/6.8.2; http://cqqizhou.com"
169.1.17.11 - - [23/Aug/2025:19:13:35 +0800] "POST /xmlrpc.php HTTP/1.1" 200 217 "http://cqqizhou.com" "Mozilla/5.0 (Windows NT 10.0; Win64; x64) AppleWebKit/537.36 (KHTML, like Gecko) Chrome/114.0.5735.199 Safari/537.36 Edg/114.0.1823.67"
169.1.17.11 - - [23/Aug/2025:19:13:36 +0800] "POST /wp-login.php HTTP/1.1" 200 2918 "http://cqqizhou.com" "Mozilla/5.0 (Windows NT 10.0; Win64; x64; rv:126.0) Gecko/20100101 Firefox/126.0"
36.133.115.36 - - [23/Aug/2025:19:18:49 +0800] "POST /wp-cron.php?doing_wp_cron=1755947929.4043879508972167968750 HTTP/1.1" 200 31 "-" "WordPress/6.8.2; http://cqqizhou.com"
110.42.102.37 - - [23/Aug/2025:19:18:49 +0800] "GET / HTTP/1.1" 301 5 "-" "Mozilla/5.0 (Windows NT 10.0; Win64; x64) AppleWebKit/537.36 (KHTML, like Gecko) Chrome/113.0.0.0 Safari/537.36"
110.42.102.37 - - [23/Aug/2025:19:18:49 +0800] "GET / HTTP/1.1" 200 39302 "-" "Mozilla/5.0 (Windows NT 10.0; Win64; x64) AppleWebKit/537.36 (KHTML, like Gecko) Chrome/113.0.0.0 Safari/537.36"
36.133.115.36 - - [23/Aug/2025:19:24:06 +0800] "POST /wp-cron.php?doing_wp_cron=1755948246.2582719326019287109375 HTTP/1.1" 200 31 "-" "WordPress/6.8.2; http://cqqizhou.com"
89.45.83.89 - - [23/Aug/2025:19:24:06 +0800] "POST /xmlrpc.php HTTP/1.1" 200 217 "http://cqqizhou.com" "Mozilla/5.0 (Macintosh; Intel Mac OS X 14_6) AppleWebKit/605.1.15 (KHTML, like Gecko) Version/17.5 Safari/605.1.15"
89.45.83.89 - - [23/Aug/2025:19:24:07 +0800] "POST /wp-login.php HTTP/1.1" 200 2918 "http://cqqizhou.com" "Mozilla/5.0 (Macintosh; Intel Mac OS X 10_15_7; rv:127.0) Gecko/20100101 Firefox/127.0"
36.133.115.36 - - [23/Aug/2025:19:29:56 +0800] "POST /wp-cron.php?doing_wp_cron=1755948596.7430469989776611328125 HTTP/1.1" 200 31 "-" "WordPress/6.8.2; http://cqqizhou.com"
43.128.149.102 - - [23/Aug/2025:19:29:56 +0800] "GET / HTTP/1.1" 301 5 "-" "Mozilla/5.0 (iPhone; CPU iPhone OS 13_2_3 like Mac OS X) AppleWebKit/605.1.15 (KHTML, like Gecko) Version/13.0.3 Mobile/15E148 Safari/604.1"
43.128.149.102 - - [23/Aug/2025:19:29:58 +0800] "GET / HTTP/1.1" 200 33394 "http://36.133.115.36" "Mozilla/5.0 (iPhone; CPU iPhone OS 13_2_3 like Mac OS X) AppleWebKit/605.1.15 (KHTML, like Gecko) Version/13.0.3 Mobile/15E148 Safari/604.1"
36.133.115.36 - - [23/Aug/2025:19:32:50 +0800] "POST /wp-cron.php?doing_wp_cron=1755948770.4190089702606201171875 HTTP/1.1" 200 31 "-" "WordPress/6.8.2; http://cqqizhou.com"
152.67.193.32 - - [23/Aug/2025:19:32:50 +0800] "POST /xmlrpc.php HTTP/1.1" 200 217 "-" "Mozilla/5.0 (X11; Ubuntu; Linux x86_64; rv:85.0) Gecko/20100101 Firefox/91.0"
36.133.115.36 - - [23/Aug/2025:20:04:33 +0800] "POST /wp-cron.php?doing_wp_cron=1755950673.0500988960266113281250 HTTP/1.1" 200 31 "-" "WordPress/6.8.2; http://cqqizhou.com"
149.50.103.48 - - [23/Aug/2025:20:04:33 +0800] "GET / HTTP/1.1" 200 33394 "-" "Mozilla/5.0 (Windows NT 10.0; Win64; x64) AppleWebKit/537.36 (KHTML, like Gecko) Chrome/90.0.4430.85 Safari/537.36 Edg/90.0.818.46"
36.133.115.36 - - [23/Aug/2025:20:04:56 +0800] "POST /wp-cron.php?doing_wp_cron=1755950696.5494840145111083984375 HTTP/1.1" 200 31 "-" "WordPress/6.8.2; http://cqqizhou.com"
122.45.51.68 - - [23/Aug/2025:20:04:56 +0800] "POST /xmlrpc.php HTTP/1.1" 200 217 "-" "Mozilla/5.0 (X11; Ubuntu; Linux x86_64; rv:85.0) Gecko/20100101 Firefox/91.0"
36.133.115.36 - - [23/Aug/2025:20:17:15 +0800] "POST /wp-cron.php?doing_wp_cron=1755951435.7514410018920898437500 HTTP/1.1" 200 31 "-" "WordPress/6.8.2; http://cqqizhou.com"
91.224.92.14 - - [23/Aug/2025:20:17:16 +0800] "GET / HTTP/1.1" 200 33395 "-" "Mozilla/5.0 (Windows NT 10.0; Win64; x64) AppleWebKit/537.36 (KHTML, like Gecko) Chrome/90.0.4430.85 Safari/537.36 Edg/90.0.818.46"
36.133.115.36 - - [23/Aug/2025:20:24:42 +0800] "POST /wp-cron.php?doing_wp_cron=1755951882.4370539188385009765625 HTTP/1.1" 200 31 "-" "WordPress/6.8.2; http://cqqizhou.com"
4.227.36.66 - - [23/Aug/2025:20:24:42 +0800] "GET /robots.txt HTTP/1.1" 200 190 "-" "Mozilla/5.0 AppleWebKit/537.36 (KHTML, like Gecko; compatible; GPTBot/1.2; +https://openai.com/gptbot)"
20.171.207.123 - - [23/Aug/2025:20:24:51 +0800] "GET / HTTP/1.1" 200 39302 "-" "Mozilla/5.0 AppleWebKit/537.36 (KHTML, like Gecko; compatible; GPTBot/1.2; +https://openai.com/gptbot)"
36.133.115.36 - - [23/Aug/2025:20:39:17 +0800] "POST /wp-cron.php?doing_wp_cron=1755952757.2643270492553710937500 HTTP/1.1" 200 31 "-" "WordPress/6.8.2; http://cqqizhou.com"
37.208.52.9 - - [23/Aug/2025:20:39:17 +0800] "POST /xmlrpc.php HTTP/1.1" 200 217 "-" "Mozilla/5.0 (X11; Ubuntu; Linux x86_64; rv:85.0) Gecko/20100101 Firefox/91.0"
113.141.91.58 - - [23/Aug/2025:20:39:34 +0800] "GET / HTTP/1.1" 200 33394 "-" "Mozilla/5.0 (iPhone; CPU iPhone OS 13_2_3 like Mac OS X) AppleWebKit/605.1.15 (KHTML, like Gecko) Version/13.0.3 Mobile/15E148 Safari/604.1"
52.167.144.225 - - [23/Aug/2025:20:42:43 +0800] "GET / HTTP/1.1" 200 39302 "-" "Mozilla/5.0 AppleWebKit/537.36 (KHTML, like Gecko; compatible; bingbot/2.0; +http://www.bing.com/bingbot.htm) Chrome/116.0.1938.76 Safari/537.36"
36.133.115.36 - - [23/Aug/2025:20:54:33 +0800] "POST /wp-cron.php?doing_wp_cron=1755953673.1923730373382568359375 HTTP/1.1" 200 31 "-" "WordPress/6.8.2; http://cqqizhou.com"
47.46.96.13 - - [23/Aug/2025:20:54:33 +0800] "GET / HTTP/1.0" 301 0 "-" "-"
36.133.115.36 - - [23/Aug/2025:21:10:42 +0800] "POST /wp-cron.php?doing_wp_cron=1755954642.7542490959167480468750 HTTP/1.1" 200 31 "-" "WordPress/6.8.2; http://cqqizhou.com"
149.50.103.48 - - [23/Aug/2025:21:10:43 +0800] "GET / HTTP/1.1" 200 33394 "-" "Mozilla/5.0 (Windows NT 10.0; Win64; x64) AppleWebKit/537.36 (KHTML, like Gecko) Chrome/90.0.4430.85 Safari/537.36 Edg/90.0.818.46"
36.133.115.36 - - [23/Aug/2025:21:16:24 +0800] "POST /wp-cron.php?doing_wp_cron=1755954984.2418680191040039062500 HTTP/1.1" 200 31 "-" "WordPress/6.8.2; http://cqqizhou.com"
122.45.51.68 - - [23/Aug/2025:21:16:24 +0800] "POST /xmlrpc.php HTTP/1.1" 200 217 "-" "Mozilla/5.0 (X11; Ubuntu; Linux x86_64; rv:85.0) Gecko/20100101 Firefox/91.0"
36.133.115.36 - - [23/Aug/2025:21:19:42 +0800] "POST /wp-cron.php?doing_wp_cron=1755955182.3239750862121582031250 HTTP/1.1" 200 31 "-" "WordPress/6.8.2; http://cqqizhou.com"
91.224.92.17 - - [23/Aug/2025:21:20:01 +0800] "GET / HTTP/1.1" 200 109837 "-" "-"
36.133.115.36 - - [23/Aug/2025:21:33:36 +0800] "POST /wp-cron.php?doing_wp_cron=1755956016.7633988857269287109375 HTTP/1.1" 200 31 "-" "WordPress/6.8.2; http://cqqizhou.com"
8.219.209.185 - - [23/Aug/2025:21:33:37 +0800] "GET http://passport.baidu.com/ HTTP/1.1" 200 33394 "-" "-"
36.133.115.36 - - [23/Aug/2025:21:36:49 +0800] "POST /wp-cron.php?doing_wp_cron=1755956209.4174809455871582031250 HTTP/1.1" 200 31 "-" "WordPress/6.8.2; http://cqqizhou.com"
91.224.92.14 - - [23/Aug/2025:21:36:49 +0800] "GET / HTTP/1.1" 200 33394 "-" "Mozilla/5.0 (Windows NT 10.0; Win64; x64) AppleWebKit/537.36 (KHTML, like Gecko) Chrome/90.0.4430.85 Safari/537.36 Edg/90.0.818.46"
36.133.115.36 - - [23/Aug/2025:21:43:56 +0800] "POST /wp-cron.php?doing_wp_cron=1755956636.2496609687805175781250 HTTP/1.1" 200 31 "-" "WordPress/6.8.2; http://cqqizhou.com"
36.137.158.160 - - [23/Aug/2025:21:43:56 +0800] "GET / HTTP/1.1" 301 5 "-" "Mozilla/5.0 (X11; Linux x86_64) AppleWebKit/537.36 (KHTML, like Gecko) HeadlessChrome/115.0.5790.24 Safari/537.36"
36.137.158.160 - - [23/Aug/2025:21:43:56 +0800] "GET / HTTP/1.1" 200 39302 "-" "Mozilla/5.0 (X11; Linux x86_64) AppleWebKit/537.36 (KHTML, like Gecko) HeadlessChrome/115.0.5790.24 Safari/537.36"
36.137.158.160 - - [23/Aug/2025:21:43:56 +0800] "GET /wp-content/uploads/2025/07/1751425283-qizhou.kf_.qq_.com_.webp HTTP/1.1" 200 16864 "http://cqqizhou.com/" "Mozilla/5.0 (X11; Linux x86_64) AppleWebKit/537.36 (KHTML, like Gecko) HeadlessChrome/115.0.5790.24 Safari/537.36"
36.137.158.160 - - [23/Aug/2025:21:43:56 +0800] "GET /wp-content/uploads/2025/07/1753456723-%E5%8F%8C%E7%9B%B8%E9%92%A2roduct_Single600.webp HTTP/1.1" 200 22790 "http://cqqizhou.com/" "Mozilla/5.0 (X11; Linux x86_64) AppleWebKit/537.36 (KHTML, like Gecko) HeadlessChrome/115.0.5790.24 Safari/537.36"
36.137.158.160 - - [23/Aug/2025:21:43:56 +0800] "GET /wp-content/uploads/2025/07/1753453096-%E5%8F%8C%E7%9B%B8%E9%92%A2product_Single600%C3%97284.webp HTTP/1.1" 200 14562 "http://cqqizhou.com/" "Mozilla/5.0 (X11; Linux x86_64) AppleWebKit/537.36 (KHTML, like Gecko) HeadlessChrome/115.0.5790.24 Safari/537.36"
36.137.158.160 - - [23/Aug/2025:21:43:56 +0800] "GET /wp-content/uploads/2025/07/1753456770-%E7%83%AD%E9%95%80%E9%94%8C%E5%8D%B7product_Single600.webp HTTP/1.1" 200 27502 "http://cqqizhou.com/" "Mozilla/5.0 (X11; Linux x86_64) AppleWebKit/537.36 (KHTML, like Gecko) HeadlessChrome/115.0.5790.24 Safari/537.36"
36.137.158.160 - - [23/Aug/2025:21:43:56 +0800] "GET /wp-content/uploads/2025/07/1753453127-%E4%BD%99%E5%8D%B7product_Single600%C3%97284.webp HTTP/1.1" 200 18744 "http://cqqizhou.com/" "Mozilla/5.0 (X11; Linux x86_64) AppleWebKit/537.36 (KHTML, like Gecko) HeadlessChrome/115.0.5790.24 Safari/537.36"
36.137.158.160 - - [23/Aug/2025:21:43:58 +0800] "GET /wp-content/uploads/revslider/slider-1/1750929639-yuanjing_Slider_3840%C3%972160_20250626171955-scaled.webp HTTP/1.1" 200 203290 "http://cqqizhou.com/" "Mozilla/5.0 (X11; Linux x86_64) AppleWebKit/537.36 (KHTML, like Gecko) HeadlessChrome/115.0.5790.24 Safari/537.36"
36.137.158.160 - - [23/Aug/2025:21:43:58 +0800] "GET /wp-content/uploads/2025/07/1753587901-Slider_3840%C3%972160_20250727-scaled-50x100.webp HTTP/1.1" 200 1660 "http://cqqizhou.com/" "Mozilla/5.0 (X11; Linux x86_64) AppleWebKit/537.36 (KHTML, like Gecko) HeadlessChrome/115.0.5790.24 Safari/537.36"
36.137.158.160 - - [23/Aug/2025:21:43:58 +0800] "GET /wp-content/uploads/revslider/slider-1/1750861156-logistics_Slider_3840%C3%972160_20250625191356-scaled-50x100.webp HTTP/1.1" 200 1416 "http://cqqizhou.com/" "Mozilla/5.0 (X11; Linux x86_64) AppleWebKit/537.36 (KHTML, like Gecko) HeadlessChrome/115.0.5790.24 Safari/537.36"
36.137.158.160 - - [23/Aug/2025:21:43:59 +0800] "GET /wp-json/sliderrevolution/sliders/1?srengine=7&slideid=2 HTTP/1.1" 200 2058 "http://cqqizhou.com/" "Mozilla/5.0 (X11; Linux x86_64) AppleWebKit/537.36 (KHTML, like Gecko) HeadlessChrome/115.0.5790.24 Safari/537.36"
36.137.158.160 - - [23/Aug/2025:21:43:59 +0800] "GET /wp-json/sliderrevolution/sliders/1?srengine=7&slideid=3 HTTP/1.1" 200 2292 "http://cqqizhou.com/" "Mozilla/5.0 (X11; Linux x86_64) AppleWebKit/537.36 (KHTML, like Gecko) HeadlessChrome/115.0.5790.24 Safari/537.36"
36.137.158.160 - - [23/Aug/2025:21:43:59 +0800] "GET /wp-content/uploads/2025/07/1753587901-Slider_3840%C3%972160_20250727-scaled.webp HTTP/1.1" 200 141034 "http://cqqizhou.com/" "Mozilla/5.0 (X11; Linux x86_64) AppleWebKit/537.36 (KHTML, like Gecko) HeadlessChrome/115.0.5790.24 Safari/537.36"
36.137.158.160 - - [23/Aug/2025:21:43:59 +0800] "GET /wp-content/uploads/revslider/slider-1/1750861156-logistics_Slider_3840%C3%972160_20250625191356-scaled.webp HTTP/1.1" 200 197360 "http://cqqizhou.com/" "Mozilla/5.0 (X11; Linux x86_64) AppleWebKit/537.36 (KHTML, like Gecko) HeadlessChrome/115.0.5790.24 Safari/537.36"
199.244.88.221 - - [23/Aug/2025:21:48:23 +0800] "GET / HTTP/1.1" 200 39302 "-" "Mozilla/5.0 (X11; Linux x86_64) AppleWebKit/537.36 (KHTML, like Gecko) Chrome/105.0.0.0 Safari/537.36"
36.133.115.36 - - [23/Aug/2025:21:56:43 +0800] "POST /wp-cron.php?doing_wp_cron=1755957403.3302040100097656250000 HTTP/1.1" 200 31 "-" "WordPress/6.8.2; http://cqqizhou.com"
51.210.194.206 - - [23/Aug/2025:21:56:43 +0800] "POST /xmlrpc.php HTTP/1.1" 200 217 "-" "Mozilla/5.0 (X11; Ubuntu; Linux x86_64; rv:85.0) Gecko/20100101 Firefox/91.0"
36.133.115.36 - - [23/Aug/2025:22:17:00 +0800] "POST /wp-cron.php?doing_wp_cron=1755958620.2833149433135986328125 HTTP/1.1" 200 31 "-" "WordPress/6.8.2; http://cqqizhou.com"
43.158.91.71 - - [23/Aug/2025:22:17:00 +0800] "GET / HTTP/1.1" 200 33394 "-" "Mozilla/5.0 (iPhone; CPU iPhone OS 13_2_3 like Mac OS X) AppleWebKit/605.1.15 (KHTML, like Gecko) Version/13.0.3 Mobile/15E148 Safari/604.1"
36.133.115.36 - - [23/Aug/2025:22:19:51 +0800] "POST /wp-cron.php?doing_wp_cron=1755958791.9223721027374267578125 HTTP/1.1" 200 31 "-" "WordPress/6.8.2; http://cqqizhou.com"
149.50.103.48 - - [23/Aug/2025:22:19:52 +0800] "GET / HTTP/1.1" 200 33394 "-" "Mozilla/5.0 (Windows NT 10.0; Win64; x64) AppleWebKit/537.36 (KHTML, like Gecko) Chrome/90.0.4430.85 Safari/537.36 Edg/90.0.818.46"
36.133.115.36 - - [23/Aug/2025:22:25:04 +0800] "POST /wp-cron.php?doing_wp_cron=1755959104.2059910297393798828125 HTTP/1.1" 200 31 "-" "WordPress/6.8.2; http://cqqizhou.com"
222.189.98.201 - - [23/Aug/2025:22:25:04 +0800] "GET / HTTP/1.1" 301 5 "-" "Mozilla/5.0 (Windows NT 10.0; Win64; x64) AppleWebKit/537.36 (KHTML, like Gecko) Chrome/86.0.4240.198 Safari/537.36"
36.133.115.36 - - [23/Aug/2025:22:32:48 +0800] "POST /wp-cron.php?doing_wp_cron=1755959568.7521409988403320312500 HTTP/1.1" 200 31 "-" "WordPress/6.8.2; http://cqqizhou.com"
40.123.197.157 - - [23/Aug/2025:22:32:48 +0800] "POST /xmlrpc.php HTTP/1.1" 200 217 "http://cqqizhou.com" "Mozilla/5.0 (Macintosh; Intel Mac OS X 14.3) AppleWebKit/614.31.14 (KHTML, like Gecko) Version/17.0.96 Safari/614.31.14"
40.123.197.157 - - [23/Aug/2025:22:32:49 +0800] "POST /wp-login.php HTTP/1.1" 200 2917 "http://cqqizhou.com" "Mozilla/5.0 (Macintosh; Intel Mac OS X 10_15_7) AppleWebKit/537.36 (KHTML, like Gecko) Chrome/115.0.5790.102 Safari/537.36"
185.39.19.97 - - [23/Aug/2025:22:36:41 +0800] "GET / HTTP/1.0" 200 165602 "http://cqqizhou.com/" "Mozilla/5.0 (Windows NT 10.0; Win64; x64) AppleWebKit/537.36 (KHTML, like Gecko) Chrome/130.0.0.0 Safari/537.36 CCleaner/130.0.0.0"
185.39.19.97 - - [23/Aug/2025:22:36:42 +0800] "GET /contacts/ HTTP/1.0" 200 78154 "http://cqqizhou.com/contacts/" "Mozilla/5.0 (Windows NT 10.0; Win64; x64) AppleWebKit/537.36 (KHTML, like Gecko) Chrome/130.0.0.0 Safari/537.36 CCleaner/130.0.0.0"
36.133.115.36 - - [23/Aug/2025:22:36:44 +0800] "POST /wp-cron.php?doing_wp_cron=1755959804.6955230236053466796875 HTTP/1.1" 200 31 "-" "WordPress/6.8.2; http://cqqizhou.com"
185.39.19.97 - - [23/Aug/2025:22:36:45 +0800] "POST /contacts/ HTTP/1.0" 200 68828 "http://cqqizhou.com/contacts/" "Mozilla/5.0 (Windows NT 10.0; Win64; x64) AppleWebKit/537.36 (KHTML, like Gecko) Chrome/130.0.0.0 Safari/537.36 CCleaner/130.0.0.0"
36.133.115.36 - - [23/Aug/2025:22:38:11 +0800] "POST /wp-cron.php?doing_wp_cron=1755959891.3187570571899414062500 HTTP/1.1" 200 31 "-" "WordPress/6.8.2; http://cqqizhou.com"
149.255.58.152 - - [23/Aug/2025:22:38:11 +0800] "POST /xmlrpc.php HTTP/1.1" 200 217 "http://cqqizhou.com" "Mozilla/5.0 (Macintosh; Intel Mac OS X 10_15_7) AppleWebKit/537.36 (KHTML, like Gecko) Chrome/116.0.5845.96 Safari/537.36"
149.255.58.152 - - [23/Aug/2025:22:38:12 +0800] "POST /wp-login.php HTTP/1.1" 200 2917 "http://cqqizhou.com" "Mozilla/5.0 (Windows NT 10.0; Win64; x64) AppleWebKit/537.36 (KHTML, like Gecko) Chrome/112.0.5615.138 Safari/537.36"
36.133.115.36 - - [23/Aug/2025:22:43:07 +0800] "POST /wp-cron.php?doing_wp_cron=1755960187.1228280067443847656250 HTTP/1.1" 200 31 "-" "WordPress/6.8.2; http://cqqizhou.com"
43.157.142.101 - - [23/Aug/2025:22:43:07 +0800] "GET / HTTP/1.1" 200 33394 "-" "Mozilla/5.0 (iPhone; CPU iPhone OS 13_2_3 like Mac OS X) AppleWebKit/605.1.15 (KHTML, like Gecko) Version/13.0.3 Mobile/15E148 Safari/604.1"
103.72.97.210 - - [23/Aug/2025:22:43:31 +0800] "POST /xmlrpc.php HTTP/1.1" 200 217 "http://cqqizhou.com" "Mozilla/5.0 (Windows NT 10.0; Win64; x64) AppleWebKit/537.36 (KHTML, like Gecko) Chrome/126.0.0.0 Safari/537.36 Edg/126.0.0.0"
103.72.97.210 - - [23/Aug/2025:22:43:33 +0800] "POST /wp-login.php HTTP/1.1" 200 2917 "http://cqqizhou.com" "Mozilla/5.0 (Windows NT 10.0; Win64; x64; rv:126.0) Gecko/20100101 Firefox/126.0"
36.133.115.36 - - [23/Aug/2025:22:48:52 +0800] "POST /wp-cron.php?doing_wp_cron=1755960532.8008880615234375000000 HTTP/1.1" 200 31 "-" "WordPress/6.8.2; http://cqqizhou.com"
112.175.185.134 - - [23/Aug/2025:22:48:52 +0800] "POST /xmlrpc.php HTTP/1.1" 200 217 "http://cqqizhou.com" "Mozilla/5.0 (Macintosh; Intel Mac OS X 14_4_1) AppleWebKit/605.1.15 (KHTML, like Gecko) Version/17.3.1 Safari/605.1.15"
112.175.185.134 - - [23/Aug/2025:22:48:53 +0800] "POST /wp-login.php HTTP/1.1" 200 2917 "http://cqqizhou.com" "Mozilla/5.0 (Windows NT 10.0; Win64; x64) AppleWebKit/537.36 (KHTML, like Gecko) Chrome/112.0.5615.138 Safari/537.36"
36.133.115.36 - - [23/Aug/2025:22:59:25 +0800] "POST /wp-cron.php?doing_wp_cron=1755961165.8505849838256835937500 HTTP/1.1" 200 31 "-" "WordPress/6.8.2; http://cqqizhou.com"
103.253.20.138 - - [23/Aug/2025:22:59:25 +0800] "POST /xmlrpc.php HTTP/1.1" 200 217 "http://cqqizhou.com" "Mozilla/5.0 (Windows NT 10.0; Win64; x64; rv:129.0) Gecko/20100101 Firefox/129.0"
103.253.20.138 - - [23/Aug/2025:22:59:26 +0800] "POST /wp-login.php HTTP/1.1" 200 2917 "http://cqqizhou.com" "Mozilla/5.0 (Macintosh; Intel Mac OS X 10_15_7) AppleWebKit/537.36 (KHTML, like Gecko) Chrome/113.0.5672.93 Safari/537.36"
36.133.115.36 - - [23/Aug/2025:23:02:53 +0800] "POST /wp-cron.php?doing_wp_cron=1755961373.7323479652404785156250 HTTP/1.1" 200 31 "-" "WordPress/6.8.2; http://cqqizhou.com"
91.224.92.14 - - [23/Aug/2025:23:02:54 +0800] "GET / HTTP/1.1" 200 33394 "-" "Mozilla/5.0 (Windows NT 10.0; Win64; x64) AppleWebKit/537.36 (KHTML, like Gecko) Chrome/90.0.4430.85 Safari/537.36 Edg/90.0.818.46"
36.133.115.36 - - [23/Aug/2025:23:04:44 +0800] "POST /wp-cron.php?doing_wp_cron=1755961484.3221950531005859375000 HTTP/1.1" 200 31 "-" "WordPress/6.8.2; http://cqqizhou.com"
54.37.13.243 - - [23/Aug/2025:23:04:44 +0800] "POST /xmlrpc.php HTTP/1.1" 200 217 "http://cqqizhou.com" "Mozilla/5.0 (Macintosh; Intel Mac OS X 13.3; rv:126.0) Gecko/20100101 Firefox/126.0"
36.133.115.36 - - [23/Aug/2025:23:04:46 +0800] "POST /wp-cron.php?doing_wp_cron=1755961486.2025279998779296875000 HTTP/1.1" 200 31 "-" "WordPress/6.8.2; http://cqqizhou.com"
54.37.13.243 - - [23/Aug/2025:23:04:46 +0800] "POST /wp-login.php HTTP/1.1" 200 2917 "http://cqqizhou.com" "Mozilla/5.0 (Windows NT 10.0; Win64; x64) AppleWebKit/537.36 (KHTML, like Gecko) Chrome/126.0.0.0 Safari/537.36 Edg/126.0.0.0"
36.133.115.36 - - [23/Aug/2025:23:12:12 +0800] "POST /wp-cron.php?doing_wp_cron=1755961932.5056970119476318359375 HTTP/1.1" 200 31 "-" "WordPress/6.8.2; http://cqqizhou.com"
91.224.92.17 - - [23/Aug/2025:23:12:31 +0800] "GET / HTTP/1.1" 200 96805 "-" "-"
36.133.115.36 - - [23/Aug/2025:23:15:31 +0800] "POST /wp-cron.php?doing_wp_cron=1755962131.9196801185607910156250 HTTP/1.1" 200 31 "-" "WordPress/6.8.2; http://cqqizhou.com"
149.50.103.48 - - [23/Aug/2025:23:15:32 +0800] "GET / HTTP/1.1" 200 33394 "-" "Mozilla/5.0 (Windows NT 10.0; Win64; x64) AppleWebKit/537.36 (KHTML, like Gecko) Chrome/90.0.4430.85 Safari/537.36 Edg/90.0.818.46"
78.192.104.125 - - [23/Aug/2025:23:15:33 +0800] "POST /xmlrpc.php HTTP/1.1" 200 217 "http://cqqizhou.com" "Mozilla/5.0 (Windows NT 11.0; Win64; x64) AppleWebKit/537.36 (KHTML, like Gecko) Chrome/126.0.0.0 Safari/537.36"
78.192.104.125 - - [23/Aug/2025:23:15:34 +0800] "POST /wp-login.php HTTP/1.1" 200 2917 "http://cqqizhou.com" "Mozilla/5.0 (Windows NT 10.0; Win64; x64) AppleWebKit/537.36 (KHTML, like Gecko) Chrome/113.0.5672.126 Safari/537.36 Edg/113.0.1774.50"
36.133.115.36 - - [23/Aug/2025:23:18:08 +0800] "POST /wp-cron.php?doing_wp_cron=1755962288.3362970352172851562500 HTTP/1.1" 200 31 "-" "WordPress/6.8.2; http://cqqizhou.com"
45.33.70.83 - - [23/Aug/2025:23:18:08 +0800] "HEAD /main HTTP/1.1" 404 0 "-" "Mozilla/5.0 (X11; Linux x86_64) AppleWebKit/537.36 (KHTML, like Gecko) Chrome/120.0.0.0 Safari/537.36"
45.33.70.83 - - [23/Aug/2025:23:18:09 +0800] "HEAD /new HTTP/1.1" 301 0 "-" "Mozilla/5.0 (Macintosh; Intel Mac OS X 10_15_7) AppleWebKit/605.1.15 (KHTML, like Gecko) Version/17.2 Safari/605.1.15"
45.33.70.83 - - [23/Aug/2025:23:18:09 +0800] "HEAD /news/ HTTP/1.1" 200 0 "http://cqqizhou.com/new" "Mozilla/5.0 (Macintosh; Intel Mac OS X 10_15_7) AppleWebKit/605.1.15 (KHTML, like Gecko) Version/17.2 Safari/605.1.15"
45.33.70.83 - - [23/Aug/2025:23:18:10 +0800] "HEAD /old HTTP/1.1" 404 0 "-" "Mozilla/5.0 (Windows NT 10.0; Win64; x64) AppleWebKit/537.36 (KHTML, like Gecko) Chrome/120.0.0.0 Safari/537.36"
45.33.70.83 - - [23/Aug/2025:23:18:10 +0800] "HEAD / HTTP/1.1" 200 0 "-" "Mozilla/5.0 (Macintosh; Intel Mac OS X 10_15_7) AppleWebKit/537.36 (KHTML, like Gecko) Chrome/120.0.0.0 Safari/537.36"
45.33.70.83 - - [23/Aug/2025:23:18:11 +0800] "HEAD /wp HTTP/1.1" 404 0 "-" "Mozilla/5.0 (X11; Linux x86_64) AppleWebKit/537.36 (KHTML, like Gecko) Chrome/120.0.0.0 Safari/537.36"
45.33.70.83 - - [23/Aug/2025:23:18:12 +0800] "HEAD /bk HTTP/1.1" 404 0 "-" "Mozilla/5.0 (X11; Linux x86_64) AppleWebKit/537.36 (KHTML, like Gecko) Chrome/120.0.0.0 Safari/537.36"
45.33.70.83 - - [23/Aug/2025:23:18:13 +0800] "HEAD /backup HTTP/1.1" 404 0 "-" "Mozilla/5.0 (Windows NT 10.0; Win64; x64) AppleWebKit/537.36 (KHTML, like Gecko) Chrome/120.0.0.0 Safari/537.36"
45.33.70.83 - - [23/Aug/2025:23:18:14 +0800] "HEAD /bc HTTP/1.1" 404 0 "-" "Mozilla/5.0 (Macintosh; Intel Mac OS X 10_15_7) AppleWebKit/537.36 (KHTML, like Gecko) Chrome/120.0.0.0 Safari/537.36"
45.33.70.83 - - [23/Aug/2025:23:18:15 +0800] "HEAD /home HTTP/1.1" 301 0 "-" "Mozilla/5.0 (Windows NT 10.0; Win64; x64; rv:121.0) Gecko/20100101 Firefox/121.0"
45.33.70.83 - - [23/Aug/2025:23:18:16 +0800] "HEAD / HTTP/1.1" 200 0 "http://cqqizhou.com/home" "Mozilla/5.0 (Windows NT 10.0; Win64; x64; rv:121.0) Gecko/20100101 Firefox/121.0"
45.33.70.83 - - [23/Aug/2025:23:18:17 +0800] "HEAD /wordpress HTTP/1.1" 404 0 "-" "Mozilla/5.0 (Windows NT 10.0; Win64; x64; rv:121.0) Gecko/20100101 Firefox/121.0"
36.133.115.36 - - [23/Aug/2025:23:20:59 +0800] "POST /wp-cron.php?doing_wp_cron=1755962459.0869040489196777343750 HTTP/1.1" 200 31 "-" "WordPress/6.8.2; http://cqqizhou.com"
216.55.146.74 - - [23/Aug/2025:23:20:59 +0800] "POST /xmlrpc.php HTTP/1.1" 200 217 "http://cqqizhou.com" "Mozilla/5.0 (Macintosh; Intel Mac OS X 10_15_7) AppleWebKit/537.36 (KHTML, like Gecko) Chrome/115.0.5790.102 Safari/537.36"
216.55.146.74 - - [23/Aug/2025:23:21:01 +0800] "POST /wp-login.php HTTP/1.1" 200 2917 "http://cqqizhou.com" "Mozilla/5.0 (Macintosh; Intel Mac OS X 10_15_7) AppleWebKit/537.36 (KHTML, like Gecko) Chrome/112.0.5615.138 Safari/537.36"
36.133.115.36 - - [23/Aug/2025:23:23:57 +0800] "POST /wp-cron.php?doing_wp_cron=1755962636.9971389770507812500000 HTTP/1.1" 200 31 "-" "WordPress/6.8.2; http://cqqizhou.com"
83.217.72.249 - - [23/Aug/2025:23:23:57 +0800] "POST /xmlrpc.php HTTP/1.1" 200 217 "-" "Mozilla/5.0 (X11; Ubuntu; Linux x86_64; rv:85.0) Gecko/20100101 Firefox/91.0"
36.133.115.36 - - [23/Aug/2025:23:26:25 +0800] "POST /wp-cron.php?doing_wp_cron=1755962785.3423070907592773437500 HTTP/1.1" 200 31 "-" "WordPress/6.8.2; http://cqqizhou.com"
212.90.148.4 - - [23/Aug/2025:23:26:25 +0800] "POST /xmlrpc.php HTTP/1.1" 200 217 "http://cqqizhou.com" "Mozilla/5.0 (Windows NT 10.0; Win64; x64) AppleWebKit/537.36 (KHTML, like Gecko) Chrome/112.0.5615.138 Safari/537.36 Edg/112.0.1722.68"
212.90.148.4 - - [23/Aug/2025:23:26:27 +0800] "POST /wp-login.php HTTP/1.1" 200 2917 "http://cqqizhou.com" "Mozilla/5.0 (Windows NT 10.0; Win64; x64) AppleWebKit/537.36 (KHTML, like Gecko) Chrome/113.0.5672.126 Safari/537.36 Edg/113.0.1774.50"
