223.123.43.70 - - [09/Feb/2026:16:23:02 +0800] "GET /boaform/admin/formLogin?username=user&psd=user HTTP/1.0" 404 31352 "-" "-"
36.133.115.36 - - [09/Feb/2026:16:28:19 +0800] "POST /wp-cron.php?doing_wp_cron=1770625699.6526060104370117187500 HTTP/1.1" 200 31 "-" "WordPress/6.9; http://cqqizhou.com"
176.65.149.17 - - [09/Feb/2026:16:28:19 +0800] "GET /config.json HTTP/1.1" 404 8949 "-" "Mozilla/5.0 (compatible; Googlebot/2.1; +http://www.google.com/bot.html)"
176.65.149.17 - - [09/Feb/2026:16:28:21 +0800] "GET /.env HTTP/1.1" 404 8949 "-" "Mozilla/5.0 (compatible; Googlebot/2.1; +http://www.google.com/bot.html)"
176.65.149.17 - - [09/Feb/2026:16:28:25 +0800] "GET /.env.production HTTP/1.1" 404 8949 "-" "Mozilla/5.0 (compatible; Googlebot/2.1; +http://www.google.com/bot.html)"
176.65.149.17 - - [09/Feb/2026:16:28:27 +0800] "GET /docker-compose.yml HTTP/1.1" 404 8949 "-" "Mozilla/5.0 (compatible; Googlebot/2.1; +http://www.google.com/bot.html)"
36.133.115.36 - - [09/Feb/2026:16:30:55 +0800] "POST /wp-cron.php?doing_wp_cron=1770625855.1379940509796142578125 HTTP/1.1" 200 31 "-" "WordPress/6.9; http://cqqizhou.com"
185.241.208.170 - - [09/Feb/2026:16:30:55 +0800] "GET /.git/config.bak HTTP/1.1" 404 8949 "-" "Mozilla/5.0 (Windows; U; Windows NT 6.0; en-US) AppleWebKit/527  (KHTML, like Gecko, Safari/419.3) Arora/0.6 (Change: )"
36.133.115.36 - - [09/Feb/2026:16:46:15 +0800] "POST /wp-cron.php?doing_wp_cron=1770626775.2217090129852294921875 HTTP/1.1" 200 31 "-" "WordPress/6.9; http://cqqizhou.com"
34.158.168.101 - - [09/Feb/2026:16:46:15 +0800] "GET /.env HTTP/1.1" 301 5 "-" "Mozilla/5.0 (Windows NT 10.0; Win64; x64; rv:109.0) Firefox/121.0"
36.133.115.36 - - [09/Feb/2026:16:56:31 +0800] "POST /wp-cron.php?doing_wp_cron=1770627391.0595769882202148437500 HTTP/1.1" 200 31 "-" "WordPress/6.9; http://cqqizhou.com"
204.76.203.219 - - [09/Feb/2026:16:56:31 +0800] "GET / HTTP/1.1" 200 34784 "-" "Mozilla/5.0 (Windows NT 10.0; Win64; x64) AppleWebKit/537.36 (KHTML, like Gecko) Chrome/90.0.4430.85 Safari/537.36 Edg/90.0.818.46"
36.133.115.36 - - [09/Feb/2026:17:10:05 +0800] "POST /wp-cron.php?doing_wp_cron=1770628205.6808419227600097656250 HTTP/1.1" 200 31 "-" "WordPress/6.9; http://cqqizhou.com"
192.126.253.240 - - [09/Feb/2026:17:10:05 +0800] "GET /contacts/ HTTP/1.1" 301 5 "-" "Mozilla/5.0 (X11; Linux x86_64) AppleWebKit/537.36 (KHTML, like Gecko) Chrome/114.0.0.0 Safari/537.36"
192.126.253.240 - - [09/Feb/2026:17:10:09 +0800] "GET /contacts HTTP/1.1" 200 21773 "http://cqqizhou.com/contacts/" "Mozilla/5.0 (X11; Linux x86_64) AppleWebKit/537.36 (KHTML, like Gecko) Chrome/114.0.0.0 Safari/537.36"
36.133.115.36 - - [09/Feb/2026:17:10:11 +0800] "POST /wp-cron.php?doing_wp_cron=1770628211.2250878810882568359375 HTTP/1.1" 200 31 "-" "WordPress/6.9; http://cqqizhou.com"
204.76.203.206 - - [09/Feb/2026:17:10:11 +0800] "GET / HTTP/1.1" 200 34784 "-" "Mozilla/5.0 (Windows NT 10.0; Win64; x64) AppleWebKit/537.36 (KHTML, like Gecko) Chrome/90.0.4430.85 Safari/537.36 Edg/90.0.818.46"
192.126.253.240 - - [09/Feb/2026:17:10:17 +0800] "POST /wp-json/contact-form-7/v1/contact-forms/158/feedback HTTP/1.1" 200 219 "http://cqqizhou.com/contacts" "Mozilla/5.0 (X11; Linux x86_64) AppleWebKit/537.36 (KHTML, like Gecko) Chrome/114.0.0.0 Safari/537.36"
36.133.115.36 - - [09/Feb/2026:17:19:19 +0800] "POST /wp-cron.php?doing_wp_cron=1770628759.8386530876159667968750 HTTP/1.1" 200 31 "-" "WordPress/6.9; http://cqqizhou.com"
60.188.57.0 - - [09/Feb/2026:17:19:19 +0800] "GET / HTTP/1.1" 200 34784 "-" "Mozilla/5.0 (iPhone; CPU iPhone OS 13_2_3 like Mac OS X) AppleWebKit/605.1.15 (KHTML, like Gecko) Version/13.0.3 Mobile/15E148 Safari/604.1"
36.133.115.36 - - [09/Feb/2026:17:23:12 +0800] "POST /wp-cron.php?doing_wp_cron=1770628992.4102270603179931640625 HTTP/1.1" 200 31 "-" "WordPress/6.9; http://cqqizhou.com"
78.153.140.203 - - [09/Feb/2026:17:23:12 +0800] "GET /.env HTTP/1.1" 404 31365 "-" "Mozilla/5.0 (Macintosh; Intel Mac OS X 10.10; rv:41.0) Gecko/20100101 Firefox/55.0"
78.153.140.203 - - [09/Feb/2026:17:23:14 +0800] "GET /admin/.env HTTP/1.1" 404 31365 "-" "Mozilla/5.0 (Windows; U; Windows NT 5.1; rv:1.7.3) Gecko/20040913 Firefox/0.10"
36.133.115.36 - - [09/Feb/2026:17:27:57 +0800] "POST /wp-cron.php?doing_wp_cron=1770629277.1310911178588867187500 HTTP/1.1" 200 31 "-" "WordPress/6.9; http://cqqizhou.com"
193.142.147.209 - - [09/Feb/2026:17:27:57 +0800] "POST / HTTP/1.1" 200 34784 "-" "Mozilla/5.0 (Windows NT 10.0; Win64; x64) AppleWebKit/537.36"
36.133.115.36 - - [09/Feb/2026:17:32:46 +0800] "POST /wp-cron.php?doing_wp_cron=1770629566.5442581176757812500000 HTTP/1.1" 200 31 "-" "WordPress/6.9; http://cqqizhou.com"
38.46.221.123 - - [09/Feb/2026:17:32:46 +0800] "GET http://check.9tb.org/ HTTP/1.1" 301 5 "-" "Go-http-client/1.1"
38.46.221.123 - - [09/Feb/2026:17:32:46 +0800] "GET http://cqqizhou.com/ HTTP/1.1" 200 35222 "http://check.9tb.org" "Go-http-client/1.1"
36.133.115.36 - - [09/Feb/2026:17:33:44 +0800] "POST /wp-cron.php?doing_wp_cron=1770629624.8580710887908935546875 HTTP/1.1" 200 31 "-" "WordPress/6.9; http://cqqizhou.com"
142.44.225.34 - - [09/Feb/2026:17:33:44 +0800] "GET /robots.txt HTTP/1.1" 200 190 "-" "Mozilla/5.0 (compatible; AhrefsBot/7.0; +http://ahrefs.com/robot/)"
37.59.204.159 - - [09/Feb/2026:17:33:49 +0800] "GET /services/qzgyl@cq-qizhou.com HTTP/1.1" 404 8948 "-" "Mozilla/5.0 (compatible; AhrefsBot/7.0; +http://ahrefs.com/robot/)"
36.133.115.36 - - [09/Feb/2026:17:46:05 +0800] "POST /wp-cron.php?doing_wp_cron=1770630365.1798369884490966796875 HTTP/1.1" 200 31 "-" "WordPress/6.9; http://cqqizhou.com"
167.94.138.125 - - [09/Feb/2026:17:46:05 +0800] "GET /robots.txt HTTP/1.1" 200 190 "-" "Mozilla/5.0 (compatible; CensysInspect/1.1; +https://about.censys.io/)"
36.133.115.36 - - [09/Feb/2026:17:46:25 +0800] "POST /wp-cron.php?doing_wp_cron=1770630385.8434979915618896484375 HTTP/1.1" 200 31 "-" "WordPress/6.9; http://cqqizhou.com"
167.94.138.125 - - [09/Feb/2026:17:46:25 +0800] "GET /7zkk5ta3t71 HTTP/1.1" 404 8949 "-" "Mozilla/5.0 (compatible; CensysInspect/1.1; +https://about.censys.io/)"
36.133.115.36 - - [09/Feb/2026:17:54:55 +0800] "POST /wp-cron.php?doing_wp_cron=1770630895.6038160324096679687500 HTTP/1.1" 200 31 "-" "WordPress/6.9; http://cqqizhou.com"
176.65.148.57 - - [09/Feb/2026:17:54:55 +0800] "GET http://ifconfig.cc/ HTTP/1.1" 301 5 "-" "ifhttp"
36.133.115.36 - - [09/Feb/2026:17:58:42 +0800] "POST /wp-cron.php?doing_wp_cron=1770631122.1938560009002685546875 HTTP/1.1" 200 31 "-" "WordPress/6.9; http://cqqizhou.com"
77.83.39.69 - - [09/Feb/2026:17:58:42 +0800] "GET /.env HTTP/1.1" 404 8949 "-" "Mozilla/5.0 (X11; Linux x86_64) AppleWebKit/537.36 (KHTML, like Gecko) Chrome/81.0.4044.129 Safari/537.36"
77.83.39.69 - - [09/Feb/2026:17:58:45 +0800] "POST / HTTP/1.1" 200 34784 "-" "Mozilla/5.0 (X11; Linux x86_64) AppleWebKit/537.36 (KHTML, like Gecko) Chrome/81.0.4044.129 Safari/537.36"
36.133.115.36 - - [09/Feb/2026:18:00:06 +0800] "POST /wp-cron.php?doing_wp_cron=1770631206.4968090057373046875000 HTTP/1.1" 200 31 "-" "WordPress/6.9; http://cqqizhou.com"
43.135.185.59 - - [09/Feb/2026:18:00:06 +0800] "GET / HTTP/1.1" 200 34784 "-" "Mozilla/5.0 (iPhone; CPU iPhone OS 13_2_3 like Mac OS X) AppleWebKit/605.1.15 (KHTML, like Gecko) Version/13.0.3 Mobile/15E148 Safari/604.1"
34.39.144.196 - - [09/Feb/2026:18:02:43 +0800] "OPTIONS / HTTP/1.0" 405 150 "-" "-"
36.133.115.36 - - [09/Feb/2026:18:12:44 +0800] "POST /wp-cron.php?doing_wp_cron=1770631964.0739190578460693359375 HTTP/1.1" 200 31 "-" "WordPress/6.9; http://cqqizhou.com"
66.249.74.8 - - [09/Feb/2026:18:12:44 +0800] "GET /robots.txt HTTP/1.1" 200 190 "-" "Mozilla/5.0 (compatible; Googlebot/2.1; +http://www.google.com/bot.html)"
66.249.74.8 - - [09/Feb/2026:18:12:44 +0800] "GET /industry/ HTTP/1.1" 301 5 "-" "Mozilla/5.0 (Linux; Android 6.0.1; Nexus 5X Build/MMB29P) AppleWebKit/537.36 (KHTML, like Gecko) Chrome/144.0.7559.132 Mobile Safari/537.36 (compatible; Googlebot/2.1; +http://www.google.com/bot.html)"
66.249.74.8 - - [09/Feb/2026:18:12:46 +0800] "GET /industry HTTP/1.1" 200 18971 "-" "Mozilla/5.0 (Linux; Android 6.0.1; Nexus 5X Build/MMB29P) AppleWebKit/537.36 (KHTML, like Gecko) Chrome/144.0.7559.132 Mobile Safari/537.36 (compatible; Googlebot/2.1; +http://www.google.com/bot.html)"
36.133.115.36 - - [09/Feb/2026:18:18:54 +0800] "POST /wp-cron.php?doing_wp_cron=1770632334.6263990402221679687500 HTTP/1.1" 200 31 "-" "WordPress/6.9; http://cqqizhou.com"
37.59.204.144 - - [09/Feb/2026:18:18:54 +0800] "GET /industry/ HTTP/1.1" 301 5 "-" "Mozilla/5.0 (compatible; AhrefsBot/7.0; +http://ahrefs.com/robot/)"
36.133.115.36 - - [09/Feb/2026:18:27:16 +0800] "POST /wp-cron.php?doing_wp_cron=1770632836.2987120151519775390625 HTTP/1.1" 200 31 "-" "WordPress/6.9; http://cqqizhou.com"
204.76.203.69 - - [09/Feb/2026:18:27:16 +0800] "GET / HTTP/1.1" 200 157081 "-" "-"
81.207.176.225 - - [09/Feb/2026:18:39:35 +0800] "GET / HTTP/1.1" 499 0 "-" "Mozilla/5.0 (Windows NT 10.0; WOW64) AppleWebKit/537.36 (KHTML, like Gecko) Chrome/51.0.2704.103 Safari/537.36"
36.133.115.36 - - [09/Feb/2026:18:39:35 +0800] "POST /wp-cron.php?doing_wp_cron=1770633575.7834310531616210937500 HTTP/1.1" 200 31 "-" "WordPress/6.9; http://cqqizhou.com"
92.222.104.205 - - [09/Feb/2026:19:02:57 +0800] "GET /services HTTP/1.1" 200 26225 "-" "Mozilla/5.0 (compatible; AhrefsBot/7.0; +http://ahrefs.com/robot/)"
36.133.115.36 - - [09/Feb/2026:19:07:20 +0800] "POST /wp-cron.php?doing_wp_cron=1770635240.9552550315856933593750 HTTP/1.1" 200 31 "-" "WordPress/6.9; http://cqqizhou.com"
54.36.60.45 - - [09/Feb/2026:19:07:20 +0800] "GET /robots.txt HTTP/1.1" 200 390 "-" "Mozilla/5.0 (compatible; MJ12bot/v1.4.8; http://mj12bot.com/)"
54.36.60.45 - - [09/Feb/2026:19:07:25 +0800] "GET /portfolio-tag/%E9%9E%8D%E9%92%A2%E8%92%82%E6%A3%AE/ HTTP/1.1" 404 8949 "-" "Mozilla/5.0 (compatible; MJ12bot/v1.4.8; http://mj12bot.com/)"
54.36.60.45 - - [09/Feb/2026:19:07:32 +0800] "GET /portfolio/%E5%86%B7%E8%BD%A7%E5%8D%B7/ HTTP/1.1" 301 5 "-" "Mozilla/5.0 (compatible; MJ12bot/v1.4.8; http://mj12bot.com/)"
54.36.60.45 - - [09/Feb/2026:19:07:39 +0800] "GET /news/portfolio/%E5%86%B7%E8%BD%A7%E5%8D%B7 HTTP/1.1" 200 22146 "-" "Mozilla/5.0 (compatible; MJ12bot/v1.4.8; http://mj12bot.com/)"
54.36.60.45 - - [09/Feb/2026:19:07:47 +0800] "GET /portfolio/%E5%86%B7%E8%BD%A7%E6%9D%BF/ HTTP/1.1" 301 5 "-" "Mozilla/5.0 (compatible; MJ12bot/v1.4.8; http://mj12bot.com/)"
54.36.60.45 - - [09/Feb/2026:19:07:49 +0800] "GET /news/portfolio/%E5%86%B7%E8%BD%A7%E6%9D%BF HTTP/1.1" 200 22177 "-" "Mozilla/5.0 (compatible; MJ12bot/v1.4.8; http://mj12bot.com/)"
36.133.115.36 - - [09/Feb/2026:19:09:24 +0800] "POST /wp-cron.php?doing_wp_cron=1770635364.1796588897705078125000 HTTP/1.1" 200 31 "-" "WordPress/6.9; http://cqqizhou.com"
54.36.60.45 - - [09/Feb/2026:19:09:24 +0800] "GET /tag/%E5%8D%9A%E8%81%94%E8%BE%BE/ HTTP/1.1" 404 8950 "-" "Mozilla/5.0 (compatible; MJ12bot/v1.4.8; http://mj12bot.com/)"
54.36.60.45 - - [09/Feb/2026:19:09:26 +0800] "GET /tag/%E7%89%A9%E6%B5%81/ HTTP/1.1" 404 8949 "-" "Mozilla/5.0 (compatible; MJ12bot/v1.4.8; http://mj12bot.com/)"
36.133.115.36 - - [09/Feb/2026:19:12:13 +0800] "POST /wp-cron.php?doing_wp_cron=1770635533.7216639518737792968750 HTTP/1.1" 200 31 "-" "WordPress/6.9; http://cqqizhou.com"
43.135.142.7 - - [09/Feb/2026:19:12:13 +0800] "GET / HTTP/1.1" 200 34784 "-" "Mozilla/5.0 (iPhone; CPU iPhone OS 13_2_3 like Mac OS X) AppleWebKit/605.1.15 (KHTML, like Gecko) Version/13.0.3 Mobile/15E148 Safari/604.1"
36.133.115.36 - - [09/Feb/2026:19:22:14 +0800] "POST /wp-cron.php?doing_wp_cron=1770636134.2168738842010498046875 HTTP/1.1" 200 31 "-" "WordPress/6.9; http://cqqizhou.com"
193.142.147.209 - - [09/Feb/2026:19:22:14 +0800] "POST / HTTP/1.1" 200 34784 "-" "Mozilla/5.0 (Windows NT 10.0; Win64; x64) AppleWebKit/537.36"
36.133.115.36 - - [09/Feb/2026:19:27:44 +0800] "POST /wp-cron.php?doing_wp_cron=1770636464.0933630466461181640625 HTTP/1.1" 200 31 "-" "WordPress/6.9; http://cqqizhou.com"
66.249.74.8 - - [09/Feb/2026:19:27:44 +0800] "GET /media/ HTTP/1.1" 301 5 "-" "Mozilla/5.0 (Linux; Android 6.0.1; Nexus 5X Build/MMB29P) AppleWebKit/537.36 (KHTML, like Gecko) Chrome/144.0.7559.132 Mobile Safari/537.36 (compatible; Googlebot/2.1; +http://www.google.com/bot.html)"
66.249.74.8 - - [09/Feb/2026:19:27:45 +0800] "GET /media HTTP/1.1" 200 25994 "-" "Mozilla/5.0 (Linux; Android 6.0.1; Nexus 5X Build/MMB29P) AppleWebKit/537.36 (KHTML, like Gecko) Chrome/144.0.7559.132 Mobile Safari/537.36 (compatible; Googlebot/2.1; +http://www.google.com/bot.html)"
220.181.51.113 - - [09/Feb/2026:19:44:43 +0800] "GET /wp-content/uploads/elementor/thumbs/1751373145-About_Qizhoudalou_W800px-r91b70ok8huvvdr4ynxnf302e8ie3iydlh6ag9ew82.webp HTTP/1.1" 200 37938 "http://cqqizhou.com/" "Mozilla/5.0 (Windows NT 10.0; WOW64) AppleWebKit/537.36 (KHTML, like Gecko) Chrome/48.0.2564.116 Safari/537.36"
220.181.51.120 - - [09/Feb/2026:19:44:43 +0800] "GET /wp-content/uploads/elementor/thumbs/1751209300-Hello-Qizhou3-r91b71mdtei8mab1rr8x739cnvi1mafuaga3vbed3o.webp HTTP/1.1" 200 39120 "http://cqqizhou.com/" "Mozilla/5.0 (Windows NT 10.0; WOW64) AppleWebKit/537.36 (KHTML, like Gecko) Chrome/48.0.2564.116 Safari/537.36"
220.181.51.88 - - [09/Feb/2026:19:44:44 +0800] "GET /wp-content/uploads/2025/07/1750649186-qizhou1920x1080_3.webp HTTP/1.1" 200 134070 "http://cqqizhou.com/" "Mozilla/5.0 (Windows NT 10.0; WOW64) AppleWebKit/537.36 (KHTML, like Gecko) Chrome/48.0.2564.116 Safari/537.36"
220.181.51.92 - - [09/Feb/2026:19:44:44 +0800] "GET /wp-content/uploads/2025/07/1750649183-qizhou1920x1080_2.webp HTTP/1.1" 200 267936 "http://cqqizhou.com/" "Mozilla/5.0 (Windows NT 10.0; WOW64) AppleWebKit/537.36 (KHTML, like Gecko) Chrome/48.0.2564.116 Safari/537.36"
220.181.51.118 - - [09/Feb/2026:19:44:44 +0800] "GET /wp-content/uploads/2025/07/1750649179-qizhou1920x1080_1.webp HTTP/1.1" 200 172154 "http://cqqizhou.com/" "Mozilla/5.0 (Windows NT 10.0; WOW64) AppleWebKit/537.36 (KHTML, like Gecko) Chrome/48.0.2564.116 Safari/537.36"
67.22.63.8 - - [09/Feb/2026:19:45:19 +0800] "GET / HTTP/1.1" 200 35222 "-" "Mozilla/5.0 (Windows NT 10.0; WOW64; rv:82.0) Gecko/20100101 Firefox/82.0"
52.167.144.140 - - [09/Feb/2026:19:49:31 +0800] "GET /news/2486 HTTP/1.1" 200 23973 "-" "Mozilla/5.0 AppleWebKit/537.36 (KHTML, like Gecko; compatible; bingbot/2.0; +http://www.bing.com/bingbot.htm) Chrome/116.0.1938.76 Safari/537.36"
36.133.115.36 - - [09/Feb/2026:19:59:32 +0800] "POST /wp-cron.php?doing_wp_cron=1770638372.8742220401763916015625 HTTP/1.1" 200 31 "-" "WordPress/6.9; http://cqqizhou.com"
43.130.12.43 - - [09/Feb/2026:19:59:32 +0800] "GET / HTTP/1.1" 301 5 "-" "Mozilla/5.0 (iPhone; CPU iPhone OS 13_2_3 like Mac OS X) AppleWebKit/605.1.15 (KHTML, like Gecko) Version/13.0.3 Mobile/15E148 Safari/604.1"
43.130.12.43 - - [09/Feb/2026:19:59:35 +0800] "GET / HTTP/1.1" 200 34784 "http://36.133.115.36" "Mozilla/5.0 (iPhone; CPU iPhone OS 13_2_3 like Mac OS X) AppleWebKit/605.1.15 (KHTML, like Gecko) Version/13.0.3 Mobile/15E148 Safari/604.1"
36.133.115.36 - - [09/Feb/2026:20:03:44 +0800] "POST /wp-cron.php?doing_wp_cron=1770638624.6422131061553955078125 HTTP/1.1" 200 31 "-" "WordPress/6.9; http://cqqizhou.com"
66.249.74.8 - - [09/Feb/2026:20:03:44 +0800] "GET /news/2496 HTTP/1.1" 200 24023 "-" "Mozilla/5.0 (Linux; Android 6.0.1; Nexus 5X Build/MMB29P) AppleWebKit/537.36 (KHTML, like Gecko) Chrome/144.0.7559.132 Mobile Safari/537.36 (compatible; GoogleOther)"
36.133.115.36 - - [09/Feb/2026:20:21:51 +0800] "POST /wp-cron.php?doing_wp_cron=1770639711.1336410045623779296875 HTTP/1.1" 200 31 "-" "WordPress/6.9; http://cqqizhou.com"
36.133.108.125 - - [09/Feb/2026:20:21:51 +0800] "HEAD /ReportServer HTTP/1.1" 404 0 "-" "Mozilla/5.0 (compatible; MSIE 9.0; Windows NT 6.1; Trident/5.0; yie8)"
36.133.115.36 - - [09/Feb/2026:20:41:29 +0800] "POST /wp-cron.php?doing_wp_cron=1770640889.8662691116333007812500 HTTP/1.1" 200 31 "-" "WordPress/6.9; http://cqqizhou.com"
204.76.203.219 - - [09/Feb/2026:20:41:29 +0800] "GET / HTTP/1.1" 200 34784 "-" "Mozilla/5.0 (Windows NT 10.0; Win64; x64) AppleWebKit/537.36 (KHTML, like Gecko) Chrome/90.0.4430.85 Safari/537.36 Edg/90.0.818.46"
36.133.115.36 - - [09/Feb/2026:20:42:28 +0800] "POST /wp-cron.php?doing_wp_cron=1770640948.0899400711059570312500 HTTP/1.1" 200 31 "-" "WordPress/6.9; http://cqqizhou.com"
94.23.188.205 - - [09/Feb/2026:20:42:28 +0800] "GET /2440/ HTTP/1.1" 301 5 "-" "Mozilla/5.0 (compatible; AhrefsBot/7.0; +http://ahrefs.com/robot/)"
66.249.74.7 - - [09/Feb/2026:20:42:45 +0800] "GET /services/ HTTP/1.1" 301 5 "-" "Mozilla/5.0 (Linux; Android 6.0.1; Nexus 5X Build/MMB29P) AppleWebKit/537.36 (KHTML, like Gecko) Chrome/144.0.7559.132 Mobile Safari/537.36 (compatible; Googlebot/2.1; +http://www.google.com/bot.html)"
66.249.74.8 - - [09/Feb/2026:20:42:46 +0800] "GET /services HTTP/1.1" 200 25872 "-" "Mozilla/5.0 (Linux; Android 6.0.1; Nexus 5X Build/MMB29P) AppleWebKit/537.36 (KHTML, like Gecko) Chrome/144.0.7559.132 Mobile Safari/537.36 (compatible; Googlebot/2.1; +http://www.google.com/bot.html)"
119.249.100.108 - - [09/Feb/2026:20:46:40 +0800] "GET /wp-content/uploads/elementor/thumbs/1751373145-About_Qizhoudalou_W800px-r91b70ok8huvvdr4ynxnf302e8ie3iydlh6ag9ew82.webp HTTP/1.1" 200 37938 "http://cqqizhou.com/" "Mozilla/5.0 (Windows NT 10.0; WOW64) AppleWebKit/537.36 (KHTML, like Gecko) Chrome/48.0.2564.116 Safari/537.36"
220.181.51.90 - - [09/Feb/2026:20:46:40 +0800] "GET /wp-content/uploads/elementor/thumbs/1751209300-Hello-Qizhou3-r91b71mdtei8mab1rr8x739cnvi1mafuaga3vbed3o.webp HTTP/1.1" 200 39120 "http://cqqizhou.com/" "Mozilla/5.0 (Windows NT 10.0; WOW64) AppleWebKit/537.36 (KHTML, like Gecko) Chrome/48.0.2564.116 Safari/537.36"
119.249.100.45 - - [09/Feb/2026:20:46:40 +0800] "GET /wp-content/uploads/2025/07/1750649186-qizhou1920x1080_3.webp HTTP/1.1" 200 134070 "http://cqqizhou.com/" "Mozilla/5.0 (Windows NT 10.0; WOW64) AppleWebKit/537.36 (KHTML, like Gecko) Chrome/48.0.2564.116 Safari/537.36"
220.181.51.85 - - [09/Feb/2026:20:46:40 +0800] "GET /wp-content/uploads/2025/07/1750649179-qizhou1920x1080_1.webp HTTP/1.1" 200 172154 "http://cqqizhou.com/" "Mozilla/5.0 (Windows NT 10.0; WOW64) AppleWebKit/537.36 (KHTML, like Gecko) Chrome/48.0.2564.116 Safari/537.36"
119.249.100.50 - - [09/Feb/2026:20:46:40 +0800] "GET /wp-content/uploads/2025/07/1750649183-qizhou1920x1080_2.webp HTTP/1.1" 200 267936 "http://cqqizhou.com/" "Mozilla/5.0 (Windows NT 10.0; WOW64) AppleWebKit/537.36 (KHTML, like Gecko) Chrome/48.0.2564.116 Safari/537.36"
36.133.115.36 - - [09/Feb/2026:20:50:24 +0800] "POST /wp-cron.php?doing_wp_cron=1770641424.2014789581298828125000 HTTP/1.1" 200 31 "-" "WordPress/6.9; http://cqqizhou.com"
204.76.203.69 - - [09/Feb/2026:20:50:24 +0800] "GET / HTTP/1.1" 301 5 "-" "Mozilla/5.0 (Windows NT 10.0; Win64; x64) AppleWebKit/537.36 (KHTML, like Gecko) Chrome/90.0.4430.85 Safari/537.36 Edg/90.0.818.46"
180.153.236.51 - - [09/Feb/2026:20:51:11 +0800] "GET / HTTP/1.1" 200 35222 "http://cqqizhou.com/" "Mozilla/5.0 (Windows NT 10.0; Win64; x64) AppleWebKit/537.36 (KHTML, like Gecko) Chrome/140.0.0.0 Safari/537.36 Edg/140.0.0.0; 360Spider"
36.133.115.36 - - [09/Feb/2026:20:58:29 +0800] "POST /wp-cron.php?doing_wp_cron=1770641909.2820639610290527343750 HTTP/1.1" 200 31 "-" "WordPress/6.9; http://cqqizhou.com"
204.76.203.206 - - [09/Feb/2026:20:58:29 +0800] "GET / HTTP/1.1" 200 34783 "-" "Mozilla/5.0 (Windows NT 10.0; Win64; x64) AppleWebKit/537.36 (KHTML, like Gecko) Chrome/90.0.4430.85 Safari/537.36 Edg/90.0.818.46"
36.133.115.36 - - [09/Feb/2026:21:02:03 +0800] "POST /wp-cron.php?doing_wp_cron=1770642123.8421359062194824218750 HTTP/1.1" 200 31 "-" "WordPress/6.9; http://cqqizhou.com"
204.76.203.210 - - [09/Feb/2026:21:02:04 +0800] "GET / HTTP/1.1" 200 157081 "-" "Mozilla/5.0"
204.76.203.210 - - [09/Feb/2026:21:02:07 +0800] "GET /.env HTTP/1.1" 301 5 "-" "Mozilla/5.0"
36.133.115.36 - - [09/Feb/2026:21:02:09 +0800] "POST /wp-cron.php?doing_wp_cron=1770642129.9343819618225097656250 HTTP/1.1" 200 31 "-" "WordPress/6.9; http://cqqizhou.com"
204.76.203.210 - - [09/Feb/2026:21:02:09 +0800] "GET /.env.production HTTP/1.1" 301 5 "-" "Mozilla/5.0"
204.76.203.210 - - [09/Feb/2026:21:02:12 +0800] "GET /.env.development HTTP/1.1" 301 5 "-" "Mozilla/5.0"
204.76.203.210 - - [09/Feb/2026:21:02:13 +0800] "GET /.env.dev HTTP/1.1" 301 5 "-" "Mozilla/5.0"
204.76.203.210 - - [09/Feb/2026:21:02:16 +0800] "GET /.env.staging HTTP/1.1" 301 5 "-" "Mozilla/5.0"
204.76.203.210 - - [09/Feb/2026:21:02:18 +0800] "GET /.env.backup HTTP/1.1" 301 5 "-" "Mozilla/5.0"
204.76.203.210 - - [09/Feb/2026:21:02:19 +0800] "GET /.env.save HTTP/1.1" 301 5 "-" "Mozilla/5.0"
204.76.203.210 - - [09/Feb/2026:21:02:21 +0800] "GET /.env.old HTTP/1.1" 301 5 "-" "Mozilla/5.0"
204.76.203.210 - - [09/Feb/2026:21:02:23 +0800] "GET /.env.bak HTTP/1.1" 301 5 "-" "Mozilla/5.0"
204.76.203.210 - - [09/Feb/2026:21:02:24 +0800] "GET /.env.tmp HTTP/1.1" 301 5 "-" "Mozilla/5.0"
204.76.203.210 - - [09/Feb/2026:21:02:25 +0800] "GET /.env.swp HTTP/1.1" 301 5 "-" "Mozilla/5.0"
204.76.203.210 - - [09/Feb/2026:21:02:26 +0800] "GET /.env~ HTTP/1.1" 301 5 "-" "Mozilla/5.0"
204.76.203.210 - - [09/Feb/2026:21:02:30 +0800] "GET /env.json HTTP/1.1" 301 5 "-" "Mozilla/5.0"
204.76.203.210 - - [09/Feb/2026:21:02:33 +0800] "GET /frontend/.env HTTP/1.1" 301 5 "-" "Mozilla/5.0"
204.76.203.210 - - [09/Feb/2026:21:02:34 +0800] "GET /api/.env HTTP/1.1" 301 5 "-" "Mozilla/5.0"
204.76.203.210 - - [09/Feb/2026:21:02:36 +0800] "GET /server/.env HTTP/1.1" 301 5 "-" "Mozilla/5.0"
204.76.203.210 - - [09/Feb/2026:21:02:40 +0800] "GET /client/.env HTTP/1.1" 499 0 "-" "Mozilla/5.0"
204.76.203.210 - - [09/Feb/2026:21:02:42 +0800] "GET /web/.env HTTP/1.1" 301 5 "-" "Mozilla/5.0"
204.76.203.210 - - [09/Feb/2026:21:02:43 +0800] "GET /public/.env HTTP/1.1" 301 5 "-" "Mozilla/5.0"
204.76.203.210 - - [09/Feb/2026:21:02:45 +0800] "GET /private/.env HTTP/1.1" 301 5 "-" "Mozilla/5.0"
204.76.203.210 - - [09/Feb/2026:21:02:46 +0800] "GET /docker-compose.yml HTTP/1.1" 301 5 "-" "Mozilla/5.0"
204.76.203.210 - - [09/Feb/2026:21:02:50 +0800] "GET /docker-compose.override.yml HTTP/1.1" 301 5 "-" "Mozilla/5.0"
204.76.203.210 - - [09/Feb/2026:21:02:52 +0800] "GET /docker-compose.dev.yml HTTP/1.1" 301 5 "-" "Mozilla/5.0"
204.76.203.210 - - [09/Feb/2026:21:02:54 +0800] "GET /config.json HTTP/1.1" 301 5 "-" "Mozilla/5.0"
204.76.203.210 - - [09/Feb/2026:21:02:58 +0800] "GET /secrets.json HTTP/1.1" 301 5 "-" "Mozilla/5.0"
204.76.203.210 - - [09/Feb/2026:21:02:59 +0800] "GET /credentials.json HTTP/1.1" 301 5 "-" "Mozilla/5.0"
36.133.115.36 - - [09/Feb/2026:21:03:23 +0800] "POST /wp-cron.php?doing_wp_cron=1770642203.9111270904541015625000 HTTP/1.1" 200 31 "-" "WordPress/6.9; http://cqqizhou.com"
204.76.203.210 - - [09/Feb/2026:21:03:23 +0800] "GET /secrets.py HTTP/1.1" 301 5 "-" "Mozilla/5.0"
204.76.203.210 - - [09/Feb/2026:21:03:26 +0800] "GET /config/secrets.yml HTTP/1.1" 301 5 "-" "Mozilla/5.0"
204.76.203.210 - - [09/Feb/2026:21:03:27 +0800] "GET /config/master.key HTTP/1.1" 301 5 "-" "Mozilla/5.0"
204.76.203.210 - - [09/Feb/2026:21:03:31 +0800] "GET /wp-config.php.old HTTP/1.1" 499 0 "-" "Mozilla/5.0"
204.76.203.210 - - [09/Feb/2026:21:03:32 +0800] "GET /wp-config.php.save HTTP/1.1" 301 5 "-" "Mozilla/5.0"
204.76.203.210 - - [09/Feb/2026:21:03:35 +0800] "GET /wp-config.php.txt HTTP/1.1" 200 83778 "-" "Mozilla/5.0"
204.76.203.210 - - [09/Feb/2026:21:03:37 +0800] "GET /wp-config.php~ HTTP/1.1" 301 5 "-" "Mozilla/5.0"
204.76.203.210 - - [09/Feb/2026:21:03:38 +0800] "GET /config/app.php HTTP/1.1" 404 27 "-" "Mozilla/5.0"
204.76.203.210 - - [09/Feb/2026:21:03:40 +0800] "GET /application.properties HTTP/1.1" 301 5 "-" "Mozilla/5.0"
204.76.203.210 - - [09/Feb/2026:21:03:42 +0800] "GET /application-dev.properties HTTP/1.1" 301 5 "-" "Mozilla/5.0"
204.76.203.210 - - [09/Feb/2026:21:03:47 +0800] "GET /appsettings.Development.json HTTP/1.1" 301 5 "-" "Mozilla/5.0"
204.76.203.210 - - [09/Feb/2026:21:03:52 +0800] "GET /config.yml HTTP/1.1" 301 5 "-" "Mozilla/5.0"
204.76.203.210 - - [09/Feb/2026:21:03:56 +0800] "GET /serverless.yml HTTP/1.1" 301 5 "-" "Mozilla/5.0"
204.76.203.210 - - [09/Feb/2026:21:03:57 +0800] "GET /serverless.yaml HTTP/1.1" 301 5 "-" "Mozilla/5.0"
204.76.203.210 - - [09/Feb/2026:21:03:58 +0800] "GET /config/production.json HTTP/1.1" 301 5 "-" "Mozilla/5.0"
204.76.203.210 - - [09/Feb/2026:21:03:59 +0800] "GET /config/development.json HTTP/1.1" 301 5 "-" "Mozilla/5.0"
204.76.203.210 - - [09/Feb/2026:21:04:02 +0800] "GET /config/default.json HTTP/1.1" 301 5 "-" "Mozilla/5.0"
204.76.203.210 - - [09/Feb/2026:21:04:05 +0800] "GET /conf/settings.json HTTP/1.1" 301 5 "-" "Mozilla/5.0"
36.133.115.36 - - [09/Feb/2026:21:04:08 +0800] "POST /wp-cron.php?doing_wp_cron=1770642248.3932499885559082031250 HTTP/1.1" 200 31 "-" "WordPress/6.9; http://cqqizhou.com"
204.76.203.210 - - [09/Feb/2026:21:04:08 +0800] "GET /actuator/env HTTP/1.1" 301 5 "-" "Mozilla/5.0"
204.76.203.210 - - [09/Feb/2026:21:04:11 +0800] "GET /actuator/configprops HTTP/1.1" 301 5 "-" "Mozilla/5.0"
204.76.203.210 - - [09/Feb/2026:21:04:12 +0800] "GET /api/config HTTP/1.1" 301 5 "-" "Mozilla/5.0"
204.76.203.210 - - [09/Feb/2026:21:04:15 +0800] "GET /api/settings HTTP/1.1" 301 5 "-" "Mozilla/5.0"
204.76.203.210 - - [09/Feb/2026:21:04:16 +0800] "GET /api/env HTTP/1.1" 301 5 "-" "Mozilla/5.0"
204.76.203.210 - - [09/Feb/2026:21:04:17 +0800] "GET /backup/.env HTTP/1.1" 301 5 "-" "Mozilla/5.0"
204.76.203.210 - - [09/Feb/2026:21:04:25 +0800] "GET /.streamlit/config.toml HTTP/1.1" 301 5 "-" "Mozilla/5.0"
204.76.203.210 - - [09/Feb/2026:21:04:26 +0800] "GET /app/.streamlit/secrets.toml HTTP/1.1" 301 5 "-" "Mozilla/5.0"
204.76.203.210 - - [09/Feb/2026:21:04:28 +0800] "GET /root/.streamlit/secrets.toml HTTP/1.1" 301 5 "-" "Mozilla/5.0"
204.76.203.210 - - [09/Feb/2026:21:04:33 +0800] "GET /root/.aws/credentials HTTP/1.1" 301 5 "-" "Mozilla/5.0"
204.76.203.210 - - [09/Feb/2026:21:04:34 +0800] "GET /home/ubuntu/.aws/credentials HTTP/1.1" 301 5 "-" "Mozilla/5.0"
204.76.203.210 - - [09/Feb/2026:21:04:37 +0800] "GET /home/ec2-user/.aws/credentials HTTP/1.1" 301 5 "-" "Mozilla/5.0"
204.76.203.210 - - [09/Feb/2026:21:04:38 +0800] "GET /home/deploy/.aws/credentials HTTP/1.1" 301 5 "-" "Mozilla/5.0"
204.76.203.210 - - [09/Feb/2026:21:04:40 +0800] "GET /home/node/.aws/credentials HTTP/1.1" 301 5 "-" "Mozilla/5.0"
204.76.203.210 - - [09/Feb/2026:21:04:41 +0800] "GET /terraform.tfvars HTTP/1.1" 301 5 "-" "Mozilla/5.0"
204.76.203.210 - - [09/Feb/2026:21:04:43 +0800] "GET /terraform.tfstate HTTP/1.1" 301 5 "-" "Mozilla/5.0"
204.76.203.210 - - [09/Feb/2026:21:04:45 +0800] "GET /secrets.yml HTTP/1.1" 301 5 "-" "Mozilla/5.0"
204.76.203.210 - - [09/Feb/2026:21:04:46 +0800] "GET /.secrets HTTP/1.1" 301 5 "-" "Mozilla/5.0"
204.76.203.210 - - [09/Feb/2026:21:04:48 +0800] "GET /.env.vault HTTP/1.1" 301 5 "-" "Mozilla/5.0"
204.76.203.210 - - [09/Feb/2026:21:04:49 +0800] "GET /storage/framework/.env HTTP/1.1" 301 5 "-" "Mozilla/5.0"
204.76.203.210 - - [09/Feb/2026:21:04:50 +0800] "GET /symfony/.env HTTP/1.1" 301 5 "-" "Mozilla/5.0"
204.76.203.210 - - [09/Feb/2026:21:04:52 +0800] "GET /laravel/.env HTTP/1.1" 301 5 "-" "Mozilla/5.0"
204.76.203.210 - - [09/Feb/2026:21:04:54 +0800] "GET /api/contents/.env HTTP/1.1" 301 5 "-" "Mozilla/5.0"
204.76.203.210 - - [09/Feb/2026:21:04:57 +0800] "GET /api/contents/.env.production HTTP/1.1" 301 5 "-" "Mozilla/5.0"
204.76.203.210 - - [09/Feb/2026:21:04:59 +0800] "GET /api/contents/root/.aws/credentials HTTP/1.1" 301 5 "-" "Mozilla/5.0"
204.76.203.210 - - [09/Feb/2026:21:05:00 +0800] "GET /@fs/app/.env?raw?? HTTP/1.1" 301 5 "-" "Mozilla/5.0"
204.76.203.210 - - [09/Feb/2026:21:05:02 +0800] "GET /@fs/root/.env?raw?? HTTP/1.1" 301 5 "-" "Mozilla/5.0"
204.76.203.210 - - [09/Feb/2026:21:05:03 +0800] "GET /@fs/proc/self/environ?raw?? HTTP/1.1" 301 5 "-" "Mozilla/5.0"
204.76.203.210 - - [09/Feb/2026:21:05:04 +0800] "GET /@fs/.env?raw?? HTTP/1.1" 301 5 "-" "Mozilla/5.0"
36.133.115.36 - - [09/Feb/2026:21:05:08 +0800] "POST /wp-cron.php?doing_wp_cron=1770642308.5868439674377441406250 HTTP/1.1" 200 31 "-" "WordPress/6.9; http://cqqizhou.com"
204.76.203.210 - - [09/Feb/2026:21:05:08 +0800] "GET /@fs/..%252f..%252f..%252f..%252f..%252froot/.env?raw?? HTTP/1.1" 301 5 "-" "Mozilla/5.0"
204.76.203.210 - - [09/Feb/2026:21:05:10 +0800] "GET /@fs/..%252f..%252f..%252f..%252f..%252fproc/self/environ?raw?? HTTP/1.1" 301 5 "-" "Mozilla/5.0"
204.76.203.210 - - [09/Feb/2026:21:05:13 +0800] "GET /@fs/home/ubuntu/.aws/credentials?raw?? HTTP/1.1" 301 5 "-" "Mozilla/5.0"
204.76.203.210 - - [09/Feb/2026:21:05:18 +0800] "GET /@fs/src/.env?raw?? HTTP/1.1" 301 5 "-" "Mozilla/5.0"
36.133.115.36 - - [09/Feb/2026:21:18:43 +0800] "POST /wp-cron.php?doing_wp_cron=1770643123.7139329910278320312500 HTTP/1.1" 200 31 "-" "WordPress/6.9; http://cqqizhou.com"
159.223.0.178 - - [09/Feb/2026:21:18:43 +0800] "GET / HTTP/1.1" 301 5 "-" "Mozilla/5.0 (X11; Linux x86_64; rv:142.0) Gecko/20100101 Firefox/142.0"
36.133.115.36 - - [09/Feb/2026:21:31:43 +0800] "POST /wp-cron.php?doing_wp_cron=1770643903.1493949890136718750000 HTTP/1.1" 200 31 "-" "WordPress/6.9; http://cqqizhou.com"
104.248.68.145 - - [09/Feb/2026:21:31:43 +0800] "POST /xmlrpc.php HTTP/1.1" 200 217 "-" "Mozilla/5.0 (Windows NT 10.0; Win64; x64; rv:143.0) Gecko/20100101 Firefox/143.0"
36.133.115.36 - - [09/Feb/2026:21:32:13 +0800] "POST /wp-cron.php?doing_wp_cron=1770643933.8575959205627441406250 HTTP/1.1" 200 31 "-" "WordPress/6.9; http://cqqizhou.com"
74.7.241.62 - - [09/Feb/2026:21:32:13 +0800] "GET /wp-sitemap.xml HTTP/1.1" 501 253 "-" "Mozilla/5.0 AppleWebKit/537.36 (KHTML, like Gecko; compatible; GPTBot/1.3; +https://openai.com/gptbot)"
74.7.228.11 - - [09/Feb/2026:21:32:14 +0800] "GET /robots.txt HTTP/1.1" 200 190 "-" "Mozilla/5.0 (Macintosh; Intel Mac OS X 10_15_7) AppleWebKit/537.36 (KHTML, like Gecko) Chrome/131.0.0.0 Safari/537.36; compatible; OAI-SearchBot/1.3; robots.txt; +https://openai.com/searchbot"
36.133.115.36 - - [09/Feb/2026:21:39:56 +0800] "POST /wp-cron.php?doing_wp_cron=1770644396.0161490440368652343750 HTTP/1.1" 200 31 "-" "WordPress/6.9; http://cqqizhou.com"
49.232.172.235 - - [09/Feb/2026:21:39:56 +0800] "GET / HTTP/1.1" 301 5 "-" "Go-http-client/1.1"
49.232.172.235 - - [09/Feb/2026:21:39:56 +0800] "GET / HTTP/1.1" 200 35222 "http://36.133.115.36" "Go-http-client/1.1"
36.133.115.36 - - [09/Feb/2026:21:54:54 +0800] "POST /wp-cron.php?doing_wp_cron=1770645294.3034470081329345703125 HTTP/1.1" 200 31 "-" "WordPress/6.9; http://cqqizhou.com"
176.65.132.254 - - [09/Feb/2026:21:54:54 +0800] "GET / HTTP/1.1" 200 34783 "-" "Mozilla/5.0 (X11; Ubuntu; Linux x86_64; rv:76.0) Gecko/20100101 Firefox/76.0"
36.133.115.36 - - [09/Feb/2026:21:57:46 +0800] "POST /wp-cron.php?doing_wp_cron=1770645466.4174320697784423828125 HTTP/1.1" 200 31 "-" "WordPress/6.9; http://cqqizhou.com"
66.249.74.9 - - [09/Feb/2026:21:57:46 +0800] "GET /industry HTTP/1.1" 200 18970 "-" "Mozilla/5.0 (Linux; Android 6.0.1; Nexus 5X Build/MMB29P) AppleWebKit/537.36 (KHTML, like Gecko) Chrome/144.0.7559.132 Mobile Safari/537.36 (compatible; Googlebot/2.1; +http://www.google.com/bot.html)"
36.133.115.36 - - [09/Feb/2026:22:06:12 +0800] "POST /wp-cron.php?doing_wp_cron=1770645972.6263129711151123046875 HTTP/1.1" 200 31 "-" "WordPress/6.9; http://cqqizhou.com"
43.155.195.141 - - [09/Feb/2026:22:06:12 +0800] "GET / HTTP/1.1" 301 5 "-" "Mozilla/5.0 (iPhone; CPU iPhone OS 13_2_3 like Mac OS X) AppleWebKit/605.1.15 (KHTML, like Gecko) Version/13.0.3 Mobile/15E148 Safari/604.1"
43.155.195.141 - - [09/Feb/2026:22:06:16 +0800] "GET / HTTP/1.1" 200 34784 "http://www.cqqizhou.com" "Mozilla/5.0 (iPhone; CPU iPhone OS 13_2_3 like Mac OS X) AppleWebKit/605.1.15 (KHTML, like Gecko) Version/13.0.3 Mobile/15E148 Safari/604.1"
52.167.144.170 - - [09/Feb/2026:22:09:18 +0800] "GET /wp-content/uploads/2026/01/1768276119-qizhoujiagong_Slider_3840%C3%972160_20260113-scaled.webp HTTP/1.1" 200 131696 "-" "Mozilla/5.0 AppleWebKit/537.36 (KHTML, like Gecko; compatible; bingbot/2.0; +http://www.bing.com/bingbot.htm) Chrome/116.0.1938.76 Safari/537.36"
36.133.115.36 - - [09/Feb/2026:22:09:44 +0800] "POST /wp-cron.php?doing_wp_cron=1770646184.0467729568481445312500 HTTP/1.1" 200 31 "-" "WordPress/6.9; http://cqqizhou.com"
13.89.124.220 - - [09/Feb/2026:22:09:44 +0800] "GET / HTTP/1.1" 301 5 "-" "Mozilla/5.0 zgrab/0.x"
36.133.115.36 - - [09/Feb/2026:22:10:54 +0800] "POST /wp-cron.php?doing_wp_cron=1770646254.0703160762786865234375 HTTP/1.1" 200 31 "-" "WordPress/6.9; http://cqqizhou.com"
193.142.147.209 - - [09/Feb/2026:22:10:54 +0800] "POST / HTTP/1.1" 200 34783 "-" "Mozilla/5.0 (Windows NT 10.0; Win64; x64) AppleWebKit/537.36"
66.249.74.8 - - [09/Feb/2026:22:15:10 +0800] "GET /wp-content/uploads/2025/11/1762864370-QZ_Photo-1.webp HTTP/1.1" 200 162970 "-" "Googlebot-Image/1.0"
36.133.115.36 - - [09/Feb/2026:22:18:29 +0800] "POST /wp-cron.php?doing_wp_cron=1770646709.0023870468139648437500 HTTP/1.1" 200 31 "-" "WordPress/6.9; http://cqqizhou.com"
85.208.96.202 - - [09/Feb/2026:22:18:29 +0800] "GET /robots.txt HTTP/1.1" 200 190 "-" "Mozilla/5.0 (compatible; SemrushBot/7~bl; +http://www.semrush.com/bot.html)"
85.208.96.195 - - [09/Feb/2026:22:18:29 +0800] "GET /news/portfolio/hot-dip-galvanized-coil HTTP/1.1" 200 22390 "-" "Mozilla/5.0 (compatible; SemrushBot/7~bl; +http://www.semrush.com/bot.html)"
36.133.115.36 - - [09/Feb/2026:22:23:16 +0800] "POST /wp-cron.php?doing_wp_cron=1770646996.6415679454803466796875 HTTP/1.1" 200 31 "-" "WordPress/6.9; http://cqqizhou.com"
176.65.132.254 - - [09/Feb/2026:22:23:16 +0800] "POST /boaform/admin/formLogin HTTP/1.1" 404 8949 "http://36.133.115.36:80/admin/login.asp" "Mozilla/5.0 (X11; Ubuntu; Linux x86_64; rv:71.0) Gecko/20100101 Firefox/71.0"
66.249.74.8 - - [09/Feb/2026:22:24:33 +0800] "GET /wp-content/uploads/2025/11/1762864369-QZ_Photo-11.webp HTTP/1.1" 200 240198 "-" "Googlebot-Image/1.0"
92.222.108.97 - - [09/Feb/2026:22:30:42 +0800] "GET /logistics HTTP/1.1" 200 30894 "-" "Mozilla/5.0 (compatible; AhrefsBot/7.0; +http://ahrefs.com/robot/)"
36.133.115.36 - - [09/Feb/2026:22:30:45 +0800] "POST /wp-cron.php?doing_wp_cron=1770647445.1357278823852539062500 HTTP/1.1" 200 31 "-" "WordPress/6.9; http://cqqizhou.com"
204.76.203.219 - - [09/Feb/2026:22:30:45 +0800] "GET / HTTP/1.1" 200 34784 "-" "Mozilla/5.0 (Windows NT 10.0; Win64; x64) AppleWebKit/537.36 (KHTML, like Gecko) Chrome/90.0.4430.85 Safari/537.36 Edg/90.0.818.46"
66.249.74.9 - - [09/Feb/2026:22:34:57 +0800] "GET /wp-content/uploads/2025/11/1762864376-QZ_Photo-4.webp HTTP/1.1" 200 249734 "-" "Googlebot-Image/1.0"
36.133.115.36 - - [09/Feb/2026:22:38:29 +0800] "POST /wp-cron.php?doing_wp_cron=1770647909.4004669189453125000000 HTTP/1.1" 200 31 "-" "WordPress/6.9; http://cqqizhou.com"
3.80.31.4 - - [09/Feb/2026:22:38:29 +0800] "GET / HTTP/1.1" 301 5 "-" "Mozilla/5.0 (Windows NT 10.0; Win64; x64) AppleWebKit/537.36 (KHTML, like Gecko) Chrome/136.0.0.0 Safari/537.36"
66.249.74.8 - - [09/Feb/2026:22:44:17 +0800] "GET /wp-content/uploads/2025/11/1762908477-QZ_Photo-2.webp HTTP/1.1" 200 185928 "-" "Googlebot-Image/1.0"
36.133.115.36 - - [09/Feb/2026:22:44:32 +0800] "POST /wp-cron.php?doing_wp_cron=1770648272.3005740642547607421875 HTTP/1.1" 200 31 "-" "WordPress/6.9; http://cqqizhou.com"
123.57.13.121 - - [09/Feb/2026:22:44:32 +0800] "GET / HTTP/1.1" 301 5 "-" "Mozilla/5.0 (Windows NT 10.0; Win64; x64) AppleWebKit/537.36 (KHTML, like Gecko) Chrome/104.0.0.0 Safari/537.36"
66.249.74.7 - - [09/Feb/2026:22:53:42 +0800] "GET /wp-content/uploads/2025/11/1762864378-QZ_Photo-5.webp HTTP/1.1" 200 150306 "-" "Googlebot-Image/1.0"
66.249.74.9 - - [09/Feb/2026:23:03:02 +0800] "GET /wp-content/uploads/2025/11/1762864385-QZ_Photo-10.webp HTTP/1.1" 200 145408 "-" "Googlebot-Image/1.0"
36.133.115.36 - - [09/Feb/2026:23:09:04 +0800] "POST /wp-cron.php?doing_wp_cron=1770649744.9532160758972167968750 HTTP/1.1" 200 31 "-" "WordPress/6.9; http://cqqizhou.com"
43.133.91.48 - - [09/Feb/2026:23:09:04 +0800] "GET / HTTP/1.1" 200 34784 "-" "Mozilla/5.0 (iPhone; CPU iPhone OS 13_2_3 like Mac OS X) AppleWebKit/605.1.15 (KHTML, like Gecko) Version/13.0.3 Mobile/15E148 Safari/604.1"
36.133.115.36 - - [09/Feb/2026:23:09:43 +0800] "POST /wp-cron.php?doing_wp_cron=1770649783.9141380786895751953125 HTTP/1.1" 200 31 "-" "WordPress/6.9; http://cqqizhou.com"
204.76.203.206 - - [09/Feb/2026:23:09:43 +0800] "GET / HTTP/1.1" 200 34784 "-" "Mozilla/5.0 (Windows NT 10.0; Win64; x64) AppleWebKit/537.36 (KHTML, like Gecko) Chrome/90.0.4430.85 Safari/537.36 Edg/90.0.818.46"
85.208.96.211 - - [09/Feb/2026:23:09:47 +0800] "GET /news/2164 HTTP/1.1" 200 23560 "-" "Mozilla/5.0 (compatible; SemrushBot/7~bl; +http://www.semrush.com/bot.html)"
36.133.115.36 - - [09/Feb/2026:23:24:37 +0800] "POST /wp-cron.php?doing_wp_cron=1770650677.5948228836059570312500 HTTP/1.1" 200 31 "-" "WordPress/6.9; http://cqqizhou.com"
204.76.203.219 - - [09/Feb/2026:23:24:37 +0800] "GET / HTTP/1.1" 200 34784 "-" "Mozilla/5.0 (Windows NT 10.0; Win64; x64) AppleWebKit/537.36 (KHTML, like Gecko) Chrome/90.0.4430.85 Safari/537.36 Edg/90.0.818.46"
36.133.115.36 - - [09/Feb/2026:23:29:37 +0800] "POST /wp-cron.php?doing_wp_cron=1770650977.2798678874969482421875 HTTP/1.1" 200 31 "-" "WordPress/6.9; http://cqqizhou.com"
193.142.147.209 - - [09/Feb/2026:23:29:37 +0800] "POST / HTTP/1.1" 200 34784 "-" "Mozilla/5.0 (Windows NT 10.0; Win64; x64) AppleWebKit/537.36"
36.133.115.36 - - [09/Feb/2026:23:36:50 +0800] "POST /wp-cron.php?doing_wp_cron=1770651410.0463869571685791015625 HTTP/1.1" 200 31 "-" "WordPress/6.9; http://cqqizhou.com"
185.191.171.10 - - [09/Feb/2026:23:36:50 +0800] "GET /robots.txt HTTP/1.1" 200 190 "-" "Mozilla/5.0 (compatible; SemrushBot/7~bl; +http://www.semrush.com/bot.html)"
185.191.171.14 - - [09/Feb/2026:23:36:55 +0800] "GET /media/3 HTTP/1.1" 200 26144 "-" "Mozilla/5.0 (compatible; SemrushBot/7~bl; +http://www.semrush.com/bot.html)"
66.249.74.9 - - [09/Feb/2026:23:39:33 +0800] "GET /wp-content/uploads/2025/11/1762908489-QZ_Photo-9.webp HTTP/1.1" 200 149094 "-" "Googlebot-Image/1.0"
36.133.115.36 - - [09/Feb/2026:23:40:38 +0800] "POST /wp-cron.php?doing_wp_cron=1770651638.2975120544433593750000 HTTP/1.1" 200 31 "-" "WordPress/6.9; http://cqqizhou.com"
185.242.226.102 - - [09/Feb/2026:23:40:38 +0800] "GET / HTTP/1.1" 301 5 "-" "Mozilla/5.0 (Windows NT 10.0; Win64; x64) AppleWebKit/537.36 (KHTML, like Gecko) Chrome/88.0.4324.190 Safari/537.36"
185.242.226.102 - - [09/Feb/2026:23:40:45 +0800] "GET / HTTP/1.1" 200 35222 "http://36.133.115.36:80/" "Mozilla/5.0 (Windows NT 10.0; Win64; x64) AppleWebKit/537.36 (KHTML, like Gecko) Chrome/88.0.4324.190 Safari/537.36"
36.133.115.36 - - [09/Feb/2026:23:48:16 +0800] "POST /wp-cron.php?doing_wp_cron=1770652096.3881690502166748046875 HTTP/1.1" 200 31 "-" "WordPress/6.9; http://cqqizhou.com"
93.174.93.12 - - [09/Feb/2026:23:48:16 +0800] "GET / HTTP/1.0" 301 0 "-" "Mozilla/5.0 (Macintosh; Intel Mac OS X 10_10_5) AppleWebKit/537.36 (KHTML, like Gecko) Chrome/73.0.3683.103 Safari/537.36"
20.215.184.141 - - [09/Feb/2026:23:53:52 +0800] "GET /wp-content/plugins/hellopress/wp_filemanager.php HTTP/1.1" 404 27 "-" "-"
20.215.184.141 - - [09/Feb/2026:23:53:52 +0800] "GET /166.php HTTP/1.1" 404 27 "-" "-"
20.215.184.141 - - [09/Feb/2026:23:53:52 +0800] "GET /reze.php HTTP/1.1" 404 27 "-" "-"
20.215.184.141 - - [09/Feb/2026:23:53:53 +0800] "GET /lib.php HTTP/1.1" 404 27 "-" "-"
20.215.184.141 - - [09/Feb/2026:23:53:53 +0800] "GET /x.php HTTP/1.1" 404 27 "-" "-"
20.215.184.141 - - [09/Feb/2026:23:53:53 +0800] "GET /k.php HTTP/1.1" 404 27 "-" "-"
20.215.184.141 - - [09/Feb/2026:23:53:54 +0800] "GET /jga.php HTTP/1.1" 404 27 "-" "-"
20.215.184.141 - - [09/Feb/2026:23:53:54 +0800] "GET /past1.php HTTP/1.1" 404 27 "-" "-"
20.215.184.141 - - [09/Feb/2026:23:53:55 +0800] "GET /8xyz.php HTTP/1.1" 404 27 "-" "-"
20.215.184.141 - - [09/Feb/2026:23:53:56 +0800] "GET /ol.php HTTP/1.1" 404 27 "-" "-"
20.215.184.141 - - [09/Feb/2026:23:53:56 +0800] "GET /bk.php HTTP/1.1" 404 27 "-" "-"
20.215.184.141 - - [09/Feb/2026:23:53:56 +0800] "GET /vx.php HTTP/1.1" 404 27 "-" "-"
20.215.184.141 - - [09/Feb/2026:23:53:56 +0800] "GET /sx.php HTTP/1.1" 404 27 "-" "-"
36.133.115.36 - - [09/Feb/2026:23:55:52 +0800] "POST /wp-cron.php?doing_wp_cron=1770652552.4824929237365722656250 HTTP/1.1" 200 31 "-" "WordPress/6.9; http://cqqizhou.com"
176.65.139.12 - - [09/Feb/2026:23:55:52 +0800] "GET /login HTTP/1.1" 302 5 "-" "Go-http-client/1.1"
176.65.139.12 - - [09/Feb/2026:23:55:55 +0800] "GET /wp-login.php HTTP/1.1" 200 2852 "http://36.133.115.36/login" "Go-http-client/1.1"