HEX
Server: nginx/1.16.1
System: Linux ecs-04358622 4.19.90-2107.6.0.0100.oe1.bclinux.x86_64 #1 SMP Wed Dec 1 19:59:44 CST 2021 x86_64
User: nginx (994)
PHP: 8.0.0
Disabled: NONE
Upload Files
File: //home/logs/cqqizhou_access_2026-02-09.log
36.133.115.36 - - [09/Feb/2026:00:00:47 +0800] "POST /wp-cron.php?doing_wp_cron=1770566447.2950088977813720703125 HTTP/1.1" 200 31 "-" "WordPress/6.9; http://cqqizhou.com"
43.173.1.69 - - [09/Feb/2026:00:00:47 +0800] "GET / HTTP/1.1" 200 34757 "-" "Mozilla/5.0 (iPhone; CPU iPhone OS 13_2_3 like Mac OS X) AppleWebKit/605.1.15 (KHTML, like Gecko) Version/13.0.3 Mobile/15E148 Safari/604.1"
47.114.89.255 - - [09/Feb/2026:00:05:19 +0800] "GET /statics/js/webuploader/preview.php HTTP/1.1" 404 47 "-" "Mozilla/5.0 (Windows NT 10.0; Win64; x64)"
47.114.89.255 - - [09/Feb/2026:00:05:19 +0800] "GET /statics/js/webuploader/fileupload.php HTTP/1.1" 404 47 "-" "Mozilla/5.0 (Windows NT 10.0; Win64; x64)"
36.133.115.36 - - [09/Feb/2026:00:06:32 +0800] "POST /wp-cron.php?doing_wp_cron=1770566792.7103409767150878906250 HTTP/1.1" 200 31 "-" "WordPress/6.9; http://cqqizhou.com"
5.39.109.181 - - [09/Feb/2026:00:06:32 +0800] "GET /tag/%E5%8D%9A%E8%81%94%E8%BE%BE/ HTTP/1.1" 404 8949 "-" "Mozilla/5.0 (compatible; AhrefsBot/7.0; +http://ahrefs.com/robot/)"
20.220.144.75 - - [09/Feb/2026:00:16:01 +0800] "GET /wp-content/plugins/hellopress/wp_filemanager.php HTTP/1.1" 404 27 "-" "-"
20.220.144.75 - - [09/Feb/2026:00:16:02 +0800] "GET /cc.php HTTP/1.1" 404 27 "-" "-"
20.220.144.75 - - [09/Feb/2026:00:16:02 +0800] "GET /file7.php HTTP/1.1" 404 27 "-" "-"
20.220.144.75 - - [09/Feb/2026:00:16:02 +0800] "GET /plugin.php HTTP/1.1" 404 27 "-" "-"
20.220.144.75 - - [09/Feb/2026:00:16:03 +0800] "GET /up.php HTTP/1.1" 404 27 "-" "-"
36.133.115.36 - - [09/Feb/2026:00:16:04 +0800] "POST /wp-cron.php?doing_wp_cron=1770567364.2532479763031005859375 HTTP/1.1" 200 31 "-" "WordPress/6.9; http://cqqizhou.com"
20.220.144.75 - - [09/Feb/2026:00:16:04 +0800] "GET /ioxi002.PhP7 HTTP/1.1" 404 31365 "-" "-"
20.220.144.75 - - [09/Feb/2026:00:16:04 +0800] "GET /1.php HTTP/1.1" 404 27 "-" "-"
20.220.144.75 - - [09/Feb/2026:00:16:05 +0800] "GET /system_log.php HTTP/1.1" 404 27 "-" "-"
20.220.144.75 - - [09/Feb/2026:00:16:05 +0800] "GET /wp-activate.php HTTP/1.1" 302 5 "-" "-"
20.220.144.75 - - [09/Feb/2026:00:16:06 +0800] "GET /wp-login.php?action=register HTTP/1.1" 302 5 "-" "-"
20.220.144.75 - - [09/Feb/2026:00:16:07 +0800] "GET /wp-login.php?registration=disabled HTTP/1.1" 200 9234 "-" "-"
20.220.144.75 - - [09/Feb/2026:00:16:07 +0800] "GET /wp-class.php HTTP/1.1" 404 27 "-" "-"
20.220.144.75 - - [09/Feb/2026:00:16:08 +0800] "GET /f.php HTTP/1.1" 404 27 "-" "-"
20.220.144.75 - - [09/Feb/2026:00:16:08 +0800] "GET /new.php HTTP/1.1" 404 27 "-" "-"
20.220.144.75 - - [09/Feb/2026:00:16:08 +0800] "GET /content.php HTTP/1.1" 404 27 "-" "-"
20.220.144.75 - - [09/Feb/2026:00:16:09 +0800] "GET /file.php HTTP/1.1" 404 27 "-" "-"
20.220.144.75 - - [09/Feb/2026:00:16:09 +0800] "GET /tinyfilemanager.php HTTP/1.1" 404 27 "-" "-"
36.133.115.36 - - [09/Feb/2026:00:16:10 +0800] "POST /wp-cron.php?doing_wp_cron=1770567370.6226830482482910156250 HTTP/1.1" 200 31 "-" "WordPress/6.9; http://cqqizhou.com"
20.220.144.75 - - [09/Feb/2026:00:16:10 +0800] "GET /wp-mail.php HTTP/1.1" 403 2517 "-" "-"
20.220.144.75 - - [09/Feb/2026:00:16:10 +0800] "GET /dropdown.php HTTP/1.1" 404 27 "-" "-"
20.220.144.75 - - [09/Feb/2026:00:16:11 +0800] "GET /as.php HTTP/1.1" 404 27 "-" "-"
20.220.144.75 - - [09/Feb/2026:00:16:11 +0800] "GET /simple.php HTTP/1.1" 404 27 "-" "-"
20.220.144.75 - - [09/Feb/2026:00:16:11 +0800] "GET /network.php HTTP/1.1" 404 27 "-" "-"
20.220.144.75 - - [09/Feb/2026:00:16:12 +0800] "GET /c.php HTTP/1.1" 404 27 "-" "-"
20.220.144.75 - - [09/Feb/2026:00:16:12 +0800] "GET /radio.php HTTP/1.1" 404 27 "-" "-"
20.220.144.75 - - [09/Feb/2026:00:16:13 +0800] "GET /a.php HTTP/1.1" 404 27 "-" "-"
20.220.144.75 - - [09/Feb/2026:00:16:13 +0800] "GET /system.php HTTP/1.1" 404 27 "-" "-"
20.220.144.75 - - [09/Feb/2026:00:16:14 +0800] "GET /dialog.php HTTP/1.1" 404 27 "-" "-"
20.220.144.75 - - [09/Feb/2026:00:16:15 +0800] "GET /info.php HTTP/1.1" 200 29 "-" "-"
20.220.144.75 - - [09/Feb/2026:00:16:15 +0800] "GET /makeasmtp.php HTTP/1.1" 404 27 "-" "-"
20.220.144.75 - - [09/Feb/2026:00:16:15 +0800] "GET /class.php HTTP/1.1" 404 27 "-" "-"
20.220.144.75 - - [09/Feb/2026:00:16:16 +0800] "GET /item.php HTTP/1.1" 404 27 "-" "-"
20.220.144.75 - - [09/Feb/2026:00:16:16 +0800] "GET /about.php HTTP/1.1" 404 27 "-" "-"
20.220.144.75 - - [09/Feb/2026:00:16:16 +0800] "GET /mar.php HTTP/1.1" 404 27 "-" "-"
20.220.144.75 - - [09/Feb/2026:00:16:16 +0800] "GET /db.php HTTP/1.1" 404 27 "-" "-"
20.220.144.75 - - [09/Feb/2026:00:16:17 +0800] "GET /k.php HTTP/1.1" 404 27 "-" "-"
20.220.144.75 - - [09/Feb/2026:00:16:18 +0800] "GET /log.php HTTP/1.1" 404 27 "-" "-"
20.220.144.75 - - [09/Feb/2026:00:16:18 +0800] "GET /app/webroot/filemanager.php HTTP/1.1" 404 27 "-" "-"
20.220.144.75 - - [09/Feb/2026:00:16:19 +0800] "GET /autoload_classmap.php HTTP/1.1" 404 27 "-" "-"
20.220.144.75 - - [09/Feb/2026:00:16:19 +0800] "GET /wp-login.php HTTP/1.1" 200 9053 "-" "-"
20.220.144.75 - - [09/Feb/2026:00:16:20 +0800] "GET /function.php HTTP/1.1" 404 27 "-" "-"
20.220.144.75 - - [09/Feb/2026:00:16:20 +0800] "GET /edit.php HTTP/1.1" 404 27 "-" "-"
20.220.144.75 - - [09/Feb/2026:00:16:21 +0800] "GET /mah.php HTTP/1.1" 404 27 "-" "-"
20.220.144.75 - - [09/Feb/2026:00:16:21 +0800] "GET /atomlib.php HTTP/1.1" 404 27 "-" "-"
20.220.144.75 - - [09/Feb/2026:00:16:22 +0800] "GET /ty.php HTTP/1.1" 404 27 "-" "-"
20.220.144.75 - - [09/Feb/2026:00:16:22 +0800] "GET /filemanager.php HTTP/1.1" 404 27 "-" "-"
20.220.144.75 - - [09/Feb/2026:00:16:23 +0800] "GET /configs.php HTTP/1.1" 404 27 "-" "-"
20.220.144.75 - - [09/Feb/2026:00:16:24 +0800] "GET /wp-trackback.php HTTP/1.1" 404 140 "-" "-"
20.220.144.75 - - [09/Feb/2026:00:16:24 +0800] "GET /cloud.php HTTP/1.1" 404 27 "-" "-"
20.220.144.75 - - [09/Feb/2026:00:16:25 +0800] "GET /about.php7 HTTP/1.1" 404 31365 "-" "-"
20.220.144.75 - - [09/Feb/2026:00:16:26 +0800] "GET /wp.php HTTP/1.1" 404 27 "-" "-"
20.220.144.75 - - [09/Feb/2026:00:16:26 +0800] "GET /click.php HTTP/1.1" 404 27 "-" "-"
20.220.144.75 - - [09/Feb/2026:00:16:26 +0800] "GET /text.php HTTP/1.1" 404 27 "-" "-"
20.220.144.75 - - [09/Feb/2026:00:16:27 +0800] "GET /moon.php HTTP/1.1" 404 27 "-" "-"
52.167.144.142 - - [09/Feb/2026:00:19:04 +0800] "GET / HTTP/1.1" 200 40637 "-" "Mozilla/5.0 AppleWebKit/537.36 (KHTML, like Gecko; compatible; bingbot/2.0; +http://www.bing.com/bingbot.htm) Chrome/116.0.1938.76 Safari/537.36"
36.133.115.36 - - [09/Feb/2026:00:20:32 +0800] "POST /wp-cron.php?doing_wp_cron=1770567632.0981700420379638671875 HTTP/1.1" 200 31 "-" "WordPress/6.9; http://cqqizhou.com"
49.69.78.218 - - [09/Feb/2026:00:20:32 +0800] "GET /Ly9jcXFpemhvdS5jb20vd3AtY29udGVudC91cGxvYWRzLzIwMjYvMDEvMTc2ODI3NjExOS1xaXpob3VqaWFnb25nX1NsaWRlcl8zODQww5cyMTYwXzIwMjYwMTEzLXNjYWxlZC53ZWJw HTTP/1.1" 404 8949 "-" "Mozilla/5.0 (Windows NT 10.0; WOW64) AppleWebKit/537.36 (KHTML, like Gecko) Chrome/73.0.3683.68"
47.95.198.251 - - [09/Feb/2026:00:22:05 +0800] "GET /public/js/webuploader/preview.php HTTP/1.1" 404 47 "-" "Mozilla/5.0 (Windows NT 10.0; Win64; x64)"
47.95.198.251 - - [09/Feb/2026:00:22:05 +0800] "GET /public/js/webuploader/fileupload.php HTTP/1.1" 404 47 "-" "Mozilla/5.0 (Windows NT 10.0; Win64; x64)"
36.133.115.36 - - [09/Feb/2026:00:25:20 +0800] "POST /wp-cron.php?doing_wp_cron=1770567920.2821369171142578125000 HTTP/1.1" 200 31 "-" "WordPress/6.9; http://cqqizhou.com"
120.228.125.29 - - [09/Feb/2026:00:25:20 +0800] "GET /Ly9jcXFpemhvdS5jb20vd3AtY29udGVudC91cGxvYWRzLzIwMjYvMDEvMTc2ODI4MDI3MC1hbnF1YW5fU2xpZGVyXzM4NDDDlzIxNjBfMjAyNjAxMTQtc2NhbGVkLndlYnA= HTTP/1.1" 404 8948 "-" "Mozilla/5.0 (Windows NT 10.0) AppleWebKit/537.36 (KHTML, like Gecko) Chrome/70.0.3538.97"
121.237.36.30 - - [09/Feb/2026:00:27:28 +0800] "GET / HTTP/1.1" 200 40637 "-" "Mozilla/5.0 (Macintosh; Intel Mac OS X 10_11) AppleWebKit/601.1.27 (KHTML, like Gecko) Chrome/47.0.2526.106 Safari/601.1.27"
36.133.115.36 - - [09/Feb/2026:00:35:58 +0800] "POST /wp-cron.php?doing_wp_cron=1770568558.5140779018402099609375 HTTP/1.1" 200 31 "-" "WordPress/6.9; http://cqqizhou.com"
121.237.36.27 - - [09/Feb/2026:00:35:58 +0800] "GET / HTTP/1.1" 200 34758 "-" "Dalvik/2.1.0 (Linux; U; Android 9.0; ZTE BA520 Build/MRA58K)"
36.152.157.158 - - [09/Feb/2026:00:36:01 +0800] "GET /syslogin/php/css/yp/preview.php HTTP/1.1" 404 47 "-" "Mozilla/5.0 (Windows NT 10.0; Win64; x64)"
36.152.157.158 - - [09/Feb/2026:00:36:02 +0800] "GET /syslogin/php/css/yp/fileupload.php HTTP/1.1" 404 47 "-" "Mozilla/5.0 (Windows NT 10.0; Win64; x64)"
36.133.115.36 - - [09/Feb/2026:00:36:49 +0800] "POST /wp-cron.php?doing_wp_cron=1770568609.4325549602508544921875 HTTP/1.1" 200 31 "-" "WordPress/6.9; http://cqqizhou.com"
185.102.115.6 - - [09/Feb/2026:00:36:49 +0800] "GET / HTTP/1.1" 301 5 "-" "Mozilla/5.0 (Macintosh; Intel Mac OS X 10_14_3) AppleWebKit/537.36 (KHTML, like Gecko) Chrome/76.0.3809.110 Safari/537.36 Vivaldi/2.7.1628.28"
36.133.115.36 - - [09/Feb/2026:00:41:16 +0800] "POST /wp-cron.php?doing_wp_cron=1770568876.7687919139862060546875 HTTP/1.1" 200 31 "-" "WordPress/6.9; http://cqqizhou.com"
34.79.92.159 - - [09/Feb/2026:00:41:16 +0800] "GET / HTTP/1.1" 301 5 "-" "python-requests/2.32.5"
121.237.36.31 - - [09/Feb/2026:00:57:54 +0800] "GET / HTTP/1.1" 200 40637 "-" "Mozilla/5.0 (X11; U; Linux x86_64; en-US; rv:1.9.0.7) Gecko/2009030810 Firefox/3.0.8"
36.133.115.36 - - [09/Feb/2026:00:58:28 +0800] "POST /wp-cron.php?doing_wp_cron=1770569908.9379720687866210937500 HTTP/1.1" 200 31 "-" "WordPress/6.9; http://cqqizhou.com"
121.237.36.27 - - [09/Feb/2026:00:58:28 +0800] "GET / HTTP/1.1" 200 34757 "-" "Mozilla/5.0 (Linux; U; Android 6.0.1; zh-CN; vivo X9 Build/MMB29M) AppleWebKit/537.36 (KHTML, like Gecko) Version/4.0 Chrome/57.0.2987.108 UCBrowser/12.1.0.990 Mobile Safari/537.36"
204.76.203.219 - - [09/Feb/2026:00:58:37 +0800] "GET / HTTP/1.1" 200 34757 "-" "Mozilla/5.0 (Windows NT 10.0; Win64; x64) AppleWebKit/537.36 (KHTML, like Gecko) Chrome/90.0.4430.85 Safari/537.36 Edg/90.0.818.46"
36.133.115.36 - - [09/Feb/2026:01:09:00 +0800] "POST /wp-cron.php?doing_wp_cron=1770570540.0703349113464355468750 HTTP/1.1" 200 31 "-" "WordPress/6.9; http://cqqizhou.com"
5.39.1.230 - - [09/Feb/2026:01:09:00 +0800] "GET /2231/ HTTP/1.1" 301 5 "-" "Mozilla/5.0 (compatible; AhrefsBot/7.0; +http://ahrefs.com/robot/)"
36.133.115.36 - - [09/Feb/2026:01:29:48 +0800] "POST /wp-cron.php?doing_wp_cron=1770571788.9299869537353515625000 HTTP/1.1" 200 31 "-" "WordPress/6.9; http://cqqizhou.com"
40.124.175.233 - - [09/Feb/2026:01:29:48 +0800] "GET /portal/redlion HTTP/1.1" 404 8949 "-" "Mozilla/5.0 zgrab/0.x"
36.133.115.36 - - [09/Feb/2026:01:37:07 +0800] "POST /wp-cron.php?doing_wp_cron=1770572227.8496201038360595703125 HTTP/1.1" 200 31 "-" "WordPress/6.9; http://cqqizhou.com"
115.159.33.43 - - [09/Feb/2026:01:37:07 +0800] "GET / HTTP/1.1" 301 5 "-" "Mozilla/5.0 (Windows NT 10.0; Win64; x64) AppleWebKit/537.36 (KHTML, like Gecko) Chrome/79.0.3945.117 Safari/537.36"
36.133.115.36 - - [09/Feb/2026:01:50:39 +0800] "POST /wp-cron.php?doing_wp_cron=1770573039.3177840709686279296875 HTTP/1.1" 200 31 "-" "WordPress/6.9; http://cqqizhou.com"
204.76.203.219 - - [09/Feb/2026:01:50:39 +0800] "GET / HTTP/1.1" 200 34759 "-" "Mozilla/5.0 (Windows NT 10.0; Win64; x64) AppleWebKit/537.36 (KHTML, like Gecko) Chrome/90.0.4430.85 Safari/537.36 Edg/90.0.818.46"
36.133.115.36 - - [09/Feb/2026:02:03:46 +0800] "POST /wp-cron.php?doing_wp_cron=1770573826.3311390876770019531250 HTTP/1.1" 200 31 "-" "WordPress/6.9; http://cqqizhou.com"
43.167.232.38 - - [09/Feb/2026:02:03:46 +0800] "GET / HTTP/1.1" 301 5 "-" "Mozilla/5.0 (iPhone; CPU iPhone OS 13_2_3 like Mac OS X) AppleWebKit/605.1.15 (KHTML, like Gecko) Version/13.0.3 Mobile/15E148 Safari/604.1"
43.167.232.38 - - [09/Feb/2026:02:03:48 +0800] "GET / HTTP/1.1" 200 34757 "http://www.cqqizhou.com" "Mozilla/5.0 (iPhone; CPU iPhone OS 13_2_3 like Mac OS X) AppleWebKit/605.1.15 (KHTML, like Gecko) Version/13.0.3 Mobile/15E148 Safari/604.1"
36.133.115.36 - - [09/Feb/2026:02:12:07 +0800] "POST /wp-cron.php?doing_wp_cron=1770574327.2866559028625488281250 HTTP/1.1" 200 31 "-" "WordPress/6.9; http://cqqizhou.com"
43.135.36.201 - - [09/Feb/2026:02:12:07 +0800] "GET / HTTP/1.1" 301 5 "-" "Mozilla/5.0 (iPhone; CPU iPhone OS 13_2_3 like Mac OS X) AppleWebKit/605.1.15 (KHTML, like Gecko) Version/13.0.3 Mobile/15E148 Safari/604.1"
43.135.36.201 - - [09/Feb/2026:02:12:08 +0800] "GET / HTTP/1.1" 200 34758 "http://36.133.115.36" "Mozilla/5.0 (iPhone; CPU iPhone OS 13_2_3 like Mac OS X) AppleWebKit/605.1.15 (KHTML, like Gecko) Version/13.0.3 Mobile/15E148 Safari/604.1"
66.249.74.8 - - [09/Feb/2026:02:15:38 +0800] "GET /wp-content/uploads/2026/01/1768527486-Article_images_W900%C3%97500px202601165.webp HTTP/1.1" 200 30516 "-" "Googlebot-Image/1.0"
36.133.115.36 - - [09/Feb/2026:02:47:26 +0800] "POST /wp-cron.php?doing_wp_cron=1770576446.1383240222930908203125 HTTP/1.1" 200 31 "-" "WordPress/6.9; http://cqqizhou.com"
193.142.147.209 - - [09/Feb/2026:02:47:27 +0800] "POST / HTTP/1.1" 200 34757 "-" "Mozilla/5.0 (Windows NT 10.0; Win64; x64) AppleWebKit/537.36"
36.133.115.36 - - [09/Feb/2026:02:48:29 +0800] "POST /wp-cron.php?doing_wp_cron=1770576509.9441990852355957031250 HTTP/1.1" 200 31 "-" "WordPress/6.9; http://cqqizhou.com"
204.76.203.219 - - [09/Feb/2026:02:48:29 +0800] "GET / HTTP/1.1" 200 34757 "-" "Mozilla/5.0 (Windows NT 10.0; Win64; x64) AppleWebKit/537.36 (KHTML, like Gecko) Chrome/90.0.4430.85 Safari/537.36 Edg/90.0.818.46"
36.133.115.36 - - [09/Feb/2026:02:51:47 +0800] "POST /wp-cron.php?doing_wp_cron=1770576707.6881558895111083984375 HTTP/1.1" 200 31 "-" "WordPress/6.9; http://cqqizhou.com"
95.91.110.210 - - [09/Feb/2026:02:51:47 +0800] "GET /robots.txt HTTP/1.1" 200 390 "-" "Mozilla/5.0 (compatible; MJ12bot/v1.4.8; http://mj12bot.com/)"
95.91.110.210 - - [09/Feb/2026:02:51:50 +0800] "GET /portfolio-tag/%E9%9E%8D%E9%92%A2%E8%92%82%E6%A3%AE/ HTTP/1.1" 404 31365 "-" "Mozilla/5.0 (compatible; MJ12bot/v1.4.8; http://mj12bot.com/)"
95.91.110.210 - - [09/Feb/2026:02:51:52 +0800] "GET /portfolio/%E5%86%B7%E8%BD%A7%E5%8D%B7/ HTTP/1.1" 301 5 "-" "Mozilla/5.0 (compatible; MJ12bot/v1.4.8; http://mj12bot.com/)"
95.91.110.210 - - [09/Feb/2026:02:51:54 +0800] "GET /news/portfolio/%E5%86%B7%E8%BD%A7%E5%8D%B7 HTTP/1.1" 200 79070 "-" "Mozilla/5.0 (compatible; MJ12bot/v1.4.8; http://mj12bot.com/)"
95.91.110.210 - - [09/Feb/2026:02:51:57 +0800] "GET /portfolio/%E5%86%B7%E8%BD%A7%E6%9D%BF/ HTTP/1.1" 301 5 "-" "Mozilla/5.0 (compatible; MJ12bot/v1.4.8; http://mj12bot.com/)"
95.91.110.210 - - [09/Feb/2026:02:52:00 +0800] "GET /news/portfolio/%E5%86%B7%E8%BD%A7%E6%9D%BF HTTP/1.1" 200 78718 "-" "Mozilla/5.0 (compatible; MJ12bot/v1.4.8; http://mj12bot.com/)"
95.91.110.210 - - [09/Feb/2026:02:52:03 +0800] "GET /tag/%E5%8D%9A%E8%81%94%E8%BE%BE/ HTTP/1.1" 404 31365 "-" "Mozilla/5.0 (compatible; MJ12bot/v1.4.8; http://mj12bot.com/)"
95.91.110.210 - - [09/Feb/2026:02:52:05 +0800] "GET /tag/%E7%89%A9%E6%B5%81/ HTTP/1.1" 404 31365 "-" "Mozilla/5.0 (compatible; MJ12bot/v1.4.8; http://mj12bot.com/)"
36.133.115.36 - - [09/Feb/2026:02:52:45 +0800] "POST /wp-cron.php?doing_wp_cron=1770576765.6187500953674316406250 HTTP/1.1" 200 31 "-" "WordPress/6.9; http://cqqizhou.com"
206.168.34.56 - - [09/Feb/2026:02:52:45 +0800] "GET /security.txt HTTP/1.1" 200 19840 "-" "Mozilla/5.0 (compatible; CensysInspect/1.1; +https://about.censys.io/)"
36.133.115.36 - - [09/Feb/2026:02:53:34 +0800] "POST /wp-cron.php?doing_wp_cron=1770576813.9833309650421142578125 HTTP/1.1" 200 31 "-" "WordPress/6.9; http://cqqizhou.com"
206.168.34.56 - - [09/Feb/2026:02:53:34 +0800] "GET /66nt0a59veb HTTP/1.1" 404 8949 "-" "Mozilla/5.0 (compatible; CensysInspect/1.1; +https://about.censys.io/)"
36.133.115.36 - - [09/Feb/2026:03:04:42 +0800] "POST /wp-cron.php?doing_wp_cron=1770577482.4295659065246582031250 HTTP/1.1" 200 31 "-" "WordPress/6.9; http://cqqizhou.com"
66.249.74.9 - - [09/Feb/2026:03:04:42 +0800] "GET /logistics/ HTTP/1.1" 301 5 "-" "Mozilla/5.0 (Linux; Android 6.0.1; Nexus 5X Build/MMB29P) AppleWebKit/537.36 (KHTML, like Gecko) Chrome/144.0.7559.132 Mobile Safari/537.36 (compatible; Googlebot/2.1; +http://www.google.com/bot.html)"
66.249.74.7 - - [09/Feb/2026:03:04:43 +0800] "GET /logistics HTTP/1.1" 200 25050 "-" "Mozilla/5.0 (Linux; Android 6.0.1; Nexus 5X Build/MMB29P) AppleWebKit/537.36 (KHTML, like Gecko) Chrome/144.0.7559.132 Mobile Safari/537.36 (compatible; Googlebot/2.1; +http://www.google.com/bot.html)"
36.133.115.36 - - [09/Feb/2026:03:05:32 +0800] "POST /wp-cron.php?doing_wp_cron=1770577532.1919300556182861328125 HTTP/1.1" 200 31 "-" "WordPress/6.9; http://cqqizhou.com"
51.38.230.115 - - [09/Feb/2026:03:05:32 +0800] "POST /xmlrpc.php HTTP/1.1" 200 217 "-" "Mozilla/5.0 (Windows NT 10.0; WOW64; rv:143.0) Gecko/20100101 Firefox/143.0"
172.213.144.187 - - [09/Feb/2026:03:11:35 +0800] "GET /wp-content/plugins/hellopress/wp_filemanager.php HTTP/1.1" 404 27 "-" "-"
172.213.144.187 - - [09/Feb/2026:03:11:35 +0800] "GET /166.php HTTP/1.1" 404 27 "-" "-"
172.213.144.187 - - [09/Feb/2026:03:11:36 +0800] "GET /reze.php HTTP/1.1" 404 27 "-" "-"
172.213.144.187 - - [09/Feb/2026:03:11:36 +0800] "GET /lib.php HTTP/1.1" 404 27 "-" "-"
172.213.144.187 - - [09/Feb/2026:03:11:36 +0800] "GET /x.php HTTP/1.1" 404 27 "-" "-"
172.213.144.187 - - [09/Feb/2026:03:11:36 +0800] "GET /k.php HTTP/1.1" 404 27 "-" "-"
172.213.144.187 - - [09/Feb/2026:03:11:36 +0800] "GET /jga.php HTTP/1.1" 404 27 "-" "-"
172.213.144.187 - - [09/Feb/2026:03:11:37 +0800] "GET /past1.php HTTP/1.1" 404 27 "-" "-"
172.213.144.187 - - [09/Feb/2026:03:11:37 +0800] "GET /8xyz.php HTTP/1.1" 404 27 "-" "-"
172.213.144.187 - - [09/Feb/2026:03:11:37 +0800] "GET /ol.php HTTP/1.1" 404 27 "-" "-"
172.213.144.187 - - [09/Feb/2026:03:11:37 +0800] "GET /bk.php HTTP/1.1" 404 27 "-" "-"
172.213.144.187 - - [09/Feb/2026:03:11:38 +0800] "GET /vx.php HTTP/1.1" 404 27 "-" "-"
172.213.144.187 - - [09/Feb/2026:03:11:38 +0800] "GET /sx.php HTTP/1.1" 404 27 "-" "-"
36.133.115.36 - - [09/Feb/2026:03:24:21 +0800] "POST /wp-cron.php?doing_wp_cron=1770578661.7777190208435058593750 HTTP/1.1" 200 31 "-" "WordPress/6.9; http://cqqizhou.com"
20.221.72.24 - - [09/Feb/2026:03:24:21 +0800] "GET /developmentserver/metadatauploader HTTP/1.1" 404 8949 "-" "Mozilla/5.0 zgrab/0.x"
185.213.174.141 - - [09/Feb/2026:03:24:44 +0800] "GET / HTTP/1.1" 200 109842 "-" "Mozilla/5.0"
36.133.115.36 - - [09/Feb/2026:03:30:10 +0800] "POST /wp-cron.php?doing_wp_cron=1770579010.5493409633636474609375 HTTP/1.1" 200 31 "-" "WordPress/6.9; http://cqqizhou.com"
204.76.203.206 - - [09/Feb/2026:03:30:10 +0800] "GET / HTTP/1.1" 200 34757 "-" "Mozilla/5.0 (Windows NT 10.0; Win64; x64) AppleWebKit/537.36 (KHTML, like Gecko) Chrome/90.0.4430.85 Safari/537.36 Edg/90.0.818.46"
36.133.115.36 - - [09/Feb/2026:03:39:38 +0800] "POST /wp-cron.php?doing_wp_cron=1770579578.5449519157409667968750 HTTP/1.1" 200 31 "-" "WordPress/6.9; http://cqqizhou.com"
204.76.203.69 - - [09/Feb/2026:03:39:38 +0800] "GET / HTTP/1.1" 301 5 "-" "Mozilla/5.0 (Windows NT 10.0; Win64; x64) AppleWebKit/537.36 (KHTML, like Gecko) Chrome/90.0.4430.85 Safari/537.36 Edg/90.0.818.46"
36.133.115.36 - - [09/Feb/2026:03:42:08 +0800] "POST /wp-cron.php?doing_wp_cron=1770579728.7648429870605468750000 HTTP/1.1" 200 31 "-" "WordPress/6.9; http://cqqizhou.com"
91.98.135.72 - - [09/Feb/2026:03:42:08 +0800] "POST /hello.world?%ADd+allow_url_include%3d1+%ADd+auto_prepend_file%3dphp://input HTTP/1.1" 404 31365 "-" "libredtail-http"
91.98.135.72 - - [09/Feb/2026:03:42:10 +0800] "POST /?%ADd+allow_url_include%3d1+%ADd+auto_prepend_file%3dphp://input HTTP/1.1" 200 157184 "-" "libredtail-http"
91.98.135.72 - - [09/Feb/2026:03:42:11 +0800] "GET /vendor/phpunit/phpunit/src/Util/PHP/eval-stdin.php HTTP/1.1" 404 27 "-" "libredtail-http"
91.98.135.72 - - [09/Feb/2026:03:42:11 +0800] "GET /vendor/phpunit/phpunit/Util/PHP/eval-stdin.php HTTP/1.1" 404 27 "-" "libredtail-http"
91.98.135.72 - - [09/Feb/2026:03:42:11 +0800] "GET /vendor/phpunit/src/Util/PHP/eval-stdin.php HTTP/1.1" 404 27 "-" "libredtail-http"
91.98.135.72 - - [09/Feb/2026:03:42:11 +0800] "GET /vendor/phpunit/Util/PHP/eval-stdin.php HTTP/1.1" 404 27 "-" "libredtail-http"
91.98.135.72 - - [09/Feb/2026:03:42:12 +0800] "GET /vendor/phpunit/phpunit/LICENSE/eval-stdin.php HTTP/1.1" 404 27 "-" "libredtail-http"
91.98.135.72 - - [09/Feb/2026:03:42:12 +0800] "GET /vendor/vendor/phpunit/phpunit/src/Util/PHP/eval-stdin.php HTTP/1.1" 404 27 "-" "libredtail-http"
91.98.135.72 - - [09/Feb/2026:03:42:12 +0800] "GET /phpunit/phpunit/src/Util/PHP/eval-stdin.php HTTP/1.1" 404 27 "-" "libredtail-http"
91.98.135.72 - - [09/Feb/2026:03:42:12 +0800] "GET /phpunit/phpunit/Util/PHP/eval-stdin.php HTTP/1.1" 404 27 "-" "libredtail-http"
91.98.135.72 - - [09/Feb/2026:03:42:13 +0800] "GET /phpunit/src/Util/PHP/eval-stdin.php HTTP/1.1" 404 27 "-" "libredtail-http"
91.98.135.72 - - [09/Feb/2026:03:42:13 +0800] "GET /phpunit/Util/PHP/eval-stdin.php HTTP/1.1" 404 27 "-" "libredtail-http"
91.98.135.72 - - [09/Feb/2026:03:42:13 +0800] "GET /lib/phpunit/phpunit/src/Util/PHP/eval-stdin.php HTTP/1.1" 404 27 "-" "libredtail-http"
91.98.135.72 - - [09/Feb/2026:03:42:13 +0800] "GET /lib/phpunit/phpunit/Util/PHP/eval-stdin.php HTTP/1.1" 404 27 "-" "libredtail-http"
91.98.135.72 - - [09/Feb/2026:03:42:14 +0800] "GET /lib/phpunit/src/Util/PHP/eval-stdin.php HTTP/1.1" 404 27 "-" "libredtail-http"
91.98.135.72 - - [09/Feb/2026:03:42:14 +0800] "GET /lib/phpunit/Util/PHP/eval-stdin.php HTTP/1.1" 404 27 "-" "libredtail-http"
91.98.135.72 - - [09/Feb/2026:03:42:14 +0800] "GET /lib/vendor/phpunit/phpunit/src/Util/PHP/eval-stdin.php HTTP/1.1" 404 27 "-" "libredtail-http"
91.98.135.72 - - [09/Feb/2026:03:42:14 +0800] "GET /laravel/vendor/phpunit/phpunit/src/Util/PHP/eval-stdin.php HTTP/1.1" 404 27 "-" "libredtail-http"
91.98.135.72 - - [09/Feb/2026:03:42:15 +0800] "GET /www/vendor/phpunit/phpunit/src/Util/PHP/eval-stdin.php HTTP/1.1" 404 27 "-" "libredtail-http"
91.98.135.72 - - [09/Feb/2026:03:42:15 +0800] "GET /ws/vendor/phpunit/phpunit/src/Util/PHP/eval-stdin.php HTTP/1.1" 404 27 "-" "libredtail-http"
91.98.135.72 - - [09/Feb/2026:03:42:15 +0800] "GET /yii/vendor/phpunit/phpunit/src/Util/PHP/eval-stdin.php HTTP/1.1" 404 27 "-" "libredtail-http"
91.98.135.72 - - [09/Feb/2026:03:42:15 +0800] "GET /zend/vendor/phpunit/phpunit/src/Util/PHP/eval-stdin.php HTTP/1.1" 404 27 "-" "libredtail-http"
91.98.135.72 - - [09/Feb/2026:03:42:16 +0800] "GET /ws/ec/vendor/phpunit/phpunit/src/Util/PHP/eval-stdin.php HTTP/1.1" 404 27 "-" "libredtail-http"
91.98.135.72 - - [09/Feb/2026:03:42:16 +0800] "GET /V2/vendor/phpunit/phpunit/src/Util/PHP/eval-stdin.php HTTP/1.1" 404 27 "-" "libredtail-http"
91.98.135.72 - - [09/Feb/2026:03:42:16 +0800] "GET /tests/vendor/phpunit/phpunit/src/Util/PHP/eval-stdin.php HTTP/1.1" 404 27 "-" "libredtail-http"
91.98.135.72 - - [09/Feb/2026:03:42:16 +0800] "GET /test/vendor/phpunit/phpunit/src/Util/PHP/eval-stdin.php HTTP/1.1" 404 27 "-" "libredtail-http"
91.98.135.72 - - [09/Feb/2026:03:42:17 +0800] "GET /testing/vendor/phpunit/phpunit/src/Util/PHP/eval-stdin.php HTTP/1.1" 404 27 "-" "libredtail-http"
91.98.135.72 - - [09/Feb/2026:03:42:17 +0800] "GET /api/vendor/phpunit/phpunit/src/Util/PHP/eval-stdin.php HTTP/1.1" 404 27 "-" "libredtail-http"
185.247.137.25 - - [09/Feb/2026:03:42:17 +0800] "GET / HTTP/1.1" 301 5 "-" "Mozilla/5.0 (compatible; InternetMeasurement/1.0; +https://internet-measurement.com/)"
91.98.135.72 - - [09/Feb/2026:03:42:17 +0800] "GET /demo/vendor/phpunit/phpunit/src/Util/PHP/eval-stdin.php HTTP/1.1" 404 27 "-" "libredtail-http"
91.98.135.72 - - [09/Feb/2026:03:42:17 +0800] "GET /cms/vendor/phpunit/phpunit/src/Util/PHP/eval-stdin.php HTTP/1.1" 404 27 "-" "libredtail-http"
91.98.135.72 - - [09/Feb/2026:03:42:18 +0800] "GET /crm/vendor/phpunit/phpunit/src/Util/PHP/eval-stdin.php HTTP/1.1" 404 27 "-" "libredtail-http"
185.247.137.25 - - [09/Feb/2026:03:42:18 +0800] "GET / HTTP/1.1" 200 40637 "http://36.133.115.36" "Mozilla/5.0 (compatible; InternetMeasurement/1.0; +https://internet-measurement.com/)"
91.98.135.72 - - [09/Feb/2026:03:42:18 +0800] "GET /admin/vendor/phpunit/phpunit/src/Util/PHP/eval-stdin.php HTTP/1.1" 404 27 "-" "libredtail-http"
91.98.135.72 - - [09/Feb/2026:03:42:18 +0800] "GET /backup/vendor/phpunit/phpunit/src/Util/PHP/eval-stdin.php HTTP/1.1" 404 27 "-" "libredtail-http"
91.98.135.72 - - [09/Feb/2026:03:42:18 +0800] "GET /blog/vendor/phpunit/phpunit/src/Util/PHP/eval-stdin.php HTTP/1.1" 404 27 "-" "libredtail-http"
91.98.135.72 - - [09/Feb/2026:03:42:19 +0800] "GET /workspace/drupal/vendor/phpunit/phpunit/src/Util/PHP/eval-stdin.php HTTP/1.1" 404 27 "-" "libredtail-http"
91.98.135.72 - - [09/Feb/2026:03:42:19 +0800] "GET /panel/vendor/phpunit/phpunit/src/Util/PHP/eval-stdin.php HTTP/1.1" 404 27 "-" "libredtail-http"
91.98.135.72 - - [09/Feb/2026:03:42:19 +0800] "GET /public/vendor/phpunit/phpunit/src/Util/PHP/eval-stdin.php HTTP/1.1" 404 27 "-" "libredtail-http"
91.98.135.72 - - [09/Feb/2026:03:42:19 +0800] "GET /apps/vendor/phpunit/phpunit/src/Util/PHP/eval-stdin.php HTTP/1.1" 404 27 "-" "libredtail-http"
91.98.135.72 - - [09/Feb/2026:03:42:20 +0800] "GET /app/vendor/phpunit/phpunit/src/Util/PHP/eval-stdin.php HTTP/1.1" 404 27 "-" "libredtail-http"
91.98.135.72 - - [09/Feb/2026:03:42:21 +0800] "GET /index.php?s=/index/\x5Cthink\x5Capp/invokefunction&function=call_user_func_array&vars[0]=md5&vars[1][]=Hello HTTP/1.1" 200 65931 "-" "libredtail-http"
91.98.135.72 - - [09/Feb/2026:03:42:21 +0800] "GET /public/index.php?s=/index/\x5Cthink\x5Capp/invokefunction&function=call_user_func_array&vars[0]=md5&vars[1][]=Hello HTTP/1.1" 404 27 "-" "libredtail-http"
91.98.135.72 - - [09/Feb/2026:03:42:22 +0800] "GET /index.php?lang=../../../../../../../../usr/local/lib/php/pearcmd&+config-create+/&/<?echo(md5(\x22hi\x22));?>+/tmp/index1.php HTTP/1.1" 200 157184 "-" "libredtail-http"
91.98.135.72 - - [09/Feb/2026:03:42:24 +0800] "GET /index.php?lang=../../../../../../../../tmp/index1 HTTP/1.1" 200 157184 "-" "libredtail-http"
91.98.135.72 - - [09/Feb/2026:03:42:25 +0800] "GET /containers/json HTTP/1.1" 301 5 "-" "libredtail-http"
91.98.135.72 - - [09/Feb/2026:03:42:29 +0800] "GET /containers/json HTTP/1.1" 301 5 "-" "libredtail-http"
36.133.115.36 - - [09/Feb/2026:03:51:38 +0800] "POST /wp-cron.php?doing_wp_cron=1770580298.3826270103454589843750 HTTP/1.1" 200 31 "-" "WordPress/6.9; http://cqqizhou.com"
167.94.138.176 - - [09/Feb/2026:03:51:38 +0800] "GET / HTTP/1.1" 301 5 "-" "Mozilla/5.0 (compatible; CensysInspect/1.1; +https://about.censys.io/)"
167.94.138.176 - - [09/Feb/2026:03:52:03 +0800] "GET /.well-known/security.txt HTTP/1.1" 404 8949 "-" "Mozilla/5.0 (compatible; CensysInspect/1.1; +https://about.censys.io/)"
36.133.115.36 - - [09/Feb/2026:03:52:54 +0800] "POST /wp-cron.php?doing_wp_cron=1770580374.7970869541168212890625 HTTP/1.1" 200 31 "-" "WordPress/6.9; http://cqqizhou.com"
167.94.138.43 - - [09/Feb/2026:03:52:54 +0800] "GET /sitemap.xml HTTP/1.1" 200 537 "-" "Mozilla/5.0 (compatible; CensysInspect/1.1; +https://about.censys.io/)"
36.133.115.36 - - [09/Feb/2026:03:53:10 +0800] "POST /wp-cron.php?doing_wp_cron=1770580390.5052568912506103515625 HTTP/1.1" 200 31 "-" "WordPress/6.9; http://cqqizhou.com"
167.94.138.43 - - [09/Feb/2026:03:53:10 +0800] "GET /fvlby4m7s8tddol18_ HTTP/1.1" 404 8948 "-" "Mozilla/5.0 (compatible; CensysInspect/1.1; +https://about.censys.io/)"
36.133.115.36 - - [09/Feb/2026:04:07:34 +0800] "POST /wp-cron.php?doing_wp_cron=1770581254.3930521011352539062500 HTTP/1.1" 200 31 "-" "WordPress/6.9; http://cqqizhou.com"
14.215.163.132 - - [09/Feb/2026:04:07:34 +0800] "GET / HTTP/1.1" 200 34757 "-" "Mozilla/5.0 (iPhone; CPU iPhone OS 13_2_3 like Mac OS X) AppleWebKit/605.1.15 (KHTML, like Gecko) Version/13.0.3 Mobile/15E148 Safari/604.1"
36.133.115.36 - - [09/Feb/2026:04:08:56 +0800] "POST /wp-cron.php?doing_wp_cron=1770581336.0530650615692138671875 HTTP/1.1" 200 31 "-" "WordPress/6.9; http://cqqizhou.com"
51.68.111.208 - - [09/Feb/2026:04:08:56 +0800] "GET /robots.txt HTTP/1.1" 301 5 "-" "Mozilla/5.0 (compatible; MJ12bot/v2.0.4; http://mj12bot.com/)"
51.68.111.208 - - [09/Feb/2026:04:08:57 +0800] "GET /robots.txt HTTP/1.1" 200 190 "-" "Mozilla/5.0 (compatible; MJ12bot/v2.0.4; http://mj12bot.com/)"
51.68.111.208 - - [09/Feb/2026:04:08:58 +0800] "GET / HTTP/1.1" 301 5 "-" "Mozilla/5.0 (compatible; MJ12bot/v2.0.4; http://mj12bot.com/)"
51.68.111.208 - - [09/Feb/2026:04:08:58 +0800] "GET / HTTP/1.1" 200 40637 "-" "Mozilla/5.0 (compatible; MJ12bot/v2.0.4; http://mj12bot.com/)"
36.133.115.36 - - [09/Feb/2026:04:11:21 +0800] "POST /wp-cron.php?doing_wp_cron=1770581481.2475728988647460937500 HTTP/1.1" 200 31 "-" "WordPress/6.9; http://cqqizhou.com"
115.159.33.43 - - [09/Feb/2026:04:11:21 +0800] "GET / HTTP/1.1" 301 5 "-" "Mozilla/5.0 (Windows NT 10.0; Win64; x64) AppleWebKit/537.36 (KHTML, like Gecko) Chrome/79.0.3945.117 Safari/537.36"
115.159.33.43 - - [09/Feb/2026:04:11:21 +0800] "GET / HTTP/1.1" 200 40637 "-" "Mozilla/5.0 (Windows NT 10.0; Win64; x64) AppleWebKit/537.36 (KHTML, like Gecko) Chrome/79.0.3945.117 Safari/537.36"
115.159.33.43 - - [09/Feb/2026:04:11:22 +0800] "GET /contacts/ HTTP/1.1" 301 5 "-" "Mozilla/5.0 (Windows NT 10.0; Win64; x64) AppleWebKit/537.36 (KHTML, like Gecko) Chrome/79.0.3945.117 Safari/537.36"
115.159.33.43 - - [09/Feb/2026:04:11:22 +0800] "GET /contacts HTTP/1.1" 200 21790 "-" "Mozilla/5.0 (Windows NT 10.0; Win64; x64) AppleWebKit/537.36 (KHTML, like Gecko) Chrome/79.0.3945.117 Safari/537.36"
115.159.33.43 - - [09/Feb/2026:04:11:23 +0800] "GET /contacts HTTP/1.1" 200 21790 "-" "Mozilla/5.0 (Windows NT 10.0; Win64; x64) AppleWebKit/537.36 (KHTML, like Gecko) Chrome/79.0.3945.117 Safari/537.36"
36.133.115.36 - - [09/Feb/2026:04:15:56 +0800] "POST /wp-cron.php?doing_wp_cron=1770581756.3669559955596923828125 HTTP/1.1" 200 31 "-" "WordPress/6.9; http://cqqizhou.com"
167.94.138.32 - - [09/Feb/2026:04:15:56 +0800] "GET / HTTP/1.1" 301 5 "-" "Mozilla/5.0 (compatible; CensysInspect/1.1; +https://about.censys.io/)"
167.94.138.187 - - [09/Feb/2026:04:16:07 +0800] "GET / HTTP/1.1" 301 5 "-" "Mozilla/5.0 (compatible; CensysInspect/1.1; +https://about.censys.io/)"
36.133.115.36 - - [09/Feb/2026:04:16:14 +0800] "POST /wp-cron.php?doing_wp_cron=1770581774.2074809074401855468750 HTTP/1.1" 200 31 "-" "WordPress/6.9; http://cqqizhou.com"
167.94.138.187 - - [09/Feb/2026:04:16:14 +0800] "GET /wiki HTTP/1.1" 404 8949 "-" "Mozilla/5.0 (compatible; CensysInspect/1.1; +https://about.censys.io/)"
167.94.138.32 - - [09/Feb/2026:04:16:23 +0800] "GET /security.txt HTTP/1.1" 200 19840 "-" "Mozilla/5.0 (compatible; CensysInspect/1.1; +https://about.censys.io/)"
150.255.254.103 - - [09/Feb/2026:04:16:45 +0800] "GET / HTTP/1.1" 301 5 "-" "Mozilla/5.067805899 Mozilla/5.0 (Windows NT 6.1; WOW64) AppleWebKit/537.36 (KHTML, like Gecko) Chrome/63.0.3239.132 Safari/537.36"
150.255.254.103 - - [09/Feb/2026:04:16:45 +0800] "GET / HTTP/1.1" 200 40637 "-" "Mozilla/5.067805899 Mozilla/5.0 (Windows NT 6.1; WOW64) AppleWebKit/537.36 (KHTML, like Gecko) Chrome/63.0.3239.132 Safari/537.36"
167.94.138.32 - - [09/Feb/2026:04:16:49 +0800] "GET /w8f62ccr1 HTTP/1.1" 404 8949 "-" "Mozilla/5.0 (compatible; CensysInspect/1.1; +https://about.censys.io/)"
36.133.115.36 - - [09/Feb/2026:04:19:42 +0800] "POST /wp-cron.php?doing_wp_cron=1770581982.5511910915374755859375 HTTP/1.1" 200 31 "-" "WordPress/6.9; http://cqqizhou.com"
66.249.74.8 - - [09/Feb/2026:04:19:42 +0800] "GET /news/portfolio/duplex-stainless-steel HTTP/1.1" 200 18778 "-" "Mozilla/5.0 (Linux; Android 6.0.1; Nexus 5X Build/MMB29P) AppleWebKit/537.36 (KHTML, like Gecko) Chrome/144.0.7559.132 Mobile Safari/537.36 (compatible; Googlebot/2.1; +http://www.google.com/bot.html)"
36.133.115.36 - - [09/Feb/2026:04:20:53 +0800] "POST /wp-cron.php?doing_wp_cron=1770582053.1169769763946533203125 HTTP/1.1" 200 31 "-" "WordPress/6.9; http://cqqizhou.com"
34.9.37.166 - - [09/Feb/2026:04:20:53 +0800] "HEAD /wordpress/ HTTP/1.1" 404 0 "-" "Mozilla/5.0 (Linux; Android 13; Nokia G42 5G) AppleWebKit/537.36 (KHTML, like Gecko) Chrome/126.0.6478.41 Mobile Safari/537.36"
34.9.37.166 - - [09/Feb/2026:04:20:54 +0800] "HEAD /backup/ HTTP/1.1" 404 0 "-" "Mozilla/5.0 (Windows NT 10.0; Win64; x64) AppleWebKit/537.36 (KHTML, like Gecko) Chrome/125.0.6422.112 Safari/537.36 Brave/1.63.120"
34.9.37.166 - - [09/Feb/2026:04:20:54 +0800] "HEAD /old/ HTTP/1.1" 404 0 "-" "Mozilla/5.0 (Linux; U; Android 10; en-US; CPH2015) AppleWebKit/537.36 (KHTML, like Gecko) UCBrowser/13.5.8.1311 Mobile Safari/537.36"
34.9.37.166 - - [09/Feb/2026:04:20:55 +0800] "HEAD /new/ HTTP/1.1" 301 0 "-" "Mozilla/5.0 (Windows NT 10.0; WOW64) AppleWebKit/537.36 (KHTML, like Gecko) Chrome/118.0.5993.90 Safari/537.36"
34.9.37.166 - - [09/Feb/2026:04:20:55 +0800] "HEAD /news HTTP/1.1" 200 0 "http://cqqizhou.com/new/" "Mozilla/5.0 (Windows NT 10.0; WOW64) AppleWebKit/537.36 (KHTML, like Gecko) Chrome/118.0.5993.90 Safari/537.36"
34.9.37.166 - - [09/Feb/2026:04:20:56 +0800] "HEAD /blog/ HTTP/1.1" 404 0 "-" "Mozilla/5.0 (X11; Linux x86_64; rv:127.0) Gecko/20100101 Firefox/127.0"
34.9.37.166 - - [09/Feb/2026:04:20:57 +0800] "HEAD / HTTP/1.1" 200 0 "-" "Mozilla/5.0 (Windows NT 11.0; Win64; x64) AppleWebKit/537.36 (KHTML, like Gecko) Edg/128.0.2790.25 Chrome/128.0.6540.22 Safari/537.36"
34.9.37.166 - - [09/Feb/2026:04:20:58 +0800] "HEAD /wp/ HTTP/1.1" 404 0 "-" "Mozilla/5.0 (Windows NT 11.0; Win64; x64) AppleWebKit/537.36 (KHTML, like Gecko) Chrome/128.0.6540.18 Safari/537.36"
52.167.144.19 - - [09/Feb/2026:04:25:46 +0800] "GET /wp-content/uploads/2025/07/1750671806-partner5_200x50.webp HTTP/1.1" 200 2840 "-" "Mozilla/5.0 AppleWebKit/537.36 (KHTML, like Gecko; compatible; bingbot/2.0; +http://www.bing.com/bingbot.htm) Chrome/116.0.1938.76 Safari/537.36"
36.133.115.36 - - [09/Feb/2026:04:29:51 +0800] "POST /wp-cron.php?doing_wp_cron=1770582591.8252160549163818359375 HTTP/1.1" 200 31 "-" "WordPress/6.9; http://cqqizhou.com"
204.76.203.233 - - [09/Feb/2026:04:29:51 +0800] "GET http://ipv4.icanhazip.com/ HTTP/1.1" 301 5 "-" "Go-http-client/1.1"
204.76.203.233 - - [09/Feb/2026:04:29:52 +0800] "GET http://cqqizhou.com/ HTTP/1.1" 200 40637 "http://ipv4.icanhazip.com/" "Go-http-client/1.1"
61.155.157.50 - - [09/Feb/2026:04:41:06 +0800] "GET / HTTP/1.1" 200 40637 "-" "Mozilla/5.0 (Windows NT 10.0; Win64; x64) AppleWebKit/537.36 (KHTML, like Gecko) Chrome/114.0.0.0 Safari/537.36"
36.133.115.36 - - [09/Feb/2026:04:42:36 +0800] "POST /wp-cron.php?doing_wp_cron=1770583356.6255290508270263671875 HTTP/1.1" 200 31 "-" "WordPress/6.9; http://cqqizhou.com"
204.76.203.219 - - [09/Feb/2026:04:42:36 +0800] "GET / HTTP/1.1" 200 34757 "-" "Mozilla/5.0 (Windows NT 10.0; Win64; x64) AppleWebKit/537.36 (KHTML, like Gecko) Chrome/90.0.4430.85 Safari/537.36 Edg/90.0.818.46"
36.133.115.36 - - [09/Feb/2026:04:47:44 +0800] "POST /wp-cron.php?doing_wp_cron=1770583664.0610520839691162109375 HTTP/1.1" 200 31 "-" "WordPress/6.9; http://cqqizhou.com"
204.76.203.206 - - [09/Feb/2026:04:47:44 +0800] "GET / HTTP/1.1" 200 34757 "-" "Mozilla/5.0 (Windows NT 10.0; Win64; x64) AppleWebKit/537.36 (KHTML, like Gecko) Chrome/90.0.4430.85 Safari/537.36 Edg/90.0.818.46"
36.133.115.36 - - [09/Feb/2026:05:03:07 +0800] "POST /wp-cron.php?doing_wp_cron=1770584587.5039799213409423828125 HTTP/1.1" 200 31 "-" "WordPress/6.9; http://cqqizhou.com"
47.97.123.186 - - [09/Feb/2026:05:03:07 +0800] "GET / HTTP/1.0" 301 0 "-" "-"
47.97.123.186 - - [09/Feb/2026:05:03:18 +0800] "GET / HTTP/1.0" 301 0 "-" "-"
47.97.123.186 - - [09/Feb/2026:05:03:18 +0800] "GET /nmaplowercheck1770584590 HTTP/1.1" 404 31365 "-" "Mozilla/5.0 (compatible; Nmap Scripting Engine; https://nmap.org/book/nse.html)"
47.97.123.186 - - [09/Feb/2026:05:03:18 +0800] "POST /sdk HTTP/1.1" 404 31365 "-" "Mozilla/5.0 (compatible; Nmap Scripting Engine; https://nmap.org/book/nse.html)"
47.97.123.186 - - [09/Feb/2026:05:03:19 +0800] "GET /evox/about HTTP/1.1" 404 31365 "-" "Mozilla/5.0 (compatible; Nmap Scripting Engine; https://nmap.org/book/nse.html)"
47.97.123.186 - - [09/Feb/2026:05:03:19 +0800] "GET /HNAP1 HTTP/1.1" 404 31365 "-" "Mozilla/5.0 (compatible; Nmap Scripting Engine; https://nmap.org/book/nse.html)"
47.97.123.186 - - [09/Feb/2026:05:03:38 +0800] "GET / HTTP/1.0" 301 0 "-" "-"
47.97.123.186 - - [09/Feb/2026:05:03:39 +0800] "GET / HTTP/1.1" 301 5 "-" "-"
36.133.115.36 - - [09/Feb/2026:05:05:32 +0800] "POST /wp-cron.php?doing_wp_cron=1770584732.7060298919677734375000 HTTP/1.1" 200 31 "-" "WordPress/6.9; http://cqqizhou.com"
204.76.203.69 - - [09/Feb/2026:05:05:33 +0800] "GET / HTTP/1.1" 200 157184 "-" "-"
36.133.115.36 - - [09/Feb/2026:05:12:29 +0800] "POST /wp-cron.php?doing_wp_cron=1770585149.5204811096191406250000 HTTP/1.1" 200 31 "-" "WordPress/6.9; http://cqqizhou.com"
121.199.172.76 - - [09/Feb/2026:05:12:29 +0800] "GET / HTTP/1.1" 301 5 "-" "Mozilla/5.0 (Windows NT 10.0; Win64; x64) AppleWebKit/537.36 (KHTML, like Gecko) Chrome/59.0.3071.115 Safari/537.36"
36.133.115.36 - - [09/Feb/2026:05:29:47 +0800] "POST /wp-cron.php?doing_wp_cron=1770586187.1350479125976562500000 HTTP/1.1" 200 31 "-" "WordPress/6.9; http://cqqizhou.com"
204.76.203.206 - - [09/Feb/2026:05:29:47 +0800] "GET / HTTP/1.1" 200 34758 "-" "Mozilla/5.0 (Windows NT 10.0; Win64; x64) AppleWebKit/537.36 (KHTML, like Gecko) Chrome/90.0.4430.85 Safari/537.36 Edg/90.0.818.46"
116.132.254.111 - - [09/Feb/2026:05:31:11 +0800] "GET /wp-content/uploads/2025/11/1762864385-QZ_Photo-10.webp HTTP/1.1" 200 145408 "http://cqqizhou.com/media/" "YisouSpider"
36.133.115.36 - - [09/Feb/2026:05:31:12 +0800] "POST /wp-cron.php?doing_wp_cron=1770586271.9864768981933593750000 HTTP/1.1" 200 31 "-" "WordPress/6.9; http://cqqizhou.com"
106.8.136.49 - - [09/Feb/2026:05:31:12 +0800] "GET /robots.txt HTTP/1.1" 200 190 "-" "YisouSpider"
36.133.115.36 - - [09/Feb/2026:05:34:42 +0800] "POST /wp-cron.php?doing_wp_cron=1770586482.6308979988098144531250 HTTP/1.1" 200 31 "-" "WordPress/6.9; http://cqqizhou.com"
66.249.74.9 - - [09/Feb/2026:05:34:42 +0800] "GET /industry HTTP/1.1" 200 19003 "-" "Mozilla/5.0 (Linux; Android 6.0.1; Nexus 5X Build/MMB29P) AppleWebKit/537.36 (KHTML, like Gecko) Chrome/144.0.7559.132 Mobile Safari/537.36 (compatible; Googlebot/2.1; +http://www.google.com/bot.html)"
36.133.115.36 - - [09/Feb/2026:05:37:46 +0800] "POST /wp-cron.php?doing_wp_cron=1770586666.8774530887603759765625 HTTP/1.1" 200 31 "-" "WordPress/6.9; http://cqqizhou.com"
193.142.147.209 - - [09/Feb/2026:05:37:47 +0800] "POST / HTTP/1.1" 200 34757 "-" "Mozilla/5.0 (Windows NT 10.0; Win64; x64) AppleWebKit/537.36"
36.133.115.36 - - [09/Feb/2026:05:41:41 +0800] "POST /wp-cron.php?doing_wp_cron=1770586901.4590220451354980468750 HTTP/1.1" 200 31 "-" "WordPress/6.9; http://cqqizhou.com"
204.76.203.219 - - [09/Feb/2026:05:41:41 +0800] "GET / HTTP/1.1" 200 34757 "-" "Mozilla/5.0 (Windows NT 10.0; Win64; x64) AppleWebKit/537.36 (KHTML, like Gecko) Chrome/90.0.4430.85 Safari/537.36 Edg/90.0.818.46"
36.133.108.125 - - [09/Feb/2026:05:43:39 +0800] "HEAD /info.php HTTP/1.1" 200 0 "-" "Mozilla/5.0 (compatible; MSIE 9.0; Windows NT 6.1; Trident/5.0; yie8)"
36.133.115.36 - - [09/Feb/2026:05:46:22 +0800] "POST /wp-cron.php?doing_wp_cron=1770587182.6470229625701904296875 HTTP/1.1" 200 31 "-" "WordPress/6.9; http://cqqizhou.com"
43.135.139.165 - - [09/Feb/2026:05:46:22 +0800] "GET / HTTP/1.1" 200 34758 "-" "Mozilla/5.0 (iPhone; CPU iPhone OS 13_2_3 like Mac OS X) AppleWebKit/605.1.15 (KHTML, like Gecko) Version/13.0.3 Mobile/15E148 Safari/604.1"
36.133.115.36 - - [09/Feb/2026:05:48:17 +0800] "POST /wp-cron.php?doing_wp_cron=1770587297.3639740943908691406250 HTTP/1.1" 200 31 "-" "WordPress/6.9; http://cqqizhou.com"
152.136.153.69 - - [09/Feb/2026:05:48:17 +0800] "GET / HTTP/1.1" 301 5 "-" "Go-http-client/1.1"
152.136.153.69 - - [09/Feb/2026:05:48:17 +0800] "GET / HTTP/1.1" 200 40637 "http://36.133.115.36" "Go-http-client/1.1"
36.133.115.36 - - [09/Feb/2026:06:08:52 +0800] "POST /wp-cron.php?doing_wp_cron=1770588532.7026560306549072265625 HTTP/1.1" 200 31 "-" "WordPress/6.9; http://cqqizhou.com"
43.157.156.190 - - [09/Feb/2026:06:08:52 +0800] "GET / HTTP/1.1" 200 34758 "-" "Mozilla/5.0 (iPhone; CPU iPhone OS 13_2_3 like Mac OS X) AppleWebKit/605.1.15 (KHTML, like Gecko) Version/13.0.3 Mobile/15E148 Safari/604.1"
36.133.115.36 - - [09/Feb/2026:06:12:08 +0800] "POST /wp-cron.php?doing_wp_cron=1770588728.5391829013824462890625 HTTP/1.1" 200 31 "-" "WordPress/6.9; http://cqqizhou.com"
87.121.84.15 - - [09/Feb/2026:06:12:09 +0800] "GET / HTTP/1.1" 200 157184 "-" "Mozilla/1.0"
204.76.203.18 - - [09/Feb/2026:06:12:23 +0800] "GET / HTTP/1.1" 200 157184 "-" "-"
204.76.203.18 - - [09/Feb/2026:06:12:26 +0800] "GET / HTTP/1.1" 499 0 "-" "-"
204.76.203.18 - - [09/Feb/2026:06:12:29 +0800] "GET / HTTP/1.1" 499 0 "-" "-"
204.76.203.18 - - [09/Feb/2026:06:12:31 +0800] "GET / HTTP/1.1" 200 157184 "-" "-"
204.76.203.18 - - [09/Feb/2026:06:12:34 +0800] "GET / HTTP/1.1" 200 157184 "-" "-"
94.23.188.208 - - [09/Feb/2026:06:18:34 +0800] "GET / HTTP/1.1" 200 40637 "-" "Mozilla/5.0 (compatible; AhrefsBot/7.0; +http://ahrefs.com/robot/)"
36.133.115.36 - - [09/Feb/2026:06:28:22 +0800] "POST /wp-cron.php?doing_wp_cron=1770589702.1922190189361572265625 HTTP/1.1" 200 31 "-" "WordPress/6.9; http://cqqizhou.com"
176.65.139.8 - - [09/Feb/2026:06:28:22 +0800] "GET / HTTP/1.1" 200 157184 "-" "-"
36.133.115.36 - - [09/Feb/2026:06:29:53 +0800] "POST /wp-cron.php?doing_wp_cron=1770589793.6015059947967529296875 HTTP/1.1" 200 31 "-" "WordPress/6.9; http://cqqizhou.com"
36.133.108.125 - - [09/Feb/2026:06:29:53 +0800] "HEAD /form.html HTTP/1.1" 404 0 "-" "Mozilla/5.0 (Windows NT 6.1) AppleWebKit/537.36 (KHTML, like Gecko) Chrome/41.0.2228.0 Safari/537.36"
36.133.115.36 - - [09/Feb/2026:06:49:42 +0800] "POST /wp-cron.php?doing_wp_cron=1770590982.5771059989929199218750 HTTP/1.1" 200 31 "-" "WordPress/6.9; http://cqqizhou.com"
66.249.74.8 - - [09/Feb/2026:06:49:42 +0800] "GET /media/5/ HTTP/1.1" 301 5 "-" "Mozilla/5.0 (Linux; Android 6.0.1; Nexus 5X Build/MMB29P) AppleWebKit/537.36 (KHTML, like Gecko) Chrome/144.0.7559.132 Mobile Safari/537.36 (compatible; Googlebot/2.1; +http://www.google.com/bot.html)"
66.249.74.9 - - [09/Feb/2026:06:49:44 +0800] "GET /media/5 HTTP/1.1" 200 26007 "-" "Mozilla/5.0 (Linux; Android 6.0.1; Nexus 5X Build/MMB29P) AppleWebKit/537.36 (KHTML, like Gecko) Chrome/144.0.7559.132 Mobile Safari/537.36 (compatible; Googlebot/2.1; +http://www.google.com/bot.html)"
68.221.72.62 - - [09/Feb/2026:06:51:29 +0800] "GET /wp-content/plugins/hellopress/wp_filemanager.php HTTP/1.1" 404 27 "-" "-"
68.221.72.62 - - [09/Feb/2026:06:51:29 +0800] "GET /166.php HTTP/1.1" 404 27 "-" "-"
68.221.72.62 - - [09/Feb/2026:06:51:29 +0800] "GET /reze.php HTTP/1.1" 404 27 "-" "-"
68.221.72.62 - - [09/Feb/2026:06:51:29 +0800] "GET /lib.php HTTP/1.1" 404 27 "-" "-"
68.221.72.62 - - [09/Feb/2026:06:51:30 +0800] "GET /x.php HTTP/1.1" 404 27 "-" "-"
68.221.72.62 - - [09/Feb/2026:06:51:30 +0800] "GET /k.php HTTP/1.1" 404 27 "-" "-"
68.221.72.62 - - [09/Feb/2026:06:51:30 +0800] "GET /jga.php HTTP/1.1" 404 27 "-" "-"
68.221.72.62 - - [09/Feb/2026:06:51:30 +0800] "GET /past1.php HTTP/1.1" 404 27 "-" "-"
68.221.72.62 - - [09/Feb/2026:06:51:30 +0800] "GET /8xyz.php HTTP/1.1" 404 27 "-" "-"
68.221.72.62 - - [09/Feb/2026:06:51:31 +0800] "GET /ol.php HTTP/1.1" 404 27 "-" "-"
68.221.72.62 - - [09/Feb/2026:06:51:31 +0800] "GET /bk.php HTTP/1.1" 404 27 "-" "-"
68.221.72.62 - - [09/Feb/2026:06:51:31 +0800] "GET /vx.php HTTP/1.1" 404 27 "-" "-"
68.221.72.62 - - [09/Feb/2026:06:51:31 +0800] "GET /sx.php HTTP/1.1" 404 27 "-" "-"
36.133.115.36 - - [09/Feb/2026:06:53:27 +0800] "POST /wp-cron.php?doing_wp_cron=1770591207.9445860385894775390625 HTTP/1.1" 200 31 "-" "WordPress/6.9; http://cqqizhou.com"
89.42.231.200 - - [09/Feb/2026:06:53:27 +0800] "GET /SDK/webLanguage HTTP/1.1" 301 5 "-" "Mozilla/5.0 (Windows NT 10.0; Win64; x64) AppleWebKit/537.36 (KHTML, like Gecko) Chrome/90.0.4430.85 Safari/537.36 Edg/90.0.818.46"
36.133.115.36 - - [09/Feb/2026:06:57:29 +0800] "POST /wp-cron.php?doing_wp_cron=1770591449.3706400394439697265625 HTTP/1.1" 200 31 "-" "WordPress/6.9; http://cqqizhou.com"
204.76.203.206 - - [09/Feb/2026:06:57:29 +0800] "GET / HTTP/1.1" 200 34757 "-" "Mozilla/5.0 (Windows NT 10.0; Win64; x64) AppleWebKit/537.36 (KHTML, like Gecko) Chrome/90.0.4430.85 Safari/537.36 Edg/90.0.818.46"
36.133.115.36 - - [09/Feb/2026:07:22:41 +0800] "POST /wp-cron.php?doing_wp_cron=1770592961.4050168991088867187500 HTTP/1.1" 200 31 "-" "WordPress/6.9; http://cqqizhou.com"
198.244.226.203 - - [09/Feb/2026:07:22:41 +0800] "GET /robots.txt HTTP/1.1" 200 190 "-" "Mozilla/5.0 (compatible; AhrefsBot/7.0; +http://ahrefs.com/robot/)"
37.59.204.159 - - [09/Feb/2026:07:22:45 +0800] "GET /company-news/page/2/ HTTP/1.1" 301 5 "-" "Mozilla/5.0 (compatible; AhrefsBot/7.0; +http://ahrefs.com/robot/)"
36.133.115.36 - - [09/Feb/2026:07:28:56 +0800] "POST /wp-cron.php?doing_wp_cron=1770593336.5946478843688964843750 HTTP/1.1" 200 31 "-" "WordPress/6.9; http://cqqizhou.com"
204.76.203.206 - - [09/Feb/2026:07:28:56 +0800] "GET / HTTP/1.1" 200 34757 "-" "Mozilla/5.0 (Windows NT 10.0; Win64; x64) AppleWebKit/537.36 (KHTML, like Gecko) Chrome/90.0.4430.85 Safari/537.36 Edg/90.0.818.46"
36.133.115.36 - - [09/Feb/2026:07:29:17 +0800] "POST /wp-cron.php?doing_wp_cron=1770593357.6870839595794677734375 HTTP/1.1" 200 31 "-" "WordPress/6.9; http://cqqizhou.com"
204.76.203.219 - - [09/Feb/2026:07:29:17 +0800] "GET / HTTP/1.1" 200 34757 "-" "Mozilla/5.0 (Windows NT 10.0; Win64; x64) AppleWebKit/537.36 (KHTML, like Gecko) Chrome/90.0.4430.85 Safari/537.36 Edg/90.0.818.46"
114.119.138.183 - - [09/Feb/2026:07:29:57 +0800] "GET /robots.txt HTTP/1.1" 200 190 "-" "Mozilla/5.0 (compatible;PetalBot;+https://webmaster.petalsearch.com/site/petalbot)"
36.133.115.36 - - [09/Feb/2026:08:04:42 +0800] "POST /wp-cron.php?doing_wp_cron=1770595482.5883369445800781250000 HTTP/1.1" 200 31 "-" "WordPress/6.9; http://cqqizhou.com"
66.249.74.7 - - [09/Feb/2026:08:04:42 +0800] "GET /news/2418 HTTP/1.1" 200 23330 "-" "Mozilla/5.0 (Linux; Android 6.0.1; Nexus 5X Build/MMB29P) AppleWebKit/537.36 (KHTML, like Gecko) Chrome/144.0.7559.132 Mobile Safari/537.36 (compatible; Googlebot/2.1; +http://www.google.com/bot.html)"
36.133.115.36 - - [09/Feb/2026:08:14:05 +0800] "POST /wp-cron.php?doing_wp_cron=1770596045.7258639335632324218750 HTTP/1.1" 200 31 "-" "WordPress/6.9; http://cqqizhou.com"
93.158.90.70 - - [09/Feb/2026:08:14:05 +0800] "GET /robots.txt HTTP/1.1" 200 190 "-" "Mozilla/5.0 (Windows NT 10.0; Win64; x64) AppleWebKit/537.36 (KHTML, like Gecko) Chrome/120.0.0.0 Safari/537.36 Viewer/99.9.8853.8"
93.158.90.68 - - [09/Feb/2026:08:14:09 +0800] "GET / HTTP/1.1" 200 40637 "-" "Mozilla/5.0 (Windows NT 10.0; Win64; x64) AppleWebKit/537.36 (KHTML, like Gecko) Chrome/120.0.0.0 Safari/537.36 Viewer/99.9.8853.8"
36.133.115.36 - - [09/Feb/2026:08:23:33 +0800] "POST /wp-cron.php?doing_wp_cron=1770596613.5967929363250732421875 HTTP/1.1" 200 31 "-" "WordPress/6.9; http://cqqizhou.com"
204.76.203.18 - - [09/Feb/2026:08:23:33 +0800] "GET /bins/ HTTP/1.1" 301 5 "-" "-"
36.133.115.36 - - [09/Feb/2026:08:40:51 +0800] "POST /wp-cron.php?doing_wp_cron=1770597651.8886530399322509765625 HTTP/1.1" 200 31 "-" "WordPress/6.9; http://cqqizhou.com"
20.65.168.78 - - [09/Feb/2026:08:40:51 +0800] "GET /hudson HTTP/1.1" 404 8949 "-" "Mozilla/5.0 zgrab/0.x"
36.133.115.36 - - [09/Feb/2026:08:41:22 +0800] "POST /wp-cron.php?doing_wp_cron=1770597682.0509400367736816406250 HTTP/1.1" 200 31 "-" "WordPress/6.9; http://cqqizhou.com"
43.128.149.102 - - [09/Feb/2026:08:41:22 +0800] "GET / HTTP/1.1" 301 5 "-" "Mozilla/5.0 (iPhone; CPU iPhone OS 13_2_3 like Mac OS X) AppleWebKit/605.1.15 (KHTML, like Gecko) Version/13.0.3 Mobile/15E148 Safari/604.1"
43.128.149.102 - - [09/Feb/2026:08:41:23 +0800] "GET / HTTP/1.1" 200 34758 "http://36.133.115.36" "Mozilla/5.0 (iPhone; CPU iPhone OS 13_2_3 like Mac OS X) AppleWebKit/605.1.15 (KHTML, like Gecko) Version/13.0.3 Mobile/15E148 Safari/604.1"
36.133.115.36 - - [09/Feb/2026:08:43:54 +0800] "POST /wp-cron.php?doing_wp_cron=1770597834.5412399768829345703125 HTTP/1.1" 200 31 "-" "WordPress/6.9; http://cqqizhou.com"
164.92.77.236 - - [09/Feb/2026:08:43:54 +0800] "GET / HTTP/1.1" 301 5 "-" "Mozilla/5.0 (X11; Linux x86_64) AppleWebKit/537.36 (KHTML, like Gecko) Chrome/142.0.0.0 Safari/537.36"
14.108.233.171 - - [09/Feb/2026:08:57:25 +0800] "GET / HTTP/1.1" 200 40637 "-" "Mozilla/5.0 (Windows NT 10.0; Win64; x64) AppleWebKit/537.36 (KHTML, like Gecko) Chrome/132.0.0.0 Safari/537.36"
14.108.233.171 - - [09/Feb/2026:08:57:25 +0800] "GET /wp-content/uploads/2025/07/1751425283-qizhou.kf_.qq_.com_.webp HTTP/1.1" 200 16864 "http://cqqizhou.com/" "Mozilla/5.0 (Windows NT 10.0; Win64; x64) AppleWebKit/537.36 (KHTML, like Gecko) Chrome/132.0.0.0 Safari/537.36"
14.108.233.171 - - [09/Feb/2026:08:57:28 +0800] "GET /wp-content/uploads/2025/12/1765268955-qizhou_Slider1_3840%C3%972160_20251210-scaled.webp HTTP/1.1" 200 152162 "http://cqqizhou.com/" "Mozilla/5.0 (Windows NT 10.0; Win64; x64) AppleWebKit/537.36 (KHTML, like Gecko) Chrome/132.0.0.0 Safari/537.36"
14.108.233.171 - - [09/Feb/2026:08:57:28 +0800] "GET /wp-content/uploads/revslider/slider-1/1750861156-logistics_Slider_3840%C3%972160_20250625191356-scaled-50x100.webp HTTP/1.1" 200 1416 "http://cqqizhou.com/" "Mozilla/5.0 (Windows NT 10.0; Win64; x64) AppleWebKit/537.36 (KHTML, like Gecko) Chrome/132.0.0.0 Safari/537.36"
