193.37.32.90 - - [13/Dec/2025:09:27:27 +0800] "GET /wp-admin/includes/class-wp-site-health-xml.php HTTP/1.1" 404 47 "-" "Go-http-client/1.1"
193.37.32.90 - - [13/Dec/2025:09:27:27 +0800] "GET /wp-admin/includes/ms-admin-filters-alpha.php HTTP/1.1" 404 47 "-" "Go-http-client/1.1"
193.37.32.90 - - [13/Dec/2025:09:27:27 +0800] "GET /wp-admin/upload-event.php HTTP/1.1" 404 47 "-" "Go-http-client/1.1"
193.37.32.90 - - [13/Dec/2025:09:27:27 +0800] "GET /wp-includes/IXR/class-IXR-client-sql.php HTTP/1.1" 404 47 "-" "Go-http-client/1.1"
193.37.32.90 - - [13/Dec/2025:09:27:27 +0800] "GET /wp-includes/IXR/222.php HTTP/1.1" 404 47 "-" "Go-http-client/1.1"
193.37.32.90 - - [13/Dec/2025:09:27:28 +0800] "GET /wp-includes/blocks/search/ HTTP/1.1" 403 146 "-" "Go-http-client/1.1"
193.37.32.90 - - [13/Dec/2025:09:27:28 +0800] "GET /wp-includes/blocks/require-static-blocks-add.php HTTP/1.1" 404 47 "-" "Go-http-client/1.1"
193.37.32.90 - - [13/Dec/2025:09:27:28 +0800] "GET /wp-includes/blocks/nextpage/ HTTP/1.1" 403 146 "-" "Go-http-client/1.1"
193.37.32.90 - - [13/Dec/2025:09:27:28 +0800] "GET /wp-includes/post-thumbnail-template-call.php HTTP/1.1" 404 47 "-" "Go-http-client/1.1"
193.37.32.90 - - [13/Dec/2025:09:27:29 +0800] "GET /wp-includes/blocks/site-logo/admin.php HTTP/1.1" 404 47 "-" "Go-http-client/1.1"
193.37.32.90 - - [13/Dec/2025:09:27:29 +0800] "GET /wp-content/plugins/elementor-pro/admin.php HTTP/1.1" 404 47 "-" "Go-http-client/1.1"
193.37.32.90 - - [13/Dec/2025:09:27:30 +0800] "GET /wp-content/uploads/wc-logs/ HTTP/1.1" 404 8981 "-" "Go-http-client/1.1"
193.37.32.90 - - [13/Dec/2025:09:27:30 +0800] "GET /wp-includes/theme-compat/amp.php HTTP/1.1" 404 47 "-" "Go-http-client/1.1"
193.37.32.90 - - [13/Dec/2025:09:27:30 +0800] "GET /wp-includes/interactivity-api/lock.php HTTP/1.1" 404 47 "-" "Go-http-client/1.1"
193.37.32.90 - - [13/Dec/2025:09:27:30 +0800] "GET /wp-includes/widgets/classwithtostring.php HTTP/1.1" 404 47 "-" "Go-http-client/1.1"
193.37.32.90 - - [13/Dec/2025:09:27:30 +0800] "GET /wp-includes/blocks/file/locks.php HTTP/1.1" 404 47 "-" "Go-http-client/1.1"
193.37.32.90 - - [13/Dec/2025:09:27:31 +0800] "GET /wp-includes/blocks/post-content/post-content/lock.php HTTP/1.1" 404 47 "-" "Go-http-client/1.1"
193.37.32.90 - - [13/Dec/2025:09:27:31 +0800] "GET /wp-content/themes/mabar88/inc/addons/transparent-header/assets/lock.php HTTP/1.1" 404 47 "-" "Go-http-client/1.1"
193.37.32.90 - - [13/Dec/2025:09:27:31 +0800] "GET /wp-includes/SimplePie/library/SimplePie/Content/Type/about.php HTTP/1.1" 404 47 "-" "Go-http-client/1.1"
193.37.32.90 - - [13/Dec/2025:09:27:31 +0800] "GET /wp-includes/assets/about.php HTTP/1.1" 404 47 "-" "Go-http-client/1.1"
193.37.32.90 - - [13/Dec/2025:09:27:32 +0800] "GET /wp-content/plugins/wp-file-manager/images/about.php HTTP/1.1" 404 47 "-" "Go-http-client/1.1"
193.37.32.90 - - [13/Dec/2025:09:27:32 +0800] "GET /wp-content/uploads/zwz.php HTTP/1.1" 404 47 "-" "Go-http-client/1.1"
193.37.32.90 - - [13/Dec/2025:09:27:32 +0800] "GET /wp-domain.php HTTP/1.1" 404 47 "-" "Go-http-client/1.1"
193.37.32.90 - - [13/Dec/2025:09:27:32 +0800] "GET /wp-includes/blocks/comment-edit-link/admin.php HTTP/1.1" 404 47 "-" "Go-http-client/1.1"
193.37.32.90 - - [13/Dec/2025:09:27:32 +0800] "GET /wp-includes/blocks/image/admin.php HTTP/1.1" 404 47 "-" "Go-http-client/1.1"
193.37.32.90 - - [13/Dec/2025:09:27:33 +0800] "GET /wp-admin/user/wso.php HTTP/1.1" 404 47 "-" "Go-http-client/1.1"
193.37.32.90 - - [13/Dec/2025:09:27:33 +0800] "GET /wp-admin/css.php HTTP/1.1" 404 47 "-" "Go-http-client/1.1"
193.37.32.90 - - [13/Dec/2025:09:27:33 +0800] "GET /wp-admin/user/ru.php HTTP/1.1" 404 47 "-" "Go-http-client/1.1"
193.37.32.90 - - [13/Dec/2025:09:27:33 +0800] "GET /wp-content/plugins/wp_helper_t46pm/shell.php HTTP/1.1" 404 47 "-" "Go-http-client/1.1"
193.37.32.90 - - [13/Dec/2025:09:27:33 +0800] "GET /wp-content/plugins/wp_helper_fpne3/shell.php HTTP/1.1" 404 47 "-" "Go-http-client/1.1"
193.37.32.90 - - [13/Dec/2025:09:27:34 +0800] "GET /wp-content/plugins/post-duplicator/assets/js/about.php HTTP/1.1" 404 47 "-" "Go-http-client/1.1"
193.37.32.90 - - [13/Dec/2025:09:27:34 +0800] "GET /wp-content/plugins/all-in-one-wp-migration/about.php HTTP/1.1" 404 47 "-" "Go-http-client/1.1"
193.37.32.90 - - [13/Dec/2025:09:27:34 +0800] "GET /wp-content/plugins/duplicator/src/Lite/about.php HTTP/1.1" 404 47 "-" "Go-http-client/1.1"
193.37.32.90 - - [13/Dec/2025:09:27:34 +0800] "GET /wp-content/themes/dplay/global-templates/about.php HTTP/1.1" 404 47 "-" "Go-http-client/1.1"
193.37.32.90 - - [13/Dec/2025:09:27:35 +0800] "GET /wp-includes/SimplePie/wp-conflg.php HTTP/1.1" 404 47 "-" "Go-http-client/1.1"
193.37.32.90 - - [13/Dec/2025:09:27:35 +0800] "GET /wp-includes/css/dist/nux/about.php HTTP/1.1" 404 47 "-" "Go-http-client/1.1"
193.37.32.90 - - [13/Dec/2025:09:27:35 +0800] "GET /wp-includes/blocks/page-list/about.php HTTP/1.1" 404 47 "-" "Go-http-client/1.1"
193.37.32.90 - - [13/Dec/2025:09:27:35 +0800] "GET /wp-includes/ID3/ahax.php HTTP/1.1" 404 47 "-" "Go-http-client/1.1"
193.37.32.90 - - [13/Dec/2025:09:27:35 +0800] "GET /wp-content/themes/twentytwentytwo/ahax.php HTTP/1.1" 404 47 "-" "Go-http-client/1.1"
193.37.32.90 - - [13/Dec/2025:09:27:36 +0800] "GET /themes.php HTTP/1.1" 404 47 "-" "Go-http-client/1.1"
193.37.32.90 - - [13/Dec/2025:09:27:36 +0800] "GET /wp-content/plugins/unlimited-elements-for-elementor-premium/vendor/spucon/ HTTP/1.1" 404 8981 "-" "Go-http-client/1.1"
193.37.32.90 - - [13/Dec/2025:09:27:37 +0800] "GET /wp-content/themes/wp-conflg.php HTTP/1.1" 404 47 "-" "Go-http-client/1.1"
193.37.32.90 - - [13/Dec/2025:09:27:37 +0800] "GET /wp-content/themes/twentytwentyfour/patterns/template-singl-portfolio.php HTTP/1.1" 404 47 "-" "Go-http-client/1.1"
193.37.32.90 - - [13/Dec/2025:09:27:37 +0800] "GET /wp-admin/images/chosen.php HTTP/1.1" 404 47 "-" "Go-http-client/1.1"
193.37.32.90 - - [13/Dec/2025:09:27:37 +0800] "GET /wp-includes/css/autoload_classmap.php HTTP/1.1" 404 47 "-" "Go-http-client/1.1"
193.37.32.87 - - [13/Dec/2025:09:27:38 +0800] "GET /wp-includes/block-patterns/chosen.php HTTP/1.1" 404 47 "-" "Go-http-client/1.1"
193.37.32.87 - - [13/Dec/2025:09:27:38 +0800] "GET /wp-includes/theme-compat/autoload_classmap.php HTTP/1.1" 404 47 "-" "Go-http-client/1.1"
193.37.32.87 - - [13/Dec/2025:09:27:38 +0800] "GET /wp-admin/includes/wp-conflg.php HTTP/1.1" 404 47 "-" "Go-http-client/1.1"
193.37.32.87 - - [13/Dec/2025:09:27:38 +0800] "GET /wp-includes/customize/chosen.php HTTP/1.1" 404 47 "-" "Go-http-client/1.1"
193.37.32.87 - - [13/Dec/2025:09:27:39 +0800] "GET /wp-includes/js/autoload_classmap.php HTTP/1.1" 404 47 "-" "Go-http-client/1.1"
193.37.32.87 - - [13/Dec/2025:09:27:39 +0800] "GET /wp-includes/assets/autoload_classmap.php HTTP/1.1" 404 47 "-" "Go-http-client/1.1"
193.37.32.87 - - [13/Dec/2025:09:27:39 +0800] "GET /wp-includes/html-api/chosen.php HTTP/1.1" 404 47 "-" "Go-http-client/1.1"
193.37.32.87 - - [13/Dec/2025:09:27:39 +0800] "GET /wp-includes/php-compat/wp-conflg.php HTTP/1.1" 404 47 "-" "Go-http-client/1.1"
193.37.32.87 - - [13/Dec/2025:09:27:40 +0800] "GET /wp-includes/theme-compat/wp-conflg.php HTTP/1.1" 404 47 "-" "Go-http-client/1.1"
193.37.32.87 - - [13/Dec/2025:09:27:40 +0800] "GET /wp-includes/widgets/autoload_classmap.php HTTP/1.1" 404 47 "-" "Go-http-client/1.1"
193.37.32.87 - - [13/Dec/2025:09:27:40 +0800] "GET /wp-includes/block-patterns/autoload_classmap.php HTTP/1.1" 404 47 "-" "Go-http-client/1.1"
193.37.32.87 - - [13/Dec/2025:09:27:40 +0800] "GET /wp-includes/pomo/autoload_classmap.php HTTP/1.1" 404 47 "-" "Go-http-client/1.1"
193.37.32.87 - - [13/Dec/2025:09:27:40 +0800] "GET /wp-includes/PHPMailer/wp-conflg.php HTTP/1.1" 404 47 "-" "Go-http-client/1.1"
193.37.32.87 - - [13/Dec/2025:09:27:41 +0800] "GET /wp-includes/block-bindings/chosen.php HTTP/1.1" 404 47 "-" "Go-http-client/1.1"
193.37.32.87 - - [13/Dec/2025:09:27:41 +0800] "GET /autoload_classmap.php HTTP/1.1" 404 47 "-" "Go-http-client/1.1"
193.37.32.87 - - [13/Dec/2025:09:27:41 +0800] "GET /wp-content/litespeed/autoload_classmap.php HTTP/1.1" 404 47 "-" "Go-http-client/1.1"
193.37.32.87 - - [13/Dec/2025:09:27:41 +0800] "GET /wp-content/uploads/chosen.php HTTP/1.1" 404 47 "-" "Go-http-client/1.1"
193.37.32.87 - - [13/Dec/2025:09:27:41 +0800] "GET /images/chosen.php HTTP/1.1" 404 47 "-" "Go-http-client/1.1"
193.37.32.87 - - [13/Dec/2025:09:27:42 +0800] "GET /wp-content/plugins/elementor/includes/template-singl-portfolio.php HTTP/1.1" 404 47 "-" "Go-http-client/1.1"
193.37.32.87 - - [13/Dec/2025:09:27:42 +0800] "GET /wp-includes/blocks/page-list/ HTTP/1.1" 403 146 "-" "Go-http-client/1.1"
193.37.32.87 - - [13/Dec/2025:09:27:42 +0800] "GET /Bypass-System.php HTTP/1.1" 404 47 "-" "Go-http-client/1.1"
193.37.32.87 - - [13/Dec/2025:09:27:42 +0800] "GET /wp-content/plugins/phpadmin/autoload_classmap.php HTTP/1.1" 404 47 "-" "Go-http-client/1.1"
193.37.32.87 - - [13/Dec/2025:09:27:43 +0800] "GET /wp-content/plugins/elementor/modules/home/about.php HTTP/1.1" 404 47 "-" "Go-http-client/1.1"
193.37.32.87 - - [13/Dec/2025:09:27:43 +0800] "GET /wp-content/settings/chosen.php HTTP/1.1" 404 47 "-" "Go-http-client/1.1"
193.37.32.87 - - [13/Dec/2025:09:27:43 +0800] "GET /wp-content/themes/akses.php HTTP/1.1" 404 47 "-" "Go-http-client/1.1"
193.37.32.87 - - [13/Dec/2025:09:27:43 +0800] "GET /updated/wp-includes/rest-api/file.php HTTP/1.1" 404 47 "-" "Go-http-client/1.1"
193.37.32.87 - - [13/Dec/2025:09:27:43 +0800] "GET /wp-includes/js/crop/abc.php HTTP/1.1" 404 47 "-" "Go-http-client/1.1"
193.37.32.87 - - [13/Dec/2025:09:27:44 +0800] "GET /wp-includes/assets/edit-tags.php HTTP/1.1" 404 47 "-" "Go-http-client/1.1"
193.37.32.87 - - [13/Dec/2025:09:27:44 +0800] "GET /wp-includes/blocks/audio/wp-conflg.php HTTP/1.1" 404 47 "-" "Go-http-client/1.1"
193.37.32.87 - - [13/Dec/2025:09:27:44 +0800] "GET /wp-admin/css/autoload_classmap.php HTTP/1.1" 404 47 "-" "Go-http-client/1.1"
193.37.32.87 - - [13/Dec/2025:09:27:44 +0800] "GET /wp-includes/blocks/chosen.php HTTP/1.1" 404 47 "-" "Go-http-client/1.1"
193.37.32.87 - - [13/Dec/2025:09:27:45 +0800] "GET /ALFA_DATA/comment-editor/about.php HTTP/1.1" 404 47 "-" "Go-http-client/1.1"
193.37.32.87 - - [13/Dec/2025:09:27:45 +0800] "GET /ALFA_DATA/about.php HTTP/1.1" 404 47 "-" "Go-http-client/1.1"
193.37.32.87 - - [13/Dec/2025:09:27:45 +0800] "GET /wp-includes/Requests/src/Auth/ HTTP/1.1" 403 146 "-" "Go-http-client/1.1"
36.133.115.36 - - [13/Dec/2025:09:27:46 +0800] "POST /wp-cron.php?doing_wp_cron=1765589266.3024339675903320312500 HTTP/1.1" 200 31 "-" "WordPress/6.8.3; http://cqqizhou.com"
193.37.32.87 - - [13/Dec/2025:09:27:46 +0800] "GET /wp-content/themes/dokan-child/content- HTTP/1.1" 404 8981 "-" "Go-http-client/1.1"
193.37.32.87 - - [13/Dec/2025:09:27:47 +0800] "GET /wp-content/themes/dokan/content- HTTP/1.1" 404 8981 "-" "Go-http-client/1.1"
193.37.32.87 - - [13/Dec/2025:09:27:47 +0800] "GET /wp-content/themes/pridmag/ot.php HTTP/1.1" 404 47 "-" "Go-http-client/1.1"
193.37.32.87 - - [13/Dec/2025:09:27:48 +0800] "GET /wp-content/themes/consultstreet/content- HTTP/1.1" 404 8981 "-" "Go-http-client/1.1"
193.37.32.87 - - [13/Dec/2025:09:27:48 +0800] "GET /wp-content/plugins/phpadmin/acp.php HTTP/1.1" 404 47 "-" "Go-http-client/1.1"
193.37.32.87 - - [13/Dec/2025:09:27:49 +0800] "GET /wp-content/mu-plugins/ HTTP/1.1" 404 8981 "-" "Go-http-client/1.1"
193.37.32.87 - - [13/Dec/2025:09:27:49 +0800] "GET /wp-content/uploads/ioxi-o.php HTTP/1.1" 404 47 "-" "Go-http-client/1.1"
193.37.32.87 - - [13/Dec/2025:09:27:49 +0800] "GET /wp-includes/certificates/Shell.php HTTP/1.1" 404 47 "-" "Go-http-client/1.1"
193.37.32.87 - - [13/Dec/2025:09:27:50 +0800] "GET /wp-includes/sodium_compat/namespaced/admin.php HTTP/1.1" 404 47 "-" "Go-http-client/1.1"
193.37.32.87 - - [13/Dec/2025:09:27:50 +0800] "GET /wp-includes/blocks/button/adc.php HTTP/1.1" 404 47 "-" "Go-http-client/1.1"
193.37.32.87 - - [13/Dec/2025:09:27:50 +0800] "GET /wp-content/plugins/advanced-llms-txt-generator/assets/css/css_json.php HTTP/1.1" 404 47 "-" "Go-http-client/1.1"
193.37.32.87 - - [13/Dec/2025:09:27:50 +0800] "GET /wp-includes/taxonomy-exception.php HTTP/1.1" 404 47 "-" "Go-http-client/1.1"
193.37.32.87 - - [13/Dec/2025:09:27:50 +0800] "GET /wp-includes/ID3/module.audio.dts-list.php HTTP/1.1" 404 47 "-" "Go-http-client/1.1"
193.37.32.87 - - [13/Dec/2025:09:27:51 +0800] "GET /wp-admin/includes/options-core.php HTTP/1.1" 404 47 "-" "Go-http-client/1.1"
193.37.32.87 - - [13/Dec/2025:09:27:51 +0800] "GET /wp-admin/media-module.php HTTP/1.1" 404 47 "-" "Go-http-client/1.1"
193.37.32.87 - - [13/Dec/2025:09:27:51 +0800] "GET /wp-content/uploads/elementor/css/filesss.php HTTP/1.1" 404 47 "-" "Go-http-client/1.1"
193.37.32.87 - - [13/Dec/2025:09:27:51 +0800] "GET /wp-admin/css/colors/ectoplasm/moon.php HTTP/1.1" 404 47 "-" "Go-http-client/1.1"
193.37.32.87 - - [13/Dec/2025:09:27:51 +0800] "GET /acp.php HTTP/1.1" 404 47 "-" "Go-http-client/1.1"
193.37.32.87 - - [13/Dec/2025:09:27:52 +0800] "GET /wp-admin/file-manager.phpn.com/wp-content/plugins/phpad/acp.php HTTP/1.1" 404 47 "-" "Go-http-client/1.1"
193.37.32.87 - - [13/Dec/2025:09:27:52 +0800] "GET /drive.php HTTP/1.1" 404 47 "-" "Go-http-client/1.1"
193.37.32.87 - - [13/Dec/2025:09:27:52 +0800] "GET /wp-includes/blocks/post-template/gssdd.php HTTP/1.1" 404 47 "-" "Go-http-client/1.1"
193.37.32.87 - - [13/Dec/2025:09:27:52 +0800] "GET /image/wp-conflg.php HTTP/1.1" 404 47 "-" "Go-http-client/1.1"
193.37.32.87 - - [13/Dec/2025:09:27:53 +0800] "GET /wp-admin/user/chosen.php HTTP/1.1" 404 47 "-" "Go-http-client/1.1"
193.37.32.87 - - [13/Dec/2025:09:27:53 +0800] "GET /wp-includes/blocks/post-author-name/ HTTP/1.1" 403 146 "-" "Go-http-client/1.1"
193.37.32.87 - - [13/Dec/2025:09:27:53 +0800] "GET /wp-content/languages/adout.php HTTP/1.1" 404 47 "-" "Go-http-client/1.1"
193.37.32.87 - - [13/Dec/2025:09:27:53 +0800] "GET /wp-admin/xxfile.php HTTP/1.1" 404 47 "-" "Go-http-client/1.1"
193.37.32.87 - - [13/Dec/2025:09:27:53 +0800] "GET /wp-admin/js/widgets/xxfile.php HTTP/1.1" 404 47 "-" "Go-http-client/1.1"
193.37.32.87 - - [13/Dec/2025:09:27:54 +0800] "GET /wp-includes/customize/ HTTP/1.1" 403 146 "-" "Go-http-client/1.1"
193.37.32.87 - - [13/Dec/2025:09:27:54 +0800] "GET /wp-includes/blocks/site-logo/ HTTP/1.1" 403 146 "-" "Go-http-client/1.1"
193.37.32.87 - - [13/Dec/2025:09:27:54 +0800] "GET /wp-includes/css/dist/reusable-blocks/ HTTP/1.1" 403 146 "-" "Go-http-client/1.1"
193.37.32.87 - - [13/Dec/2025:09:27:55 +0800] "GET /wp-content/themes/flatsome/inc/admin/options/helpers/ HTTP/1.1" 404 8981 "-" "Go-http-client/1.1"
193.37.32.87 - - [13/Dec/2025:09:27:56 +0800] "GET /wp-content/uploads/elementor/screenshots/ HTTP/1.1" 404 8981 "-" "Go-http-client/1.1"
193.37.32.87 - - [13/Dec/2025:09:27:56 +0800] "GET /wp-admin/images/zero.php HTTP/1.1" 404 47 "-" "Go-http-client/1.1"
193.37.32.87 - - [13/Dec/2025:09:27:56 +0800] "GET /wp-admin/readme.php HTTP/1.1" 404 47 "-" "Go-http-client/1.1"
193.37.32.87 - - [13/Dec/2025:09:27:57 +0800] "GET /wp-content/plugins/twenty/function.php HTTP/1.1" 404 47 "-" "Go-http-client/1.1"
193.37.32.87 - - [13/Dec/2025:09:27:57 +0800] "GET /wp-content/lock360.php HTTP/1.1" 404 47 "-" "Go-http-client/1.1"
193.37.32.87 - - [13/Dec/2025:09:27:57 +0800] "GET /222.php HTTP/1.1" 404 47 "-" "Go-http-client/1.1"
193.37.32.87 - - [13/Dec/2025:09:27:57 +0800] "GET /wp-includes/php-compat/wp/rohmuI.php HTTP/1.1" 404 47 "-" "Go-http-client/1.1"
193.37.32.87 - - [13/Dec/2025:09:27:57 +0800] "GET /wp-includes/block-bindings/vx.php HTTP/1.1" 404 47 "-" "Go-http-client/1.1"
193.37.32.87 - - [13/Dec/2025:09:27:58 +0800] "GET /wp-admin/css/colors/blue/2k.php HTTP/1.1" 404 47 "-" "Go-http-client/1.1"
193.37.32.87 - - [13/Dec/2025:09:27:58 +0800] "GET /wp-admin/css/colors/ocean/wp-hidden2.php HTTP/1.1" 404 47 "-" "Go-http-client/1.1"
193.37.32.87 - - [13/Dec/2025:09:27:58 +0800] "GET /wp-includes/images/crystal/ HTTP/1.1" 403 146 "-" "Go-http-client/1.1"
193.37.32.87 - - [13/Dec/2025:09:27:58 +0800] "GET /wp-includes/blocks/comment-content/ HTTP/1.1" 403 146 "-" "Go-http-client/1.1"
193.37.32.87 - - [13/Dec/2025:09:27:59 +0800] "GET /wp-includes/SimplePie/src/about.php HTTP/1.1" 404 47 "-" "Go-http-client/1.1"
193.37.32.87 - - [13/Dec/2025:09:27:59 +0800] "GET /wp-content/uploads/elementor/ HTTP/1.1" 403 146 "-" "Go-http-client/1.1"
193.37.32.87 - - [13/Dec/2025:09:27:59 +0800] "GET /wp-content/themes/twentytwentyfive/styles/typography/ HTTP/1.1" 403 146 "-" "Go-http-client/1.1"
193.37.32.87 - - [13/Dec/2025:09:27:59 +0800] "GET /berlin.php HTTP/1.1" 404 47 "-" "Go-http-client/1.1"
193.37.32.87 - - [13/Dec/2025:09:27:59 +0800] "GET /database.php HTTP/1.1" 404 47 "-" "Go-http-client/1.1"
193.37.32.87 - - [13/Dec/2025:09:28:00 +0800] "GET /wp-content/themes/news-portal/sitebar.php HTTP/1.1" 404 47 "-" "Go-http-client/1.1"
193.37.32.87 - - [13/Dec/2025:09:28:00 +0800] "GET /wp-includes/css/dist/block-directory/about.php HTTP/1.1" 404 47 "-" "Go-http-client/1.1"
193.37.32.87 - - [13/Dec/2025:09:28:00 +0800] "GET /wp-includes/SimplePie/library/about.php HTTP/1.1" 404 47 "-" "Go-http-client/1.1"
193.37.32.87 - - [13/Dec/2025:09:28:00 +0800] "GET /wp-includes/blocks/post-author/about.php HTTP/1.1" 404 47 "-" "Go-http-client/1.1"
193.37.32.87 - - [13/Dec/2025:09:28:01 +0800] "GET /wp-includes/interactivity-api/about.php HTTP/1.1" 404 47 "-" "Go-http-client/1.1"
193.37.32.87 - - [13/Dec/2025:09:28:01 +0800] "GET /wp-includes/Requests/src/Cookie/about.php HTTP/1.1" 404 47 "-" "Go-http-client/1.1"
193.37.32.87 - - [13/Dec/2025:09:28:01 +0800] "GET /wp-content/plugins/wordpress-seo/js/about.php HTTP/1.1" 404 47 "-" "Go-http-client/1.1"
193.37.32.87 - - [13/Dec/2025:09:28:01 +0800] "GET /wp-admin/FR/wetrasesnnotarial/img/about.php HTTP/1.1" 404 47 "-" "Go-http-client/1.1"
193.37.32.87 - - [13/Dec/2025:09:28:01 +0800] "GET /wp-includes/sitemaps/vx.php HTTP/1.1" 404 47 "-" "Go-http-client/1.1"
193.37.32.87 - - [13/Dec/2025:09:28:02 +0800] "GET /wp-admin/js/widgets/root.php HTTP/1.1" 404 47 "-" "Go-http-client/1.1"
193.37.32.87 - - [13/Dec/2025:09:28:02 +0800] "GET /wp-admin/network/sss.php HTTP/1.1" 404 47 "-" "Go-http-client/1.1"
193.37.32.87 - - [13/Dec/2025:09:28:03 +0800] "GET /wp-content/themes/amryr/ HTTP/1.1" 404 8981 "-" "Go-http-client/1.1"
193.37.32.87 - - [13/Dec/2025:09:28:03 +0800] "GET /wp-content/plugin/3d-flipbook-dflip-lite/3d-flipbook-dflip-lite.php HTTP/1.1" 404 47 "-" "Go-http-client/1.1"
193.37.32.87 - - [13/Dec/2025:09:28:03 +0800] "GET /wp-content/plugin/advanced-custom-fields/acf.php HTTP/1.1" 404 47 "-" "Go-http-client/1.1"
193.37.32.87 - - [13/Dec/2025:09:28:03 +0800] "GET /wp-content/plugin/pngoptimazie.php HTTP/1.1" 404 47 "-" "Go-http-client/1.1"
193.37.32.87 - - [13/Dec/2025:09:28:04 +0800] "GET /wp-fmfile.php HTTP/1.1" 404 47 "-" "Go-http-client/1.1"
193.37.32.87 - - [13/Dec/2025:09:28:04 +0800] "GET /wp-admin/aaka.php HTTP/1.1" 404 47 "-" "Go-http-client/1.1"
193.37.32.87 - - [13/Dec/2025:09:28:04 +0800] "GET /wp-content/plugins/aatdgetgdg/main.php HTTP/1.1" 404 47 "-" "Go-http-client/1.1"
193.37.32.66 - - [13/Dec/2025:09:28:05 +0800] "GET /wp-content/uploads/wpforms/ HTTP/1.1" 404 8981 "-" "Go-http-client/1.1"
193.37.32.66 - - [13/Dec/2025:09:28:05 +0800] "GET /wp-includes/SimplePie/library/ HTTP/1.1" 403 146 "-" "Go-http-client/1.1"
193.37.32.66 - - [13/Dec/2025:09:28:06 +0800] "GET /wp-all.php HTTP/1.1" 404 47 "-" "Go-http-client/1.1"
193.37.32.66 - - [13/Dec/2025:09:28:06 +0800] "GET /wp-includes/block-bindings/connects.php HTTP/1.1" 404 47 "-" "Go-http-client/1.1"
193.37.32.66 - - [13/Dec/2025:09:28:06 +0800] "GET /wp-includes/block-bindings/m.php HTTP/1.1" 404 47 "-" "Go-http-client/1.1"
193.37.32.66 - - [13/Dec/2025:09:28:06 +0800] "GET /wp/wp-admin/user/aws.php HTTP/1.1" 404 47 "-" "Go-http-client/1.1"
193.37.32.66 - - [13/Dec/2025:09:28:06 +0800] "GET /wp/admin.php HTTP/1.1" 404 47 "-" "Go-http-client/1.1"
193.37.32.66 - - [13/Dec/2025:09:28:07 +0800] "GET /wp/wp-content/plugins/peptide/peptide2.php HTTP/1.1" 404 47 "-" "Go-http-client/1.1"
193.37.32.66 - - [13/Dec/2025:09:28:08 +0800] "GET /wp/wp-includes/ HTTP/1.1" 404 8981 "-" "Go-http-client/1.1"
193.37.32.66 - - [13/Dec/2025:09:28:08 +0800] "GET /wp/wp-includes/css/dist/commands/ HTTP/1.1" 404 8981 "-" "Go-http-client/1.1"
193.37.32.66 - - [13/Dec/2025:09:28:09 +0800] "GET /wp-content/themes/twentytwentyfour/assets/fonts/jost/ HTTP/1.1" 404 8981 "-" "Go-http-client/1.1"
193.37.32.66 - - [13/Dec/2025:09:28:10 +0800] "GET /wp-content/themes/twentytwentyfour/parts/ HTTP/1.1" 404 8981 "-" "Go-http-client/1.1"
193.37.32.66 - - [13/Dec/2025:09:28:11 +0800] "GET /wp-content/cache/all/neve_custom_layouts/blog-title/embed/ HTTP/1.1" 404 8981 "-" "Go-http-client/1.1"
193.37.32.66 - - [13/Dec/2025:09:28:12 +0800] "GET /wp-content/cache/all/get-a-quote-for-your-trucking-business/ HTTP/1.1" 404 8981 "-" "Go-http-client/1.1"
193.37.32.66 - - [13/Dec/2025:09:28:13 +0800] "GET /wp-admin00/css/colors/midnight/ HTTP/1.1" 404 8981 "-" "Go-http-client/1.1"
193.37.32.66 - - [13/Dec/2025:09:28:14 +0800] "GET /wp-admin/network/v2/itw/ HTTP/1.1" 404 8982 "-" "Go-http-client/1.1"
193.37.32.66 - - [13/Dec/2025:09:28:14 +0800] "GET /wp-includes/css/dist/block-library/ HTTP/1.1" 403 146 "-" "Go-http-client/1.1"
193.37.32.66 - - [13/Dec/2025:09:28:14 +0800] "GET /wp-includes/blocks/comments-title/ HTTP/1.1" 403 146 "-" "Go-http-client/1.1"
193.37.32.66 - - [13/Dec/2025:09:28:14 +0800] "GET /wp-includes/blocks/group/ HTTP/1.1" 403 146 "-" "Go-http-client/1.1"
193.37.32.66 - - [13/Dec/2025:09:28:15 +0800] "GET /wp-includes/blocks/post-author/ HTTP/1.1" 403 146 "-" "Go-http-client/1.1"
193.37.32.66 - - [13/Dec/2025:09:28:15 +0800] "GET /wp-includes/js/dist/script-modules/block-library/form/ HTTP/1.1" 403 146 "-" "Go-http-client/1.1"
193.37.32.66 - - [13/Dec/2025:09:28:15 +0800] "GET /akcc.php HTTP/1.1" 404 47 "-" "Go-http-client/1.1"
36.133.115.36 - - [13/Dec/2025:09:41:42 +0800] "POST /wp-cron.php?doing_wp_cron=1765590102.0293920040130615234375 HTTP/1.1" 200 31 "-" "WordPress/6.8.3; http://cqqizhou.com"
195.178.110.152 - - [13/Dec/2025:09:41:42 +0800] "HEAD / HTTP/1.1" 301 0 "-" "Mozilla/5.0 (Windows NT 10.0; Win64; x64) AppleWebKit/537.36"
195.178.110.152 - - [13/Dec/2025:09:41:44 +0800] "GET / HTTP/1.1" 301 5 "-" "Mozilla/5.0 (Windows NT 10.0; Win64; x64) AppleWebKit/537.36"
54.37.118.70 - - [13/Dec/2025:10:02:55 +0800] "GET /2162/ HTTP/1.1" 200 25537 "-" "Mozilla/5.0 (compatible; AhrefsBot/7.0; +http://ahrefs.com/robot/)"
36.133.115.36 - - [13/Dec/2025:10:04:29 +0800] "POST /wp-cron.php?doing_wp_cron=1765591469.4932210445404052734375 HTTP/1.1" 200 31 "-" "WordPress/6.8.3; http://cqqizhou.com"
62.60.130.228 - - [13/Dec/2025:10:04:29 +0800] "GET /wp-login.php HTTP/1.1" 200 2774 "https://duckduckgo.com/" "Mozilla/5.0 (Macintosh; Intel Mac OS X 13_6_1) AppleWebKit/537.36 (KHTML, like Gecko) Chrome/120.0.0.0 Safari/537.36"
62.60.130.228 - - [13/Dec/2025:10:04:30 +0800] "POST /wp-login.php HTTP/1.1" 200 2988 "http://CQQIZHOU.COM/wp-login.php" "Mozilla/5.0 (Windows NT 11.0; Win64; x64; rv:121.0) Gecko/20100101 Firefox/121.0"
62.60.130.228 - - [13/Dec/2025:10:04:33 +0800] "POST /wp-login.php HTTP/1.1" 200 2983 "http://CQQIZHOU.COM/wp-login.php" "Mozilla/5.0 (Windows NT 10.0; Win64; x64) AppleWebKit/537.36 (KHTML, like Gecko) Chrome/119.0.0.0 Safari/537.36"
62.60.130.228 - - [13/Dec/2025:10:04:42 +0800] "POST /wp-login.php HTTP/1.1" 200 2989 "http://CQQIZHOU.COM/wp-login.php" "Mozilla/5.0 (Macintosh; Intel Mac OS X 10_15_7; rv:118.0) Gecko/20100101 Firefox/118.0"
36.133.115.36 - - [13/Dec/2025:10:04:56 +0800] "POST /wp-cron.php?doing_wp_cron=1765591496.7106409072875976562500 HTTP/1.1" 200 31 "-" "WordPress/6.8.3; http://cqqizhou.com"
62.60.130.228 - - [13/Dec/2025:10:04:56 +0800] "POST /wp-login.php HTTP/1.1" 200 2988 "http://CQQIZHOU.COM/wp-login.php" "Mozilla/5.0 (X11; Linux x86_64) AppleWebKit/537.36 (KHTML, like Gecko) Chrome/120.0.0.0 Safari/537.36"
62.60.130.228 - - [13/Dec/2025:10:05:05 +0800] "POST /wp-login.php HTTP/1.1" 200 2932 "http://CQQIZHOU.COM/wp-login.php" "Mozilla/5.0 (Windows NT 10.0; Win64; x64) AppleWebKit/537.36 (KHTML, like Gecko) Chrome/118.0.0.0 Safari/537.36"
62.60.130.228 - - [13/Dec/2025:10:05:14 +0800] "POST /wp-login.php HTTP/1.1" 200 2984 "http://CQQIZHOU.COM/wp-login.php" "Mozilla/5.0 (Macintosh; Intel Mac OS X 10_15_7) AppleWebKit/537.36 (KHTML, like Gecko) Chrome/119.0.0.0 Safari/537.36"
62.60.130.228 - - [13/Dec/2025:10:05:26 +0800] "POST /wp-login.php HTTP/1.1" 200 2932 "http://CQQIZHOU.COM/wp-login.php" "Mozilla/5.0 (Macintosh; Intel Mac OS X 13_6_1; rv:119.0) Gecko/20100101 Firefox/119.0"
62.60.130.228 - - [13/Dec/2025:10:05:32 +0800] "POST /wp-login.php HTTP/1.1" 200 2932 "http://CQQIZHOU.COM/wp-login.php" "Mozilla/5.0 (Macintosh; Intel Mac OS X 13_6_1) AppleWebKit/605.1.15 (KHTML, like Gecko) Version/16.6 Safari/605.1.15"
62.60.130.228 - - [13/Dec/2025:10:05:35 +0800] "POST /wp-login.php HTTP/1.1" 200 2983 "http://CQQIZHOU.COM/wp-login.php" "Mozilla/5.0 (Macintosh; Intel Mac OS X 10_15_7) AppleWebKit/605.1.15 (KHTML, like Gecko) Version/17.1 Safari/605.1.15"
62.60.130.228 - - [13/Dec/2025:10:05:42 +0800] "POST /wp-login.php HTTP/1.1" 200 2983 "http://CQQIZHOU.COM/wp-login.php" "Mozilla/5.0 (Windows NT 10.0; Win64; x64; rv:119.0) Gecko/20100101 Firefox/119.0"
36.133.115.36 - - [13/Dec/2025:10:09:55 +0800] "POST /wp-cron.php?doing_wp_cron=1765591795.1818768978118896484375 HTTP/1.1" 200 31 "-" "WordPress/6.8.3; http://cqqizhou.com"
216.244.66.245 - - [13/Dec/2025:10:09:55 +0800] "GET /robots.txt HTTP/1.1" 200 390 "-" "Mozilla/5.0 (compatible; DotBot/1.2; +https://opensiteexplorer.org/dotbot; help@moz.com)"
36.133.115.36 - - [13/Dec/2025:10:11:43 +0800] "POST /wp-cron.php?doing_wp_cron=1765591903.4131469726562500000000 HTTP/1.1" 200 31 "-" "WordPress/6.8.3; http://cqqizhou.com"
204.76.203.212 - - [13/Dec/2025:10:11:43 +0800] "GET / HTTP/1.1" 200 33673 "-" "Mozilla/5.0 (Windows NT 10.0; Win64; x64) AppleWebKit/537.36 (KHTML, like Gecko) Chrome/90.0.4430.85 Safari/537.36 Edg/90.0.818.46"
216.244.66.245 - - [13/Dec/2025:10:18:13 +0800] "GET /bug/ HTTP/1.1" 200 46930 "-" "Mozilla/5.0 (compatible; DotBot/1.2; +https://opensiteexplorer.org/dotbot; help@moz.com)"
216.244.66.245 - - [13/Dec/2025:10:18:18 +0800] "GET /wp-content/uploads/2025/11/1762864385-QZ_Photo-10.webp HTTP/1.1" 200 145408 "-" "Mozilla/5.0 (compatible; DotBot/1.2; +https://opensiteexplorer.org/dotbot; help@moz.com)"
36.133.115.36 - - [13/Dec/2025:10:31:06 +0800] "POST /wp-cron.php?doing_wp_cron=1765593066.1382279396057128906250 HTTP/1.1" 200 31 "-" "WordPress/6.8.3; http://cqqizhou.com"
149.50.103.48 - - [13/Dec/2025:10:31:06 +0800] "GET / HTTP/1.1" 200 33673 "-" "Mozilla/5.0 (Windows NT 10.0; Win64; x64) AppleWebKit/537.36 (KHTML, like Gecko) Chrome/90.0.4430.85 Safari/537.36 Edg/90.0.818.46"
36.133.115.36 - - [13/Dec/2025:10:36:32 +0800] "POST /wp-cron.php?doing_wp_cron=1765593392.0425989627838134765625 HTTP/1.1" 200 31 "-" "WordPress/6.8.3; http://cqqizhou.com"
87.121.84.181 - - [13/Dec/2025:10:36:32 +0800] "GET / HTTP/1.0" 200 109870 "-" "Mozilla/5.0 (X11; Linux x86_64; rv:140.0) Gecko/20100101 Firefox/140.0"
92.222.104.206 - - [13/Dec/2025:10:51:52 +0800] "GET /industry/ HTTP/1.1" 200 22050 "-" "Mozilla/5.0 (compatible; AhrefsBot/7.0; +http://ahrefs.com/robot/)"
36.133.115.36 - - [13/Dec/2025:10:59:12 +0800] "POST /wp-cron.php?doing_wp_cron=1765594752.0065979957580566406250 HTTP/1.1" 200 31 "-" "WordPress/6.8.3; http://cqqizhou.com"
204.76.203.212 - - [13/Dec/2025:10:59:12 +0800] "GET / HTTP/1.1" 200 33673 "-" "Mozilla/5.0 (Windows NT 10.0; Win64; x64) AppleWebKit/537.36 (KHTML, like Gecko) Chrome/90.0.4430.85 Safari/537.36 Edg/90.0.818.46"
36.133.115.36 - - [13/Dec/2025:11:00:13 +0800] "POST /wp-cron.php?doing_wp_cron=1765594813.4351999759674072265625 HTTP/1.1" 200 31 "-" "WordPress/6.8.3; http://cqqizhou.com"
216.244.66.245 - - [13/Dec/2025:11:00:13 +0800] "GET /robots.txt HTTP/1.1" 200 390 "-" "Mozilla/5.0 (compatible; DotBot/1.2; +https://opensiteexplorer.org/dotbot; help@moz.com)"
36.133.115.36 - - [13/Dec/2025:11:01:31 +0800] "POST /wp-cron.php?doing_wp_cron=1765594891.4078741073608398437500 HTTP/1.1" 200 31 "-" "WordPress/6.8.3; http://cqqizhou.com"
45.156.128.37 - - [13/Dec/2025:11:01:31 +0800] "GET / HTTP/1.1" 301 5 "-" "Mozilla/5.0 (Windows NT 10.0; Win64; x64) AppleWebKit/537.36 (KHTML, like Gecko) Chrome/60.0.3112.113 Safari/537.36"
45.156.128.37 - - [13/Dec/2025:11:01:32 +0800] "GET / HTTP/1.1" 200 34106 "http://36.133.115.36/" "Mozilla/5.0 (Windows NT 10.0; Win64; x64) AppleWebKit/537.36 (KHTML, like Gecko) Chrome/60.0.3112.113 Safari/537.36"
36.133.115.36 - - [13/Dec/2025:11:02:27 +0800] "POST /wp-cron.php?doing_wp_cron=1765594947.1602599620819091796875 HTTP/1.1" 200 31 "-" "WordPress/6.8.3; http://cqqizhou.com"
38.58.179.181 - - [13/Dec/2025:11:02:27 +0800] "GET http://check.9tb.org/ HTTP/1.1" 301 5 "-" "Mozilla/5.0 (Windows NT 10.0; Win64; x64) AppleWebKit/537.36"
38.58.179.181 - - [13/Dec/2025:11:02:27 +0800] "GET http://cqqizhou.com/ HTTP/1.1" 200 34106 "http://check.9tb.org" "Mozilla/5.0 (Windows NT 10.0; Win64; x64) AppleWebKit/537.36"
216.244.66.245 - - [13/Dec/2025:11:08:42 +0800] "GET /wp-content/uploads/2025/07/1750649186-qizhou1920x1080_3.webp HTTP/1.1" 200 134070 "-" "Mozilla/5.0 (compatible; DotBot/1.2; +https://opensiteexplorer.org/dotbot; help@moz.com)"
45.89.70.31 - - [13/Dec/2025:11:15:31 +0800] "GET / HTTP/1.0" 200 153956 "http://cqqizhou.com/" "Mozilla/5.0 (Windows NT 10.0; Win64; x64) AppleWebKit/537.36 (KHTML, like Gecko) Chrome/130.0.0.0 Safari/537.36"
45.89.70.31 - - [13/Dec/2025:11:15:33 +0800] "GET /contacts/ HTTP/1.0" 200 78571 "http://cqqizhou.com/contacts/" "Mozilla/5.0 (Windows NT 10.0; Win64; x64) AppleWebKit/537.36 (KHTML, like Gecko) Chrome/130.0.0.0 Safari/537.36"
36.133.115.36 - - [13/Dec/2025:11:15:35 +0800] "POST /wp-cron.php?doing_wp_cron=1765595735.6018600463867187500000 HTTP/1.1" 200 31 "-" "WordPress/6.8.3; http://cqqizhou.com"
45.89.70.31 - - [13/Dec/2025:11:15:36 +0800] "POST /contacts/ HTTP/1.0" 200 69306 "http://cqqizhou.com/contacts/" "Mozilla/5.0 (Windows NT 10.0; Win64; x64) AppleWebKit/537.36 (KHTML, like Gecko) Chrome/130.0.0.0 Safari/537.36"
36.133.115.36 - - [13/Dec/2025:11:25:36 +0800] "POST /wp-cron.php?doing_wp_cron=1765596336.0087080001831054687500 HTTP/1.1" 200 31 "-" "WordPress/6.8.3; http://cqqizhou.com"
119.28.89.249 - - [13/Dec/2025:11:25:36 +0800] "GET / HTTP/1.1" 301 5 "-" "Mozilla/5.0 (iPhone; CPU iPhone OS 13_2_3 like Mac OS X) AppleWebKit/605.1.15 (KHTML, like Gecko) Version/13.0.3 Mobile/15E148 Safari/604.1"
36.133.115.36 - - [13/Dec/2025:11:25:46 +0800] "POST /wp-cron.php?doing_wp_cron=1765596346.1953918933868408203125 HTTP/1.1" 200 31 "-" "WordPress/6.8.3; http://cqqizhou.com"
119.28.89.249 - - [13/Dec/2025:11:25:46 +0800] "GET / HTTP/1.1" 200 33673 "http://www.cqqizhou.com" "Mozilla/5.0 (iPhone; CPU iPhone OS 13_2_3 like Mac OS X) AppleWebKit/605.1.15 (KHTML, like Gecko) Version/13.0.3 Mobile/15E148 Safari/604.1"
123.57.13.121 - - [13/Dec/2025:11:38:08 +0800] "GET / HTTP/1.1" 200 34106 "-" "Mozilla/5.0 (Windows NT 10.0; Win64; x64) AppleWebKit/537.36 (KHTML, like Gecko) Chrome/104.0.0.0 Safari/537.36"
36.133.115.36 - - [13/Dec/2025:11:40:51 +0800] "POST /wp-cron.php?doing_wp_cron=1765597251.1186358928680419921875 HTTP/1.1" 200 31 "-" "WordPress/6.8.3; http://cqqizhou.com"
193.142.147.209 - - [13/Dec/2025:11:40:51 +0800] "GET /cgi-bin/luci/;stok=/locale HTTP/1.1" 301 5 "-" "-"
193.142.147.209 - - [13/Dec/2025:11:40:52 +0800] "GET /cgi-bin/luci/;stok=/locale HTTP/1.1" 404 31364 "http://36.133.115.36:80/cgi-bin/luci/;stok=/locale" "-"
36.133.115.36 - - [13/Dec/2025:11:45:12 +0800] "POST /wp-cron.php?doing_wp_cron=1765597512.8636100292205810546875 HTTP/1.1" 200 31 "-" "WordPress/6.8.3; http://cqqizhou.com"
52.167.144.65 - - [13/Dec/2025:11:45:12 +0800] "GET /robots.txt HTTP/1.1" 200 190 "-" "Mozilla/5.0 AppleWebKit/537.36 (KHTML, like Gecko; compatible; bingbot/2.0; +http://www.bing.com/bingbot.htm) Chrome/116.0.1938.76 Safari/537.36"
36.133.115.36 - - [13/Dec/2025:11:46:28 +0800] "POST /wp-cron.php?doing_wp_cron=1765597588.5702059268951416015625 HTTP/1.1" 200 31 "-" "WordPress/6.8.3; http://cqqizhou.com"
49.51.39.209 - - [13/Dec/2025:11:46:28 +0800] "GET / HTTP/1.1" 200 33673 "-" "Mozilla/5.0 (iPhone; CPU iPhone OS 13_2_3 like Mac OS X) AppleWebKit/605.1.15 (KHTML, like Gecko) Version/13.0.3 Mobile/15E148 Safari/604.1"
36.133.115.36 - - [13/Dec/2025:11:48:17 +0800] "POST /wp-cron.php?doing_wp_cron=1765597697.3834888935089111328125 HTTP/1.1" 200 31 "-" "WordPress/6.8.3; http://cqqizhou.com"
204.76.203.212 - - [13/Dec/2025:11:48:17 +0800] "GET / HTTP/1.1" 200 33673 "-" "Mozilla/5.0 (Windows NT 10.0; Win64; x64) AppleWebKit/537.36 (KHTML, like Gecko) Chrome/90.0.4430.85 Safari/537.36 Edg/90.0.818.46"
36.133.115.36 - - [13/Dec/2025:11:56:49 +0800] "POST /wp-cron.php?doing_wp_cron=1765598209.6749589443206787109375 HTTP/1.1" 200 31 "-" "WordPress/6.8.3; http://cqqizhou.com"
61.155.157.54 - - [13/Dec/2025:11:56:49 +0800] "GET / HTTP/1.1" 301 5 "-" "Mozilla/5.0 (Windows NT 10.0; Win64; x64) AppleWebKit/537.36 (KHTML, like Gecko) Chrome/100.0.4896.127 Safari/537.36"
61.155.157.54 - - [13/Dec/2025:11:56:49 +0800] "GET / HTTP/1.1" 200 34106 "-" "Mozilla/5.0 (Windows NT 10.0; Win64; x64) AppleWebKit/537.36 (KHTML, like Gecko) Chrome/100.0.4896.127 Safari/537.36"
36.133.115.36 - - [13/Dec/2025:12:00:55 +0800] "POST /wp-cron.php?doing_wp_cron=1765598455.0165479183197021484375 HTTP/1.1" 200 31 "-" "WordPress/6.8.3; http://cqqizhou.com"
198.244.183.33 - - [13/Dec/2025:12:00:55 +0800] "GET /robots.txt HTTP/1.1" 200 190 "-" "Mozilla/5.0 (compatible; AhrefsBot/7.0; +http://ahrefs.com/robot/)"
51.75.236.147 - - [13/Dec/2025:12:00:58 +0800] "GET /2160/ HTTP/1.1" 200 30119 "-" "Mozilla/5.0 (compatible; AhrefsBot/7.0; +http://ahrefs.com/robot/)"
36.133.115.36 - - [13/Dec/2025:12:31:22 +0800] "POST /wp-cron.php?doing_wp_cron=1765600281.9741508960723876953125 HTTP/1.1" 200 31 "-" "WordPress/6.8.3; http://cqqizhou.com"
62.60.130.228 - - [13/Dec/2025:12:31:22 +0800] "GET /wp-login.php HTTP/1.1" 200 2774 "" "Mozilla/5.0 (X11; Ubuntu; Linux x86_64) AppleWebKit/537.36 (KHTML, like Gecko) Chrome/121.0.0.0 Safari/537.36"
62.60.130.228 - - [13/Dec/2025:12:31:23 +0800] "POST /wp-login.php HTTP/1.1" 200 2988 "http://CQQIZHOU.COM/wp-login.php" "Mozilla/5.0 (Windows NT 10.0; Win64; x64) AppleWebKit/537.36 (KHTML, like Gecko) Chrome/120.0.0.0 Safari/537.36"
62.60.130.228 - - [13/Dec/2025:12:31:30 +0800] "POST /wp-login.php HTTP/1.1" 200 2983 "http://CQQIZHOU.COM/wp-login.php" "Mozilla/5.0 (Windows NT 11.0; Win64; x64; rv:119.0) Gecko/20100101 Firefox/119.0"
62.60.130.228 - - [13/Dec/2025:12:31:34 +0800] "POST /wp-login.php HTTP/1.1" 200 2989 "http://CQQIZHOU.COM/wp-login.php" "Mozilla/5.0 (Macintosh; Intel Mac OS X 13_6_1; rv:120.0) Gecko/20100101 Firefox/120.0"
62.60.130.228 - - [13/Dec/2025:12:31:37 +0800] "POST /wp-login.php HTTP/1.1" 200 2988 "http://CQQIZHOU.COM/wp-login.php" "Mozilla/5.0 (Macintosh; Intel Mac OS X 13_6_1) AppleWebKit/537.36 (KHTML, like Gecko) Chrome/120.0.0.0 Safari/537.36"
62.60.130.228 - - [13/Dec/2025:12:31:42 +0800] "POST /wp-login.php HTTP/1.1" 200 2932 "http://CQQIZHOU.COM/wp-login.php" "Mozilla/5.0 (X11; Ubuntu; Linux x86_64) AppleWebKit/537.36 (KHTML, like Gecko) Chrome/118.0.0.0 Safari/537.36"
62.60.130.228 - - [13/Dec/2025:12:31:45 +0800] "POST /wp-login.php HTTP/1.1" 200 2984 "http://CQQIZHOU.COM/wp-login.php" "Mozilla/5.0 (Macintosh; Intel Mac OS X 10_15_7) AppleWebKit/537.36 (KHTML, like Gecko) Chrome/119.0.0.0 Safari/537.36"
36.133.115.36 - - [13/Dec/2025:12:31:50 +0800] "POST /wp-cron.php?doing_wp_cron=1765600310.7328400611877441406250 HTTP/1.1" 200 31 "-" "WordPress/6.8.3; http://cqqizhou.com"
62.60.130.228 - - [13/Dec/2025:12:31:50 +0800] "POST /wp-login.php HTTP/1.1" 200 2932 "http://CQQIZHOU.COM/wp-login.php" "Mozilla/5.0 (X11; Ubuntu; Linux x86_64) AppleWebKit/537.36 (KHTML, like Gecko) Chrome/118.0.0.0 Safari/537.36"
62.60.130.228 - - [13/Dec/2025:12:31:53 +0800] "POST /wp-login.php HTTP/1.1" 200 2932 "http://CQQIZHOU.COM/wp-login.php" "Mozilla/5.0 (Macintosh; Intel Mac OS X 10_15_7; rv:119.0) Gecko/20100101 Firefox/119.0"
62.60.130.228 - - [13/Dec/2025:12:31:55 +0800] "POST /wp-login.php HTTP/1.1" 200 2983 "http://CQQIZHOU.COM/wp-login.php" "Mozilla/5.0 (Macintosh; Intel Mac OS X 13_6_1) AppleWebKit/537.36 (KHTML, like Gecko) Chrome/118.0.0.0 Safari/537.36"
62.60.130.228 - - [13/Dec/2025:12:31:58 +0800] "POST /wp-login.php HTTP/1.1" 200 2983 "http://CQQIZHOU.COM/wp-login.php" "Mozilla/5.0 (Windows NT 10.0; Win64; x64) AppleWebKit/537.36 (KHTML, like Gecko) Chrome/118.0.0.0 Safari/537.36"
92.222.104.207 - - [13/Dec/2025:12:32:46 +0800] "GET /portfolio/%E5%86%B7%E8%BD%A7%E6%9D%BF/ HTTP/1.1" 200 18951 "-" "Mozilla/5.0 (compatible; AhrefsBot/7.0; +http://ahrefs.com/robot/)"
36.133.115.36 - - [13/Dec/2025:12:36:54 +0800] "POST /wp-cron.php?doing_wp_cron=1765600614.3697159290313720703125 HTTP/1.1" 200 31 "-" "WordPress/6.8.3; http://cqqizhou.com"
36.133.108.121 - - [13/Dec/2025:12:36:54 +0800] "HEAD / HTTP/1.1" 301 0 "-" "Mozilla/5.0 (Windows; U; Windows NT 5.1; ru-RU) AppleWebKit/533.19.4 (KHTML, like Gecko) Version/5.0.3 Safari/533.19.4"
36.133.115.36 - - [13/Dec/2025:13:00:55 +0800] "POST /wp-cron.php?doing_wp_cron=1765602055.2001669406890869140625 HTTP/1.1" 200 31 "-" "WordPress/6.8.3; http://cqqizhou.com"
162.243.2.188 - - [13/Dec/2025:13:00:56 +0800] "GET / HTTP/1.1" 200 152290 "-" "Mozilla/5.0 (Windows NT 10.0; Win64; x64) AppleWebKit/537.36 (KHTML, like Gecko) Chrome/125.0.0.0 Safari/537.36"
36.133.115.36 - - [13/Dec/2025:13:14:54 +0800] "POST /wp-cron.php?doing_wp_cron=1765602894.3744509220123291015625 HTTP/1.1" 200 31 "-" "WordPress/6.8.3; http://cqqizhou.com"
36.41.75.167 - - [13/Dec/2025:13:14:54 +0800] "GET / HTTP/1.1" 200 33671 "-" "Mozilla/5.0 (iPhone; CPU iPhone OS 13_2_3 like Mac OS X) AppleWebKit/605.1.15 (KHTML, like Gecko) Version/13.0.3 Mobile/15E148 Safari/604.1"
149.50.103.48 - - [13/Dec/2025:13:15:21 +0800] "GET / HTTP/1.1" 200 33673 "-" "Mozilla/5.0 (Windows NT 10.0; Win64; x64) AppleWebKit/537.36 (KHTML, like Gecko) Chrome/90.0.4430.85 Safari/537.36 Edg/90.0.818.46"
36.133.115.36 - - [13/Dec/2025:13:19:07 +0800] "POST /wp-cron.php?doing_wp_cron=1765603147.0540630817413330078125 HTTP/1.1" 200 31 "-" "WordPress/6.8.3; http://cqqizhou.com"
20.163.74.93 - - [13/Dec/2025:13:19:07 +0800] "GET /hudson HTTP/1.1" 404 8981 "-" "Mozilla/5.0 zgrab/0.x"
36.133.115.36 - - [13/Dec/2025:13:22:36 +0800] "POST /wp-cron.php?doing_wp_cron=1765603356.9614319801330566406250 HTTP/1.1" 200 31 "-" "WordPress/6.8.3; http://cqqizhou.com"
204.76.203.212 - - [13/Dec/2025:13:22:37 +0800] "GET / HTTP/1.1" 200 33673 "-" "Mozilla/5.0 (Windows NT 10.0; Win64; x64) AppleWebKit/537.36 (KHTML, like Gecko) Chrome/90.0.4430.85 Safari/537.36 Edg/90.0.818.46"
92.222.108.127 - - [13/Dec/2025:13:47:19 +0800] "GET /2159/ HTTP/1.1" 200 29116 "-" "Mozilla/5.0 (compatible; AhrefsBot/7.0; +http://ahrefs.com/robot/)"
49.233.155.99 - - [13/Dec/2025:13:49:01 +0800] "GET /industry/ HTTP/1.1" 200 22050 "-" "Python/3.10 aiohttp/3.10.5"
49.233.155.99 - - [13/Dec/2025:13:49:01 +0800] "GET / HTTP/1.1" 200 34106 "-" "Python/3.10 aiohttp/3.10.5"
36.133.115.36 - - [13/Dec/2025:13:49:01 +0800] "POST /wp-cron.php?doing_wp_cron=1765604941.9275169372558593750000 HTTP/1.1" 200 31 "-" "WordPress/6.8.3; http://cqqizhou.com"
49.233.155.99 - - [13/Dec/2025:13:49:02 +0800] "GET /logistics/ HTTP/1.1" 200 18536 "-" "Python/3.10 aiohttp/3.10.5"
66.249.68.64 - - [13/Dec/2025:13:49:02 +0800] "GET /robots.txt HTTP/1.1" 200 190 "-" "Mozilla/5.0 (compatible; Googlebot/2.1; +http://www.google.com/bot.html)"
49.233.155.99 - - [13/Dec/2025:13:49:02 +0800] "GET /services/ HTTP/1.1" 200 31612 "-" "Python/3.10 aiohttp/3.10.5"
36.133.115.36 - - [13/Dec/2025:13:58:25 +0800] "POST /wp-cron.php?doing_wp_cron=1765605505.0677440166473388671875 HTTP/1.1" 200 31 "-" "WordPress/6.8.3; http://cqqizhou.com"
51.68.236.87 - - [13/Dec/2025:13:58:25 +0800] "GET /robots.txt HTTP/1.1" 301 5 "-" "Mozilla/5.0 (compatible; MJ12bot/v2.0.4; http://mj12bot.com/)"
51.68.236.87 - - [13/Dec/2025:13:58:28 +0800] "GET /robots.txt HTTP/1.1" 200 190 "-" "Mozilla/5.0 (compatible; MJ12bot/v2.0.4; http://mj12bot.com/)"
51.68.236.87 - - [13/Dec/2025:13:58:29 +0800] "GET / HTTP/1.1" 301 5 "-" "Mozilla/5.0 (compatible; MJ12bot/v2.0.4; http://mj12bot.com/)"
51.68.236.87 - - [13/Dec/2025:13:58:30 +0800] "GET / HTTP/1.1" 200 34106 "-" "Mozilla/5.0 (compatible; MJ12bot/v2.0.4; http://mj12bot.com/)"
36.133.115.36 - - [13/Dec/2025:14:22:27 +0800] "POST /wp-cron.php?doing_wp_cron=1765606947.0334138870239257812500 HTTP/1.1" 200 31 "-" "WordPress/6.8.3; http://cqqizhou.com"
216.244.66.245 - - [13/Dec/2025:14:22:27 +0800] "GET /robots.txt HTTP/1.1" 200 390 "-" "Mozilla/5.0 (compatible; DotBot/1.2; +https://opensiteexplorer.org/dotbot; help@moz.com)"
36.133.115.36 - - [13/Dec/2025:14:30:29 +0800] "POST /wp-cron.php?doing_wp_cron=1765607429.6872339248657226562500 HTTP/1.1" 200 31 "-" "WordPress/6.8.3; http://cqqizhou.com"
43.130.141.193 - - [13/Dec/2025:14:30:29 +0800] "GET / HTTP/1.1" 301 5 "-" "Mozilla/5.0 (iPhone; CPU iPhone OS 13_2_3 like Mac OS X) AppleWebKit/605.1.15 (KHTML, like Gecko) Version/13.0.3 Mobile/15E148 Safari/604.1"
43.130.141.193 - - [13/Dec/2025:14:30:32 +0800] "GET / HTTP/1.1" 200 33673 "http://36.133.115.36" "Mozilla/5.0 (iPhone; CPU iPhone OS 13_2_3 like Mac OS X) AppleWebKit/605.1.15 (KHTML, like Gecko) Version/13.0.3 Mobile/15E148 Safari/604.1"
216.244.66.245 - - [13/Dec/2025:14:31:17 +0800] "GET /portfolio-tag/%E9%9E%8D%E9%92%A2%E8%92%82%E6%A3%AE/ HTTP/1.1" 200 86515 "-" "Mozilla/5.0 (compatible; DotBot/1.2; +https://opensiteexplorer.org/dotbot; help@moz.com)"
216.244.66.245 - - [13/Dec/2025:14:31:49 +0800] "GET /wp-content/uploads/2025/07/1750649197-qizhou1920x1080_6.webp HTTP/1.1" 200 150354 "-" "Mozilla/5.0 (compatible; DotBot/1.2; +https://opensiteexplorer.org/dotbot; help@moz.com)"
36.133.115.36 - - [13/Dec/2025:15:00:02 +0800] "POST /wp-cron.php?doing_wp_cron=1765609202.0376360416412353515625 HTTP/1.1" 200 31 "-" "WordPress/6.8.3; http://cqqizhou.com"
204.76.203.212 - - [13/Dec/2025:15:00:02 +0800] "GET / HTTP/1.1" 200 33673 "-" "Mozilla/5.0 (Windows NT 10.0; Win64; x64) AppleWebKit/537.36 (KHTML, like Gecko) Chrome/90.0.4430.85 Safari/537.36 Edg/90.0.818.46"
36.133.115.36 - - [13/Dec/2025:15:00:18 +0800] "POST /wp-cron.php HTTP/1.1" 200 31 "-" "WordPress/6.8.3; http://cqqizhou.com"
36.133.115.36 - - [13/Dec/2025:15:00:18 +0800] "GET / HTTP/1.1" 200 34106 "-" "WordPress/6.8.3; http://cqqizhou.com"
36.133.115.36 - - [13/Dec/2025:15:00:18 +0800] "GET / HTTP/1.1" 200 34106 "-" "WordPress/6.8.3; http://cqqizhou.com"
36.133.115.36 - - [13/Dec/2025:15:00:18 +0800] "GET / HTTP/1.1" 200 34106 "-" "WordPress/6.8.3; http://cqqizhou.com"
121.127.34.106 - - [13/Dec/2025:15:03:36 +0800] "GET / HTTP/1.1" 200 153978 "-" "Mozilla/5.0 (Windows NT 6.3; WOW64) AppleWebKit/537.36 (KHTML, like Gecko) Chrome/31.0.1650.63 Safari/537.36"
36.133.115.36 - - [13/Dec/2025:15:16:49 +0800] "POST /wp-cron.php?doing_wp_cron=1765610209.8244218826293945312500 HTTP/1.1" 200 31 "-" "WordPress/6.8.3; http://cqqizhou.com"
43.128.156.124 - - [13/Dec/2025:15:16:50 +0800] "GET / HTTP/1.1" 200 33673 "-" "Mozilla/5.0 (iPhone; CPU iPhone OS 13_2_3 like Mac OS X) AppleWebKit/605.1.15 (KHTML, like Gecko) Version/13.0.3 Mobile/15E148 Safari/604.1"
92.222.108.123 - - [13/Dec/2025:15:44:44 +0800] "GET /portfolio-tag/%E9%9E%8D%E9%92%A2%E8%92%82%E6%A3%AE/ HTTP/1.1" 200 22787 "-" "Mozilla/5.0 (compatible; AhrefsBot/7.0; +http://ahrefs.com/robot/)"
36.133.115.36 - - [13/Dec/2025:15:57:24 +0800] "POST /wp-cron.php?doing_wp_cron=1765612644.0321569442749023437500 HTTP/1.1" 200 31 "-" "WordPress/6.8.3; http://cqqizhou.com"
216.244.66.245 - - [13/Dec/2025:15:57:24 +0800] "GET /robots.txt HTTP/1.1" 200 390 "-" "Mozilla/5.0 (compatible; DotBot/1.2; +https://opensiteexplorer.org/dotbot; help@moz.com)"
216.244.66.245 - - [13/Dec/2025:16:06:10 +0800] "GET /portfolio/ HTTP/1.1" 200 76919 "-" "Mozilla/5.0 (compatible; DotBot/1.2; +https://opensiteexplorer.org/dotbot; help@moz.com)"
36.133.115.36 - - [13/Dec/2025:16:08:12 +0800] "POST /wp-cron.php?doing_wp_cron=1765613292.4579288959503173828125 HTTP/1.1" 200 31 "-" "WordPress/6.8.3; http://cqqizhou.com"
193.142.147.209 - - [13/Dec/2025:16:08:12 +0800] "GET /cgi-bin/luci/;stok=/locale HTTP/1.1" 301 5 "-" "-"
193.142.147.209 - - [13/Dec/2025:16:08:15 +0800] "GET /cgi-bin/luci/;stok=/locale HTTP/1.1" 404 31364 "http://36.133.115.36:80/cgi-bin/luci/;stok=/locale" "-"
52.167.144.211 - - [13/Dec/2025:16:09:07 +0800] "GET /2339/ HTTP/1.1" 200 21005 "-" "Mozilla/5.0 AppleWebKit/537.36 (KHTML, like Gecko; compatible; bingbot/2.0; +http://www.bing.com/bingbot.htm) Chrome/116.0.1938.76 Safari/537.36"
36.133.115.36 - - [13/Dec/2025:16:35:03 +0800] "POST /wp-cron.php?doing_wp_cron=1765614903.6883718967437744140625 HTTP/1.1" 200 31 "-" "WordPress/6.8.3; http://cqqizhou.com"
100.30.248.17 - - [13/Dec/2025:16:35:03 +0800] "GET / HTTP/1.1" 301 5 "-" "Mozilla/5.0 (Windows NT 10.0; Win64; x64) AppleWebKit/537.36 (KHTML, like Gecko) Chrome/138.0.0.0 Safari/537.36 Edg/138.0.0.0"
100.30.248.17 - - [13/Dec/2025:16:35:10 +0800] "GET / HTTP/1.1" 200 34106 "-" "Mozilla/5.0 (Windows NT 10.0; Win64; x64) AppleWebKit/537.36 (KHTML, like Gecko) Chrome/138.0.0.0 Safari/537.36 Edg/138.0.0.0"
36.133.115.36 - - [13/Dec/2025:17:01:15 +0800] "POST /wp-cron.php?doing_wp_cron=1765616475.3927519321441650390625 HTTP/1.1" 200 31 "-" "WordPress/6.8.3; http://cqqizhou.com"
86.54.42.197 - - [13/Dec/2025:17:01:15 +0800] "GET /.env HTTP/1.1" 404 8981 "-" "Mozilla/5.0 (X11; Linux x86_64) AppleWebKit/537.36 (KHTML, like Gecko) Chrome/81.0.4044.129 Safari/537.36"
36.133.115.36 - - [13/Dec/2025:17:05:10 +0800] "POST /wp-cron.php?doing_wp_cron=1765616710.0451519489288330078125 HTTP/1.1" 200 31 "-" "WordPress/6.8.3; http://cqqizhou.com"
164.52.24.178 - - [13/Dec/2025:17:05:10 +0800] "GET / HTTP/1.1" 301 5 "-" "Mozilla/5.0 (Windows NT 10.0; Win64; x64) AppleWebKit/537.36 (KHTML, like Gecko) Chrome/114.0.0.0 Safari/537.36"
164.52.24.178 - - [13/Dec/2025:17:05:17 +0800] "GET / HTTP/1.1" 301 5 "-" "-"
164.52.24.178 - - [13/Dec/2025:17:05:21 +0800] "GET / HTTP/1.1" 200 153978 "-" "Mozilla/5.0 (Windows NT 10.0; Win64; x64) AppleWebKit/537.36 (KHTML, like Gecko) Chrome/114.0.0.0 Safari/537.36"
141.8.192.25 - - [13/Dec/2025:17:09:19 +0800] "GET / HTTP/1.1" 200 34106 "-" "Mozilla/5.0 (Windows NT 10.0; Win64; x64) AppleWebKit/537.36 (KHTML, like Gecko) Chrome/116.0.5845.96 Safari/537.36 Edg/116.0.1938.62"
36.133.115.36 - - [13/Dec/2025:17:09:20 +0800] "POST /wp-cron.php?doing_wp_cron=1765616960.9266319274902343750000 HTTP/1.1" 200 31 "-" "WordPress/6.8.3; http://cqqizhou.com"
141.8.192.25 - - [13/Dec/2025:17:09:20 +0800] "GET /index.php?rest_route=/wp/v2/users HTTP/1.1" 200 282 "http://cqqizhou.com" "Mozilla/5.0 (Windows NT 10.0; Win64; x64) AppleWebKit/537.36 (KHTML, like Gecko) Chrome/115.0.5790.171 Safari/537.36 Edg/115.0.1901.203"
36.133.115.36 - - [13/Dec/2025:17:20:59 +0800] "POST /wp-cron.php?doing_wp_cron=1765617659.7773649692535400390625 HTTP/1.1" 200 31 "-" "WordPress/6.8.3; http://cqqizhou.com"
91.199.82.162 - - [13/Dec/2025:17:20:59 +0800] "GET http://ip-api.com/json/ HTTP/1.1" 404 8979 "-" "Go-http-client/1.1"
36.133.115.36 - - [13/Dec/2025:17:33:06 +0800] "POST /wp-cron.php?doing_wp_cron=1765618386.6342620849609375000000 HTTP/1.1" 200 31 "-" "WordPress/6.8.3; http://cqqizhou.com"
216.244.66.245 - - [13/Dec/2025:17:33:06 +0800] "GET /robots.txt HTTP/1.1" 200 390 "-" "Mozilla/5.0 (compatible; DotBot/1.2; +https://opensiteexplorer.org/dotbot; help@moz.com)"
216.244.66.245 - - [13/Dec/2025:17:41:32 +0800] "GET /wp-content/uploads/2025/11/1762864370-QZ_Photo-1.webp HTTP/1.1" 200 162970 "-" "Mozilla/5.0 (compatible; DotBot/1.2; +https://opensiteexplorer.org/dotbot; help@moz.com)"
36.133.115.36 - - [13/Dec/2025:17:43:54 +0800] "POST /wp-cron.php?doing_wp_cron=1765619034.0639739036560058593750 HTTP/1.1" 200 31 "-" "WordPress/6.8.3; http://cqqizhou.com"
148.153.56.58 - - [13/Dec/2025:17:43:54 +0800] "GET /hWRK HTTP/1.1" 301 5 "-" "Mozilla/5.0 (Macintosh; Intel Mac OS X 10.9; rv:32.0) Gecko/20100101 Firefox/32.0"
148.153.56.58 - - [13/Dec/2025:17:43:55 +0800] "GET /aab8 HTTP/1.1" 301 5 "-" "Mozilla/5.0 (Macintosh; Intel Mac OS X 10.9; rv:32.0) Gecko/20100101 Firefox/32.0"
36.133.115.36 - - [13/Dec/2025:18:16:16 +0800] "POST /wp-cron.php?doing_wp_cron=1765620976.9393100738525390625000 HTTP/1.1" 200 31 "-" "WordPress/6.8.3; http://cqqizhou.com"
204.76.203.212 - - [13/Dec/2025:18:16:17 +0800] "GET / HTTP/1.1" 200 33673 "-" "Mozilla/5.0 (Windows NT 10.0; Win64; x64) AppleWebKit/537.36 (KHTML, like Gecko) Chrome/90.0.4430.85 Safari/537.36 Edg/90.0.818.46"
36.133.115.36 - - [13/Dec/2025:18:21:54 +0800] "POST /wp-cron.php?doing_wp_cron=1765621314.8099780082702636718750 HTTP/1.1" 200 31 "-" "WordPress/6.8.3; http://cqqizhou.com"
216.244.66.245 - - [13/Dec/2025:18:21:54 +0800] "GET /robots.txt HTTP/1.1" 200 390 "-" "Mozilla/5.0 (compatible; DotBot/1.2; +https://opensiteexplorer.org/dotbot; help@moz.com)"
36.133.115.36 - - [13/Dec/2025:18:23:06 +0800] "POST /wp-cron.php?doing_wp_cron=1765621385.9729850292205810546875 HTTP/1.1" 200 31 "-" "WordPress/6.8.3; http://cqqizhou.com"
141.98.11.140 - - [13/Dec/2025:18:23:06 +0800] "GET / HTTP/1.1" 200 152290 "-" "-"
36.133.115.36 - - [13/Dec/2025:18:30:16 +0800] "POST /wp-cron.php?doing_wp_cron=1765621816.5327789783477783203125 HTTP/1.1" 200 31 "-" "WordPress/6.8.3; http://cqqizhou.com"
216.244.66.245 - - [13/Dec/2025:18:30:16 +0800] "GET /process/processing HTTP/1.1" 301 5 "-" "Mozilla/5.0 (compatible; DotBot/1.2; +https://opensiteexplorer.org/dotbot; help@moz.com)"
