File: //home/logs/cqqizhou_access_2025-12-13.log
36.133.115.36 - - [13/Dec/2025:00:03:49 +0800] "POST /wp-cron.php?doing_wp_cron=1765555429.4910330772399902343750 HTTP/1.1" 200 31 "-" "WordPress/6.8.3; http://cqqizhou.com"
149.50.103.48 - - [13/Dec/2025:00:03:49 +0800] "GET / HTTP/1.1" 200 33672 "-" "Mozilla/5.0 (Windows NT 10.0; Win64; x64) AppleWebKit/537.36 (KHTML, like Gecko) Chrome/90.0.4430.85 Safari/537.36 Edg/90.0.818.46"
36.133.115.36 - - [13/Dec/2025:00:12:54 +0800] "POST /wp-cron.php?doing_wp_cron=1765555974.3651199340820312500000 HTTP/1.1" 200 31 "-" "WordPress/6.8.3; http://cqqizhou.com"
122.232.231.242 - - [13/Dec/2025:00:12:54 +0800] "GET /Ly9jcXFpemhvdS5jb20vd3AtY29udGVudC91cGxvYWRzLzIwMjUvMTIvMTc2NTI2NTM5OC1xaXpob3VfU2xpZGVyXzM4NDDDlzIxNjBfMjAyNTEyMDktc2NhbGVkLndlYnA= HTTP/1.1" 404 8975 "-" "Mozilla/5.0 (Windows NT 6.1; WOW64) AppleWebKit/537.36 (KHTML, like Gecko) Chrome/78.0.3904.11"
36.133.115.36 - - [13/Dec/2025:00:20:59 +0800] "POST /wp-cron.php?doing_wp_cron=1765556459.9343910217285156250000 HTTP/1.1" 200 31 "-" "WordPress/6.8.3; http://cqqizhou.com"
43.153.71.132 - - [13/Dec/2025:00:20:59 +0800] "GET / HTTP/1.1" 301 5 "-" "Mozilla/5.0 (iPhone; CPU iPhone OS 13_2_3 like Mac OS X) AppleWebKit/605.1.15 (KHTML, like Gecko) Version/13.0.3 Mobile/15E148 Safari/604.1"
43.153.71.132 - - [13/Dec/2025:00:21:02 +0800] "GET / HTTP/1.1" 200 33673 "http://36.133.115.36" "Mozilla/5.0 (iPhone; CPU iPhone OS 13_2_3 like Mac OS X) AppleWebKit/605.1.15 (KHTML, like Gecko) Version/13.0.3 Mobile/15E148 Safari/604.1"
36.142.171.235 - - [13/Dec/2025:00:21:03 +0800] "GET /Ly9jcXFpemhvdS5jb20vd3AtY29udGVudC91cGxvYWRzL3JldnNsaWRlci9zbGlkZXItMS8xNzUwODYxMTU2LWxvZ2lzdGljc19TbGlkZXJfMzg0MMOXMjE2MF8yMDI1MDYyNTE5MTM1Ni1zY2FsZWQud2VicA== HTTP/1.1" 404 8975 "-" "Mozilla/5.0 (Windows NT 6.2) AppleWebKit/537.36 (KHTML, like Gecko) Chrome/78.0.3904.105"
36.133.115.36 - - [13/Dec/2025:00:30:39 +0800] "POST /wp-cron.php?doing_wp_cron=1765557039.4657289981842041015625 HTTP/1.1" 200 31 "-" "WordPress/6.8.3; http://cqqizhou.com"
125.80.162.161 - - [13/Dec/2025:00:30:39 +0800] "GET /2339/ HTTP/1.1" 200 20654 "-" "Mozilla/5.0 (iPhone; CPU iPhone OS 18_6_2 like Mac OS X) AppleWebKit/605.1.15 (KHTML, like Gecko) Mobile/15E148 MicroMessenger/8.0.66(0x1800422b) NetType/WIFI Language/zh_CN"
125.80.162.161 - - [13/Dec/2025:00:30:39 +0800] "GET /wp-content/uploads/2025/12/1765253089-20251209103501_96_61.webp HTTP/1.1" 304 0 "http://cqqizhou.com/2339/" "Mozilla/5.0 (iPhone; CPU iPhone OS 18_6_2 like Mac OS X) AppleWebKit/605.1.15 (KHTML, like Gecko) Mobile/15E148 MicroMessenger/8.0.66(0x1800422b) NetType/WIFI Language/zh_CN"
125.80.162.161 - - [13/Dec/2025:00:30:39 +0800] "GET /wp-content/uploads/2025/12/1765248735-20251209104226_108_60.webp HTTP/1.1" 304 0 "http://cqqizhou.com/2339/" "Mozilla/5.0 (iPhone; CPU iPhone OS 18_6_2 like Mac OS X) AppleWebKit/605.1.15 (KHTML, like Gecko) Mobile/15E148 MicroMessenger/8.0.66(0x1800422b) NetType/WIFI Language/zh_CN"
125.80.162.161 - - [13/Dec/2025:00:30:39 +0800] "GET /wp-content/uploads/2025/12/1765248770-20251209104226_107_60.webp HTTP/1.1" 304 0 "http://cqqizhou.com/2339/" "Mozilla/5.0 (iPhone; CPU iPhone OS 18_6_2 like Mac OS X) AppleWebKit/605.1.15 (KHTML, like Gecko) Mobile/15E148 MicroMessenger/8.0.66(0x1800422b) NetType/WIFI Language/zh_CN"
125.80.162.161 - - [13/Dec/2025:00:31:13 +0800] "GET /wp-content/uploads/2025/12/1765249046-20251209104228_110_60.webp HTTP/1.1" 304 0 "http://cqqizhou.com/2339/" "Mozilla/5.0 (iPhone; CPU iPhone OS 18_6_2 like Mac OS X) AppleWebKit/605.1.15 (KHTML, like Gecko) Mobile/15E148 MicroMessenger/8.0.66(0x1800422b) NetType/WIFI Language/zh_CN"
36.133.115.36 - - [13/Dec/2025:00:33:02 +0800] "POST /wp-cron.php?doing_wp_cron=1765557182.8943629264831542968750 HTTP/1.1" 200 31 "-" "WordPress/6.8.3; http://cqqizhou.com"
125.80.162.161 - - [13/Dec/2025:00:33:03 +0800] "GET /2215/ HTTP/1.1" 200 20154 "http://cqqizhou.com/2339/" "Mozilla/5.0 (iPhone; CPU iPhone OS 18_6_2 like Mac OS X) AppleWebKit/605.1.15 (KHTML, like Gecko) Mobile/15E148 MicroMessenger/8.0.66(0x1800422b) NetType/WIFI Language/zh_CN"
36.133.115.36 - - [13/Dec/2025:00:34:12 +0800] "POST /wp-cron.php?doing_wp_cron=1765557252.3362779617309570312500 HTTP/1.1" 200 31 "-" "WordPress/6.8.3; http://cqqizhou.com"
125.80.162.161 - - [13/Dec/2025:00:34:12 +0800] "GET /2231/ HTTP/1.1" 200 19688 "http://cqqizhou.com/2215/" "Mozilla/5.0 (iPhone; CPU iPhone OS 18_6_2 like Mac OS X) AppleWebKit/605.1.15 (KHTML, like Gecko) Mobile/15E148 MicroMessenger/8.0.66(0x1800422b) NetType/WIFI Language/zh_CN"
125.80.162.161 - - [13/Dec/2025:00:34:12 +0800] "GET /wp-content/uploads/2025/09/1756868585-20250903104658_78_5.webp HTTP/1.1" 200 39636 "http://cqqizhou.com/2231/" "Mozilla/5.0 (iPhone; CPU iPhone OS 18_6_2 like Mac OS X) AppleWebKit/605.1.15 (KHTML, like Gecko) Mobile/15E148 MicroMessenger/8.0.66(0x1800422b) NetType/WIFI Language/zh_CN"
125.80.162.161 - - [13/Dec/2025:00:34:12 +0800] "GET /wp-content/uploads/2025/08/1755826456-DSC01841-150x150.webp HTTP/1.1" 200 9850 "http://cqqizhou.com/2231/" "Mozilla/5.0 (iPhone; CPU iPhone OS 18_6_2 like Mac OS X) AppleWebKit/605.1.15 (KHTML, like Gecko) Mobile/15E148 MicroMessenger/8.0.66(0x1800422b) NetType/WIFI Language/zh_CN"
125.80.162.161 - - [13/Dec/2025:00:34:12 +0800] "GET /wp-content/uploads/2025/12/1765253089-20251209103501_96_61-150x150.webp HTTP/1.1" 200 5198 "http://cqqizhou.com/2231/" "Mozilla/5.0 (iPhone; CPU iPhone OS 18_6_2 like Mac OS X) AppleWebKit/605.1.15 (KHTML, like Gecko) Mobile/15E148 MicroMessenger/8.0.66(0x1800422b) NetType/WIFI Language/zh_CN"
36.133.115.36 - - [13/Dec/2025:00:36:20 +0800] "POST /wp-cron.php?doing_wp_cron=1765557380.3686380386352539062500 HTTP/1.1" 200 31 "-" "WordPress/6.8.3; http://cqqizhou.com"
125.80.162.161 - - [13/Dec/2025:00:36:20 +0800] "GET /2339/ HTTP/1.1" 200 20653 "-" "Mozilla/5.0 (iPhone; CPU iPhone OS 18_6_2 like Mac OS X) AppleWebKit/605.1.15 (KHTML, like Gecko) Mobile/15E148 MicroMessenger/8.0.66(0x1800422b) NetType/WIFI Language/zh_CN"
36.133.115.36 - - [13/Dec/2025:00:51:09 +0800] "POST /wp-cron.php?doing_wp_cron=1765558269.3454799652099609375000 HTTP/1.1" 200 31 "-" "WordPress/6.8.3; http://cqqizhou.com"
114.119.153.122 - - [13/Dec/2025:00:51:09 +0800] "GET /wp-sitemap.xml HTTP/1.1" 501 253 "-" "Mozilla/5.0 (Linux; Android 7.0;) AppleWebKit/537.36 (KHTML, like Gecko) Mobile Safari/537.36 (compatible; PetalBot;+https://webmaster.petalsearch.com/site/petalbot)"
36.133.115.36 - - [13/Dec/2025:01:06:58 +0800] "POST /wp-cron.php?doing_wp_cron=1765559218.3075370788574218750000 HTTP/1.1" 200 31 "-" "WordPress/6.8.3; http://cqqizhou.com"
141.98.11.170 - - [13/Dec/2025:01:06:58 +0800] "GET / HTTP/1.1" 200 33673 "-" "Mozilla/5.0 (Windows NT 10.0; Win64; x64) AppleWebKit/537.36 (KHTML, like Gecko) Chrome/90.0.4430.85 Safari/537.36 Edg/90.0.818.46"
36.133.115.36 - - [13/Dec/2025:01:37:56 +0800] "POST /wp-cron.php?doing_wp_cron=1765561076.9342069625854492187500 HTTP/1.1" 200 31 "-" "WordPress/6.8.3; http://cqqizhou.com"
216.244.66.245 - - [13/Dec/2025:01:37:56 +0800] "GET /robots.txt HTTP/1.1" 200 390 "-" "Mozilla/5.0 (compatible; DotBot/1.2; +https://opensiteexplorer.org/dotbot; help@moz.com)"
36.133.115.36 - - [13/Dec/2025:01:42:08 +0800] "POST /wp-cron.php?doing_wp_cron=1765561328.6898539066314697265625 HTTP/1.1" 200 31 "-" "WordPress/6.8.3; http://cqqizhou.com"
112.42.78.166 - - [13/Dec/2025:01:42:08 +0800] "GET /Ly9jcXFpemhvdS5jb20vd3AtY29udGVudC91cGxvYWRzL3JldnNsaWRlci9zbGlkZXItMS8xNzUxMzU4MjE5LXFpemhvdWRhbG91X1NsaWRlcl8zODQww5cyMTYwXzIwMjUwNzAxMTYxNTA1LXNjYWxlZC53ZWJw HTTP/1.1" 404 8981 "-" "Mozilla/5.0 (Windows NT 6.1; Win64; x64) AppleWebKit/537.36 (KHTML, like Gecko) Chrome/72.0.3626.7"
36.7.26.74 - - [13/Dec/2025:01:42:34 +0800] "GET /Ly9jcXFpemhvdS5jb20vd3AtY29udGVudC91cGxvYWRzLzIwMjUvMTIvMTc2NTI2ODk1NS1xaXpob3VfU2xpZGVyMV8zODQww5cyMTYwXzIwMjUxMjEwLXNjYWxlZC53ZWJw HTTP/1.1" 404 8976 "-" "Mozilla/5.0 (Windows NT 6.1; WOW64) AppleWebKit/537.36 (KHTML, like Gecko) Chrome/71.0.3578.30"
36.133.115.36 - - [13/Dec/2025:01:46:33 +0800] "POST /wp-cron.php?doing_wp_cron=1765561593.2202761173248291015625 HTTP/1.1" 200 31 "-" "WordPress/6.8.3; http://cqqizhou.com"
162.142.125.202 - - [13/Dec/2025:01:46:33 +0800] "GET / HTTP/1.1" 301 5 "-" "Mozilla/5.0 (compatible; CensysInspect/1.1; +https://about.censys.io/)"
162.142.125.202 - - [13/Dec/2025:01:46:43 +0800] "GET /wiki HTTP/1.1" 404 8975 "-" "Mozilla/5.0 (compatible; CensysInspect/1.1; +https://about.censys.io/)"
216.244.66.245 - - [13/Dec/2025:01:48:10 +0800] "GET /2163/ HTTP/1.1" 200 84760 "-" "Mozilla/5.0 (compatible; DotBot/1.2; +https://opensiteexplorer.org/dotbot; help@moz.com)"
36.133.115.36 - - [13/Dec/2025:01:55:25 +0800] "POST /wp-cron.php?doing_wp_cron=1765562124.9785420894622802734375 HTTP/1.1" 200 31 "-" "WordPress/6.8.3; http://cqqizhou.com"
219.140.49.31 - - [13/Dec/2025:01:55:25 +0800] "GET / HTTP/1.1" 301 5 "-" "Mozilla/5.084743666 Mozilla/5.0 (Windows NT 10.0; Win64; x64) AppleWebKit/537.36 (KHTML, like Gecko) Chrome/64.0.3282.140 Safari/537.36 Edge/17.17134"
36.133.115.36 - - [13/Dec/2025:01:57:49 +0800] "POST /wp-cron.php?doing_wp_cron=1765562269.3915810585021972656250 HTTP/1.1" 200 31 "-" "WordPress/6.8.3; http://cqqizhou.com"
141.98.11.140 - - [13/Dec/2025:01:57:50 +0800] "GET / HTTP/1.1" 200 152290 "-" "-"
36.133.115.36 - - [13/Dec/2025:02:02:02 +0800] "POST /wp-cron.php?doing_wp_cron=1765562521.9645020961761474609375 HTTP/1.1" 200 31 "-" "WordPress/6.8.3; http://cqqizhou.com"
183.93.67.2 - - [13/Dec/2025:02:02:02 +0800] "GET / HTTP/1.1" 301 5 "-" "Mozilla/5.0 (Linux; U; Android 4.3; en-us; SM-N900T Build/JSS15J) AppleWebKit/534.30 (KHTML, like Gecko) Version/4.0 Mobile Safari/534.30"
122.96.28.70 - - [13/Dec/2025:02:02:28 +0800] "GET / HTTP/1.1" 200 33673 "-" "Mozilla/5.0 (Linux; U; Android 4.3; en-us; SM-N900T Build/JSS15J) AppleWebKit/534.30 (KHTML, like Gecko) Version/4.0 Mobile Safari/534.30"
36.133.115.36 - - [13/Dec/2025:02:03:45 +0800] "POST /wp-cron.php?doing_wp_cron=1765562625.6148300170898437500000 HTTP/1.1" 200 31 "-" "WordPress/6.8.3; http://cqqizhou.com"
193.142.147.209 - - [13/Dec/2025:02:03:45 +0800] "GET /cgi-bin/luci/;stok=/locale HTTP/1.1" 301 5 "-" "-"
193.142.147.209 - - [13/Dec/2025:02:03:46 +0800] "GET /cgi-bin/luci/;stok=/locale HTTP/1.1" 404 31364 "http://36.133.115.36:80/cgi-bin/luci/;stok=/locale" "-"
36.133.115.36 - - [13/Dec/2025:02:05:45 +0800] "POST /wp-cron.php?doing_wp_cron=1765562745.9087638854980468750000 HTTP/1.1" 200 31 "-" "WordPress/6.8.3; http://cqqizhou.com"
204.76.203.212 - - [13/Dec/2025:02:05:46 +0800] "GET / HTTP/1.1" 200 33673 "-" "Mozilla/5.0 (Windows NT 10.0; Win64; x64) AppleWebKit/537.36 (KHTML, like Gecko) Chrome/90.0.4430.85 Safari/537.36 Edg/90.0.818.46"
36.133.115.36 - - [13/Dec/2025:02:25:15 +0800] "POST /wp-cron.php?doing_wp_cron=1765563915.7654440402984619140625 HTTP/1.1" 200 31 "-" "WordPress/6.8.3; http://cqqizhou.com"
103.203.57.3 - - [13/Dec/2025:02:25:15 +0800] "GET / HTTP/1.1" 301 5 "-" "Mozilla/5.0 zgrab/0.x"
36.133.115.36 - - [13/Dec/2025:02:36:58 +0800] "POST /wp-cron.php?doing_wp_cron=1765564618.7616710662841796875000 HTTP/1.1" 200 31 "-" "WordPress/6.8.3; http://cqqizhou.com"
176.65.132.67 - - [13/Dec/2025:02:36:59 +0800] "GET / HTTP/1.1" 200 152290 "-" "-"
36.133.115.36 - - [13/Dec/2025:02:39:56 +0800] "POST /wp-cron.php?doing_wp_cron=1765564796.0958640575408935546875 HTTP/1.1" 200 31 "-" "WordPress/6.8.3; http://cqqizhou.com"
220.181.108.94 - - [13/Dec/2025:02:39:56 +0800] "GET /wp-json/oembed/1.0/embed?url=http%3A%2F%2Fcqqizhou.com%2Fclub%2F HTTP/1.1" 200 1109 "-" "Mozilla/5.0 (compatible; Baiduspider/2.0; +http://www.baidu.com/search/spider.html)"
36.133.115.36 - - [13/Dec/2025:02:44:48 +0800] "POST /wp-cron.php?doing_wp_cron=1765565088.3880178928375244140625 HTTP/1.1" 200 31 "-" "WordPress/6.8.3; http://cqqizhou.com"
149.50.103.48 - - [13/Dec/2025:02:44:48 +0800] "GET / HTTP/1.1" 200 33673 "-" "Mozilla/5.0 (Windows NT 10.0; Win64; x64) AppleWebKit/537.36 (KHTML, like Gecko) Chrome/90.0.4430.85 Safari/537.36 Edg/90.0.818.46"
36.133.115.36 - - [13/Dec/2025:02:47:03 +0800] "POST /wp-cron.php?doing_wp_cron=1765565222.9656488895416259765625 HTTP/1.1" 200 31 "-" "WordPress/6.8.3; http://cqqizhou.com"
51.158.205.47 - - [13/Dec/2025:02:47:03 +0800] "GET / HTTP/1.0" 301 0 "-" "masscan/1.3 (https://github.com/robertdavidgraham/masscan)"
36.133.115.36 - - [13/Dec/2025:02:54:34 +0800] "POST /wp-cron.php?doing_wp_cron=1765565674.1537420749664306640625 HTTP/1.1" 200 31 "-" "WordPress/6.8.3; http://cqqizhou.com"
204.76.203.212 - - [13/Dec/2025:02:54:34 +0800] "GET / HTTP/1.1" 200 33673 "-" "Mozilla/5.0 (Windows NT 10.0; Win64; x64) AppleWebKit/537.36 (KHTML, like Gecko) Chrome/90.0.4430.85 Safari/537.36 Edg/90.0.818.46"
36.133.115.36 - - [13/Dec/2025:03:14:11 +0800] "POST /wp-cron.php?doing_wp_cron=1765566851.5289850234985351562500 HTTP/1.1" 200 31 "-" "WordPress/6.8.3; http://cqqizhou.com"
91.224.92.109 - - [13/Dec/2025:03:14:12 +0800] "GET / HTTP/1.1" 200 152290 "-" "Mozilla/5.0"
36.133.115.36 - - [13/Dec/2025:03:14:49 +0800] "POST /wp-cron.php?doing_wp_cron=1765566889.9377710819244384765625 HTTP/1.1" 200 31 "-" "WordPress/6.8.3; http://cqqizhou.com"
92.222.108.110 - - [13/Dec/2025:03:14:49 +0800] "GET /robots.txt HTTP/1.1" 200 190 "-" "Mozilla/5.0 (compatible; AhrefsBot/7.0; +http://ahrefs.com/robot/)"
94.23.188.219 - - [13/Dec/2025:03:14:53 +0800] "GET /portfolio/ HTTP/1.1" 200 20595 "-" "Mozilla/5.0 (compatible; AhrefsBot/7.0; +http://ahrefs.com/robot/)"
36.142.126.175 - - [13/Dec/2025:03:24:26 +0800] "GET /portfolio/pickled-coil/ HTTP/1.1" 200 22165 "-" "Mozilla/5.0 (Windows NT 6.1; Win64; x64) AppleWebKit/537.36 (KHTML, like Gecko) Chrome/64.0.3285.174 Safari/537.36"
36.133.115.36 - - [13/Dec/2025:03:26:46 +0800] "POST /wp-cron.php?doing_wp_cron=1765567606.8118810653686523437500 HTTP/1.1" 200 31 "-" "WordPress/6.8.3; http://cqqizhou.com"
216.244.66.245 - - [13/Dec/2025:03:26:46 +0800] "GET /robots.txt HTTP/1.1" 200 390 "-" "Mozilla/5.0 (compatible; DotBot/1.2; +https://opensiteexplorer.org/dotbot; help@moz.com)"
115.159.33.43 - - [13/Dec/2025:03:27:08 +0800] "GET / HTTP/1.1" 301 5 "-" "Mozilla/5.0 (Windows NT 10.0; Win64; x64) AppleWebKit/537.36 (KHTML, like Gecko) Chrome/79.0.3945.117 Safari/537.36"
216.244.66.245 - - [13/Dec/2025:03:34:25 +0800] "GET /2164/ HTTP/1.1" 200 84417 "-" "Mozilla/5.0 (compatible; DotBot/1.2; +https://opensiteexplorer.org/dotbot; help@moz.com)"
36.133.115.36 - - [13/Dec/2025:03:41:00 +0800] "POST /wp-cron.php?doing_wp_cron=1765568460.1340770721435546875000 HTTP/1.1" 200 31 "-" "WordPress/6.8.3; http://cqqizhou.com"
43.166.226.57 - - [13/Dec/2025:03:41:00 +0800] "GET / HTTP/1.1" 301 5 "-" "Mozilla/5.0 (iPhone; CPU iPhone OS 13_2_3 like Mac OS X) AppleWebKit/605.1.15 (KHTML, like Gecko) Version/13.0.3 Mobile/15E148 Safari/604.1"
43.166.226.57 - - [13/Dec/2025:03:41:02 +0800] "GET / HTTP/1.1" 200 33673 "http://www.cqqizhou.com" "Mozilla/5.0 (iPhone; CPU iPhone OS 13_2_3 like Mac OS X) AppleWebKit/605.1.15 (KHTML, like Gecko) Version/13.0.3 Mobile/15E148 Safari/604.1"
36.133.115.36 - - [13/Dec/2025:03:47:32 +0800] "POST /wp-cron.php?doing_wp_cron=1765568852.7289431095123291015625 HTTP/1.1" 200 31 "-" "WordPress/6.8.3; http://cqqizhou.com"
204.76.203.212 - - [13/Dec/2025:03:47:33 +0800] "GET / HTTP/1.1" 200 33673 "-" "Mozilla/5.0 (Windows NT 10.0; Win64; x64) AppleWebKit/537.36 (KHTML, like Gecko) Chrome/90.0.4430.85 Safari/537.36 Edg/90.0.818.46"
36.133.115.36 - - [13/Dec/2025:03:49:13 +0800] "POST /wp-cron.php?doing_wp_cron=1765568953.9528150558471679687500 HTTP/1.1" 200 31 "-" "WordPress/6.8.3; http://cqqizhou.com"
5.231.70.66 - - [13/Dec/2025:03:49:15 +0800] "POST / HTTP/1.1" 200 33672 "-" "Mozilla/5.0 (Windows NT 10.0; Win64; x64) AppleWebKit/537.36 (KHTML, like Gecko) Chrome/134.0.0.0 Safari/537.36"
36.133.115.36 - - [13/Dec/2025:04:03:15 +0800] "POST /wp-cron.php?doing_wp_cron=1765569795.6108720302581787109375 HTTP/1.1" 200 31 "-" "WordPress/6.8.3; http://cqqizhou.com"
207.180.207.36 - - [13/Dec/2025:04:03:15 +0800] "GET /robots.txt HTTP/1.1" 200 390 "-" "Mozilla/5.0 (compatible; MJ12bot/v1.4.8; http://mj12bot.com/)"
207.180.207.36 - - [13/Dec/2025:04:03:17 +0800] "GET /portfolio-tag/%E9%9E%8D%E9%92%A2%E8%92%82%E6%A3%AE/ HTTP/1.1" 200 22787 "-" "Mozilla/5.0 (compatible; MJ12bot/v1.4.8; http://mj12bot.com/)"
207.180.207.36 - - [13/Dec/2025:04:03:20 +0800] "GET /portfolio/%E5%86%B7%E8%BD%A7%E5%8D%B7/ HTTP/1.1" 200 22077 "-" "Mozilla/5.0 (compatible; MJ12bot/v1.4.8; http://mj12bot.com/)"
207.180.207.36 - - [13/Dec/2025:04:03:22 +0800] "GET /portfolio/%E5%86%B7%E8%BD%A7%E6%9D%BF/ HTTP/1.1" 200 18951 "-" "Mozilla/5.0 (compatible; MJ12bot/v1.4.8; http://mj12bot.com/)"
36.133.115.36 - - [13/Dec/2025:04:08:22 +0800] "POST /wp-cron.php?doing_wp_cron=1765570102.5237350463867187500000 HTTP/1.1" 200 31 "-" "WordPress/6.8.3; http://cqqizhou.com"
34.26.152.220 - - [13/Dec/2025:04:08:22 +0800] "HEAD /wordpress/ HTTP/1.1" 404 0 "-" "Mozilla/5.0 (Linux; Android 14; Xiaomi 14 Pro) AppleWebKit/537.36 (KHTML, like Gecko) Chrome/126.0.6478.33 Mobile Safari/537.36"
34.26.152.220 - - [13/Dec/2025:04:08:23 +0800] "HEAD /blog/ HTTP/1.1" 404 0 "-" "Mozilla/5.0 (Linux; Android 13; Pixel 7a) AppleWebKit/537.36 (KHTML, like Gecko) Chrome/124.0.6367.82 Mobile Safari/537.36"
34.26.152.220 - - [13/Dec/2025:04:08:24 +0800] "HEAD /old/ HTTP/1.1" 404 0 "-" "Mozilla/5.0 (Linux; U; Android 10; en-US; CPH2015) AppleWebKit/537.36 (KHTML, like Gecko) UCBrowser/13.5.8.1311 Mobile Safari/537.36"
34.26.152.220 - - [13/Dec/2025:04:08:25 +0800] "HEAD /backup/ HTTP/1.1" 404 0 "-" "Mozilla/5.0 (iPhone; CPU iPhone OS 16_7 like Mac OS X) AppleWebKit/605.1.15 (KHTML, like Gecko) Version/16.7 Mobile/15E148 Safari/604.1"
34.26.152.220 - - [13/Dec/2025:04:08:25 +0800] "HEAD / HTTP/1.1" 200 0 "-" "Mozilla/5.0 (Windows NT 10.0; WOW64) AppleWebKit/537.36 (KHTML, like Gecko) Chrome/118.0.5993.90 Safari/537.36"
34.26.152.220 - - [13/Dec/2025:04:08:26 +0800] "HEAD /new/ HTTP/1.1" 301 0 "-" "Mozilla/5.0 (Linux; Android 14; RMX3842) AppleWebKit/537.36 (KHTML, like Gecko) Chrome/126.0.6478.44 Mobile Safari/537.36"
34.26.152.220 - - [13/Dec/2025:04:08:27 +0800] "HEAD /news/ HTTP/1.1" 200 0 "http://cqqizhou.com/new/" "Mozilla/5.0 (Linux; Android 14; RMX3842) AppleWebKit/537.36 (KHTML, like Gecko) Chrome/126.0.6478.44 Mobile Safari/537.36"
34.26.152.220 - - [13/Dec/2025:04:08:28 +0800] "HEAD /wp/ HTTP/1.1" 404 0 "-" "Mozilla/5.0 (Windows NT 10.0; Win64; x64) AppleWebKit/537.36 (KHTML, like Gecko) Chrome/127.0.6534.42 Safari/537.36"
36.133.115.36 - - [13/Dec/2025:04:12:24 +0800] "POST /wp-cron.php?doing_wp_cron=1765570344.2813808917999267578125 HTTP/1.1" 200 31 "-" "WordPress/6.8.3; http://cqqizhou.com"
193.142.147.209 - - [13/Dec/2025:04:12:24 +0800] "GET /cgi-bin/luci/;stok=/locale HTTP/1.1" 301 5 "-" "-"
193.142.147.209 - - [13/Dec/2025:04:12:25 +0800] "GET /cgi-bin/luci/;stok=/locale HTTP/1.1" 404 31364 "http://36.133.115.36:80/cgi-bin/luci/;stok=/locale" "-"
36.133.115.36 - - [13/Dec/2025:04:19:41 +0800] "POST /wp-cron.php?doing_wp_cron=1765570781.0221290588378906250000 HTTP/1.1" 200 31 "-" "WordPress/6.8.3; http://cqqizhou.com"
134.209.18.251 - - [13/Dec/2025:04:19:41 +0800] "GET / HTTP/1.1" 200 34088 "-" "Mozilla/5.0 (X11; Linux x86_64) AppleWebKit/537.36 (KHTML, like Gecko) Chrome/142.0.0.0 Safari/537.36"
92.222.108.121 - - [13/Dec/2025:04:20:24 +0800] "GET /2163/ HTTP/1.1" 200 24163 "-" "Mozilla/5.0 (compatible; AhrefsBot/7.0; +http://ahrefs.com/robot/)"
36.133.115.36 - - [13/Dec/2025:04:33:22 +0800] "POST /wp-cron.php?doing_wp_cron=1765571602.0119779109954833984375 HTTP/1.1" 200 31 "-" "WordPress/6.8.3; http://cqqizhou.com"
204.76.203.212 - - [13/Dec/2025:04:33:22 +0800] "GET / HTTP/1.1" 200 33673 "-" "Mozilla/5.0 (Windows NT 10.0; Win64; x64) AppleWebKit/537.36 (KHTML, like Gecko) Chrome/90.0.4430.85 Safari/537.36 Edg/90.0.818.46"
36.133.115.36 - - [13/Dec/2025:04:43:12 +0800] "POST /wp-cron.php?doing_wp_cron=1765572192.0892269611358642578125 HTTP/1.1" 200 31 "-" "WordPress/6.8.3; http://cqqizhou.com"
43.135.145.77 - - [13/Dec/2025:04:43:12 +0800] "GET / HTTP/1.1" 200 33672 "-" "Mozilla/5.0 (iPhone; CPU iPhone OS 13_2_3 like Mac OS X) AppleWebKit/605.1.15 (KHTML, like Gecko) Version/13.0.3 Mobile/15E148 Safari/604.1"
121.237.36.31 - - [13/Dec/2025:04:43:29 +0800] "GET / HTTP/1.1" 200 34106 "-" "Opera/9.51 (Windows NT 5.1; U; es-AR)"
36.133.115.36 - - [13/Dec/2025:05:05:21 +0800] "POST /wp-cron.php?doing_wp_cron=1765573521.3183588981628417968750 HTTP/1.1" 200 31 "-" "WordPress/6.8.3; http://cqqizhou.com"
91.232.238.106 - - [13/Dec/2025:05:05:21 +0800] "GET /robots.txt HTTP/1.0" 200 378 "-" "xfa1"
111.1.107.35 - - [13/Dec/2025:05:11:00 +0800] "GET / HTTP/1.1" 200 153978 "-" "Mozilla/5.0 (Macintosh; Intel Mac OS X 10_15_7) AppleWebKit/537.36 (KHTML, like Gecko) Chrome/120.0.0.0 Safari/537.36 Edg/120.0.0.0"
36.133.115.36 - - [13/Dec/2025:05:11:37 +0800] "POST /wp-cron.php?doing_wp_cron=1765573897.1928849220275878906250 HTTP/1.1" 200 31 "-" "WordPress/6.8.3; http://cqqizhou.com"
39.154.15.103 - - [13/Dec/2025:05:11:37 +0800] "GET /robots.txt HTTP/1.1" 200 190 "-" "Mozilla/5.0 (Macintosh; Intel Mac OS X 10_7_0) AppleWebKit/535.11 (KHTML, like Gecko) Chrome/17.0.963.56 Safari/535.11"
117.172.231.152 - - [13/Dec/2025:05:11:38 +0800] "GET /sitemap.xml HTTP/1.1" 200 499 "-" "Mozilla/5.0 (Macintosh; Intel Mac OS X 10_7_0) AppleWebKit/535.11 (KHTML, like Gecko) Chrome/17.0.963.56 Safari/535.11"
183.199.1.9 - - [13/Dec/2025:05:11:40 +0800] "GET /config.json HTTP/1.1" 404 8975 "-" "Mozilla/5.0 (Macintosh; Intel Mac OS X 10_7_0) AppleWebKit/535.11 (KHTML, like Gecko) Chrome/17.0.963.56 Safari/535.11"
120.217.9.55 - - [13/Dec/2025:05:12:31 +0800] "GET /wp-content/plugins/elementor/readme.txt HTTP/1.1" 200 10261 "-" "Mozilla/5.0 (iPhone; CPU iPhone OS 14_2_1 like Mac OS X) AppleWebKit/532.0 (KHTML, like Gecko) CriOS/17.0.801.0 Mobile/86R714 Safari/532.0"
183.197.182.54 - - [13/Dec/2025:05:12:45 +0800] "GET /wp-content/plugins/elementor-pro/readme.txt HTTP/1.1" 200 337 "-" "Mozilla/5.0 (iPhone; CPU iPhone OS 14_2_1 like Mac OS X) AppleWebKit/532.0 (KHTML, like Gecko) CriOS/17.0.801.0 Mobile/86R714 Safari/532.0"
36.163.143.120 - - [13/Dec/2025:05:12:47 +0800] "GET /wp-content/plugins/smartideo/readme.txt HTTP/1.1" 200 5930 "-" "Mozilla/5.0 (iPhone; CPU iPhone OS 14_2_1 like Mac OS X) AppleWebKit/532.0 (KHTML, like Gecko) CriOS/17.0.801.0 Mobile/86R714 Safari/532.0"
36.133.115.36 - - [13/Dec/2025:05:12:50 +0800] "POST /wp-cron.php?doing_wp_cron=1765573970.0367588996887207031250 HTTP/1.1" 200 31 "-" "WordPress/6.8.3; http://cqqizhou.com"
39.154.15.100 - - [13/Dec/2025:05:12:50 +0800] "GET /wp-content/plugins/revslider/readme.txt HTTP/1.1" 404 8975 "-" "Mozilla/5.0 (iPhone; CPU iPhone OS 14_2_1 like Mac OS X) AppleWebKit/532.0 (KHTML, like Gecko) CriOS/17.0.801.0 Mobile/86R714 Safari/532.0"
120.242.141.116 - - [13/Dec/2025:05:12:50 +0800] "GET /wp-content/themes/qizhou/readme.txt HTTP/1.1" 200 1348 "-" "Mozilla/5.0 (iPhone; CPU iPhone OS 14_2_1 like Mac OS X) AppleWebKit/532.0 (KHTML, like Gecko) CriOS/17.0.801.0 Mobile/86R714 Safari/532.0"
36.133.115.36 - - [13/Dec/2025:05:19:10 +0800] "POST /wp-cron.php?doing_wp_cron=1765574350.0073781013488769531250 HTTP/1.1" 200 31 "-" "WordPress/6.8.3; http://cqqizhou.com"
204.76.203.212 - - [13/Dec/2025:05:19:10 +0800] "GET / HTTP/1.1" 200 33673 "-" "Mozilla/5.0 (Windows NT 10.0; Win64; x64) AppleWebKit/537.36 (KHTML, like Gecko) Chrome/90.0.4430.85 Safari/537.36 Edg/90.0.818.46"
36.133.115.36 - - [13/Dec/2025:05:37:46 +0800] "POST /wp-cron.php?doing_wp_cron=1765575466.1806240081787109375000 HTTP/1.1" 200 31 "-" "WordPress/6.8.3; http://cqqizhou.com"
40.77.167.235 - - [13/Dec/2025:05:37:46 +0800] "GET /?s=2025 HTTP/1.1" 200 19587 "-" "Mozilla/5.0 AppleWebKit/537.36 (KHTML, like Gecko; compatible; bingbot/2.0; +http://www.bing.com/bingbot.htm) Chrome/116.0.1938.76 Safari/537.36"
115.198.127.146 - - [13/Dec/2025:05:45:40 +0800] "GET /2153/ HTTP/1.1" 200 24762 "-" "Mozilla/5.0 (Windows Server 2012 R2 Standard; x64) AppleWebKit/537.36 (KHTML, like Gecko) Chrome/118.0.5975.80 Safari/537.36"
36.133.115.36 - - [13/Dec/2025:05:46:01 +0800] "POST /wp-cron.php?doing_wp_cron=1765575961.0162589550018310546875 HTTP/1.1" 200 31 "-" "WordPress/6.8.3; http://cqqizhou.com"
220.200.91.174 - - [13/Dec/2025:05:46:01 +0800] "GET /process/processing HTTP/1.1" 301 5 "-" "Mozilla/5.0 (Windows NT 10.0; Win64; x64) AppleWebKit/537.36 (KHTML, like Gecko) Chrome/70.0.3538.77 Safari/537.36"
220.200.91.174 - - [13/Dec/2025:05:46:02 +0800] "GET /services/processing/ HTTP/1.1" 200 19218 "-" "Mozilla/5.0 (Windows NT 10.0; Win64; x64) AppleWebKit/537.36 (KHTML, like Gecko) Chrome/70.0.3538.77 Safari/537.36"
122.245.120.59 - - [13/Dec/2025:05:48:14 +0800] "GET /2155/ HTTP/1.1" 200 29586 "-" "Mozilla/5.0 (X11; Linux x86_64) AppleWebKit/537.36 (KHTML, like Gecko) Chrome/103.0.5060.53 Safari/537.36"
36.133.115.36 - - [13/Dec/2025:05:51:20 +0800] "POST /wp-cron.php?doing_wp_cron=1765576280.2927229404449462890625 HTTP/1.1" 200 31 "-" "WordPress/6.8.3; http://cqqizhou.com"
167.94.138.46 - - [13/Dec/2025:05:51:20 +0800] "GET /sitemap.xml HTTP/1.1" 200 499 "-" "Mozilla/5.0 (compatible; CensysInspect/1.1; +https://about.censys.io/)"
216.244.66.245 - - [13/Dec/2025:05:51:25 +0800] "GET /robots.txt HTTP/1.1" 200 390 "-" "Mozilla/5.0 (compatible; DotBot/1.2; +https://opensiteexplorer.org/dotbot; help@moz.com)"
193.70.34.35 - - [13/Dec/2025:05:51:40 +0800] "GET /robots.txt HTTP/1.1" 200 390 "-" "Mozilla/5.0 (compatible; MJ12bot/v1.4.8; http://mj12bot.com/)"
193.70.34.35 - - [13/Dec/2025:05:51:41 +0800] "GET /portfolio/%E5%86%B7%E8%BD%A7%E5%8D%B7/ HTTP/1.1" 200 22077 "-" "Mozilla/5.0 (compatible; MJ12bot/v1.4.8; http://mj12bot.com/)"
216.244.66.245 - - [13/Dec/2025:06:01:01 +0800] "GET /portfolio/duplex-stainless-steel/ HTTP/1.1" 200 79127 "-" "Mozilla/5.0 (compatible; DotBot/1.2; +https://opensiteexplorer.org/dotbot; help@moz.com)"
36.133.115.36 - - [13/Dec/2025:06:01:25 +0800] "POST /wp-cron.php?doing_wp_cron=1765576885.5083880424499511718750 HTTP/1.1" 200 31 "-" "WordPress/6.8.3; http://cqqizhou.com"
20.15.162.204 - - [13/Dec/2025:06:01:25 +0800] "GET /portal/redlion HTTP/1.1" 404 8976 "-" "Mozilla/5.0 zgrab/0.x"
36.133.115.36 - - [13/Dec/2025:06:06:37 +0800] "POST /wp-cron.php?doing_wp_cron=1765577197.3221590518951416015625 HTTP/1.1" 200 31 "-" "WordPress/6.8.3; http://cqqizhou.com"
204.76.203.212 - - [13/Dec/2025:06:06:37 +0800] "GET / HTTP/1.1" 200 33673 "-" "Mozilla/5.0 (Windows NT 10.0; Win64; x64) AppleWebKit/537.36 (KHTML, like Gecko) Chrome/90.0.4430.85 Safari/537.36 Edg/90.0.818.46"
216.244.66.245 - - [13/Dec/2025:06:09:33 +0800] "GET /portfolio/duplex-stainless-steel/ HTTP/1.1" 200 79127 "-" "Mozilla/5.0 (compatible; DotBot/1.2; +https://opensiteexplorer.org/dotbot; help@moz.com)"
92.222.108.97 - - [13/Dec/2025:06:14:21 +0800] "GET /portfolio/remaining-rolls/ HTTP/1.1" 200 22160 "-" "Mozilla/5.0 (compatible; AhrefsBot/7.0; +http://ahrefs.com/robot/)"
36.133.115.36 - - [13/Dec/2025:06:15:45 +0800] "POST /wp-cron.php?doing_wp_cron=1765577745.4725959300994873046875 HTTP/1.1" 200 31 "-" "WordPress/6.8.3; http://cqqizhou.com"
183.134.59.133 - - [13/Dec/2025:06:15:45 +0800] "GET / HTTP/1.1" 301 5 "-" "Mozilla/5.0 (X11; Linux i686) AppleWebKit/535.1 (KHTML, like Gecko) Ubuntu/10.04 Chromium/14.0.808.0 Chrome/14.0.808.0 Safari/535.1"
183.134.59.133 - - [13/Dec/2025:06:16:00 +0800] "GET / HTTP/1.1" 301 5 "-" "Dalvik/2.1.0 (Linux; U; Android 9.0; ZTE BA520 Build/MRA58K)"
183.134.59.133 - - [13/Dec/2025:06:16:01 +0800] "GET / HTTP/1.1" 200 33673 "-" "Dalvik/2.1.0 (Linux; U; Android 9.0; ZTE BA520 Build/MRA58K)"
36.133.115.36 - - [13/Dec/2025:06:18:34 +0800] "POST /wp-cron.php?doing_wp_cron=1765577914.6991639137268066406250 HTTP/1.1" 200 31 "-" "WordPress/6.8.3; http://cqqizhou.com"
183.134.59.133 - - [13/Dec/2025:06:18:34 +0800] "GET / HTTP/1.1" 301 5 "-" "Mozilla/5.0 (Macintosh; Intel Mac OS X 10_11) AppleWebKit/601.1.27 (KHTML, like Gecko) Chrome/47.0.2526.106 Safari/601.1.27"
183.134.59.133 - - [13/Dec/2025:06:18:35 +0800] "GET / HTTP/1.1" 200 34106 "-" "Mozilla/5.0 (Macintosh; Intel Mac OS X 10_11) AppleWebKit/601.1.27 (KHTML, like Gecko) Chrome/47.0.2526.106 Safari/601.1.27"
36.133.115.36 - - [13/Dec/2025:06:27:56 +0800] "POST /wp-cron.php?doing_wp_cron=1765578476.7646670341491699218750 HTTP/1.1" 200 31 "-" "WordPress/6.8.3; http://cqqizhou.com"
141.98.11.170 - - [13/Dec/2025:06:27:57 +0800] "GET / HTTP/1.1" 200 33673 "-" "Mozilla/5.0 (Windows NT 10.0; Win64; x64) AppleWebKit/537.36 (KHTML, like Gecko) Chrome/90.0.4430.85 Safari/537.36 Edg/90.0.818.46"
36.133.115.36 - - [13/Dec/2025:06:36:34 +0800] "POST /wp-cron.php?doing_wp_cron=1765578994.9375150203704833984375 HTTP/1.1" 200 31 "-" "WordPress/6.8.3; http://cqqizhou.com"
39.191.209.241 - - [13/Dec/2025:06:36:35 +0800] "GET /js-live-screenshot.gitv.tv/gitv_live/GITV-JS-41/GITV-JS-41.m3u8 HTTP/1.1" 404 31364 "-" "ZTE/1.0.5"
183.134.59.133 - - [13/Dec/2025:06:43:29 +0800] "GET /junhuashen.php HTTP/1.1" 404 47 "-" "Mozilla/5.0 (X11; Linux i686) AppleWebKit/535.1 (KHTML, like Gecko) Ubuntu/10.04 Chromium/14.0.808.0 Chrome/14.0.808.0 Safari/535.1"
183.134.59.133 - - [13/Dec/2025:06:43:29 +0800] "GET /index/index/info?type=ultimate&date=1633382774669 HTTP/1.1" 301 5 "-" "Mozilla/5.0 (X11; Linux i686) AppleWebKit/535.1 (KHTML, like Gecko) Ubuntu/10.04 Chromium/14.0.808.0 Chrome/14.0.808.0 Safari/535.1"
183.134.59.133 - - [13/Dec/2025:06:43:29 +0800] "GET /index/index/info?type=ultimate HTTP/1.1" 301 5 "-" "Mozilla/5.0 (X11; Linux i686) AppleWebKit/535.1 (KHTML, like Gecko) Ubuntu/10.04 Chromium/14.0.808.0 Chrome/14.0.808.0 Safari/535.1"
183.134.59.133 - - [13/Dec/2025:06:43:29 +0800] "GET /index.php/user/login HTTP/1.1" 301 5 "-" "Mozilla/5.0 (X11; Linux i686) AppleWebKit/535.1 (KHTML, like Gecko) Ubuntu/10.04 Chromium/14.0.808.0 Chrome/14.0.808.0 Safari/535.1"
36.133.115.36 - - [13/Dec/2025:06:43:29 +0800] "POST /wp-cron.php?doing_wp_cron=1765579409.5723960399627685546875 HTTP/1.1" 200 31 "-" "WordPress/6.8.3; http://cqqizhou.com"
183.134.59.133 - - [13/Dec/2025:06:43:29 +0800] "GET /api/Event/Products/Average HTTP/1.1" 301 5 "-" "Mozilla/5.0 (X11; Linux i686) AppleWebKit/535.1 (KHTML, like Gecko) Ubuntu/10.04 Chromium/14.0.808.0 Chrome/14.0.808.0 Safari/535.1"
183.134.59.133 - - [13/Dec/2025:06:43:29 +0800] "GET /jw HTTP/1.1" 301 5 "-" "Mozilla/5.0 (X11; Linux i686) AppleWebKit/535.1 (KHTML, like Gecko) Ubuntu/10.04 Chromium/14.0.808.0 Chrome/14.0.808.0 Safari/535.1"
183.134.59.133 - - [13/Dec/2025:06:43:29 +0800] "GET /?teir HTTP/1.1" 301 5 "-" "Mozilla/5.0 (X11; Linux i686) AppleWebKit/535.1 (KHTML, like Gecko) Ubuntu/10.04 Chromium/14.0.808.0 Chrome/14.0.808.0 Safari/535.1"
183.134.59.133 - - [13/Dec/2025:06:43:29 +0800] "GET /?teir HTTP/1.1" 301 5 "-" "Mozilla/5.0 (X11; Linux i686) AppleWebKit/535.1 (KHTML, like Gecko) Ubuntu/10.04 Chromium/14.0.808.0 Chrome/14.0.808.0 Safari/535.1"
183.134.59.133 - - [13/Dec/2025:06:43:29 +0800] "GET /vv/getfu HTTP/1.1" 301 5 "-" "Mozilla/5.0 (X11; Linux i686) AppleWebKit/535.1 (KHTML, like Gecko) Ubuntu/10.04 Chromium/14.0.808.0 Chrome/14.0.808.0 Safari/535.1"
183.134.59.133 - - [13/Dec/2025:06:43:30 +0800] "GET /index/index/leaveMsg/s/4 HTTP/1.1" 301 5 "-" "Mozilla/5.0 (X11; Linux i686) AppleWebKit/535.1 (KHTML, like Gecko) Ubuntu/10.04 Chromium/14.0.808.0 Chrome/14.0.808.0 Safari/535.1"
183.134.59.133 - - [13/Dec/2025:06:43:30 +0800] "GET /f/user/index HTTP/1.1" 301 5 "-" "Mozilla/5.0 (X11; Linux i686) AppleWebKit/535.1 (KHTML, like Gecko) Ubuntu/10.04 Chromium/14.0.808.0 Chrome/14.0.808.0 Safari/535.1"
183.134.59.133 - - [13/Dec/2025:06:43:34 +0800] "GET /h5 HTTP/1.1" 301 5 "-" "Mozilla/5.0 (X11; Linux i686) AppleWebKit/535.1 (KHTML, like Gecko) Ubuntu/10.04 Chromium/14.0.808.0 Chrome/14.0.808.0 Safari/535.1"
183.134.59.133 - - [13/Dec/2025:06:43:36 +0800] "GET /369/ HTTP/1.1" 301 5 "-" "Mozilla/5.0 (X11; Linux i686) AppleWebKit/535.1 (KHTML, like Gecko) Ubuntu/10.04 Chromium/14.0.808.0 Chrome/14.0.808.0 Safari/535.1"
36.133.115.36 - - [13/Dec/2025:06:51:30 +0800] "POST /wp-cron.php?doing_wp_cron=1765579890.4229609966278076171875 HTTP/1.1" 200 31 "-" "WordPress/6.8.3; http://cqqizhou.com"
216.244.66.245 - - [13/Dec/2025:06:51:30 +0800] "GET /robots.txt HTTP/1.1" 200 390 "-" "Mozilla/5.0 (compatible; DotBot/1.2; +https://opensiteexplorer.org/dotbot; help@moz.com)"
218.86.72.19 - - [13/Dec/2025:06:51:41 +0800] "GET /about/ HTTP/1.1" 200 29959 "-" "Mozilla/5.0 (Windows NT 10.0; Win64; x64) AppleWebKit/537.36 (KHTML, like Gecko) Chrome/71.0.3602.191 Safari/537.36"
36.133.115.36 - - [13/Dec/2025:06:53:49 +0800] "POST /wp-cron.php?doing_wp_cron=1765580029.8827071189880371093750 HTTP/1.1" 200 31 "-" "WordPress/6.8.3; http://cqqizhou.com"
193.142.147.209 - - [13/Dec/2025:06:53:49 +0800] "GET /cgi-bin/luci/;stok=/locale HTTP/1.1" 301 5 "-" "-"
193.142.147.209 - - [13/Dec/2025:06:53:51 +0800] "GET /cgi-bin/luci/;stok=/locale HTTP/1.1" 404 31364 "http://36.133.115.36:80/cgi-bin/luci/;stok=/locale" "-"
36.133.115.36 - - [13/Dec/2025:06:55:56 +0800] "POST /wp-cron.php?doing_wp_cron=1765580156.1667299270629882812500 HTTP/1.1" 200 31 "-" "WordPress/6.8.3; http://cqqizhou.com"
204.76.203.212 - - [13/Dec/2025:06:55:56 +0800] "GET / HTTP/1.1" 200 33673 "-" "Mozilla/5.0 (Windows NT 10.0; Win64; x64) AppleWebKit/537.36 (KHTML, like Gecko) Chrome/90.0.4430.85 Safari/537.36 Edg/90.0.818.46"
37.59.204.144 - - [13/Dec/2025:06:57:31 +0800] "GET /portfolio/hot-dip-galvanized-coil/ HTTP/1.1" 200 22308 "-" "Mozilla/5.0 (compatible; AhrefsBot/7.0; +http://ahrefs.com/robot/)"
36.133.115.36 - - [13/Dec/2025:06:58:24 +0800] "POST /wp-cron.php?doing_wp_cron=1765580304.3256180286407470703125 HTTP/1.1" 200 31 "-" "WordPress/6.8.3; http://cqqizhou.com"
36.133.108.121 - - [13/Dec/2025:06:58:24 +0800] "HEAD /_next HTTP/1.1" 404 0 "-" "Mozilla/5.0 (X11; CrOS i686 4319.74.0) AppleWebKit/537.36 (KHTML, like Gecko) Chrome/29.0.1547.57 Safari/537.36"
216.244.66.245 - - [13/Dec/2025:06:59:17 +0800] "GET /industry/ HTTP/1.1" 200 80094 "-" "Mozilla/5.0 (compatible; DotBot/1.2; +https://opensiteexplorer.org/dotbot; help@moz.com)"
36.133.115.36 - - [13/Dec/2025:07:12:33 +0800] "POST /wp-cron.php?doing_wp_cron=1765581153.5477449893951416015625 HTTP/1.1" 200 31 "-" "WordPress/6.8.3; http://cqqizhou.com"
43.166.247.155 - - [13/Dec/2025:07:12:33 +0800] "GET / HTTP/1.1" 301 5 "-" "Mozilla/5.0 (iPhone; CPU iPhone OS 13_2_3 like Mac OS X) AppleWebKit/605.1.15 (KHTML, like Gecko) Version/13.0.3 Mobile/15E148 Safari/604.1"
43.166.247.155 - - [13/Dec/2025:07:12:35 +0800] "GET / HTTP/1.1" 200 33673 "http://36.133.115.36" "Mozilla/5.0 (iPhone; CPU iPhone OS 13_2_3 like Mac OS X) AppleWebKit/605.1.15 (KHTML, like Gecko) Version/13.0.3 Mobile/15E148 Safari/604.1"
36.133.115.36 - - [13/Dec/2025:07:23:43 +0800] "POST /wp-cron.php?doing_wp_cron=1765581823.7076680660247802734375 HTTP/1.1" 200 31 "-" "WordPress/6.8.3; http://cqqizhou.com"
43.154.140.188 - - [13/Dec/2025:07:23:44 +0800] "GET / HTTP/1.1" 200 33672 "-" "Mozilla/5.0 (iPhone; CPU iPhone OS 13_2_3 like Mac OS X) AppleWebKit/605.1.15 (KHTML, like Gecko) Version/13.0.3 Mobile/15E148 Safari/604.1"
123.57.13.121 - - [13/Dec/2025:07:40:21 +0800] "GET / HTTP/1.1" 200 34106 "-" "Mozilla/5.0 (Windows NT 10.0; Win64; x64) AppleWebKit/537.36 (KHTML, like Gecko) Chrome/104.0.0.0 Safari/537.36"
36.133.115.36 - - [13/Dec/2025:07:40:21 +0800] "POST /wp-cron.php?doing_wp_cron=1765582821.8509209156036376953125 HTTP/1.1" 200 31 "-" "WordPress/6.8.3; http://cqqizhou.com"
123.57.13.121 - - [13/Dec/2025:07:40:21 +0800] "GET / HTTP/1.1" 301 5 "-" "Mozilla/5.0 (Windows NT 10.0; Win64; x64) AppleWebKit/537.36 (KHTML, like Gecko) Chrome/104.0.0.0 Safari/537.36"
36.133.115.36 - - [13/Dec/2025:07:44:37 +0800] "POST /wp-cron.php?doing_wp_cron=1765583077.5845160484313964843750 HTTP/1.1" 200 31 "-" "WordPress/6.8.3; http://cqqizhou.com"
61.155.157.28 - - [13/Dec/2025:07:44:37 +0800] "GET / HTTP/1.1" 301 5 "-" "Mozilla/5.0 (Windows NT 10.0; Win64; x64) AppleWebKit/537.36 (KHTML, like Gecko) Chrome/100.0.4896.127 Safari/537.36"
61.155.157.28 - - [13/Dec/2025:07:44:39 +0800] "GET / HTTP/1.1" 200 34106 "-" "Mozilla/5.0 (Windows NT 10.0; Win64; x64) AppleWebKit/537.36 (KHTML, like Gecko) Chrome/100.0.4896.127 Safari/537.36"
61.155.157.28 - - [13/Dec/2025:07:44:40 +0800] "GET /wp-content/uploads/2025/07/1751425283-qizhou.kf_.qq_.com_.webp HTTP/1.1" 200 16864 "http://cqqizhou.com/" "Mozilla/5.0 (Windows NT 10.0; Win64; x64) AppleWebKit/537.36 (KHTML, like Gecko) Chrome/100.0.4896.127 Safari/537.36"
61.155.157.28 - - [13/Dec/2025:07:44:41 +0800] "GET /wp-content/uploads/2025/12/1765268955-qizhou_Slider1_3840%C3%972160_20251210-scaled.webp HTTP/1.1" 200 152162 "http://cqqizhou.com/" "Mozilla/5.0 (Windows NT 10.0; Win64; x64) AppleWebKit/537.36 (KHTML, like Gecko) Chrome/100.0.4896.127 Safari/537.36"
61.155.157.28 - - [13/Dec/2025:07:44:41 +0800] "GET /wp-content/uploads/2025/12/1765265398-qizhou_Slider_3840%C3%972160_20251209-scaled-50x100.webp HTTP/1.1" 200 2166 "http://cqqizhou.com/" "Mozilla/5.0 (Windows NT 10.0; Win64; x64) AppleWebKit/537.36 (KHTML, like Gecko) Chrome/100.0.4896.127 Safari/537.36"
61.155.157.28 - - [13/Dec/2025:07:44:41 +0800] "GET /wp-content/uploads/revslider/slider-1/1750861156-logistics_Slider_3840%C3%972160_20250625191356-scaled-50x100.webp HTTP/1.1" 200 1416 "http://cqqizhou.com/" "Mozilla/5.0 (Windows NT 10.0; Win64; x64) AppleWebKit/537.36 (KHTML, like Gecko) Chrome/100.0.4896.127 Safari/537.36"
61.155.157.28 - - [13/Dec/2025:07:44:42 +0800] "GET /wp-content/uploads/2025/07/1753456723-%E5%8F%8C%E7%9B%B8%E9%92%A2roduct_Single600.webp HTTP/1.1" 200 22790 "http://cqqizhou.com/" "Mozilla/5.0 (Windows NT 10.0; Win64; x64) AppleWebKit/537.36 (KHTML, like Gecko) Chrome/100.0.4896.127 Safari/537.36"
61.155.157.28 - - [13/Dec/2025:07:44:42 +0800] "GET /wp-content/uploads/2025/07/1753453096-%E5%8F%8C%E7%9B%B8%E9%92%A2product_Single600%C3%97284.webp HTTP/1.1" 200 14562 "http://cqqizhou.com/" "Mozilla/5.0 (Windows NT 10.0; Win64; x64) AppleWebKit/537.36 (KHTML, like Gecko) Chrome/100.0.4896.127 Safari/537.36"
61.155.157.28 - - [13/Dec/2025:07:44:42 +0800] "GET /wp-content/uploads/2025/07/1753456770-%E7%83%AD%E9%95%80%E9%94%8C%E5%8D%B7product_Single600.webp HTTP/1.1" 200 27502 "http://cqqizhou.com/" "Mozilla/5.0 (Windows NT 10.0; Win64; x64) AppleWebKit/537.36 (KHTML, like Gecko) Chrome/100.0.4896.127 Safari/537.36"
61.155.157.28 - - [13/Dec/2025:07:44:42 +0800] "GET /wp-content/uploads/2025/07/1753453127-%E4%BD%99%E5%8D%B7product_Single600%C3%97284.webp HTTP/1.1" 200 18744 "http://cqqizhou.com/" "Mozilla/5.0 (Windows NT 10.0; Win64; x64) AppleWebKit/537.36 (KHTML, like Gecko) Chrome/100.0.4896.127 Safari/537.36"
61.155.157.28 - - [13/Dec/2025:07:44:43 +0800] "GET /wp-json/sliderrevolution/sliders/1?srengine=7&slideid=2 HTTP/1.1" 200 2058 "http://cqqizhou.com/" "Mozilla/5.0 (Windows NT 10.0; Win64; x64) AppleWebKit/537.36 (KHTML, like Gecko) Chrome/100.0.4896.127 Safari/537.36"
61.155.157.28 - - [13/Dec/2025:07:44:43 +0800] "GET /wp-json/sliderrevolution/sliders/1?srengine=7&slideid=3 HTTP/1.1" 200 2286 "http://cqqizhou.com/" "Mozilla/5.0 (Windows NT 10.0; Win64; x64) AppleWebKit/537.36 (KHTML, like Gecko) Chrome/100.0.4896.127 Safari/537.36"
61.155.157.28 - - [13/Dec/2025:07:44:43 +0800] "GET /wp-content/uploads/2025/12/1765265398-qizhou_Slider_3840%C3%972160_20251209-scaled.webp HTTP/1.1" 200 175208 "http://cqqizhou.com/" "Mozilla/5.0 (Windows NT 10.0; Win64; x64) AppleWebKit/537.36 (KHTML, like Gecko) Chrome/100.0.4896.127 Safari/537.36"
61.155.157.28 - - [13/Dec/2025:07:44:43 +0800] "GET /wp-content/uploads/revslider/slider-1/1750861156-logistics_Slider_3840%C3%972160_20250625191356-scaled.webp HTTP/1.1" 200 197360 "http://cqqizhou.com/" "Mozilla/5.0 (Windows NT 10.0; Win64; x64) AppleWebKit/537.36 (KHTML, like Gecko) Chrome/100.0.4896.127 Safari/537.36"
61.155.157.28 - - [13/Dec/2025:07:44:51 +0800] "GET /wp-content/uploads/2025/12/1765268955-qizhou_Slider1_3840%C3%972160_20251210-scaled-50x100.webp HTTP/1.1" 200 1812 "http://cqqizhou.com/" "Mozilla/5.0 (Windows NT 10.0; Win64; x64) AppleWebKit/537.36 (KHTML, like Gecko) Chrome/100.0.4896.127 Safari/537.36"
61.155.157.28 - - [13/Dec/2025:07:44:55 +0800] "GET /wp-content/uploads/2025/07/1750174127-Marketing1920x800_3.webp HTTP/1.1" 200 52790 "http://cqqizhou.com/wp-content/uploads/elementor/css/post-1666.css?ver=1765281897" "Mozilla/5.0 (Windows NT 10.0; Win64; x64) AppleWebKit/537.36 (KHTML, like Gecko) Chrome/100.0.4896.127 Safari/537.36"
61.155.157.28 - - [13/Dec/2025:07:44:55 +0800] "GET /wp-content/uploads/2025/07/1751829454-Smart-warehousing800x500.webp HTTP/1.1" 200 79504 "http://cqqizhou.com/wp-content/uploads/elementor/css/post-1666.css?ver=1765281897" "Mozilla/5.0 (Windows NT 10.0; Win64; x64) AppleWebKit/537.36 (KHTML, like Gecko) Chrome/100.0.4896.127 Safari/537.36"
61.155.157.28 - - [13/Dec/2025:07:44:55 +0800] "GET /wp-content/uploads/2025/12/1765268955-qizhou_Slider1_3840%C3%972160_20251210-scaled.webp HTTP/1.1" 200 152162 "http://cqqizhou.com/" "Mozilla/5.0 (Windows NT 10.0; Win64; x64) AppleWebKit/537.36 (KHTML, like Gecko) Chrome/100.0.4896.127 Safari/537.36"
61.155.157.28 - - [13/Dec/2025:07:44:55 +0800] "GET /wp-content/uploads/revslider/slider-1/1750861156-logistics_Slider_3840%C3%972160_20250625191356-scaled.webp HTTP/1.1" 200 197360 "http://cqqizhou.com/" "Mozilla/5.0 (Windows NT 10.0; Win64; x64) AppleWebKit/537.36 (KHTML, like Gecko) Chrome/100.0.4896.127 Safari/537.36"
61.155.157.28 - - [13/Dec/2025:07:44:55 +0800] "GET /wp-content/uploads/2025/12/1765265398-qizhou_Slider_3840%C3%972160_20251209-scaled.webp HTTP/1.1" 200 175208 "http://cqqizhou.com/" "Mozilla/5.0 (Windows NT 10.0; Win64; x64) AppleWebKit/537.36 (KHTML, like Gecko) Chrome/100.0.4896.127 Safari/537.36"
61.155.157.28 - - [13/Dec/2025:07:44:58 +0800] "GET /contacts/ HTTP/1.1" 200 21713 "http://cqqizhou.com/" "Mozilla/5.0 (Windows NT 10.0; Win64; x64) AppleWebKit/537.36 (KHTML, like Gecko) Chrome/100.0.4896.127 Safari/537.36"
61.155.157.28 - - [13/Dec/2025:07:44:59 +0800] "GET /wp-content/uploads/2025/07/1750005875-qizhou_map2025616.webp HTTP/1.1" 200 348798 "http://cqqizhou.com/contacts/" "Mozilla/5.0 (Windows NT 10.0; Win64; x64) AppleWebKit/537.36 (KHTML, like Gecko) Chrome/100.0.4896.127 Safari/537.36"
61.155.157.28 - - [13/Dec/2025:07:44:59 +0800] "GET /wp-content/uploads/2025/11/1762826323-Contacts2000x400_20251111.webp HTTP/1.1" 200 15144 "http://cqqizhou.com/contacts/" "Mozilla/5.0 (Windows NT 10.0; Win64; x64) AppleWebKit/537.36 (KHTML, like Gecko) Chrome/100.0.4896.127 Safari/537.36"
36.133.115.36 - - [13/Dec/2025:07:45:00 +0800] "POST /wp-cron.php?doing_wp_cron=1765583100.9107871055603027343750 HTTP/1.1" 200 31 "-" "WordPress/6.8.3; http://cqqizhou.com"
61.155.157.28 - - [13/Dec/2025:07:45:00 +0800] "GET /wp-json/contact-form-7/v1/contact-forms/158/feedback/schema HTTP/1.1" 200 358 "http://cqqizhou.com/contacts/" "Mozilla/5.0 (Windows NT 10.0; Win64; x64) AppleWebKit/537.36 (KHTML, like Gecko) Chrome/100.0.4896.127 Safari/537.36"
61.155.157.28 - - [13/Dec/2025:07:45:01 +0800] "GET /wp-json/contact-form-7/v1/contact-forms/158/refill HTTP/1.1" 200 33 "http://cqqizhou.com/contacts/" "Mozilla/5.0 (Windows NT 10.0; Win64; x64) AppleWebKit/537.36 (KHTML, like Gecko) Chrome/100.0.4896.127 Safari/537.36"
204.76.203.212 - - [13/Dec/2025:07:45:16 +0800] "GET / HTTP/1.1" 200 33672 "-" "Mozilla/5.0 (Windows NT 10.0; Win64; x64) AppleWebKit/537.36 (KHTML, like Gecko) Chrome/90.0.4430.85 Safari/537.36 Edg/90.0.818.46"
180.163.30.85 - - [13/Dec/2025:07:45:29 +0800] "GET /2339/ HTTP/1.1" 200 21005 "-" "Mozilla/5.0 (Macintosh; Intel Mac OS X 10_15_7) AppleWebKit/537.36 (KHTML, like Gecko) Chrome/134.0.0.0 Safari/537.36"
14.108.234.177 - - [13/Dec/2025:07:45:30 +0800] "GET /2339/ HTTP/1.1" 200 20652 "-" "Mozilla/5.0 (Linux; Android 14; V2055A Build/UP1A.231005.007; wv) AppleWebKit/537.36 (KHTML, like Gecko) Version/4.0 Chrome/142.0.7444.172 Mobile Safari/537.36 XWEB/1420045 MMWEBSDK/20251006 MMWEBID/5841 MicroMessenger/8.0.66.2980(0x28004236) WeChat/arm64 Weixin NetType/WIFI Language/zh_CN ABI/arm64"
14.108.234.177 - - [13/Dec/2025:07:45:30 +0800] "GET /wp-content/uploads/2025/12/1765253089-20251209103501_96_61.webp HTTP/1.1" 200 37758 "http://cqqizhou.com/2339/" "Mozilla/5.0 (Linux; Android 14; V2055A Build/UP1A.231005.007; wv) AppleWebKit/537.36 (KHTML, like Gecko) Version/4.0 Chrome/142.0.7444.172 Mobile Safari/537.36 XWEB/1420045 MMWEBSDK/20251006 MMWEBID/5841 MicroMessenger/8.0.66.2980(0x28004236) WeChat/arm64 Weixin NetType/WIFI Language/zh_CN ABI/arm64"
14.108.234.177 - - [13/Dec/2025:07:45:30 +0800] "GET /wp-content/uploads/2025/12/1765248735-20251209104226_108_60.webp HTTP/1.1" 200 55962 "http://cqqizhou.com/2339/" "Mozilla/5.0 (Linux; Android 14; V2055A Build/UP1A.231005.007; wv) AppleWebKit/537.36 (KHTML, like Gecko) Version/4.0 Chrome/142.0.7444.172 Mobile Safari/537.36 XWEB/1420045 MMWEBSDK/20251006 MMWEBID/5841 MicroMessenger/8.0.66.2980(0x28004236) WeChat/arm64 Weixin NetType/WIFI Language/zh_CN ABI/arm64"
14.108.234.177 - - [13/Dec/2025:07:45:30 +0800] "GET /wp-content/uploads/2025/12/1765248770-20251209104226_107_60.webp HTTP/1.1" 200 66916 "http://cqqizhou.com/2339/" "Mozilla/5.0 (Linux; Android 14; V2055A Build/UP1A.231005.007; wv) AppleWebKit/537.36 (KHTML, like Gecko) Version/4.0 Chrome/142.0.7444.172 Mobile Safari/537.36 XWEB/1420045 MMWEBSDK/20251006 MMWEBID/5841 MicroMessenger/8.0.66.2980(0x28004236) WeChat/arm64 Weixin NetType/WIFI Language/zh_CN ABI/arm64"
14.108.234.177 - - [13/Dec/2025:07:45:30 +0800] "GET /wp-content/uploads/2025/09/1756868614-20250903104654_74_5-150x150.webp HTTP/1.1" 200 5712 "http://cqqizhou.com/2339/" "Mozilla/5.0 (Linux; Android 14; V2055A Build/UP1A.231005.007; wv) AppleWebKit/537.36 (KHTML, like Gecko) Version/4.0 Chrome/142.0.7444.172 Mobile Safari/537.36 XWEB/1420045 MMWEBSDK/20251006 MMWEBID/5841 MicroMessenger/8.0.66.2980(0x28004236) WeChat/arm64 Weixin NetType/WIFI Language/zh_CN ABI/arm64"
14.108.234.177 - - [13/Dec/2025:07:45:30 +0800] "GET /wp-content/uploads/2025/09/1756868614-20250903104654_74_5.webp HTTP/1.1" 200 47858 "http://cqqizhou.com/2339/" "Mozilla/5.0 (Linux; Android 14; V2055A Build/UP1A.231005.007; wv) AppleWebKit/537.36 (KHTML, like Gecko) Version/4.0 Chrome/142.0.7444.172 Mobile Safari/537.36 XWEB/1420045 MMWEBSDK/20251006 MMWEBID/5841 MicroMessenger/8.0.66.2980(0x28004236) WeChat/arm64 Weixin NetType/WIFI Language/zh_CN ABI/arm64"
14.108.234.177 - - [13/Dec/2025:07:45:30 +0800] "GET /wp-content/uploads/2025/07/1753410289-News2000%C3%97400_202571.webp HTTP/1.1" 200 17830 "http://cqqizhou.com/2339/" "Mozilla/5.0 (Linux; Android 14; V2055A Build/UP1A.231005.007; wv) AppleWebKit/537.36 (KHTML, like Gecko) Version/4.0 Chrome/142.0.7444.172 Mobile Safari/537.36 XWEB/1420045 MMWEBSDK/20251006 MMWEBID/5841 MicroMessenger/8.0.66.2980(0x28004236) WeChat/arm64 Weixin NetType/WIFI Language/zh_CN ABI/arm64"
14.108.234.177 - - [13/Dec/2025:07:45:30 +0800] "GET /wp-content/uploads/2025/08/1755826456-DSC01841.webp HTTP/1.1" 200 87046 "http://cqqizhou.com/2339/" "Mozilla/5.0 (Linux; Android 14; V2055A Build/UP1A.231005.007; wv) AppleWebKit/537.36 (KHTML, like Gecko) Version/4.0 Chrome/142.0.7444.172 Mobile Safari/537.36 XWEB/1420045 MMWEBSDK/20251006 MMWEBID/5841 MicroMessenger/8.0.66.2980(0x28004236) WeChat/arm64 Weixin NetType/WIFI Language/zh_CN ABI/arm64"
14.108.234.177 - - [13/Dec/2025:07:45:30 +0800] "GET /wp-content/uploads/2025/07/1751425283-qizhou.kf_.qq_.com_.webp HTTP/1.1" 200 16864 "http://cqqizhou.com/2339/" "Mozilla/5.0 (Linux; Android 14; V2055A Build/UP1A.231005.007; wv) AppleWebKit/537.36 (KHTML, like Gecko) Version/4.0 Chrome/142.0.7444.172 Mobile Safari/537.36 XWEB/1420045 MMWEBSDK/20251006 MMWEBID/5841 MicroMessenger/8.0.66.2980(0x28004236) WeChat/arm64 Weixin NetType/WIFI Language/zh_CN ABI/arm64"
14.108.234.177 - - [13/Dec/2025:07:45:30 +0800] "GET /wp-content/uploads/2025/12/1765249046-20251209104228_110_60.webp HTTP/1.1" 200 64834 "http://cqqizhou.com/2339/" "Mozilla/5.0 (Linux; Android 14; V2055A Build/UP1A.231005.007; wv) AppleWebKit/537.36 (KHTML, like Gecko) Version/4.0 Chrome/142.0.7444.172 Mobile Safari/537.36 XWEB/1420045 MMWEBSDK/20251006 MMWEBID/5841 MicroMessenger/8.0.66.2980(0x28004236) WeChat/arm64 Weixin NetType/WIFI Language/zh_CN ABI/arm64"
36.133.115.36 - - [13/Dec/2025:07:47:36 +0800] "POST /wp-cron.php?doing_wp_cron=1765583256.6857120990753173828125 HTTP/1.1" 200 31 "-" "WordPress/6.8.3; http://cqqizhou.com"
14.108.234.177 - - [13/Dec/2025:07:47:36 +0800] "GET /2231/ HTTP/1.1" 200 19688 "http://cqqizhou.com/2339/" "Mozilla/5.0 (Linux; Android 14; V2055A Build/UP1A.231005.007; wv) AppleWebKit/537.36 (KHTML, like Gecko) Version/4.0 Chrome/142.0.7444.172 Mobile Safari/537.36 XWEB/1420045 MMWEBSDK/20251006 MMWEBID/5841 MicroMessenger/8.0.66.2980(0x28004236) WeChat/arm64 Weixin NetType/WIFI Language/zh_CN ABI/arm64"
14.108.234.177 - - [13/Dec/2025:07:47:37 +0800] "GET /wp-content/uploads/2025/08/1755826456-DSC01841-150x150.webp HTTP/1.1" 200 9850 "http://cqqizhou.com/2231/" "Mozilla/5.0 (Linux; Android 14; V2055A Build/UP1A.231005.007; wv) AppleWebKit/537.36 (KHTML, like Gecko) Version/4.0 Chrome/142.0.7444.172 Mobile Safari/537.36 XWEB/1420045 MMWEBSDK/20251006 MMWEBID/5841 MicroMessenger/8.0.66.2980(0x28004236) WeChat/arm64 Weixin NetType/WIFI Language/zh_CN ABI/arm64"
14.108.234.177 - - [13/Dec/2025:07:47:37 +0800] "GET /wp-content/uploads/2025/09/1756868585-20250903104658_78_5.webp HTTP/1.1" 200 39636 "http://cqqizhou.com/2231/" "Mozilla/5.0 (Linux; Android 14; V2055A Build/UP1A.231005.007; wv) AppleWebKit/537.36 (KHTML, like Gecko) Version/4.0 Chrome/142.0.7444.172 Mobile Safari/537.36 XWEB/1420045 MMWEBSDK/20251006 MMWEBID/5841 MicroMessenger/8.0.66.2980(0x28004236) WeChat/arm64 Weixin NetType/WIFI Language/zh_CN ABI/arm64"
