106.80.250.43 - - [11/Dec/2025:12:12:20 +0800] "GET /wp-content/uploads/2025/07/1753454299-Article_images_W900px.webp HTTP/1.1" 200 52418 "http://cqqizhou.com/news/" "Mozilla/5.0 (Linux; Android 15; PJE110 Build/TP1A.220905.001; wv) AppleWebKit/537.36 (KHTML, like Gecko) Version/4.0 Chrome/142.0.7444.172 Mobile Safari/537.36 XWEB/1420045 MMWEBSDK/20250904 MMWEBID/6978 MicroMessenger/8.0.65.2960(0x28004156) WeChat/arm64 Weixin NetType/4G Language/zh_CN ABI/arm64"
106.80.250.43 - - [11/Dec/2025:12:12:20 +0800] "GET /wp-content/uploads/2025/07/1753454089-Article_images_W900px.webp HTTP/1.1" 200 27552 "http://cqqizhou.com/news/" "Mozilla/5.0 (Linux; Android 15; PJE110 Build/TP1A.220905.001; wv) AppleWebKit/537.36 (KHTML, like Gecko) Version/4.0 Chrome/142.0.7444.172 Mobile Safari/537.36 XWEB/1420045 MMWEBSDK/20250904 MMWEBID/6978 MicroMessenger/8.0.65.2960(0x28004156) WeChat/arm64 Weixin NetType/4G Language/zh_CN ABI/arm64"
106.80.250.43 - - [11/Dec/2025:12:12:32 +0800] "GET /2214/ HTTP/1.1" 200 21330 "http://cqqizhou.com/news/" "Mozilla/5.0 (Linux; Android 15; PJE110 Build/TP1A.220905.001; wv) AppleWebKit/537.36 (KHTML, like Gecko) Version/4.0 Chrome/142.0.7444.172 Mobile Safari/537.36 XWEB/1420045 MMWEBSDK/20250904 MMWEBID/6978 MicroMessenger/8.0.65.2960(0x28004156) WeChat/arm64 Weixin NetType/4G Language/zh_CN ABI/arm64"
106.80.250.43 - - [11/Dec/2025:12:12:32 +0800] "GET /wp-content/uploads/2025/08/1755826456-DSC01841-150x150.webp HTTP/1.1" 200 9850 "http://cqqizhou.com/2214/" "Mozilla/5.0 (Linux; Android 15; PJE110 Build/TP1A.220905.001; wv) AppleWebKit/537.36 (KHTML, like Gecko) Version/4.0 Chrome/142.0.7444.172 Mobile Safari/537.36 XWEB/1420045 MMWEBSDK/20250904 MMWEBID/6978 MicroMessenger/8.0.65.2960(0x28004156) WeChat/arm64 Weixin NetType/4G Language/zh_CN ABI/arm64"
106.80.250.43 - - [11/Dec/2025:12:12:32 +0800] "GET /wp-content/uploads/2025/07/1753455746-DSC01472-150x150.webp HTTP/1.1" 200 4760 "http://cqqizhou.com/2214/" "Mozilla/5.0 (Linux; Android 15; PJE110 Build/TP1A.220905.001; wv) AppleWebKit/537.36 (KHTML, like Gecko) Version/4.0 Chrome/142.0.7444.172 Mobile Safari/537.36 XWEB/1420045 MMWEBSDK/20250904 MMWEBID/6978 MicroMessenger/8.0.65.2960(0x28004156) WeChat/arm64 Weixin NetType/4G Language/zh_CN ABI/arm64"
106.85.151.13 - - [11/Dec/2025:12:12:32 +0800] "GET /2215/ HTTP/1.1" 200 20130 "http://cqqizhou.com/2339/" "Mozilla/5.0 (Linux; Android 14; FNE-AN00 Build/HONORFNE-AN00; wv) AppleWebKit/537.36 (KHTML, like Gecko) Version/4.0 Chrome/142.0.7444.172 Mobile Safari/537.36 XWEB/1420045 MMWEBSDK/20251006 MMWEBID/528 MicroMessenger/8.0.66.2980(0x28004234) WeChat/arm64 Weixin NetType/5G Language/zh_CN ABI/arm64"
106.85.151.13 - - [11/Dec/2025:12:12:32 +0800] "GET /wp-content/uploads/2025/08/1755826390-DSC01765-150x150.webp HTTP/1.1" 200 6586 "http://cqqizhou.com/2215/" "Mozilla/5.0 (Linux; Android 14; FNE-AN00 Build/HONORFNE-AN00; wv) AppleWebKit/537.36 (KHTML, like Gecko) Version/4.0 Chrome/142.0.7444.172 Mobile Safari/537.36 XWEB/1420045 MMWEBSDK/20251006 MMWEBID/528 MicroMessenger/8.0.66.2980(0x28004234) WeChat/arm64 Weixin NetType/5G Language/zh_CN ABI/arm64"
36.133.115.36 - - [11/Dec/2025:12:13:03 +0800] "POST /wp-cron.php?doing_wp_cron=1765426383.8321640491485595703125 HTTP/1.1" 200 31 "-" "WordPress/6.8.3; http://cqqizhou.com"
125.80.164.35 - - [11/Dec/2025:12:13:04 +0800] "GET /2339/ HTTP/1.1" 200 20622 "-" "Mozilla/5.0 (iPhone; CPU iPhone OS 17_5_1 like Mac OS X) AppleWebKit/605.1.15 (KHTML, like Gecko) Mobile/15E148 MicroMessenger/8.0.66(0x1800422a) NetType/WIFI Language/zh_CN"
125.80.164.35 - - [11/Dec/2025:12:13:04 +0800] "GET /wp-content/uploads/2025/12/1765253089-20251209103501_96_61.webp HTTP/1.1" 304 0 "http://cqqizhou.com/2339/" "Mozilla/5.0 (iPhone; CPU iPhone OS 17_5_1 like Mac OS X) AppleWebKit/605.1.15 (KHTML, like Gecko) Mobile/15E148 MicroMessenger/8.0.66(0x1800422a) NetType/WIFI Language/zh_CN"
125.80.164.35 - - [11/Dec/2025:12:13:04 +0800] "GET /wp-content/uploads/2025/12/1765248770-20251209104226_107_60.webp HTTP/1.1" 304 0 "http://cqqizhou.com/2339/" "Mozilla/5.0 (iPhone; CPU iPhone OS 17_5_1 like Mac OS X) AppleWebKit/605.1.15 (KHTML, like Gecko) Mobile/15E148 MicroMessenger/8.0.66(0x1800422a) NetType/WIFI Language/zh_CN"
125.80.164.35 - - [11/Dec/2025:12:13:04 +0800] "GET /wp-content/uploads/2025/12/1765248735-20251209104226_108_60.webp HTTP/1.1" 304 0 "http://cqqizhou.com/2339/" "Mozilla/5.0 (iPhone; CPU iPhone OS 17_5_1 like Mac OS X) AppleWebKit/605.1.15 (KHTML, like Gecko) Mobile/15E148 MicroMessenger/8.0.66(0x1800422a) NetType/WIFI Language/zh_CN"
125.80.164.35 - - [11/Dec/2025:12:13:08 +0800] "GET /wp-content/uploads/2025/12/1765249046-20251209104228_110_60.webp HTTP/1.1" 304 0 "http://cqqizhou.com/2339/" "Mozilla/5.0 (iPhone; CPU iPhone OS 17_5_1 like Mac OS X) AppleWebKit/605.1.15 (KHTML, like Gecko) Mobile/15E148 MicroMessenger/8.0.66(0x1800422a) NetType/WIFI Language/zh_CN"
39.144.218.2 - - [11/Dec/2025:12:13:18 +0800] "GET /2339/ HTTP/1.1" 200 20622 "-" "Mozilla/5.0 (iPhone; CPU iPhone OS 18_6_2 like Mac OS X) AppleWebKit/605.1.15 (KHTML, like Gecko) Mobile/15E148 MicroMessenger/8.0.66(0x1800422a) NetType/4G Language/zh_CN"
39.144.218.2 - - [11/Dec/2025:12:13:19 +0800] "GET /wp-content/uploads/2025/12/1765253089-20251209103501_96_61.webp HTTP/1.1" 200 37758 "http://cqqizhou.com/2339/" "Mozilla/5.0 (iPhone; CPU iPhone OS 18_6_2 like Mac OS X) AppleWebKit/605.1.15 (KHTML, like Gecko) Mobile/15E148 MicroMessenger/8.0.66(0x1800422a) NetType/4G Language/zh_CN"
39.144.218.2 - - [11/Dec/2025:12:13:20 +0800] "GET /wp-content/uploads/2025/07/1753410289-News2000%C3%97400_202571.webp HTTP/1.1" 200 17830 "http://cqqizhou.com/2339/" "Mozilla/5.0 (iPhone; CPU iPhone OS 18_6_2 like Mac OS X) AppleWebKit/605.1.15 (KHTML, like Gecko) Mobile/15E148 MicroMessenger/8.0.66(0x1800422a) NetType/4G Language/zh_CN"
39.144.218.2 - - [11/Dec/2025:12:13:21 +0800] "GET /wp-content/uploads/2025/12/1765248735-20251209104226_108_60.webp HTTP/1.1" 200 55962 "http://cqqizhou.com/2339/" "Mozilla/5.0 (iPhone; CPU iPhone OS 18_6_2 like Mac OS X) AppleWebKit/605.1.15 (KHTML, like Gecko) Mobile/15E148 MicroMessenger/8.0.66(0x1800422a) NetType/4G Language/zh_CN"
39.144.218.2 - - [11/Dec/2025:12:13:21 +0800] "GET /wp-content/uploads/2025/12/1765248770-20251209104226_107_60.webp HTTP/1.1" 200 66916 "http://cqqizhou.com/2339/" "Mozilla/5.0 (iPhone; CPU iPhone OS 18_6_2 like Mac OS X) AppleWebKit/605.1.15 (KHTML, like Gecko) Mobile/15E148 MicroMessenger/8.0.66(0x1800422a) NetType/4G Language/zh_CN"
39.144.218.2 - - [11/Dec/2025:12:13:21 +0800] "GET /wp-content/uploads/2025/09/1756868614-20250903104654_74_5-150x150.webp HTTP/1.1" 200 5712 "http://cqqizhou.com/2339/" "Mozilla/5.0 (iPhone; CPU iPhone OS 18_6_2 like Mac OS X) AppleWebKit/605.1.15 (KHTML, like Gecko) Mobile/15E148 MicroMessenger/8.0.66(0x1800422a) NetType/4G Language/zh_CN"
39.144.218.2 - - [11/Dec/2025:12:13:21 +0800] "GET /wp-content/uploads/2025/09/1756868614-20250903104654_74_5.webp HTTP/1.1" 200 47858 "http://cqqizhou.com/2339/" "Mozilla/5.0 (iPhone; CPU iPhone OS 18_6_2 like Mac OS X) AppleWebKit/605.1.15 (KHTML, like Gecko) Mobile/15E148 MicroMessenger/8.0.66(0x1800422a) NetType/4G Language/zh_CN"
39.144.218.2 - - [11/Dec/2025:12:13:21 +0800] "GET /wp-content/uploads/2025/08/1755826456-DSC01841.webp HTTP/1.1" 200 87046 "http://cqqizhou.com/2339/" "Mozilla/5.0 (iPhone; CPU iPhone OS 18_6_2 like Mac OS X) AppleWebKit/605.1.15 (KHTML, like Gecko) Mobile/15E148 MicroMessenger/8.0.66(0x1800422a) NetType/4G Language/zh_CN"
39.144.218.2 - - [11/Dec/2025:12:13:22 +0800] "GET /wp-content/uploads/2025/07/1751425283-qizhou.kf_.qq_.com_.webp HTTP/1.1" 200 16864 "http://cqqizhou.com/2339/" "Mozilla/5.0 (iPhone; CPU iPhone OS 18_6_2 like Mac OS X) AppleWebKit/605.1.15 (KHTML, like Gecko) Mobile/15E148 MicroMessenger/8.0.66(0x1800422a) NetType/4G Language/zh_CN"
39.144.224.160 - - [11/Dec/2025:12:13:31 +0800] "GET /2339/ HTTP/1.1" 200 20622 "-" "Mozilla/5.0 (iPhone; CPU iPhone OS 18_6_2 like Mac OS X) AppleWebKit/605.1.15 (KHTML, like Gecko) Mobile/15E148 MicroMessenger/8.0.61(0x18003d39) NetType/4G Language/zh_CN"
39.144.224.160 - - [11/Dec/2025:12:13:31 +0800] "GET /wp-content/uploads/2025/12/1765253089-20251209103501_96_61.webp HTTP/1.1" 200 37758 "http://cqqizhou.com/2339/" "Mozilla/5.0 (iPhone; CPU iPhone OS 18_6_2 like Mac OS X) AppleWebKit/605.1.15 (KHTML, like Gecko) Mobile/15E148 MicroMessenger/8.0.61(0x18003d39) NetType/4G Language/zh_CN"
39.144.224.160 - - [11/Dec/2025:12:13:32 +0800] "GET /wp-content/uploads/2025/07/1753410289-News2000%C3%97400_202571.webp HTTP/1.1" 200 17830 "http://cqqizhou.com/2339/" "Mozilla/5.0 (iPhone; CPU iPhone OS 18_6_2 like Mac OS X) AppleWebKit/605.1.15 (KHTML, like Gecko) Mobile/15E148 MicroMessenger/8.0.61(0x18003d39) NetType/4G Language/zh_CN"
39.144.224.160 - - [11/Dec/2025:12:13:32 +0800] "GET /wp-content/uploads/2025/12/1765248735-20251209104226_108_60.webp HTTP/1.1" 200 55962 "http://cqqizhou.com/2339/" "Mozilla/5.0 (iPhone; CPU iPhone OS 18_6_2 like Mac OS X) AppleWebKit/605.1.15 (KHTML, like Gecko) Mobile/15E148 MicroMessenger/8.0.61(0x18003d39) NetType/4G Language/zh_CN"
39.144.224.160 - - [11/Dec/2025:12:13:32 +0800] "GET /wp-content/uploads/2025/12/1765248770-20251209104226_107_60.webp HTTP/1.1" 200 66916 "http://cqqizhou.com/2339/" "Mozilla/5.0 (iPhone; CPU iPhone OS 18_6_2 like Mac OS X) AppleWebKit/605.1.15 (KHTML, like Gecko) Mobile/15E148 MicroMessenger/8.0.61(0x18003d39) NetType/4G Language/zh_CN"
39.144.224.160 - - [11/Dec/2025:12:13:32 +0800] "GET /wp-content/uploads/2025/09/1756868614-20250903104654_74_5-150x150.webp HTTP/1.1" 200 5712 "http://cqqizhou.com/2339/" "Mozilla/5.0 (iPhone; CPU iPhone OS 18_6_2 like Mac OS X) AppleWebKit/605.1.15 (KHTML, like Gecko) Mobile/15E148 MicroMessenger/8.0.61(0x18003d39) NetType/4G Language/zh_CN"
39.144.224.160 - - [11/Dec/2025:12:13:32 +0800] "GET /wp-content/uploads/2025/08/1755826456-DSC01841.webp HTTP/1.1" 200 87046 "http://cqqizhou.com/2339/" "Mozilla/5.0 (iPhone; CPU iPhone OS 18_6_2 like Mac OS X) AppleWebKit/605.1.15 (KHTML, like Gecko) Mobile/15E148 MicroMessenger/8.0.61(0x18003d39) NetType/4G Language/zh_CN"
39.144.224.160 - - [11/Dec/2025:12:13:32 +0800] "GET /wp-content/uploads/2025/09/1756868614-20250903104654_74_5.webp HTTP/1.1" 200 47858 "http://cqqizhou.com/2339/" "Mozilla/5.0 (iPhone; CPU iPhone OS 18_6_2 like Mac OS X) AppleWebKit/605.1.15 (KHTML, like Gecko) Mobile/15E148 MicroMessenger/8.0.61(0x18003d39) NetType/4G Language/zh_CN"
39.144.224.160 - - [11/Dec/2025:12:13:32 +0800] "GET /wp-content/uploads/2025/07/1751425283-qizhou.kf_.qq_.com_.webp HTTP/1.1" 200 16864 "http://cqqizhou.com/2339/" "Mozilla/5.0 (iPhone; CPU iPhone OS 18_6_2 like Mac OS X) AppleWebKit/605.1.15 (KHTML, like Gecko) Mobile/15E148 MicroMessenger/8.0.61(0x18003d39) NetType/4G Language/zh_CN"
39.144.218.2 - - [11/Dec/2025:12:13:39 +0800] "GET /wp-content/uploads/2025/12/1765249046-20251209104228_110_60.webp HTTP/1.1" 200 64834 "http://cqqizhou.com/2339/" "Mozilla/5.0 (iPhone; CPU iPhone OS 18_6_2 like Mac OS X) AppleWebKit/605.1.15 (KHTML, like Gecko) Mobile/15E148 MicroMessenger/8.0.66(0x1800422a) NetType/4G Language/zh_CN"
36.133.115.36 - - [11/Dec/2025:12:13:55 +0800] "POST /wp-cron.php?doing_wp_cron=1765426435.5990710258483886718750 HTTP/1.1" 200 31 "-" "WordPress/6.8.3; http://cqqizhou.com"
39.144.224.160 - - [11/Dec/2025:12:13:55 +0800] "GET /2339/ HTTP/1.1" 200 20623 "-" "Mozilla/5.0 (iPhone; CPU iPhone OS 18_6_2 like Mac OS X) AppleWebKit/605.1.15 (KHTML, like Gecko) Mobile/15E148 MicroMessenger/8.0.61(0x18003d39) NetType/4G Language/zh_CN"
39.144.224.160 - - [11/Dec/2025:12:13:57 +0800] "GET /wp-content/uploads/2025/12/1765249046-20251209104228_110_60.webp HTTP/1.1" 200 64834 "http://cqqizhou.com/2339/" "Mozilla/5.0 (iPhone; CPU iPhone OS 18_6_2 like Mac OS X) AppleWebKit/605.1.15 (KHTML, like Gecko) Mobile/15E148 MicroMessenger/8.0.61(0x18003d39) NetType/4G Language/zh_CN"
180.120.168.11 - - [11/Dec/2025:12:14:13 +0800] "GET /2339/ HTTP/1.1" 200 20622 "-" "Mozilla/5.0 (iPhone; CPU iPhone OS 17_6_1 like Mac OS X) AppleWebKit/605.1.15 (KHTML, like Gecko) Mobile/15E148 MicroMessenger/8.0.66(0x1800422a) NetType/WIFI Language/zh_CN"
180.120.168.11 - - [11/Dec/2025:12:14:14 +0800] "GET /wp-content/uploads/2025/12/1765253089-20251209103501_96_61.webp HTTP/1.1" 200 37758 "http://cqqizhou.com/2339/" "Mozilla/5.0 (iPhone; CPU iPhone OS 17_6_1 like Mac OS X) AppleWebKit/605.1.15 (KHTML, like Gecko) Mobile/15E148 MicroMessenger/8.0.66(0x1800422a) NetType/WIFI Language/zh_CN"
180.120.168.11 - - [11/Dec/2025:12:14:14 +0800] "GET /wp-content/uploads/2025/07/1753410289-News2000%C3%97400_202571.webp HTTP/1.1" 200 17830 "http://cqqizhou.com/2339/" "Mozilla/5.0 (iPhone; CPU iPhone OS 17_6_1 like Mac OS X) AppleWebKit/605.1.15 (KHTML, like Gecko) Mobile/15E148 MicroMessenger/8.0.66(0x1800422a) NetType/WIFI Language/zh_CN"
180.120.168.11 - - [11/Dec/2025:12:14:15 +0800] "GET /wp-content/uploads/2025/12/1765248735-20251209104226_108_60.webp HTTP/1.1" 200 55962 "http://cqqizhou.com/2339/" "Mozilla/5.0 (iPhone; CPU iPhone OS 17_6_1 like Mac OS X) AppleWebKit/605.1.15 (KHTML, like Gecko) Mobile/15E148 MicroMessenger/8.0.66(0x1800422a) NetType/WIFI Language/zh_CN"
180.120.168.11 - - [11/Dec/2025:12:14:15 +0800] "GET /wp-content/uploads/2025/12/1765248770-20251209104226_107_60.webp HTTP/1.1" 200 66916 "http://cqqizhou.com/2339/" "Mozilla/5.0 (iPhone; CPU iPhone OS 17_6_1 like Mac OS X) AppleWebKit/605.1.15 (KHTML, like Gecko) Mobile/15E148 MicroMessenger/8.0.66(0x1800422a) NetType/WIFI Language/zh_CN"
180.120.168.11 - - [11/Dec/2025:12:14:15 +0800] "GET /wp-content/uploads/2025/09/1756868614-20250903104654_74_5-150x150.webp HTTP/1.1" 200 5712 "http://cqqizhou.com/2339/" "Mozilla/5.0 (iPhone; CPU iPhone OS 17_6_1 like Mac OS X) AppleWebKit/605.1.15 (KHTML, like Gecko) Mobile/15E148 MicroMessenger/8.0.66(0x1800422a) NetType/WIFI Language/zh_CN"
180.120.168.11 - - [11/Dec/2025:12:14:15 +0800] "GET /wp-content/uploads/2025/09/1756868614-20250903104654_74_5.webp HTTP/1.1" 200 47858 "http://cqqizhou.com/2339/" "Mozilla/5.0 (iPhone; CPU iPhone OS 17_6_1 like Mac OS X) AppleWebKit/605.1.15 (KHTML, like Gecko) Mobile/15E148 MicroMessenger/8.0.66(0x1800422a) NetType/WIFI Language/zh_CN"
180.120.168.11 - - [11/Dec/2025:12:14:15 +0800] "GET /wp-content/uploads/2025/08/1755826456-DSC01841.webp HTTP/1.1" 200 87046 "http://cqqizhou.com/2339/" "Mozilla/5.0 (iPhone; CPU iPhone OS 17_6_1 like Mac OS X) AppleWebKit/605.1.15 (KHTML, like Gecko) Mobile/15E148 MicroMessenger/8.0.66(0x1800422a) NetType/WIFI Language/zh_CN"
180.120.168.11 - - [11/Dec/2025:12:14:15 +0800] "GET /wp-content/uploads/2025/07/1751425283-qizhou.kf_.qq_.com_.webp HTTP/1.1" 200 16864 "http://cqqizhou.com/2339/" "Mozilla/5.0 (iPhone; CPU iPhone OS 17_6_1 like Mac OS X) AppleWebKit/605.1.15 (KHTML, like Gecko) Mobile/15E148 MicroMessenger/8.0.66(0x1800422a) NetType/WIFI Language/zh_CN"
180.120.168.11 - - [11/Dec/2025:12:15:05 +0800] "GET /wp-content/uploads/2025/12/1765249046-20251209104228_110_60.webp HTTP/1.1" 200 64834 "http://cqqizhou.com/2339/" "Mozilla/5.0 (iPhone; CPU iPhone OS 17_6_1 like Mac OS X) AppleWebKit/605.1.15 (KHTML, like Gecko) Mobile/15E148 MicroMessenger/8.0.66(0x1800422a) NetType/WIFI Language/zh_CN"
36.133.115.36 - - [11/Dec/2025:12:15:18 +0800] "POST /wp-cron.php?doing_wp_cron=1765426518.7563860416412353515625 HTTP/1.1" 200 31 "-" "WordPress/6.8.3; http://cqqizhou.com"
180.120.168.11 - - [11/Dec/2025:12:15:19 +0800] "GET /2231/ HTTP/1.1" 200 19663 "http://cqqizhou.com/2339/" "Mozilla/5.0 (iPhone; CPU iPhone OS 17_6_1 like Mac OS X) AppleWebKit/605.1.15 (KHTML, like Gecko) Mobile/15E148 MicroMessenger/8.0.66(0x1800422a) NetType/WIFI Language/zh_CN"
180.120.168.11 - - [11/Dec/2025:12:15:19 +0800] "GET /wp-content/uploads/2025/09/1756868585-20250903104658_78_5.webp HTTP/1.1" 200 39636 "http://cqqizhou.com/2231/" "Mozilla/5.0 (iPhone; CPU iPhone OS 17_6_1 like Mac OS X) AppleWebKit/605.1.15 (KHTML, like Gecko) Mobile/15E148 MicroMessenger/8.0.66(0x1800422a) NetType/WIFI Language/zh_CN"
180.120.168.11 - - [11/Dec/2025:12:15:19 +0800] "GET /wp-content/uploads/2025/08/1755826456-DSC01841-150x150.webp HTTP/1.1" 200 9850 "http://cqqizhou.com/2231/" "Mozilla/5.0 (iPhone; CPU iPhone OS 17_6_1 like Mac OS X) AppleWebKit/605.1.15 (KHTML, like Gecko) Mobile/15E148 MicroMessenger/8.0.66(0x1800422a) NetType/WIFI Language/zh_CN"
180.120.168.11 - - [11/Dec/2025:12:15:19 +0800] "GET /wp-content/uploads/2025/12/1765253089-20251209103501_96_61-150x150.webp HTTP/1.1" 200 5198 "http://cqqizhou.com/2231/" "Mozilla/5.0 (iPhone; CPU iPhone OS 17_6_1 like Mac OS X) AppleWebKit/605.1.15 (KHTML, like Gecko) Mobile/15E148 MicroMessenger/8.0.66(0x1800422a) NetType/WIFI Language/zh_CN"
36.133.115.36 - - [11/Dec/2025:12:15:52 +0800] "POST /wp-cron.php?doing_wp_cron=1765426552.3769319057464599609375 HTTP/1.1" 200 31 "-" "WordPress/6.8.3; http://cqqizhou.com"
180.120.168.11 - - [11/Dec/2025:12:15:52 +0800] "GET /2215/ HTTP/1.1" 200 20130 "http://cqqizhou.com/2231/" "Mozilla/5.0 (iPhone; CPU iPhone OS 17_6_1 like Mac OS X) AppleWebKit/605.1.15 (KHTML, like Gecko) Mobile/15E148 MicroMessenger/8.0.66(0x1800422a) NetType/WIFI Language/zh_CN"
180.120.168.11 - - [11/Dec/2025:12:15:52 +0800] "GET /wp-content/uploads/2025/08/1755826390-DSC01765-150x150.webp HTTP/1.1" 200 6586 "http://cqqizhou.com/2215/" "Mozilla/5.0 (iPhone; CPU iPhone OS 17_6_1 like Mac OS X) AppleWebKit/605.1.15 (KHTML, like Gecko) Mobile/15E148 MicroMessenger/8.0.66(0x1800422a) NetType/WIFI Language/zh_CN"
106.80.3.37 - - [11/Dec/2025:12:15:53 +0800] "GET /2339/ HTTP/1.1" 200 20622 "-" "Mozilla/5.0 (iPhone; CPU iPhone OS 18_7 like Mac OS X) AppleWebKit/605.1.15 (KHTML, like Gecko) Mobile/15E148 MicroMessenger/8.0.66(0x1800422a) NetType/4G Language/zh_CN"
106.80.3.37 - - [11/Dec/2025:12:15:53 +0800] "GET /wp-content/uploads/2025/12/1765253089-20251209103501_96_61.webp HTTP/1.1" 200 37758 "http://cqqizhou.com/2339/" "Mozilla/5.0 (iPhone; CPU iPhone OS 18_7 like Mac OS X) AppleWebKit/605.1.15 (KHTML, like Gecko) Mobile/15E148 MicroMessenger/8.0.66(0x1800422a) NetType/4G Language/zh_CN"
106.80.3.37 - - [11/Dec/2025:12:15:53 +0800] "GET /wp-content/uploads/2025/07/1753410289-News2000%C3%97400_202571.webp HTTP/1.1" 200 17830 "http://cqqizhou.com/2339/" "Mozilla/5.0 (iPhone; CPU iPhone OS 18_7 like Mac OS X) AppleWebKit/605.1.15 (KHTML, like Gecko) Mobile/15E148 MicroMessenger/8.0.66(0x1800422a) NetType/4G Language/zh_CN"
106.80.3.37 - - [11/Dec/2025:12:15:53 +0800] "GET /wp-content/uploads/2025/12/1765248735-20251209104226_108_60.webp HTTP/1.1" 200 55962 "http://cqqizhou.com/2339/" "Mozilla/5.0 (iPhone; CPU iPhone OS 18_7 like Mac OS X) AppleWebKit/605.1.15 (KHTML, like Gecko) Mobile/15E148 MicroMessenger/8.0.66(0x1800422a) NetType/4G Language/zh_CN"
106.80.3.37 - - [11/Dec/2025:12:15:53 +0800] "GET /wp-content/uploads/2025/12/1765248770-20251209104226_107_60.webp HTTP/1.1" 200 66916 "http://cqqizhou.com/2339/" "Mozilla/5.0 (iPhone; CPU iPhone OS 18_7 like Mac OS X) AppleWebKit/605.1.15 (KHTML, like Gecko) Mobile/15E148 MicroMessenger/8.0.66(0x1800422a) NetType/4G Language/zh_CN"
106.80.3.37 - - [11/Dec/2025:12:15:53 +0800] "GET /wp-content/uploads/2025/09/1756868614-20250903104654_74_5-150x150.webp HTTP/1.1" 200 5712 "http://cqqizhou.com/2339/" "Mozilla/5.0 (iPhone; CPU iPhone OS 18_7 like Mac OS X) AppleWebKit/605.1.15 (KHTML, like Gecko) Mobile/15E148 MicroMessenger/8.0.66(0x1800422a) NetType/4G Language/zh_CN"
106.80.3.37 - - [11/Dec/2025:12:15:53 +0800] "GET /wp-content/uploads/2025/07/1751425283-qizhou.kf_.qq_.com_.webp HTTP/1.1" 200 16864 "http://cqqizhou.com/2339/" "Mozilla/5.0 (iPhone; CPU iPhone OS 18_7 like Mac OS X) AppleWebKit/605.1.15 (KHTML, like Gecko) Mobile/15E148 MicroMessenger/8.0.66(0x1800422a) NetType/4G Language/zh_CN"
106.80.3.37 - - [11/Dec/2025:12:15:53 +0800] "GET /wp-content/uploads/2025/09/1756868614-20250903104654_74_5.webp HTTP/1.1" 200 47858 "http://cqqizhou.com/2339/" "Mozilla/5.0 (iPhone; CPU iPhone OS 18_7 like Mac OS X) AppleWebKit/605.1.15 (KHTML, like Gecko) Mobile/15E148 MicroMessenger/8.0.66(0x1800422a) NetType/4G Language/zh_CN"
106.80.3.37 - - [11/Dec/2025:12:15:53 +0800] "GET /wp-content/uploads/2025/08/1755826456-DSC01841.webp HTTP/1.1" 200 87046 "http://cqqizhou.com/2339/" "Mozilla/5.0 (iPhone; CPU iPhone OS 18_7 like Mac OS X) AppleWebKit/605.1.15 (KHTML, like Gecko) Mobile/15E148 MicroMessenger/8.0.66(0x1800422a) NetType/4G Language/zh_CN"
193.34.213.150 - - [11/Dec/2025:12:16:07 +0800] "POST / HTTP/1.1" 200 33674 "-" "Mozilla/5.0 (Linux; U; Android 4.2.2; he-il; NEO-X5-116A Build/JDQ39) AppleWebKit/534.30 (KHTML, like Gecko) Version/4.0 Safari/534.30"
106.80.3.37 - - [11/Dec/2025:12:16:19 +0800] "GET /wp-content/uploads/2025/12/1765249046-20251209104228_110_60.webp HTTP/1.1" 200 64834 "http://cqqizhou.com/2339/" "Mozilla/5.0 (iPhone; CPU iPhone OS 18_7 like Mac OS X) AppleWebKit/605.1.15 (KHTML, like Gecko) Mobile/15E148 MicroMessenger/8.0.66(0x1800422a) NetType/4G Language/zh_CN"
36.133.115.36 - - [11/Dec/2025:12:16:47 +0800] "POST /wp-cron.php?doing_wp_cron=1765426607.0481259822845458984375 HTTP/1.1" 200 31 "-" "WordPress/6.8.3; http://cqqizhou.com"
106.80.3.37 - - [11/Dec/2025:12:16:47 +0800] "GET /2215/ HTTP/1.1" 200 20130 "http://cqqizhou.com/2339/" "Mozilla/5.0 (iPhone; CPU iPhone OS 18_7 like Mac OS X) AppleWebKit/605.1.15 (KHTML, like Gecko) Mobile/15E148 MicroMessenger/8.0.66(0x1800422a) NetType/4G Language/zh_CN"
106.80.3.37 - - [11/Dec/2025:12:16:47 +0800] "GET /wp-content/uploads/2025/08/1755826390-DSC01765-150x150.webp HTTP/1.1" 200 6586 "http://cqqizhou.com/2215/" "Mozilla/5.0 (iPhone; CPU iPhone OS 18_7 like Mac OS X) AppleWebKit/605.1.15 (KHTML, like Gecko) Mobile/15E148 MicroMessenger/8.0.66(0x1800422a) NetType/4G Language/zh_CN"
40.77.167.19 - - [11/Dec/2025:12:18:33 +0800] "GET /2339/ HTTP/1.1" 200 21005 "-" "Mozilla/5.0 AppleWebKit/537.36 (KHTML, like Gecko; compatible; bingbot/2.0; +http://www.bing.com/bingbot.htm) Chrome/116.0.1938.76 Safari/537.36"
39.144.224.57 - - [11/Dec/2025:12:18:43 +0800] "GET /2339/ HTTP/1.1" 499 0 "-" "Mozilla/5.0 (iPhone; CPU iPhone OS 18_6_2 like Mac OS X) AppleWebKit/605.1.15 (KHTML, like Gecko) Mobile/15E148 MicroMessenger/8.0.66(0x1800422a) NetType/4G Language/zh_CN"
36.133.115.36 - - [11/Dec/2025:12:18:43 +0800] "POST /wp-cron.php?doing_wp_cron=1765426723.8991839885711669921875 HTTP/1.1" 200 31 "-" "WordPress/6.8.3; http://cqqizhou.com"
36.133.115.36 - - [11/Dec/2025:12:19:07 +0800] "POST /wp-cron.php?doing_wp_cron=1765426747.4765200614929199218750 HTTP/1.1" 200 31 "-" "WordPress/6.8.3; http://cqqizhou.com"
117.62.116.183 - - [11/Dec/2025:12:19:07 +0800] "GET /2339/ HTTP/1.1" 200 20622 "-" "Mozilla/5.0 (iPhone; CPU iPhone OS 18_6_2 like Mac OS X) AppleWebKit/605.1.15 (KHTML, like Gecko) Mobile/15E148 MicroMessenger/8.0.66(0x1800422a) NetType/WIFI Language/zh_CN"
117.62.116.183 - - [11/Dec/2025:12:19:08 +0800] "GET /wp-content/uploads/2025/12/1765253089-20251209103501_96_61.webp HTTP/1.1" 200 37758 "http://cqqizhou.com/2339/" "Mozilla/5.0 (iPhone; CPU iPhone OS 18_6_2 like Mac OS X) AppleWebKit/605.1.15 (KHTML, like Gecko) Mobile/15E148 MicroMessenger/8.0.66(0x1800422a) NetType/WIFI Language/zh_CN"
117.62.116.183 - - [11/Dec/2025:12:19:08 +0800] "GET /wp-content/uploads/2025/07/1753410289-News2000%C3%97400_202571.webp HTTP/1.1" 200 17830 "http://cqqizhou.com/2339/" "Mozilla/5.0 (iPhone; CPU iPhone OS 18_6_2 like Mac OS X) AppleWebKit/605.1.15 (KHTML, like Gecko) Mobile/15E148 MicroMessenger/8.0.66(0x1800422a) NetType/WIFI Language/zh_CN"
117.62.116.183 - - [11/Dec/2025:12:19:08 +0800] "GET /wp-content/uploads/2025/12/1765248735-20251209104226_108_60.webp HTTP/1.1" 200 55962 "http://cqqizhou.com/2339/" "Mozilla/5.0 (iPhone; CPU iPhone OS 18_6_2 like Mac OS X) AppleWebKit/605.1.15 (KHTML, like Gecko) Mobile/15E148 MicroMessenger/8.0.66(0x1800422a) NetType/WIFI Language/zh_CN"
117.62.116.183 - - [11/Dec/2025:12:19:08 +0800] "GET /wp-content/uploads/2025/12/1765248770-20251209104226_107_60.webp HTTP/1.1" 200 66916 "http://cqqizhou.com/2339/" "Mozilla/5.0 (iPhone; CPU iPhone OS 18_6_2 like Mac OS X) AppleWebKit/605.1.15 (KHTML, like Gecko) Mobile/15E148 MicroMessenger/8.0.66(0x1800422a) NetType/WIFI Language/zh_CN"
117.62.116.183 - - [11/Dec/2025:12:19:08 +0800] "GET /wp-content/uploads/2025/09/1756868614-20250903104654_74_5-150x150.webp HTTP/1.1" 200 5712 "http://cqqizhou.com/2339/" "Mozilla/5.0 (iPhone; CPU iPhone OS 18_6_2 like Mac OS X) AppleWebKit/605.1.15 (KHTML, like Gecko) Mobile/15E148 MicroMessenger/8.0.66(0x1800422a) NetType/WIFI Language/zh_CN"
117.62.116.183 - - [11/Dec/2025:12:19:08 +0800] "GET /wp-content/uploads/2025/09/1756868614-20250903104654_74_5.webp HTTP/1.1" 200 47858 "http://cqqizhou.com/2339/" "Mozilla/5.0 (iPhone; CPU iPhone OS 18_6_2 like Mac OS X) AppleWebKit/605.1.15 (KHTML, like Gecko) Mobile/15E148 MicroMessenger/8.0.66(0x1800422a) NetType/WIFI Language/zh_CN"
117.62.116.183 - - [11/Dec/2025:12:19:08 +0800] "GET /wp-content/uploads/2025/08/1755826456-DSC01841.webp HTTP/1.1" 200 87046 "http://cqqizhou.com/2339/" "Mozilla/5.0 (iPhone; CPU iPhone OS 18_6_2 like Mac OS X) AppleWebKit/605.1.15 (KHTML, like Gecko) Mobile/15E148 MicroMessenger/8.0.66(0x1800422a) NetType/WIFI Language/zh_CN"
117.62.116.183 - - [11/Dec/2025:12:19:08 +0800] "GET /wp-content/uploads/2025/07/1751425283-qizhou.kf_.qq_.com_.webp HTTP/1.1" 200 16864 "http://cqqizhou.com/2339/" "Mozilla/5.0 (iPhone; CPU iPhone OS 18_6_2 like Mac OS X) AppleWebKit/605.1.15 (KHTML, like Gecko) Mobile/15E148 MicroMessenger/8.0.66(0x1800422a) NetType/WIFI Language/zh_CN"
106.83.147.56 - - [11/Dec/2025:12:19:15 +0800] "GET /2339/ HTTP/1.1" 200 20623 "-" "Mozilla/5.0 (iPhone; CPU iPhone OS 17_6_1 like Mac OS X) AppleWebKit/605.1.15 (KHTML, like Gecko) Mobile/15E148 MicroMessenger/8.0.66(0x18004229) NetType/4G Language/zh_CN"
106.83.147.56 - - [11/Dec/2025:12:19:16 +0800] "GET /wp-content/uploads/2025/12/1765253089-20251209103501_96_61.webp HTTP/1.1" 200 37758 "http://cqqizhou.com/2339/" "Mozilla/5.0 (iPhone; CPU iPhone OS 17_6_1 like Mac OS X) AppleWebKit/605.1.15 (KHTML, like Gecko) Mobile/15E148 MicroMessenger/8.0.66(0x18004229) NetType/4G Language/zh_CN"
106.83.147.56 - - [11/Dec/2025:12:19:16 +0800] "GET /wp-content/uploads/2025/07/1753410289-News2000%C3%97400_202571.webp HTTP/1.1" 200 17830 "http://cqqizhou.com/2339/" "Mozilla/5.0 (iPhone; CPU iPhone OS 17_6_1 like Mac OS X) AppleWebKit/605.1.15 (KHTML, like Gecko) Mobile/15E148 MicroMessenger/8.0.66(0x18004229) NetType/4G Language/zh_CN"
106.83.147.56 - - [11/Dec/2025:12:19:16 +0800] "GET /wp-content/uploads/2025/09/1756868614-20250903104654_74_5.webp HTTP/1.1" 200 47858 "http://cqqizhou.com/2339/" "Mozilla/5.0 (iPhone; CPU iPhone OS 17_6_1 like Mac OS X) AppleWebKit/605.1.15 (KHTML, like Gecko) Mobile/15E148 MicroMessenger/8.0.66(0x18004229) NetType/4G Language/zh_CN"
106.83.147.56 - - [11/Dec/2025:12:19:16 +0800] "GET /wp-content/uploads/2025/12/1765248735-20251209104226_108_60.webp HTTP/1.1" 200 55962 "http://cqqizhou.com/2339/" "Mozilla/5.0 (iPhone; CPU iPhone OS 17_6_1 like Mac OS X) AppleWebKit/605.1.15 (KHTML, like Gecko) Mobile/15E148 MicroMessenger/8.0.66(0x18004229) NetType/4G Language/zh_CN"
106.83.147.56 - - [11/Dec/2025:12:19:16 +0800] "GET /wp-content/uploads/2025/09/1756868614-20250903104654_74_5-150x150.webp HTTP/1.1" 200 5712 "http://cqqizhou.com/2339/" "Mozilla/5.0 (iPhone; CPU iPhone OS 17_6_1 like Mac OS X) AppleWebKit/605.1.15 (KHTML, like Gecko) Mobile/15E148 MicroMessenger/8.0.66(0x18004229) NetType/4G Language/zh_CN"
106.83.147.56 - - [11/Dec/2025:12:19:16 +0800] "GET /wp-content/uploads/2025/12/1765248770-20251209104226_107_60.webp HTTP/1.1" 200 66916 "http://cqqizhou.com/2339/" "Mozilla/5.0 (iPhone; CPU iPhone OS 17_6_1 like Mac OS X) AppleWebKit/605.1.15 (KHTML, like Gecko) Mobile/15E148 MicroMessenger/8.0.66(0x18004229) NetType/4G Language/zh_CN"
106.83.147.56 - - [11/Dec/2025:12:19:16 +0800] "GET /wp-content/uploads/2025/08/1755826456-DSC01841.webp HTTP/1.1" 200 87046 "http://cqqizhou.com/2339/" "Mozilla/5.0 (iPhone; CPU iPhone OS 17_6_1 like Mac OS X) AppleWebKit/605.1.15 (KHTML, like Gecko) Mobile/15E148 MicroMessenger/8.0.66(0x18004229) NetType/4G Language/zh_CN"
106.83.147.56 - - [11/Dec/2025:12:19:16 +0800] "GET /wp-content/uploads/2025/07/1751425283-qizhou.kf_.qq_.com_.webp HTTP/1.1" 200 16864 "http://cqqizhou.com/2339/" "Mozilla/5.0 (iPhone; CPU iPhone OS 17_6_1 like Mac OS X) AppleWebKit/605.1.15 (KHTML, like Gecko) Mobile/15E148 MicroMessenger/8.0.66(0x18004229) NetType/4G Language/zh_CN"
106.83.147.56 - - [11/Dec/2025:12:19:21 +0800] "GET /wp-content/uploads/2025/12/1765249046-20251209104228_110_60.webp HTTP/1.1" 200 64834 "http://cqqizhou.com/2339/" "Mozilla/5.0 (iPhone; CPU iPhone OS 17_6_1 like Mac OS X) AppleWebKit/605.1.15 (KHTML, like Gecko) Mobile/15E148 MicroMessenger/8.0.66(0x18004229) NetType/4G Language/zh_CN"
117.62.116.183 - - [11/Dec/2025:12:19:29 +0800] "GET /wp-content/uploads/2025/12/1765249046-20251209104228_110_60.webp HTTP/1.1" 200 64834 "http://cqqizhou.com/2339/" "Mozilla/5.0 (iPhone; CPU iPhone OS 18_6_2 like Mac OS X) AppleWebKit/605.1.15 (KHTML, like Gecko) Mobile/15E148 MicroMessenger/8.0.66(0x1800422a) NetType/WIFI Language/zh_CN"
14.108.232.115 - - [11/Dec/2025:12:19:46 +0800] "GET /2339/ HTTP/1.1" 200 20623 "-" "Mozilla/5.0 (iPhone; CPU iPhone OS 18_1 like Mac OS X) AppleWebKit/605.1.15 (KHTML, like Gecko) Mobile/15E148 MicroMessenger/8.0.66(0x1800422a) NetType/WIFI Language/zh_CN"
14.108.232.115 - - [11/Dec/2025:12:19:46 +0800] "GET /wp-content/uploads/2025/12/1765253089-20251209103501_96_61.webp HTTP/1.1" 304 0 "http://cqqizhou.com/2339/" "Mozilla/5.0 (iPhone; CPU iPhone OS 18_1 like Mac OS X) AppleWebKit/605.1.15 (KHTML, like Gecko) Mobile/15E148 MicroMessenger/8.0.66(0x1800422a) NetType/WIFI Language/zh_CN"
14.108.232.115 - - [11/Dec/2025:12:19:46 +0800] "GET /wp-content/uploads/2025/12/1765248770-20251209104226_107_60.webp HTTP/1.1" 304 0 "http://cqqizhou.com/2339/" "Mozilla/5.0 (iPhone; CPU iPhone OS 18_1 like Mac OS X) AppleWebKit/605.1.15 (KHTML, like Gecko) Mobile/15E148 MicroMessenger/8.0.66(0x1800422a) NetType/WIFI Language/zh_CN"
14.108.232.115 - - [11/Dec/2025:12:19:46 +0800] "GET /wp-content/uploads/2025/12/1765248735-20251209104226_108_60.webp HTTP/1.1" 304 0 "http://cqqizhou.com/2339/" "Mozilla/5.0 (iPhone; CPU iPhone OS 18_1 like Mac OS X) AppleWebKit/605.1.15 (KHTML, like Gecko) Mobile/15E148 MicroMessenger/8.0.66(0x1800422a) NetType/WIFI Language/zh_CN"
14.108.232.115 - - [11/Dec/2025:12:19:48 +0800] "GET /wp-content/uploads/2025/12/1765249046-20251209104228_110_60.webp HTTP/1.1" 304 0 "http://cqqizhou.com/2339/" "Mozilla/5.0 (iPhone; CPU iPhone OS 18_1 like Mac OS X) AppleWebKit/605.1.15 (KHTML, like Gecko) Mobile/15E148 MicroMessenger/8.0.66(0x1800422a) NetType/WIFI Language/zh_CN"
36.133.115.36 - - [11/Dec/2025:12:19:56 +0800] "POST /wp-cron.php?doing_wp_cron=1765426796.9006569385528564453125 HTTP/1.1" 200 31 "-" "WordPress/6.8.3; http://cqqizhou.com"
117.62.116.183 - - [11/Dec/2025:12:19:57 +0800] "GET /logistics/ HTTP/1.1" 200 18299 "http://cqqizhou.com/2339/" "Mozilla/5.0 (iPhone; CPU iPhone OS 18_6_2 like Mac OS X) AppleWebKit/605.1.15 (KHTML, like Gecko) Mobile/15E148 MicroMessenger/8.0.66(0x1800422a) NetType/WIFI Language/zh_CN"
117.62.116.183 - - [11/Dec/2025:12:19:57 +0800] "GET /wp-content/uploads/2025/07/1751864664-Logistics800x500_1.webp HTTP/1.1" 200 76914 "http://cqqizhou.com/logistics/" "Mozilla/5.0 (iPhone; CPU iPhone OS 18_6_2 like Mac OS X) AppleWebKit/605.1.15 (KHTML, like Gecko) Mobile/15E148 MicroMessenger/8.0.66(0x1800422a) NetType/WIFI Language/zh_CN"
117.62.116.183 - - [11/Dec/2025:12:19:57 +0800] "GET /wp-content/uploads/2025/07/1751864682-Logistics800x500_2.webp HTTP/1.1" 200 27420 "http://cqqizhou.com/logistics/" "Mozilla/5.0 (iPhone; CPU iPhone OS 18_6_2 like Mac OS X) AppleWebKit/605.1.15 (KHTML, like Gecko) Mobile/15E148 MicroMessenger/8.0.66(0x1800422a) NetType/WIFI Language/zh_CN"
117.62.116.183 - - [11/Dec/2025:12:19:57 +0800] "GET /wp-content/uploads/2025/07/1753407887-Logistics_Banner2000%C3%97400px-%E6%8B%B7%E8%B4%9D.webp HTTP/1.1" 200 18866 "http://cqqizhou.com/logistics/" "Mozilla/5.0 (iPhone; CPU iPhone OS 18_6_2 like Mac OS X) AppleWebKit/605.1.15 (KHTML, like Gecko) Mobile/15E148 MicroMessenger/8.0.66(0x1800422a) NetType/WIFI Language/zh_CN"
106.84.174.112 - - [11/Dec/2025:12:20:08 +0800] "GET /2339/ HTTP/1.1" 200 20622 "-" "Mozilla/5.0 (Linux; Android 12; ALN-AL80 Build/HUAWEIALN-AL80; wv) AppleWebKit/537.36 (KHTML, like Gecko) Version/4.0 Chrome/142.0.7444.172 Mobile Safari/537.36 XWEB/1420045 MMWEBSDK/20251006 MMWEBID/4022 MicroMessenger/8.0.66.2980(0x28004234) WeChat/arm64 Weixin NetType/4G Language/zh_CN ABI/arm64"
106.84.174.112 - - [11/Dec/2025:12:20:09 +0800] "GET /wp-content/uploads/2025/12/1765253089-20251209103501_96_61.webp HTTP/1.1" 200 37758 "http://cqqizhou.com/2339/" "Mozilla/5.0 (Linux; Android 12; ALN-AL80 Build/HUAWEIALN-AL80; wv) AppleWebKit/537.36 (KHTML, like Gecko) Version/4.0 Chrome/142.0.7444.172 Mobile Safari/537.36 XWEB/1420045 MMWEBSDK/20251006 MMWEBID/4022 MicroMessenger/8.0.66.2980(0x28004234) WeChat/arm64 Weixin NetType/4G Language/zh_CN ABI/arm64"
106.84.174.112 - - [11/Dec/2025:12:20:09 +0800] "GET /wp-content/uploads/2025/12/1765248735-20251209104226_108_60.webp HTTP/1.1" 200 55962 "http://cqqizhou.com/2339/" "Mozilla/5.0 (Linux; Android 12; ALN-AL80 Build/HUAWEIALN-AL80; wv) AppleWebKit/537.36 (KHTML, like Gecko) Version/4.0 Chrome/142.0.7444.172 Mobile Safari/537.36 XWEB/1420045 MMWEBSDK/20251006 MMWEBID/4022 MicroMessenger/8.0.66.2980(0x28004234) WeChat/arm64 Weixin NetType/4G Language/zh_CN ABI/arm64"
106.84.174.112 - - [11/Dec/2025:12:20:09 +0800] "GET /wp-content/uploads/2025/12/1765248770-20251209104226_107_60.webp HTTP/1.1" 200 66916 "http://cqqizhou.com/2339/" "Mozilla/5.0 (Linux; Android 12; ALN-AL80 Build/HUAWEIALN-AL80; wv) AppleWebKit/537.36 (KHTML, like Gecko) Version/4.0 Chrome/142.0.7444.172 Mobile Safari/537.36 XWEB/1420045 MMWEBSDK/20251006 MMWEBID/4022 MicroMessenger/8.0.66.2980(0x28004234) WeChat/arm64 Weixin NetType/4G Language/zh_CN ABI/arm64"
106.84.174.112 - - [11/Dec/2025:12:20:09 +0800] "GET /wp-content/uploads/2025/09/1756868614-20250903104654_74_5-150x150.webp HTTP/1.1" 200 5712 "http://cqqizhou.com/2339/" "Mozilla/5.0 (Linux; Android 12; ALN-AL80 Build/HUAWEIALN-AL80; wv) AppleWebKit/537.36 (KHTML, like Gecko) Version/4.0 Chrome/142.0.7444.172 Mobile Safari/537.36 XWEB/1420045 MMWEBSDK/20251006 MMWEBID/4022 MicroMessenger/8.0.66.2980(0x28004234) WeChat/arm64 Weixin NetType/4G Language/zh_CN ABI/arm64"
106.84.174.112 - - [11/Dec/2025:12:20:09 +0800] "GET /wp-content/uploads/2025/09/1756868614-20250903104654_74_5.webp HTTP/1.1" 200 47858 "http://cqqizhou.com/2339/" "Mozilla/5.0 (Linux; Android 12; ALN-AL80 Build/HUAWEIALN-AL80; wv) AppleWebKit/537.36 (KHTML, like Gecko) Version/4.0 Chrome/142.0.7444.172 Mobile Safari/537.36 XWEB/1420045 MMWEBSDK/20251006 MMWEBID/4022 MicroMessenger/8.0.66.2980(0x28004234) WeChat/arm64 Weixin NetType/4G Language/zh_CN ABI/arm64"
106.84.174.112 - - [11/Dec/2025:12:20:09 +0800] "GET /wp-content/uploads/2025/07/1753410289-News2000%C3%97400_202571.webp HTTP/1.1" 200 17830 "http://cqqizhou.com/2339/" "Mozilla/5.0 (Linux; Android 12; ALN-AL80 Build/HUAWEIALN-AL80; wv) AppleWebKit/537.36 (KHTML, like Gecko) Version/4.0 Chrome/142.0.7444.172 Mobile Safari/537.36 XWEB/1420045 MMWEBSDK/20251006 MMWEBID/4022 MicroMessenger/8.0.66.2980(0x28004234) WeChat/arm64 Weixin NetType/4G Language/zh_CN ABI/arm64"
106.84.174.112 - - [11/Dec/2025:12:20:09 +0800] "GET /wp-content/uploads/2025/07/1751425283-qizhou.kf_.qq_.com_.webp HTTP/1.1" 200 16864 "http://cqqizhou.com/2339/" "Mozilla/5.0 (Linux; Android 12; ALN-AL80 Build/HUAWEIALN-AL80; wv) AppleWebKit/537.36 (KHTML, like Gecko) Version/4.0 Chrome/142.0.7444.172 Mobile Safari/537.36 XWEB/1420045 MMWEBSDK/20251006 MMWEBID/4022 MicroMessenger/8.0.66.2980(0x28004234) WeChat/arm64 Weixin NetType/4G Language/zh_CN ABI/arm64"
106.84.174.112 - - [11/Dec/2025:12:20:09 +0800] "GET /wp-content/uploads/2025/08/1755826456-DSC01841.webp HTTP/1.1" 200 87046 "http://cqqizhou.com/2339/" "Mozilla/5.0 (Linux; Android 12; ALN-AL80 Build/HUAWEIALN-AL80; wv) AppleWebKit/537.36 (KHTML, like Gecko) Version/4.0 Chrome/142.0.7444.172 Mobile Safari/537.36 XWEB/1420045 MMWEBSDK/20251006 MMWEBID/4022 MicroMessenger/8.0.66.2980(0x28004234) WeChat/arm64 Weixin NetType/4G Language/zh_CN ABI/arm64"
106.84.174.112 - - [11/Dec/2025:12:20:09 +0800] "GET /wp-content/uploads/2025/12/1765249046-20251209104228_110_60.webp HTTP/1.1" 200 64834 "http://cqqizhou.com/2339/" "Mozilla/5.0 (Linux; Android 12; ALN-AL80 Build/HUAWEIALN-AL80; wv) AppleWebKit/537.36 (KHTML, like Gecko) Version/4.0 Chrome/142.0.7444.172 Mobile Safari/537.36 XWEB/1420045 MMWEBSDK/20251006 MMWEBID/4022 MicroMessenger/8.0.66.2980(0x28004234) WeChat/arm64 Weixin NetType/4G Language/zh_CN ABI/arm64"
117.62.116.183 - - [11/Dec/2025:12:20:11 +0800] "GET /2339/ HTTP/1.1" 200 20622 "-" "Mozilla/5.0 (iPhone; CPU iPhone OS 18_6_2 like Mac OS X) AppleWebKit/605.1.15 (KHTML, like Gecko) Mobile/15E148 MicroMessenger/8.0.66(0x1800422a) NetType/WIFI Language/zh_CN"
117.62.116.183 - - [11/Dec/2025:12:20:14 +0800] "GET /about/ HTTP/1.1" 200 24049 "http://cqqizhou.com/2339/" "Mozilla/5.0 (iPhone; CPU iPhone OS 18_6_2 like Mac OS X) AppleWebKit/605.1.15 (KHTML, like Gecko) Mobile/15E148 MicroMessenger/8.0.66(0x1800422a) NetType/WIFI Language/zh_CN"
117.62.116.183 - - [11/Dec/2025:12:20:15 +0800] "GET /wp-content/uploads/2025/07/1750649803-qizhou800x500_2.webp HTTP/1.1" 200 63616 "http://cqqizhou.com/about/" "Mozilla/5.0 (iPhone; CPU iPhone OS 18_6_2 like Mac OS X) AppleWebKit/605.1.15 (KHTML, like Gecko) Mobile/15E148 MicroMessenger/8.0.66(0x1800422a) NetType/WIFI Language/zh_CN"
117.62.116.183 - - [11/Dec/2025:12:20:15 +0800] "GET /wp-content/uploads/2025/07/1750671806-partner5_200x50.webp HTTP/1.1" 200 2840 "http://cqqizhou.com/about/" "Mozilla/5.0 (iPhone; CPU iPhone OS 18_6_2 like Mac OS X) AppleWebKit/605.1.15 (KHTML, like Gecko) Mobile/15E148 MicroMessenger/8.0.66(0x1800422a) NetType/WIFI Language/zh_CN"
117.62.116.183 - - [11/Dec/2025:12:20:15 +0800] "GET /wp-content/uploads/elementor/thumbs/1751209300-Hello-Qizhou3-r91b71mdtei8mab1rr8x739cnvi1mafuaga3vbed3o.webp HTTP/1.1" 200 39120 "http://cqqizhou.com/about/" "Mozilla/5.0 (iPhone; CPU iPhone OS 18_6_2 like Mac OS X) AppleWebKit/605.1.15 (KHTML, like Gecko) Mobile/15E148 MicroMessenger/8.0.66(0x1800422a) NetType/WIFI Language/zh_CN"
117.62.116.183 - - [11/Dec/2025:12:20:15 +0800] "GET /wp-content/uploads/2025/07/1750671805-partner4_200x50.webp HTTP/1.1" 200 2390 "http://cqqizhou.com/about/" "Mozilla/5.0 (iPhone; CPU iPhone OS 18_6_2 like Mac OS X) AppleWebKit/605.1.15 (KHTML, like Gecko) Mobile/15E148 MicroMessenger/8.0.66(0x1800422a) NetType/WIFI Language/zh_CN"
117.62.116.183 - - [11/Dec/2025:12:20:15 +0800] "GET /wp-content/uploads/2025/07/1750671808-partner6_200x50.webp HTTP/1.1" 200 3004 "http://cqqizhou.com/about/" "Mozilla/5.0 (iPhone; CPU iPhone OS 18_6_2 like Mac OS X) AppleWebKit/605.1.15 (KHTML, like Gecko) Mobile/15E148 MicroMessenger/8.0.66(0x1800422a) NetType/WIFI Language/zh_CN"
117.62.116.183 - - [11/Dec/2025:12:20:15 +0800] "GET /wp-content/uploads/2025/06/1750755307-qizhoucangku2000x400_2025624.webp HTTP/1.1" 200 45470 "http://cqqizhou.com/about/" "Mozilla/5.0 (iPhone; CPU iPhone OS 18_6_2 like Mac OS X) AppleWebKit/605.1.15 (KHTML, like Gecko) Mobile/15E148 MicroMessenger/8.0.66(0x1800422a) NetType/WIFI Language/zh_CN"
117.62.116.183 - - [11/Dec/2025:12:20:15 +0800] "GET /wp-content/uploads/elementor/thumbs/1751373145-About_Qizhoudalou_W800px-r91b70ok8huvvdr4ynxnf302e8ie3iydlh6ag9ew82.webp HTTP/1.1" 200 37938 "http://cqqizhou.com/about/" "Mozilla/5.0 (iPhone; CPU iPhone OS 18_6_2 like Mac OS X) AppleWebKit/605.1.15 (KHTML, like Gecko) Mobile/15E148 MicroMessenger/8.0.66(0x1800422a) NetType/WIFI Language/zh_CN"
117.62.116.183 - - [11/Dec/2025:12:20:15 +0800] "GET /wp-content/uploads/2025/07/1750671800-partner1_200x50.webp HTTP/1.1" 200 2244 "http://cqqizhou.com/about/" "Mozilla/5.0 (iPhone; CPU iPhone OS 18_6_2 like Mac OS X) AppleWebKit/605.1.15 (KHTML, like Gecko) Mobile/15E148 MicroMessenger/8.0.66(0x1800422a) NetType/WIFI Language/zh_CN"
117.62.116.183 - - [11/Dec/2025:12:20:15 +0800] "GET /wp-content/uploads/2025/07/1750671803-partner3_200x50.webp HTTP/1.1" 200 4414 "http://cqqizhou.com/about/" "Mozilla/5.0 (iPhone; CPU iPhone OS 18_6_2 like Mac OS X) AppleWebKit/605.1.15 (KHTML, like Gecko) Mobile/15E148 MicroMessenger/8.0.66(0x1800422a) NetType/WIFI Language/zh_CN"
117.62.116.183 - - [11/Dec/2025:12:20:15 +0800] "GET /wp-content/uploads/2025/07/1750671801-partner2_200x50.webp HTTP/1.1" 200 3946 "http://cqqizhou.com/about/" "Mozilla/5.0 (iPhone; CPU iPhone OS 18_6_2 like Mac OS X) AppleWebKit/605.1.15 (KHTML, like Gecko) Mobile/15E148 MicroMessenger/8.0.66(0x1800422a) NetType/WIFI Language/zh_CN"
117.62.116.183 - - [11/Dec/2025:12:20:15 +0800] "GET /wp-content/uploads/2025/07/1750945417-honor300%C3%97206_1.webp HTTP/1.1" 200 57666 "http://cqqizhou.com/about/" "Mozilla/5.0 (iPhone; CPU iPhone OS 18_6_2 like Mac OS X) AppleWebKit/605.1.15 (KHTML, like Gecko) Mobile/15E148 MicroMessenger/8.0.66(0x1800422a) NetType/WIFI Language/zh_CN"
117.62.116.183 - - [11/Dec/2025:12:20:15 +0800] "GET /wp-content/uploads/2025/07/1750945444-honor300%C3%97206_2.webp HTTP/1.1" 200 71296 "http://cqqizhou.com/about/" "Mozilla/5.0 (iPhone; CPU iPhone OS 18_6_2 like Mac OS X) AppleWebKit/605.1.15 (KHTML, like Gecko) Mobile/15E148 MicroMessenger/8.0.66(0x1800422a) NetType/WIFI Language/zh_CN"
117.62.116.183 - - [11/Dec/2025:12:20:15 +0800] "GET /wp-content/uploads/2025/07/1750656103-Visionr2000x800_20250623131702.webp HTTP/1.1" 200 57650 "http://cqqizhou.com/about/" "Mozilla/5.0 (iPhone; CPU iPhone OS 18_6_2 like Mac OS X) AppleWebKit/605.1.15 (KHTML, like Gecko) Mobile/15E148 MicroMessenger/8.0.66(0x1800422a) NetType/WIFI Language/zh_CN"
117.62.116.183 - - [11/Dec/2025:12:20:16 +0800] "GET /wp-content/uploads/2025/07/1750945514-honor300%C3%97206_3.webp HTTP/1.1" 200 74124 "http://cqqizhou.com/about/" "Mozilla/5.0 (iPhone; CPU iPhone OS 18_6_2 like Mac OS X) AppleWebKit/605.1.15 (KHTML, like Gecko) Mobile/15E148 MicroMessenger/8.0.66(0x1800422a) NetType/WIFI Language/zh_CN"
117.62.116.183 - - [11/Dec/2025:12:20:16 +0800] "GET /wp-content/uploads/2025/07/1750945616-honor300%C3%97206_4.webp HTTP/1.1" 200 33814 "http://cqqizhou.com/about/" "Mozilla/5.0 (iPhone; CPU iPhone OS 18_6_2 like Mac OS X) AppleWebKit/605.1.15 (KHTML, like Gecko) Mobile/15E148 MicroMessenger/8.0.66(0x1800422a) NetType/WIFI Language/zh_CN"
117.62.116.183 - - [11/Dec/2025:12:20:16 +0800] "GET /wp-content/uploads/2025/07/1750945637-honor300%C3%97206_5.webp HTTP/1.1" 200 77368 "http://cqqizhou.com/about/" "Mozilla/5.0 (iPhone; CPU iPhone OS 18_6_2 like Mac OS X) AppleWebKit/605.1.15 (KHTML, like Gecko) Mobile/15E148 MicroMessenger/8.0.66(0x1800422a) NetType/WIFI Language/zh_CN"
117.62.116.183 - - [11/Dec/2025:12:20:16 +0800] "GET /wp-content/uploads/2025/07/1750945650-honor300%C3%97206_6.webp HTTP/1.1" 200 66306 "http://cqqizhou.com/about/" "Mozilla/5.0 (iPhone; CPU iPhone OS 18_6_2 like Mac OS X) AppleWebKit/605.1.15 (KHTML, like Gecko) Mobile/15E148 MicroMessenger/8.0.66(0x1800422a) NetType/WIFI Language/zh_CN"
14.108.232.115 - - [11/Dec/2025:12:20:19 +0800] "GET /2215/ HTTP/1.1" 200 20130 "http://cqqizhou.com/2339/" "Mozilla/5.0 (iPhone; CPU iPhone OS 18_1 like Mac OS X) AppleWebKit/605.1.15 (KHTML, like Gecko) Mobile/15E148 MicroMessenger/8.0.66(0x1800422a) NetType/WIFI Language/zh_CN"
14.108.232.115 - - [11/Dec/2025:12:20:19 +0800] "GET /wp-content/uploads/2025/08/1755826390-DSC01765-150x150.webp HTTP/1.1" 200 6586 "http://cqqizhou.com/2215/" "Mozilla/5.0 (iPhone; CPU iPhone OS 18_1 like Mac OS X) AppleWebKit/605.1.15 (KHTML, like Gecko) Mobile/15E148 MicroMessenger/8.0.66(0x1800422a) NetType/WIFI Language/zh_CN"
36.133.115.36 - - [11/Dec/2025:12:20:52 +0800] "POST /wp-cron.php?doing_wp_cron=1765426852.8209939002990722656250 HTTP/1.1" 200 31 "-" "WordPress/6.8.3; http://cqqizhou.com"
223.153.210.163 - - [11/Dec/2025:12:20:53 +0800] "GET /2339/ HTTP/1.1" 200 20622 "-" "Mozilla/5.0 (Linux; Android 14; 22041216C Build/UP1A.231005.007; wv) AppleWebKit/537.36 (KHTML, like Gecko) Version/4.0 Chrome/142.0.7444.172 Mobile Safari/537.36 XWEB/1420045 MMWEBSDK/20251006 MMWEBID/9026 MicroMessenger/8.0.66.2980(0x28004234) WeChat/arm64 Weixin NetType/4G Language/zh_CN ABI/arm64"
223.153.210.163 - - [11/Dec/2025:12:20:53 +0800] "GET /wp-content/uploads/2025/12/1765253089-20251209103501_96_61.webp HTTP/1.1" 200 37758 "http://cqqizhou.com/2339/" "Mozilla/5.0 (Linux; Android 14; 22041216C Build/UP1A.231005.007; wv) AppleWebKit/537.36 (KHTML, like Gecko) Version/4.0 Chrome/142.0.7444.172 Mobile Safari/537.36 XWEB/1420045 MMWEBSDK/20251006 MMWEBID/9026 MicroMessenger/8.0.66.2980(0x28004234) WeChat/arm64 Weixin NetType/4G Language/zh_CN ABI/arm64"
223.153.210.163 - - [11/Dec/2025:12:20:53 +0800] "GET /wp-content/uploads/2025/12/1765248735-20251209104226_108_60.webp HTTP/1.1" 200 55962 "http://cqqizhou.com/2339/" "Mozilla/5.0 (Linux; Android 14; 22041216C Build/UP1A.231005.007; wv) AppleWebKit/537.36 (KHTML, like Gecko) Version/4.0 Chrome/142.0.7444.172 Mobile Safari/537.36 XWEB/1420045 MMWEBSDK/20251006 MMWEBID/9026 MicroMessenger/8.0.66.2980(0x28004234) WeChat/arm64 Weixin NetType/4G Language/zh_CN ABI/arm64"
223.153.210.163 - - [11/Dec/2025:12:20:53 +0800] "GET /wp-content/uploads/2025/12/1765248770-20251209104226_107_60.webp HTTP/1.1" 200 66916 "http://cqqizhou.com/2339/" "Mozilla/5.0 (Linux; Android 14; 22041216C Build/UP1A.231005.007; wv) AppleWebKit/537.36 (KHTML, like Gecko) Version/4.0 Chrome/142.0.7444.172 Mobile Safari/537.36 XWEB/1420045 MMWEBSDK/20251006 MMWEBID/9026 MicroMessenger/8.0.66.2980(0x28004234) WeChat/arm64 Weixin NetType/4G Language/zh_CN ABI/arm64"
223.153.210.163 - - [11/Dec/2025:12:20:53 +0800] "GET /wp-content/uploads/2025/09/1756868614-20250903104654_74_5.webp HTTP/1.1" 200 47858 "http://cqqizhou.com/2339/" "Mozilla/5.0 (Linux; Android 14; 22041216C Build/UP1A.231005.007; wv) AppleWebKit/537.36 (KHTML, like Gecko) Version/4.0 Chrome/142.0.7444.172 Mobile Safari/537.36 XWEB/1420045 MMWEBSDK/20251006 MMWEBID/9026 MicroMessenger/8.0.66.2980(0x28004234) WeChat/arm64 Weixin NetType/4G Language/zh_CN ABI/arm64"
223.153.210.163 - - [11/Dec/2025:12:20:53 +0800] "GET /wp-content/uploads/2025/09/1756868614-20250903104654_74_5-150x150.webp HTTP/1.1" 200 5712 "http://cqqizhou.com/2339/" "Mozilla/5.0 (Linux; Android 14; 22041216C Build/UP1A.231005.007; wv) AppleWebKit/537.36 (KHTML, like Gecko) Version/4.0 Chrome/142.0.7444.172 Mobile Safari/537.36 XWEB/1420045 MMWEBSDK/20251006 MMWEBID/9026 MicroMessenger/8.0.66.2980(0x28004234) WeChat/arm64 Weixin NetType/4G Language/zh_CN ABI/arm64"
223.153.210.163 - - [11/Dec/2025:12:20:53 +0800] "GET /wp-content/uploads/2025/07/1753410289-News2000%C3%97400_202571.webp HTTP/1.1" 200 17830 "http://cqqizhou.com/2339/" "Mozilla/5.0 (Linux; Android 14; 22041216C Build/UP1A.231005.007; wv) AppleWebKit/537.36 (KHTML, like Gecko) Version/4.0 Chrome/142.0.7444.172 Mobile Safari/537.36 XWEB/1420045 MMWEBSDK/20251006 MMWEBID/9026 MicroMessenger/8.0.66.2980(0x28004234) WeChat/arm64 Weixin NetType/4G Language/zh_CN ABI/arm64"
223.153.210.163 - - [11/Dec/2025:12:20:53 +0800] "GET /wp-content/uploads/2025/08/1755826456-DSC01841.webp HTTP/1.1" 200 87046 "http://cqqizhou.com/2339/" "Mozilla/5.0 (Linux; Android 14; 22041216C Build/UP1A.231005.007; wv) AppleWebKit/537.36 (KHTML, like Gecko) Version/4.0 Chrome/142.0.7444.172 Mobile Safari/537.36 XWEB/1420045 MMWEBSDK/20251006 MMWEBID/9026 MicroMessenger/8.0.66.2980(0x28004234) WeChat/arm64 Weixin NetType/4G Language/zh_CN ABI/arm64"
223.153.210.163 - - [11/Dec/2025:12:20:53 +0800] "GET /wp-content/uploads/2025/07/1751425283-qizhou.kf_.qq_.com_.webp HTTP/1.1" 200 16864 "http://cqqizhou.com/2339/" "Mozilla/5.0 (Linux; Android 14; 22041216C Build/UP1A.231005.007; wv) AppleWebKit/537.36 (KHTML, like Gecko) Version/4.0 Chrome/142.0.7444.172 Mobile Safari/537.36 XWEB/1420045 MMWEBSDK/20251006 MMWEBID/9026 MicroMessenger/8.0.66.2980(0x28004234) WeChat/arm64 Weixin NetType/4G Language/zh_CN ABI/arm64"
223.153.210.163 - - [11/Dec/2025:12:20:53 +0800] "GET /wp-content/uploads/2025/12/1765249046-20251209104228_110_60.webp HTTP/1.1" 200 64834 "http://cqqizhou.com/2339/" "Mozilla/5.0 (Linux; Android 14; 22041216C Build/UP1A.231005.007; wv) AppleWebKit/537.36 (KHTML, like Gecko) Version/4.0 Chrome/142.0.7444.172 Mobile Safari/537.36 XWEB/1420045 MMWEBSDK/20251006 MMWEBID/9026 MicroMessenger/8.0.66.2980(0x28004234) WeChat/arm64 Weixin NetType/4G Language/zh_CN ABI/arm64"
117.173.96.19 - - [11/Dec/2025:12:20:55 +0800] "GET /2339/ HTTP/1.1" 200 20623 "-" "Mozilla/5.0 (Linux; Android 15; 2407FRK8EC Build/AP3A.240617.008; wv) AppleWebKit/537.36 (KHTML, like Gecko) Version/4.0 Chrome/142.0.7444.172 Mobile Safari/537.36 XWEB/1420045 MMWEBSDK/20250904 MMWEBID/4776 MicroMessenger/8.0.65.2960(0x28004137) WeChat/arm64 Weixin NetType/WIFI Language/zh_CN ABI/arm64"
117.173.96.19 - - [11/Dec/2025:12:20:55 +0800] "GET /wp-content/uploads/2025/12/1765248735-20251209104226_108_60.webp HTTP/1.1" 200 55962 "http://cqqizhou.com/2339/" "Mozilla/5.0 (Linux; Android 15; 2407FRK8EC Build/AP3A.240617.008; wv) AppleWebKit/537.36 (KHTML, like Gecko) Version/4.0 Chrome/142.0.7444.172 Mobile Safari/537.36 XWEB/1420045 MMWEBSDK/20250904 MMWEBID/4776 MicroMessenger/8.0.65.2960(0x28004137) WeChat/arm64 Weixin NetType/WIFI Language/zh_CN ABI/arm64"
