116.132.120.102 - - [11/Dec/2025:09:26:42 +0800] "GET /wp-content/uploads/2025/07/1750649207-qizhou1920x1080_9.webp HTTP/1.1" 200 146108 "http://cqqizhou.com/about/" "Mozilla/5.0 (Windows NT 10.0; Win64; x64) AppleWebKit/537.36 (KHTML, like Gecko) Chrome/137.0.0.0 Safari/537.36 Edg/137.0.0.0"
116.132.120.102 - - [11/Dec/2025:09:26:42 +0800] "GET /wp-content/uploads/2025/07/1750649215-qizhou1920x1080_11.webp HTTP/1.1" 200 171642 "http://cqqizhou.com/about/" "Mozilla/5.0 (Windows NT 10.0; Win64; x64) AppleWebKit/537.36 (KHTML, like Gecko) Chrome/137.0.0.0 Safari/537.36 Edg/137.0.0.0"
116.132.120.102 - - [11/Dec/2025:09:26:42 +0800] "GET /wp-content/uploads/2025/07/1750649212-qizhou1920x1080_10.webp HTTP/1.1" 200 143362 "http://cqqizhou.com/about/" "Mozilla/5.0 (Windows NT 10.0; Win64; x64) AppleWebKit/537.36 (KHTML, like Gecko) Chrome/137.0.0.0 Safari/537.36 Edg/137.0.0.0"
36.133.115.36 - - [11/Dec/2025:09:26:43 +0800] "POST /wp-cron.php?doing_wp_cron=1765416403.5972929000854492187500 HTTP/1.1" 200 31 "-" "WordPress/6.8.3; http://cqqizhou.com"
116.132.120.102 - - [11/Dec/2025:09:26:43 +0800] "POST /wp-admin/admin-ajax.php HTTP/1.1" 403 33 "http://cqqizhou.com/about/" "Mozilla/5.0 (Windows NT 10.0; Win64; x64) AppleWebKit/537.36 (KHTML, like Gecko) Chrome/137.0.0.0 Safari/537.36 Edg/137.0.0.0"
36.133.115.36 - - [11/Dec/2025:09:26:53 +0800] "POST /wp-cron.php?doing_wp_cron=1765416413.6170659065246582031250 HTTP/1.1" 200 31 "-" "WordPress/6.8.3; http://cqqizhou.com"
116.132.120.102 - - [11/Dec/2025:09:26:53 +0800] "POST /wp-admin/admin-ajax.php HTTP/1.1" 403 33 "http://cqqizhou.com/about/" "Mozilla/5.0 (Windows NT 10.0; Win64; x64) AppleWebKit/537.36 (KHTML, like Gecko) Chrome/137.0.0.0 Safari/537.36 Edg/137.0.0.0"
180.163.30.27 - - [11/Dec/2025:09:28:10 +0800] "GET /2339/ HTTP/1.1" 200 21005 "-" "Mozilla/5.0 (Windows NT 10.0; Win64; x64) AppleWebKit/537.36 (KHTML, like Gecko) Chrome/135.0.0.0 Safari/537.36"
36.133.115.36 - - [11/Dec/2025:09:28:10 +0800] "POST /wp-cron.php?doing_wp_cron=1765416490.9573490619659423828125 HTTP/1.1" 200 31 "-" "WordPress/6.8.3; http://cqqizhou.com"
183.226.142.171 - - [11/Dec/2025:09:28:11 +0800] "GET /2339/ HTTP/1.1" 200 76063 "-" "Mozilla/5.0 (Linux; Android 11; FIO-BD00 Build/PTACFIO-BD00; wv) AppleWebKit/537.36 (KHTML, like Gecko) Version/4.0 Chrome/142.0.7444.172 Mobile Safari/537.36 XWEB/1420045 MMWEBSDK/20251006 MMWEBID/2321 MicroMessenger/8.0.66.2980(0x28004236) WeChat/arm64 Weixin NetType/WIFI Language/zh_CN ABI/arm64"
183.226.142.171 - - [11/Dec/2025:09:28:11 +0800] "GET /wp-content/uploads/2025/12/1765253089-20251209103501_96_61.webp HTTP/1.1" 200 37758 "http://cqqizhou.com/2339/" "Mozilla/5.0 (Linux; Android 11; FIO-BD00 Build/PTACFIO-BD00; wv) AppleWebKit/537.36 (KHTML, like Gecko) Version/4.0 Chrome/142.0.7444.172 Mobile Safari/537.36 XWEB/1420045 MMWEBSDK/20251006 MMWEBID/2321 MicroMessenger/8.0.66.2980(0x28004236) WeChat/arm64 Weixin NetType/WIFI Language/zh_CN ABI/arm64"
183.226.142.171 - - [11/Dec/2025:09:28:11 +0800] "GET /wp-content/uploads/2025/12/1765248735-20251209104226_108_60.webp HTTP/1.1" 200 55962 "http://cqqizhou.com/2339/" "Mozilla/5.0 (Linux; Android 11; FIO-BD00 Build/PTACFIO-BD00; wv) AppleWebKit/537.36 (KHTML, like Gecko) Version/4.0 Chrome/142.0.7444.172 Mobile Safari/537.36 XWEB/1420045 MMWEBSDK/20251006 MMWEBID/2321 MicroMessenger/8.0.66.2980(0x28004236) WeChat/arm64 Weixin NetType/WIFI Language/zh_CN ABI/arm64"
183.226.142.171 - - [11/Dec/2025:09:28:11 +0800] "GET /wp-content/uploads/2025/12/1765248770-20251209104226_107_60.webp HTTP/1.1" 200 66916 "http://cqqizhou.com/2339/" "Mozilla/5.0 (Linux; Android 11; FIO-BD00 Build/PTACFIO-BD00; wv) AppleWebKit/537.36 (KHTML, like Gecko) Version/4.0 Chrome/142.0.7444.172 Mobile Safari/537.36 XWEB/1420045 MMWEBSDK/20251006 MMWEBID/2321 MicroMessenger/8.0.66.2980(0x28004236) WeChat/arm64 Weixin NetType/WIFI Language/zh_CN ABI/arm64"
183.226.142.171 - - [11/Dec/2025:09:28:11 +0800] "GET /wp-content/uploads/2025/09/1756868614-20250903104654_74_5-150x150.webp HTTP/1.1" 200 5712 "http://cqqizhou.com/2339/" "Mozilla/5.0 (Linux; Android 11; FIO-BD00 Build/PTACFIO-BD00; wv) AppleWebKit/537.36 (KHTML, like Gecko) Version/4.0 Chrome/142.0.7444.172 Mobile Safari/537.36 XWEB/1420045 MMWEBSDK/20251006 MMWEBID/2321 MicroMessenger/8.0.66.2980(0x28004236) WeChat/arm64 Weixin NetType/WIFI Language/zh_CN ABI/arm64"
183.226.142.171 - - [11/Dec/2025:09:28:11 +0800] "GET /wp-content/uploads/2025/09/1756868614-20250903104654_74_5.webp HTTP/1.1" 200 47858 "http://cqqizhou.com/2339/" "Mozilla/5.0 (Linux; Android 11; FIO-BD00 Build/PTACFIO-BD00; wv) AppleWebKit/537.36 (KHTML, like Gecko) Version/4.0 Chrome/142.0.7444.172 Mobile Safari/537.36 XWEB/1420045 MMWEBSDK/20251006 MMWEBID/2321 MicroMessenger/8.0.66.2980(0x28004236) WeChat/arm64 Weixin NetType/WIFI Language/zh_CN ABI/arm64"
183.226.142.171 - - [11/Dec/2025:09:28:11 +0800] "GET /wp-content/uploads/2025/07/1753410289-News2000%C3%97400_202571.webp HTTP/1.1" 200 17830 "http://cqqizhou.com/2339/" "Mozilla/5.0 (Linux; Android 11; FIO-BD00 Build/PTACFIO-BD00; wv) AppleWebKit/537.36 (KHTML, like Gecko) Version/4.0 Chrome/142.0.7444.172 Mobile Safari/537.36 XWEB/1420045 MMWEBSDK/20251006 MMWEBID/2321 MicroMessenger/8.0.66.2980(0x28004236) WeChat/arm64 Weixin NetType/WIFI Language/zh_CN ABI/arm64"
183.226.142.171 - - [11/Dec/2025:09:28:12 +0800] "GET /wp-content/uploads/2025/08/1755826456-DSC01841.webp HTTP/1.1" 200 87046 "http://cqqizhou.com/2339/" "Mozilla/5.0 (Linux; Android 11; FIO-BD00 Build/PTACFIO-BD00; wv) AppleWebKit/537.36 (KHTML, like Gecko) Version/4.0 Chrome/142.0.7444.172 Mobile Safari/537.36 XWEB/1420045 MMWEBSDK/20251006 MMWEBID/2321 MicroMessenger/8.0.66.2980(0x28004236) WeChat/arm64 Weixin NetType/WIFI Language/zh_CN ABI/arm64"
183.226.142.171 - - [11/Dec/2025:09:28:12 +0800] "GET /wp-content/uploads/2025/07/1751425283-qizhou.kf_.qq_.com_.webp HTTP/1.1" 200 16864 "http://cqqizhou.com/2339/" "Mozilla/5.0 (Linux; Android 11; FIO-BD00 Build/PTACFIO-BD00; wv) AppleWebKit/537.36 (KHTML, like Gecko) Version/4.0 Chrome/142.0.7444.172 Mobile Safari/537.36 XWEB/1420045 MMWEBSDK/20251006 MMWEBID/2321 MicroMessenger/8.0.66.2980(0x28004236) WeChat/arm64 Weixin NetType/WIFI Language/zh_CN ABI/arm64"
183.226.142.171 - - [11/Dec/2025:09:28:12 +0800] "GET /wp-content/uploads/2025/12/1765249046-20251209104228_110_60.webp HTTP/1.1" 200 64834 "http://cqqizhou.com/2339/" "Mozilla/5.0 (Linux; Android 11; FIO-BD00 Build/PTACFIO-BD00; wv) AppleWebKit/537.36 (KHTML, like Gecko) Version/4.0 Chrome/142.0.7444.172 Mobile Safari/537.36 XWEB/1420045 MMWEBSDK/20251006 MMWEBID/2321 MicroMessenger/8.0.66.2980(0x28004236) WeChat/arm64 Weixin NetType/WIFI Language/zh_CN ABI/arm64"
116.132.120.102 - - [11/Dec/2025:09:38:27 +0800] "GET /wp-content/uploads/2025/07/1750945514-honor300%C3%97206_3.webp HTTP/1.1" 200 74124 "http://cqqizhou.com/about/" "Mozilla/5.0 (Windows NT 10.0; Win64; x64) AppleWebKit/537.36 (KHTML, like Gecko) Chrome/137.0.0.0 Safari/537.36 Edg/137.0.0.0"
116.132.120.102 - - [11/Dec/2025:09:38:27 +0800] "GET /wp-content/uploads/2025/07/1750945637-honor300%C3%97206_5.webp HTTP/1.1" 200 77368 "http://cqqizhou.com/about/" "Mozilla/5.0 (Windows NT 10.0; Win64; x64) AppleWebKit/537.36 (KHTML, like Gecko) Chrome/137.0.0.0 Safari/537.36 Edg/137.0.0.0"
116.132.120.102 - - [11/Dec/2025:09:38:27 +0800] "GET /wp-content/uploads/2025/07/1750945616-honor300%C3%97206_4.webp HTTP/1.1" 200 33814 "http://cqqizhou.com/about/" "Mozilla/5.0 (Windows NT 10.0; Win64; x64) AppleWebKit/537.36 (KHTML, like Gecko) Chrome/137.0.0.0 Safari/537.36 Edg/137.0.0.0"
116.132.120.102 - - [11/Dec/2025:09:38:27 +0800] "GET /wp-content/uploads/2025/07/1750945650-honor300%C3%97206_6.webp HTTP/1.1" 200 66306 "http://cqqizhou.com/about/" "Mozilla/5.0 (Windows NT 10.0; Win64; x64) AppleWebKit/537.36 (KHTML, like Gecko) Chrome/137.0.0.0 Safari/537.36 Edg/137.0.0.0"
116.132.120.102 - - [11/Dec/2025:09:38:47 +0800] "GET /wp-content/uploads/2025/07/1750656103-Visionr2000x800_20250623131702.webp HTTP/1.1" 200 57650 "http://cqqizhou.com/wp-content/uploads/elementor/css/post-1849.css?ver=1765315481" "Mozilla/5.0 (Windows NT 10.0; Win64; x64) AppleWebKit/537.36 (KHTML, like Gecko) Chrome/137.0.0.0 Safari/537.36 Edg/137.0.0.0"
116.132.120.102 - - [11/Dec/2025:09:39:27 +0800] "GET /about/ HTTP/1.1" 200 29975 "http://cqqizhou.com/about/" "Mozilla/5.0 (Windows NT 10.0; Win64; x64) AppleWebKit/537.36 (KHTML, like Gecko) Chrome/137.0.0.0 Safari/537.36 Edg/137.0.0.0"
36.133.115.36 - - [11/Dec/2025:09:39:29 +0800] "POST /wp-cron.php?doing_wp_cron=1765417169.0310130119323730468750 HTTP/1.1" 200 31 "-" "WordPress/6.8.3; http://cqqizhou.com"
116.132.120.102 - - [11/Dec/2025:09:39:29 +0800] "POST /wp-admin/admin-ajax.php HTTP/1.1" 403 33 "http://cqqizhou.com/about/" "Mozilla/5.0 (Windows NT 10.0; Win64; x64) AppleWebKit/537.36 (KHTML, like Gecko) Chrome/137.0.0.0 Safari/537.36 Edg/137.0.0.0"
116.132.120.102 - - [11/Dec/2025:09:39:30 +0800] "GET /media/ HTTP/1.1" 200 24233 "http://cqqizhou.com/about/" "Mozilla/5.0 (Windows NT 10.0; Win64; x64) AppleWebKit/537.36 (KHTML, like Gecko) Chrome/137.0.0.0 Safari/537.36 Edg/137.0.0.0"
116.132.120.102 - - [11/Dec/2025:09:39:30 +0800] "GET /wp-content/uploads/2025/11/1762861549-%E5%85%A8%E6%99%AF%E5%90%AF%E8%88%9F%E5%9D%A4%E7%85%8C%E5%BA%93.webp HTTP/1.1" 200 18812 "http://cqqizhou.com/media/" "Mozilla/5.0 (Windows NT 10.0; Win64; x64) AppleWebKit/537.36 (KHTML, like Gecko) Chrome/137.0.0.0 Safari/537.36 Edg/137.0.0.0"
116.132.120.102 - - [11/Dec/2025:09:39:30 +0800] "GET /wp-content/uploads/2025/11/1762861550-%E4%B8%87%E5%98%89%E7%9B%9B%E5%BA%93%E5%85%A8%E6%99%AF%E5%9B%BE.webp HTTP/1.1" 200 24278 "http://cqqizhou.com/media/" "Mozilla/5.0 (Windows NT 10.0; Win64; x64) AppleWebKit/537.36 (KHTML, like Gecko) Chrome/137.0.0.0 Safari/537.36 Edg/137.0.0.0"
116.132.120.102 - - [11/Dec/2025:09:39:31 +0800] "GET /wp-content/uploads/media/qizhou_Brochure.webp HTTP/1.1" 200 26142 "http://cqqizhou.com/media/" "Mozilla/5.0 (Windows NT 10.0; Win64; x64) AppleWebKit/537.36 (KHTML, like Gecko) Chrome/137.0.0.0 Safari/537.36 Edg/137.0.0.0"
116.132.120.102 - - [11/Dec/2025:09:39:32 +0800] "GET /services/ HTTP/1.1" 200 26135 "http://cqqizhou.com/media/" "Mozilla/5.0 (Windows NT 10.0; Win64; x64) AppleWebKit/537.36 (KHTML, like Gecko) Chrome/137.0.0.0 Safari/537.36 Edg/137.0.0.0"
116.132.120.102 - - [11/Dec/2025:09:39:32 +0800] "GET /wp-content/uploads/2025/07/1751829518-Precision-processing-services800x500.webp HTTP/1.1" 200 28964 "http://cqqizhou.com/services/" "Mozilla/5.0 (Windows NT 10.0; Win64; x64) AppleWebKit/537.36 (KHTML, like Gecko) Chrome/137.0.0.0 Safari/537.36 Edg/137.0.0.0"
116.132.120.102 - - [11/Dec/2025:09:39:32 +0800] "GET /wp-content/uploads/2025/12/1764853155-ISO2-731x1024.webp HTTP/1.1" 200 91446 "http://cqqizhou.com/services/" "Mozilla/5.0 (Windows NT 10.0; Win64; x64) AppleWebKit/537.36 (KHTML, like Gecko) Chrome/137.0.0.0 Safari/537.36 Edg/137.0.0.0"
116.132.120.102 - - [11/Dec/2025:09:39:32 +0800] "GET /wp-content/uploads/2025/12/1764853157-ISO3-731x1024.webp HTTP/1.1" 200 105856 "http://cqqizhou.com/services/" "Mozilla/5.0 (Windows NT 10.0; Win64; x64) AppleWebKit/537.36 (KHTML, like Gecko) Chrome/137.0.0.0 Safari/537.36 Edg/137.0.0.0"
116.132.120.102 - - [11/Dec/2025:09:39:34 +0800] "GET /logistics/ HTTP/1.1" 200 18553 "http://cqqizhou.com/services/" "Mozilla/5.0 (Windows NT 10.0; Win64; x64) AppleWebKit/537.36 (KHTML, like Gecko) Chrome/137.0.0.0 Safari/537.36 Edg/137.0.0.0"
116.132.120.102 - - [11/Dec/2025:09:39:34 +0800] "GET /wp-content/uploads/2025/07/1753407887-Logistics_Banner2000%C3%97400px-%E6%8B%B7%E8%B4%9D.webp HTTP/1.1" 200 18866 "http://cqqizhou.com/logistics/" "Mozilla/5.0 (Windows NT 10.0; Win64; x64) AppleWebKit/537.36 (KHTML, like Gecko) Chrome/137.0.0.0 Safari/537.36 Edg/137.0.0.0"
116.132.120.102 - - [11/Dec/2025:09:39:34 +0800] "GET /wp-content/uploads/2025/07/1751864664-Logistics800x500_1.webp HTTP/1.1" 200 76914 "http://cqqizhou.com/logistics/" "Mozilla/5.0 (Windows NT 10.0; Win64; x64) AppleWebKit/537.36 (KHTML, like Gecko) Chrome/137.0.0.0 Safari/537.36 Edg/137.0.0.0"
116.132.120.102 - - [11/Dec/2025:09:39:34 +0800] "GET /wp-content/uploads/2025/07/1751864682-Logistics800x500_2.webp HTTP/1.1" 200 27420 "http://cqqizhou.com/logistics/" "Mozilla/5.0 (Windows NT 10.0; Win64; x64) AppleWebKit/537.36 (KHTML, like Gecko) Chrome/137.0.0.0 Safari/537.36 Edg/137.0.0.0"
36.133.115.36 - - [11/Dec/2025:09:40:26 +0800] "POST /wp-cron.php?doing_wp_cron=1765417226.4456748962402343750000 HTTP/1.1" 200 31 "-" "WordPress/6.8.3; http://cqqizhou.com"
119.102.250.89 - - [11/Dec/2025:09:40:26 +0800] "GET / HTTP/1.1" 301 5 "-" "Mozilla/5.0 (Windows NT 6.1; Win64; x64) AppleWebKit/537.36 (KHTML, like Gecko) Chrome/76.0.3614.88 Safari/537.36"
119.102.250.89 - - [11/Dec/2025:09:40:26 +0800] "GET / HTTP/1.1" 200 34102 "-" "Mozilla/5.0 (Windows NT 6.1; Win64; x64) AppleWebKit/537.36 (KHTML, like Gecko) Chrome/76.0.3614.88 Safari/537.36"
119.102.250.89 - - [11/Dec/2025:09:40:26 +0800] "GET /contacts/ HTTP/1.1" 200 21713 "-" "Mozilla/5.0 (Windows NT 6.6; Win64; x64) AppleWebKit/537.36 (KHTML, like Gecko) Chrome/71.0.1866.88 Safari/537.36"
5.187.35.158 - - [11/Dec/2025:09:40:45 +0800] "GET / HTTP/1.1" 200 33674 "-" "Mozilla/5.0 (Windows NT 10.0; Win64; x64) AppleWebKit/537.36 (KHTML, like Gecko) Chrome/90.0.4430.85 Safari/537.36 Edg/90.0.818.46"
36.133.115.36 - - [11/Dec/2025:09:43:06 +0800] "POST /wp-cron.php?doing_wp_cron=1765417386.7443590164184570312500 HTTP/1.1" 200 31 "-" "WordPress/6.8.3; http://cqqizhou.com"
121.237.36.31 - - [11/Dec/2025:09:43:07 +0800] "GET / HTTP/1.1" 200 33674 "-" "Dalvik/2.1.0 (Linux; U; Android 9.0; ZTE BA520 Build/MRA58K)"
36.133.115.36 - - [11/Dec/2025:09:44:54 +0800] "POST /wp-cron.php?doing_wp_cron=1765417494.1515989303588867187500 HTTP/1.1" 200 31 "-" "WordPress/6.8.3; http://cqqizhou.com"
114.119.158.45 - - [11/Dec/2025:09:44:54 +0800] "GET /wp-sitemap.xml HTTP/1.1" 501 253 "-" "Mozilla/5.0 (Linux; Android 7.0;) AppleWebKit/537.36 (KHTML, like Gecko) Mobile Safari/537.36 (compatible; PetalBot;+https://webmaster.petalsearch.com/site/petalbot)"
36.133.115.36 - - [11/Dec/2025:09:49:58 +0800] "POST /wp-cron.php?doing_wp_cron=1765417798.7376389503479003906250 HTTP/1.1" 200 31 "-" "WordPress/6.8.3; http://cqqizhou.com"
114.119.151.237 - - [11/Dec/2025:09:49:58 +0800] "GET /wp-sitemap.xml HTTP/1.1" 501 253 "-" "Mozilla/5.0 (Linux; Android 7.0;) AppleWebKit/537.36 (KHTML, like Gecko) Mobile Safari/537.36 (compatible; PetalBot;+https://webmaster.petalsearch.com/site/petalbot)"
36.133.115.36 - - [11/Dec/2025:09:57:07 +0800] "POST /wp-cron.php?doing_wp_cron=1765418227.2548060417175292968750 HTTP/1.1" 200 31 "-" "WordPress/6.8.3; http://cqqizhou.com"
114.119.141.100 - - [11/Dec/2025:09:57:07 +0800] "GET /wp-sitemap.xml HTTP/1.1" 501 253 "-" "Mozilla/5.0 (Linux; Android 7.0;) AppleWebKit/537.36 (KHTML, like Gecko) Mobile Safari/537.36 (compatible; PetalBot;+https://webmaster.petalsearch.com/site/petalbot)"
36.133.115.36 - - [11/Dec/2025:10:03:13 +0800] "POST /wp-cron.php?doing_wp_cron=1765418593.5903890132904052734375 HTTP/1.1" 200 31 "-" "WordPress/6.8.3; http://cqqizhou.com"
204.76.203.212 - - [11/Dec/2025:10:03:13 +0800] "GET / HTTP/1.1" 200 33674 "-" "Mozilla/5.0 (Windows NT 10.0; Win64; x64) AppleWebKit/537.36 (KHTML, like Gecko) Chrome/90.0.4430.85 Safari/537.36 Edg/90.0.818.46"
123.57.13.121 - - [11/Dec/2025:10:07:01 +0800] "GET / HTTP/1.1" 200 34102 "-" "Mozilla/5.0 (Windows NT 10.0; Win64; x64) AppleWebKit/537.36 (KHTML, like Gecko) Chrome/104.0.0.0 Safari/537.36"
62.60.131.162 - - [11/Dec/2025:10:18:45 +0800] "GET / HTTP/1.1" 200 34102 "-" "Go-http-client/1.1"
36.133.115.36 - - [11/Dec/2025:10:19:27 +0800] "POST /wp-cron.php?doing_wp_cron=1765419567.8687760829925537109375 HTTP/1.1" 200 31 "-" "WordPress/6.8.3; http://cqqizhou.com"
193.142.147.209 - - [11/Dec/2025:10:19:27 +0800] "GET /cgi-bin/luci/;stok=/locale HTTP/1.1" 301 5 "-" "-"
193.142.147.209 - - [11/Dec/2025:10:19:29 +0800] "GET /cgi-bin/luci/;stok=/locale HTTP/1.1" 404 31364 "http://36.133.115.36:80/cgi-bin/luci/;stok=/locale" "-"
180.163.28.109 - - [11/Dec/2025:10:31:51 +0800] "GET /2339/ HTTP/1.1" 200 21005 "-" "Mozilla/5.0 (Windows NT 10.0; Win64; x64) AppleWebKit/537.36 (KHTML, like Gecko) Chrome/135.0.0.0 Safari/537.36"
36.133.115.36 - - [11/Dec/2025:10:31:52 +0800] "POST /wp-cron.php?doing_wp_cron=1765420312.3392269611358642578125 HTTP/1.1" 200 31 "-" "WordPress/6.8.3; http://cqqizhou.com"
106.80.97.77 - - [11/Dec/2025:10:31:52 +0800] "GET /2339/ HTTP/1.1" 200 20622 "-" "Mozilla/5.0 (Linux; Android 12; PEAT00 Build/SP1A.210812.016; wv) AppleWebKit/537.36 (KHTML, like Gecko) Version/4.0 Chrome/142.0.7444.173 Mobile Safari/537.36 XWEB/1420087 MMWEBSDK/20250904 MMWEBID/185 MicroMessenger/8.0.65.2960(0x28004153) WeChat/arm64 Weixin NetType/4G Language/zh_CN ABI/arm64"
106.80.97.77 - - [11/Dec/2025:10:31:53 +0800] "GET /wp-content/uploads/2025/12/1765253089-20251209103501_96_61.webp HTTP/1.1" 200 37758 "http://cqqizhou.com/2339/" "Mozilla/5.0 (Linux; Android 12; PEAT00 Build/SP1A.210812.016; wv) AppleWebKit/537.36 (KHTML, like Gecko) Version/4.0 Chrome/142.0.7444.173 Mobile Safari/537.36 XWEB/1420087 MMWEBSDK/20250904 MMWEBID/185 MicroMessenger/8.0.65.2960(0x28004153) WeChat/arm64 Weixin NetType/4G Language/zh_CN ABI/arm64"
106.80.97.77 - - [11/Dec/2025:10:31:53 +0800] "GET /wp-content/uploads/2025/12/1765248735-20251209104226_108_60.webp HTTP/1.1" 200 55962 "http://cqqizhou.com/2339/" "Mozilla/5.0 (Linux; Android 12; PEAT00 Build/SP1A.210812.016; wv) AppleWebKit/537.36 (KHTML, like Gecko) Version/4.0 Chrome/142.0.7444.173 Mobile Safari/537.36 XWEB/1420087 MMWEBSDK/20250904 MMWEBID/185 MicroMessenger/8.0.65.2960(0x28004153) WeChat/arm64 Weixin NetType/4G Language/zh_CN ABI/arm64"
106.80.97.77 - - [11/Dec/2025:10:31:53 +0800] "GET /wp-content/uploads/2025/12/1765248770-20251209104226_107_60.webp HTTP/1.1" 200 66916 "http://cqqizhou.com/2339/" "Mozilla/5.0 (Linux; Android 12; PEAT00 Build/SP1A.210812.016; wv) AppleWebKit/537.36 (KHTML, like Gecko) Version/4.0 Chrome/142.0.7444.173 Mobile Safari/537.36 XWEB/1420087 MMWEBSDK/20250904 MMWEBID/185 MicroMessenger/8.0.65.2960(0x28004153) WeChat/arm64 Weixin NetType/4G Language/zh_CN ABI/arm64"
106.80.97.77 - - [11/Dec/2025:10:31:53 +0800] "GET /wp-content/uploads/2025/09/1756868614-20250903104654_74_5.webp HTTP/1.1" 200 47858 "http://cqqizhou.com/2339/" "Mozilla/5.0 (Linux; Android 12; PEAT00 Build/SP1A.210812.016; wv) AppleWebKit/537.36 (KHTML, like Gecko) Version/4.0 Chrome/142.0.7444.173 Mobile Safari/537.36 XWEB/1420087 MMWEBSDK/20250904 MMWEBID/185 MicroMessenger/8.0.65.2960(0x28004153) WeChat/arm64 Weixin NetType/4G Language/zh_CN ABI/arm64"
106.80.97.77 - - [11/Dec/2025:10:31:53 +0800] "GET /wp-content/uploads/2025/09/1756868614-20250903104654_74_5-150x150.webp HTTP/1.1" 200 5712 "http://cqqizhou.com/2339/" "Mozilla/5.0 (Linux; Android 12; PEAT00 Build/SP1A.210812.016; wv) AppleWebKit/537.36 (KHTML, like Gecko) Version/4.0 Chrome/142.0.7444.173 Mobile Safari/537.36 XWEB/1420087 MMWEBSDK/20250904 MMWEBID/185 MicroMessenger/8.0.65.2960(0x28004153) WeChat/arm64 Weixin NetType/4G Language/zh_CN ABI/arm64"
106.80.97.77 - - [11/Dec/2025:10:31:53 +0800] "GET /wp-content/uploads/2025/07/1753410289-News2000%C3%97400_202571.webp HTTP/1.1" 200 17830 "http://cqqizhou.com/2339/" "Mozilla/5.0 (Linux; Android 12; PEAT00 Build/SP1A.210812.016; wv) AppleWebKit/537.36 (KHTML, like Gecko) Version/4.0 Chrome/142.0.7444.173 Mobile Safari/537.36 XWEB/1420087 MMWEBSDK/20250904 MMWEBID/185 MicroMessenger/8.0.65.2960(0x28004153) WeChat/arm64 Weixin NetType/4G Language/zh_CN ABI/arm64"
106.80.97.77 - - [11/Dec/2025:10:31:54 +0800] "GET /wp-content/uploads/2025/08/1755826456-DSC01841.webp HTTP/1.1" 200 87046 "http://cqqizhou.com/2339/" "Mozilla/5.0 (Linux; Android 12; PEAT00 Build/SP1A.210812.016; wv) AppleWebKit/537.36 (KHTML, like Gecko) Version/4.0 Chrome/142.0.7444.173 Mobile Safari/537.36 XWEB/1420087 MMWEBSDK/20250904 MMWEBID/185 MicroMessenger/8.0.65.2960(0x28004153) WeChat/arm64 Weixin NetType/4G Language/zh_CN ABI/arm64"
106.80.97.77 - - [11/Dec/2025:10:31:54 +0800] "GET /wp-content/uploads/2025/07/1751425283-qizhou.kf_.qq_.com_.webp HTTP/1.1" 200 16864 "http://cqqizhou.com/2339/" "Mozilla/5.0 (Linux; Android 12; PEAT00 Build/SP1A.210812.016; wv) AppleWebKit/537.36 (KHTML, like Gecko) Version/4.0 Chrome/142.0.7444.173 Mobile Safari/537.36 XWEB/1420087 MMWEBSDK/20250904 MMWEBID/185 MicroMessenger/8.0.65.2960(0x28004153) WeChat/arm64 Weixin NetType/4G Language/zh_CN ABI/arm64"
106.80.97.77 - - [11/Dec/2025:10:31:54 +0800] "GET /wp-content/uploads/2025/12/1765249046-20251209104228_110_60.webp HTTP/1.1" 200 64834 "http://cqqizhou.com/2339/" "Mozilla/5.0 (Linux; Android 12; PEAT00 Build/SP1A.210812.016; wv) AppleWebKit/537.36 (KHTML, like Gecko) Version/4.0 Chrome/142.0.7444.173 Mobile Safari/537.36 XWEB/1420087 MMWEBSDK/20250904 MMWEBID/185 MicroMessenger/8.0.65.2960(0x28004153) WeChat/arm64 Weixin NetType/4G Language/zh_CN ABI/arm64"
106.80.97.77 - - [11/Dec/2025:10:32:30 +0800] "GET /2215/ HTTP/1.1" 200 20129 "http://cqqizhou.com/2339/" "Mozilla/5.0 (Linux; Android 12; PEAT00 Build/SP1A.210812.016; wv) AppleWebKit/537.36 (KHTML, like Gecko) Version/4.0 Chrome/142.0.7444.173 Mobile Safari/537.36 XWEB/1420087 MMWEBSDK/20250904 MMWEBID/185 MicroMessenger/8.0.65.2960(0x28004153) WeChat/arm64 Weixin NetType/4G Language/zh_CN ABI/arm64"
106.80.97.77 - - [11/Dec/2025:10:32:30 +0800] "GET /wp-content/uploads/2025/08/1755826390-DSC01765-150x150.webp HTTP/1.1" 200 6586 "http://cqqizhou.com/2215/" "Mozilla/5.0 (Linux; Android 12; PEAT00 Build/SP1A.210812.016; wv) AppleWebKit/537.36 (KHTML, like Gecko) Version/4.0 Chrome/142.0.7444.173 Mobile Safari/537.36 XWEB/1420087 MMWEBSDK/20250904 MMWEBID/185 MicroMessenger/8.0.65.2960(0x28004153) WeChat/arm64 Weixin NetType/4G Language/zh_CN ABI/arm64"
14.108.233.234 - - [11/Dec/2025:10:33:55 +0800] "GET / HTTP/1.1" 200 34102 "-" "Mozilla/5.0 (Windows NT 10.0; Win64; x64) AppleWebKit/537.36 (KHTML, like Gecko) Chrome/142.0.0.0 Safari/537.36 Edg/142.0.0.0"
14.108.233.234 - - [11/Dec/2025:10:33:55 +0800] "GET /wp-content/uploads/2025/07/1751425283-qizhou.kf_.qq_.com_.webp HTTP/1.1" 200 16864 "http://cqqizhou.com/" "Mozilla/5.0 (Windows NT 10.0; Win64; x64) AppleWebKit/537.36 (KHTML, like Gecko) Chrome/142.0.0.0 Safari/537.36 Edg/142.0.0.0"
14.108.233.234 - - [11/Dec/2025:10:33:56 +0800] "GET /wp-content/uploads/2025/12/1765268955-qizhou_Slider1_3840%C3%972160_20251210-scaled.webp HTTP/1.1" 200 152162 "http://cqqizhou.com/" "Mozilla/5.0 (Windows NT 10.0; Win64; x64) AppleWebKit/537.36 (KHTML, like Gecko) Chrome/142.0.0.0 Safari/537.36 Edg/142.0.0.0"
14.108.233.234 - - [11/Dec/2025:10:33:56 +0800] "GET /wp-content/uploads/2025/07/1753456770-%E7%83%AD%E9%95%80%E9%94%8C%E5%8D%B7product_Single600.webp HTTP/1.1" 200 27502 "http://cqqizhou.com/" "Mozilla/5.0 (Windows NT 10.0; Win64; x64) AppleWebKit/537.36 (KHTML, like Gecko) Chrome/142.0.0.0 Safari/537.36 Edg/142.0.0.0"
14.108.233.234 - - [11/Dec/2025:10:33:56 +0800] "GET /wp-content/uploads/2025/07/1753453096-%E5%8F%8C%E7%9B%B8%E9%92%A2product_Single600%C3%97284.webp HTTP/1.1" 200 14562 "http://cqqizhou.com/" "Mozilla/5.0 (Windows NT 10.0; Win64; x64) AppleWebKit/537.36 (KHTML, like Gecko) Chrome/142.0.0.0 Safari/537.36 Edg/142.0.0.0"
14.108.233.234 - - [11/Dec/2025:10:33:56 +0800] "GET /wp-content/uploads/2025/07/1753453127-%E4%BD%99%E5%8D%B7product_Single600%C3%97284.webp HTTP/1.1" 200 18744 "http://cqqizhou.com/" "Mozilla/5.0 (Windows NT 10.0; Win64; x64) AppleWebKit/537.36 (KHTML, like Gecko) Chrome/142.0.0.0 Safari/537.36 Edg/142.0.0.0"
14.108.233.234 - - [11/Dec/2025:10:33:56 +0800] "GET /wp-content/uploads/2025/07/1753456723-%E5%8F%8C%E7%9B%B8%E9%92%A2roduct_Single600.webp HTTP/1.1" 200 22790 "http://cqqizhou.com/" "Mozilla/5.0 (Windows NT 10.0; Win64; x64) AppleWebKit/537.36 (KHTML, like Gecko) Chrome/142.0.0.0 Safari/537.36 Edg/142.0.0.0"
14.108.233.234 - - [11/Dec/2025:10:33:56 +0800] "GET /wp-content/uploads/revslider/slider-1/1750861156-logistics_Slider_3840%C3%972160_20250625191356-scaled-50x100.webp HTTP/1.1" 200 1416 "http://cqqizhou.com/" "Mozilla/5.0 (Windows NT 10.0; Win64; x64) AppleWebKit/537.36 (KHTML, like Gecko) Chrome/142.0.0.0 Safari/537.36 Edg/142.0.0.0"
14.108.233.234 - - [11/Dec/2025:10:33:56 +0800] "GET /wp-content/uploads/2025/12/1765265398-qizhou_Slider_3840%C3%972160_20251209-scaled-50x100.webp HTTP/1.1" 200 2166 "http://cqqizhou.com/" "Mozilla/5.0 (Windows NT 10.0; Win64; x64) AppleWebKit/537.36 (KHTML, like Gecko) Chrome/142.0.0.0 Safari/537.36 Edg/142.0.0.0"
36.133.115.36 - - [11/Dec/2025:10:33:57 +0800] "POST /wp-cron.php?doing_wp_cron=1765420437.5077691078186035156250 HTTP/1.1" 200 31 "-" "WordPress/6.8.3; http://cqqizhou.com"
14.108.233.234 - - [11/Dec/2025:10:33:57 +0800] "GET /wp-json/sliderrevolution/sliders/1?srengine=7&slideid=2 HTTP/1.1" 200 2058 "http://cqqizhou.com/" "Mozilla/5.0 (Windows NT 10.0; Win64; x64) AppleWebKit/537.36 (KHTML, like Gecko) Chrome/142.0.0.0 Safari/537.36 Edg/142.0.0.0"
14.108.233.234 - - [11/Dec/2025:10:33:57 +0800] "GET /wp-json/sliderrevolution/sliders/1?srengine=7&slideid=3 HTTP/1.1" 200 2286 "http://cqqizhou.com/" "Mozilla/5.0 (Windows NT 10.0; Win64; x64) AppleWebKit/537.36 (KHTML, like Gecko) Chrome/142.0.0.0 Safari/537.36 Edg/142.0.0.0"
14.108.233.234 - - [11/Dec/2025:10:33:57 +0800] "GET /wp-content/uploads/revslider/slider-1/1750861156-logistics_Slider_3840%C3%972160_20250625191356-scaled.webp HTTP/1.1" 200 197360 "http://cqqizhou.com/" "Mozilla/5.0 (Windows NT 10.0; Win64; x64) AppleWebKit/537.36 (KHTML, like Gecko) Chrome/142.0.0.0 Safari/537.36 Edg/142.0.0.0"
14.108.233.234 - - [11/Dec/2025:10:33:57 +0800] "GET /wp-content/uploads/2025/12/1765265398-qizhou_Slider_3840%C3%972160_20251209-scaled.webp HTTP/1.1" 200 175208 "http://cqqizhou.com/" "Mozilla/5.0 (Windows NT 10.0; Win64; x64) AppleWebKit/537.36 (KHTML, like Gecko) Chrome/142.0.0.0 Safari/537.36 Edg/142.0.0.0"
14.108.233.234 - - [11/Dec/2025:10:34:00 +0800] "GET /wp-content/uploads/2025/12/1765268955-qizhou_Slider1_3840%C3%972160_20251210-scaled-50x100.webp HTTP/1.1" 200 1812 "http://cqqizhou.com/" "Mozilla/5.0 (Windows NT 10.0; Win64; x64) AppleWebKit/537.36 (KHTML, like Gecko) Chrome/142.0.0.0 Safari/537.36 Edg/142.0.0.0"
115.63.180.79 - - [11/Dec/2025:10:38:02 +0800] "POST /HNAP1/ HTTP/1.0" 400 0 "-" "-"
36.133.115.36 - - [11/Dec/2025:10:41:58 +0800] "POST /wp-cron.php?doing_wp_cron=1765420918.3000218868255615234375 HTTP/1.1" 200 31 "-" "WordPress/6.8.3; http://cqqizhou.com"
106.83.169.125 - - [11/Dec/2025:10:41:58 +0800] "GET /2339/ HTTP/1.1" 200 20622 "-" "Mozilla/5.0 (Linux; Android 12; TAS-AN00 Build/HUAWEITAS-AN00; wv) AppleWebKit/537.36 (KHTML, like Gecko) Version/4.0 Chrome/142.0.7444.172 Mobile Safari/537.36 XWEB/1420045 MMWEBSDK/20251006 MMWEBID/3096 MicroMessenger/8.0.66.2980(0x28004234) WeChat/arm64 Weixin NetType/5G Language/zh_CN ABI/arm64"
106.83.169.125 - - [11/Dec/2025:10:41:58 +0800] "GET /wp-content/uploads/2025/12/1765253089-20251209103501_96_61.webp HTTP/1.1" 200 37758 "http://cqqizhou.com/2339/" "Mozilla/5.0 (Linux; Android 12; TAS-AN00 Build/HUAWEITAS-AN00; wv) AppleWebKit/537.36 (KHTML, like Gecko) Version/4.0 Chrome/142.0.7444.172 Mobile Safari/537.36 XWEB/1420045 MMWEBSDK/20251006 MMWEBID/3096 MicroMessenger/8.0.66.2980(0x28004234) WeChat/arm64 Weixin NetType/5G Language/zh_CN ABI/arm64"
106.83.169.125 - - [11/Dec/2025:10:41:58 +0800] "GET /wp-content/uploads/2025/12/1765248770-20251209104226_107_60.webp HTTP/1.1" 200 66916 "http://cqqizhou.com/2339/" "Mozilla/5.0 (Linux; Android 12; TAS-AN00 Build/HUAWEITAS-AN00; wv) AppleWebKit/537.36 (KHTML, like Gecko) Version/4.0 Chrome/142.0.7444.172 Mobile Safari/537.36 XWEB/1420045 MMWEBSDK/20251006 MMWEBID/3096 MicroMessenger/8.0.66.2980(0x28004234) WeChat/arm64 Weixin NetType/5G Language/zh_CN ABI/arm64"
106.83.169.125 - - [11/Dec/2025:10:41:58 +0800] "GET /wp-content/uploads/2025/12/1765248735-20251209104226_108_60.webp HTTP/1.1" 200 55962 "http://cqqizhou.com/2339/" "Mozilla/5.0 (Linux; Android 12; TAS-AN00 Build/HUAWEITAS-AN00; wv) AppleWebKit/537.36 (KHTML, like Gecko) Version/4.0 Chrome/142.0.7444.172 Mobile Safari/537.36 XWEB/1420045 MMWEBSDK/20251006 MMWEBID/3096 MicroMessenger/8.0.66.2980(0x28004234) WeChat/arm64 Weixin NetType/5G Language/zh_CN ABI/arm64"
106.83.169.125 - - [11/Dec/2025:10:41:58 +0800] "GET /wp-content/uploads/2025/09/1756868614-20250903104654_74_5-150x150.webp HTTP/1.1" 200 5712 "http://cqqizhou.com/2339/" "Mozilla/5.0 (Linux; Android 12; TAS-AN00 Build/HUAWEITAS-AN00; wv) AppleWebKit/537.36 (KHTML, like Gecko) Version/4.0 Chrome/142.0.7444.172 Mobile Safari/537.36 XWEB/1420045 MMWEBSDK/20251006 MMWEBID/3096 MicroMessenger/8.0.66.2980(0x28004234) WeChat/arm64 Weixin NetType/5G Language/zh_CN ABI/arm64"
106.83.169.125 - - [11/Dec/2025:10:41:58 +0800] "GET /wp-content/uploads/2025/09/1756868614-20250903104654_74_5.webp HTTP/1.1" 200 47858 "http://cqqizhou.com/2339/" "Mozilla/5.0 (Linux; Android 12; TAS-AN00 Build/HUAWEITAS-AN00; wv) AppleWebKit/537.36 (KHTML, like Gecko) Version/4.0 Chrome/142.0.7444.172 Mobile Safari/537.36 XWEB/1420045 MMWEBSDK/20251006 MMWEBID/3096 MicroMessenger/8.0.66.2980(0x28004234) WeChat/arm64 Weixin NetType/5G Language/zh_CN ABI/arm64"
106.83.169.125 - - [11/Dec/2025:10:41:59 +0800] "GET /wp-content/uploads/2025/07/1753410289-News2000%C3%97400_202571.webp HTTP/1.1" 200 17830 "http://cqqizhou.com/2339/" "Mozilla/5.0 (Linux; Android 12; TAS-AN00 Build/HUAWEITAS-AN00; wv) AppleWebKit/537.36 (KHTML, like Gecko) Version/4.0 Chrome/142.0.7444.172 Mobile Safari/537.36 XWEB/1420045 MMWEBSDK/20251006 MMWEBID/3096 MicroMessenger/8.0.66.2980(0x28004234) WeChat/arm64 Weixin NetType/5G Language/zh_CN ABI/arm64"
106.83.169.125 - - [11/Dec/2025:10:41:59 +0800] "GET /wp-content/uploads/2025/07/1751425283-qizhou.kf_.qq_.com_.webp HTTP/1.1" 200 16864 "http://cqqizhou.com/2339/" "Mozilla/5.0 (Linux; Android 12; TAS-AN00 Build/HUAWEITAS-AN00; wv) AppleWebKit/537.36 (KHTML, like Gecko) Version/4.0 Chrome/142.0.7444.172 Mobile Safari/537.36 XWEB/1420045 MMWEBSDK/20251006 MMWEBID/3096 MicroMessenger/8.0.66.2980(0x28004234) WeChat/arm64 Weixin NetType/5G Language/zh_CN ABI/arm64"
106.83.169.125 - - [11/Dec/2025:10:41:59 +0800] "GET /wp-content/uploads/2025/08/1755826456-DSC01841.webp HTTP/1.1" 200 87046 "http://cqqizhou.com/2339/" "Mozilla/5.0 (Linux; Android 12; TAS-AN00 Build/HUAWEITAS-AN00; wv) AppleWebKit/537.36 (KHTML, like Gecko) Version/4.0 Chrome/142.0.7444.172 Mobile Safari/537.36 XWEB/1420045 MMWEBSDK/20251006 MMWEBID/3096 MicroMessenger/8.0.66.2980(0x28004234) WeChat/arm64 Weixin NetType/5G Language/zh_CN ABI/arm64"
106.83.169.125 - - [11/Dec/2025:10:41:59 +0800] "GET /wp-content/uploads/2025/12/1765249046-20251209104228_110_60.webp HTTP/1.1" 200 64834 "http://cqqizhou.com/2339/" "Mozilla/5.0 (Linux; Android 12; TAS-AN00 Build/HUAWEITAS-AN00; wv) AppleWebKit/537.36 (KHTML, like Gecko) Version/4.0 Chrome/142.0.7444.172 Mobile Safari/537.36 XWEB/1420045 MMWEBSDK/20251006 MMWEBID/3096 MicroMessenger/8.0.66.2980(0x28004234) WeChat/arm64 Weixin NetType/5G Language/zh_CN ABI/arm64"
36.133.115.36 - - [11/Dec/2025:10:44:46 +0800] "POST /wp-cron.php?doing_wp_cron=1765421086.5857019424438476562500 HTTP/1.1" 200 31 "-" "WordPress/6.8.3; http://cqqizhou.com"
106.83.169.125 - - [11/Dec/2025:10:44:46 +0800] "GET /2215/ HTTP/1.1" 200 20130 "http://cqqizhou.com/2339/" "Mozilla/5.0 (Linux; Android 12; TAS-AN00 Build/HUAWEITAS-AN00; wv) AppleWebKit/537.36 (KHTML, like Gecko) Version/4.0 Chrome/142.0.7444.172 Mobile Safari/537.36 XWEB/1420045 MMWEBSDK/20251006 MMWEBID/3096 MicroMessenger/8.0.66.2980(0x28004234) WeChat/arm64 Weixin NetType/5G Language/zh_CN ABI/arm64"
106.83.169.125 - - [11/Dec/2025:10:44:46 +0800] "GET /wp-content/uploads/2025/08/1755826390-DSC01765-150x150.webp HTTP/1.1" 200 6586 "http://cqqizhou.com/2215/" "Mozilla/5.0 (Linux; Android 12; TAS-AN00 Build/HUAWEITAS-AN00; wv) AppleWebKit/537.36 (KHTML, like Gecko) Version/4.0 Chrome/142.0.7444.172 Mobile Safari/537.36 XWEB/1420045 MMWEBSDK/20251006 MMWEBID/3096 MicroMessenger/8.0.66.2980(0x28004234) WeChat/arm64 Weixin NetType/5G Language/zh_CN ABI/arm64"
36.133.115.36 - - [11/Dec/2025:10:46:01 +0800] "POST /wp-cron.php?doing_wp_cron=1765421161.0338261127471923828125 HTTP/1.1" 200 31 "-" "WordPress/6.8.3; http://cqqizhou.com"
49.235.136.28 - - [11/Dec/2025:10:46:01 +0800] "GET / HTTP/1.1" 200 33672 "-" "Mozilla/5.0 (iPhone; CPU iPhone OS 13_2_3 like Mac OS X) AppleWebKit/605.1.15 (KHTML, like Gecko) Version/13.0.3 Mobile/15E148 Safari/604.1"
36.133.115.36 - - [11/Dec/2025:10:49:29 +0800] "POST /wp-cron.php?doing_wp_cron=1765421369.2829189300537109375000 HTTP/1.1" 200 31 "-" "WordPress/6.8.3; http://cqqizhou.com"
204.76.203.212 - - [11/Dec/2025:10:49:29 +0800] "GET / HTTP/1.1" 200 33674 "-" "Mozilla/5.0 (Windows NT 10.0; Win64; x64) AppleWebKit/537.36 (KHTML, like Gecko) Chrome/90.0.4430.85 Safari/537.36 Edg/90.0.818.46"
36.133.115.36 - - [11/Dec/2025:10:51:16 +0800] "POST /wp-cron.php?doing_wp_cron=1765421476.7173459529876708984375 HTTP/1.1" 200 31 "-" "WordPress/6.8.3; http://cqqizhou.com"
149.50.103.48 - - [11/Dec/2025:10:51:17 +0800] "GET / HTTP/1.1" 200 33674 "-" "Mozilla/5.0 (Windows NT 10.0; Win64; x64) AppleWebKit/537.36 (KHTML, like Gecko) Chrome/90.0.4430.85 Safari/537.36 Edg/90.0.818.46"
36.133.115.36 - - [11/Dec/2025:10:52:05 +0800] "POST /wp-cron.php?doing_wp_cron=1765421525.2217340469360351562500 HTTP/1.1" 200 31 "-" "WordPress/6.8.3; http://cqqizhou.com"
216.244.66.245 - - [11/Dec/2025:10:52:05 +0800] "GET /robots.txt HTTP/1.1" 200 390 "-" "Mozilla/5.0 (compatible; DotBot/1.2; +https://opensiteexplorer.org/dotbot; help@moz.com)"
216.244.66.245 - - [11/Dec/2025:10:58:52 +0800] "GET /2215/ HTTP/1.1" 200 84503 "-" "Mozilla/5.0 (compatible; DotBot/1.2; +https://opensiteexplorer.org/dotbot; help@moz.com)"
36.133.115.36 - - [11/Dec/2025:11:17:18 +0800] "POST /wp-cron.php?doing_wp_cron=1765423038.9348940849304199218750 HTTP/1.1" 200 31 "-" "WordPress/6.8.3; http://cqqizhou.com"
40.77.167.203 - - [11/Dec/2025:11:17:18 +0800] "GET /robots.txt HTTP/1.1" 200 190 "-" "Mozilla/5.0 AppleWebKit/537.36 (KHTML, like Gecko; compatible; bingbot/2.0; +http://www.bing.com/bingbot.htm) Chrome/116.0.1938.76 Safari/537.36"
36.133.115.36 - - [11/Dec/2025:11:23:41 +0800] "POST /wp-cron.php?doing_wp_cron=1765423421.6104879379272460937500 HTTP/1.1" 200 31 "-" "WordPress/6.8.3; http://cqqizhou.com"
180.178.57.74 - - [11/Dec/2025:11:23:41 +0800] "GET http://httpbin.org/ip HTTP/1.1" 404 31364 "-" "Mozilla/5.0 (Windows NT 10.0; Win64; x64) AppleWebKit/537.36"
36.133.115.36 - - [11/Dec/2025:11:29:44 +0800] "POST /wp-cron.php?doing_wp_cron=1765423784.1633620262145996093750 HTTP/1.1" 200 31 "-" "WordPress/6.8.3; http://cqqizhou.com"
39.144.221.143 - - [11/Dec/2025:11:29:44 +0800] "GET /2339/ HTTP/1.1" 200 20622 "-" "Mozilla/5.0 (Linux; Android 10; LYA-AL00 Build/HUAWEILYA-AL00; wv) AppleWebKit/537.36 (KHTML, like Gecko) Version/4.0 Chrome/138.0.7204.180 Mobile Safari/537.36 XWEB/1380275 MMWEBSDK/20250202 MMWEBID/3920 wxwork/5.0.2 MicroMessenger/7.0.1 NetType/WIFI Language/zh Lang/zh ColorScheme/Dark wwmver/3.26.502.634"
39.144.221.143 - - [11/Dec/2025:11:29:44 +0800] "GET /wp-content/uploads/2025/12/1765253089-20251209103501_96_61.webp HTTP/1.1" 200 37758 "http://cqqizhou.com/2339/" "Mozilla/5.0 (Linux; Android 10; LYA-AL00 Build/HUAWEILYA-AL00; wv) AppleWebKit/537.36 (KHTML, like Gecko) Version/4.0 Chrome/138.0.7204.180 Mobile Safari/537.36 XWEB/1380275 MMWEBSDK/20250202 MMWEBID/3920 wxwork/5.0.2 MicroMessenger/7.0.1 NetType/WIFI Language/zh Lang/zh ColorScheme/Dark wwmver/3.26.502.634"
39.144.221.143 - - [11/Dec/2025:11:29:44 +0800] "GET /wp-content/uploads/2025/12/1765248735-20251209104226_108_60.webp HTTP/1.1" 200 55962 "http://cqqizhou.com/2339/" "Mozilla/5.0 (Linux; Android 10; LYA-AL00 Build/HUAWEILYA-AL00; wv) AppleWebKit/537.36 (KHTML, like Gecko) Version/4.0 Chrome/138.0.7204.180 Mobile Safari/537.36 XWEB/1380275 MMWEBSDK/20250202 MMWEBID/3920 wxwork/5.0.2 MicroMessenger/7.0.1 NetType/WIFI Language/zh Lang/zh ColorScheme/Dark wwmver/3.26.502.634"
39.144.221.143 - - [11/Dec/2025:11:29:44 +0800] "GET /wp-content/uploads/2025/09/1756868614-20250903104654_74_5-150x150.webp HTTP/1.1" 200 5712 "http://cqqizhou.com/2339/" "Mozilla/5.0 (Linux; Android 10; LYA-AL00 Build/HUAWEILYA-AL00; wv) AppleWebKit/537.36 (KHTML, like Gecko) Version/4.0 Chrome/138.0.7204.180 Mobile Safari/537.36 XWEB/1380275 MMWEBSDK/20250202 MMWEBID/3920 wxwork/5.0.2 MicroMessenger/7.0.1 NetType/WIFI Language/zh Lang/zh ColorScheme/Dark wwmver/3.26.502.634"
39.144.221.143 - - [11/Dec/2025:11:29:44 +0800] "GET /wp-content/uploads/2025/09/1756868614-20250903104654_74_5.webp HTTP/1.1" 200 47858 "http://cqqizhou.com/2339/" "Mozilla/5.0 (Linux; Android 10; LYA-AL00 Build/HUAWEILYA-AL00; wv) AppleWebKit/537.36 (KHTML, like Gecko) Version/4.0 Chrome/138.0.7204.180 Mobile Safari/537.36 XWEB/1380275 MMWEBSDK/20250202 MMWEBID/3920 wxwork/5.0.2 MicroMessenger/7.0.1 NetType/WIFI Language/zh Lang/zh ColorScheme/Dark wwmver/3.26.502.634"
39.144.221.143 - - [11/Dec/2025:11:29:44 +0800] "GET /wp-content/uploads/2025/12/1765248770-20251209104226_107_60.webp HTTP/1.1" 200 66916 "http://cqqizhou.com/2339/" "Mozilla/5.0 (Linux; Android 10; LYA-AL00 Build/HUAWEILYA-AL00; wv) AppleWebKit/537.36 (KHTML, like Gecko) Version/4.0 Chrome/138.0.7204.180 Mobile Safari/537.36 XWEB/1380275 MMWEBSDK/20250202 MMWEBID/3920 wxwork/5.0.2 MicroMessenger/7.0.1 NetType/WIFI Language/zh Lang/zh ColorScheme/Dark wwmver/3.26.502.634"
39.144.221.143 - - [11/Dec/2025:11:29:44 +0800] "GET /wp-content/uploads/2025/07/1753410289-News2000%C3%97400_202571.webp HTTP/1.1" 200 17830 "http://cqqizhou.com/2339/" "Mozilla/5.0 (Linux; Android 10; LYA-AL00 Build/HUAWEILYA-AL00; wv) AppleWebKit/537.36 (KHTML, like Gecko) Version/4.0 Chrome/138.0.7204.180 Mobile Safari/537.36 XWEB/1380275 MMWEBSDK/20250202 MMWEBID/3920 wxwork/5.0.2 MicroMessenger/7.0.1 NetType/WIFI Language/zh Lang/zh ColorScheme/Dark wwmver/3.26.502.634"
39.144.221.143 - - [11/Dec/2025:11:29:45 +0800] "GET /wp-content/uploads/2025/07/1751425283-qizhou.kf_.qq_.com_.webp HTTP/1.1" 200 16864 "http://cqqizhou.com/2339/" "Mozilla/5.0 (Linux; Android 10; LYA-AL00 Build/HUAWEILYA-AL00; wv) AppleWebKit/537.36 (KHTML, like Gecko) Version/4.0 Chrome/138.0.7204.180 Mobile Safari/537.36 XWEB/1380275 MMWEBSDK/20250202 MMWEBID/3920 wxwork/5.0.2 MicroMessenger/7.0.1 NetType/WIFI Language/zh Lang/zh ColorScheme/Dark wwmver/3.26.502.634"
39.144.221.143 - - [11/Dec/2025:11:29:45 +0800] "GET /wp-content/uploads/2025/12/1765249046-20251209104228_110_60.webp HTTP/1.1" 200 64834 "http://cqqizhou.com/2339/" "Mozilla/5.0 (Linux; Android 10; LYA-AL00 Build/HUAWEILYA-AL00; wv) AppleWebKit/537.36 (KHTML, like Gecko) Version/4.0 Chrome/138.0.7204.180 Mobile Safari/537.36 XWEB/1380275 MMWEBSDK/20250202 MMWEBID/3920 wxwork/5.0.2 MicroMessenger/7.0.1 NetType/WIFI Language/zh Lang/zh ColorScheme/Dark wwmver/3.26.502.634"
39.144.221.143 - - [11/Dec/2025:11:29:45 +0800] "GET /wp-content/uploads/2025/08/1755826456-DSC01841.webp HTTP/1.1" 200 87046 "http://cqqizhou.com/2339/" "Mozilla/5.0 (Linux; Android 10; LYA-AL00 Build/HUAWEILYA-AL00; wv) AppleWebKit/537.36 (KHTML, like Gecko) Version/4.0 Chrome/138.0.7204.180 Mobile Safari/537.36 XWEB/1380275 MMWEBSDK/20250202 MMWEBID/3920 wxwork/5.0.2 MicroMessenger/7.0.1 NetType/WIFI Language/zh Lang/zh ColorScheme/Dark wwmver/3.26.502.634"
36.133.115.36 - - [11/Dec/2025:11:31:25 +0800] "POST /wp-cron.php?doing_wp_cron=1765423885.1560850143432617187500 HTTP/1.1" 200 31 "-" "WordPress/6.8.3; http://cqqizhou.com"
14.108.232.115 - - [11/Dec/2025:11:31:25 +0800] "GET /2339/ HTTP/1.1" 200 20623 "-" "Mozilla/5.0 (iPhone; CPU iPhone OS 17_7 like Mac OS X) AppleWebKit/605.1.15 (KHTML, like Gecko) Mobile/15E148 MicroMessenger/8.0.66(0x1800422a) NetType/WIFI Language/zh_CN"
14.108.232.115 - - [11/Dec/2025:11:31:25 +0800] "GET /wp-content/uploads/2025/12/1765253089-20251209103501_96_61.webp HTTP/1.1" 304 0 "http://cqqizhou.com/2339/" "Mozilla/5.0 (iPhone; CPU iPhone OS 17_7 like Mac OS X) AppleWebKit/605.1.15 (KHTML, like Gecko) Mobile/15E148 MicroMessenger/8.0.66(0x1800422a) NetType/WIFI Language/zh_CN"
14.108.232.115 - - [11/Dec/2025:11:31:25 +0800] "GET /wp-content/uploads/2025/12/1765248735-20251209104226_108_60.webp HTTP/1.1" 304 0 "http://cqqizhou.com/2339/" "Mozilla/5.0 (iPhone; CPU iPhone OS 17_7 like Mac OS X) AppleWebKit/605.1.15 (KHTML, like Gecko) Mobile/15E148 MicroMessenger/8.0.66(0x1800422a) NetType/WIFI Language/zh_CN"
14.108.232.115 - - [11/Dec/2025:11:31:25 +0800] "GET /wp-content/uploads/2025/12/1765248770-20251209104226_107_60.webp HTTP/1.1" 304 0 "http://cqqizhou.com/2339/" "Mozilla/5.0 (iPhone; CPU iPhone OS 17_7 like Mac OS X) AppleWebKit/605.1.15 (KHTML, like Gecko) Mobile/15E148 MicroMessenger/8.0.66(0x1800422a) NetType/WIFI Language/zh_CN"
39.144.224.31 - - [11/Dec/2025:11:31:43 +0800] "GET /2339/ HTTP/1.1" 499 0 "-" "Mozilla/5.0 (Linux; Android 12; GLA-AL00 Build/HUAWEIGLA-AL00; wv) AppleWebKit/537.36 (KHTML, like Gecko) Version/4.0 Chrome/142.0.7444.172 Mobile Safari/537.36 XWEB/1420045 MMWEBSDK/20251006 MMWEBID/7016 MicroMessenger/8.0.66.2980(0x28004234) WeChat/arm64 Weixin NetType/4G Language/zh_CN ABI/arm64"
36.133.115.36 - - [11/Dec/2025:11:33:29 +0800] "POST /wp-cron.php?doing_wp_cron=1765424009.7391610145568847656250 HTTP/1.1" 200 31 "-" "WordPress/6.8.3; http://cqqizhou.com"
14.108.232.115 - - [11/Dec/2025:11:33:29 +0800] "GET /2339/ HTTP/1.1" 200 20622 "-" "Mozilla/5.0 (iPhone; CPU iPhone OS 17_7 like Mac OS X) AppleWebKit/605.1.15 (KHTML, like Gecko) Mobile/15E148 MicroMessenger/8.0.66(0x1800422a) NetType/WIFI Language/zh_CN"
14.108.232.115 - - [11/Dec/2025:11:33:40 +0800] "GET /wp-content/uploads/2025/12/1765249046-20251209104228_110_60.webp HTTP/1.1" 200 64834 "http://cqqizhou.com/2339/" "Mozilla/5.0 (iPhone; CPU iPhone OS 17_7 like Mac OS X) AppleWebKit/605.1.15 (KHTML, like Gecko) Mobile/15E148 MicroMessenger/8.0.66(0x1800422a) NetType/WIFI Language/zh_CN"
36.133.115.36 - - [11/Dec/2025:11:34:25 +0800] "POST /wp-cron.php?doing_wp_cron=1765424065.2324481010437011718750 HTTP/1.1" 200 31 "-" "WordPress/6.8.3; http://cqqizhou.com"
14.108.232.115 - - [11/Dec/2025:11:34:25 +0800] "GET /2339/ HTTP/1.1" 200 20622 "-" "Mozilla/5.0 (Linux; Android 15; PKM110 Build/UKQ1.231108.001; wv) AppleWebKit/537.36 (KHTML, like Gecko) Version/4.0 Chrome/142.0.7444.173 Mobile Safari/537.36 XWEB/1420087 MMWEBSDK/20250904 MMWEBID/354 MicroMessenger/8.0.65.2960(0x28004156) WeChat/arm64 Weixin NetType/WIFI Language/zh_CN ABI/arm64"
14.108.232.115 - - [11/Dec/2025:11:34:25 +0800] "GET /wp-content/uploads/2025/12/1765253089-20251209103501_96_61.webp HTTP/1.1" 304 0 "http://cqqizhou.com/2339/" "Mozilla/5.0 (Linux; Android 15; PKM110 Build/UKQ1.231108.001; wv) AppleWebKit/537.36 (KHTML, like Gecko) Version/4.0 Chrome/142.0.7444.173 Mobile Safari/537.36 XWEB/1420087 MMWEBSDK/20250904 MMWEBID/354 MicroMessenger/8.0.65.2960(0x28004156) WeChat/arm64 Weixin NetType/WIFI Language/zh_CN ABI/arm64"
14.108.232.115 - - [11/Dec/2025:11:34:25 +0800] "GET /wp-content/uploads/2025/12/1765248735-20251209104226_108_60.webp HTTP/1.1" 304 0 "http://cqqizhou.com/2339/" "Mozilla/5.0 (Linux; Android 15; PKM110 Build/UKQ1.231108.001; wv) AppleWebKit/537.36 (KHTML, like Gecko) Version/4.0 Chrome/142.0.7444.173 Mobile Safari/537.36 XWEB/1420087 MMWEBSDK/20250904 MMWEBID/354 MicroMessenger/8.0.65.2960(0x28004156) WeChat/arm64 Weixin NetType/WIFI Language/zh_CN ABI/arm64"
14.108.232.115 - - [11/Dec/2025:11:34:25 +0800] "GET /wp-content/uploads/2025/12/1765248770-20251209104226_107_60.webp HTTP/1.1" 304 0 "http://cqqizhou.com/2339/" "Mozilla/5.0 (Linux; Android 15; PKM110 Build/UKQ1.231108.001; wv) AppleWebKit/537.36 (KHTML, like Gecko) Version/4.0 Chrome/142.0.7444.173 Mobile Safari/537.36 XWEB/1420087 MMWEBSDK/20250904 MMWEBID/354 MicroMessenger/8.0.65.2960(0x28004156) WeChat/arm64 Weixin NetType/WIFI Language/zh_CN ABI/arm64"
14.108.232.115 - - [11/Dec/2025:11:34:25 +0800] "GET /wp-content/uploads/2025/12/1765249046-20251209104228_110_60.webp HTTP/1.1" 304 0 "http://cqqizhou.com/2339/" "Mozilla/5.0 (Linux; Android 15; PKM110 Build/UKQ1.231108.001; wv) AppleWebKit/537.36 (KHTML, like Gecko) Version/4.0 Chrome/142.0.7444.173 Mobile Safari/537.36 XWEB/1420087 MMWEBSDK/20250904 MMWEBID/354 MicroMessenger/8.0.65.2960(0x28004156) WeChat/arm64 Weixin NetType/WIFI Language/zh_CN ABI/arm64"
36.133.115.36 - - [11/Dec/2025:11:35:37 +0800] "POST /wp-cron.php?doing_wp_cron=1765424137.0833160877227783203125 HTTP/1.1" 200 31 "-" "WordPress/6.8.3; http://cqqizhou.com"
14.108.232.115 - - [11/Dec/2025:11:35:37 +0800] "GET /2339/ HTTP/1.1" 200 20624 "-" "Mozilla/5.0 (iPhone; CPU iPhone OS 17_7 like Mac OS X) AppleWebKit/605.1.15 (KHTML, like Gecko) Mobile/15E148 MicroMessenger/8.0.66(0x1800422a) NetType/WIFI Language/zh_CN"
14.108.232.115 - - [11/Dec/2025:11:35:40 +0800] "GET /2339/ HTTP/1.1" 200 20622 "-" "Mozilla/5.0 (iPhone; CPU iPhone OS 17_7 like Mac OS X) AppleWebKit/605.1.15 (KHTML, like Gecko) Mobile/15E148 MicroMessenger/8.0.66(0x1800422a) NetType/WIFI Language/zh_CN"
36.133.115.36 - - [11/Dec/2025:11:35:49 +0800] "POST /wp-cron.php?doing_wp_cron=1765424149.9559190273284912109375 HTTP/1.1" 200 31 "-" "WordPress/6.8.3; http://cqqizhou.com"
14.108.232.115 - - [11/Dec/2025:11:35:50 +0800] "GET /2339/ HTTP/1.1" 200 20622 "-" "Mozilla/5.0 (iPhone; CPU iPhone OS 17_7 like Mac OS X) AppleWebKit/605.1.15 (KHTML, like Gecko) Mobile/15E148 MicroMessenger/8.0.66(0x1800422a) NetType/WIFI Language/zh_CN"
36.133.115.36 - - [11/Dec/2025:11:37:22 +0800] "POST /wp-cron.php?doing_wp_cron=1765424242.6601080894470214843750 HTTP/1.1" 200 31 "-" "WordPress/6.8.3; http://cqqizhou.com"
14.108.232.115 - - [11/Dec/2025:11:37:22 +0800] "GET /2339/ HTTP/1.1" 200 20621 "-" "Mozilla/5.0 (iPhone; CPU iPhone OS 17_7 like Mac OS X) AppleWebKit/605.1.15 (KHTML, like Gecko) Mobile/15E148 MicroMessenger/8.0.66(0x1800422a) NetType/WIFI Language/zh_CN"
36.133.115.36 - - [11/Dec/2025:11:38:51 +0800] "POST /wp-cron.php?doing_wp_cron=1765424331.7614109516143798828125 HTTP/1.1" 200 31 "-" "WordPress/6.8.3; http://cqqizhou.com"
14.108.232.115 - - [11/Dec/2025:11:38:51 +0800] "GET /2339/ HTTP/1.1" 200 20622 "-" "Mozilla/5.0 (Macintosh; Intel Mac OS X 10_11_1) AppleWebKit/601.2.4 (KHTML, like Gecko) Version/9.0.1 Safari/601.2.4 facebookexternalhit/1.1 Facebot Twitterbot/1.0"
54.223.164.2 - - [11/Dec/2025:11:38:59 +0800] "GET /2339 HTTP/1.1" 301 5 "-" "Mozilla/5.0 (Macintosh; Intel Mac OS X 10_15_7) AppleWebKit/537.36 (KHTML, like Gecko) Chrome/117.0.0.0 Safari/537.36"
101.126.60.130 - - [11/Dec/2025:11:39:00 +0800] "GET /2339/ HTTP/1.1" 200 21005 "-" "Mozilla/5.0 (Macintosh; Intel Mac OS X 10_15_7) AppleWebKit/537.36 (KHTML, like Gecko) Chrome/117.0.0.0 Safari/537.36"
54.223.164.2 - - [11/Dec/2025:11:39:00 +0800] "GET /wp-content/uploads/2025/12/1765248735-20251209104226_108_60-768x576.webp HTTP/1.1" 200 53052 "http://cqqizhou.com/2339/" "Mozilla/5.0 (Macintosh; Intel Mac OS X 10_15_7) AppleWebKit/537.36 (KHTML, like Gecko) Chrome/117.0.0.0 Safari/537.36"
54.223.164.2 - - [11/Dec/2025:11:39:00 +0800] "GET /wp-content/uploads/2025/12/1765253089-20251209103501_96_61-768x576.webp HTTP/1.1" 200 37612 "http://cqqizhou.com/2339/" "Mozilla/5.0 (Macintosh; Intel Mac OS X 10_15_7) AppleWebKit/537.36 (KHTML, like Gecko) Chrome/117.0.0.0 Safari/537.36"
101.126.60.71 - - [11/Dec/2025:11:39:00 +0800] "GET /wp-content/uploads/2025/12/1765248770-20251209104226_107_60-768x576.webp HTTP/1.1" 200 67802 "http://cqqizhou.com/2339/" "Mozilla/5.0 (Macintosh; Intel Mac OS X 10_15_7) AppleWebKit/537.36 (KHTML, like Gecko) Chrome/117.0.0.0 Safari/537.36"
101.126.60.130 - - [11/Dec/2025:11:39:00 +0800] "GET /wp-content/uploads/2025/09/1756868614-20250903104654_74_5-150x150.webp HTTP/1.1" 200 5712 "http://cqqizhou.com/2339/" "Mozilla/5.0 (Macintosh; Intel Mac OS X 10_15_7) AppleWebKit/537.36 (KHTML, like Gecko) Chrome/117.0.0.0 Safari/537.36"
101.126.60.130 - - [11/Dec/2025:11:39:00 +0800] "GET /wp-content/uploads/2025/09/1756868614-20250903104654_74_5-768x346.webp HTTP/1.1" 200 43274 "http://cqqizhou.com/2339/" "Mozilla/5.0 (Macintosh; Intel Mac OS X 10_15_7) AppleWebKit/537.36 (KHTML, like Gecko) Chrome/117.0.0.0 Safari/537.36"
54.223.164.2 - - [11/Dec/2025:11:39:00 +0800] "GET /wp-content/uploads/2025/07/1753410289-News2000%C3%97400_202571.webp HTTP/1.1" 200 17830 "http://cqqizhou.com/2339/" "Mozilla/5.0 (Macintosh; Intel Mac OS X 10_15_7) AppleWebKit/537.36 (KHTML, like Gecko) Chrome/117.0.0.0 Safari/537.36"
101.126.59.169 - - [11/Dec/2025:11:39:00 +0800] "GET /wp-content/uploads/2025/07/1751425283-qizhou.kf_.qq_.com_.webp HTTP/1.1" 200 16864 "http://cqqizhou.com/2339/" "Mozilla/5.0 (Macintosh; Intel Mac OS X 10_15_7) AppleWebKit/537.36 (KHTML, like Gecko) Chrome/117.0.0.0 Safari/537.36"
101.126.59.251 - - [11/Dec/2025:11:39:00 +0800] "GET /wp-content/uploads/2025/12/1765249046-20251209104228_110_60-768x576.webp HTTP/1.1" 200 62052 "http://cqqizhou.com/2339/" "Mozilla/5.0 (Macintosh; Intel Mac OS X 10_15_7) AppleWebKit/537.36 (KHTML, like Gecko) Chrome/117.0.0.0 Safari/537.36"
101.126.60.71 - - [11/Dec/2025:11:39:00 +0800] "GET /wp-content/uploads/2025/08/1755826456-DSC01841-768x432.webp HTTP/1.1" 200 82118 "http://cqqizhou.com/2339/" "Mozilla/5.0 (Macintosh; Intel Mac OS X 10_15_7) AppleWebKit/537.36 (KHTML, like Gecko) Chrome/117.0.0.0 Safari/537.36"
101.126.60.71 - - [11/Dec/2025:11:39:02 +0800] "GET /wp-content/uploads/2025/12/1765253089-20251209103501_96_61.webp HTTP/1.1" 200 37758 "-" "Go-http-client/1.1"
101.126.59.179 - - [11/Dec/2025:11:39:02 +0800] "GET /wp-content/uploads/2025/12/1765248770-20251209104226_107_60.webp HTTP/1.1" 200 66916 "-" "Go-http-client/1.1"
