117.173.96.19 - - [11/Dec/2025:12:28:45 +0800] "GET /2052/ HTTP/1.1" 200 21805 "http://cqqizhou.com/business/" "Mozilla/5.0 (Linux; Android 15; 2407FRK8EC Build/AP3A.240617.008; wv) AppleWebKit/537.36 (KHTML, like Gecko) Version/4.0 Chrome/142.0.7444.172 Mobile Safari/537.36 XWEB/1420045 MMWEBSDK/20250904 MMWEBID/4776 MicroMessenger/8.0.65.2960(0x28004137) WeChat/arm64 Weixin NetType/WIFI Language/zh_CN ABI/arm64"
117.173.96.19 - - [11/Dec/2025:12:28:45 +0800] "GET /wp-content/uploads/2025/07/1753454089-Article_images_W900px-150x150.webp HTTP/1.1" 200 5292 "http://cqqizhou.com/2052/" "Mozilla/5.0 (Linux; Android 15; 2407FRK8EC Build/AP3A.240617.008; wv) AppleWebKit/537.36 (KHTML, like Gecko) Version/4.0 Chrome/142.0.7444.172 Mobile Safari/537.36 XWEB/1420045 MMWEBSDK/20250904 MMWEBID/4776 MicroMessenger/8.0.65.2960(0x28004137) WeChat/arm64 Weixin NetType/WIFI Language/zh_CN ABI/arm64"
36.133.115.36 - - [11/Dec/2025:12:28:49 +0800] "POST /wp-cron.php?doing_wp_cron=1765427329.2190380096435546875000 HTTP/1.1" 200 31 "-" "WordPress/6.8.3; http://cqqizhou.com"
204.76.203.212 - - [11/Dec/2025:12:28:49 +0800] "GET / HTTP/1.1" 200 33674 "-" "Mozilla/5.0 (Windows NT 10.0; Win64; x64) AppleWebKit/537.36 (KHTML, like Gecko) Chrome/90.0.4430.85 Safari/537.36 Edg/90.0.818.46"
117.173.96.19 - - [11/Dec/2025:12:29:00 +0800] "GET /services/ HTTP/1.1" 200 25812 "http://cqqizhou.com/2052/" "Mozilla/5.0 (Linux; Android 15; 2407FRK8EC Build/AP3A.240617.008; wv) AppleWebKit/537.36 (KHTML, like Gecko) Version/4.0 Chrome/142.0.7444.172 Mobile Safari/537.36 XWEB/1420045 MMWEBSDK/20250904 MMWEBID/4776 MicroMessenger/8.0.65.2960(0x28004137) WeChat/arm64 Weixin NetType/WIFI Language/zh_CN ABI/arm64"
117.173.96.19 - - [11/Dec/2025:12:29:00 +0800] "GET /wp-content/uploads/2025/07/1751829518-Precision-processing-services800x500.webp HTTP/1.1" 200 28964 "http://cqqizhou.com/services/" "Mozilla/5.0 (Linux; Android 15; 2407FRK8EC Build/AP3A.240617.008; wv) AppleWebKit/537.36 (KHTML, like Gecko) Version/4.0 Chrome/142.0.7444.172 Mobile Safari/537.36 XWEB/1420045 MMWEBSDK/20250904 MMWEBID/4776 MicroMessenger/8.0.65.2960(0x28004137) WeChat/arm64 Weixin NetType/WIFI Language/zh_CN ABI/arm64"
117.173.96.19 - - [11/Dec/2025:12:29:00 +0800] "GET /wp-content/uploads/2025/12/1764853157-ISO3-731x1024.webp HTTP/1.1" 200 105856 "http://cqqizhou.com/services/" "Mozilla/5.0 (Linux; Android 15; 2407FRK8EC Build/AP3A.240617.008; wv) AppleWebKit/537.36 (KHTML, like Gecko) Version/4.0 Chrome/142.0.7444.172 Mobile Safari/537.36 XWEB/1420045 MMWEBSDK/20250904 MMWEBID/4776 MicroMessenger/8.0.65.2960(0x28004137) WeChat/arm64 Weixin NetType/WIFI Language/zh_CN ABI/arm64"
117.173.96.19 - - [11/Dec/2025:12:29:00 +0800] "GET /wp-content/uploads/2025/12/1764853155-ISO2-731x1024.webp HTTP/1.1" 200 91446 "http://cqqizhou.com/services/" "Mozilla/5.0 (Linux; Android 15; 2407FRK8EC Build/AP3A.240617.008; wv) AppleWebKit/537.36 (KHTML, like Gecko) Version/4.0 Chrome/142.0.7444.172 Mobile Safari/537.36 XWEB/1420045 MMWEBSDK/20250904 MMWEBID/4776 MicroMessenger/8.0.65.2960(0x28004137) WeChat/arm64 Weixin NetType/WIFI Language/zh_CN ABI/arm64"
117.173.96.19 - - [11/Dec/2025:12:29:07 +0800] "GET /wp-content/uploads/2025/07/1751829454-Smart-warehousing800x500.webp HTTP/1.1" 200 79504 "http://cqqizhou.com/services/" "Mozilla/5.0 (Linux; Android 15; 2407FRK8EC Build/AP3A.240617.008; wv) AppleWebKit/537.36 (KHTML, like Gecko) Version/4.0 Chrome/142.0.7444.172 Mobile Safari/537.36 XWEB/1420045 MMWEBSDK/20250904 MMWEBID/4776 MicroMessenger/8.0.65.2960(0x28004137) WeChat/arm64 Weixin NetType/WIFI Language/zh_CN ABI/arm64"
117.173.96.19 - - [11/Dec/2025:12:29:07 +0800] "GET /wp-content/uploads/2025/12/1764853152-ISO1-731x1024.webp HTTP/1.1" 200 111032 "http://cqqizhou.com/services/" "Mozilla/5.0 (Linux; Android 15; 2407FRK8EC Build/AP3A.240617.008; wv) AppleWebKit/537.36 (KHTML, like Gecko) Version/4.0 Chrome/142.0.7444.172 Mobile Safari/537.36 XWEB/1420045 MMWEBSDK/20250904 MMWEBID/4776 MicroMessenger/8.0.65.2960(0x28004137) WeChat/arm64 Weixin NetType/WIFI Language/zh_CN ABI/arm64"
117.173.96.19 - - [11/Dec/2025:12:29:13 +0800] "GET /wp-content/uploads/2025/07/1753405252-Services_Banner2000%C3%97400px2.webp HTTP/1.1" 200 23730 "http://cqqizhou.com/wp-content/uploads/elementor/css/post-1659.css?ver=1765281909" "Mozilla/5.0 (Linux; Android 15; 2407FRK8EC Build/AP3A.240617.008; wv) AppleWebKit/537.36 (KHTML, like Gecko) Version/4.0 Chrome/142.0.7444.172 Mobile Safari/537.36 XWEB/1420045 MMWEBSDK/20250904 MMWEBID/4776 MicroMessenger/8.0.65.2960(0x28004137) WeChat/arm64 Weixin NetType/WIFI Language/zh_CN ABI/arm64"
193.142.147.209 - - [11/Dec/2025:12:29:23 +0800] "GET /cgi-bin/luci/;stok=/locale HTTP/1.1" 301 5 "-" "-"
193.142.147.209 - - [11/Dec/2025:12:29:25 +0800] "GET /cgi-bin/luci/;stok=/locale HTTP/1.1" 404 31364 "http://36.133.115.36:80/cgi-bin/luci/;stok=/locale" "-"
36.133.115.36 - - [11/Dec/2025:12:30:49 +0800] "POST /wp-cron.php?doing_wp_cron=1765427449.6368310451507568359375 HTTP/1.1" 200 31 "-" "WordPress/6.8.3; http://cqqizhou.com"
39.144.248.212 - - [11/Dec/2025:12:30:49 +0800] "GET /2215/ HTTP/1.1" 200 20130 "http://cqqizhou.com/2339/" "Mozilla/5.0 (Linux; Android 14; PJS110 Build/TP1A.220905.001; wv) AppleWebKit/537.36 (KHTML, like Gecko) Version/4.0 Chrome/142.0.7444.172 Mobile Safari/537.36 XWEB/1420045 MMWEBSDK/20250804 MMWEBID/3683 MicroMessenger/8.0.63.2920(0x28003FA6) WeChat/arm64 Weixin NetType/5G Language/zh_CN ABI/arm64"
39.144.248.212 - - [11/Dec/2025:12:30:50 +0800] "GET /wp-content/uploads/2025/08/1755826390-DSC01765-150x150.webp HTTP/1.1" 200 6586 "http://cqqizhou.com/2215/" "Mozilla/5.0 (Linux; Android 14; PJS110 Build/TP1A.220905.001; wv) AppleWebKit/537.36 (KHTML, like Gecko) Version/4.0 Chrome/142.0.7444.172 Mobile Safari/537.36 XWEB/1420045 MMWEBSDK/20250804 MMWEBID/3683 MicroMessenger/8.0.63.2920(0x28003FA6) WeChat/arm64 Weixin NetType/5G Language/zh_CN ABI/arm64"
36.133.115.36 - - [11/Dec/2025:12:31:50 +0800] "POST /wp-cron.php?doing_wp_cron=1765427510.4090878963470458984375 HTTP/1.1" 200 31 "-" "WordPress/6.8.3; http://cqqizhou.com"
123.147.246.26 - - [11/Dec/2025:12:31:50 +0800] "GET /2339/ HTTP/1.1" 200 20622 "-" "Mozilla/5.0 (iPhone; CPU iPhone OS 17_6_1 like Mac OS X) AppleWebKit/605.1.15 (KHTML, like Gecko) Mobile/15E148 MicroMessenger/8.0.66(0x1800422a) NetType/4G Language/zh_CN"
123.147.246.26 - - [11/Dec/2025:12:31:51 +0800] "GET /wp-content/uploads/2025/12/1765253089-20251209103501_96_61.webp HTTP/1.1" 200 37758 "http://cqqizhou.com/2339/" "Mozilla/5.0 (iPhone; CPU iPhone OS 17_6_1 like Mac OS X) AppleWebKit/605.1.15 (KHTML, like Gecko) Mobile/15E148 MicroMessenger/8.0.66(0x1800422a) NetType/4G Language/zh_CN"
123.147.246.26 - - [11/Dec/2025:12:31:51 +0800] "GET /wp-content/uploads/2025/07/1753410289-News2000%C3%97400_202571.webp HTTP/1.1" 200 17830 "http://cqqizhou.com/2339/" "Mozilla/5.0 (iPhone; CPU iPhone OS 17_6_1 like Mac OS X) AppleWebKit/605.1.15 (KHTML, like Gecko) Mobile/15E148 MicroMessenger/8.0.66(0x1800422a) NetType/4G Language/zh_CN"
123.147.246.26 - - [11/Dec/2025:12:31:51 +0800] "GET /wp-content/uploads/2025/12/1765248735-20251209104226_108_60.webp HTTP/1.1" 200 55962 "http://cqqizhou.com/2339/" "Mozilla/5.0 (iPhone; CPU iPhone OS 17_6_1 like Mac OS X) AppleWebKit/605.1.15 (KHTML, like Gecko) Mobile/15E148 MicroMessenger/8.0.66(0x1800422a) NetType/4G Language/zh_CN"
123.147.246.26 - - [11/Dec/2025:12:31:51 +0800] "GET /wp-content/uploads/2025/12/1765248770-20251209104226_107_60.webp HTTP/1.1" 200 66916 "http://cqqizhou.com/2339/" "Mozilla/5.0 (iPhone; CPU iPhone OS 17_6_1 like Mac OS X) AppleWebKit/605.1.15 (KHTML, like Gecko) Mobile/15E148 MicroMessenger/8.0.66(0x1800422a) NetType/4G Language/zh_CN"
123.147.246.26 - - [11/Dec/2025:12:31:51 +0800] "GET /wp-content/uploads/2025/09/1756868614-20250903104654_74_5-150x150.webp HTTP/1.1" 200 5712 "http://cqqizhou.com/2339/" "Mozilla/5.0 (iPhone; CPU iPhone OS 17_6_1 like Mac OS X) AppleWebKit/605.1.15 (KHTML, like Gecko) Mobile/15E148 MicroMessenger/8.0.66(0x1800422a) NetType/4G Language/zh_CN"
123.147.246.26 - - [11/Dec/2025:12:31:51 +0800] "GET /wp-content/uploads/2025/09/1756868614-20250903104654_74_5.webp HTTP/1.1" 200 47858 "http://cqqizhou.com/2339/" "Mozilla/5.0 (iPhone; CPU iPhone OS 17_6_1 like Mac OS X) AppleWebKit/605.1.15 (KHTML, like Gecko) Mobile/15E148 MicroMessenger/8.0.66(0x1800422a) NetType/4G Language/zh_CN"
123.147.246.26 - - [11/Dec/2025:12:31:51 +0800] "GET /wp-content/uploads/2025/08/1755826456-DSC01841.webp HTTP/1.1" 200 87046 "http://cqqizhou.com/2339/" "Mozilla/5.0 (iPhone; CPU iPhone OS 17_6_1 like Mac OS X) AppleWebKit/605.1.15 (KHTML, like Gecko) Mobile/15E148 MicroMessenger/8.0.66(0x1800422a) NetType/4G Language/zh_CN"
123.147.246.26 - - [11/Dec/2025:12:31:51 +0800] "GET /wp-content/uploads/2025/07/1751425283-qizhou.kf_.qq_.com_.webp HTTP/1.1" 200 16864 "http://cqqizhou.com/2339/" "Mozilla/5.0 (iPhone; CPU iPhone OS 17_6_1 like Mac OS X) AppleWebKit/605.1.15 (KHTML, like Gecko) Mobile/15E148 MicroMessenger/8.0.66(0x1800422a) NetType/4G Language/zh_CN"
123.147.246.26 - - [11/Dec/2025:12:31:56 +0800] "GET /wp-content/uploads/2025/12/1765249046-20251209104228_110_60.webp HTTP/1.1" 200 64834 "http://cqqizhou.com/2339/" "Mozilla/5.0 (iPhone; CPU iPhone OS 17_6_1 like Mac OS X) AppleWebKit/605.1.15 (KHTML, like Gecko) Mobile/15E148 MicroMessenger/8.0.66(0x1800422a) NetType/4G Language/zh_CN"
36.133.115.36 - - [11/Dec/2025:12:33:11 +0800] "POST /wp-cron.php?doing_wp_cron=1765427591.5815660953521728515625 HTTP/1.1" 200 31 "-" "WordPress/6.8.3; http://cqqizhou.com"
223.85.151.18 - - [11/Dec/2025:12:33:11 +0800] "GET /2339/ HTTP/1.1" 200 20623 "-" "Mozilla/5.0 (iPhone; CPU iPhone OS 15_2_1 like Mac OS X) AppleWebKit/605.1.15 (KHTML, like Gecko) Mobile/15E148 MicroMessenger/8.0.66(0x1800422a) NetType/WIFI Language/zh_CN"
223.85.151.18 - - [11/Dec/2025:12:33:12 +0800] "GET /wp-content/uploads/2025/07/1753410289-News2000%C3%97400_202571.webp HTTP/1.1" 200 17830 "http://cqqizhou.com/2339/" "Mozilla/5.0 (iPhone; CPU iPhone OS 15_2_1 like Mac OS X) AppleWebKit/605.1.15 (KHTML, like Gecko) Mobile/15E148 MicroMessenger/8.0.66(0x1800422a) NetType/WIFI Language/zh_CN"
223.85.151.18 - - [11/Dec/2025:12:33:12 +0800] "GET /wp-content/uploads/2025/12/1765253089-20251209103501_96_61.webp HTTP/1.1" 200 37758 "http://cqqizhou.com/2339/" "Mozilla/5.0 (iPhone; CPU iPhone OS 15_2_1 like Mac OS X) AppleWebKit/605.1.15 (KHTML, like Gecko) Mobile/15E148 MicroMessenger/8.0.66(0x1800422a) NetType/WIFI Language/zh_CN"
223.85.151.18 - - [11/Dec/2025:12:33:12 +0800] "GET /wp-content/uploads/2025/12/1765248735-20251209104226_108_60.webp HTTP/1.1" 200 55962 "http://cqqizhou.com/2339/" "Mozilla/5.0 (iPhone; CPU iPhone OS 15_2_1 like Mac OS X) AppleWebKit/605.1.15 (KHTML, like Gecko) Mobile/15E148 MicroMessenger/8.0.66(0x1800422a) NetType/WIFI Language/zh_CN"
223.85.151.18 - - [11/Dec/2025:12:33:12 +0800] "GET /wp-content/uploads/2025/12/1765248770-20251209104226_107_60.webp HTTP/1.1" 200 66916 "http://cqqizhou.com/2339/" "Mozilla/5.0 (iPhone; CPU iPhone OS 15_2_1 like Mac OS X) AppleWebKit/605.1.15 (KHTML, like Gecko) Mobile/15E148 MicroMessenger/8.0.66(0x1800422a) NetType/WIFI Language/zh_CN"
223.85.151.18 - - [11/Dec/2025:12:33:12 +0800] "GET /wp-content/uploads/2025/12/1765249046-20251209104228_110_60.webp HTTP/1.1" 200 64834 "http://cqqizhou.com/2339/" "Mozilla/5.0 (iPhone; CPU iPhone OS 15_2_1 like Mac OS X) AppleWebKit/605.1.15 (KHTML, like Gecko) Mobile/15E148 MicroMessenger/8.0.66(0x1800422a) NetType/WIFI Language/zh_CN"
223.85.151.18 - - [11/Dec/2025:12:33:12 +0800] "GET /wp-content/uploads/2025/09/1756868614-20250903104654_74_5-150x150.webp HTTP/1.1" 200 5712 "http://cqqizhou.com/2339/" "Mozilla/5.0 (iPhone; CPU iPhone OS 15_2_1 like Mac OS X) AppleWebKit/605.1.15 (KHTML, like Gecko) Mobile/15E148 MicroMessenger/8.0.66(0x1800422a) NetType/WIFI Language/zh_CN"
223.85.151.18 - - [11/Dec/2025:12:33:12 +0800] "GET /wp-content/uploads/2025/09/1756868614-20250903104654_74_5.webp HTTP/1.1" 200 47858 "http://cqqizhou.com/2339/" "Mozilla/5.0 (iPhone; CPU iPhone OS 15_2_1 like Mac OS X) AppleWebKit/605.1.15 (KHTML, like Gecko) Mobile/15E148 MicroMessenger/8.0.66(0x1800422a) NetType/WIFI Language/zh_CN"
223.85.151.18 - - [11/Dec/2025:12:33:12 +0800] "GET /wp-content/uploads/2025/08/1755826456-DSC01841.webp HTTP/1.1" 200 87046 "http://cqqizhou.com/2339/" "Mozilla/5.0 (iPhone; CPU iPhone OS 15_2_1 like Mac OS X) AppleWebKit/605.1.15 (KHTML, like Gecko) Mobile/15E148 MicroMessenger/8.0.66(0x1800422a) NetType/WIFI Language/zh_CN"
223.85.151.18 - - [11/Dec/2025:12:33:12 +0800] "GET /wp-content/uploads/2025/07/1751425283-qizhou.kf_.qq_.com_.webp HTTP/1.1" 200 16864 "http://cqqizhou.com/2339/" "Mozilla/5.0 (iPhone; CPU iPhone OS 15_2_1 like Mac OS X) AppleWebKit/605.1.15 (KHTML, like Gecko) Mobile/15E148 MicroMessenger/8.0.66(0x1800422a) NetType/WIFI Language/zh_CN"
223.85.151.18 - - [11/Dec/2025:12:33:34 +0800] "GET /2231/ HTTP/1.1" 200 19663 "http://cqqizhou.com/2339/" "Mozilla/5.0 (iPhone; CPU iPhone OS 15_2_1 like Mac OS X) AppleWebKit/605.1.15 (KHTML, like Gecko) Mobile/15E148 MicroMessenger/8.0.66(0x1800422a) NetType/WIFI Language/zh_CN"
223.85.151.18 - - [11/Dec/2025:12:33:34 +0800] "GET /wp-content/uploads/2025/08/1755826456-DSC01841-150x150.webp HTTP/1.1" 200 9850 "http://cqqizhou.com/2231/" "Mozilla/5.0 (iPhone; CPU iPhone OS 15_2_1 like Mac OS X) AppleWebKit/605.1.15 (KHTML, like Gecko) Mobile/15E148 MicroMessenger/8.0.66(0x1800422a) NetType/WIFI Language/zh_CN"
223.85.151.18 - - [11/Dec/2025:12:33:34 +0800] "GET /wp-content/uploads/2025/09/1756868585-20250903104658_78_5.webp HTTP/1.1" 200 39636 "http://cqqizhou.com/2231/" "Mozilla/5.0 (iPhone; CPU iPhone OS 15_2_1 like Mac OS X) AppleWebKit/605.1.15 (KHTML, like Gecko) Mobile/15E148 MicroMessenger/8.0.66(0x1800422a) NetType/WIFI Language/zh_CN"
223.85.151.18 - - [11/Dec/2025:12:33:34 +0800] "GET /wp-content/uploads/2025/12/1765253089-20251209103501_96_61-150x150.webp HTTP/1.1" 200 5198 "http://cqqizhou.com/2231/" "Mozilla/5.0 (iPhone; CPU iPhone OS 15_2_1 like Mac OS X) AppleWebKit/605.1.15 (KHTML, like Gecko) Mobile/15E148 MicroMessenger/8.0.66(0x1800422a) NetType/WIFI Language/zh_CN"
223.85.151.18 - - [11/Dec/2025:12:33:42 +0800] "GET /2215/ HTTP/1.1" 200 20130 "http://cqqizhou.com/2231/" "Mozilla/5.0 (iPhone; CPU iPhone OS 15_2_1 like Mac OS X) AppleWebKit/605.1.15 (KHTML, like Gecko) Mobile/15E148 MicroMessenger/8.0.66(0x1800422a) NetType/WIFI Language/zh_CN"
223.85.151.18 - - [11/Dec/2025:12:33:42 +0800] "GET /wp-content/uploads/2025/08/1755826390-DSC01765-150x150.webp HTTP/1.1" 200 6586 "http://cqqizhou.com/2215/" "Mozilla/5.0 (iPhone; CPU iPhone OS 15_2_1 like Mac OS X) AppleWebKit/605.1.15 (KHTML, like Gecko) Mobile/15E148 MicroMessenger/8.0.66(0x1800422a) NetType/WIFI Language/zh_CN"
36.133.115.36 - - [11/Dec/2025:12:34:23 +0800] "POST /wp-cron.php?doing_wp_cron=1765427663.5104529857635498046875 HTTP/1.1" 200 31 "-" "WordPress/6.8.3; http://cqqizhou.com"
175.5.155.128 - - [11/Dec/2025:12:34:23 +0800] "GET /2339/ HTTP/1.1" 200 20622 "-" "Mozilla/5.0 (iPhone; CPU iPhone OS 17_5_1 like Mac OS X) AppleWebKit/605.1.15 (KHTML, like Gecko) Mobile/15E148 MicroMessenger/8.0.66(0x1800422a) NetType/WIFI Language/zh_CN"
175.5.155.128 - - [11/Dec/2025:12:34:24 +0800] "GET /wp-content/uploads/2025/12/1765253089-20251209103501_96_61.webp HTTP/1.1" 200 37758 "http://cqqizhou.com/2339/" "Mozilla/5.0 (iPhone; CPU iPhone OS 17_5_1 like Mac OS X) AppleWebKit/605.1.15 (KHTML, like Gecko) Mobile/15E148 MicroMessenger/8.0.66(0x1800422a) NetType/WIFI Language/zh_CN"
175.5.155.128 - - [11/Dec/2025:12:34:24 +0800] "GET /wp-content/uploads/2025/07/1753410289-News2000%C3%97400_202571.webp HTTP/1.1" 200 17830 "http://cqqizhou.com/2339/" "Mozilla/5.0 (iPhone; CPU iPhone OS 17_5_1 like Mac OS X) AppleWebKit/605.1.15 (KHTML, like Gecko) Mobile/15E148 MicroMessenger/8.0.66(0x1800422a) NetType/WIFI Language/zh_CN"
175.5.155.128 - - [11/Dec/2025:12:34:24 +0800] "GET /wp-content/uploads/2025/12/1765248735-20251209104226_108_60.webp HTTP/1.1" 200 55962 "http://cqqizhou.com/2339/" "Mozilla/5.0 (iPhone; CPU iPhone OS 17_5_1 like Mac OS X) AppleWebKit/605.1.15 (KHTML, like Gecko) Mobile/15E148 MicroMessenger/8.0.66(0x1800422a) NetType/WIFI Language/zh_CN"
175.5.155.128 - - [11/Dec/2025:12:34:24 +0800] "GET /wp-content/uploads/2025/12/1765248770-20251209104226_107_60.webp HTTP/1.1" 200 66916 "http://cqqizhou.com/2339/" "Mozilla/5.0 (iPhone; CPU iPhone OS 17_5_1 like Mac OS X) AppleWebKit/605.1.15 (KHTML, like Gecko) Mobile/15E148 MicroMessenger/8.0.66(0x1800422a) NetType/WIFI Language/zh_CN"
175.5.155.128 - - [11/Dec/2025:12:34:24 +0800] "GET /wp-content/uploads/2025/09/1756868614-20250903104654_74_5-150x150.webp HTTP/1.1" 200 5712 "http://cqqizhou.com/2339/" "Mozilla/5.0 (iPhone; CPU iPhone OS 17_5_1 like Mac OS X) AppleWebKit/605.1.15 (KHTML, like Gecko) Mobile/15E148 MicroMessenger/8.0.66(0x1800422a) NetType/WIFI Language/zh_CN"
175.5.155.128 - - [11/Dec/2025:12:34:24 +0800] "GET /wp-content/uploads/2025/09/1756868614-20250903104654_74_5.webp HTTP/1.1" 200 47858 "http://cqqizhou.com/2339/" "Mozilla/5.0 (iPhone; CPU iPhone OS 17_5_1 like Mac OS X) AppleWebKit/605.1.15 (KHTML, like Gecko) Mobile/15E148 MicroMessenger/8.0.66(0x1800422a) NetType/WIFI Language/zh_CN"
175.5.155.128 - - [11/Dec/2025:12:34:24 +0800] "GET /wp-content/uploads/2025/08/1755826456-DSC01841.webp HTTP/1.1" 200 87046 "http://cqqizhou.com/2339/" "Mozilla/5.0 (iPhone; CPU iPhone OS 17_5_1 like Mac OS X) AppleWebKit/605.1.15 (KHTML, like Gecko) Mobile/15E148 MicroMessenger/8.0.66(0x1800422a) NetType/WIFI Language/zh_CN"
175.5.155.128 - - [11/Dec/2025:12:34:24 +0800] "GET /wp-content/uploads/2025/07/1751425283-qizhou.kf_.qq_.com_.webp HTTP/1.1" 200 16864 "http://cqqizhou.com/2339/" "Mozilla/5.0 (iPhone; CPU iPhone OS 17_5_1 like Mac OS X) AppleWebKit/605.1.15 (KHTML, like Gecko) Mobile/15E148 MicroMessenger/8.0.66(0x1800422a) NetType/WIFI Language/zh_CN"
175.5.155.128 - - [11/Dec/2025:12:34:27 +0800] "GET /wp-content/uploads/2025/12/1765249046-20251209104228_110_60.webp HTTP/1.1" 200 64834 "http://cqqizhou.com/2339/" "Mozilla/5.0 (iPhone; CPU iPhone OS 17_5_1 like Mac OS X) AppleWebKit/605.1.15 (KHTML, like Gecko) Mobile/15E148 MicroMessenger/8.0.66(0x1800422a) NetType/WIFI Language/zh_CN"
36.133.115.36 - - [11/Dec/2025:12:35:08 +0800] "POST /wp-cron.php?doing_wp_cron=1765427707.9577519893646240234375 HTTP/1.1" 200 31 "-" "WordPress/6.8.3; http://cqqizhou.com"
223.160.192.180 - - [11/Dec/2025:12:35:08 +0800] "GET /2339/ HTTP/1.1" 200 20623 "-" "Mozilla/5.0 (Linux; Android 10; SEA-AL10 Build/HUAWEISEA-AL10; wv) AppleWebKit/537.36 (KHTML, like Gecko) Version/4.0 Chrome/142.0.7444.172 Mobile Safari/537.36 XWEB/1420045 MMWEBSDK/20251006 MMWEBID/3282 MicroMessenger/8.0.66.2980(0x28004236) WeChat/arm64 Weixin NetType/4G Language/zh_CN ABI/arm64"
223.160.192.180 - - [11/Dec/2025:12:35:08 +0800] "GET /wp-content/uploads/2025/12/1765248735-20251209104226_108_60.webp HTTP/1.1" 200 55962 "http://cqqizhou.com/2339/" "Mozilla/5.0 (Linux; Android 10; SEA-AL10 Build/HUAWEISEA-AL10; wv) AppleWebKit/537.36 (KHTML, like Gecko) Version/4.0 Chrome/142.0.7444.172 Mobile Safari/537.36 XWEB/1420045 MMWEBSDK/20251006 MMWEBID/3282 MicroMessenger/8.0.66.2980(0x28004236) WeChat/arm64 Weixin NetType/4G Language/zh_CN ABI/arm64"
223.160.192.180 - - [11/Dec/2025:12:35:08 +0800] "GET /wp-content/uploads/2025/12/1765253089-20251209103501_96_61.webp HTTP/1.1" 200 37758 "http://cqqizhou.com/2339/" "Mozilla/5.0 (Linux; Android 10; SEA-AL10 Build/HUAWEISEA-AL10; wv) AppleWebKit/537.36 (KHTML, like Gecko) Version/4.0 Chrome/142.0.7444.172 Mobile Safari/537.36 XWEB/1420045 MMWEBSDK/20251006 MMWEBID/3282 MicroMessenger/8.0.66.2980(0x28004236) WeChat/arm64 Weixin NetType/4G Language/zh_CN ABI/arm64"
223.160.192.180 - - [11/Dec/2025:12:35:08 +0800] "GET /wp-content/uploads/2025/12/1765248770-20251209104226_107_60.webp HTTP/1.1" 200 66916 "http://cqqizhou.com/2339/" "Mozilla/5.0 (Linux; Android 10; SEA-AL10 Build/HUAWEISEA-AL10; wv) AppleWebKit/537.36 (KHTML, like Gecko) Version/4.0 Chrome/142.0.7444.172 Mobile Safari/537.36 XWEB/1420045 MMWEBSDK/20251006 MMWEBID/3282 MicroMessenger/8.0.66.2980(0x28004236) WeChat/arm64 Weixin NetType/4G Language/zh_CN ABI/arm64"
223.160.192.180 - - [11/Dec/2025:12:35:08 +0800] "GET /wp-content/uploads/2025/09/1756868614-20250903104654_74_5-150x150.webp HTTP/1.1" 200 5712 "http://cqqizhou.com/2339/" "Mozilla/5.0 (Linux; Android 10; SEA-AL10 Build/HUAWEISEA-AL10; wv) AppleWebKit/537.36 (KHTML, like Gecko) Version/4.0 Chrome/142.0.7444.172 Mobile Safari/537.36 XWEB/1420045 MMWEBSDK/20251006 MMWEBID/3282 MicroMessenger/8.0.66.2980(0x28004236) WeChat/arm64 Weixin NetType/4G Language/zh_CN ABI/arm64"
223.160.192.180 - - [11/Dec/2025:12:35:08 +0800] "GET /wp-content/uploads/2025/09/1756868614-20250903104654_74_5.webp HTTP/1.1" 200 47858 "http://cqqizhou.com/2339/" "Mozilla/5.0 (Linux; Android 10; SEA-AL10 Build/HUAWEISEA-AL10; wv) AppleWebKit/537.36 (KHTML, like Gecko) Version/4.0 Chrome/142.0.7444.172 Mobile Safari/537.36 XWEB/1420045 MMWEBSDK/20251006 MMWEBID/3282 MicroMessenger/8.0.66.2980(0x28004236) WeChat/arm64 Weixin NetType/4G Language/zh_CN ABI/arm64"
223.160.192.180 - - [11/Dec/2025:12:35:08 +0800] "GET /wp-content/uploads/2025/07/1753410289-News2000%C3%97400_202571.webp HTTP/1.1" 200 17830 "http://cqqizhou.com/2339/" "Mozilla/5.0 (Linux; Android 10; SEA-AL10 Build/HUAWEISEA-AL10; wv) AppleWebKit/537.36 (KHTML, like Gecko) Version/4.0 Chrome/142.0.7444.172 Mobile Safari/537.36 XWEB/1420045 MMWEBSDK/20251006 MMWEBID/3282 MicroMessenger/8.0.66.2980(0x28004236) WeChat/arm64 Weixin NetType/4G Language/zh_CN ABI/arm64"
223.160.192.180 - - [11/Dec/2025:12:35:08 +0800] "GET /wp-content/uploads/2025/07/1751425283-qizhou.kf_.qq_.com_.webp HTTP/1.1" 200 16864 "http://cqqizhou.com/2339/" "Mozilla/5.0 (Linux; Android 10; SEA-AL10 Build/HUAWEISEA-AL10; wv) AppleWebKit/537.36 (KHTML, like Gecko) Version/4.0 Chrome/142.0.7444.172 Mobile Safari/537.36 XWEB/1420045 MMWEBSDK/20251006 MMWEBID/3282 MicroMessenger/8.0.66.2980(0x28004236) WeChat/arm64 Weixin NetType/4G Language/zh_CN ABI/arm64"
223.160.192.180 - - [11/Dec/2025:12:35:08 +0800] "GET /wp-content/uploads/2025/08/1755826456-DSC01841.webp HTTP/1.1" 200 87046 "http://cqqizhou.com/2339/" "Mozilla/5.0 (Linux; Android 10; SEA-AL10 Build/HUAWEISEA-AL10; wv) AppleWebKit/537.36 (KHTML, like Gecko) Version/4.0 Chrome/142.0.7444.172 Mobile Safari/537.36 XWEB/1420045 MMWEBSDK/20251006 MMWEBID/3282 MicroMessenger/8.0.66.2980(0x28004236) WeChat/arm64 Weixin NetType/4G Language/zh_CN ABI/arm64"
223.160.192.180 - - [11/Dec/2025:12:35:08 +0800] "GET /wp-content/uploads/2025/12/1765249046-20251209104228_110_60.webp HTTP/1.1" 200 64834 "http://cqqizhou.com/2339/" "Mozilla/5.0 (Linux; Android 10; SEA-AL10 Build/HUAWEISEA-AL10; wv) AppleWebKit/537.36 (KHTML, like Gecko) Version/4.0 Chrome/142.0.7444.172 Mobile Safari/537.36 XWEB/1420045 MMWEBSDK/20251006 MMWEBID/3282 MicroMessenger/8.0.66.2980(0x28004236) WeChat/arm64 Weixin NetType/4G Language/zh_CN ABI/arm64"
36.133.115.36 - - [11/Dec/2025:12:36:04 +0800] "POST /wp-cron.php?doing_wp_cron=1765427763.9896070957183837890625 HTTP/1.1" 200 31 "-" "WordPress/6.8.3; http://cqqizhou.com"
125.83.132.80 - - [11/Dec/2025:12:36:04 +0800] "GET /2339/ HTTP/1.1" 200 20622 "-" "Mozilla/5.0 (Linux; Android 15; ANN-AN00 Build/HONORANN-AN00; wv) AppleWebKit/537.36 (KHTML, like Gecko) Version/4.0 Chrome/142.0.7444.172 Mobile Safari/537.36 XWEB/1420045 MMWEBSDK/20251006 MMWEBID/7383 MicroMessenger/8.0.66.2980(0x28004234) WeChat/arm64 Weixin NetType/WIFI Language/zh_CN ABI/arm64"
125.83.132.80 - - [11/Dec/2025:12:36:04 +0800] "GET /wp-content/uploads/2025/12/1765253089-20251209103501_96_61.webp HTTP/1.1" 200 37758 "http://cqqizhou.com/2339/" "Mozilla/5.0 (Linux; Android 15; ANN-AN00 Build/HONORANN-AN00; wv) AppleWebKit/537.36 (KHTML, like Gecko) Version/4.0 Chrome/142.0.7444.172 Mobile Safari/537.36 XWEB/1420045 MMWEBSDK/20251006 MMWEBID/7383 MicroMessenger/8.0.66.2980(0x28004234) WeChat/arm64 Weixin NetType/WIFI Language/zh_CN ABI/arm64"
125.83.132.80 - - [11/Dec/2025:12:36:04 +0800] "GET /wp-content/uploads/2025/12/1765248735-20251209104226_108_60.webp HTTP/1.1" 200 55962 "http://cqqizhou.com/2339/" "Mozilla/5.0 (Linux; Android 15; ANN-AN00 Build/HONORANN-AN00; wv) AppleWebKit/537.36 (KHTML, like Gecko) Version/4.0 Chrome/142.0.7444.172 Mobile Safari/537.36 XWEB/1420045 MMWEBSDK/20251006 MMWEBID/7383 MicroMessenger/8.0.66.2980(0x28004234) WeChat/arm64 Weixin NetType/WIFI Language/zh_CN ABI/arm64"
125.83.132.80 - - [11/Dec/2025:12:36:04 +0800] "GET /wp-content/uploads/2025/12/1765248770-20251209104226_107_60.webp HTTP/1.1" 200 66916 "http://cqqizhou.com/2339/" "Mozilla/5.0 (Linux; Android 15; ANN-AN00 Build/HONORANN-AN00; wv) AppleWebKit/537.36 (KHTML, like Gecko) Version/4.0 Chrome/142.0.7444.172 Mobile Safari/537.36 XWEB/1420045 MMWEBSDK/20251006 MMWEBID/7383 MicroMessenger/8.0.66.2980(0x28004234) WeChat/arm64 Weixin NetType/WIFI Language/zh_CN ABI/arm64"
125.83.132.80 - - [11/Dec/2025:12:36:04 +0800] "GET /wp-content/uploads/2025/09/1756868614-20250903104654_74_5-150x150.webp HTTP/1.1" 200 5712 "http://cqqizhou.com/2339/" "Mozilla/5.0 (Linux; Android 15; ANN-AN00 Build/HONORANN-AN00; wv) AppleWebKit/537.36 (KHTML, like Gecko) Version/4.0 Chrome/142.0.7444.172 Mobile Safari/537.36 XWEB/1420045 MMWEBSDK/20251006 MMWEBID/7383 MicroMessenger/8.0.66.2980(0x28004234) WeChat/arm64 Weixin NetType/WIFI Language/zh_CN ABI/arm64"
125.83.132.80 - - [11/Dec/2025:12:36:04 +0800] "GET /wp-content/uploads/2025/09/1756868614-20250903104654_74_5.webp HTTP/1.1" 200 47858 "http://cqqizhou.com/2339/" "Mozilla/5.0 (Linux; Android 15; ANN-AN00 Build/HONORANN-AN00; wv) AppleWebKit/537.36 (KHTML, like Gecko) Version/4.0 Chrome/142.0.7444.172 Mobile Safari/537.36 XWEB/1420045 MMWEBSDK/20251006 MMWEBID/7383 MicroMessenger/8.0.66.2980(0x28004234) WeChat/arm64 Weixin NetType/WIFI Language/zh_CN ABI/arm64"
125.83.132.80 - - [11/Dec/2025:12:36:04 +0800] "GET /wp-content/uploads/2025/07/1753410289-News2000%C3%97400_202571.webp HTTP/1.1" 200 17830 "http://cqqizhou.com/2339/" "Mozilla/5.0 (Linux; Android 15; ANN-AN00 Build/HONORANN-AN00; wv) AppleWebKit/537.36 (KHTML, like Gecko) Version/4.0 Chrome/142.0.7444.172 Mobile Safari/537.36 XWEB/1420045 MMWEBSDK/20251006 MMWEBID/7383 MicroMessenger/8.0.66.2980(0x28004234) WeChat/arm64 Weixin NetType/WIFI Language/zh_CN ABI/arm64"
125.83.132.80 - - [11/Dec/2025:12:36:04 +0800] "GET /wp-content/uploads/2025/08/1755826456-DSC01841.webp HTTP/1.1" 200 87046 "http://cqqizhou.com/2339/" "Mozilla/5.0 (Linux; Android 15; ANN-AN00 Build/HONORANN-AN00; wv) AppleWebKit/537.36 (KHTML, like Gecko) Version/4.0 Chrome/142.0.7444.172 Mobile Safari/537.36 XWEB/1420045 MMWEBSDK/20251006 MMWEBID/7383 MicroMessenger/8.0.66.2980(0x28004234) WeChat/arm64 Weixin NetType/WIFI Language/zh_CN ABI/arm64"
125.83.132.80 - - [11/Dec/2025:12:36:04 +0800] "GET /wp-content/uploads/2025/07/1751425283-qizhou.kf_.qq_.com_.webp HTTP/1.1" 200 16864 "http://cqqizhou.com/2339/" "Mozilla/5.0 (Linux; Android 15; ANN-AN00 Build/HONORANN-AN00; wv) AppleWebKit/537.36 (KHTML, like Gecko) Version/4.0 Chrome/142.0.7444.172 Mobile Safari/537.36 XWEB/1420045 MMWEBSDK/20251006 MMWEBID/7383 MicroMessenger/8.0.66.2980(0x28004234) WeChat/arm64 Weixin NetType/WIFI Language/zh_CN ABI/arm64"
125.83.132.80 - - [11/Dec/2025:12:36:04 +0800] "GET /wp-content/uploads/2025/12/1765249046-20251209104228_110_60.webp HTTP/1.1" 200 64834 "http://cqqizhou.com/2339/" "Mozilla/5.0 (Linux; Android 15; ANN-AN00 Build/HONORANN-AN00; wv) AppleWebKit/537.36 (KHTML, like Gecko) Version/4.0 Chrome/142.0.7444.172 Mobile Safari/537.36 XWEB/1420045 MMWEBSDK/20251006 MMWEBID/7383 MicroMessenger/8.0.66.2980(0x28004234) WeChat/arm64 Weixin NetType/WIFI Language/zh_CN ABI/arm64"
223.160.192.180 - - [11/Dec/2025:12:36:33 +0800] "GET /2339/ HTTP/1.1" 200 20623 "-" "Mozilla/5.0 (Linux; Android 10; SEA-AL10 Build/HUAWEISEA-AL10; wv) AppleWebKit/537.36 (KHTML, like Gecko) Version/4.0 Chrome/142.0.7444.172 Mobile Safari/537.36 XWEB/1420045 MMWEBSDK/20251006 MMWEBID/3282 MicroMessenger/8.0.66.2980(0x28004236) WeChat/arm64 Weixin NetType/4G Language/zh_CN ABI/arm64"
36.133.115.36 - - [11/Dec/2025:12:38:13 +0800] "POST /wp-cron.php?doing_wp_cron=1765427893.3923530578613281250000 HTTP/1.1" 200 31 "-" "WordPress/6.8.3; http://cqqizhou.com"
223.104.250.65 - - [11/Dec/2025:12:38:13 +0800] "GET /2339/ HTTP/1.1" 200 20624 "-" "Mozilla/5.0 (Linux; Android 12; ICL-AL20 Build/HUAWEIICL-AL20; wv) AppleWebKit/537.36 (KHTML, like Gecko) Version/4.0 Chrome/142.0.7444.172 Mobile Safari/537.36 XWEB/1420045 MMWEBSDK/20251006 MMWEBID/7113 MicroMessenger/8.0.66.2980(0x28004234) WeChat/arm64 Weixin NetType/4G Language/zh_CN ABI/arm64"
223.104.250.65 - - [11/Dec/2025:12:38:13 +0800] "GET /wp-content/uploads/2025/12/1765253089-20251209103501_96_61.webp HTTP/1.1" 200 37758 "http://cqqizhou.com/2339/" "Mozilla/5.0 (Linux; Android 12; ICL-AL20 Build/HUAWEIICL-AL20; wv) AppleWebKit/537.36 (KHTML, like Gecko) Version/4.0 Chrome/142.0.7444.172 Mobile Safari/537.36 XWEB/1420045 MMWEBSDK/20251006 MMWEBID/7113 MicroMessenger/8.0.66.2980(0x28004234) WeChat/arm64 Weixin NetType/4G Language/zh_CN ABI/arm64"
223.104.250.65 - - [11/Dec/2025:12:38:13 +0800] "GET /wp-content/uploads/2025/12/1765248770-20251209104226_107_60.webp HTTP/1.1" 200 66916 "http://cqqizhou.com/2339/" "Mozilla/5.0 (Linux; Android 12; ICL-AL20 Build/HUAWEIICL-AL20; wv) AppleWebKit/537.36 (KHTML, like Gecko) Version/4.0 Chrome/142.0.7444.172 Mobile Safari/537.36 XWEB/1420045 MMWEBSDK/20251006 MMWEBID/7113 MicroMessenger/8.0.66.2980(0x28004234) WeChat/arm64 Weixin NetType/4G Language/zh_CN ABI/arm64"
223.104.250.65 - - [11/Dec/2025:12:38:13 +0800] "GET /wp-content/uploads/2025/12/1765248735-20251209104226_108_60.webp HTTP/1.1" 200 55962 "http://cqqizhou.com/2339/" "Mozilla/5.0 (Linux; Android 12; ICL-AL20 Build/HUAWEIICL-AL20; wv) AppleWebKit/537.36 (KHTML, like Gecko) Version/4.0 Chrome/142.0.7444.172 Mobile Safari/537.36 XWEB/1420045 MMWEBSDK/20251006 MMWEBID/7113 MicroMessenger/8.0.66.2980(0x28004234) WeChat/arm64 Weixin NetType/4G Language/zh_CN ABI/arm64"
223.104.250.65 - - [11/Dec/2025:12:38:13 +0800] "GET /wp-content/uploads/2025/09/1756868614-20250903104654_74_5.webp HTTP/1.1" 200 47858 "http://cqqizhou.com/2339/" "Mozilla/5.0 (Linux; Android 12; ICL-AL20 Build/HUAWEIICL-AL20; wv) AppleWebKit/537.36 (KHTML, like Gecko) Version/4.0 Chrome/142.0.7444.172 Mobile Safari/537.36 XWEB/1420045 MMWEBSDK/20251006 MMWEBID/7113 MicroMessenger/8.0.66.2980(0x28004234) WeChat/arm64 Weixin NetType/4G Language/zh_CN ABI/arm64"
223.104.250.65 - - [11/Dec/2025:12:38:13 +0800] "GET /wp-content/uploads/2025/09/1756868614-20250903104654_74_5-150x150.webp HTTP/1.1" 200 5712 "http://cqqizhou.com/2339/" "Mozilla/5.0 (Linux; Android 12; ICL-AL20 Build/HUAWEIICL-AL20; wv) AppleWebKit/537.36 (KHTML, like Gecko) Version/4.0 Chrome/142.0.7444.172 Mobile Safari/537.36 XWEB/1420045 MMWEBSDK/20251006 MMWEBID/7113 MicroMessenger/8.0.66.2980(0x28004234) WeChat/arm64 Weixin NetType/4G Language/zh_CN ABI/arm64"
223.104.250.65 - - [11/Dec/2025:12:38:13 +0800] "GET /wp-content/uploads/2025/07/1753410289-News2000%C3%97400_202571.webp HTTP/1.1" 200 17830 "http://cqqizhou.com/2339/" "Mozilla/5.0 (Linux; Android 12; ICL-AL20 Build/HUAWEIICL-AL20; wv) AppleWebKit/537.36 (KHTML, like Gecko) Version/4.0 Chrome/142.0.7444.172 Mobile Safari/537.36 XWEB/1420045 MMWEBSDK/20251006 MMWEBID/7113 MicroMessenger/8.0.66.2980(0x28004234) WeChat/arm64 Weixin NetType/4G Language/zh_CN ABI/arm64"
223.104.250.65 - - [11/Dec/2025:12:38:14 +0800] "GET /wp-content/uploads/2025/08/1755826456-DSC01841.webp HTTP/1.1" 200 87046 "http://cqqizhou.com/2339/" "Mozilla/5.0 (Linux; Android 12; ICL-AL20 Build/HUAWEIICL-AL20; wv) AppleWebKit/537.36 (KHTML, like Gecko) Version/4.0 Chrome/142.0.7444.172 Mobile Safari/537.36 XWEB/1420045 MMWEBSDK/20251006 MMWEBID/7113 MicroMessenger/8.0.66.2980(0x28004234) WeChat/arm64 Weixin NetType/4G Language/zh_CN ABI/arm64"
223.104.250.65 - - [11/Dec/2025:12:38:14 +0800] "GET /wp-content/uploads/2025/12/1765249046-20251209104228_110_60.webp HTTP/1.1" 200 64834 "http://cqqizhou.com/2339/" "Mozilla/5.0 (Linux; Android 12; ICL-AL20 Build/HUAWEIICL-AL20; wv) AppleWebKit/537.36 (KHTML, like Gecko) Version/4.0 Chrome/142.0.7444.172 Mobile Safari/537.36 XWEB/1420045 MMWEBSDK/20251006 MMWEBID/7113 MicroMessenger/8.0.66.2980(0x28004234) WeChat/arm64 Weixin NetType/4G Language/zh_CN ABI/arm64"
223.104.250.65 - - [11/Dec/2025:12:38:14 +0800] "GET /wp-content/uploads/2025/07/1751425283-qizhou.kf_.qq_.com_.webp HTTP/1.1" 200 16864 "http://cqqizhou.com/2339/" "Mozilla/5.0 (Linux; Android 12; ICL-AL20 Build/HUAWEIICL-AL20; wv) AppleWebKit/537.36 (KHTML, like Gecko) Version/4.0 Chrome/142.0.7444.172 Mobile Safari/537.36 XWEB/1420045 MMWEBSDK/20251006 MMWEBID/7113 MicroMessenger/8.0.66.2980(0x28004234) WeChat/arm64 Weixin NetType/4G Language/zh_CN ABI/arm64"
39.144.225.60 - - [11/Dec/2025:12:41:36 +0800] "GET /2339/ HTTP/1.1" 499 0 "-" "Mozilla/5.0 (Linux; Android 15; 23127PN0CC Build/AQ3A.240627.003; wv) AppleWebKit/537.36 (KHTML, like Gecko) Version/4.0 Chrome/142.0.7444.173 Mobile Safari/537.36 XWEB/1420087 MMWEBSDK/20251006 MMWEBID/443 MicroMessenger/8.0.66.2980(0x28004234) WeChat/arm64 Weixin NetType/5G Language/zh_CN ABI/arm64"
36.133.115.36 - - [11/Dec/2025:12:41:36 +0800] "POST /wp-cron.php?doing_wp_cron=1765428096.6379740238189697265625 HTTP/1.1" 200 31 "-" "WordPress/6.8.3; http://cqqizhou.com"
199.45.154.112 - - [11/Dec/2025:12:41:38 +0800] "GET / HTTP/1.1" 301 5 "-" "Mozilla/5.0 (compatible; CensysInspect/1.1; +https://about.censys.io/)"
199.45.154.112 - - [11/Dec/2025:12:41:42 +0800] "GET /.well-known/security.txt HTTP/1.1" 404 8980 "-" "Mozilla/5.0 (compatible; CensysInspect/1.1; +https://about.censys.io/)"
39.144.225.60 - - [11/Dec/2025:12:41:44 +0800] "GET /2339/ HTTP/1.1" 200 20622 "-" "Mozilla/5.0 (Linux; Android 15; 23127PN0CC Build/AQ3A.240627.003; wv) AppleWebKit/537.36 (KHTML, like Gecko) Version/4.0 Chrome/142.0.7444.173 Mobile Safari/537.36 XWEB/1420087 MMWEBSDK/20251006 MMWEBID/443 MicroMessenger/8.0.66.2980(0x28004234) WeChat/arm64 Weixin NetType/5G Language/zh_CN ABI/arm64"
36.133.115.36 - - [11/Dec/2025:12:42:24 +0800] "POST /wp-cron.php?doing_wp_cron=1765428144.4419770240783691406250 HTTP/1.1" 200 31 "-" "WordPress/6.8.3; http://cqqizhou.com"
39.144.225.60 - - [11/Dec/2025:12:42:24 +0800] "GET /2339/ HTTP/1.1" 200 20622 "-" "Mozilla/5.0 (Linux; Android 15; 23127PN0CC Build/AQ3A.240627.003; wv) AppleWebKit/537.36 (KHTML, like Gecko) Version/4.0 Chrome/142.0.7444.173 Mobile Safari/537.36 XWEB/1420087 MMWEBSDK/20251006 MMWEBID/443 MicroMessenger/8.0.66.2980(0x28004234) WeChat/arm64 Weixin NetType/5G Language/zh_CN ABI/arm64"
36.133.115.36 - - [11/Dec/2025:12:43:32 +0800] "POST /wp-cron.php?doing_wp_cron=1765428212.7934989929199218750000 HTTP/1.1" 200 31 "-" "WordPress/6.8.3; http://cqqizhou.com"
111.9.200.25 - - [11/Dec/2025:12:43:33 +0800] "GET /2339/ HTTP/1.1" 200 20622 "-" "Mozilla/5.0 (Linux; Android 14; V2241A Build/UP1A.231005.007; wv) AppleWebKit/537.36 (KHTML, like Gecko) Version/4.0 Chrome/142.0.7444.172 Mobile Safari/537.36 XWEB/1420045 MMWEBSDK/20251006 MMWEBID/7289 MicroMessenger/8.0.66.2980(0x28004234) WeChat/arm64 Weixin NetType/WIFI Language/zh_CN ABI/arm64"
111.9.200.25 - - [11/Dec/2025:12:43:33 +0800] "GET /wp-content/uploads/2025/12/1765248735-20251209104226_108_60.webp HTTP/1.1" 200 55962 "http://cqqizhou.com/2339/" "Mozilla/5.0 (Linux; Android 14; V2241A Build/UP1A.231005.007; wv) AppleWebKit/537.36 (KHTML, like Gecko) Version/4.0 Chrome/142.0.7444.172 Mobile Safari/537.36 XWEB/1420045 MMWEBSDK/20251006 MMWEBID/7289 MicroMessenger/8.0.66.2980(0x28004234) WeChat/arm64 Weixin NetType/WIFI Language/zh_CN ABI/arm64"
111.9.200.25 - - [11/Dec/2025:12:43:33 +0800] "GET /wp-content/uploads/2025/12/1765253089-20251209103501_96_61.webp HTTP/1.1" 200 37758 "http://cqqizhou.com/2339/" "Mozilla/5.0 (Linux; Android 14; V2241A Build/UP1A.231005.007; wv) AppleWebKit/537.36 (KHTML, like Gecko) Version/4.0 Chrome/142.0.7444.172 Mobile Safari/537.36 XWEB/1420045 MMWEBSDK/20251006 MMWEBID/7289 MicroMessenger/8.0.66.2980(0x28004234) WeChat/arm64 Weixin NetType/WIFI Language/zh_CN ABI/arm64"
111.9.200.25 - - [11/Dec/2025:12:43:33 +0800] "GET /wp-content/uploads/2025/12/1765248770-20251209104226_107_60.webp HTTP/1.1" 200 66916 "http://cqqizhou.com/2339/" "Mozilla/5.0 (Linux; Android 14; V2241A Build/UP1A.231005.007; wv) AppleWebKit/537.36 (KHTML, like Gecko) Version/4.0 Chrome/142.0.7444.172 Mobile Safari/537.36 XWEB/1420045 MMWEBSDK/20251006 MMWEBID/7289 MicroMessenger/8.0.66.2980(0x28004234) WeChat/arm64 Weixin NetType/WIFI Language/zh_CN ABI/arm64"
111.9.200.25 - - [11/Dec/2025:12:43:33 +0800] "GET /wp-content/uploads/2025/09/1756868614-20250903104654_74_5-150x150.webp HTTP/1.1" 200 5712 "http://cqqizhou.com/2339/" "Mozilla/5.0 (Linux; Android 14; V2241A Build/UP1A.231005.007; wv) AppleWebKit/537.36 (KHTML, like Gecko) Version/4.0 Chrome/142.0.7444.172 Mobile Safari/537.36 XWEB/1420045 MMWEBSDK/20251006 MMWEBID/7289 MicroMessenger/8.0.66.2980(0x28004234) WeChat/arm64 Weixin NetType/WIFI Language/zh_CN ABI/arm64"
111.9.200.25 - - [11/Dec/2025:12:43:33 +0800] "GET /wp-content/uploads/2025/09/1756868614-20250903104654_74_5.webp HTTP/1.1" 200 47858 "http://cqqizhou.com/2339/" "Mozilla/5.0 (Linux; Android 14; V2241A Build/UP1A.231005.007; wv) AppleWebKit/537.36 (KHTML, like Gecko) Version/4.0 Chrome/142.0.7444.172 Mobile Safari/537.36 XWEB/1420045 MMWEBSDK/20251006 MMWEBID/7289 MicroMessenger/8.0.66.2980(0x28004234) WeChat/arm64 Weixin NetType/WIFI Language/zh_CN ABI/arm64"
111.9.200.25 - - [11/Dec/2025:12:43:33 +0800] "GET /wp-content/uploads/2025/07/1753410289-News2000%C3%97400_202571.webp HTTP/1.1" 200 17830 "http://cqqizhou.com/2339/" "Mozilla/5.0 (Linux; Android 14; V2241A Build/UP1A.231005.007; wv) AppleWebKit/537.36 (KHTML, like Gecko) Version/4.0 Chrome/142.0.7444.172 Mobile Safari/537.36 XWEB/1420045 MMWEBSDK/20251006 MMWEBID/7289 MicroMessenger/8.0.66.2980(0x28004234) WeChat/arm64 Weixin NetType/WIFI Language/zh_CN ABI/arm64"
111.9.200.25 - - [11/Dec/2025:12:43:33 +0800] "GET /wp-content/uploads/2025/08/1755826456-DSC01841.webp HTTP/1.1" 200 87046 "http://cqqizhou.com/2339/" "Mozilla/5.0 (Linux; Android 14; V2241A Build/UP1A.231005.007; wv) AppleWebKit/537.36 (KHTML, like Gecko) Version/4.0 Chrome/142.0.7444.172 Mobile Safari/537.36 XWEB/1420045 MMWEBSDK/20251006 MMWEBID/7289 MicroMessenger/8.0.66.2980(0x28004234) WeChat/arm64 Weixin NetType/WIFI Language/zh_CN ABI/arm64"
111.9.200.25 - - [11/Dec/2025:12:43:33 +0800] "GET /wp-content/uploads/2025/07/1751425283-qizhou.kf_.qq_.com_.webp HTTP/1.1" 200 16864 "http://cqqizhou.com/2339/" "Mozilla/5.0 (Linux; Android 14; V2241A Build/UP1A.231005.007; wv) AppleWebKit/537.36 (KHTML, like Gecko) Version/4.0 Chrome/142.0.7444.172 Mobile Safari/537.36 XWEB/1420045 MMWEBSDK/20251006 MMWEBID/7289 MicroMessenger/8.0.66.2980(0x28004234) WeChat/arm64 Weixin NetType/WIFI Language/zh_CN ABI/arm64"
111.9.200.25 - - [11/Dec/2025:12:43:33 +0800] "GET /wp-content/uploads/2025/12/1765249046-20251209104228_110_60.webp HTTP/1.1" 200 64834 "http://cqqizhou.com/2339/" "Mozilla/5.0 (Linux; Android 14; V2241A Build/UP1A.231005.007; wv) AppleWebKit/537.36 (KHTML, like Gecko) Version/4.0 Chrome/142.0.7444.172 Mobile Safari/537.36 XWEB/1420045 MMWEBSDK/20251006 MMWEBID/7289 MicroMessenger/8.0.66.2980(0x28004234) WeChat/arm64 Weixin NetType/WIFI Language/zh_CN ABI/arm64"
36.133.115.36 - - [11/Dec/2025:12:44:05 +0800] "POST /wp-cron.php?doing_wp_cron=1765428245.2483930587768554687500 HTTP/1.1" 200 31 "-" "WordPress/6.8.3; http://cqqizhou.com"
39.144.225.60 - - [11/Dec/2025:12:44:05 +0800] "GET /2339/ HTTP/1.1" 200 20622 "-" "Mozilla/5.0 (Linux; Android 15; 23127PN0CC Build/AQ3A.240627.003; wv) AppleWebKit/537.36 (KHTML, like Gecko) Version/4.0 Chrome/131.0.6778.260 Mobile Safari/537.36 MMWEBID/443 MicroMessenger/8.0.66.2980(0x28004234) WeChat/arm64 Weixin NetType/5G Language/zh_CN ABI/arm64"
39.144.225.60 - - [11/Dec/2025:12:44:05 +0800] "GET /wp-content/uploads/2025/12/1765253089-20251209103501_96_61.webp HTTP/1.1" 200 37758 "http://cqqizhou.com/2339/" "Mozilla/5.0 (Linux; Android 15; 23127PN0CC Build/AQ3A.240627.003; wv) AppleWebKit/537.36 (KHTML, like Gecko) Version/4.0 Chrome/131.0.6778.260 Mobile Safari/537.36 MMWEBID/443 MicroMessenger/8.0.66.2980(0x28004234) WeChat/arm64 Weixin NetType/5G Language/zh_CN ABI/arm64"
39.144.225.60 - - [11/Dec/2025:12:44:05 +0800] "GET /wp-content/uploads/2025/12/1765248735-20251209104226_108_60.webp HTTP/1.1" 200 55962 "http://cqqizhou.com/2339/" "Mozilla/5.0 (Linux; Android 15; 23127PN0CC Build/AQ3A.240627.003; wv) AppleWebKit/537.36 (KHTML, like Gecko) Version/4.0 Chrome/131.0.6778.260 Mobile Safari/537.36 MMWEBID/443 MicroMessenger/8.0.66.2980(0x28004234) WeChat/arm64 Weixin NetType/5G Language/zh_CN ABI/arm64"
39.144.225.60 - - [11/Dec/2025:12:44:05 +0800] "GET /wp-content/uploads/2025/09/1756868614-20250903104654_74_5-150x150.webp HTTP/1.1" 200 5712 "http://cqqizhou.com/2339/" "Mozilla/5.0 (Linux; Android 15; 23127PN0CC Build/AQ3A.240627.003; wv) AppleWebKit/537.36 (KHTML, like Gecko) Version/4.0 Chrome/131.0.6778.260 Mobile Safari/537.36 MMWEBID/443 MicroMessenger/8.0.66.2980(0x28004234) WeChat/arm64 Weixin NetType/5G Language/zh_CN ABI/arm64"
39.144.225.60 - - [11/Dec/2025:12:44:05 +0800] "GET /wp-content/uploads/2025/12/1765248770-20251209104226_107_60.webp HTTP/1.1" 200 66916 "http://cqqizhou.com/2339/" "Mozilla/5.0 (Linux; Android 15; 23127PN0CC Build/AQ3A.240627.003; wv) AppleWebKit/537.36 (KHTML, like Gecko) Version/4.0 Chrome/131.0.6778.260 Mobile Safari/537.36 MMWEBID/443 MicroMessenger/8.0.66.2980(0x28004234) WeChat/arm64 Weixin NetType/5G Language/zh_CN ABI/arm64"
39.144.225.60 - - [11/Dec/2025:12:44:05 +0800] "GET /wp-content/uploads/2025/07/1753410289-News2000%C3%97400_202571.webp HTTP/1.1" 200 17830 "http://cqqizhou.com/2339/" "Mozilla/5.0 (Linux; Android 15; 23127PN0CC Build/AQ3A.240627.003; wv) AppleWebKit/537.36 (KHTML, like Gecko) Version/4.0 Chrome/131.0.6778.260 Mobile Safari/537.36 MMWEBID/443 MicroMessenger/8.0.66.2980(0x28004234) WeChat/arm64 Weixin NetType/5G Language/zh_CN ABI/arm64"
39.144.225.60 - - [11/Dec/2025:12:44:05 +0800] "GET /wp-content/uploads/2025/09/1756868614-20250903104654_74_5.webp HTTP/1.1" 200 47858 "http://cqqizhou.com/2339/" "Mozilla/5.0 (Linux; Android 15; 23127PN0CC Build/AQ3A.240627.003; wv) AppleWebKit/537.36 (KHTML, like Gecko) Version/4.0 Chrome/131.0.6778.260 Mobile Safari/537.36 MMWEBID/443 MicroMessenger/8.0.66.2980(0x28004234) WeChat/arm64 Weixin NetType/5G Language/zh_CN ABI/arm64"
39.144.225.60 - - [11/Dec/2025:12:44:05 +0800] "GET /wp-content/uploads/2025/08/1755826456-DSC01841.webp HTTP/1.1" 200 87046 "http://cqqizhou.com/2339/" "Mozilla/5.0 (Linux; Android 15; 23127PN0CC Build/AQ3A.240627.003; wv) AppleWebKit/537.36 (KHTML, like Gecko) Version/4.0 Chrome/131.0.6778.260 Mobile Safari/537.36 MMWEBID/443 MicroMessenger/8.0.66.2980(0x28004234) WeChat/arm64 Weixin NetType/5G Language/zh_CN ABI/arm64"
39.144.225.60 - - [11/Dec/2025:12:44:05 +0800] "GET /wp-content/uploads/2025/07/1751425283-qizhou.kf_.qq_.com_.webp HTTP/1.1" 200 16864 "http://cqqizhou.com/2339/" "Mozilla/5.0 (Linux; Android 15; 23127PN0CC Build/AQ3A.240627.003; wv) AppleWebKit/537.36 (KHTML, like Gecko) Version/4.0 Chrome/131.0.6778.260 Mobile Safari/537.36 MMWEBID/443 MicroMessenger/8.0.66.2980(0x28004234) WeChat/arm64 Weixin NetType/5G Language/zh_CN ABI/arm64"
39.144.225.60 - - [11/Dec/2025:12:44:05 +0800] "GET /wp-content/uploads/2025/12/1765249046-20251209104228_110_60.webp HTTP/1.1" 200 64834 "http://cqqizhou.com/2339/" "Mozilla/5.0 (Linux; Android 15; 23127PN0CC Build/AQ3A.240627.003; wv) AppleWebKit/537.36 (KHTML, like Gecko) Version/4.0 Chrome/131.0.6778.260 Mobile Safari/537.36 MMWEBID/443 MicroMessenger/8.0.66.2980(0x28004234) WeChat/arm64 Weixin NetType/5G Language/zh_CN ABI/arm64"
36.133.115.36 - - [11/Dec/2025:12:46:04 +0800] "POST /wp-cron.php?doing_wp_cron=1765428364.3114099502563476562500 HTTP/1.1" 200 31 "-" "WordPress/6.8.3; http://cqqizhou.com"
176.65.148.66 - - [11/Dec/2025:12:46:04 +0800] "HEAD / HTTP/1.1" 200 0 "-" "Mozilla/5.0 (compatible; Let's Encrypt validation server; +https://www.letsencrypt.org  )"
176.65.148.66 - - [11/Dec/2025:12:46:06 +0800] "GET / HTTP/1.1" 200 152290 "-" "Mozilla/5.0 (compatible; Let's Encrypt validation server; +https://www.letsencrypt.org  )"
176.65.148.66 - - [11/Dec/2025:12:46:07 +0800] "HEAD /_next HTTP/1.1" 301 0 "-" "Mozilla/5.0 (compatible; Let's Encrypt validation server; +https://www.letsencrypt.org  )"
176.65.148.66 - - [11/Dec/2025:12:46:09 +0800] "POST / HTTP/1.1" 200 33674 "-" "Mozilla/5.0 (compatible; Let's Encrypt validation server; +https://www.letsencrypt.org  )"
176.65.148.66 - - [11/Dec/2025:12:46:10 +0800] "POST /_next HTTP/1.1" 404 8980 "-" "Mozilla/5.0 (compatible; Let's Encrypt validation server; +https://www.letsencrypt.org  )"
36.133.115.36 - - [11/Dec/2025:12:47:10 +0800] "POST /wp-cron.php?doing_wp_cron=1765428430.8142259120941162109375 HTTP/1.1" 200 31 "-" "WordPress/6.8.3; http://cqqizhou.com"
183.227.200.84 - - [11/Dec/2025:12:47:11 +0800] "GET /2339/ HTTP/1.1" 200 20622 "-" "Mozilla/5.0 (Linux; Android 16; SM-S9370 Build/BP2A.250605.031.A3; wv) AppleWebKit/537.36 (KHTML, like Gecko) Version/4.0 Chrome/142.0.7444.102 Mobile Safari/537.36 MMWEBID/843 MicroMessenger/8.0.66.2980(0x28004234) WeChat/arm64 Weixin NetType/WIFI Language/zh_CN ABI/arm64"
183.227.200.84 - - [11/Dec/2025:12:47:11 +0800] "GET /wp-content/uploads/2025/12/1765248735-20251209104226_108_60.webp HTTP/1.1" 200 55962 "http://cqqizhou.com/2339/" "Mozilla/5.0 (Linux; Android 16; SM-S9370 Build/BP2A.250605.031.A3; wv) AppleWebKit/537.36 (KHTML, like Gecko) Version/4.0 Chrome/142.0.7444.102 Mobile Safari/537.36 MMWEBID/843 MicroMessenger/8.0.66.2980(0x28004234) WeChat/arm64 Weixin NetType/WIFI Language/zh_CN ABI/arm64"
183.227.200.84 - - [11/Dec/2025:12:47:11 +0800] "GET /wp-content/uploads/2025/12/1765253089-20251209103501_96_61.webp HTTP/1.1" 200 37758 "http://cqqizhou.com/2339/" "Mozilla/5.0 (Linux; Android 16; SM-S9370 Build/BP2A.250605.031.A3; wv) AppleWebKit/537.36 (KHTML, like Gecko) Version/4.0 Chrome/142.0.7444.102 Mobile Safari/537.36 MMWEBID/843 MicroMessenger/8.0.66.2980(0x28004234) WeChat/arm64 Weixin NetType/WIFI Language/zh_CN ABI/arm64"
183.227.200.84 - - [11/Dec/2025:12:47:11 +0800] "GET /wp-content/uploads/2025/12/1765248770-20251209104226_107_60.webp HTTP/1.1" 200 66916 "http://cqqizhou.com/2339/" "Mozilla/5.0 (Linux; Android 16; SM-S9370 Build/BP2A.250605.031.A3; wv) AppleWebKit/537.36 (KHTML, like Gecko) Version/4.0 Chrome/142.0.7444.102 Mobile Safari/537.36 MMWEBID/843 MicroMessenger/8.0.66.2980(0x28004234) WeChat/arm64 Weixin NetType/WIFI Language/zh_CN ABI/arm64"
183.227.200.84 - - [11/Dec/2025:12:47:11 +0800] "GET /wp-content/uploads/2025/09/1756868614-20250903104654_74_5-150x150.webp HTTP/1.1" 200 5712 "http://cqqizhou.com/2339/" "Mozilla/5.0 (Linux; Android 16; SM-S9370 Build/BP2A.250605.031.A3; wv) AppleWebKit/537.36 (KHTML, like Gecko) Version/4.0 Chrome/142.0.7444.102 Mobile Safari/537.36 MMWEBID/843 MicroMessenger/8.0.66.2980(0x28004234) WeChat/arm64 Weixin NetType/WIFI Language/zh_CN ABI/arm64"
183.227.200.84 - - [11/Dec/2025:12:47:11 +0800] "GET /wp-content/uploads/2025/09/1756868614-20250903104654_74_5.webp HTTP/1.1" 200 47858 "http://cqqizhou.com/2339/" "Mozilla/5.0 (Linux; Android 16; SM-S9370 Build/BP2A.250605.031.A3; wv) AppleWebKit/537.36 (KHTML, like Gecko) Version/4.0 Chrome/142.0.7444.102 Mobile Safari/537.36 MMWEBID/843 MicroMessenger/8.0.66.2980(0x28004234) WeChat/arm64 Weixin NetType/WIFI Language/zh_CN ABI/arm64"
183.227.200.84 - - [11/Dec/2025:12:47:11 +0800] "GET /wp-content/uploads/2025/08/1755826456-DSC01841.webp HTTP/1.1" 200 87046 "http://cqqizhou.com/2339/" "Mozilla/5.0 (Linux; Android 16; SM-S9370 Build/BP2A.250605.031.A3; wv) AppleWebKit/537.36 (KHTML, like Gecko) Version/4.0 Chrome/142.0.7444.102 Mobile Safari/537.36 MMWEBID/843 MicroMessenger/8.0.66.2980(0x28004234) WeChat/arm64 Weixin NetType/WIFI Language/zh_CN ABI/arm64"
183.227.200.84 - - [11/Dec/2025:12:47:11 +0800] "GET /wp-content/uploads/2025/07/1751425283-qizhou.kf_.qq_.com_.webp HTTP/1.1" 200 16864 "http://cqqizhou.com/2339/" "Mozilla/5.0 (Linux; Android 16; SM-S9370 Build/BP2A.250605.031.A3; wv) AppleWebKit/537.36 (KHTML, like Gecko) Version/4.0 Chrome/142.0.7444.102 Mobile Safari/537.36 MMWEBID/843 MicroMessenger/8.0.66.2980(0x28004234) WeChat/arm64 Weixin NetType/WIFI Language/zh_CN ABI/arm64"
183.227.200.84 - - [11/Dec/2025:12:47:11 +0800] "GET /wp-content/uploads/2025/07/1753410289-News2000%C3%97400_202571.webp HTTP/1.1" 200 17830 "http://cqqizhou.com/2339/" "Mozilla/5.0 (Linux; Android 16; SM-S9370 Build/BP2A.250605.031.A3; wv) AppleWebKit/537.36 (KHTML, like Gecko) Version/4.0 Chrome/142.0.7444.102 Mobile Safari/537.36 MMWEBID/843 MicroMessenger/8.0.66.2980(0x28004234) WeChat/arm64 Weixin NetType/WIFI Language/zh_CN ABI/arm64"
183.227.200.84 - - [11/Dec/2025:12:47:11 +0800] "GET /wp-content/uploads/2025/12/1765249046-20251209104228_110_60.webp HTTP/1.1" 200 64834 "http://cqqizhou.com/2339/" "Mozilla/5.0 (Linux; Android 16; SM-S9370 Build/BP2A.250605.031.A3; wv) AppleWebKit/537.36 (KHTML, like Gecko) Version/4.0 Chrome/142.0.7444.102 Mobile Safari/537.36 MMWEBID/843 MicroMessenger/8.0.66.2980(0x28004234) WeChat/arm64 Weixin NetType/WIFI Language/zh_CN ABI/arm64"
92.63.197.197 - - [11/Dec/2025:12:47:11 +0800] "GET / HTTP/1.1" 301 5 "-" "Mozilla/5.0 (Windows NT 6.1; WOW64) AppleWebKit/537.36 (KHTML, like Gecko) Chrome/44.0.2403.155 Safari/537.36"
