119.84.235.224 - - [11/Dec/2025:18:41:10 +0800] "GET /wp-content/uploads/2025/08/1755826456-DSC01841.webp HTTP/1.1" 200 87046 "http://cqqizhou.com/2339/" "Mozilla/5.0 (iPhone; CPU iPhone OS 18_7 like Mac OS X) AppleWebKit/605.1.15 (KHTML, like Gecko) Mobile/15E148 MicroMessenger/8.0.66(0x1800422a) NetType/WIFI Language/zh_CN"
119.84.235.224 - - [11/Dec/2025:18:41:10 +0800] "GET /wp-content/uploads/2025/07/1751425283-qizhou.kf_.qq_.com_.webp HTTP/1.1" 200 16864 "http://cqqizhou.com/2339/" "Mozilla/5.0 (iPhone; CPU iPhone OS 18_7 like Mac OS X) AppleWebKit/605.1.15 (KHTML, like Gecko) Mobile/15E148 MicroMessenger/8.0.66(0x1800422a) NetType/WIFI Language/zh_CN"
183.134.59.133 - - [11/Dec/2025:18:41:29 +0800] "GET / HTTP/1.1" 200 34102 "-" "Mozilla/5.0 (Macintosh; Intel Mac OS X 10_11) AppleWebKit/601.1.27 (KHTML, like Gecko) Chrome/47.0.2526.106 Safari/601.1.27"
119.84.235.224 - - [11/Dec/2025:18:41:36 +0800] "GET /wp-content/uploads/2025/12/1765249046-20251209104228_110_60.webp HTTP/1.1" 200 64834 "http://cqqizhou.com/2339/" "Mozilla/5.0 (iPhone; CPU iPhone OS 18_7 like Mac OS X) AppleWebKit/605.1.15 (KHTML, like Gecko) Mobile/15E148 MicroMessenger/8.0.66(0x1800422a) NetType/WIFI Language/zh_CN"
36.133.115.36 - - [11/Dec/2025:18:42:41 +0800] "POST /wp-cron.php?doing_wp_cron=1765449761.3979210853576660156250 HTTP/1.1" 200 31 "-" "WordPress/6.8.3; http://cqqizhou.com"
183.228.22.170 - - [11/Dec/2025:18:42:41 +0800] "GET /2339/ HTTP/1.1" 200 20624 "-" "Mozilla/5.0 (Linux; Android 15; PJE110 Build/TP1A.220905.001; wv) AppleWebKit/537.36 (KHTML, like Gecko) Version/4.0 Chrome/142.0.7444.172 Mobile Safari/537.36 XWEB/1420045 MMWEBSDK/20251006 MMWEBID/4003 MicroMessenger/8.0.66.2980(0x28004234) WeChat/arm64 Weixin NetType/WIFI Language/zh_CN ABI/arm64"
183.228.22.170 - - [11/Dec/2025:18:42:41 +0800] "GET /wp-content/uploads/2025/12/1765253089-20251209103501_96_61.webp HTTP/1.1" 304 0 "http://cqqizhou.com/2339/" "Mozilla/5.0 (Linux; Android 15; PJE110 Build/TP1A.220905.001; wv) AppleWebKit/537.36 (KHTML, like Gecko) Version/4.0 Chrome/142.0.7444.172 Mobile Safari/537.36 XWEB/1420045 MMWEBSDK/20251006 MMWEBID/4003 MicroMessenger/8.0.66.2980(0x28004234) WeChat/arm64 Weixin NetType/WIFI Language/zh_CN ABI/arm64"
183.228.22.170 - - [11/Dec/2025:18:42:41 +0800] "GET /wp-content/uploads/2025/12/1765248735-20251209104226_108_60.webp HTTP/1.1" 304 0 "http://cqqizhou.com/2339/" "Mozilla/5.0 (Linux; Android 15; PJE110 Build/TP1A.220905.001; wv) AppleWebKit/537.36 (KHTML, like Gecko) Version/4.0 Chrome/142.0.7444.172 Mobile Safari/537.36 XWEB/1420045 MMWEBSDK/20251006 MMWEBID/4003 MicroMessenger/8.0.66.2980(0x28004234) WeChat/arm64 Weixin NetType/WIFI Language/zh_CN ABI/arm64"
183.228.22.170 - - [11/Dec/2025:18:42:41 +0800] "GET /wp-content/uploads/2025/12/1765248770-20251209104226_107_60.webp HTTP/1.1" 304 0 "http://cqqizhou.com/2339/" "Mozilla/5.0 (Linux; Android 15; PJE110 Build/TP1A.220905.001; wv) AppleWebKit/537.36 (KHTML, like Gecko) Version/4.0 Chrome/142.0.7444.172 Mobile Safari/537.36 XWEB/1420045 MMWEBSDK/20251006 MMWEBID/4003 MicroMessenger/8.0.66.2980(0x28004234) WeChat/arm64 Weixin NetType/WIFI Language/zh_CN ABI/arm64"
183.228.22.170 - - [11/Dec/2025:18:42:41 +0800] "GET /wp-content/uploads/2025/12/1765249046-20251209104228_110_60.webp HTTP/1.1" 304 0 "http://cqqizhou.com/2339/" "Mozilla/5.0 (Linux; Android 15; PJE110 Build/TP1A.220905.001; wv) AppleWebKit/537.36 (KHTML, like Gecko) Version/4.0 Chrome/142.0.7444.172 Mobile Safari/537.36 XWEB/1420045 MMWEBSDK/20251006 MMWEBID/4003 MicroMessenger/8.0.66.2980(0x28004234) WeChat/arm64 Weixin NetType/WIFI Language/zh_CN ABI/arm64"
183.134.59.133 - - [11/Dec/2025:18:42:46 +0800] "GET / HTTP/1.1" 200 33672 "-" "Dalvik/2.1.0 (Linux; U; Android 9.0; ZTE BA520 Build/MRA58K)"
36.133.115.36 - - [11/Dec/2025:18:43:33 +0800] "POST /wp-cron.php?doing_wp_cron=1765449813.6531059741973876953125 HTTP/1.1" 200 31 "-" "WordPress/6.8.3; http://cqqizhou.com"
183.228.22.170 - - [11/Dec/2025:18:43:33 +0800] "GET /2215/ HTTP/1.1" 200 20130 "http://cqqizhou.com/2339/" "Mozilla/5.0 (Linux; Android 15; PJE110 Build/TP1A.220905.001; wv) AppleWebKit/537.36 (KHTML, like Gecko) Version/4.0 Chrome/142.0.7444.172 Mobile Safari/537.36 XWEB/1420045 MMWEBSDK/20251006 MMWEBID/4003 MicroMessenger/8.0.66.2980(0x28004234) WeChat/arm64 Weixin NetType/WIFI Language/zh_CN ABI/arm64"
183.228.22.170 - - [11/Dec/2025:18:43:33 +0800] "GET /wp-content/uploads/2025/08/1755826390-DSC01765-150x150.webp HTTP/1.1" 200 6586 "http://cqqizhou.com/2215/" "Mozilla/5.0 (Linux; Android 15; PJE110 Build/TP1A.220905.001; wv) AppleWebKit/537.36 (KHTML, like Gecko) Version/4.0 Chrome/142.0.7444.172 Mobile Safari/537.36 XWEB/1420045 MMWEBSDK/20251006 MMWEBID/4003 MicroMessenger/8.0.66.2980(0x28004234) WeChat/arm64 Weixin NetType/WIFI Language/zh_CN ABI/arm64"
36.133.115.36 - - [11/Dec/2025:18:47:18 +0800] "POST /wp-cron.php?doing_wp_cron=1765450038.4719910621643066406250 HTTP/1.1" 200 31 "-" "WordPress/6.8.3; http://cqqizhou.com"
74.7.227.179 - - [11/Dec/2025:18:47:18 +0800] "GET /wp-sitemap.xml HTTP/1.1" 501 253 "-" "Mozilla/5.0 AppleWebKit/537.36 (KHTML, like Gecko; compatible; GPTBot/1.3; +https://openai.com/gptbot)"
183.134.59.133 - - [11/Dec/2025:18:53:16 +0800] "GET / HTTP/1.1" 200 34102 "-" "Mozilla/5.0 (X11; U; Linux x86_64; it; rv:1.9.1.15) Gecko/20101027 Fedora/3.5.15-1.fc12 Firefox/3.5.15"
36.133.115.36 - - [11/Dec/2025:18:54:22 +0800] "POST /wp-cron.php?doing_wp_cron=1765450462.9028780460357666015625 HTTP/1.1" 200 31 "-" "WordPress/6.8.3; http://cqqizhou.com"
141.98.11.170 - - [11/Dec/2025:18:54:23 +0800] "GET / HTTP/1.1" 200 33674 "-" "Mozilla/5.0 (Windows NT 10.0; Win64; x64) AppleWebKit/537.36 (KHTML, like Gecko) Chrome/90.0.4430.85 Safari/537.36 Edg/90.0.818.46"
36.133.115.36 - - [11/Dec/2025:18:56:17 +0800] "POST /wp-cron.php?doing_wp_cron=1765450576.9692380428314208984375 HTTP/1.1" 200 31 "-" "WordPress/6.8.3; http://cqqizhou.com"
204.76.203.212 - - [11/Dec/2025:18:56:17 +0800] "GET / HTTP/1.1" 200 33674 "-" "Mozilla/5.0 (Windows NT 10.0; Win64; x64) AppleWebKit/537.36 (KHTML, like Gecko) Chrome/90.0.4430.85 Safari/537.36 Edg/90.0.818.46"
36.133.115.36 - - [11/Dec/2025:19:03:14 +0800] "POST /wp-cron.php?doing_wp_cron=1765450993.9897758960723876953125 HTTP/1.1" 200 31 "-" "WordPress/6.8.3; http://cqqizhou.com"
111.55.151.76 - - [11/Dec/2025:19:03:14 +0800] "GET /2339/ HTTP/1.1" 200 20623 "-" "Mozilla/5.0 (iPhone; CPU iPhone OS 18_5 like Mac OS X) AppleWebKit/605.1.15 (KHTML, like Gecko) Mobile/15E148 MicroMessenger/8.0.66(0x1800422a) NetType/4G Language/zh_CN"
111.55.151.76 - - [11/Dec/2025:19:03:14 +0800] "GET /wp-content/uploads/2025/12/1765253089-20251209103501_96_61.webp HTTP/1.1" 200 37758 "http://cqqizhou.com/2339/" "Mozilla/5.0 (iPhone; CPU iPhone OS 18_5 like Mac OS X) AppleWebKit/605.1.15 (KHTML, like Gecko) Mobile/15E148 MicroMessenger/8.0.66(0x1800422a) NetType/4G Language/zh_CN"
111.55.151.76 - - [11/Dec/2025:19:03:14 +0800] "GET /wp-content/uploads/2025/07/1753410289-News2000%C3%97400_202571.webp HTTP/1.1" 200 17830 "http://cqqizhou.com/2339/" "Mozilla/5.0 (iPhone; CPU iPhone OS 18_5 like Mac OS X) AppleWebKit/605.1.15 (KHTML, like Gecko) Mobile/15E148 MicroMessenger/8.0.66(0x1800422a) NetType/4G Language/zh_CN"
111.55.151.76 - - [11/Dec/2025:19:03:14 +0800] "GET /wp-content/uploads/2025/12/1765248770-20251209104226_107_60.webp HTTP/1.1" 200 66916 "http://cqqizhou.com/2339/" "Mozilla/5.0 (iPhone; CPU iPhone OS 18_5 like Mac OS X) AppleWebKit/605.1.15 (KHTML, like Gecko) Mobile/15E148 MicroMessenger/8.0.66(0x1800422a) NetType/4G Language/zh_CN"
111.55.151.76 - - [11/Dec/2025:19:03:14 +0800] "GET /wp-content/uploads/2025/12/1765248735-20251209104226_108_60.webp HTTP/1.1" 200 55962 "http://cqqizhou.com/2339/" "Mozilla/5.0 (iPhone; CPU iPhone OS 18_5 like Mac OS X) AppleWebKit/605.1.15 (KHTML, like Gecko) Mobile/15E148 MicroMessenger/8.0.66(0x1800422a) NetType/4G Language/zh_CN"
111.55.151.76 - - [11/Dec/2025:19:03:14 +0800] "GET /wp-content/uploads/2025/08/1755826456-DSC01841.webp HTTP/1.1" 200 87046 "http://cqqizhou.com/2339/" "Mozilla/5.0 (iPhone; CPU iPhone OS 18_5 like Mac OS X) AppleWebKit/605.1.15 (KHTML, like Gecko) Mobile/15E148 MicroMessenger/8.0.66(0x1800422a) NetType/4G Language/zh_CN"
111.55.151.76 - - [11/Dec/2025:19:03:14 +0800] "GET /wp-content/uploads/2025/09/1756868614-20250903104654_74_5-150x150.webp HTTP/1.1" 200 5712 "http://cqqizhou.com/2339/" "Mozilla/5.0 (iPhone; CPU iPhone OS 18_5 like Mac OS X) AppleWebKit/605.1.15 (KHTML, like Gecko) Mobile/15E148 MicroMessenger/8.0.66(0x1800422a) NetType/4G Language/zh_CN"
111.55.151.76 - - [11/Dec/2025:19:03:14 +0800] "GET /wp-content/uploads/2025/07/1751425283-qizhou.kf_.qq_.com_.webp HTTP/1.1" 200 16864 "http://cqqizhou.com/2339/" "Mozilla/5.0 (iPhone; CPU iPhone OS 18_5 like Mac OS X) AppleWebKit/605.1.15 (KHTML, like Gecko) Mobile/15E148 MicroMessenger/8.0.66(0x1800422a) NetType/4G Language/zh_CN"
111.55.151.76 - - [11/Dec/2025:19:03:14 +0800] "GET /wp-content/uploads/2025/09/1756868614-20250903104654_74_5.webp HTTP/1.1" 200 47858 "http://cqqizhou.com/2339/" "Mozilla/5.0 (iPhone; CPU iPhone OS 18_5 like Mac OS X) AppleWebKit/605.1.15 (KHTML, like Gecko) Mobile/15E148 MicroMessenger/8.0.66(0x1800422a) NetType/4G Language/zh_CN"
111.55.151.76 - - [11/Dec/2025:19:04:06 +0800] "GET /wp-content/uploads/2025/12/1765249046-20251209104228_110_60.webp HTTP/1.1" 200 64834 "http://cqqizhou.com/2339/" "Mozilla/5.0 (iPhone; CPU iPhone OS 18_5 like Mac OS X) AppleWebKit/605.1.15 (KHTML, like Gecko) Mobile/15E148 MicroMessenger/8.0.66(0x1800422a) NetType/4G Language/zh_CN"
36.133.115.36 - - [11/Dec/2025:19:13:10 +0800] "POST /wp-cron.php?doing_wp_cron=1765451590.1158070564270019531250 HTTP/1.1" 200 31 "-" "WordPress/6.8.3; http://cqqizhou.com"
106.88.14.45 - - [11/Dec/2025:19:13:10 +0800] "GET /2339/ HTTP/1.1" 200 20623 "-" "Mozilla/5.0 (Linux; Android 10; DVC-AN20 Build/HUAWEIDVC-AN20; wv) AppleWebKit/537.36 (KHTML, like Gecko) Version/4.0 Chrome/142.0.7444.172 Mobile Safari/537.36 XWEB/1420045 MMWEBSDK/20251006 MMWEBID/3064 MicroMessenger/8.0.66.2980(0x28004234) WeChat/arm64 Weixin NetType/WIFI Language/zh_CN ABI/arm64"
106.88.14.45 - - [11/Dec/2025:19:13:10 +0800] "GET /wp-content/uploads/2025/12/1765253089-20251209103501_96_61.webp HTTP/1.1" 200 37758 "http://cqqizhou.com/2339/" "Mozilla/5.0 (Linux; Android 10; DVC-AN20 Build/HUAWEIDVC-AN20; wv) AppleWebKit/537.36 (KHTML, like Gecko) Version/4.0 Chrome/142.0.7444.172 Mobile Safari/537.36 XWEB/1420045 MMWEBSDK/20251006 MMWEBID/3064 MicroMessenger/8.0.66.2980(0x28004234) WeChat/arm64 Weixin NetType/WIFI Language/zh_CN ABI/arm64"
106.88.14.45 - - [11/Dec/2025:19:13:10 +0800] "GET /wp-content/uploads/2025/12/1765248735-20251209104226_108_60.webp HTTP/1.1" 200 55962 "http://cqqizhou.com/2339/" "Mozilla/5.0 (Linux; Android 10; DVC-AN20 Build/HUAWEIDVC-AN20; wv) AppleWebKit/537.36 (KHTML, like Gecko) Version/4.0 Chrome/142.0.7444.172 Mobile Safari/537.36 XWEB/1420045 MMWEBSDK/20251006 MMWEBID/3064 MicroMessenger/8.0.66.2980(0x28004234) WeChat/arm64 Weixin NetType/WIFI Language/zh_CN ABI/arm64"
106.88.14.45 - - [11/Dec/2025:19:13:10 +0800] "GET /wp-content/uploads/2025/12/1765248770-20251209104226_107_60.webp HTTP/1.1" 200 66916 "http://cqqizhou.com/2339/" "Mozilla/5.0 (Linux; Android 10; DVC-AN20 Build/HUAWEIDVC-AN20; wv) AppleWebKit/537.36 (KHTML, like Gecko) Version/4.0 Chrome/142.0.7444.172 Mobile Safari/537.36 XWEB/1420045 MMWEBSDK/20251006 MMWEBID/3064 MicroMessenger/8.0.66.2980(0x28004234) WeChat/arm64 Weixin NetType/WIFI Language/zh_CN ABI/arm64"
106.88.14.45 - - [11/Dec/2025:19:13:10 +0800] "GET /wp-content/uploads/2025/09/1756868614-20250903104654_74_5-150x150.webp HTTP/1.1" 200 5712 "http://cqqizhou.com/2339/" "Mozilla/5.0 (Linux; Android 10; DVC-AN20 Build/HUAWEIDVC-AN20; wv) AppleWebKit/537.36 (KHTML, like Gecko) Version/4.0 Chrome/142.0.7444.172 Mobile Safari/537.36 XWEB/1420045 MMWEBSDK/20251006 MMWEBID/3064 MicroMessenger/8.0.66.2980(0x28004234) WeChat/arm64 Weixin NetType/WIFI Language/zh_CN ABI/arm64"
106.88.14.45 - - [11/Dec/2025:19:13:10 +0800] "GET /wp-content/uploads/2025/09/1756868614-20250903104654_74_5.webp HTTP/1.1" 200 47858 "http://cqqizhou.com/2339/" "Mozilla/5.0 (Linux; Android 10; DVC-AN20 Build/HUAWEIDVC-AN20; wv) AppleWebKit/537.36 (KHTML, like Gecko) Version/4.0 Chrome/142.0.7444.172 Mobile Safari/537.36 XWEB/1420045 MMWEBSDK/20251006 MMWEBID/3064 MicroMessenger/8.0.66.2980(0x28004234) WeChat/arm64 Weixin NetType/WIFI Language/zh_CN ABI/arm64"
106.88.14.45 - - [11/Dec/2025:19:13:10 +0800] "GET /wp-content/uploads/2025/07/1753410289-News2000%C3%97400_202571.webp HTTP/1.1" 200 17830 "http://cqqizhou.com/2339/" "Mozilla/5.0 (Linux; Android 10; DVC-AN20 Build/HUAWEIDVC-AN20; wv) AppleWebKit/537.36 (KHTML, like Gecko) Version/4.0 Chrome/142.0.7444.172 Mobile Safari/537.36 XWEB/1420045 MMWEBSDK/20251006 MMWEBID/3064 MicroMessenger/8.0.66.2980(0x28004234) WeChat/arm64 Weixin NetType/WIFI Language/zh_CN ABI/arm64"
106.88.14.45 - - [11/Dec/2025:19:13:10 +0800] "GET /wp-content/uploads/2025/07/1751425283-qizhou.kf_.qq_.com_.webp HTTP/1.1" 200 16864 "http://cqqizhou.com/2339/" "Mozilla/5.0 (Linux; Android 10; DVC-AN20 Build/HUAWEIDVC-AN20; wv) AppleWebKit/537.36 (KHTML, like Gecko) Version/4.0 Chrome/142.0.7444.172 Mobile Safari/537.36 XWEB/1420045 MMWEBSDK/20251006 MMWEBID/3064 MicroMessenger/8.0.66.2980(0x28004234) WeChat/arm64 Weixin NetType/WIFI Language/zh_CN ABI/arm64"
106.88.14.45 - - [11/Dec/2025:19:13:10 +0800] "GET /wp-content/uploads/2025/08/1755826456-DSC01841.webp HTTP/1.1" 200 87046 "http://cqqizhou.com/2339/" "Mozilla/5.0 (Linux; Android 10; DVC-AN20 Build/HUAWEIDVC-AN20; wv) AppleWebKit/537.36 (KHTML, like Gecko) Version/4.0 Chrome/142.0.7444.172 Mobile Safari/537.36 XWEB/1420045 MMWEBSDK/20251006 MMWEBID/3064 MicroMessenger/8.0.66.2980(0x28004234) WeChat/arm64 Weixin NetType/WIFI Language/zh_CN ABI/arm64"
106.88.14.45 - - [11/Dec/2025:19:13:22 +0800] "GET /wp-content/uploads/2025/12/1765249046-20251209104228_110_60.webp HTTP/1.1" 200 64834 "http://cqqizhou.com/2339/" "Mozilla/5.0 (Linux; Android 10; DVC-AN20 Build/HUAWEIDVC-AN20; wv) AppleWebKit/537.36 (KHTML, like Gecko) Version/4.0 Chrome/142.0.7444.172 Mobile Safari/537.36 XWEB/1420045 MMWEBSDK/20251006 MMWEBID/3064 MicroMessenger/8.0.66.2980(0x28004234) WeChat/arm64 Weixin NetType/WIFI Language/zh_CN ABI/arm64"
36.133.115.36 - - [11/Dec/2025:19:16:06 +0800] "POST /wp-cron.php?doing_wp_cron=1765451766.5624139308929443359375 HTTP/1.1" 200 31 "-" "WordPress/6.8.3; http://cqqizhou.com"
176.65.132.67 - - [11/Dec/2025:19:16:07 +0800] "GET / HTTP/1.1" 200 152290 "-" "-"
36.21.102.18 - - [11/Dec/2025:19:16:25 +0800] "GET /2339/ HTTP/1.1" 200 20623 "-" "Mozilla/5.0 (iPhone; CPU iPhone OS 18_7 like Mac OS X) AppleWebKit/605.1.15 (KHTML, like Gecko) Mobile/15E148 MicroMessenger/8.0.66(0x1800422a) NetType/4G Language/zh_CN"
36.21.102.18 - - [11/Dec/2025:19:16:26 +0800] "GET /wp-content/uploads/2025/12/1765253089-20251209103501_96_61.webp HTTP/1.1" 200 37758 "http://cqqizhou.com/2339/" "Mozilla/5.0 (iPhone; CPU iPhone OS 18_7 like Mac OS X) AppleWebKit/605.1.15 (KHTML, like Gecko) Mobile/15E148 MicroMessenger/8.0.66(0x1800422a) NetType/4G Language/zh_CN"
36.21.102.18 - - [11/Dec/2025:19:16:26 +0800] "GET /wp-content/uploads/2025/07/1753410289-News2000%C3%97400_202571.webp HTTP/1.1" 200 17830 "http://cqqizhou.com/2339/" "Mozilla/5.0 (iPhone; CPU iPhone OS 18_7 like Mac OS X) AppleWebKit/605.1.15 (KHTML, like Gecko) Mobile/15E148 MicroMessenger/8.0.66(0x1800422a) NetType/4G Language/zh_CN"
36.21.102.18 - - [11/Dec/2025:19:16:26 +0800] "GET /wp-content/uploads/2025/12/1765248735-20251209104226_108_60.webp HTTP/1.1" 200 55962 "http://cqqizhou.com/2339/" "Mozilla/5.0 (iPhone; CPU iPhone OS 18_7 like Mac OS X) AppleWebKit/605.1.15 (KHTML, like Gecko) Mobile/15E148 MicroMessenger/8.0.66(0x1800422a) NetType/4G Language/zh_CN"
36.21.102.18 - - [11/Dec/2025:19:16:26 +0800] "GET /wp-content/uploads/2025/12/1765248770-20251209104226_107_60.webp HTTP/1.1" 200 66916 "http://cqqizhou.com/2339/" "Mozilla/5.0 (iPhone; CPU iPhone OS 18_7 like Mac OS X) AppleWebKit/605.1.15 (KHTML, like Gecko) Mobile/15E148 MicroMessenger/8.0.66(0x1800422a) NetType/4G Language/zh_CN"
36.21.102.18 - - [11/Dec/2025:19:16:26 +0800] "GET /wp-content/uploads/2025/09/1756868614-20250903104654_74_5-150x150.webp HTTP/1.1" 200 5712 "http://cqqizhou.com/2339/" "Mozilla/5.0 (iPhone; CPU iPhone OS 18_7 like Mac OS X) AppleWebKit/605.1.15 (KHTML, like Gecko) Mobile/15E148 MicroMessenger/8.0.66(0x1800422a) NetType/4G Language/zh_CN"
36.21.102.18 - - [11/Dec/2025:19:16:26 +0800] "GET /wp-content/uploads/2025/09/1756868614-20250903104654_74_5.webp HTTP/1.1" 200 47858 "http://cqqizhou.com/2339/" "Mozilla/5.0 (iPhone; CPU iPhone OS 18_7 like Mac OS X) AppleWebKit/605.1.15 (KHTML, like Gecko) Mobile/15E148 MicroMessenger/8.0.66(0x1800422a) NetType/4G Language/zh_CN"
36.21.102.18 - - [11/Dec/2025:19:16:26 +0800] "GET /wp-content/uploads/2025/08/1755826456-DSC01841.webp HTTP/1.1" 200 87046 "http://cqqizhou.com/2339/" "Mozilla/5.0 (iPhone; CPU iPhone OS 18_7 like Mac OS X) AppleWebKit/605.1.15 (KHTML, like Gecko) Mobile/15E148 MicroMessenger/8.0.66(0x1800422a) NetType/4G Language/zh_CN"
36.21.102.18 - - [11/Dec/2025:19:16:26 +0800] "GET /wp-content/uploads/2025/07/1751425283-qizhou.kf_.qq_.com_.webp HTTP/1.1" 200 16864 "http://cqqizhou.com/2339/" "Mozilla/5.0 (iPhone; CPU iPhone OS 18_7 like Mac OS X) AppleWebKit/605.1.15 (KHTML, like Gecko) Mobile/15E148 MicroMessenger/8.0.66(0x1800422a) NetType/4G Language/zh_CN"
121.237.36.31 - - [11/Dec/2025:19:18:03 +0800] "GET / HTTP/1.1" 200 34102 "-" "Mozilla/5.0 (Macintosh; Intel Mac OS X 10_11) AppleWebKit/601.1.27 (KHTML, like Gecko) Chrome/47.0.2526.106 Safari/601.1.27"
36.133.115.36 - - [11/Dec/2025:19:26:30 +0800] "POST /wp-cron.php?doing_wp_cron=1765452390.8854670524597167968750 HTTP/1.1" 200 31 "-" "WordPress/6.8.3; http://cqqizhou.com"
135.181.213.219 - - [11/Dec/2025:19:26:30 +0800] "GET /robots.txt HTTP/1.1" 200 390 "-" "Mozilla/5.0 (compatible; MJ12bot/v1.4.8; http://mj12bot.com/)"
135.181.213.219 - - [11/Dec/2025:19:26:35 +0800] "GET /portfolio-tag/%E9%9E%8D%E9%92%A2%E8%92%82%E6%A3%AE/ HTTP/1.1" 200 22787 "-" "Mozilla/5.0 (compatible; MJ12bot/v1.4.8; http://mj12bot.com/)"
135.181.213.219 - - [11/Dec/2025:19:26:40 +0800] "GET /portfolio/%E5%86%B7%E8%BD%A7%E5%8D%B7/ HTTP/1.1" 200 22077 "-" "Mozilla/5.0 (compatible; MJ12bot/v1.4.8; http://mj12bot.com/)"
135.181.213.219 - - [11/Dec/2025:19:26:43 +0800] "GET /portfolio/%E5%86%B7%E8%BD%A7%E6%9D%BF/ HTTP/1.1" 200 18951 "-" "Mozilla/5.0 (compatible; MJ12bot/v1.4.8; http://mj12bot.com/)"
36.133.115.36 - - [11/Dec/2025:19:38:00 +0800] "POST /wp-cron.php?doing_wp_cron=1765453080.9466059207916259765625 HTTP/1.1" 200 31 "-" "WordPress/6.8.3; http://cqqizhou.com"
39.144.219.192 - - [11/Dec/2025:19:38:01 +0800] "GET /2339/ HTTP/1.1" 200 20622 "-" "Mozilla/5.0 (Linux; Android 10; DVC-AN20 Build/HUAWEIDVC-AN20; wv) AppleWebKit/537.36 (KHTML, like Gecko) Version/4.0 Chrome/142.0.7444.172 Mobile Safari/537.36 XWEB/1420045 MMWEBSDK/20251006 MMWEBID/7600 MicroMessenger/8.0.66.2980(0x28004234) WeChat/arm64 Weixin NetType/4G Language/zh_CN ABI/arm64"
39.144.219.192 - - [11/Dec/2025:19:38:01 +0800] "GET /wp-content/uploads/2025/12/1765253089-20251209103501_96_61.webp HTTP/1.1" 200 37758 "http://cqqizhou.com/2339/" "Mozilla/5.0 (Linux; Android 10; DVC-AN20 Build/HUAWEIDVC-AN20; wv) AppleWebKit/537.36 (KHTML, like Gecko) Version/4.0 Chrome/142.0.7444.172 Mobile Safari/537.36 XWEB/1420045 MMWEBSDK/20251006 MMWEBID/7600 MicroMessenger/8.0.66.2980(0x28004234) WeChat/arm64 Weixin NetType/4G Language/zh_CN ABI/arm64"
39.144.219.192 - - [11/Dec/2025:19:38:01 +0800] "GET /wp-content/uploads/2025/12/1765248735-20251209104226_108_60.webp HTTP/1.1" 200 55962 "http://cqqizhou.com/2339/" "Mozilla/5.0 (Linux; Android 10; DVC-AN20 Build/HUAWEIDVC-AN20; wv) AppleWebKit/537.36 (KHTML, like Gecko) Version/4.0 Chrome/142.0.7444.172 Mobile Safari/537.36 XWEB/1420045 MMWEBSDK/20251006 MMWEBID/7600 MicroMessenger/8.0.66.2980(0x28004234) WeChat/arm64 Weixin NetType/4G Language/zh_CN ABI/arm64"
39.144.219.192 - - [11/Dec/2025:19:38:01 +0800] "GET /wp-content/uploads/2025/12/1765248770-20251209104226_107_60.webp HTTP/1.1" 200 66916 "http://cqqizhou.com/2339/" "Mozilla/5.0 (Linux; Android 10; DVC-AN20 Build/HUAWEIDVC-AN20; wv) AppleWebKit/537.36 (KHTML, like Gecko) Version/4.0 Chrome/142.0.7444.172 Mobile Safari/537.36 XWEB/1420045 MMWEBSDK/20251006 MMWEBID/7600 MicroMessenger/8.0.66.2980(0x28004234) WeChat/arm64 Weixin NetType/4G Language/zh_CN ABI/arm64"
39.144.219.192 - - [11/Dec/2025:19:38:01 +0800] "GET /wp-content/uploads/2025/09/1756868614-20250903104654_74_5-150x150.webp HTTP/1.1" 200 5712 "http://cqqizhou.com/2339/" "Mozilla/5.0 (Linux; Android 10; DVC-AN20 Build/HUAWEIDVC-AN20; wv) AppleWebKit/537.36 (KHTML, like Gecko) Version/4.0 Chrome/142.0.7444.172 Mobile Safari/537.36 XWEB/1420045 MMWEBSDK/20251006 MMWEBID/7600 MicroMessenger/8.0.66.2980(0x28004234) WeChat/arm64 Weixin NetType/4G Language/zh_CN ABI/arm64"
39.144.219.192 - - [11/Dec/2025:19:38:01 +0800] "GET /wp-content/uploads/2025/09/1756868614-20250903104654_74_5.webp HTTP/1.1" 200 47858 "http://cqqizhou.com/2339/" "Mozilla/5.0 (Linux; Android 10; DVC-AN20 Build/HUAWEIDVC-AN20; wv) AppleWebKit/537.36 (KHTML, like Gecko) Version/4.0 Chrome/142.0.7444.172 Mobile Safari/537.36 XWEB/1420045 MMWEBSDK/20251006 MMWEBID/7600 MicroMessenger/8.0.66.2980(0x28004234) WeChat/arm64 Weixin NetType/4G Language/zh_CN ABI/arm64"
39.144.219.192 - - [11/Dec/2025:19:38:01 +0800] "GET /wp-content/uploads/2025/07/1753410289-News2000%C3%97400_202571.webp HTTP/1.1" 200 17830 "http://cqqizhou.com/2339/" "Mozilla/5.0 (Linux; Android 10; DVC-AN20 Build/HUAWEIDVC-AN20; wv) AppleWebKit/537.36 (KHTML, like Gecko) Version/4.0 Chrome/142.0.7444.172 Mobile Safari/537.36 XWEB/1420045 MMWEBSDK/20251006 MMWEBID/7600 MicroMessenger/8.0.66.2980(0x28004234) WeChat/arm64 Weixin NetType/4G Language/zh_CN ABI/arm64"
39.144.219.192 - - [11/Dec/2025:19:38:01 +0800] "GET /wp-content/uploads/2025/08/1755826456-DSC01841.webp HTTP/1.1" 200 87046 "http://cqqizhou.com/2339/" "Mozilla/5.0 (Linux; Android 10; DVC-AN20 Build/HUAWEIDVC-AN20; wv) AppleWebKit/537.36 (KHTML, like Gecko) Version/4.0 Chrome/142.0.7444.172 Mobile Safari/537.36 XWEB/1420045 MMWEBSDK/20251006 MMWEBID/7600 MicroMessenger/8.0.66.2980(0x28004234) WeChat/arm64 Weixin NetType/4G Language/zh_CN ABI/arm64"
39.144.219.192 - - [11/Dec/2025:19:38:01 +0800] "GET /wp-content/uploads/2025/07/1751425283-qizhou.kf_.qq_.com_.webp HTTP/1.1" 200 16864 "http://cqqizhou.com/2339/" "Mozilla/5.0 (Linux; Android 10; DVC-AN20 Build/HUAWEIDVC-AN20; wv) AppleWebKit/537.36 (KHTML, like Gecko) Version/4.0 Chrome/142.0.7444.172 Mobile Safari/537.36 XWEB/1420045 MMWEBSDK/20251006 MMWEBID/7600 MicroMessenger/8.0.66.2980(0x28004234) WeChat/arm64 Weixin NetType/4G Language/zh_CN ABI/arm64"
39.144.219.192 - - [11/Dec/2025:19:38:01 +0800] "GET /wp-content/uploads/2025/12/1765249046-20251209104228_110_60.webp HTTP/1.1" 200 64834 "http://cqqizhou.com/2339/" "Mozilla/5.0 (Linux; Android 10; DVC-AN20 Build/HUAWEIDVC-AN20; wv) AppleWebKit/537.36 (KHTML, like Gecko) Version/4.0 Chrome/142.0.7444.172 Mobile Safari/537.36 XWEB/1420045 MMWEBSDK/20251006 MMWEBID/7600 MicroMessenger/8.0.66.2980(0x28004234) WeChat/arm64 Weixin NetType/4G Language/zh_CN ABI/arm64"
180.163.28.114 - - [11/Dec/2025:19:39:10 +0800] "GET /2339/ HTTP/1.1" 200 21005 "-" "Mozilla/5.0 (Macintosh; Intel Mac OS X 10_15_7) AppleWebKit/537.36 (KHTML, like Gecko) Chrome/134.0.0.0 Safari/537.36"
36.133.115.36 - - [11/Dec/2025:19:39:11 +0800] "POST /wp-cron.php?doing_wp_cron=1765453151.4910590648651123046875 HTTP/1.1" 200 31 "-" "WordPress/6.8.3; http://cqqizhou.com"
1.181.6.194 - - [11/Dec/2025:19:39:11 +0800] "GET /2339/ HTTP/1.1" 200 20622 "-" "Mozilla/5.0 (Linux; Android 16; PHN110 Build/BP2A.250605.015; wv) AppleWebKit/537.36 (KHTML, like Gecko) Version/4.0 Chrome/142.0.7444.172 Mobile Safari/537.36 XWEB/1420045 MMWEBSDK/20251006 MMWEBID/5518 MicroMessenger/8.0.66.2980(0x28004234) WeChat/arm64 Weixin NetType/5G Language/zh_CN ABI/arm64"
1.181.6.194 - - [11/Dec/2025:19:39:12 +0800] "GET /wp-content/uploads/2025/12/1765253089-20251209103501_96_61.webp HTTP/1.1" 200 37758 "http://cqqizhou.com/2339/" "Mozilla/5.0 (Linux; Android 16; PHN110 Build/BP2A.250605.015; wv) AppleWebKit/537.36 (KHTML, like Gecko) Version/4.0 Chrome/142.0.7444.172 Mobile Safari/537.36 XWEB/1420045 MMWEBSDK/20251006 MMWEBID/5518 MicroMessenger/8.0.66.2980(0x28004234) WeChat/arm64 Weixin NetType/5G Language/zh_CN ABI/arm64"
1.181.6.194 - - [11/Dec/2025:19:39:12 +0800] "GET /wp-content/uploads/2025/12/1765248735-20251209104226_108_60.webp HTTP/1.1" 200 55962 "http://cqqizhou.com/2339/" "Mozilla/5.0 (Linux; Android 16; PHN110 Build/BP2A.250605.015; wv) AppleWebKit/537.36 (KHTML, like Gecko) Version/4.0 Chrome/142.0.7444.172 Mobile Safari/537.36 XWEB/1420045 MMWEBSDK/20251006 MMWEBID/5518 MicroMessenger/8.0.66.2980(0x28004234) WeChat/arm64 Weixin NetType/5G Language/zh_CN ABI/arm64"
1.181.6.194 - - [11/Dec/2025:19:39:12 +0800] "GET /wp-content/uploads/2025/09/1756868614-20250903104654_74_5.webp HTTP/1.1" 200 47858 "http://cqqizhou.com/2339/" "Mozilla/5.0 (Linux; Android 16; PHN110 Build/BP2A.250605.015; wv) AppleWebKit/537.36 (KHTML, like Gecko) Version/4.0 Chrome/142.0.7444.172 Mobile Safari/537.36 XWEB/1420045 MMWEBSDK/20251006 MMWEBID/5518 MicroMessenger/8.0.66.2980(0x28004234) WeChat/arm64 Weixin NetType/5G Language/zh_CN ABI/arm64"
1.181.6.194 - - [11/Dec/2025:19:39:12 +0800] "GET /wp-content/uploads/2025/09/1756868614-20250903104654_74_5-150x150.webp HTTP/1.1" 200 5712 "http://cqqizhou.com/2339/" "Mozilla/5.0 (Linux; Android 16; PHN110 Build/BP2A.250605.015; wv) AppleWebKit/537.36 (KHTML, like Gecko) Version/4.0 Chrome/142.0.7444.172 Mobile Safari/537.36 XWEB/1420045 MMWEBSDK/20251006 MMWEBID/5518 MicroMessenger/8.0.66.2980(0x28004234) WeChat/arm64 Weixin NetType/5G Language/zh_CN ABI/arm64"
1.181.6.194 - - [11/Dec/2025:19:39:12 +0800] "GET /wp-content/uploads/2025/12/1765248770-20251209104226_107_60.webp HTTP/1.1" 200 66916 "http://cqqizhou.com/2339/" "Mozilla/5.0 (Linux; Android 16; PHN110 Build/BP2A.250605.015; wv) AppleWebKit/537.36 (KHTML, like Gecko) Version/4.0 Chrome/142.0.7444.172 Mobile Safari/537.36 XWEB/1420045 MMWEBSDK/20251006 MMWEBID/5518 MicroMessenger/8.0.66.2980(0x28004234) WeChat/arm64 Weixin NetType/5G Language/zh_CN ABI/arm64"
1.181.6.194 - - [11/Dec/2025:19:39:12 +0800] "GET /wp-content/uploads/2025/07/1753410289-News2000%C3%97400_202571.webp HTTP/1.1" 200 17830 "http://cqqizhou.com/2339/" "Mozilla/5.0 (Linux; Android 16; PHN110 Build/BP2A.250605.015; wv) AppleWebKit/537.36 (KHTML, like Gecko) Version/4.0 Chrome/142.0.7444.172 Mobile Safari/537.36 XWEB/1420045 MMWEBSDK/20251006 MMWEBID/5518 MicroMessenger/8.0.66.2980(0x28004234) WeChat/arm64 Weixin NetType/5G Language/zh_CN ABI/arm64"
1.181.6.194 - - [11/Dec/2025:19:39:12 +0800] "GET /wp-content/uploads/2025/07/1751425283-qizhou.kf_.qq_.com_.webp HTTP/1.1" 200 16864 "http://cqqizhou.com/2339/" "Mozilla/5.0 (Linux; Android 16; PHN110 Build/BP2A.250605.015; wv) AppleWebKit/537.36 (KHTML, like Gecko) Version/4.0 Chrome/142.0.7444.172 Mobile Safari/537.36 XWEB/1420045 MMWEBSDK/20251006 MMWEBID/5518 MicroMessenger/8.0.66.2980(0x28004234) WeChat/arm64 Weixin NetType/5G Language/zh_CN ABI/arm64"
1.181.6.194 - - [11/Dec/2025:19:39:12 +0800] "GET /wp-content/uploads/2025/08/1755826456-DSC01841.webp HTTP/1.1" 200 87046 "http://cqqizhou.com/2339/" "Mozilla/5.0 (Linux; Android 16; PHN110 Build/BP2A.250605.015; wv) AppleWebKit/537.36 (KHTML, like Gecko) Version/4.0 Chrome/142.0.7444.172 Mobile Safari/537.36 XWEB/1420045 MMWEBSDK/20251006 MMWEBID/5518 MicroMessenger/8.0.66.2980(0x28004234) WeChat/arm64 Weixin NetType/5G Language/zh_CN ABI/arm64"
1.181.6.194 - - [11/Dec/2025:19:39:12 +0800] "GET /wp-content/uploads/2025/12/1765249046-20251209104228_110_60.webp HTTP/1.1" 200 64834 "http://cqqizhou.com/2339/" "Mozilla/5.0 (Linux; Android 16; PHN110 Build/BP2A.250605.015; wv) AppleWebKit/537.36 (KHTML, like Gecko) Version/4.0 Chrome/142.0.7444.172 Mobile Safari/537.36 XWEB/1420045 MMWEBSDK/20251006 MMWEBID/5518 MicroMessenger/8.0.66.2980(0x28004234) WeChat/arm64 Weixin NetType/5G Language/zh_CN ABI/arm64"
39.144.219.192 - - [11/Dec/2025:19:39:24 +0800] "GET /2215/ HTTP/1.1" 200 20130 "http://cqqizhou.com/2339/" "Mozilla/5.0 (Linux; Android 10; DVC-AN20 Build/HUAWEIDVC-AN20; wv) AppleWebKit/537.36 (KHTML, like Gecko) Version/4.0 Chrome/142.0.7444.172 Mobile Safari/537.36 XWEB/1420045 MMWEBSDK/20251006 MMWEBID/7600 MicroMessenger/8.0.66.2980(0x28004234) WeChat/arm64 Weixin NetType/4G Language/zh_CN ABI/arm64"
39.144.219.192 - - [11/Dec/2025:19:39:24 +0800] "GET /wp-content/uploads/2025/08/1755826390-DSC01765-150x150.webp HTTP/1.1" 200 6586 "http://cqqizhou.com/2215/" "Mozilla/5.0 (Linux; Android 10; DVC-AN20 Build/HUAWEIDVC-AN20; wv) AppleWebKit/537.36 (KHTML, like Gecko) Version/4.0 Chrome/142.0.7444.172 Mobile Safari/537.36 XWEB/1420045 MMWEBSDK/20251006 MMWEBID/7600 MicroMessenger/8.0.66.2980(0x28004234) WeChat/arm64 Weixin NetType/4G Language/zh_CN ABI/arm64"
1.181.6.194 - - [11/Dec/2025:19:39:57 +0800] "GET /2339/ HTTP/1.1" 499 0 "-" "Mozilla/5.0 (Linux; Android 16; PHN110 Build/BP2A.250605.015; wv) AppleWebKit/537.36 (KHTML, like Gecko) Version/4.0 Chrome/142.0.7444.172 Mobile Safari/537.36 XWEB/1420045 MMWEBSDK/20251006 MMWEBID/5518 MicroMessenger/8.0.66.2980(0x28004234) WeChat/arm64 Weixin NetType/5G Language/zh_CN ABI/arm64"
36.133.115.36 - - [11/Dec/2025:19:39:57 +0800] "POST /wp-cron.php?doing_wp_cron=1765453197.6887989044189453125000 HTTP/1.1" 200 31 "-" "WordPress/6.8.3; http://cqqizhou.com"
1.181.6.194 - - [11/Dec/2025:19:40:04 +0800] "GET /2339/ HTTP/1.1" 200 20622 "-" "Mozilla/5.0 (Linux; Android 16; PHN110 Build/BP2A.250605.015; wv) AppleWebKit/537.36 (KHTML, like Gecko) Version/4.0 Chrome/142.0.7444.172 Mobile Safari/537.36 XWEB/1420045 MMWEBSDK/20251006 MMWEBID/5518 MicroMessenger/8.0.66.2980(0x28004234) WeChat/arm64 Weixin NetType/5G Language/zh_CN ABI/arm64"
1.181.6.194 - - [11/Dec/2025:19:40:40 +0800] "GET /2231/ HTTP/1.1" 200 19663 "http://cqqizhou.com/2339/" "Mozilla/5.0 (Linux; Android 16; PHN110 Build/BP2A.250605.015; wv) AppleWebKit/537.36 (KHTML, like Gecko) Version/4.0 Chrome/142.0.7444.172 Mobile Safari/537.36 XWEB/1420045 MMWEBSDK/20251006 MMWEBID/5518 MicroMessenger/8.0.66.2980(0x28004234) WeChat/arm64 Weixin NetType/5G Language/zh_CN ABI/arm64"
1.181.6.194 - - [11/Dec/2025:19:40:40 +0800] "GET /wp-content/uploads/2025/08/1755826456-DSC01841-150x150.webp HTTP/1.1" 200 9850 "http://cqqizhou.com/2231/" "Mozilla/5.0 (Linux; Android 16; PHN110 Build/BP2A.250605.015; wv) AppleWebKit/537.36 (KHTML, like Gecko) Version/4.0 Chrome/142.0.7444.172 Mobile Safari/537.36 XWEB/1420045 MMWEBSDK/20251006 MMWEBID/5518 MicroMessenger/8.0.66.2980(0x28004234) WeChat/arm64 Weixin NetType/5G Language/zh_CN ABI/arm64"
1.181.6.194 - - [11/Dec/2025:19:40:40 +0800] "GET /wp-content/uploads/2025/09/1756868585-20250903104658_78_5.webp HTTP/1.1" 200 39636 "http://cqqizhou.com/2231/" "Mozilla/5.0 (Linux; Android 16; PHN110 Build/BP2A.250605.015; wv) AppleWebKit/537.36 (KHTML, like Gecko) Version/4.0 Chrome/142.0.7444.172 Mobile Safari/537.36 XWEB/1420045 MMWEBSDK/20251006 MMWEBID/5518 MicroMessenger/8.0.66.2980(0x28004234) WeChat/arm64 Weixin NetType/5G Language/zh_CN ABI/arm64"
1.181.6.194 - - [11/Dec/2025:19:40:40 +0800] "GET /wp-content/uploads/2025/12/1765253089-20251209103501_96_61-150x150.webp HTTP/1.1" 200 5198 "http://cqqizhou.com/2231/" "Mozilla/5.0 (Linux; Android 16; PHN110 Build/BP2A.250605.015; wv) AppleWebKit/537.36 (KHTML, like Gecko) Version/4.0 Chrome/142.0.7444.172 Mobile Safari/537.36 XWEB/1420045 MMWEBSDK/20251006 MMWEBID/5518 MicroMessenger/8.0.66.2980(0x28004234) WeChat/arm64 Weixin NetType/5G Language/zh_CN ABI/arm64"
36.133.115.36 - - [11/Dec/2025:19:46:33 +0800] "POST /wp-cron.php?doing_wp_cron=1765453593.5455451011657714843750 HTTP/1.1" 200 31 "-" "WordPress/6.8.3; http://cqqizhou.com"
204.76.203.212 - - [11/Dec/2025:19:46:33 +0800] "GET / HTTP/1.1" 200 33674 "-" "Mozilla/5.0 (Windows NT 10.0; Win64; x64) AppleWebKit/537.36 (KHTML, like Gecko) Chrome/90.0.4430.85 Safari/537.36 Edg/90.0.818.46"
36.133.115.36 - - [11/Dec/2025:19:51:21 +0800] "POST /wp-cron.php?doing_wp_cron=1765453881.8002429008483886718750 HTTP/1.1" 200 31 "-" "WordPress/6.8.3; http://cqqizhou.com"
193.142.147.209 - - [11/Dec/2025:19:51:21 +0800] "GET /cgi-bin/luci/;stok=/locale HTTP/1.1" 301 5 "-" "-"
193.142.147.209 - - [11/Dec/2025:19:51:24 +0800] "GET /cgi-bin/luci/;stok=/locale HTTP/1.1" 404 31364 "http://36.133.115.36:80/cgi-bin/luci/;stok=/locale" "-"
36.133.115.36 - - [11/Dec/2025:20:08:56 +0800] "POST /wp-cron.php?doing_wp_cron=1765454936.8918359279632568359375 HTTP/1.1" 200 31 "-" "WordPress/6.8.3; http://cqqizhou.com"
185.16.39.52 - - [11/Dec/2025:20:08:57 +0800] "GET / HTTP/1.1" 200 33673 "-" "-"
184.105.247.195 - - [11/Dec/2025:20:19:34 +0800] "GET / HTTP/1.1" 499 0 "-" "Mozilla/5.0 (X11; Linux x86_64) AppleWebKit/537.36 (KHTML, like Gecko) HeadlessChrome/120.0.6099.28 Safari/537.36"
36.133.115.36 - - [11/Dec/2025:20:19:35 +0800] "POST /wp-cron.php?doing_wp_cron=1765455575.1067800521850585937500 HTTP/1.1" 200 31 "-" "WordPress/6.8.3; http://cqqizhou.com"
40.77.167.47 - - [11/Dec/2025:20:20:14 +0800] "GET /about/ HTTP/1.1" 200 29975 "-" "Mozilla/5.0 AppleWebKit/537.36 (KHTML, like Gecko; compatible; bingbot/2.0; +http://www.bing.com/bingbot.htm) Chrome/116.0.1938.76 Safari/537.36"
36.133.115.36 - - [11/Dec/2025:20:24:32 +0800] "POST /wp-cron.php?doing_wp_cron=1765455872.7498550415039062500000 HTTP/1.1" 200 31 "-" "WordPress/6.8.3; http://cqqizhou.com"
40.77.167.47 - - [11/Dec/2025:20:24:33 +0800] "GET /?s=2026 HTTP/1.1" 200 17722 "-" "Mozilla/5.0 AppleWebKit/537.36 (KHTML, like Gecko; compatible; bingbot/2.0; +http://www.bing.com/bingbot.htm) Chrome/116.0.1938.76 Safari/537.36"
36.133.115.36 - - [11/Dec/2025:20:25:04 +0800] "POST /wp-cron.php?doing_wp_cron=1765455904.8199610710144042968750 HTTP/1.1" 200 31 "-" "WordPress/6.8.3; http://cqqizhou.com"
51.68.247.218 - - [11/Dec/2025:20:25:04 +0800] "GET /robots.txt HTTP/1.1" 200 190 "-" "Mozilla/5.0 (compatible; AhrefsBot/7.0; +http://ahrefs.com/robot/)"
54.37.118.70 - - [11/Dec/2025:20:25:08 +0800] "GET /contacts/ HTTP/1.1" 200 21713 "-" "Mozilla/5.0 (compatible; AhrefsBot/7.0; +http://ahrefs.com/robot/)"
36.133.115.36 - - [11/Dec/2025:20:33:16 +0800] "POST /wp-cron.php?doing_wp_cron=1765456396.6293549537658691406250 HTTP/1.1" 200 31 "-" "WordPress/6.8.3; http://cqqizhou.com"
204.76.203.212 - - [11/Dec/2025:20:33:17 +0800] "GET / HTTP/1.1" 200 33673 "-" "Mozilla/5.0 (Windows NT 10.0; Win64; x64) AppleWebKit/537.36 (KHTML, like Gecko) Chrome/90.0.4430.85 Safari/537.36 Edg/90.0.818.46"
36.133.115.36 - - [11/Dec/2025:20:38:44 +0800] "POST /wp-cron.php?doing_wp_cron=1765456724.3718910217285156250000 HTTP/1.1" 200 31 "-" "WordPress/6.8.3; http://cqqizhou.com"
34.79.200.193 - - [11/Dec/2025:20:38:44 +0800] "GET / HTTP/1.1" 301 5 "-" "python-requests/2.32.5"
124.156.134.41 - - [11/Dec/2025:20:40:40 +0800] "GET / HTTP/1.1" 200 34102 "-" "Mozilla/5.0 (Macintosh; Intel Mac OS X 10_13_6) AppleWebKit/537.36(KHTML, like Gecko) Chrome/67.0.3396.99 Safari/537.36"
36.133.115.36 - - [11/Dec/2025:21:10:26 +0800] "POST /wp-cron.php?doing_wp_cron=1765458626.2921519279479980468750 HTTP/1.1" 200 31 "-" "WordPress/6.8.3; http://cqqizhou.com"
113.222.193.34 - - [11/Dec/2025:21:10:26 +0800] "GET / HTTP/1.1" 301 5 "-" "Mozilla/5.0 (Macintosh; Intel Mac OS X 10_15_7) AppleWebKit/537.36 (KHTML, like Gecko) Chrome/131.0.6778.33 Safari/537.36"
113.222.193.34 - - [11/Dec/2025:21:10:26 +0800] "GET / HTTP/1.1" 200 34102 "-" "Mozilla/5.0 (Macintosh; Intel Mac OS X 10_15_7) AppleWebKit/537.36 (KHTML, like Gecko) Chrome/131.0.6778.33 Safari/537.36"
36.133.115.36 - - [11/Dec/2025:21:13:49 +0800] "POST /wp-cron.php?doing_wp_cron=1765458829.1498489379882812500000 HTTP/1.1" 200 31 "-" "WordPress/6.8.3; http://cqqizhou.com"
5.187.35.158 - - [11/Dec/2025:21:13:49 +0800] "GET / HTTP/1.1" 200 33673 "-" "Mozilla/5.0 (Windows NT 10.0; Win64; x64) AppleWebKit/537.36 (KHTML, like Gecko) Chrome/90.0.4430.85 Safari/537.36 Edg/90.0.818.46"
36.133.115.36 - - [11/Dec/2025:21:21:53 +0800] "POST /wp-cron.php?doing_wp_cron=1765459313.8541409969329833984375 HTTP/1.1" 200 31 "-" "WordPress/6.8.3; http://cqqizhou.com"
51.77.218.207 - - [11/Dec/2025:21:21:53 +0800] "GET /robots.txt HTTP/1.1" 200 390 "-" "Mozilla/5.0 (compatible; MJ12bot/v1.4.8; http://mj12bot.com/)"
51.77.218.207 - - [11/Dec/2025:21:21:55 +0800] "GET /portfolio/%E5%86%B7%E8%BD%A7%E5%8D%B7/ HTTP/1.1" 200 22077 "-" "Mozilla/5.0 (compatible; MJ12bot/v1.4.8; http://mj12bot.com/)"
36.133.115.36 - - [11/Dec/2025:21:23:01 +0800] "POST /wp-cron.php?doing_wp_cron=1765459381.7129740715026855468750 HTTP/1.1" 200 31 "-" "WordPress/6.8.3; http://cqqizhou.com"
206.168.34.124 - - [11/Dec/2025:21:23:01 +0800] "GET / HTTP/1.1" 301 5 "-" "Mozilla/5.0 (compatible; CensysInspect/1.1; +https://about.censys.io/)"
206.168.34.124 - - [11/Dec/2025:21:23:17 +0800] "GET /robots.txt HTTP/1.1" 200 190 "-" "Mozilla/5.0 (compatible; CensysInspect/1.1; +https://about.censys.io/)"
36.133.115.36 - - [11/Dec/2025:21:24:00 +0800] "POST /wp-cron.php?doing_wp_cron=1765459440.4393069744110107421875 HTTP/1.1" 200 31 "-" "WordPress/6.8.3; http://cqqizhou.com"
204.76.203.212 - - [11/Dec/2025:21:24:00 +0800] "GET / HTTP/1.1" 200 33673 "-" "Mozilla/5.0 (Windows NT 10.0; Win64; x64) AppleWebKit/537.36 (KHTML, like Gecko) Chrome/90.0.4430.85 Safari/537.36 Edg/90.0.818.46"
36.133.115.36 - - [11/Dec/2025:21:33:38 +0800] "POST /wp-cron.php?doing_wp_cron=1765460018.2846109867095947265625 HTTP/1.1" 200 31 "-" "WordPress/6.8.3; http://cqqizhou.com"
185.16.39.52 - - [11/Dec/2025:21:33:38 +0800] "GET / HTTP/1.1" 200 109842 "-" "python-requests/2.31.0"
36.133.115.36 - - [11/Dec/2025:21:38:38 +0800] "POST /wp-cron.php?doing_wp_cron=1765460318.5955760478973388671875 HTTP/1.1" 200 31 "-" "WordPress/6.8.3; http://cqqizhou.com"
51.68.111.215 - - [11/Dec/2025:21:38:38 +0800] "GET /robots.txt HTTP/1.1" 200 190 "-" "Mozilla/5.0 (compatible; MJ12bot/v2.0.4; http://mj12bot.com/)"
51.68.111.215 - - [11/Dec/2025:21:38:39 +0800] "GET / HTTP/1.1" 200 34102 "-" "Mozilla/5.0 (compatible; MJ12bot/v2.0.4; http://mj12bot.com/)"
36.133.115.36 - - [11/Dec/2025:21:41:37 +0800] "POST /wp-cron.php?doing_wp_cron=1765460497.8513040542602539062500 HTTP/1.1" 200 31 "-" "WordPress/6.8.3; http://cqqizhou.com"
183.226.191.210 - - [11/Dec/2025:21:41:38 +0800] "GET /2339/ HTTP/1.1" 200 20651 "-" "Mozilla/5.0 (Linux; Android 15; 2308CPXD0C Build/AQ3A.240912.001; wv) AppleWebKit/537.36 (KHTML, like Gecko) Version/4.0 Chrome/142.0.7444.172 Mobile Safari/537.36 XWEB/1420045 MMWEBSDK/20251006 MMWEBID/5363 MicroMessenger/8.0.66.2980(0x28004236) WeChat/arm64 Weixin NetType/WIFI Language/zh_CN ABI/arm64"
183.226.191.210 - - [11/Dec/2025:21:41:38 +0800] "GET /wp-content/uploads/2025/12/1765253089-20251209103501_96_61.webp HTTP/1.1" 200 37758 "http://cqqizhou.com/2339/" "Mozilla/5.0 (Linux; Android 15; 2308CPXD0C Build/AQ3A.240912.001; wv) AppleWebKit/537.36 (KHTML, like Gecko) Version/4.0 Chrome/142.0.7444.172 Mobile Safari/537.36 XWEB/1420045 MMWEBSDK/20251006 MMWEBID/5363 MicroMessenger/8.0.66.2980(0x28004236) WeChat/arm64 Weixin NetType/WIFI Language/zh_CN ABI/arm64"
183.226.191.210 - - [11/Dec/2025:21:41:38 +0800] "GET /wp-content/uploads/2025/12/1765248735-20251209104226_108_60.webp HTTP/1.1" 200 55962 "http://cqqizhou.com/2339/" "Mozilla/5.0 (Linux; Android 15; 2308CPXD0C Build/AQ3A.240912.001; wv) AppleWebKit/537.36 (KHTML, like Gecko) Version/4.0 Chrome/142.0.7444.172 Mobile Safari/537.36 XWEB/1420045 MMWEBSDK/20251006 MMWEBID/5363 MicroMessenger/8.0.66.2980(0x28004236) WeChat/arm64 Weixin NetType/WIFI Language/zh_CN ABI/arm64"
183.226.191.210 - - [11/Dec/2025:21:41:38 +0800] "GET /wp-content/uploads/2025/12/1765248770-20251209104226_107_60.webp HTTP/1.1" 200 66916 "http://cqqizhou.com/2339/" "Mozilla/5.0 (Linux; Android 15; 2308CPXD0C Build/AQ3A.240912.001; wv) AppleWebKit/537.36 (KHTML, like Gecko) Version/4.0 Chrome/142.0.7444.172 Mobile Safari/537.36 XWEB/1420045 MMWEBSDK/20251006 MMWEBID/5363 MicroMessenger/8.0.66.2980(0x28004236) WeChat/arm64 Weixin NetType/WIFI Language/zh_CN ABI/arm64"
183.226.191.210 - - [11/Dec/2025:21:41:38 +0800] "GET /wp-content/uploads/2025/09/1756868614-20250903104654_74_5-150x150.webp HTTP/1.1" 200 5712 "http://cqqizhou.com/2339/" "Mozilla/5.0 (Linux; Android 15; 2308CPXD0C Build/AQ3A.240912.001; wv) AppleWebKit/537.36 (KHTML, like Gecko) Version/4.0 Chrome/142.0.7444.172 Mobile Safari/537.36 XWEB/1420045 MMWEBSDK/20251006 MMWEBID/5363 MicroMessenger/8.0.66.2980(0x28004236) WeChat/arm64 Weixin NetType/WIFI Language/zh_CN ABI/arm64"
183.226.191.210 - - [11/Dec/2025:21:41:38 +0800] "GET /wp-content/uploads/2025/09/1756868614-20250903104654_74_5.webp HTTP/1.1" 200 47858 "http://cqqizhou.com/2339/" "Mozilla/5.0 (Linux; Android 15; 2308CPXD0C Build/AQ3A.240912.001; wv) AppleWebKit/537.36 (KHTML, like Gecko) Version/4.0 Chrome/142.0.7444.172 Mobile Safari/537.36 XWEB/1420045 MMWEBSDK/20251006 MMWEBID/5363 MicroMessenger/8.0.66.2980(0x28004236) WeChat/arm64 Weixin NetType/WIFI Language/zh_CN ABI/arm64"
183.226.191.210 - - [11/Dec/2025:21:41:38 +0800] "GET /wp-content/uploads/2025/07/1753410289-News2000%C3%97400_202571.webp HTTP/1.1" 200 17830 "http://cqqizhou.com/2339/" "Mozilla/5.0 (Linux; Android 15; 2308CPXD0C Build/AQ3A.240912.001; wv) AppleWebKit/537.36 (KHTML, like Gecko) Version/4.0 Chrome/142.0.7444.172 Mobile Safari/537.36 XWEB/1420045 MMWEBSDK/20251006 MMWEBID/5363 MicroMessenger/8.0.66.2980(0x28004236) WeChat/arm64 Weixin NetType/WIFI Language/zh_CN ABI/arm64"
183.226.191.210 - - [11/Dec/2025:21:41:38 +0800] "GET /wp-content/uploads/2025/07/1751425283-qizhou.kf_.qq_.com_.webp HTTP/1.1" 200 16864 "http://cqqizhou.com/2339/" "Mozilla/5.0 (Linux; Android 15; 2308CPXD0C Build/AQ3A.240912.001; wv) AppleWebKit/537.36 (KHTML, like Gecko) Version/4.0 Chrome/142.0.7444.172 Mobile Safari/537.36 XWEB/1420045 MMWEBSDK/20251006 MMWEBID/5363 MicroMessenger/8.0.66.2980(0x28004236) WeChat/arm64 Weixin NetType/WIFI Language/zh_CN ABI/arm64"
183.226.191.210 - - [11/Dec/2025:21:41:38 +0800] "GET /wp-content/uploads/2025/12/1765249046-20251209104228_110_60.webp HTTP/1.1" 200 64834 "http://cqqizhou.com/2339/" "Mozilla/5.0 (Linux; Android 15; 2308CPXD0C Build/AQ3A.240912.001; wv) AppleWebKit/537.36 (KHTML, like Gecko) Version/4.0 Chrome/142.0.7444.172 Mobile Safari/537.36 XWEB/1420045 MMWEBSDK/20251006 MMWEBID/5363 MicroMessenger/8.0.66.2980(0x28004236) WeChat/arm64 Weixin NetType/WIFI Language/zh_CN ABI/arm64"
183.226.191.210 - - [11/Dec/2025:21:41:38 +0800] "GET /wp-content/uploads/2025/08/1755826456-DSC01841.webp HTTP/1.1" 200 87046 "http://cqqizhou.com/2339/" "Mozilla/5.0 (Linux; Android 15; 2308CPXD0C Build/AQ3A.240912.001; wv) AppleWebKit/537.36 (KHTML, like Gecko) Version/4.0 Chrome/142.0.7444.172 Mobile Safari/537.36 XWEB/1420045 MMWEBSDK/20251006 MMWEBID/5363 MicroMessenger/8.0.66.2980(0x28004236) WeChat/arm64 Weixin NetType/WIFI Language/zh_CN ABI/arm64"
208.122.198.227 - - [11/Dec/2025:21:54:45 +0800] "GET / HTTP/1.1" 200 34102 "-" "curl/8.11.1"
36.133.115.36 - - [11/Dec/2025:21:56:49 +0800] "POST /wp-cron.php?doing_wp_cron=1765461409.5246610641479492187500 HTTP/1.1" 200 31 "-" "WordPress/6.8.3; http://cqqizhou.com"
193.142.147.209 - - [11/Dec/2025:21:56:49 +0800] "GET /cgi-bin/luci/;stok=/locale HTTP/1.1" 301 5 "-" "-"
193.142.147.209 - - [11/Dec/2025:21:56:51 +0800] "GET /cgi-bin/luci/;stok=/locale HTTP/1.1" 404 31364 "http://36.133.115.36:80/cgi-bin/luci/;stok=/locale" "-"
36.133.115.36 - - [11/Dec/2025:22:11:18 +0800] "POST /wp-cron.php?doing_wp_cron=1765462278.6503570079803466796875 HTTP/1.1" 200 31 "-" "WordPress/6.8.3; http://cqqizhou.com"
43.157.142.101 - - [11/Dec/2025:22:11:18 +0800] "GET / HTTP/1.1" 200 33673 "-" "Mozilla/5.0 (iPhone; CPU iPhone OS 13_2_3 like Mac OS X) AppleWebKit/605.1.15 (KHTML, like Gecko) Version/13.0.3 Mobile/15E148 Safari/604.1"
36.133.115.36 - - [11/Dec/2025:22:16:44 +0800] "POST /wp-cron.php?doing_wp_cron=1765462604.5355639457702636718750 HTTP/1.1" 200 31 "-" "WordPress/6.8.3; http://cqqizhou.com"
111.172.7.1 - - [11/Dec/2025:22:16:44 +0800] "GET / HTTP/1.1" 200 33673 "-" "Mozilla/5.0 (Linux; Android 11; Pixel 5) AppleWebKit/537.36 (KHTML, like Gecko) Chrome/113.0.5672.53 Mobile Safari/537.36"
36.133.115.36 - - [11/Dec/2025:22:17:50 +0800] "POST /wp-cron.php?doing_wp_cron=1765462670.7017788887023925781250 HTTP/1.1" 200 31 "-" "WordPress/6.8.3; http://cqqizhou.com"
115.237.59.18 - - [11/Dec/2025:22:17:50 +0800] "GET / HTTP/1.0" 301 0 "https://www.baidu.com/" "Mozilla/5.0 (Macintosh; Intel Mac OS X 10_15_6) AppleWebKit/537.36 (KHTML, like Gecko) Chrome/91.0.4472.164 Safari/537.36"
115.237.59.18 - - [11/Dec/2025:22:17:51 +0800] "GET / HTTP/1.0" 200 153956 "https://www.baidu.com/" "Mozilla/5.0 (Macintosh; Intel Mac OS X 10_15_6) AppleWebKit/537.36 (KHTML, like Gecko) Chrome/91.0.4472.164 Safari/537.36"
123.163.180.237 - - [11/Dec/2025:22:29:23 +0800] "GET //about/ HTTP/1.0" 200 119260 "https://www.baidu.com/" "Mozilla/5.0 (Macintosh; Intel Mac OS X 10_15_6) AppleWebKit/537.36 (KHTML, like Gecko) Chrome/91.0.4472.164 Safari/537.36"
175.155.50.20 - - [11/Dec/2025:22:36:45 +0800] "GET //contacts/ HTTP/1.0" 200 78571 "https://www.baidu.com/" "Mozilla/5.0 (Macintosh; Intel Mac OS X 10_15_6) AppleWebKit/537.36 (KHTML, like Gecko) Chrome/91.0.4472.164 Safari/537.36"
117.57.74.231 - - [11/Dec/2025:22:37:21 +0800] "GET //about/ HTTP/1.0" 200 119260 "https://www.baidu.com/" "Mozilla/5.0 (Macintosh; Intel Mac OS X 10_15_6) AppleWebKit/537.36 (KHTML, like Gecko) Chrome/91.0.4472.164 Safari/537.36"
36.133.115.36 - - [11/Dec/2025:22:42:11 +0800] "POST /wp-cron.php?doing_wp_cron=1765464131.1756730079650878906250 HTTP/1.1" 200 31 "-" "WordPress/6.8.3; http://cqqizhou.com"
18.212.191.79 - - [11/Dec/2025:22:42:11 +0800] "GET / HTTP/1.1" 301 5 "-" "Mozilla/5.0 (Windows NT 10.0; Win64; x64) AppleWebKit/537.36 (KHTML, like Gecko) Chrome/136.0.0.0 Safari/537.36"
36.133.115.36 - - [11/Dec/2025:22:51:09 +0800] "POST /wp-cron.php?doing_wp_cron=1765464669.2240760326385498046875 HTTP/1.1" 200 31 "-" "WordPress/6.8.3; http://cqqizhou.com"
66.132.153.117 - - [11/Dec/2025:22:51:09 +0800] "GET /security.txt HTTP/1.1" 200 19536 "-" "Mozilla/5.0 (compatible; CensysInspect/1.1; +https://about.censys.io/)"
36.133.115.36 - - [11/Dec/2025:22:54:41 +0800] "POST /wp-cron.php?doing_wp_cron=1765464881.6984510421752929687500 HTTP/1.1" 200 31 "-" "WordPress/6.8.3; http://cqqizhou.com"
123.147.244.135 - - [11/Dec/2025:22:54:41 +0800] "GET /2339/ HTTP/1.1" 200 20651 "-" "Mozilla/5.0 (iPhone; CPU iPhone OS 18_5 like Mac OS X) AppleWebKit/605.1.15 (KHTML, like Gecko) Mobile/15E148 MicroMessenger/8.0.66(0x1800422a) NetType/4G Language/zh_CN"
123.147.244.135 - - [11/Dec/2025:22:54:42 +0800] "GET /wp-content/uploads/2025/12/1765253089-20251209103501_96_61.webp HTTP/1.1" 200 37758 "http://cqqizhou.com/2339/" "Mozilla/5.0 (iPhone; CPU iPhone OS 18_5 like Mac OS X) AppleWebKit/605.1.15 (KHTML, like Gecko) Mobile/15E148 MicroMessenger/8.0.66(0x1800422a) NetType/4G Language/zh_CN"
123.147.244.135 - - [11/Dec/2025:22:54:42 +0800] "GET /wp-content/uploads/2025/07/1753410289-News2000%C3%97400_202571.webp HTTP/1.1" 200 17830 "http://cqqizhou.com/2339/" "Mozilla/5.0 (iPhone; CPU iPhone OS 18_5 like Mac OS X) AppleWebKit/605.1.15 (KHTML, like Gecko) Mobile/15E148 MicroMessenger/8.0.66(0x1800422a) NetType/4G Language/zh_CN"
123.147.244.135 - - [11/Dec/2025:22:54:43 +0800] "GET /wp-content/uploads/2025/12/1765248735-20251209104226_108_60.webp HTTP/1.1" 200 55962 "http://cqqizhou.com/2339/" "Mozilla/5.0 (iPhone; CPU iPhone OS 18_5 like Mac OS X) AppleWebKit/605.1.15 (KHTML, like Gecko) Mobile/15E148 MicroMessenger/8.0.66(0x1800422a) NetType/4G Language/zh_CN"
123.147.244.135 - - [11/Dec/2025:22:54:43 +0800] "GET /wp-content/uploads/2025/09/1756868614-20250903104654_74_5-150x150.webp HTTP/1.1" 200 5712 "http://cqqizhou.com/2339/" "Mozilla/5.0 (iPhone; CPU iPhone OS 18_5 like Mac OS X) AppleWebKit/605.1.15 (KHTML, like Gecko) Mobile/15E148 MicroMessenger/8.0.66(0x1800422a) NetType/4G Language/zh_CN"
123.147.244.135 - - [11/Dec/2025:22:54:43 +0800] "GET /wp-content/uploads/2025/08/1755826456-DSC01841.webp HTTP/1.1" 200 87046 "http://cqqizhou.com/2339/" "Mozilla/5.0 (iPhone; CPU iPhone OS 18_5 like Mac OS X) AppleWebKit/605.1.15 (KHTML, like Gecko) Mobile/15E148 MicroMessenger/8.0.66(0x1800422a) NetType/4G Language/zh_CN"
123.147.244.135 - - [11/Dec/2025:22:54:43 +0800] "GET /wp-content/uploads/2025/09/1756868614-20250903104654_74_5.webp HTTP/1.1" 200 47858 "http://cqqizhou.com/2339/" "Mozilla/5.0 (iPhone; CPU iPhone OS 18_5 like Mac OS X) AppleWebKit/605.1.15 (KHTML, like Gecko) Mobile/15E148 MicroMessenger/8.0.66(0x1800422a) NetType/4G Language/zh_CN"
123.147.244.135 - - [11/Dec/2025:22:54:43 +0800] "GET /wp-content/uploads/2025/12/1765248770-20251209104226_107_60.webp HTTP/1.1" 200 66916 "http://cqqizhou.com/2339/" "Mozilla/5.0 (iPhone; CPU iPhone OS 18_5 like Mac OS X) AppleWebKit/605.1.15 (KHTML, like Gecko) Mobile/15E148 MicroMessenger/8.0.66(0x1800422a) NetType/4G Language/zh_CN"
123.147.244.135 - - [11/Dec/2025:22:54:43 +0800] "GET /wp-content/uploads/2025/07/1751425283-qizhou.kf_.qq_.com_.webp HTTP/1.1" 200 16864 "http://cqqizhou.com/2339/" "Mozilla/5.0 (iPhone; CPU iPhone OS 18_5 like Mac OS X) AppleWebKit/605.1.15 (KHTML, like Gecko) Mobile/15E148 MicroMessenger/8.0.66(0x1800422a) NetType/4G Language/zh_CN"
