14.108.232.233 - - [09/Dec/2025:17:57:47 +0800] "GET /wp-content/uploads/2025/09/1756868614-20250903104654_74_5.webp HTTP/1.1" 200 47858 "http://cqqizhou.com/2339/" "Mozilla/5.0 (Linux; Android 16; PKR110 Build/AP3A.240617.008; wv) AppleWebKit/537.36 (KHTML, like Gecko) Version/4.0 Chrome/142.0.7444.172 Mobile Safari/537.36 XWEB/1420045 MMWEBSDK/20251006 MMWEBID/1954 MicroMessenger/8.0.66.2980(0x28004234) WeChat/arm64 Weixin NetType/WIFI Language/zh_CN ABI/arm64"
14.108.232.233 - - [09/Dec/2025:17:57:47 +0800] "GET /wp-content/uploads/2025/07/1753410289-News2000%C3%97400_202571.webp HTTP/1.1" 200 17830 "http://cqqizhou.com/2339/" "Mozilla/5.0 (Linux; Android 16; PKR110 Build/AP3A.240617.008; wv) AppleWebKit/537.36 (KHTML, like Gecko) Version/4.0 Chrome/142.0.7444.172 Mobile Safari/537.36 XWEB/1420045 MMWEBSDK/20251006 MMWEBID/1954 MicroMessenger/8.0.66.2980(0x28004234) WeChat/arm64 Weixin NetType/WIFI Language/zh_CN ABI/arm64"
14.108.232.233 - - [09/Dec/2025:17:57:47 +0800] "GET /wp-content/uploads/2025/08/1755826456-DSC01841.webp HTTP/1.1" 200 87046 "http://cqqizhou.com/2339/" "Mozilla/5.0 (Linux; Android 16; PKR110 Build/AP3A.240617.008; wv) AppleWebKit/537.36 (KHTML, like Gecko) Version/4.0 Chrome/142.0.7444.172 Mobile Safari/537.36 XWEB/1420045 MMWEBSDK/20251006 MMWEBID/1954 MicroMessenger/8.0.66.2980(0x28004234) WeChat/arm64 Weixin NetType/WIFI Language/zh_CN ABI/arm64"
14.108.232.233 - - [09/Dec/2025:17:57:47 +0800] "GET /wp-content/uploads/2025/12/1765249046-20251209104228_110_60.webp HTTP/1.1" 200 64834 "http://cqqizhou.com/2339/" "Mozilla/5.0 (Linux; Android 16; PKR110 Build/AP3A.240617.008; wv) AppleWebKit/537.36 (KHTML, like Gecko) Version/4.0 Chrome/142.0.7444.172 Mobile Safari/537.36 XWEB/1420045 MMWEBSDK/20251006 MMWEBID/1954 MicroMessenger/8.0.66.2980(0x28004234) WeChat/arm64 Weixin NetType/WIFI Language/zh_CN ABI/arm64"
14.108.232.233 - - [09/Dec/2025:17:57:47 +0800] "GET /wp-content/uploads/2025/07/1751425283-qizhou.kf_.qq_.com_.webp HTTP/1.1" 200 16864 "http://cqqizhou.com/2339/" "Mozilla/5.0 (Linux; Android 16; PKR110 Build/AP3A.240617.008; wv) AppleWebKit/537.36 (KHTML, like Gecko) Version/4.0 Chrome/142.0.7444.172 Mobile Safari/537.36 XWEB/1420045 MMWEBSDK/20251006 MMWEBID/1954 MicroMessenger/8.0.66.2980(0x28004234) WeChat/arm64 Weixin NetType/WIFI Language/zh_CN ABI/arm64"
14.108.232.115 - - [09/Dec/2025:17:58:29 +0800] "GET /wp-content/uploads/2025/12/1765249046-20251209104228_110_60.webp HTTP/1.1" 200 64834 "http://cqqizhou.com/2339/" "Mozilla/5.0 (iPhone; CPU iPhone OS 17_6_1 like Mac OS X) AppleWebKit/605.1.15 (KHTML, like Gecko) Mobile/15E148 MicroMessenger/8.0.66(0x18004229) NetType/WIFI Language/zh_CN"
36.133.115.36 - - [09/Dec/2025:17:58:48 +0800] "POST /wp-cron.php?doing_wp_cron=1765274328.3317680358886718750000 HTTP/1.1" 200 31 "-" "WordPress/6.8.3; http://cqqizhou.com"
14.108.233.226 - - [09/Dec/2025:17:58:48 +0800] "POST /wp-admin/admin-ajax.php HTTP/1.1" 200 78 "http://cqqizhou.com/wp-admin/index.php" "Mozilla/5.0 (Windows NT 10.0; Win64; x64) AppleWebKit/537.36 (KHTML, like Gecko) Chrome/142.0.0.0 Safari/537.36 Edg/142.0.0.0"
14.108.232.115 - - [09/Dec/2025:17:59:20 +0800] "GET /2231/ HTTP/1.1" 200 19699 "http://cqqizhou.com/2339/" "Mozilla/5.0 (iPhone; CPU iPhone OS 17_6_1 like Mac OS X) AppleWebKit/605.1.15 (KHTML, like Gecko) Mobile/15E148 MicroMessenger/8.0.66(0x18004229) NetType/WIFI Language/zh_CN"
14.108.232.115 - - [09/Dec/2025:17:59:20 +0800] "GET /wp-content/uploads/2025/09/1756868585-20250903104658_78_5.webp HTTP/1.1" 200 39636 "http://cqqizhou.com/2231/" "Mozilla/5.0 (iPhone; CPU iPhone OS 17_6_1 like Mac OS X) AppleWebKit/605.1.15 (KHTML, like Gecko) Mobile/15E148 MicroMessenger/8.0.66(0x18004229) NetType/WIFI Language/zh_CN"
14.108.232.115 - - [09/Dec/2025:17:59:20 +0800] "GET /wp-content/uploads/2025/08/1755826456-DSC01841-150x150.webp HTTP/1.1" 200 9850 "http://cqqizhou.com/2231/" "Mozilla/5.0 (iPhone; CPU iPhone OS 17_6_1 like Mac OS X) AppleWebKit/605.1.15 (KHTML, like Gecko) Mobile/15E148 MicroMessenger/8.0.66(0x18004229) NetType/WIFI Language/zh_CN"
14.108.232.115 - - [09/Dec/2025:17:59:20 +0800] "GET /wp-content/uploads/2025/12/1765253089-20251209103501_96_61-150x150.webp HTTP/1.1" 200 5198 "http://cqqizhou.com/2231/" "Mozilla/5.0 (iPhone; CPU iPhone OS 17_6_1 like Mac OS X) AppleWebKit/605.1.15 (KHTML, like Gecko) Mobile/15E148 MicroMessenger/8.0.66(0x18004229) NetType/WIFI Language/zh_CN"
36.133.115.36 - - [09/Dec/2025:17:59:49 +0800] "POST /wp-cron.php?doing_wp_cron=1765274389.8310239315032958984375 HTTP/1.1" 200 31 "-" "WordPress/6.8.3; http://cqqizhou.com"
39.144.224.83 - - [09/Dec/2025:17:59:50 +0800] "GET /2339/ HTTP/1.1" 200 20666 "-" "Mozilla/5.0 (Linux; Android 15; 23013RK75C Build/AQ3A.240912.001; wv) AppleWebKit/537.36 (KHTML, like Gecko) Version/4.0 Chrome/142.0.7444.172 Mobile Safari/537.36 XWEB/1420045 MMWEBSDK/20251006 MMWEBID/3331 MicroMessenger/8.0.66.2980(0x28004234) WeChat/arm64 Weixin NetType/5G Language/zh_CN ABI/arm64"
39.144.224.83 - - [09/Dec/2025:17:59:50 +0800] "GET /wp-content/uploads/2025/12/1765253089-20251209103501_96_61.webp HTTP/1.1" 304 0 "http://cqqizhou.com/2339/" "Mozilla/5.0 (Linux; Android 15; 23013RK75C Build/AQ3A.240912.001; wv) AppleWebKit/537.36 (KHTML, like Gecko) Version/4.0 Chrome/142.0.7444.172 Mobile Safari/537.36 XWEB/1420045 MMWEBSDK/20251006 MMWEBID/3331 MicroMessenger/8.0.66.2980(0x28004234) WeChat/arm64 Weixin NetType/5G Language/zh_CN ABI/arm64"
39.144.224.83 - - [09/Dec/2025:17:59:50 +0800] "GET /wp-content/uploads/2025/12/1765248770-20251209104226_107_60.webp HTTP/1.1" 304 0 "http://cqqizhou.com/2339/" "Mozilla/5.0 (Linux; Android 15; 23013RK75C Build/AQ3A.240912.001; wv) AppleWebKit/537.36 (KHTML, like Gecko) Version/4.0 Chrome/142.0.7444.172 Mobile Safari/537.36 XWEB/1420045 MMWEBSDK/20251006 MMWEBID/3331 MicroMessenger/8.0.66.2980(0x28004234) WeChat/arm64 Weixin NetType/5G Language/zh_CN ABI/arm64"
39.144.224.83 - - [09/Dec/2025:17:59:50 +0800] "GET /wp-content/uploads/2025/12/1765248735-20251209104226_108_60.webp HTTP/1.1" 304 0 "http://cqqizhou.com/2339/" "Mozilla/5.0 (Linux; Android 15; 23013RK75C Build/AQ3A.240912.001; wv) AppleWebKit/537.36 (KHTML, like Gecko) Version/4.0 Chrome/142.0.7444.172 Mobile Safari/537.36 XWEB/1420045 MMWEBSDK/20251006 MMWEBID/3331 MicroMessenger/8.0.66.2980(0x28004234) WeChat/arm64 Weixin NetType/5G Language/zh_CN ABI/arm64"
39.144.224.83 - - [09/Dec/2025:17:59:50 +0800] "GET /wp-content/uploads/2025/12/1765249046-20251209104228_110_60.webp HTTP/1.1" 304 0 "http://cqqizhou.com/2339/" "Mozilla/5.0 (Linux; Android 15; 23013RK75C Build/AQ3A.240912.001; wv) AppleWebKit/537.36 (KHTML, like Gecko) Version/4.0 Chrome/142.0.7444.172 Mobile Safari/537.36 XWEB/1420045 MMWEBSDK/20251006 MMWEBID/3331 MicroMessenger/8.0.66.2980(0x28004234) WeChat/arm64 Weixin NetType/5G Language/zh_CN ABI/arm64"
36.133.115.36 - - [09/Dec/2025:18:00:49 +0800] "POST /wp-cron.php?doing_wp_cron=1765274449.3815639019012451171875 HTTP/1.1" 200 31 "-" "WordPress/6.8.3; http://cqqizhou.com"
14.108.233.226 - - [09/Dec/2025:18:00:49 +0800] "POST /wp-admin/admin-ajax.php HTTP/1.1" 200 78 "http://cqqizhou.com/wp-admin/index.php" "Mozilla/5.0 (Windows NT 10.0; Win64; x64) AppleWebKit/537.36 (KHTML, like Gecko) Chrome/142.0.0.0 Safari/537.36 Edg/142.0.0.0"
61.155.157.14 - - [09/Dec/2025:18:01:02 +0800] "GET / HTTP/1.1" 200 39593 "-" "Mozilla/5.0 (Windows NT 10.0; Win64; x64) AppleWebKit/537.36 (KHTML, like Gecko) Chrome/100.0.4896.127 Safari/537.36"
61.155.157.14 - - [09/Dec/2025:18:01:04 +0800] "GET /wp-content/uploads/2025/07/1751425283-qizhou.kf_.qq_.com_.webp HTTP/1.1" 200 16864 "http://cqqizhou.com/" "Mozilla/5.0 (Windows NT 10.0; Win64; x64) AppleWebKit/537.36 (KHTML, like Gecko) Chrome/100.0.4896.127 Safari/537.36"
61.155.157.14 - - [09/Dec/2025:18:01:09 +0800] "GET /wp-content/uploads/2025/07/1751425283-qizhou.kf_.qq_.com_.webp HTTP/1.1" 200 16864 "http://cqqizhou.com/" "Mozilla/5.0 (Windows NT 10.0; Win64; x64) AppleWebKit/537.36 (KHTML, like Gecko) Chrome/100.0.4896.127 Safari/537.36"
61.155.157.14 - - [09/Dec/2025:18:01:09 +0800] "GET /wp-content/uploads/2025/07/1753456723-%E5%8F%8C%E7%9B%B8%E9%92%A2roduct_Single600.webp HTTP/1.1" 200 22790 "http://cqqizhou.com/" "Mozilla/5.0 (Windows NT 10.0; Win64; x64) AppleWebKit/537.36 (KHTML, like Gecko) Chrome/100.0.4896.127 Safari/537.36"
61.155.157.14 - - [09/Dec/2025:18:01:09 +0800] "GET /wp-content/uploads/2025/07/1753453096-%E5%8F%8C%E7%9B%B8%E9%92%A2product_Single600%C3%97284.webp HTTP/1.1" 200 14562 "http://cqqizhou.com/" "Mozilla/5.0 (Windows NT 10.0; Win64; x64) AppleWebKit/537.36 (KHTML, like Gecko) Chrome/100.0.4896.127 Safari/537.36"
61.155.157.14 - - [09/Dec/2025:18:01:09 +0800] "GET /wp-content/uploads/2025/07/1753456770-%E7%83%AD%E9%95%80%E9%94%8C%E5%8D%B7product_Single600.webp HTTP/1.1" 200 27502 "http://cqqizhou.com/" "Mozilla/5.0 (Windows NT 10.0; Win64; x64) AppleWebKit/537.36 (KHTML, like Gecko) Chrome/100.0.4896.127 Safari/537.36"
61.155.157.14 - - [09/Dec/2025:18:01:09 +0800] "GET /wp-content/uploads/2025/07/1753453127-%E4%BD%99%E5%8D%B7product_Single600%C3%97284.webp HTTP/1.1" 200 18744 "http://cqqizhou.com/" "Mozilla/5.0 (Windows NT 10.0; Win64; x64) AppleWebKit/537.36 (KHTML, like Gecko) Chrome/100.0.4896.127 Safari/537.36"
61.155.157.14 - - [09/Dec/2025:18:01:15 +0800] "GET /wp-content/uploads/2025/07/1753456723-%E5%8F%8C%E7%9B%B8%E9%92%A2roduct_Single600.webp HTTP/1.1" 200 22790 "http://cqqizhou.com/" "Mozilla/5.0 (Windows NT 10.0; Win64; x64) AppleWebKit/537.36 (KHTML, like Gecko) Chrome/100.0.4896.127 Safari/537.36"
61.155.157.14 - - [09/Dec/2025:18:01:15 +0800] "GET /wp-content/uploads/2025/07/1751425283-qizhou.kf_.qq_.com_.webp HTTP/1.1" 200 16864 "http://cqqizhou.com/" "Mozilla/5.0 (Windows NT 10.0; Win64; x64) AppleWebKit/537.36 (KHTML, like Gecko) Chrome/100.0.4896.127 Safari/537.36"
61.155.157.14 - - [09/Dec/2025:18:01:15 +0800] "GET /wp-content/uploads/2025/07/1753453096-%E5%8F%8C%E7%9B%B8%E9%92%A2product_Single600%C3%97284.webp HTTP/1.1" 200 14562 "http://cqqizhou.com/" "Mozilla/5.0 (Windows NT 10.0; Win64; x64) AppleWebKit/537.36 (KHTML, like Gecko) Chrome/100.0.4896.127 Safari/537.36"
61.155.157.14 - - [09/Dec/2025:18:01:15 +0800] "GET /wp-content/uploads/2025/07/1751425283-qizhou.kf_.qq_.com_.webp HTTP/1.1" 200 16864 "http://cqqizhou.com/" "Mozilla/5.0 (Windows NT 10.0; Win64; x64) AppleWebKit/537.36 (KHTML, like Gecko) Chrome/100.0.4896.127 Safari/537.36"
39.144.224.83 - - [09/Dec/2025:18:01:34 +0800] "GET /2339/ HTTP/1.1" 200 20666 "-" "Mozilla/5.0 (Linux; Android 15; 23013RK75C Build/AQ3A.240912.001; wv) AppleWebKit/537.36 (KHTML, like Gecko) Version/4.0 Chrome/142.0.7444.172 Mobile Safari/537.36 XWEB/1420045 MMWEBSDK/20251006 MMWEBID/3331 MicroMessenger/8.0.66.2980(0x28004234) WeChat/arm64 Weixin NetType/5G Language/zh_CN ABI/arm64"
36.133.115.36 - - [09/Dec/2025:18:02:24 +0800] "POST /wp-cron.php?doing_wp_cron=1765274544.2622020244598388671875 HTTP/1.1" 200 31 "-" "WordPress/6.8.3; http://cqqizhou.com"
14.108.232.115 - - [09/Dec/2025:18:02:24 +0800] "GET /2339/ HTTP/1.1" 200 20666 "-" "Mozilla/5.0 (iPhone; CPU iPhone OS 17_6_1 like Mac OS X) AppleWebKit/605.1.15 (KHTML, like Gecko) Mobile/15E148 wxwork/5.0.2 MicroMessenger/7.0.1 Language/zh ColorScheme/Light wwmver/3.26.502.378"
14.108.232.115 - - [09/Dec/2025:18:02:24 +0800] "GET /wp-content/uploads/2025/12/1765253089-20251209103501_96_61.webp HTTP/1.1" 200 37758 "http://cqqizhou.com/2339/" "Mozilla/5.0 (iPhone; CPU iPhone OS 17_6_1 like Mac OS X) AppleWebKit/605.1.15 (KHTML, like Gecko) Mobile/15E148 wxwork/5.0.2 MicroMessenger/7.0.1 Language/zh ColorScheme/Light wwmver/3.26.502.378"
14.108.232.115 - - [09/Dec/2025:18:02:24 +0800] "GET /wp-content/uploads/2025/07/1753410289-News2000%C3%97400_202571.webp HTTP/1.1" 200 17830 "http://cqqizhou.com/2339/" "Mozilla/5.0 (iPhone; CPU iPhone OS 17_6_1 like Mac OS X) AppleWebKit/605.1.15 (KHTML, like Gecko) Mobile/15E148 wxwork/5.0.2 MicroMessenger/7.0.1 Language/zh ColorScheme/Light wwmver/3.26.502.378"
14.108.232.115 - - [09/Dec/2025:18:02:24 +0800] "GET /wp-content/uploads/2025/12/1765248735-20251209104226_108_60.webp HTTP/1.1" 200 55962 "http://cqqizhou.com/2339/" "Mozilla/5.0 (iPhone; CPU iPhone OS 17_6_1 like Mac OS X) AppleWebKit/605.1.15 (KHTML, like Gecko) Mobile/15E148 wxwork/5.0.2 MicroMessenger/7.0.1 Language/zh ColorScheme/Light wwmver/3.26.502.378"
14.108.232.115 - - [09/Dec/2025:18:02:24 +0800] "GET /wp-content/uploads/2025/12/1765248770-20251209104226_107_60.webp HTTP/1.1" 200 66916 "http://cqqizhou.com/2339/" "Mozilla/5.0 (iPhone; CPU iPhone OS 17_6_1 like Mac OS X) AppleWebKit/605.1.15 (KHTML, like Gecko) Mobile/15E148 wxwork/5.0.2 MicroMessenger/7.0.1 Language/zh ColorScheme/Light wwmver/3.26.502.378"
14.108.232.115 - - [09/Dec/2025:18:02:24 +0800] "GET /wp-content/uploads/2025/09/1756868614-20250903104654_74_5-150x150.webp HTTP/1.1" 200 5712 "http://cqqizhou.com/2339/" "Mozilla/5.0 (iPhone; CPU iPhone OS 17_6_1 like Mac OS X) AppleWebKit/605.1.15 (KHTML, like Gecko) Mobile/15E148 wxwork/5.0.2 MicroMessenger/7.0.1 Language/zh ColorScheme/Light wwmver/3.26.502.378"
14.108.232.115 - - [09/Dec/2025:18:02:24 +0800] "GET /wp-content/uploads/2025/09/1756868614-20250903104654_74_5.webp HTTP/1.1" 200 47858 "http://cqqizhou.com/2339/" "Mozilla/5.0 (iPhone; CPU iPhone OS 17_6_1 like Mac OS X) AppleWebKit/605.1.15 (KHTML, like Gecko) Mobile/15E148 wxwork/5.0.2 MicroMessenger/7.0.1 Language/zh ColorScheme/Light wwmver/3.26.502.378"
14.108.232.115 - - [09/Dec/2025:18:02:24 +0800] "GET /wp-content/uploads/2025/08/1755826456-DSC01841.webp HTTP/1.1" 200 87046 "http://cqqizhou.com/2339/" "Mozilla/5.0 (iPhone; CPU iPhone OS 17_6_1 like Mac OS X) AppleWebKit/605.1.15 (KHTML, like Gecko) Mobile/15E148 wxwork/5.0.2 MicroMessenger/7.0.1 Language/zh ColorScheme/Light wwmver/3.26.502.378"
14.108.232.115 - - [09/Dec/2025:18:02:24 +0800] "GET /wp-content/uploads/2025/07/1751425283-qizhou.kf_.qq_.com_.webp HTTP/1.1" 200 16864 "http://cqqizhou.com/2339/" "Mozilla/5.0 (iPhone; CPU iPhone OS 17_6_1 like Mac OS X) AppleWebKit/605.1.15 (KHTML, like Gecko) Mobile/15E148 wxwork/5.0.2 MicroMessenger/7.0.1 Language/zh ColorScheme/Light wwmver/3.26.502.378"
113.62.175.234 - - [09/Dec/2025:18:02:35 +0800] "GET / HTTP/1.1" 301 5 "-" "Mozilla/5.0 (Windows NT 10.0; Win64; x64) AppleWebKit/537.36 (KHTML, like Gecko) Chrome/113.0.0.0 Safari/537.36"
113.62.175.234 - - [09/Dec/2025:18:02:35 +0800] "GET / HTTP/1.1" 200 39593 "-" "Mozilla/5.0 (Windows NT 10.0; Win64; x64) AppleWebKit/537.36 (KHTML, like Gecko) Chrome/113.0.0.0 Safari/537.36"
36.133.115.36 - - [09/Dec/2025:18:02:50 +0800] "POST /wp-cron.php?doing_wp_cron=1765274570.3659160137176513671875 HTTP/1.1" 200 31 "-" "WordPress/6.8.3; http://cqqizhou.com"
14.108.233.226 - - [09/Dec/2025:18:02:50 +0800] "POST /wp-admin/admin-ajax.php HTTP/1.1" 200 78 "http://cqqizhou.com/wp-admin/index.php" "Mozilla/5.0 (Windows NT 10.0; Win64; x64) AppleWebKit/537.36 (KHTML, like Gecko) Chrome/142.0.0.0 Safari/537.36 Edg/142.0.0.0"
14.108.232.115 - - [09/Dec/2025:18:02:57 +0800] "GET /wp-content/uploads/2025/12/1765249046-20251209104228_110_60.webp HTTP/1.1" 200 64834 "http://cqqizhou.com/2339/" "Mozilla/5.0 (iPhone; CPU iPhone OS 17_6_1 like Mac OS X) AppleWebKit/605.1.15 (KHTML, like Gecko) Mobile/15E148 wxwork/5.0.2 MicroMessenger/7.0.1 Language/zh ColorScheme/Light wwmver/3.26.502.378"
14.108.232.115 - - [09/Dec/2025:18:03:05 +0800] "GET /2215/ HTTP/1.1" 499 0 "http://cqqizhou.com/2339/" "Mozilla/5.0 (iPhone; CPU iPhone OS 17_6_1 like Mac OS X) AppleWebKit/605.1.15 (KHTML, like Gecko) Mobile/15E148 wxwork/5.0.2 MicroMessenger/7.0.1 Language/zh ColorScheme/Light wwmver/3.26.502.378"
14.108.232.115 - - [09/Dec/2025:18:03:05 +0800] "GET /2215/ HTTP/1.1" 499 0 "http://cqqizhou.com/2339/" "Mozilla/5.0 (iPhone; CPU iPhone OS 17_6_1 like Mac OS X) AppleWebKit/605.1.15 (KHTML, like Gecko) Mobile/15E148 wxwork/5.0.2 MicroMessenger/7.0.1 Language/zh ColorScheme/Light wwmver/3.26.502.378"
14.108.232.115 - - [09/Dec/2025:18:03:06 +0800] "GET /2215/ HTTP/1.1" 200 20168 "http://cqqizhou.com/2339/" "Mozilla/5.0 (iPhone; CPU iPhone OS 17_6_1 like Mac OS X) AppleWebKit/605.1.15 (KHTML, like Gecko) Mobile/15E148 wxwork/5.0.2 MicroMessenger/7.0.1 Language/zh ColorScheme/Light wwmver/3.26.502.378"
14.108.232.115 - - [09/Dec/2025:18:03:06 +0800] "GET /wp-content/uploads/2025/08/1755826390-DSC01765-150x150.webp HTTP/1.1" 200 6586 "http://cqqizhou.com/2215/" "Mozilla/5.0 (iPhone; CPU iPhone OS 17_6_1 like Mac OS X) AppleWebKit/605.1.15 (KHTML, like Gecko) Mobile/15E148 wxwork/5.0.2 MicroMessenger/7.0.1 Language/zh ColorScheme/Light wwmver/3.26.502.378"
14.108.232.115 - - [09/Dec/2025:18:03:12 +0800] "GET /2214/ HTTP/1.1" 200 21370 "http://cqqizhou.com/2215/" "Mozilla/5.0 (iPhone; CPU iPhone OS 17_6_1 like Mac OS X) AppleWebKit/605.1.15 (KHTML, like Gecko) Mobile/15E148 wxwork/5.0.2 MicroMessenger/7.0.1 Language/zh ColorScheme/Light wwmver/3.26.502.378"
14.108.232.115 - - [09/Dec/2025:18:03:12 +0800] "GET /wp-content/uploads/2025/08/1755826390-DSC01765.webp HTTP/1.1" 200 71514 "http://cqqizhou.com/2214/" "Mozilla/5.0 (iPhone; CPU iPhone OS 17_6_1 like Mac OS X) AppleWebKit/605.1.15 (KHTML, like Gecko) Mobile/15E148 wxwork/5.0.2 MicroMessenger/7.0.1 Language/zh ColorScheme/Light wwmver/3.26.502.378"
14.108.232.115 - - [09/Dec/2025:18:03:12 +0800] "GET /wp-content/uploads/2025/07/1753455746-DSC01472-150x150.webp HTTP/1.1" 200 4760 "http://cqqizhou.com/2214/" "Mozilla/5.0 (iPhone; CPU iPhone OS 17_6_1 like Mac OS X) AppleWebKit/605.1.15 (KHTML, like Gecko) Mobile/15E148 wxwork/5.0.2 MicroMessenger/7.0.1 Language/zh ColorScheme/Light wwmver/3.26.502.378"
14.108.232.115 - - [09/Dec/2025:18:03:12 +0800] "GET /wp-content/uploads/2025/08/1755826456-DSC01841-150x150.webp HTTP/1.1" 200 9850 "http://cqqizhou.com/2214/" "Mozilla/5.0 (iPhone; CPU iPhone OS 17_6_1 like Mac OS X) AppleWebKit/605.1.15 (KHTML, like Gecko) Mobile/15E148 wxwork/5.0.2 MicroMessenger/7.0.1 Language/zh ColorScheme/Light wwmver/3.26.502.378"
221.178.143.70 - - [09/Dec/2025:18:08:04 +0800] "GET / HTTP/1.1" 200 39593 "-" "Mozilla/5.0 (Macintosh; Intel Mac OS X 10_11) AppleWebKit/601.1.27 (KHTML, like Gecko) Chrome/47.0.2526.106 Safari/601.1.27"
36.133.115.36 - - [09/Dec/2025:18:08:55 +0800] "POST /wp-cron.php?doing_wp_cron=1765274935.5049049854278564453125 HTTP/1.1" 200 31 "-" "WordPress/6.8.3; http://cqqizhou.com"
221.178.143.70 - - [09/Dec/2025:18:08:55 +0800] "GET / HTTP/1.1" 200 33677 "-" "Dalvik/2.1.0 (Linux; U; Android 9.0; ZTE BA520 Build/MRA58K)"
36.133.115.36 - - [09/Dec/2025:18:10:21 +0800] "POST /wp-cron.php?doing_wp_cron=1765275021.8944089412689208984375 HTTP/1.1" 200 31 "-" "WordPress/6.8.3; http://cqqizhou.com"
221.178.143.70 - - [09/Dec/2025:18:10:22 +0800] "GET / HTTP/1.1" 200 33676 "-" "Mozilla/5.0 (Linux; Android 7.0; MI 5s Plus Build/NRD90M; wv) AppleWebKit/537.36 (KHTML, like Gecko) Version/4.0 Chrome/63.0.3239.83 Mobile Safari/537.36 T7/10.12 baiduboxapp/10.12.0.12 (Baidu; P1 7.0)"
13.75.74.23 - - [09/Dec/2025:18:13:48 +0800] "GET /wp-content/plugins/hellopress/wp_filemanager.php HTTP/1.1" 404 27 "-" "-"
13.75.74.23 - - [09/Dec/2025:18:13:48 +0800] "GET /footer.php HTTP/1.1" 404 27 "-" "-"
13.75.74.23 - - [09/Dec/2025:18:13:48 +0800] "GET /wp-2019.php HTTP/1.1" 404 27 "-" "-"
13.75.74.23 - - [09/Dec/2025:18:13:48 +0800] "GET /abe.php HTTP/1.1" 404 27 "-" "-"
13.75.74.23 - - [09/Dec/2025:18:13:48 +0800] "GET /chosen.php?p= HTTP/1.1" 404 27 "-" "-"
13.75.74.23 - - [09/Dec/2025:18:13:48 +0800] "GET /goods.php HTTP/1.1" 404 27 "-" "-"
13.75.74.23 - - [09/Dec/2025:18:13:49 +0800] "GET /index1.php HTTP/1.1" 404 27 "-" "-"
13.75.74.23 - - [09/Dec/2025:18:13:49 +0800] "GET /lock6.php HTTP/1.1" 404 27 "-" "-"
13.75.74.23 - - [09/Dec/2025:18:13:49 +0800] "GET /news.php HTTP/1.1" 404 27 "-" "-"
13.75.74.23 - - [09/Dec/2025:18:13:49 +0800] "GET /bs1.php HTTP/1.1" 404 27 "-" "-"
13.75.74.23 - - [09/Dec/2025:18:13:49 +0800] "GET /css/plugins.php HTTP/1.1" 404 27 "-" "-"
13.75.74.23 - - [09/Dec/2025:18:13:50 +0800] "GET /themes.php HTTP/1.1" 404 27 "-" "-"
13.75.74.23 - - [09/Dec/2025:18:13:50 +0800] "GET /404.php HTTP/1.1" 404 27 "-" "-"
13.75.74.23 - - [09/Dec/2025:18:13:50 +0800] "GET /index/function.php HTTP/1.1" 404 27 "-" "-"
36.133.115.36 - - [09/Dec/2025:18:13:51 +0800] "POST /wp-cron.php?doing_wp_cron=1765275230.9740009307861328125000 HTTP/1.1" 200 31 "-" "WordPress/6.8.3; http://cqqizhou.com"
13.75.74.23 - - [09/Dec/2025:18:13:51 +0800] "GET /wp-mail.php HTTP/1.1" 403 2517 "-" "-"
13.75.74.23 - - [09/Dec/2025:18:13:51 +0800] "GET /1.php HTTP/1.1" 404 27 "-" "-"
13.75.74.23 - - [09/Dec/2025:18:13:51 +0800] "GET /ok.php HTTP/1.1" 404 27 "-" "-"
13.75.74.23 - - [09/Dec/2025:18:13:51 +0800] "GET /js/fm.php HTTP/1.1" 404 27 "-" "-"
13.75.74.23 - - [09/Dec/2025:18:13:51 +0800] "GET /default.php HTTP/1.1" 404 27 "-" "-"
13.75.74.23 - - [09/Dec/2025:18:13:51 +0800] "GET /m.php HTTP/1.1" 404 27 "-" "-"
13.75.74.23 - - [09/Dec/2025:18:13:51 +0800] "GET /alfa-rex.php HTTP/1.1" 404 27 "-" "-"
13.75.74.23 - - [09/Dec/2025:18:13:51 +0800] "GET /dropdown.php HTTP/1.1" 404 27 "-" "-"
13.75.74.23 - - [09/Dec/2025:18:13:51 +0800] "GET /lv.php HTTP/1.1" 404 27 "-" "-"
13.75.74.23 - - [09/Dec/2025:18:13:52 +0800] "GET /hoot.php HTTP/1.1" 404 27 "-" "-"
13.75.74.23 - - [09/Dec/2025:18:13:52 +0800] "GET /fm.php HTTP/1.1" 404 27 "-" "-"
13.75.74.23 - - [09/Dec/2025:18:13:52 +0800] "GET /post.php HTTP/1.1" 404 27 "-" "-"
13.75.74.23 - - [09/Dec/2025:18:13:52 +0800] "GET /db.php HTTP/1.1" 404 27 "-" "-"
13.75.74.23 - - [09/Dec/2025:18:13:52 +0800] "GET /file4.php HTTP/1.1" 404 27 "-" "-"
13.75.74.23 - - [09/Dec/2025:18:13:52 +0800] "GET /z.php HTTP/1.1" 404 27 "-" "-"
13.75.74.23 - - [09/Dec/2025:18:13:52 +0800] "GET /mah.php HTTP/1.1" 404 27 "-" "-"
13.75.74.23 - - [09/Dec/2025:18:13:53 +0800] "GET /wp-admin/admin.php HTTP/1.1" 302 5 "-" "-"
13.75.74.23 - - [09/Dec/2025:18:13:54 +0800] "GET /wp-login.php?redirect_to=http%3A%2F%2Fcqqizhou.com%2Fwp-admin%2Fadmin.php&reauth=1 HTTP/1.1" 200 8681 "-" "-"
13.75.74.23 - - [09/Dec/2025:18:13:54 +0800] "GET /geju.php HTTP/1.1" 404 27 "-" "-"
13.75.74.23 - - [09/Dec/2025:18:13:54 +0800] "GET /ahax.php HTTP/1.1" 404 27 "-" "-"
13.75.74.23 - - [09/Dec/2025:18:13:54 +0800] "GET /bless.php HTTP/1.1" 404 27 "-" "-"
13.75.74.23 - - [09/Dec/2025:18:13:54 +0800] "GET /alfa.php HTTP/1.1" 404 27 "-" "-"
13.75.74.23 - - [09/Dec/2025:18:13:54 +0800] "GET /contact.php HTTP/1.1" 404 27 "-" "-"
13.75.74.23 - - [09/Dec/2025:18:13:55 +0800] "GET /item.php HTTP/1.1" 404 27 "-" "-"
13.75.74.23 - - [09/Dec/2025:18:13:55 +0800] "GET /lufix.php HTTP/1.1" 404 27 "-" "-"
13.75.74.23 - - [09/Dec/2025:18:13:55 +0800] "GET /buy.php HTTP/1.1" 404 27 "-" "-"
13.75.74.23 - - [09/Dec/2025:18:13:55 +0800] "GET /cloud.php HTTP/1.1" 404 27 "-" "-"
13.75.74.23 - - [09/Dec/2025:18:13:55 +0800] "GET /shell20211028.php HTTP/1.1" 404 27 "-" "-"
13.75.74.23 - - [09/Dec/2025:18:13:55 +0800] "GET /lock.php HTTP/1.1" 404 27 "-" "-"
13.75.74.23 - - [09/Dec/2025:18:13:55 +0800] "GET /manager.php HTTP/1.1" 404 27 "-" "-"
13.75.74.23 - - [09/Dec/2025:18:13:55 +0800] "GET /ws.php HTTP/1.1" 404 27 "-" "-"
13.75.74.23 - - [09/Dec/2025:18:13:56 +0800] "GET /gmo.php HTTP/1.1" 404 27 "-" "-"
13.75.74.23 - - [09/Dec/2025:18:13:56 +0800] "GET /gel4y.php HTTP/1.1" 404 27 "-" "-"
13.75.74.23 - - [09/Dec/2025:18:13:56 +0800] "GET /admin.php HTTP/1.1" 404 27 "-" "-"
13.75.74.23 - - [09/Dec/2025:18:13:56 +0800] "GET /install.php HTTP/1.1" 404 27 "-" "-"
13.75.74.23 - - [09/Dec/2025:18:13:57 +0800] "GET /config.php HTTP/1.1" 404 27 "-" "-"
13.75.74.23 - - [09/Dec/2025:18:13:57 +0800] "GET /k.php HTTP/1.1" 404 27 "-" "-"
92.222.104.201 - - [09/Dec/2025:18:16:19 +0800] "GET /material.html HTTP/1.1" 304 0 "-" "Mozilla/5.0 (compatible; AhrefsBot/7.0; +http://ahrefs.com/robot/)"
36.133.115.36 - - [09/Dec/2025:18:23:59 +0800] "POST /wp-cron.php?doing_wp_cron=1765275839.3479900360107421875000 HTTP/1.1" 200 31 "-" "WordPress/6.8.3; http://cqqizhou.com"
204.76.203.212 - - [09/Dec/2025:18:23:59 +0800] "GET / HTTP/1.1" 200 33677 "-" "Mozilla/5.0 (Windows NT 10.0; Win64; x64) AppleWebKit/537.36 (KHTML, like Gecko) Chrome/90.0.4430.85 Safari/537.36 Edg/90.0.818.46"
36.133.115.36 - - [09/Dec/2025:18:24:58 +0800] "POST /wp-cron.php?doing_wp_cron=1765275898.9099950790405273437500 HTTP/1.1" 200 31 "-" "WordPress/6.8.3; http://cqqizhou.com"
106.83.42.22 - - [09/Dec/2025:18:24:59 +0800] "GET /2339/ HTTP/1.1" 200 20666 "-" "Mozilla/5.0 (Linux; Android 15; V2419A Build/AP3A.240905.015.A1_V000L1; wv) AppleWebKit/537.36 (KHTML, like Gecko) Version/4.0 Chrome/142.0.7444.172 Mobile Safari/537.36 XWEB/1420045 MMWEBSDK/20250904 MMWEBID/4433 MicroMessenger/8.0.65.2960(0x28004156) WeChat/arm64 Weixin NetType/4G Language/zh_CN ABI/arm64"
106.83.42.22 - - [09/Dec/2025:18:24:59 +0800] "GET /wp-content/uploads/2025/12/1765248735-20251209104226_108_60.webp HTTP/1.1" 206 1 "http://cqqizhou.com/2339/" "Mozilla/5.0 (Linux; Android 15; V2419A Build/AP3A.240905.015.A1_V000L1; wv) AppleWebKit/537.36 (KHTML, like Gecko) Version/4.0 Chrome/142.0.7444.172 Mobile Safari/537.36 XWEB/1420045 MMWEBSDK/20250904 MMWEBID/4433 MicroMessenger/8.0.65.2960(0x28004156) WeChat/arm64 Weixin NetType/4G Language/zh_CN ABI/arm64"
106.83.42.22 - - [09/Dec/2025:18:24:59 +0800] "GET /wp-content/uploads/2025/12/1765248770-20251209104226_107_60.webp HTTP/1.1" 200 66916 "http://cqqizhou.com/2339/" "Mozilla/5.0 (Linux; Android 15; V2419A Build/AP3A.240905.015.A1_V000L1; wv) AppleWebKit/537.36 (KHTML, like Gecko) Version/4.0 Chrome/142.0.7444.172 Mobile Safari/537.36 XWEB/1420045 MMWEBSDK/20250904 MMWEBID/4433 MicroMessenger/8.0.65.2960(0x28004156) WeChat/arm64 Weixin NetType/4G Language/zh_CN ABI/arm64"
106.83.42.22 - - [09/Dec/2025:18:24:59 +0800] "GET /wp-content/uploads/2025/09/1756868614-20250903104654_74_5-150x150.webp HTTP/1.1" 200 5712 "http://cqqizhou.com/2339/" "Mozilla/5.0 (Linux; Android 15; V2419A Build/AP3A.240905.015.A1_V000L1; wv) AppleWebKit/537.36 (KHTML, like Gecko) Version/4.0 Chrome/142.0.7444.172 Mobile Safari/537.36 XWEB/1420045 MMWEBSDK/20250904 MMWEBID/4433 MicroMessenger/8.0.65.2960(0x28004156) WeChat/arm64 Weixin NetType/4G Language/zh_CN ABI/arm64"
106.83.42.22 - - [09/Dec/2025:18:24:59 +0800] "GET /wp-content/uploads/2025/09/1756868614-20250903104654_74_5.webp HTTP/1.1" 200 47858 "http://cqqizhou.com/2339/" "Mozilla/5.0 (Linux; Android 15; V2419A Build/AP3A.240905.015.A1_V000L1; wv) AppleWebKit/537.36 (KHTML, like Gecko) Version/4.0 Chrome/142.0.7444.172 Mobile Safari/537.36 XWEB/1420045 MMWEBSDK/20250904 MMWEBID/4433 MicroMessenger/8.0.65.2960(0x28004156) WeChat/arm64 Weixin NetType/4G Language/zh_CN ABI/arm64"
106.83.42.22 - - [09/Dec/2025:18:24:59 +0800] "GET /wp-content/uploads/2025/12/1765248735-20251209104226_108_60.webp HTTP/1.1" 206 16522 "http://cqqizhou.com/2339/" "Mozilla/5.0 (Linux; Android 15; V2419A Build/AP3A.240905.015.A1_V000L1; wv) AppleWebKit/537.36 (KHTML, like Gecko) Version/4.0 Chrome/142.0.7444.172 Mobile Safari/537.36 XWEB/1420045 MMWEBSDK/20250904 MMWEBID/4433 MicroMessenger/8.0.65.2960(0x28004156) WeChat/arm64 Weixin NetType/4G Language/zh_CN ABI/arm64"
106.83.42.22 - - [09/Dec/2025:18:24:59 +0800] "GET /wp-content/uploads/2025/07/1753410289-News2000%C3%97400_202571.webp HTTP/1.1" 200 17830 "http://cqqizhou.com/2339/" "Mozilla/5.0 (Linux; Android 15; V2419A Build/AP3A.240905.015.A1_V000L1; wv) AppleWebKit/537.36 (KHTML, like Gecko) Version/4.0 Chrome/142.0.7444.172 Mobile Safari/537.36 XWEB/1420045 MMWEBSDK/20250904 MMWEBID/4433 MicroMessenger/8.0.65.2960(0x28004156) WeChat/arm64 Weixin NetType/4G Language/zh_CN ABI/arm64"
106.83.42.22 - - [09/Dec/2025:18:24:59 +0800] "GET /wp-content/uploads/2025/07/1751425283-qizhou.kf_.qq_.com_.webp HTTP/1.1" 200 16864 "http://cqqizhou.com/2339/" "Mozilla/5.0 (Linux; Android 15; V2419A Build/AP3A.240905.015.A1_V000L1; wv) AppleWebKit/537.36 (KHTML, like Gecko) Version/4.0 Chrome/142.0.7444.172 Mobile Safari/537.36 XWEB/1420045 MMWEBSDK/20250904 MMWEBID/4433 MicroMessenger/8.0.65.2960(0x28004156) WeChat/arm64 Weixin NetType/4G Language/zh_CN ABI/arm64"
106.83.42.22 - - [09/Dec/2025:18:24:59 +0800] "GET /wp-content/uploads/2025/08/1755826456-DSC01841.webp HTTP/1.1" 200 87046 "http://cqqizhou.com/2339/" "Mozilla/5.0 (Linux; Android 15; V2419A Build/AP3A.240905.015.A1_V000L1; wv) AppleWebKit/537.36 (KHTML, like Gecko) Version/4.0 Chrome/142.0.7444.172 Mobile Safari/537.36 XWEB/1420045 MMWEBSDK/20250904 MMWEBID/4433 MicroMessenger/8.0.65.2960(0x28004156) WeChat/arm64 Weixin NetType/4G Language/zh_CN ABI/arm64"
106.83.42.22 - - [09/Dec/2025:18:24:59 +0800] "GET /wp-content/uploads/2025/12/1765249046-20251209104228_110_60.webp HTTP/1.1" 200 64834 "http://cqqizhou.com/2339/" "Mozilla/5.0 (Linux; Android 15; V2419A Build/AP3A.240905.015.A1_V000L1; wv) AppleWebKit/537.36 (KHTML, like Gecko) Version/4.0 Chrome/142.0.7444.172 Mobile Safari/537.36 XWEB/1420045 MMWEBSDK/20250904 MMWEBID/4433 MicroMessenger/8.0.65.2960(0x28004156) WeChat/arm64 Weixin NetType/4G Language/zh_CN ABI/arm64"
36.133.115.36 - - [09/Dec/2025:18:26:36 +0800] "POST /wp-cron.php?doing_wp_cron=1765275996.1763000488281250000000 HTTP/1.1" 200 31 "-" "WordPress/6.8.3; http://cqqizhou.com"
216.244.66.245 - - [09/Dec/2025:18:26:36 +0800] "GET /robots.txt HTTP/1.1" 200 390 "-" "Mozilla/5.0 (compatible; DotBot/1.2; +https://opensiteexplorer.org/dotbot; help@moz.com)"
36.133.115.36 - - [09/Dec/2025:18:27:02 +0800] "POST /wp-cron.php?doing_wp_cron=1765276022.6835920810699462890625 HTTP/1.1" 200 31 "-" "WordPress/6.8.3; http://cqqizhou.com"
65.108.78.33 - - [09/Dec/2025:18:27:02 +0800] "GET /robots.txt HTTP/1.1" 200 390 "-" "Mozilla/5.0 (compatible; MJ12bot/v1.4.8; http://mj12bot.com/)"
14.108.233.226 - - [09/Dec/2025:18:27:03 +0800] "POST /wp-admin/admin-ajax.php HTTP/1.1" 200 78 "http://cqqizhou.com/wp-admin/index.php" "Mozilla/5.0 (Windows NT 10.0; Win64; x64) AppleWebKit/537.36 (KHTML, like Gecko) Chrome/142.0.0.0 Safari/537.36 Edg/142.0.0.0"
65.108.78.33 - - [09/Dec/2025:18:27:05 +0800] "GET /portfolio-tag/%E9%9E%8D%E9%92%A2%E8%92%82%E6%A3%AE/ HTTP/1.1" 200 22754 "-" "Mozilla/5.0 (compatible; MJ12bot/v1.4.8; http://mj12bot.com/)"
65.108.78.33 - - [09/Dec/2025:18:27:09 +0800] "GET /portfolio/%E5%86%B7%E8%BD%A7%E5%8D%B7/ HTTP/1.1" 200 22121 "-" "Mozilla/5.0 (compatible; MJ12bot/v1.4.8; http://mj12bot.com/)"
14.108.233.226 - - [09/Dec/2025:18:27:10 +0800] "GET / HTTP/1.1" 200 42107 "http://cqqizhou.com/wp-admin/index.php" "Mozilla/5.0 (Windows NT 10.0; Win64; x64) AppleWebKit/537.36 (KHTML, like Gecko) Chrome/142.0.0.0 Safari/537.36 Edg/142.0.0.0"
14.108.233.226 - - [09/Dec/2025:18:27:11 +0800] "GET /wp-content/uploads/2025/12/1765268955-qizhou_Slider1_3840%C3%972160_20251210-scaled.webp HTTP/1.1" 304 0 "http://cqqizhou.com/" "Mozilla/5.0 (Windows NT 10.0; Win64; x64) AppleWebKit/537.36 (KHTML, like Gecko) Chrome/142.0.0.0 Safari/537.36 Edg/142.0.0.0"
14.108.233.226 - - [09/Dec/2025:18:27:11 +0800] "GET /wp-content/uploads/2025/12/1765265398-qizhou_Slider_3840%C3%972160_20251209-scaled-50x100.webp HTTP/1.1" 304 0 "http://cqqizhou.com/" "Mozilla/5.0 (Windows NT 10.0; Win64; x64) AppleWebKit/537.36 (KHTML, like Gecko) Chrome/142.0.0.0 Safari/537.36 Edg/142.0.0.0"
65.108.78.33 - - [09/Dec/2025:18:27:11 +0800] "GET /portfolio/%E5%86%B7%E8%BD%A7%E6%9D%BF/ HTTP/1.1" 200 18981 "-" "Mozilla/5.0 (compatible; MJ12bot/v1.4.8; http://mj12bot.com/)"
14.108.233.226 - - [09/Dec/2025:18:27:11 +0800] "GET /wp-json/sliderrevolution/sliders/1?srengine=7&slideid=2 HTTP/1.1" 200 2058 "http://cqqizhou.com/" "Mozilla/5.0 (Windows NT 10.0; Win64; x64) AppleWebKit/537.36 (KHTML, like Gecko) Chrome/142.0.0.0 Safari/537.36 Edg/142.0.0.0"
14.108.233.226 - - [09/Dec/2025:18:27:11 +0800] "GET /wp-json/sliderrevolution/sliders/1?srengine=7&slideid=3 HTTP/1.1" 200 2286 "http://cqqizhou.com/" "Mozilla/5.0 (Windows NT 10.0; Win64; x64) AppleWebKit/537.36 (KHTML, like Gecko) Chrome/142.0.0.0 Safari/537.36 Edg/142.0.0.0"
14.108.233.226 - - [09/Dec/2025:18:27:11 +0800] "GET /wp-content/uploads/2025/12/1765265398-qizhou_Slider_3840%C3%972160_20251209-scaled.webp HTTP/1.1" 304 0 "http://cqqizhou.com/" "Mozilla/5.0 (Windows NT 10.0; Win64; x64) AppleWebKit/537.36 (KHTML, like Gecko) Chrome/142.0.0.0 Safari/537.36 Edg/142.0.0.0"
14.108.233.226 - - [09/Dec/2025:18:27:15 +0800] "GET /services/ HTTP/1.1" 200 34160 "http://cqqizhou.com/" "Mozilla/5.0 (Windows NT 10.0; Win64; x64) AppleWebKit/537.36 (KHTML, like Gecko) Chrome/142.0.0.0 Safari/537.36 Edg/142.0.0.0"
14.108.233.226 - - [09/Dec/2025:18:27:30 +0800] "GET /logistics/ HTTP/1.1" 200 26636 "http://cqqizhou.com/services/" "Mozilla/5.0 (Windows NT 10.0; Win64; x64) AppleWebKit/537.36 (KHTML, like Gecko) Chrome/142.0.0.0 Safari/537.36 Edg/142.0.0.0"
14.108.233.226 - - [09/Dec/2025:18:27:30 +0800] "GET /wp-content/uploads/2025/07/1751864664-Logistics800x500_1.webp HTTP/1.1" 200 76914 "http://cqqizhou.com/logistics/" "Mozilla/5.0 (Windows NT 10.0; Win64; x64) AppleWebKit/537.36 (KHTML, like Gecko) Chrome/142.0.0.0 Safari/537.36 Edg/142.0.0.0"
14.108.233.226 - - [09/Dec/2025:18:27:30 +0800] "GET /wp-content/uploads/2025/07/1751864682-Logistics800x500_2.webp HTTP/1.1" 200 27420 "http://cqqizhou.com/logistics/" "Mozilla/5.0 (Windows NT 10.0; Win64; x64) AppleWebKit/537.36 (KHTML, like Gecko) Chrome/142.0.0.0 Safari/537.36 Edg/142.0.0.0"
14.108.233.226 - - [09/Dec/2025:18:27:30 +0800] "GET /wp-content/uploads/2025/07/1753407887-Logistics_Banner2000%C3%97400px-%E6%8B%B7%E8%B4%9D.webp HTTP/1.1" 200 18866 "http://cqqizhou.com/logistics/" "Mozilla/5.0 (Windows NT 10.0; Win64; x64) AppleWebKit/537.36 (KHTML, like Gecko) Chrome/142.0.0.0 Safari/537.36 Edg/142.0.0.0"
36.133.115.36 - - [09/Dec/2025:18:28:03 +0800] "POST /wp-cron.php?doing_wp_cron=1765276083.3511099815368652343750 HTTP/1.1" 200 31 "-" "WordPress/6.8.3; http://cqqizhou.com"
14.108.233.226 - - [09/Dec/2025:18:28:03 +0800] "POST /wp-admin/admin-ajax.php HTTP/1.1" 200 78 "http://cqqizhou.com/wp-admin/index.php" "Mozilla/5.0 (Windows NT 10.0; Win64; x64) AppleWebKit/537.36 (KHTML, like Gecko) Chrome/142.0.0.0 Safari/537.36 Edg/142.0.0.0"
36.133.115.36 - - [09/Dec/2025:18:30:03 +0800] "POST /wp-cron.php?doing_wp_cron=1765276203.3913309574127197265625 HTTP/1.1" 200 31 "-" "WordPress/6.8.3; http://cqqizhou.com"
14.108.233.226 - - [09/Dec/2025:18:30:03 +0800] "POST /wp-admin/admin-ajax.php HTTP/1.1" 200 78 "http://cqqizhou.com/wp-admin/index.php" "Mozilla/5.0 (Windows NT 10.0; Win64; x64) AppleWebKit/537.36 (KHTML, like Gecko) Chrome/142.0.0.0 Safari/537.36 Edg/142.0.0.0"
36.133.115.36 - - [09/Dec/2025:18:30:54 +0800] "POST /wp-cron.php?doing_wp_cron=1765276254.5257461071014404296875 HTTP/1.1" 200 31 "-" "WordPress/6.8.3; http://cqqizhou.com"
149.50.96.133 - - [09/Dec/2025:18:30:54 +0800] "GET /login.asp HTTP/1.1" 301 5 "-" "-"
183.227.141.186 - - [09/Dec/2025:18:31:00 +0800] "GET /2339/ HTTP/1.1" 200 20666 "-" "Mozilla/5.0 (iPhone; CPU iPhone OS 18_6_2 like Mac OS X) AppleWebKit/605.1.15 (KHTML, like Gecko) Mobile/15E148 MicroMessenger/8.0.66(0x18004229) NetType/WIFI Language/zh_CN"
183.227.141.186 - - [09/Dec/2025:18:31:00 +0800] "GET /wp-content/uploads/2025/12/1765253089-20251209103501_96_61.webp HTTP/1.1" 200 37758 "http://cqqizhou.com/2339/" "Mozilla/5.0 (iPhone; CPU iPhone OS 18_6_2 like Mac OS X) AppleWebKit/605.1.15 (KHTML, like Gecko) Mobile/15E148 MicroMessenger/8.0.66(0x18004229) NetType/WIFI Language/zh_CN"
183.227.141.186 - - [09/Dec/2025:18:31:00 +0800] "GET /wp-content/uploads/2025/07/1753410289-News2000%C3%97400_202571.webp HTTP/1.1" 200 17830 "http://cqqizhou.com/2339/" "Mozilla/5.0 (iPhone; CPU iPhone OS 18_6_2 like Mac OS X) AppleWebKit/605.1.15 (KHTML, like Gecko) Mobile/15E148 MicroMessenger/8.0.66(0x18004229) NetType/WIFI Language/zh_CN"
183.227.141.186 - - [09/Dec/2025:18:31:00 +0800] "GET /wp-content/uploads/2025/12/1765248770-20251209104226_107_60.webp HTTP/1.1" 200 66916 "http://cqqizhou.com/2339/" "Mozilla/5.0 (iPhone; CPU iPhone OS 18_6_2 like Mac OS X) AppleWebKit/605.1.15 (KHTML, like Gecko) Mobile/15E148 MicroMessenger/8.0.66(0x18004229) NetType/WIFI Language/zh_CN"
183.227.141.186 - - [09/Dec/2025:18:31:00 +0800] "GET /wp-content/uploads/2025/12/1765248735-20251209104226_108_60.webp HTTP/1.1" 200 55962 "http://cqqizhou.com/2339/" "Mozilla/5.0 (iPhone; CPU iPhone OS 18_6_2 like Mac OS X) AppleWebKit/605.1.15 (KHTML, like Gecko) Mobile/15E148 MicroMessenger/8.0.66(0x18004229) NetType/WIFI Language/zh_CN"
183.227.141.186 - - [09/Dec/2025:18:31:00 +0800] "GET /wp-content/uploads/2025/09/1756868614-20250903104654_74_5-150x150.webp HTTP/1.1" 200 5712 "http://cqqizhou.com/2339/" "Mozilla/5.0 (iPhone; CPU iPhone OS 18_6_2 like Mac OS X) AppleWebKit/605.1.15 (KHTML, like Gecko) Mobile/15E148 MicroMessenger/8.0.66(0x18004229) NetType/WIFI Language/zh_CN"
183.227.141.186 - - [09/Dec/2025:18:31:00 +0800] "GET /wp-content/uploads/2025/09/1756868614-20250903104654_74_5.webp HTTP/1.1" 200 47858 "http://cqqizhou.com/2339/" "Mozilla/5.0 (iPhone; CPU iPhone OS 18_6_2 like Mac OS X) AppleWebKit/605.1.15 (KHTML, like Gecko) Mobile/15E148 MicroMessenger/8.0.66(0x18004229) NetType/WIFI Language/zh_CN"
183.227.141.186 - - [09/Dec/2025:18:31:00 +0800] "GET /wp-content/uploads/2025/08/1755826456-DSC01841.webp HTTP/1.1" 200 87046 "http://cqqizhou.com/2339/" "Mozilla/5.0 (iPhone; CPU iPhone OS 18_6_2 like Mac OS X) AppleWebKit/605.1.15 (KHTML, like Gecko) Mobile/15E148 MicroMessenger/8.0.66(0x18004229) NetType/WIFI Language/zh_CN"
183.227.141.186 - - [09/Dec/2025:18:31:00 +0800] "GET /wp-content/uploads/2025/07/1751425283-qizhou.kf_.qq_.com_.webp HTTP/1.1" 200 16864 "http://cqqizhou.com/2339/" "Mozilla/5.0 (iPhone; CPU iPhone OS 18_6_2 like Mac OS X) AppleWebKit/605.1.15 (KHTML, like Gecko) Mobile/15E148 MicroMessenger/8.0.66(0x18004229) NetType/WIFI Language/zh_CN"
183.227.141.186 - - [09/Dec/2025:18:31:14 +0800] "GET /wp-content/uploads/2025/12/1765249046-20251209104228_110_60.webp HTTP/1.1" 200 64834 "http://cqqizhou.com/2339/" "Mozilla/5.0 (iPhone; CPU iPhone OS 18_6_2 like Mac OS X) AppleWebKit/605.1.15 (KHTML, like Gecko) Mobile/15E148 MicroMessenger/8.0.66(0x18004229) NetType/WIFI Language/zh_CN"
36.133.115.36 - - [09/Dec/2025:18:32:04 +0800] "POST /wp-cron.php?doing_wp_cron=1765276324.3875350952148437500000 HTTP/1.1" 200 31 "-" "WordPress/6.8.3; http://cqqizhou.com"
14.108.233.226 - - [09/Dec/2025:18:32:04 +0800] "POST /wp-admin/admin-ajax.php HTTP/1.1" 200 78 "http://cqqizhou.com/wp-admin/index.php" "Mozilla/5.0 (Windows NT 10.0; Win64; x64) AppleWebKit/537.36 (KHTML, like Gecko) Chrome/142.0.0.0 Safari/537.36 Edg/142.0.0.0"
36.133.115.36 - - [09/Dec/2025:18:33:06 +0800] "POST /wp-cron.php?doing_wp_cron=1765276386.3278129100799560546875 HTTP/1.1" 200 31 "-" "WordPress/6.8.3; http://cqqizhou.com"
183.227.140.133 - - [09/Dec/2025:18:33:06 +0800] "GET /2339/ HTTP/1.1" 200 20666 "-" "Mozilla/5.0 (Linux; Android 12; HBN-AL00 Build/HUAWEIHBN-AL00; wv) AppleWebKit/537.36 (KHTML, like Gecko) Version/4.0 Chrome/142.0.7444.172 Mobile Safari/537.36 XWEB/1420045 MMWEBSDK/20251006 MMWEBID/9050 MicroMessenger/8.0.66.2980(0x28004234) WeChat/arm64 Weixin NetType/WIFI Language/zh_CN ABI/arm64"
183.227.140.133 - - [09/Dec/2025:18:33:06 +0800] "GET /wp-content/uploads/2025/12/1765253089-20251209103501_96_61.webp HTTP/1.1" 200 37758 "http://cqqizhou.com/2339/" "Mozilla/5.0 (Linux; Android 12; HBN-AL00 Build/HUAWEIHBN-AL00; wv) AppleWebKit/537.36 (KHTML, like Gecko) Version/4.0 Chrome/142.0.7444.172 Mobile Safari/537.36 XWEB/1420045 MMWEBSDK/20251006 MMWEBID/9050 MicroMessenger/8.0.66.2980(0x28004234) WeChat/arm64 Weixin NetType/WIFI Language/zh_CN ABI/arm64"
183.227.140.133 - - [09/Dec/2025:18:33:06 +0800] "GET /wp-content/uploads/2025/12/1765248735-20251209104226_108_60.webp HTTP/1.1" 200 55962 "http://cqqizhou.com/2339/" "Mozilla/5.0 (Linux; Android 12; HBN-AL00 Build/HUAWEIHBN-AL00; wv) AppleWebKit/537.36 (KHTML, like Gecko) Version/4.0 Chrome/142.0.7444.172 Mobile Safari/537.36 XWEB/1420045 MMWEBSDK/20251006 MMWEBID/9050 MicroMessenger/8.0.66.2980(0x28004234) WeChat/arm64 Weixin NetType/WIFI Language/zh_CN ABI/arm64"
183.227.140.133 - - [09/Dec/2025:18:33:06 +0800] "GET /wp-content/uploads/2025/12/1765248770-20251209104226_107_60.webp HTTP/1.1" 200 66916 "http://cqqizhou.com/2339/" "Mozilla/5.0 (Linux; Android 12; HBN-AL00 Build/HUAWEIHBN-AL00; wv) AppleWebKit/537.36 (KHTML, like Gecko) Version/4.0 Chrome/142.0.7444.172 Mobile Safari/537.36 XWEB/1420045 MMWEBSDK/20251006 MMWEBID/9050 MicroMessenger/8.0.66.2980(0x28004234) WeChat/arm64 Weixin NetType/WIFI Language/zh_CN ABI/arm64"
183.227.140.133 - - [09/Dec/2025:18:33:06 +0800] "GET /wp-content/uploads/2025/09/1756868614-20250903104654_74_5-150x150.webp HTTP/1.1" 200 5712 "http://cqqizhou.com/2339/" "Mozilla/5.0 (Linux; Android 12; HBN-AL00 Build/HUAWEIHBN-AL00; wv) AppleWebKit/537.36 (KHTML, like Gecko) Version/4.0 Chrome/142.0.7444.172 Mobile Safari/537.36 XWEB/1420045 MMWEBSDK/20251006 MMWEBID/9050 MicroMessenger/8.0.66.2980(0x28004234) WeChat/arm64 Weixin NetType/WIFI Language/zh_CN ABI/arm64"
183.227.140.133 - - [09/Dec/2025:18:33:06 +0800] "GET /wp-content/uploads/2025/09/1756868614-20250903104654_74_5.webp HTTP/1.1" 200 47858 "http://cqqizhou.com/2339/" "Mozilla/5.0 (Linux; Android 12; HBN-AL00 Build/HUAWEIHBN-AL00; wv) AppleWebKit/537.36 (KHTML, like Gecko) Version/4.0 Chrome/142.0.7444.172 Mobile Safari/537.36 XWEB/1420045 MMWEBSDK/20251006 MMWEBID/9050 MicroMessenger/8.0.66.2980(0x28004234) WeChat/arm64 Weixin NetType/WIFI Language/zh_CN ABI/arm64"
183.227.140.133 - - [09/Dec/2025:18:33:06 +0800] "GET /wp-content/uploads/2025/07/1753410289-News2000%C3%97400_202571.webp HTTP/1.1" 200 17830 "http://cqqizhou.com/2339/" "Mozilla/5.0 (Linux; Android 12; HBN-AL00 Build/HUAWEIHBN-AL00; wv) AppleWebKit/537.36 (KHTML, like Gecko) Version/4.0 Chrome/142.0.7444.172 Mobile Safari/537.36 XWEB/1420045 MMWEBSDK/20251006 MMWEBID/9050 MicroMessenger/8.0.66.2980(0x28004234) WeChat/arm64 Weixin NetType/WIFI Language/zh_CN ABI/arm64"
183.227.140.133 - - [09/Dec/2025:18:33:06 +0800] "GET /wp-content/uploads/2025/07/1751425283-qizhou.kf_.qq_.com_.webp HTTP/1.1" 200 16864 "http://cqqizhou.com/2339/" "Mozilla/5.0 (Linux; Android 12; HBN-AL00 Build/HUAWEIHBN-AL00; wv) AppleWebKit/537.36 (KHTML, like Gecko) Version/4.0 Chrome/142.0.7444.172 Mobile Safari/537.36 XWEB/1420045 MMWEBSDK/20251006 MMWEBID/9050 MicroMessenger/8.0.66.2980(0x28004234) WeChat/arm64 Weixin NetType/WIFI Language/zh_CN ABI/arm64"
183.227.140.133 - - [09/Dec/2025:18:33:06 +0800] "GET /wp-content/uploads/2025/08/1755826456-DSC01841.webp HTTP/1.1" 200 87046 "http://cqqizhou.com/2339/" "Mozilla/5.0 (Linux; Android 12; HBN-AL00 Build/HUAWEIHBN-AL00; wv) AppleWebKit/537.36 (KHTML, like Gecko) Version/4.0 Chrome/142.0.7444.172 Mobile Safari/537.36 XWEB/1420045 MMWEBSDK/20251006 MMWEBID/9050 MicroMessenger/8.0.66.2980(0x28004234) WeChat/arm64 Weixin NetType/WIFI Language/zh_CN ABI/arm64"
183.227.140.133 - - [09/Dec/2025:18:33:06 +0800] "GET /wp-content/uploads/2025/12/1765249046-20251209104228_110_60.webp HTTP/1.1" 200 64834 "http://cqqizhou.com/2339/" "Mozilla/5.0 (Linux; Android 12; HBN-AL00 Build/HUAWEIHBN-AL00; wv) AppleWebKit/537.36 (KHTML, like Gecko) Version/4.0 Chrome/142.0.7444.172 Mobile Safari/537.36 XWEB/1420045 MMWEBSDK/20251006 MMWEBID/9050 MicroMessenger/8.0.66.2980(0x28004234) WeChat/arm64 Weixin NetType/WIFI Language/zh_CN ABI/arm64"
216.244.66.245 - - [09/Dec/2025:18:33:49 +0800] "GET /2164/ HTTP/1.1" 200 84546 "-" "Mozilla/5.0 (compatible; DotBot/1.2; +https://opensiteexplorer.org/dotbot; help@moz.com)"
36.133.115.36 - - [09/Dec/2025:18:34:05 +0800] "POST /wp-cron.php?doing_wp_cron=1765276445.3656690120697021484375 HTTP/1.1" 200 31 "-" "WordPress/6.8.3; http://cqqizhou.com"
14.108.233.226 - - [09/Dec/2025:18:34:05 +0800] "POST /wp-admin/admin-ajax.php HTTP/1.1" 200 78 "http://cqqizhou.com/wp-admin/index.php" "Mozilla/5.0 (Windows NT 10.0; Win64; x64) AppleWebKit/537.36 (KHTML, like Gecko) Chrome/142.0.0.0 Safari/537.36 Edg/142.0.0.0"
159.89.80.225 - - [09/Dec/2025:18:34:27 +0800] "GET / HTTP/1.1" 301 5 "-" "Mozilla/5.0 zgrab/0.x"
95.214.52.170 - - [09/Dec/2025:18:34:38 +0800] "POST / HTTP/1.1" 200 33675 "-" "Mozilla/5.0 (Linux; U; Android 4.2.2; he-il; NEO-X5-116A Build/JDQ39) AppleWebKit/534.30 (KHTML, like Gecko) Version/4.0 Safari/534.30"
36.133.115.36 - - [09/Dec/2025:18:37:24 +0800] "POST /wp-cron.php?doing_wp_cron=1765276644.9013440608978271484375 HTTP/1.1" 200 31 "-" "WordPress/6.8.3; http://cqqizhou.com"
183.227.128.11 - - [09/Dec/2025:18:37:25 +0800] "GET /2339/ HTTP/1.1" 200 20666 "-" "Mozilla/5.0 (iPhone; CPU iPhone OS 17_6_1 like Mac OS X) AppleWebKit/605.1.15 (KHTML, like Gecko) Mobile/15E148 MicroMessenger/8.0.66(0x18004229) NetType/WIFI Language/zh_CN"
183.227.128.11 - - [09/Dec/2025:18:37:25 +0800] "GET /wp-content/uploads/2025/12/1765253089-20251209103501_96_61.webp HTTP/1.1" 200 37758 "http://cqqizhou.com/2339/" "Mozilla/5.0 (iPhone; CPU iPhone OS 17_6_1 like Mac OS X) AppleWebKit/605.1.15 (KHTML, like Gecko) Mobile/15E148 MicroMessenger/8.0.66(0x18004229) NetType/WIFI Language/zh_CN"
183.227.128.11 - - [09/Dec/2025:18:37:25 +0800] "GET /wp-content/uploads/2025/07/1753410289-News2000%C3%97400_202571.webp HTTP/1.1" 200 17830 "http://cqqizhou.com/2339/" "Mozilla/5.0 (iPhone; CPU iPhone OS 17_6_1 like Mac OS X) AppleWebKit/605.1.15 (KHTML, like Gecko) Mobile/15E148 MicroMessenger/8.0.66(0x18004229) NetType/WIFI Language/zh_CN"
183.227.128.11 - - [09/Dec/2025:18:37:25 +0800] "GET /wp-content/uploads/2025/12/1765248735-20251209104226_108_60.webp HTTP/1.1" 200 55962 "http://cqqizhou.com/2339/" "Mozilla/5.0 (iPhone; CPU iPhone OS 17_6_1 like Mac OS X) AppleWebKit/605.1.15 (KHTML, like Gecko) Mobile/15E148 MicroMessenger/8.0.66(0x18004229) NetType/WIFI Language/zh_CN"
183.227.128.11 - - [09/Dec/2025:18:37:25 +0800] "GET /wp-content/uploads/2025/12/1765248770-20251209104226_107_60.webp HTTP/1.1" 200 66916 "http://cqqizhou.com/2339/" "Mozilla/5.0 (iPhone; CPU iPhone OS 17_6_1 like Mac OS X) AppleWebKit/605.1.15 (KHTML, like Gecko) Mobile/15E148 MicroMessenger/8.0.66(0x18004229) NetType/WIFI Language/zh_CN"
183.227.128.11 - - [09/Dec/2025:18:37:25 +0800] "GET /wp-content/uploads/2025/09/1756868614-20250903104654_74_5-150x150.webp HTTP/1.1" 200 5712 "http://cqqizhou.com/2339/" "Mozilla/5.0 (iPhone; CPU iPhone OS 17_6_1 like Mac OS X) AppleWebKit/605.1.15 (KHTML, like Gecko) Mobile/15E148 MicroMessenger/8.0.66(0x18004229) NetType/WIFI Language/zh_CN"
183.227.128.11 - - [09/Dec/2025:18:37:25 +0800] "GET /wp-content/uploads/2025/09/1756868614-20250903104654_74_5.webp HTTP/1.1" 200 47858 "http://cqqizhou.com/2339/" "Mozilla/5.0 (iPhone; CPU iPhone OS 17_6_1 like Mac OS X) AppleWebKit/605.1.15 (KHTML, like Gecko) Mobile/15E148 MicroMessenger/8.0.66(0x18004229) NetType/WIFI Language/zh_CN"
183.227.128.11 - - [09/Dec/2025:18:37:25 +0800] "GET /wp-content/uploads/2025/08/1755826456-DSC01841.webp HTTP/1.1" 200 87046 "http://cqqizhou.com/2339/" "Mozilla/5.0 (iPhone; CPU iPhone OS 17_6_1 like Mac OS X) AppleWebKit/605.1.15 (KHTML, like Gecko) Mobile/15E148 MicroMessenger/8.0.66(0x18004229) NetType/WIFI Language/zh_CN"
183.227.128.11 - - [09/Dec/2025:18:37:25 +0800] "GET /wp-content/uploads/2025/07/1751425283-qizhou.kf_.qq_.com_.webp HTTP/1.1" 200 16864 "http://cqqizhou.com/2339/" "Mozilla/5.0 (iPhone; CPU iPhone OS 17_6_1 like Mac OS X) AppleWebKit/605.1.15 (KHTML, like Gecko) Mobile/15E148 MicroMessenger/8.0.66(0x18004229) NetType/WIFI Language/zh_CN"
183.227.128.11 - - [09/Dec/2025:18:37:53 +0800] "GET /wp-content/uploads/2025/12/1765249046-20251209104228_110_60.webp HTTP/1.1" 200 64834 "http://cqqizhou.com/2339/" "Mozilla/5.0 (iPhone; CPU iPhone OS 17_6_1 like Mac OS X) AppleWebKit/605.1.15 (KHTML, like Gecko) Mobile/15E148 MicroMessenger/8.0.66(0x18004229) NetType/WIFI Language/zh_CN"
36.133.115.36 - - [09/Dec/2025:18:38:25 +0800] "POST /wp-cron.php?doing_wp_cron=1765276705.1619410514831542968750 HTTP/1.1" 200 31 "-" "WordPress/6.8.3; http://cqqizhou.com"
183.227.128.11 - - [09/Dec/2025:18:38:25 +0800] "GET /2215/ HTTP/1.1" 200 20168 "http://cqqizhou.com/2339/" "Mozilla/5.0 (iPhone; CPU iPhone OS 17_6_1 like Mac OS X) AppleWebKit/605.1.15 (KHTML, like Gecko) Mobile/15E148 MicroMessenger/8.0.66(0x18004229) NetType/WIFI Language/zh_CN"
183.227.128.11 - - [09/Dec/2025:18:38:25 +0800] "GET /wp-content/uploads/2025/08/1755826390-DSC01765-150x150.webp HTTP/1.1" 200 6586 "http://cqqizhou.com/2215/" "Mozilla/5.0 (iPhone; CPU iPhone OS 17_6_1 like Mac OS X) AppleWebKit/605.1.15 (KHTML, like Gecko) Mobile/15E148 MicroMessenger/8.0.66(0x18004229) NetType/WIFI Language/zh_CN"
36.133.115.36 - - [09/Dec/2025:18:39:00 +0800] "POST /wp-cron.php?doing_wp_cron=1765276740.5505540370941162109375 HTTP/1.1" 200 31 "-" "WordPress/6.8.3; http://cqqizhou.com"
218.201.18.253 - - [09/Dec/2025:18:39:00 +0800] "GET /2339/ HTTP/1.1" 200 20666 "-" "Mozilla/5.0 (Linux; Android 8.1.0; V1813T Build/O11019; wv) AppleWebKit/537.36 (KHTML, like Gecko) Version/4.0 Chrome/107.0.5304.141 Mobile Safari/537.36 XWEB/5315 MMWEBSDK/20220604 MMWEBID/1788 MicroMessenger/8.0.24.2180(0x28001837) WeChat/arm64 Weixin NetType/WIFI Language/zh_CN ABI/arm64"
218.201.18.253 - - [09/Dec/2025:18:39:00 +0800] "GET /wp-content/uploads/2025/12/1765253089-20251209103501_96_61.webp HTTP/1.1" 200 37758 "http://cqqizhou.com/2339/" "Mozilla/5.0 (Linux; Android 8.1.0; V1813T Build/O11019; wv) AppleWebKit/537.36 (KHTML, like Gecko) Version/4.0 Chrome/107.0.5304.141 Mobile Safari/537.36 XWEB/5315 MMWEBSDK/20220604 MMWEBID/1788 MicroMessenger/8.0.24.2180(0x28001837) WeChat/arm64 Weixin NetType/WIFI Language/zh_CN ABI/arm64"
