218.201.18.253 - - [09/Dec/2025:18:39:01 +0800] "GET /wp-content/uploads/2025/12/1765248770-20251209104226_107_60.webp HTTP/1.1" 200 66916 "http://cqqizhou.com/2339/" "Mozilla/5.0 (Linux; Android 8.1.0; V1813T Build/O11019; wv) AppleWebKit/537.36 (KHTML, like Gecko) Version/4.0 Chrome/107.0.5304.141 Mobile Safari/537.36 XWEB/5315 MMWEBSDK/20220604 MMWEBID/1788 MicroMessenger/8.0.24.2180(0x28001837) WeChat/arm64 Weixin NetType/WIFI Language/zh_CN ABI/arm64"
218.201.18.253 - - [09/Dec/2025:18:39:01 +0800] "GET /wp-content/uploads/2025/12/1765248735-20251209104226_108_60.webp HTTP/1.1" 200 55962 "http://cqqizhou.com/2339/" "Mozilla/5.0 (Linux; Android 8.1.0; V1813T Build/O11019; wv) AppleWebKit/537.36 (KHTML, like Gecko) Version/4.0 Chrome/107.0.5304.141 Mobile Safari/537.36 XWEB/5315 MMWEBSDK/20220604 MMWEBID/1788 MicroMessenger/8.0.24.2180(0x28001837) WeChat/arm64 Weixin NetType/WIFI Language/zh_CN ABI/arm64"
218.201.18.253 - - [09/Dec/2025:18:39:01 +0800] "GET /wp-content/uploads/2025/07/1753410289-News2000%C3%97400_202571.webp HTTP/1.1" 200 17830 "http://cqqizhou.com/2339/" "Mozilla/5.0 (Linux; Android 8.1.0; V1813T Build/O11019; wv) AppleWebKit/537.36 (KHTML, like Gecko) Version/4.0 Chrome/107.0.5304.141 Mobile Safari/537.36 XWEB/5315 MMWEBSDK/20220604 MMWEBID/1788 MicroMessenger/8.0.24.2180(0x28001837) WeChat/arm64 Weixin NetType/WIFI Language/zh_CN ABI/arm64"
218.201.18.253 - - [09/Dec/2025:18:39:01 +0800] "GET /wp-content/uploads/2025/09/1756868614-20250903104654_74_5-150x150.webp HTTP/1.1" 200 5712 "http://cqqizhou.com/2339/" "Mozilla/5.0 (Linux; Android 8.1.0; V1813T Build/O11019; wv) AppleWebKit/537.36 (KHTML, like Gecko) Version/4.0 Chrome/107.0.5304.141 Mobile Safari/537.36 XWEB/5315 MMWEBSDK/20220604 MMWEBID/1788 MicroMessenger/8.0.24.2180(0x28001837) WeChat/arm64 Weixin NetType/WIFI Language/zh_CN ABI/arm64"
218.201.18.253 - - [09/Dec/2025:18:39:01 +0800] "GET /wp-content/uploads/2025/09/1756868614-20250903104654_74_5.webp HTTP/1.1" 200 47858 "http://cqqizhou.com/2339/" "Mozilla/5.0 (Linux; Android 8.1.0; V1813T Build/O11019; wv) AppleWebKit/537.36 (KHTML, like Gecko) Version/4.0 Chrome/107.0.5304.141 Mobile Safari/537.36 XWEB/5315 MMWEBSDK/20220604 MMWEBID/1788 MicroMessenger/8.0.24.2180(0x28001837) WeChat/arm64 Weixin NetType/WIFI Language/zh_CN ABI/arm64"
218.201.18.253 - - [09/Dec/2025:18:39:01 +0800] "GET /wp-content/uploads/2025/08/1755826456-DSC01841.webp HTTP/1.1" 200 87046 "http://cqqizhou.com/2339/" "Mozilla/5.0 (Linux; Android 8.1.0; V1813T Build/O11019; wv) AppleWebKit/537.36 (KHTML, like Gecko) Version/4.0 Chrome/107.0.5304.141 Mobile Safari/537.36 XWEB/5315 MMWEBSDK/20220604 MMWEBID/1788 MicroMessenger/8.0.24.2180(0x28001837) WeChat/arm64 Weixin NetType/WIFI Language/zh_CN ABI/arm64"
218.201.18.253 - - [09/Dec/2025:18:39:01 +0800] "GET /wp-content/uploads/2025/07/1751425283-qizhou.kf_.qq_.com_.webp HTTP/1.1" 200 16864 "http://cqqizhou.com/2339/" "Mozilla/5.0 (Linux; Android 8.1.0; V1813T Build/O11019; wv) AppleWebKit/537.36 (KHTML, like Gecko) Version/4.0 Chrome/107.0.5304.141 Mobile Safari/537.36 XWEB/5315 MMWEBSDK/20220604 MMWEBID/1788 MicroMessenger/8.0.24.2180(0x28001837) WeChat/arm64 Weixin NetType/WIFI Language/zh_CN ABI/arm64"
218.201.18.253 - - [09/Dec/2025:18:39:01 +0800] "GET /wp-content/uploads/2025/12/1765249046-20251209104228_110_60.webp HTTP/1.1" 200 64834 "http://cqqizhou.com/2339/" "Mozilla/5.0 (Linux; Android 8.1.0; V1813T Build/O11019; wv) AppleWebKit/537.36 (KHTML, like Gecko) Version/4.0 Chrome/107.0.5304.141 Mobile Safari/537.36 XWEB/5315 MMWEBSDK/20220604 MMWEBID/1788 MicroMessenger/8.0.24.2180(0x28001837) WeChat/arm64 Weixin NetType/WIFI Language/zh_CN ABI/arm64"
36.133.115.36 - - [09/Dec/2025:18:39:53 +0800] "POST /wp-cron.php?doing_wp_cron=1765276793.6237609386444091796875 HTTP/1.1" 200 31 "-" "WordPress/6.8.3; http://cqqizhou.com"
218.201.18.253 - - [09/Dec/2025:18:39:53 +0800] "GET /2339/ HTTP/1.1" 200 20666 "-" "Mozilla/5.0 (Linux; Android 8.1.0; V1813T Build/O11019; wv) AppleWebKit/537.36 (KHTML, like Gecko) Version/4.0 Chrome/107.0.5304.141 Mobile Safari/537.36 XWEB/5315 MMWEBSDK/20220604 MMWEBID/1788 MicroMessenger/8.0.24.2180(0x28001837) WeChat/arm64 Weixin NetType/WIFI Language/zh_CN ABI/arm64"
125.80.165.125 - - [09/Dec/2025:18:40:43 +0800] "GET /2339/ HTTP/1.1" 200 20666 "-" "Mozilla/5.0 (Linux; Android 11; GAR-AN60 Build/WIKOGAR-AN60; wv) AppleWebKit/537.36 (KHTML, like Gecko) Version/4.0 Chrome/142.0.7444.172 Mobile Safari/537.36 XWEB/1420045 MMWEBSDK/20251006 MMWEBID/7651 MicroMessenger/8.0.66.2980(0x28004234) WeChat/arm64 Weixin NetType/WIFI Language/zh_CN ABI/arm64"
125.80.165.125 - - [09/Dec/2025:18:40:43 +0800] "GET /wp-content/uploads/2025/12/1765253089-20251209103501_96_61-768x576.webp HTTP/1.1" 200 37612 "http://cqqizhou.com/2339/" "Mozilla/5.0 (Linux; Android 11; GAR-AN60 Build/WIKOGAR-AN60; wv) AppleWebKit/537.36 (KHTML, like Gecko) Version/4.0 Chrome/142.0.7444.172 Mobile Safari/537.36 XWEB/1420045 MMWEBSDK/20251006 MMWEBID/7651 MicroMessenger/8.0.66.2980(0x28004234) WeChat/arm64 Weixin NetType/WIFI Language/zh_CN ABI/arm64"
125.80.165.125 - - [09/Dec/2025:18:40:43 +0800] "GET /wp-content/uploads/2025/12/1765248735-20251209104226_108_60-768x576.webp HTTP/1.1" 200 53052 "http://cqqizhou.com/2339/" "Mozilla/5.0 (Linux; Android 11; GAR-AN60 Build/WIKOGAR-AN60; wv) AppleWebKit/537.36 (KHTML, like Gecko) Version/4.0 Chrome/142.0.7444.172 Mobile Safari/537.36 XWEB/1420045 MMWEBSDK/20251006 MMWEBID/7651 MicroMessenger/8.0.66.2980(0x28004234) WeChat/arm64 Weixin NetType/WIFI Language/zh_CN ABI/arm64"
125.80.165.125 - - [09/Dec/2025:18:40:43 +0800] "GET /wp-content/uploads/2025/12/1765248770-20251209104226_107_60-768x576.webp HTTP/1.1" 200 67802 "http://cqqizhou.com/2339/" "Mozilla/5.0 (Linux; Android 11; GAR-AN60 Build/WIKOGAR-AN60; wv) AppleWebKit/537.36 (KHTML, like Gecko) Version/4.0 Chrome/142.0.7444.172 Mobile Safari/537.36 XWEB/1420045 MMWEBSDK/20251006 MMWEBID/7651 MicroMessenger/8.0.66.2980(0x28004234) WeChat/arm64 Weixin NetType/WIFI Language/zh_CN ABI/arm64"
125.80.165.125 - - [09/Dec/2025:18:40:43 +0800] "GET /wp-content/uploads/2025/09/1756868614-20250903104654_74_5-150x150.webp HTTP/1.1" 200 5712 "http://cqqizhou.com/2339/" "Mozilla/5.0 (Linux; Android 11; GAR-AN60 Build/WIKOGAR-AN60; wv) AppleWebKit/537.36 (KHTML, like Gecko) Version/4.0 Chrome/142.0.7444.172 Mobile Safari/537.36 XWEB/1420045 MMWEBSDK/20251006 MMWEBID/7651 MicroMessenger/8.0.66.2980(0x28004234) WeChat/arm64 Weixin NetType/WIFI Language/zh_CN ABI/arm64"
125.80.165.125 - - [09/Dec/2025:18:40:43 +0800] "GET /wp-content/uploads/2025/09/1756868614-20250903104654_74_5-768x346.webp HTTP/1.1" 200 43274 "http://cqqizhou.com/2339/" "Mozilla/5.0 (Linux; Android 11; GAR-AN60 Build/WIKOGAR-AN60; wv) AppleWebKit/537.36 (KHTML, like Gecko) Version/4.0 Chrome/142.0.7444.172 Mobile Safari/537.36 XWEB/1420045 MMWEBSDK/20251006 MMWEBID/7651 MicroMessenger/8.0.66.2980(0x28004234) WeChat/arm64 Weixin NetType/WIFI Language/zh_CN ABI/arm64"
125.80.165.125 - - [09/Dec/2025:18:40:43 +0800] "GET /wp-content/uploads/2025/07/1753410289-News2000%C3%97400_202571.webp HTTP/1.1" 200 17830 "http://cqqizhou.com/2339/" "Mozilla/5.0 (Linux; Android 11; GAR-AN60 Build/WIKOGAR-AN60; wv) AppleWebKit/537.36 (KHTML, like Gecko) Version/4.0 Chrome/142.0.7444.172 Mobile Safari/537.36 XWEB/1420045 MMWEBSDK/20251006 MMWEBID/7651 MicroMessenger/8.0.66.2980(0x28004234) WeChat/arm64 Weixin NetType/WIFI Language/zh_CN ABI/arm64"
125.80.165.125 - - [09/Dec/2025:18:40:43 +0800] "GET /wp-content/uploads/2025/08/1755826456-DSC01841-768x432.webp HTTP/1.1" 200 82118 "http://cqqizhou.com/2339/" "Mozilla/5.0 (Linux; Android 11; GAR-AN60 Build/WIKOGAR-AN60; wv) AppleWebKit/537.36 (KHTML, like Gecko) Version/4.0 Chrome/142.0.7444.172 Mobile Safari/537.36 XWEB/1420045 MMWEBSDK/20251006 MMWEBID/7651 MicroMessenger/8.0.66.2980(0x28004234) WeChat/arm64 Weixin NetType/WIFI Language/zh_CN ABI/arm64"
125.80.165.125 - - [09/Dec/2025:18:40:43 +0800] "GET /wp-content/uploads/2025/07/1751425283-qizhou.kf_.qq_.com_.webp HTTP/1.1" 200 16864 "http://cqqizhou.com/2339/" "Mozilla/5.0 (Linux; Android 11; GAR-AN60 Build/WIKOGAR-AN60; wv) AppleWebKit/537.36 (KHTML, like Gecko) Version/4.0 Chrome/142.0.7444.172 Mobile Safari/537.36 XWEB/1420045 MMWEBSDK/20251006 MMWEBID/7651 MicroMessenger/8.0.66.2980(0x28004234) WeChat/arm64 Weixin NetType/WIFI Language/zh_CN ABI/arm64"
125.80.165.125 - - [09/Dec/2025:18:40:43 +0800] "GET /wp-content/uploads/2025/12/1765249046-20251209104228_110_60-768x576.webp HTTP/1.1" 200 62052 "http://cqqizhou.com/2339/" "Mozilla/5.0 (Linux; Android 11; GAR-AN60 Build/WIKOGAR-AN60; wv) AppleWebKit/537.36 (KHTML, like Gecko) Version/4.0 Chrome/142.0.7444.172 Mobile Safari/537.36 XWEB/1420045 MMWEBSDK/20251006 MMWEBID/7651 MicroMessenger/8.0.66.2980(0x28004234) WeChat/arm64 Weixin NetType/WIFI Language/zh_CN ABI/arm64"
36.133.115.36 - - [09/Dec/2025:18:42:25 +0800] "POST /wp-cron.php?doing_wp_cron=1765276944.9715340137481689453125 HTTP/1.1" 200 31 "-" "WordPress/6.8.3; http://cqqizhou.com"
218.201.18.253 - - [09/Dec/2025:18:42:25 +0800] "GET /2339/ HTTP/1.1" 200 20666 "-" "Mozilla/5.0 (Linux; Android 8.1.0; V1813T Build/O11019; wv) AppleWebKit/537.36 (KHTML, like Gecko) Version/4.0 Chrome/107.0.5304.141 Mobile Safari/537.36 XWEB/5315 MMWEBSDK/20220604 MMWEBID/1788 MicroMessenger/8.0.24.2180(0x28001837) WeChat/arm64 Weixin NetType/WIFI Language/zh_CN ABI/arm64"
36.133.115.36 - - [09/Dec/2025:18:42:51 +0800] "POST /wp-cron.php?doing_wp_cron=1765276971.6002259254455566406250 HTTP/1.1" 200 31 "-" "WordPress/6.8.3; http://cqqizhou.com"
218.201.18.253 - - [09/Dec/2025:18:42:51 +0800] "GET /2339/ HTTP/1.1" 200 20666 "-" "Mozilla/5.0 (Linux; Android 8.1.0; V1813T Build/O11019; wv) AppleWebKit/537.36 (KHTML, like Gecko) Version/4.0 Chrome/107.0.5304.141 Mobile Safari/537.36 XWEB/5315 MMWEBSDK/20220604 MMWEBID/1788 MicroMessenger/8.0.24.2180(0x28001837) WeChat/arm64 Weixin NetType/WIFI Language/zh_CN ABI/arm64"
218.201.18.253 - - [09/Dec/2025:18:43:36 +0800] "GET /2339/ HTTP/1.1" 200 20666 "-" "Mozilla/5.0 (Linux; Android 8.1.0; V1813T Build/O11019; wv) AppleWebKit/537.36 (KHTML, like Gecko) Version/4.0 Chrome/107.0.5304.141 Mobile Safari/537.36 XWEB/5315 MMWEBSDK/20220604 MMWEBID/1788 MicroMessenger/8.0.24.2180(0x28001837) WeChat/arm64 Weixin NetType/WIFI Language/zh_CN ABI/arm64"
36.133.115.36 - - [09/Dec/2025:18:44:22 +0800] "POST /wp-cron.php?doing_wp_cron=1765277062.3129980564117431640625 HTTP/1.1" 200 31 "-" "WordPress/6.8.3; http://cqqizhou.com"
74.7.241.5 - - [09/Dec/2025:18:44:22 +0800] "GET /wp-sitemap.xml HTTP/1.1" 501 253 "-" "Mozilla/5.0 AppleWebKit/537.36 (KHTML, like Gecko; compatible; GPTBot/1.3; +https://openai.com/gptbot)"
218.201.18.253 - - [09/Dec/2025:18:44:42 +0800] "GET /2231/ HTTP/1.1" 200 19700 "http://cqqizhou.com/2339/" "Mozilla/5.0 (Linux; Android 8.1.0; V1813T Build/O11019; wv) AppleWebKit/537.36 (KHTML, like Gecko) Version/4.0 Chrome/107.0.5304.141 Mobile Safari/537.36 XWEB/5315 MMWEBSDK/20220604 MMWEBID/1788 MicroMessenger/8.0.24.2180(0x28001837) WeChat/arm64 Weixin NetType/WIFI Language/zh_CN ABI/arm64"
218.201.18.253 - - [09/Dec/2025:18:44:43 +0800] "GET /wp-content/uploads/2025/09/1756868585-20250903104658_78_5.webp HTTP/1.1" 200 39636 "http://cqqizhou.com/2231/" "Mozilla/5.0 (Linux; Android 8.1.0; V1813T Build/O11019; wv) AppleWebKit/537.36 (KHTML, like Gecko) Version/4.0 Chrome/107.0.5304.141 Mobile Safari/537.36 XWEB/5315 MMWEBSDK/20220604 MMWEBID/1788 MicroMessenger/8.0.24.2180(0x28001837) WeChat/arm64 Weixin NetType/WIFI Language/zh_CN ABI/arm64"
218.201.18.253 - - [09/Dec/2025:18:44:43 +0800] "GET /wp-content/uploads/2025/08/1755826456-DSC01841-150x150.webp HTTP/1.1" 200 9850 "http://cqqizhou.com/2231/" "Mozilla/5.0 (Linux; Android 8.1.0; V1813T Build/O11019; wv) AppleWebKit/537.36 (KHTML, like Gecko) Version/4.0 Chrome/107.0.5304.141 Mobile Safari/537.36 XWEB/5315 MMWEBSDK/20220604 MMWEBID/1788 MicroMessenger/8.0.24.2180(0x28001837) WeChat/arm64 Weixin NetType/WIFI Language/zh_CN ABI/arm64"
218.201.18.253 - - [09/Dec/2025:18:44:43 +0800] "GET /wp-content/uploads/2025/12/1765253089-20251209103501_96_61-150x150.webp HTTP/1.1" 200 5198 "http://cqqizhou.com/2231/" "Mozilla/5.0 (Linux; Android 8.1.0; V1813T Build/O11019; wv) AppleWebKit/537.36 (KHTML, like Gecko) Version/4.0 Chrome/107.0.5304.141 Mobile Safari/537.36 XWEB/5315 MMWEBSDK/20220604 MMWEBID/1788 MicroMessenger/8.0.24.2180(0x28001837) WeChat/arm64 Weixin NetType/WIFI Language/zh_CN ABI/arm64"
36.133.115.36 - - [09/Dec/2025:18:45:17 +0800] "POST /wp-cron.php?doing_wp_cron=1765277117.0137801170349121093750 HTTP/1.1" 200 31 "-" "WordPress/6.8.3; http://cqqizhou.com"
193.142.147.209 - - [09/Dec/2025:18:45:17 +0800] "GET /cgi-bin/luci/;stok=/locale HTTP/1.1" 301 5 "-" "-"
193.142.147.209 - - [09/Dec/2025:18:45:18 +0800] "GET /cgi-bin/luci/;stok=/locale HTTP/1.1" 404 31364 "http://36.133.115.36:80/cgi-bin/luci/;stok=/locale" "-"
218.201.18.253 - - [09/Dec/2025:18:45:46 +0800] "GET /2215/ HTTP/1.1" 200 20168 "http://cqqizhou.com/2231/" "Mozilla/5.0 (Linux; Android 8.1.0; V1813T Build/O11019; wv) AppleWebKit/537.36 (KHTML, like Gecko) Version/4.0 Chrome/107.0.5304.141 Mobile Safari/537.36 XWEB/5315 MMWEBSDK/20220604 MMWEBID/1788 MicroMessenger/8.0.24.2180(0x28001837) WeChat/arm64 Weixin NetType/WIFI Language/zh_CN ABI/arm64"
218.201.18.253 - - [09/Dec/2025:18:45:46 +0800] "GET /wp-content/uploads/2025/08/1755826390-DSC01765-150x150.webp HTTP/1.1" 200 6586 "http://cqqizhou.com/2215/" "Mozilla/5.0 (Linux; Android 8.1.0; V1813T Build/O11019; wv) AppleWebKit/537.36 (KHTML, like Gecko) Version/4.0 Chrome/107.0.5304.141 Mobile Safari/537.36 XWEB/5315 MMWEBSDK/20220604 MMWEBID/1788 MicroMessenger/8.0.24.2180(0x28001837) WeChat/arm64 Weixin NetType/WIFI Language/zh_CN ABI/arm64"
36.133.115.36 - - [09/Dec/2025:18:47:31 +0800] "POST /wp-cron.php?doing_wp_cron=1765277251.5972940921783447265625 HTTP/1.1" 200 31 "-" "WordPress/6.8.3; http://cqqizhou.com"
218.201.18.253 - - [09/Dec/2025:18:47:31 +0800] "GET /2214/ HTTP/1.1" 200 21370 "http://cqqizhou.com/2215/" "Mozilla/5.0 (Linux; Android 8.1.0; V1813T Build/O11019; wv) AppleWebKit/537.36 (KHTML, like Gecko) Version/4.0 Chrome/107.0.5304.141 Mobile Safari/537.36 XWEB/5315 MMWEBSDK/20220604 MMWEBID/1788 MicroMessenger/8.0.24.2180(0x28001837) WeChat/arm64 Weixin NetType/WIFI Language/zh_CN ABI/arm64"
218.201.18.253 - - [09/Dec/2025:18:47:32 +0800] "GET /wp-content/uploads/2025/08/1755826390-DSC01765.webp HTTP/1.1" 200 71514 "http://cqqizhou.com/2214/" "Mozilla/5.0 (Linux; Android 8.1.0; V1813T Build/O11019; wv) AppleWebKit/537.36 (KHTML, like Gecko) Version/4.0 Chrome/107.0.5304.141 Mobile Safari/537.36 XWEB/5315 MMWEBSDK/20220604 MMWEBID/1788 MicroMessenger/8.0.24.2180(0x28001837) WeChat/arm64 Weixin NetType/WIFI Language/zh_CN ABI/arm64"
218.201.18.253 - - [09/Dec/2025:18:47:32 +0800] "GET /wp-content/uploads/2025/07/1753455746-DSC01472-150x150.webp HTTP/1.1" 200 4760 "http://cqqizhou.com/2214/" "Mozilla/5.0 (Linux; Android 8.1.0; V1813T Build/O11019; wv) AppleWebKit/537.36 (KHTML, like Gecko) Version/4.0 Chrome/107.0.5304.141 Mobile Safari/537.36 XWEB/5315 MMWEBSDK/20220604 MMWEBID/1788 MicroMessenger/8.0.24.2180(0x28001837) WeChat/arm64 Weixin NetType/WIFI Language/zh_CN ABI/arm64"
43.155.129.131 - - [09/Dec/2025:18:47:37 +0800] "GET / HTTP/1.1" 200 33677 "-" "Mozilla/5.0 (iPhone; CPU iPhone OS 13_2_3 like Mac OS X) AppleWebKit/605.1.15 (KHTML, like Gecko) Version/13.0.3 Mobile/15E148 Safari/604.1"
218.201.18.253 - - [09/Dec/2025:18:47:55 +0800] "GET /2339/ HTTP/1.1" 499 0 "http://cqqizhou.com/2215/" "Mozilla/5.0 (Linux; Android 8.1.0; V1813T Build/O11019; wv) AppleWebKit/537.36 (KHTML, like Gecko) Version/4.0 Chrome/107.0.5304.141 Mobile Safari/537.36 XWEB/5315 MMWEBSDK/20220604 MMWEBID/1788 MicroMessenger/8.0.24.2180(0x28001837) WeChat/arm64 Weixin NetType/WIFI Language/zh_CN ABI/arm64"
36.133.115.36 - - [09/Dec/2025:18:47:55 +0800] "POST /wp-cron.php?doing_wp_cron=1765277275.5872631072998046875000 HTTP/1.1" 200 31 "-" "WordPress/6.8.3; http://cqqizhou.com"
218.201.18.253 - - [09/Dec/2025:18:47:56 +0800] "GET /2339/ HTTP/1.1" 200 20666 "http://cqqizhou.com/2215/" "Mozilla/5.0 (Linux; Android 8.1.0; V1813T Build/O11019; wv) AppleWebKit/537.36 (KHTML, like Gecko) Version/4.0 Chrome/107.0.5304.141 Mobile Safari/537.36 XWEB/5315 MMWEBSDK/20220604 MMWEBID/1788 MicroMessenger/8.0.24.2180(0x28001837) WeChat/arm64 Weixin NetType/WIFI Language/zh_CN ABI/arm64"
36.133.115.36 - - [09/Dec/2025:18:55:52 +0800] "POST /wp-cron.php?doing_wp_cron=1765277752.2047901153564453125000 HTTP/1.1" 200 31 "-" "WordPress/6.8.3; http://cqqizhou.com"
218.201.18.253 - - [09/Dec/2025:18:55:52 +0800] "GET /2339/ HTTP/1.1" 200 20666 "-" "Mozilla/5.0 (Linux; Android 8.1.0; V1813T Build/O11019; wv) AppleWebKit/537.36 (KHTML, like Gecko) Version/4.0 Chrome/107.0.5304.141 Mobile Safari/537.36 XWEB/5315 MMWEBSDK/20220604 MMWEBID/1788 MicroMessenger/8.0.24.2180(0x28001837) WeChat/arm64 Weixin NetType/WIFI Language/zh_CN ABI/arm64"
36.133.115.36 - - [09/Dec/2025:18:58:17 +0800] "POST /wp-cron.php?doing_wp_cron=1765277897.2834401130676269531250 HTTP/1.1" 200 31 "-" "WordPress/6.8.3; http://cqqizhou.com"
218.201.18.253 - - [09/Dec/2025:18:58:17 +0800] "GET /2231/ HTTP/1.1" 200 19700 "http://cqqizhou.com/2339/" "Mozilla/5.0 (Linux; Android 8.1.0; V1813T Build/O11019; wv) AppleWebKit/537.36 (KHTML, like Gecko) Version/4.0 Chrome/107.0.5304.141 Mobile Safari/537.36 XWEB/5315 MMWEBSDK/20220604 MMWEBID/1788 MicroMessenger/8.0.24.2180(0x28001837) WeChat/arm64 Weixin NetType/WIFI Language/zh_CN ABI/arm64"
36.133.115.36 - - [09/Dec/2025:18:59:54 +0800] "POST /wp-cron.php?doing_wp_cron=1765277994.9217031002044677734375 HTTP/1.1" 200 31 "-" "WordPress/6.8.3; http://cqqizhou.com"
125.80.166.242 - - [09/Dec/2025:18:59:55 +0800] "GET /2339/ HTTP/1.1" 200 20666 "-" "Mozilla/5.0 (Linux; Android 15; V2364A Build/AP3A.240905.015.A2; wv) AppleWebKit/537.36 (KHTML, like Gecko) Version/4.0 Chrome/142.0.7444.158 Mobile Safari/537.36 XWEB/1420037 MMWEBSDK/20250904 MMWEBID/2612 MicroMessenger/8.0.65.2960(0x28004156) WeChat/arm64 Weixin NetType/WIFI Language/zh_CN ABI/arm64"
125.80.166.242 - - [09/Dec/2025:18:59:55 +0800] "GET /wp-content/uploads/2025/12/1765253089-20251209103501_96_61.webp HTTP/1.1" 200 37758 "http://cqqizhou.com/2339/" "Mozilla/5.0 (Linux; Android 15; V2364A Build/AP3A.240905.015.A2; wv) AppleWebKit/537.36 (KHTML, like Gecko) Version/4.0 Chrome/142.0.7444.158 Mobile Safari/537.36 XWEB/1420037 MMWEBSDK/20250904 MMWEBID/2612 MicroMessenger/8.0.65.2960(0x28004156) WeChat/arm64 Weixin NetType/WIFI Language/zh_CN ABI/arm64"
125.80.166.242 - - [09/Dec/2025:18:59:55 +0800] "GET /wp-content/uploads/2025/12/1765248735-20251209104226_108_60.webp HTTP/1.1" 200 55962 "http://cqqizhou.com/2339/" "Mozilla/5.0 (Linux; Android 15; V2364A Build/AP3A.240905.015.A2; wv) AppleWebKit/537.36 (KHTML, like Gecko) Version/4.0 Chrome/142.0.7444.158 Mobile Safari/537.36 XWEB/1420037 MMWEBSDK/20250904 MMWEBID/2612 MicroMessenger/8.0.65.2960(0x28004156) WeChat/arm64 Weixin NetType/WIFI Language/zh_CN ABI/arm64"
125.80.166.242 - - [09/Dec/2025:18:59:55 +0800] "GET /wp-content/uploads/2025/12/1765248770-20251209104226_107_60.webp HTTP/1.1" 200 66916 "http://cqqizhou.com/2339/" "Mozilla/5.0 (Linux; Android 15; V2364A Build/AP3A.240905.015.A2; wv) AppleWebKit/537.36 (KHTML, like Gecko) Version/4.0 Chrome/142.0.7444.158 Mobile Safari/537.36 XWEB/1420037 MMWEBSDK/20250904 MMWEBID/2612 MicroMessenger/8.0.65.2960(0x28004156) WeChat/arm64 Weixin NetType/WIFI Language/zh_CN ABI/arm64"
125.80.166.242 - - [09/Dec/2025:18:59:55 +0800] "GET /wp-content/uploads/2025/09/1756868614-20250903104654_74_5-150x150.webp HTTP/1.1" 200 5712 "http://cqqizhou.com/2339/" "Mozilla/5.0 (Linux; Android 15; V2364A Build/AP3A.240905.015.A2; wv) AppleWebKit/537.36 (KHTML, like Gecko) Version/4.0 Chrome/142.0.7444.158 Mobile Safari/537.36 XWEB/1420037 MMWEBSDK/20250904 MMWEBID/2612 MicroMessenger/8.0.65.2960(0x28004156) WeChat/arm64 Weixin NetType/WIFI Language/zh_CN ABI/arm64"
125.80.166.242 - - [09/Dec/2025:18:59:55 +0800] "GET /wp-content/uploads/2025/09/1756868614-20250903104654_74_5.webp HTTP/1.1" 200 47858 "http://cqqizhou.com/2339/" "Mozilla/5.0 (Linux; Android 15; V2364A Build/AP3A.240905.015.A2; wv) AppleWebKit/537.36 (KHTML, like Gecko) Version/4.0 Chrome/142.0.7444.158 Mobile Safari/537.36 XWEB/1420037 MMWEBSDK/20250904 MMWEBID/2612 MicroMessenger/8.0.65.2960(0x28004156) WeChat/arm64 Weixin NetType/WIFI Language/zh_CN ABI/arm64"
125.80.166.242 - - [09/Dec/2025:18:59:55 +0800] "GET /wp-content/uploads/2025/07/1751425283-qizhou.kf_.qq_.com_.webp HTTP/1.1" 200 16864 "http://cqqizhou.com/2339/" "Mozilla/5.0 (Linux; Android 15; V2364A Build/AP3A.240905.015.A2; wv) AppleWebKit/537.36 (KHTML, like Gecko) Version/4.0 Chrome/142.0.7444.158 Mobile Safari/537.36 XWEB/1420037 MMWEBSDK/20250904 MMWEBID/2612 MicroMessenger/8.0.65.2960(0x28004156) WeChat/arm64 Weixin NetType/WIFI Language/zh_CN ABI/arm64"
125.80.166.242 - - [09/Dec/2025:18:59:55 +0800] "GET /wp-content/uploads/2025/07/1753410289-News2000%C3%97400_202571.webp HTTP/1.1" 200 17830 "http://cqqizhou.com/2339/" "Mozilla/5.0 (Linux; Android 15; V2364A Build/AP3A.240905.015.A2; wv) AppleWebKit/537.36 (KHTML, like Gecko) Version/4.0 Chrome/142.0.7444.158 Mobile Safari/537.36 XWEB/1420037 MMWEBSDK/20250904 MMWEBID/2612 MicroMessenger/8.0.65.2960(0x28004156) WeChat/arm64 Weixin NetType/WIFI Language/zh_CN ABI/arm64"
125.80.166.242 - - [09/Dec/2025:18:59:55 +0800] "GET /wp-content/uploads/2025/08/1755826456-DSC01841.webp HTTP/1.1" 200 87046 "http://cqqizhou.com/2339/" "Mozilla/5.0 (Linux; Android 15; V2364A Build/AP3A.240905.015.A2; wv) AppleWebKit/537.36 (KHTML, like Gecko) Version/4.0 Chrome/142.0.7444.158 Mobile Safari/537.36 XWEB/1420037 MMWEBSDK/20250904 MMWEBID/2612 MicroMessenger/8.0.65.2960(0x28004156) WeChat/arm64 Weixin NetType/WIFI Language/zh_CN ABI/arm64"
125.80.166.242 - - [09/Dec/2025:18:59:55 +0800] "GET /wp-content/uploads/2025/12/1765249046-20251209104228_110_60.webp HTTP/1.1" 200 64834 "http://cqqizhou.com/2339/" "Mozilla/5.0 (Linux; Android 15; V2364A Build/AP3A.240905.015.A2; wv) AppleWebKit/537.36 (KHTML, like Gecko) Version/4.0 Chrome/142.0.7444.158 Mobile Safari/537.36 XWEB/1420037 MMWEBSDK/20250904 MMWEBID/2612 MicroMessenger/8.0.65.2960(0x28004156) WeChat/arm64 Weixin NetType/WIFI Language/zh_CN ABI/arm64"
36.133.115.36 - - [09/Dec/2025:19:00:58 +0800] "POST /wp-cron.php?doing_wp_cron=1765278058.3982460498809814453125 HTTP/1.1" 200 31 "-" "WordPress/6.8.3; http://cqqizhou.com"
43.164.197.224 - - [09/Dec/2025:19:00:58 +0800] "GET /wp-content/uploads/2025/12/1765268955-qizhou_Slider1_3840 HTTP/1.1" 404 8982 "-" "Mozilla/5.0 (iPhone; CPU iPhone OS 13_2_3 like Mac OS X) AppleWebKit/605.1.15 (KHTML, like Gecko) Version/13.0.3 Mobile/15E148 Safari/604.1"
36.133.115.36 - - [09/Dec/2025:19:02:33 +0800] "POST /wp-cron.php?doing_wp_cron=1765278153.6457819938659667968750 HTTP/1.1" 200 31 "-" "WordPress/6.8.3; http://cqqizhou.com"
218.201.18.253 - - [09/Dec/2025:19:02:33 +0800] "GET /2339/ HTTP/1.1" 200 20666 "-" "Mozilla/5.0 (Linux; Android 8.1.0; V1813T Build/O11019; wv) AppleWebKit/537.36 (KHTML, like Gecko) Version/4.0 Chrome/107.0.5304.141 Mobile Safari/537.36 XWEB/5315 MMWEBSDK/20220604 MMWEBID/1788 MicroMessenger/8.0.24.2180(0x28001837) WeChat/arm64 Weixin NetType/WIFI Language/zh_CN ABI/arm64"
36.133.115.36 - - [09/Dec/2025:19:05:34 +0800] "POST /wp-cron.php?doing_wp_cron=1765278334.5340840816497802734375 HTTP/1.1" 200 31 "-" "WordPress/6.8.3; http://cqqizhou.com"
34.79.182.243 - - [09/Dec/2025:19:05:34 +0800] "GET / HTTP/1.1" 301 5 "-" "python-requests/2.32.5"
39.144.224.37 - - [09/Dec/2025:19:05:35 +0800] "GET /2339/ HTTP/1.1" 200 20666 "-" "Mozilla/5.0 (iPhone; CPU iPhone OS 18_6_2 like Mac OS X) AppleWebKit/605.1.15 (KHTML, like Gecko) Mobile/15E148 MicroMessenger/8.0.66(0x18004229) NetType/4G Language/zh_CN"
39.144.224.37 - - [09/Dec/2025:19:05:35 +0800] "GET /wp-content/uploads/2025/12/1765248735-20251209104226_108_60.webp HTTP/1.1" 304 0 "http://cqqizhou.com/2339/" "Mozilla/5.0 (iPhone; CPU iPhone OS 18_6_2 like Mac OS X) AppleWebKit/605.1.15 (KHTML, like Gecko) Mobile/15E148 MicroMessenger/8.0.66(0x18004229) NetType/4G Language/zh_CN"
39.144.224.37 - - [09/Dec/2025:19:05:35 +0800] "GET /wp-content/uploads/2025/12/1765248770-20251209104226_107_60.webp HTTP/1.1" 304 0 "http://cqqizhou.com/2339/" "Mozilla/5.0 (iPhone; CPU iPhone OS 18_6_2 like Mac OS X) AppleWebKit/605.1.15 (KHTML, like Gecko) Mobile/15E148 MicroMessenger/8.0.66(0x18004229) NetType/4G Language/zh_CN"
39.144.224.37 - - [09/Dec/2025:19:05:35 +0800] "GET /wp-content/uploads/2025/12/1765253089-20251209103501_96_61.webp HTTP/1.1" 304 0 "http://cqqizhou.com/2339/" "Mozilla/5.0 (iPhone; CPU iPhone OS 18_6_2 like Mac OS X) AppleWebKit/605.1.15 (KHTML, like Gecko) Mobile/15E148 MicroMessenger/8.0.66(0x18004229) NetType/4G Language/zh_CN"
39.144.224.37 - - [09/Dec/2025:19:06:29 +0800] "GET /wp-content/uploads/2025/12/1765249046-20251209104228_110_60.webp HTTP/1.1" 304 0 "http://cqqizhou.com/2339/" "Mozilla/5.0 (iPhone; CPU iPhone OS 18_6_2 like Mac OS X) AppleWebKit/605.1.15 (KHTML, like Gecko) Mobile/15E148 MicroMessenger/8.0.66(0x18004229) NetType/4G Language/zh_CN"
36.133.115.36 - - [09/Dec/2025:19:06:30 +0800] "POST /wp-cron.php?doing_wp_cron=1765278390.1741280555725097656250 HTTP/1.1" 200 31 "-" "WordPress/6.8.3; http://cqqizhou.com"
111.55.151.76 - - [09/Dec/2025:19:06:30 +0800] "GET /2339/ HTTP/1.1" 200 20666 "-" "Mozilla/5.0 (Linux; Android 12; NAM-AL00 Build/HUAWEINAM-AL00; wv) AppleWebKit/537.36 (KHTML, like Gecko) Version/4.0 Chrome/142.0.7444.172 Mobile Safari/537.36 XWEB/1420045 MMWEBSDK/20251006 MMWEBID/8829 MicroMessenger/8.0.66.2980(0x28004234) WeChat/arm64 Weixin NetType/4G Language/zh_CN ABI/arm64"
111.55.151.76 - - [09/Dec/2025:19:06:30 +0800] "GET /wp-content/uploads/2025/12/1765253089-20251209103501_96_61.webp HTTP/1.1" 200 37758 "http://cqqizhou.com/2339/" "Mozilla/5.0 (Linux; Android 12; NAM-AL00 Build/HUAWEINAM-AL00; wv) AppleWebKit/537.36 (KHTML, like Gecko) Version/4.0 Chrome/142.0.7444.172 Mobile Safari/537.36 XWEB/1420045 MMWEBSDK/20251006 MMWEBID/8829 MicroMessenger/8.0.66.2980(0x28004234) WeChat/arm64 Weixin NetType/4G Language/zh_CN ABI/arm64"
111.55.151.76 - - [09/Dec/2025:19:06:30 +0800] "GET /wp-content/uploads/2025/09/1756868614-20250903104654_74_5-150x150.webp HTTP/1.1" 200 5712 "http://cqqizhou.com/2339/" "Mozilla/5.0 (Linux; Android 12; NAM-AL00 Build/HUAWEINAM-AL00; wv) AppleWebKit/537.36 (KHTML, like Gecko) Version/4.0 Chrome/142.0.7444.172 Mobile Safari/537.36 XWEB/1420045 MMWEBSDK/20251006 MMWEBID/8829 MicroMessenger/8.0.66.2980(0x28004234) WeChat/arm64 Weixin NetType/4G Language/zh_CN ABI/arm64"
111.55.151.76 - - [09/Dec/2025:19:06:30 +0800] "GET /wp-content/uploads/2025/09/1756868614-20250903104654_74_5.webp HTTP/1.1" 200 47858 "http://cqqizhou.com/2339/" "Mozilla/5.0 (Linux; Android 12; NAM-AL00 Build/HUAWEINAM-AL00; wv) AppleWebKit/537.36 (KHTML, like Gecko) Version/4.0 Chrome/142.0.7444.172 Mobile Safari/537.36 XWEB/1420045 MMWEBSDK/20251006 MMWEBID/8829 MicroMessenger/8.0.66.2980(0x28004234) WeChat/arm64 Weixin NetType/4G Language/zh_CN ABI/arm64"
111.55.151.76 - - [09/Dec/2025:19:06:30 +0800] "GET /wp-content/uploads/2025/12/1765248735-20251209104226_108_60.webp HTTP/1.1" 200 55962 "http://cqqizhou.com/2339/" "Mozilla/5.0 (Linux; Android 12; NAM-AL00 Build/HUAWEINAM-AL00; wv) AppleWebKit/537.36 (KHTML, like Gecko) Version/4.0 Chrome/142.0.7444.172 Mobile Safari/537.36 XWEB/1420045 MMWEBSDK/20251006 MMWEBID/8829 MicroMessenger/8.0.66.2980(0x28004234) WeChat/arm64 Weixin NetType/4G Language/zh_CN ABI/arm64"
111.55.151.76 - - [09/Dec/2025:19:06:30 +0800] "GET /wp-content/uploads/2025/12/1765248770-20251209104226_107_60.webp HTTP/1.1" 200 66916 "http://cqqizhou.com/2339/" "Mozilla/5.0 (Linux; Android 12; NAM-AL00 Build/HUAWEINAM-AL00; wv) AppleWebKit/537.36 (KHTML, like Gecko) Version/4.0 Chrome/142.0.7444.172 Mobile Safari/537.36 XWEB/1420045 MMWEBSDK/20251006 MMWEBID/8829 MicroMessenger/8.0.66.2980(0x28004234) WeChat/arm64 Weixin NetType/4G Language/zh_CN ABI/arm64"
111.55.151.76 - - [09/Dec/2025:19:06:31 +0800] "GET /wp-content/uploads/2025/07/1753410289-News2000%C3%97400_202571.webp HTTP/1.1" 200 17830 "http://cqqizhou.com/2339/" "Mozilla/5.0 (Linux; Android 12; NAM-AL00 Build/HUAWEINAM-AL00; wv) AppleWebKit/537.36 (KHTML, like Gecko) Version/4.0 Chrome/142.0.7444.172 Mobile Safari/537.36 XWEB/1420045 MMWEBSDK/20251006 MMWEBID/8829 MicroMessenger/8.0.66.2980(0x28004234) WeChat/arm64 Weixin NetType/4G Language/zh_CN ABI/arm64"
111.55.151.76 - - [09/Dec/2025:19:06:31 +0800] "GET /wp-content/uploads/2025/08/1755826456-DSC01841.webp HTTP/1.1" 200 87046 "http://cqqizhou.com/2339/" "Mozilla/5.0 (Linux; Android 12; NAM-AL00 Build/HUAWEINAM-AL00; wv) AppleWebKit/537.36 (KHTML, like Gecko) Version/4.0 Chrome/142.0.7444.172 Mobile Safari/537.36 XWEB/1420045 MMWEBSDK/20251006 MMWEBID/8829 MicroMessenger/8.0.66.2980(0x28004234) WeChat/arm64 Weixin NetType/4G Language/zh_CN ABI/arm64"
111.55.151.76 - - [09/Dec/2025:19:06:31 +0800] "GET /wp-content/uploads/2025/07/1751425283-qizhou.kf_.qq_.com_.webp HTTP/1.1" 200 16864 "http://cqqizhou.com/2339/" "Mozilla/5.0 (Linux; Android 12; NAM-AL00 Build/HUAWEINAM-AL00; wv) AppleWebKit/537.36 (KHTML, like Gecko) Version/4.0 Chrome/142.0.7444.172 Mobile Safari/537.36 XWEB/1420045 MMWEBSDK/20251006 MMWEBID/8829 MicroMessenger/8.0.66.2980(0x28004234) WeChat/arm64 Weixin NetType/4G Language/zh_CN ABI/arm64"
111.55.151.76 - - [09/Dec/2025:19:06:31 +0800] "GET /wp-content/uploads/2025/12/1765249046-20251209104228_110_60.webp HTTP/1.1" 200 64834 "http://cqqizhou.com/2339/" "Mozilla/5.0 (Linux; Android 12; NAM-AL00 Build/HUAWEINAM-AL00; wv) AppleWebKit/537.36 (KHTML, like Gecko) Version/4.0 Chrome/142.0.7444.172 Mobile Safari/537.36 XWEB/1420045 MMWEBSDK/20251006 MMWEBID/8829 MicroMessenger/8.0.66.2980(0x28004234) WeChat/arm64 Weixin NetType/4G Language/zh_CN ABI/arm64"
36.133.115.36 - - [09/Dec/2025:19:06:50 +0800] "POST /wp-cron.php?doing_wp_cron=1765278410.3904869556427001953125 HTTP/1.1" 200 31 "-" "WordPress/6.8.3; http://cqqizhou.com"
125.80.166.242 - - [09/Dec/2025:19:06:50 +0800] "GET /2339/ HTTP/1.1" 200 20666 "-" "Mozilla/5.0 (Linux; Android 15; V2364A Build/AP3A.240905.015.A2; wv) AppleWebKit/537.36 (KHTML, like Gecko) Version/4.0 Chrome/142.0.7444.158 Mobile Safari/537.36 XWEB/1420037 MMWEBSDK/20250904 MMWEBID/2612 MicroMessenger/8.0.65.2960(0x28004156) WeChat/arm64 Weixin NetType/WIFI Language/zh_CN ABI/arm64"
36.133.115.36 - - [09/Dec/2025:19:09:02 +0800] "POST /wp-cron.php?doing_wp_cron=1765278542.9356579780578613281250 HTTP/1.1" 200 31 "-" "WordPress/6.8.3; http://cqqizhou.com"
106.80.203.147 - - [09/Dec/2025:19:09:03 +0800] "GET /2339/ HTTP/1.1" 200 20667 "-" "Mozilla/5.0 (Linux; Android 12; ALN-AL00 Build/HUAWEIALN-AL00; wv) AppleWebKit/537.36 (KHTML, like Gecko) Version/4.0 Chrome/142.0.7444.172 Mobile Safari/537.36 XWEB/1420045 MMWEBSDK/20251006 MMWEBID/1024 MicroMessenger/8.0.66.2980(0x28004234) WeChat/arm64 Weixin NetType/WIFI Language/zh_CN ABI/arm64"
106.80.203.147 - - [09/Dec/2025:19:09:04 +0800] "GET /wp-content/uploads/2025/12/1765253089-20251209103501_96_61.webp HTTP/1.1" 200 37758 "http://cqqizhou.com/2339/" "Mozilla/5.0 (Linux; Android 12; ALN-AL00 Build/HUAWEIALN-AL00; wv) AppleWebKit/537.36 (KHTML, like Gecko) Version/4.0 Chrome/142.0.7444.172 Mobile Safari/537.36 XWEB/1420045 MMWEBSDK/20251006 MMWEBID/1024 MicroMessenger/8.0.66.2980(0x28004234) WeChat/arm64 Weixin NetType/WIFI Language/zh_CN ABI/arm64"
106.80.203.147 - - [09/Dec/2025:19:09:04 +0800] "GET /wp-content/uploads/2025/12/1765248735-20251209104226_108_60.webp HTTP/1.1" 200 55962 "http://cqqizhou.com/2339/" "Mozilla/5.0 (Linux; Android 12; ALN-AL00 Build/HUAWEIALN-AL00; wv) AppleWebKit/537.36 (KHTML, like Gecko) Version/4.0 Chrome/142.0.7444.172 Mobile Safari/537.36 XWEB/1420045 MMWEBSDK/20251006 MMWEBID/1024 MicroMessenger/8.0.66.2980(0x28004234) WeChat/arm64 Weixin NetType/WIFI Language/zh_CN ABI/arm64"
106.80.203.147 - - [09/Dec/2025:19:09:04 +0800] "GET /wp-content/uploads/2025/12/1765248770-20251209104226_107_60.webp HTTP/1.1" 200 66916 "http://cqqizhou.com/2339/" "Mozilla/5.0 (Linux; Android 12; ALN-AL00 Build/HUAWEIALN-AL00; wv) AppleWebKit/537.36 (KHTML, like Gecko) Version/4.0 Chrome/142.0.7444.172 Mobile Safari/537.36 XWEB/1420045 MMWEBSDK/20251006 MMWEBID/1024 MicroMessenger/8.0.66.2980(0x28004234) WeChat/arm64 Weixin NetType/WIFI Language/zh_CN ABI/arm64"
106.80.203.147 - - [09/Dec/2025:19:09:04 +0800] "GET /wp-content/uploads/2025/09/1756868614-20250903104654_74_5-150x150.webp HTTP/1.1" 200 5712 "http://cqqizhou.com/2339/" "Mozilla/5.0 (Linux; Android 12; ALN-AL00 Build/HUAWEIALN-AL00; wv) AppleWebKit/537.36 (KHTML, like Gecko) Version/4.0 Chrome/142.0.7444.172 Mobile Safari/537.36 XWEB/1420045 MMWEBSDK/20251006 MMWEBID/1024 MicroMessenger/8.0.66.2980(0x28004234) WeChat/arm64 Weixin NetType/WIFI Language/zh_CN ABI/arm64"
106.80.203.147 - - [09/Dec/2025:19:09:04 +0800] "GET /wp-content/uploads/2025/09/1756868614-20250903104654_74_5.webp HTTP/1.1" 200 47858 "http://cqqizhou.com/2339/" "Mozilla/5.0 (Linux; Android 12; ALN-AL00 Build/HUAWEIALN-AL00; wv) AppleWebKit/537.36 (KHTML, like Gecko) Version/4.0 Chrome/142.0.7444.172 Mobile Safari/537.36 XWEB/1420045 MMWEBSDK/20251006 MMWEBID/1024 MicroMessenger/8.0.66.2980(0x28004234) WeChat/arm64 Weixin NetType/WIFI Language/zh_CN ABI/arm64"
106.80.203.147 - - [09/Dec/2025:19:09:05 +0800] "GET /wp-content/uploads/2025/07/1753410289-News2000%C3%97400_202571.webp HTTP/1.1" 200 17830 "http://cqqizhou.com/2339/" "Mozilla/5.0 (Linux; Android 12; ALN-AL00 Build/HUAWEIALN-AL00; wv) AppleWebKit/537.36 (KHTML, like Gecko) Version/4.0 Chrome/142.0.7444.172 Mobile Safari/537.36 XWEB/1420045 MMWEBSDK/20251006 MMWEBID/1024 MicroMessenger/8.0.66.2980(0x28004234) WeChat/arm64 Weixin NetType/WIFI Language/zh_CN ABI/arm64"
106.80.203.147 - - [09/Dec/2025:19:09:14 +0800] "GET /wp-content/uploads/2025/08/1755826456-DSC01841.webp HTTP/1.1" 200 87046 "http://cqqizhou.com/2339/" "Mozilla/5.0 (Linux; Android 12; ALN-AL00 Build/HUAWEIALN-AL00; wv) AppleWebKit/537.36 (KHTML, like Gecko) Version/4.0 Chrome/142.0.7444.172 Mobile Safari/537.36 XWEB/1420045 MMWEBSDK/20251006 MMWEBID/1024 MicroMessenger/8.0.66.2980(0x28004234) WeChat/arm64 Weixin NetType/WIFI Language/zh_CN ABI/arm64"
106.80.203.147 - - [09/Dec/2025:19:09:14 +0800] "GET /wp-content/uploads/2025/07/1751425283-qizhou.kf_.qq_.com_.webp HTTP/1.1" 200 16864 "http://cqqizhou.com/2339/" "Mozilla/5.0 (Linux; Android 12; ALN-AL00 Build/HUAWEIALN-AL00; wv) AppleWebKit/537.36 (KHTML, like Gecko) Version/4.0 Chrome/142.0.7444.172 Mobile Safari/537.36 XWEB/1420045 MMWEBSDK/20251006 MMWEBID/1024 MicroMessenger/8.0.66.2980(0x28004234) WeChat/arm64 Weixin NetType/WIFI Language/zh_CN ABI/arm64"
106.80.203.147 - - [09/Dec/2025:19:09:14 +0800] "GET /wp-content/uploads/2025/12/1765249046-20251209104228_110_60.webp HTTP/1.1" 200 64834 "http://cqqizhou.com/2339/" "Mozilla/5.0 (Linux; Android 12; ALN-AL00 Build/HUAWEIALN-AL00; wv) AppleWebKit/537.36 (KHTML, like Gecko) Version/4.0 Chrome/142.0.7444.172 Mobile Safari/537.36 XWEB/1420045 MMWEBSDK/20251006 MMWEBID/1024 MicroMessenger/8.0.66.2980(0x28004234) WeChat/arm64 Weixin NetType/WIFI Language/zh_CN ABI/arm64"
36.133.115.36 - - [09/Dec/2025:19:12:55 +0800] "POST /wp-cron.php?doing_wp_cron=1765278775.3020310401916503906250 HTTP/1.1" 200 31 "-" "WordPress/6.8.3; http://cqqizhou.com"
106.80.203.147 - - [09/Dec/2025:19:12:55 +0800] "GET /2339/ HTTP/1.1" 200 20666 "-" "Mozilla/5.0 (Linux; Android 12; ALN-AL00 Build/HUAWEIALN-AL00; wv) AppleWebKit/537.36 (KHTML, like Gecko) Version/4.0 Chrome/142.0.7444.172 Mobile Safari/537.36 XWEB/1420045 MMWEBSDK/20251006 MMWEBID/1024 MicroMessenger/8.0.66.2980(0x28004234) WeChat/arm64 Weixin NetType/WIFI Language/zh_CN ABI/arm64"
36.133.115.36 - - [09/Dec/2025:19:13:53 +0800] "POST /wp-cron.php?doing_wp_cron=1765278833.7357430458068847656250 HTTP/1.1" 200 31 "-" "WordPress/6.8.3; http://cqqizhou.com"
95.214.52.169 - - [09/Dec/2025:19:13:54 +0800] "POST / HTTP/1.1" 200 33677 "-" "Mozilla/5.0 (Linux; Android 9; AFTWMST22 Build/PS7233; wv) AppleWebKit/537.36 (KHTML, like Gecko) Version/4.0 Chrome/88.0.4324.152 Mobile Safari/537.36"
36.133.115.36 - - [09/Dec/2025:19:24:15 +0800] "POST /wp-cron.php?doing_wp_cron=1765279455.5925989151000976562500 HTTP/1.1" 200 31 "-" "WordPress/6.8.3; http://cqqizhou.com"
5.9.120.8 - - [09/Dec/2025:19:24:15 +0800] "GET /robots.txt HTTP/1.1" 200 190 "-" "Mozilla/5.0 (compatible; SERankingBacklinksBot/1.0; +https://seranking.com/backlinks-crawler)"
5.9.120.8 - - [09/Dec/2025:19:24:17 +0800] "GET / HTTP/1.1" 200 39593 "-" "Mozilla/5.0 (compatible; SERankingBacklinksBot/1.0; +https://seranking.com/backlinks-crawler)"
36.133.115.36 - - [09/Dec/2025:19:27:45 +0800] "POST /wp-cron.php?doing_wp_cron=1765279665.3837170600891113281250 HTTP/1.1" 200 31 "-" "WordPress/6.8.3; http://cqqizhou.com"
218.201.18.253 - - [09/Dec/2025:19:27:45 +0800] "GET /2339/ HTTP/1.1" 200 20666 "-" "Mozilla/5.0 (Linux; Android 8.1.0; V1813T Build/O11019; wv) AppleWebKit/537.36 (KHTML, like Gecko) Version/4.0 Chrome/107.0.5304.141 Mobile Safari/537.36 XWEB/5315 MMWEBSDK/20220604 MMWEBID/1788 MicroMessenger/8.0.24.2180(0x28001837) WeChat/arm64 Weixin NetType/WIFI Language/zh_CN ABI/arm64"
218.201.18.253 - - [09/Dec/2025:19:27:46 +0800] "GET /wp-content/uploads/2025/12/1765253089-20251209103501_96_61.webp HTTP/1.1" 304 0 "http://cqqizhou.com/2339/" "Mozilla/5.0 (Linux; Android 8.1.0; V1813T Build/O11019; wv) AppleWebKit/537.36 (KHTML, like Gecko) Version/4.0 Chrome/107.0.5304.141 Mobile Safari/537.36 XWEB/5315 MMWEBSDK/20220604 MMWEBID/1788 MicroMessenger/8.0.24.2180(0x28001837) WeChat/arm64 Weixin NetType/WIFI Language/zh_CN ABI/arm64"
218.201.18.253 - - [09/Dec/2025:19:27:46 +0800] "GET /wp-content/uploads/2025/12/1765248735-20251209104226_108_60.webp HTTP/1.1" 304 0 "http://cqqizhou.com/2339/" "Mozilla/5.0 (Linux; Android 8.1.0; V1813T Build/O11019; wv) AppleWebKit/537.36 (KHTML, like Gecko) Version/4.0 Chrome/107.0.5304.141 Mobile Safari/537.36 XWEB/5315 MMWEBSDK/20220604 MMWEBID/1788 MicroMessenger/8.0.24.2180(0x28001837) WeChat/arm64 Weixin NetType/WIFI Language/zh_CN ABI/arm64"
218.201.18.253 - - [09/Dec/2025:19:27:46 +0800] "GET /wp-content/uploads/2025/12/1765248770-20251209104226_107_60.webp HTTP/1.1" 304 0 "http://cqqizhou.com/2339/" "Mozilla/5.0 (Linux; Android 8.1.0; V1813T Build/O11019; wv) AppleWebKit/537.36 (KHTML, like Gecko) Version/4.0 Chrome/107.0.5304.141 Mobile Safari/537.36 XWEB/5315 MMWEBSDK/20220604 MMWEBID/1788 MicroMessenger/8.0.24.2180(0x28001837) WeChat/arm64 Weixin NetType/WIFI Language/zh_CN ABI/arm64"
218.201.18.253 - - [09/Dec/2025:19:27:46 +0800] "GET /wp-content/uploads/2025/12/1765249046-20251209104228_110_60.webp HTTP/1.1" 304 0 "http://cqqizhou.com/2339/" "Mozilla/5.0 (Linux; Android 8.1.0; V1813T Build/O11019; wv) AppleWebKit/537.36 (KHTML, like Gecko) Version/4.0 Chrome/107.0.5304.141 Mobile Safari/537.36 XWEB/5315 MMWEBSDK/20220604 MMWEBID/1788 MicroMessenger/8.0.24.2180(0x28001837) WeChat/arm64 Weixin NetType/WIFI Language/zh_CN ABI/arm64"
218.201.18.253 - - [09/Dec/2025:19:28:14 +0800] "GET /business/ HTTP/1.1" 200 18545 "http://cqqizhou.com/2339/" "Mozilla/5.0 (Linux; Android 8.1.0; V1813T Build/O11019; wv) AppleWebKit/537.36 (KHTML, like Gecko) Version/4.0 Chrome/107.0.5304.141 Mobile Safari/537.36 XWEB/5315 MMWEBSDK/20220604 MMWEBID/1788 MicroMessenger/8.0.24.2180(0x28001837) WeChat/arm64 Weixin NetType/WIFI Language/zh_CN ABI/arm64"
218.201.18.253 - - [09/Dec/2025:19:28:14 +0800] "GET /wp-content/uploads/2025/07/1753455746-DSC01472.webp HTTP/1.1" 200 31854 "http://cqqizhou.com/business/" "Mozilla/5.0 (Linux; Android 8.1.0; V1813T Build/O11019; wv) AppleWebKit/537.36 (KHTML, like Gecko) Version/4.0 Chrome/107.0.5304.141 Mobile Safari/537.36 XWEB/5315 MMWEBSDK/20220604 MMWEBID/1788 MicroMessenger/8.0.24.2180(0x28001837) WeChat/arm64 Weixin NetType/WIFI Language/zh_CN ABI/arm64"
218.201.18.253 - - [09/Dec/2025:19:28:14 +0800] "GET /wp-content/uploads/2025/07/1753453719-Article_images1_W900px.webp HTTP/1.1" 200 78234 "http://cqqizhou.com/business/" "Mozilla/5.0 (Linux; Android 8.1.0; V1813T Build/O11019; wv) AppleWebKit/537.36 (KHTML, like Gecko) Version/4.0 Chrome/107.0.5304.141 Mobile Safari/537.36 XWEB/5315 MMWEBSDK/20220604 MMWEBID/1788 MicroMessenger/8.0.24.2180(0x28001837) WeChat/arm64 Weixin NetType/WIFI Language/zh_CN ABI/arm64"
218.201.18.253 - - [09/Dec/2025:19:28:36 +0800] "GET /media/ HTTP/1.1" 200 23999 "http://cqqizhou.com/business/" "Mozilla/5.0 (Linux; Android 8.1.0; V1813T Build/O11019; wv) AppleWebKit/537.36 (KHTML, like Gecko) Version/4.0 Chrome/107.0.5304.141 Mobile Safari/537.36 XWEB/5315 MMWEBSDK/20220604 MMWEBID/1788 MicroMessenger/8.0.24.2180(0x28001837) WeChat/arm64 Weixin NetType/WIFI Language/zh_CN ABI/arm64"
218.201.18.253 - - [09/Dec/2025:19:28:36 +0800] "GET /wp-content/uploads/2025/11/1762861550-%E4%B8%87%E5%98%89%E7%9B%9B%E5%BA%93%E5%85%A8%E6%99%AF%E5%9B%BE.webp HTTP/1.1" 200 24278 "http://cqqizhou.com/media/" "Mozilla/5.0 (Linux; Android 8.1.0; V1813T Build/O11019; wv) AppleWebKit/537.36 (KHTML, like Gecko) Version/4.0 Chrome/107.0.5304.141 Mobile Safari/537.36 XWEB/5315 MMWEBSDK/20220604 MMWEBID/1788 MicroMessenger/8.0.24.2180(0x28001837) WeChat/arm64 Weixin NetType/WIFI Language/zh_CN ABI/arm64"
218.201.18.253 - - [09/Dec/2025:19:28:37 +0800] "GET /wp-content/uploads/2025/11/1762861549-%E5%85%A8%E6%99%AF%E5%90%AF%E8%88%9F%E5%9D%A4%E7%85%8C%E5%BA%93.webp HTTP/1.1" 200 18812 "http://cqqizhou.com/media/" "Mozilla/5.0 (Linux; Android 8.1.0; V1813T Build/O11019; wv) AppleWebKit/537.36 (KHTML, like Gecko) Version/4.0 Chrome/107.0.5304.141 Mobile Safari/537.36 XWEB/5315 MMWEBSDK/20220604 MMWEBID/1788 MicroMessenger/8.0.24.2180(0x28001837) WeChat/arm64 Weixin NetType/WIFI Language/zh_CN ABI/arm64"
218.201.18.253 - - [09/Dec/2025:19:28:37 +0800] "GET /wp-content/uploads/media/qizhou_Brochure.webp HTTP/1.1" 200 26142 "http://cqqizhou.com/media/" "Mozilla/5.0 (Linux; Android 8.1.0; V1813T Build/O11019; wv) AppleWebKit/537.36 (KHTML, like Gecko) Version/4.0 Chrome/107.0.5304.141 Mobile Safari/537.36 XWEB/5315 MMWEBSDK/20220604 MMWEBID/1788 MicroMessenger/8.0.24.2180(0x28001837) WeChat/arm64 Weixin NetType/WIFI Language/zh_CN ABI/arm64"
36.133.115.36 - - [09/Dec/2025:19:29:01 +0800] "POST /wp-cron.php?doing_wp_cron=1765279741.3363959789276123046875 HTTP/1.1" 200 31 "-" "WordPress/6.8.3; http://cqqizhou.com"
218.201.18.253 - - [09/Dec/2025:19:29:01 +0800] "GET /2339/ HTTP/1.1" 200 20666 "http://cqqizhou.com/business/" "Mozilla/5.0 (Linux; Android 8.1.0; V1813T Build/O11019; wv) AppleWebKit/537.36 (KHTML, like Gecko) Version/4.0 Chrome/107.0.5304.141 Mobile Safari/537.36 XWEB/5315 MMWEBSDK/20220604 MMWEBID/1788 MicroMessenger/8.0.24.2180(0x28001837) WeChat/arm64 Weixin NetType/WIFI Language/zh_CN ABI/arm64"
218.201.18.253 - - [09/Dec/2025:19:29:11 +0800] "GET /business/ HTTP/1.1" 200 18546 "http://cqqizhou.com/2339/" "Mozilla/5.0 (Linux; Android 8.1.0; V1813T Build/O11019; wv) AppleWebKit/537.36 (KHTML, like Gecko) Version/4.0 Chrome/107.0.5304.141 Mobile Safari/537.36 XWEB/5315 MMWEBSDK/20220604 MMWEBID/1788 MicroMessenger/8.0.24.2180(0x28001837) WeChat/arm64 Weixin NetType/WIFI Language/zh_CN ABI/arm64"
218.201.18.253 - - [09/Dec/2025:19:29:19 +0800] "GET /business/ HTTP/1.1" 200 18546 "http://cqqizhou.com/business/" "Mozilla/5.0 (Linux; Android 8.1.0; V1813T Build/O11019; wv) AppleWebKit/537.36 (KHTML, like Gecko) Version/4.0 Chrome/107.0.5304.141 Mobile Safari/537.36 XWEB/5315 MMWEBSDK/20220604 MMWEBID/1788 MicroMessenger/8.0.24.2180(0x28001837) WeChat/arm64 Weixin NetType/WIFI Language/zh_CN ABI/arm64"
218.201.18.253 - - [09/Dec/2025:19:29:36 +0800] "GET /business/ HTTP/1.1" 200 18546 "http://cqqizhou.com/business/" "Mozilla/5.0 (Linux; Android 8.1.0; V1813T Build/O11019; wv) AppleWebKit/537.36 (KHTML, like Gecko) Version/4.0 Chrome/107.0.5304.141 Mobile Safari/537.36 XWEB/5315 MMWEBSDK/20220604 MMWEBID/1788 MicroMessenger/8.0.24.2180(0x28001837) WeChat/arm64 Weixin NetType/WIFI Language/zh_CN ABI/arm64"
36.133.115.36 - - [09/Dec/2025:19:30:11 +0800] "POST /wp-cron.php?doing_wp_cron=1765279811.0705959796905517578125 HTTP/1.1" 200 31 "-" "WordPress/6.8.3; http://cqqizhou.com"
218.201.18.253 - - [09/Dec/2025:19:30:11 +0800] "GET /2231/ HTTP/1.1" 499 0 "http://cqqizhou.com/business/" "Mozilla/5.0 (Linux; Android 8.1.0; V1813T Build/O11019; wv) AppleWebKit/537.36 (KHTML, like Gecko) Version/4.0 Chrome/107.0.5304.141 Mobile Safari/537.36 XWEB/5315 MMWEBSDK/20220604 MMWEBID/1788 MicroMessenger/8.0.24.2180(0x28001837) WeChat/arm64 Weixin NetType/WIFI Language/zh_CN ABI/arm64"
218.201.18.253 - - [09/Dec/2025:19:30:12 +0800] "GET /2231/ HTTP/1.1" 200 19700 "http://cqqizhou.com/business/" "Mozilla/5.0 (Linux; Android 8.1.0; V1813T Build/O11019; wv) AppleWebKit/537.36 (KHTML, like Gecko) Version/4.0 Chrome/107.0.5304.141 Mobile Safari/537.36 XWEB/5315 MMWEBSDK/20220604 MMWEBID/1788 MicroMessenger/8.0.24.2180(0x28001837) WeChat/arm64 Weixin NetType/WIFI Language/zh_CN ABI/arm64"
218.201.18.253 - - [09/Dec/2025:19:30:12 +0800] "GET /wp-content/uploads/2025/12/1765253089-20251209103501_96_61-150x150.webp HTTP/1.1" 304 0 "http://cqqizhou.com/2231/" "Mozilla/5.0 (Linux; Android 8.1.0; V1813T Build/O11019; wv) AppleWebKit/537.36 (KHTML, like Gecko) Version/4.0 Chrome/107.0.5304.141 Mobile Safari/537.36 XWEB/5315 MMWEBSDK/20220604 MMWEBID/1788 MicroMessenger/8.0.24.2180(0x28001837) WeChat/arm64 Weixin NetType/WIFI Language/zh_CN ABI/arm64"
218.201.18.253 - - [09/Dec/2025:19:30:23 +0800] "GET /2339/ HTTP/1.1" 200 20666 "-" "Mozilla/5.0 (Linux; Android 8.1.0; V1813T Build/O11019; wv) AppleWebKit/537.36 (KHTML, like Gecko) Version/4.0 Chrome/107.0.5304.141 Mobile Safari/537.36 XWEB/5315 MMWEBSDK/20220604 MMWEBID/1788 MicroMessenger/8.0.24.2180(0x28001837) WeChat/arm64 Weixin NetType/WIFI Language/zh_CN ABI/arm64"
36.133.115.36 - - [09/Dec/2025:19:41:05 +0800] "POST /wp-cron.php?doing_wp_cron=1765280465.6908469200134277343750 HTTP/1.1" 200 31 "-" "WordPress/6.8.3; http://cqqizhou.com"
111.225.149.213 - - [09/Dec/2025:19:41:05 +0800] "GET /robots.txt HTTP/1.1" 200 190 "-" "Mozilla/5.0 (Linux; Android 5.0) AppleWebKit/537.36 (KHTML, like Gecko) Mobile Safari/537.36 (compatible; Bytespider; https://zhanzhang.toutiao.com/)"
36.133.115.36 - - [09/Dec/2025:19:52:39 +0800] "POST /wp-cron.php?doing_wp_cron=1765281159.4275960922241210937500 HTTP/1.1" 200 31 "-" "WordPress/6.8.3; http://cqqizhou.com"
182.136.150.168 - - [09/Dec/2025:19:52:39 +0800] "GET /2339/ HTTP/1.1" 200 20666 "-" "Mozilla/5.0 (Linux; Android 12; MIZ-BD00 Build/HinovaMIZ-BD00; wv) AppleWebKit/537.36 (KHTML, like Gecko) Version/4.0 Chrome/142.0.7444.172 Mobile Safari/537.36 XWEB/1420045 MMWEBSDK/20250904 MMWEBID/8976 MicroMessenger/8.0.65.2960(0x28004153) WeChat/arm64 Weixin NetType/WIFI Language/zh_CN ABI/arm64"
182.136.150.168 - - [09/Dec/2025:19:52:39 +0800] "GET /wp-content/uploads/2025/12/1765253089-20251209103501_96_61.webp HTTP/1.1" 200 37758 "http://cqqizhou.com/2339/" "Mozilla/5.0 (Linux; Android 12; MIZ-BD00 Build/HinovaMIZ-BD00; wv) AppleWebKit/537.36 (KHTML, like Gecko) Version/4.0 Chrome/142.0.7444.172 Mobile Safari/537.36 XWEB/1420045 MMWEBSDK/20250904 MMWEBID/8976 MicroMessenger/8.0.65.2960(0x28004153) WeChat/arm64 Weixin NetType/WIFI Language/zh_CN ABI/arm64"
182.136.150.168 - - [09/Dec/2025:19:52:39 +0800] "GET /wp-content/uploads/2025/12/1765248735-20251209104226_108_60.webp HTTP/1.1" 200 55962 "http://cqqizhou.com/2339/" "Mozilla/5.0 (Linux; Android 12; MIZ-BD00 Build/HinovaMIZ-BD00; wv) AppleWebKit/537.36 (KHTML, like Gecko) Version/4.0 Chrome/142.0.7444.172 Mobile Safari/537.36 XWEB/1420045 MMWEBSDK/20250904 MMWEBID/8976 MicroMessenger/8.0.65.2960(0x28004153) WeChat/arm64 Weixin NetType/WIFI Language/zh_CN ABI/arm64"
182.136.150.168 - - [09/Dec/2025:19:52:39 +0800] "GET /wp-content/uploads/2025/12/1765248770-20251209104226_107_60.webp HTTP/1.1" 200 66916 "http://cqqizhou.com/2339/" "Mozilla/5.0 (Linux; Android 12; MIZ-BD00 Build/HinovaMIZ-BD00; wv) AppleWebKit/537.36 (KHTML, like Gecko) Version/4.0 Chrome/142.0.7444.172 Mobile Safari/537.36 XWEB/1420045 MMWEBSDK/20250904 MMWEBID/8976 MicroMessenger/8.0.65.2960(0x28004153) WeChat/arm64 Weixin NetType/WIFI Language/zh_CN ABI/arm64"
182.136.150.168 - - [09/Dec/2025:19:52:40 +0800] "GET /wp-content/uploads/2025/09/1756868614-20250903104654_74_5-150x150.webp HTTP/1.1" 200 5712 "http://cqqizhou.com/2339/" "Mozilla/5.0 (Linux; Android 12; MIZ-BD00 Build/HinovaMIZ-BD00; wv) AppleWebKit/537.36 (KHTML, like Gecko) Version/4.0 Chrome/142.0.7444.172 Mobile Safari/537.36 XWEB/1420045 MMWEBSDK/20250904 MMWEBID/8976 MicroMessenger/8.0.65.2960(0x28004153) WeChat/arm64 Weixin NetType/WIFI Language/zh_CN ABI/arm64"
182.136.150.168 - - [09/Dec/2025:19:52:40 +0800] "GET /wp-content/uploads/2025/09/1756868614-20250903104654_74_5.webp HTTP/1.1" 200 47858 "http://cqqizhou.com/2339/" "Mozilla/5.0 (Linux; Android 12; MIZ-BD00 Build/HinovaMIZ-BD00; wv) AppleWebKit/537.36 (KHTML, like Gecko) Version/4.0 Chrome/142.0.7444.172 Mobile Safari/537.36 XWEB/1420045 MMWEBSDK/20250904 MMWEBID/8976 MicroMessenger/8.0.65.2960(0x28004153) WeChat/arm64 Weixin NetType/WIFI Language/zh_CN ABI/arm64"
182.136.150.168 - - [09/Dec/2025:19:52:40 +0800] "GET /wp-content/uploads/2025/07/1753410289-News2000%C3%97400_202571.webp HTTP/1.1" 200 17830 "http://cqqizhou.com/2339/" "Mozilla/5.0 (Linux; Android 12; MIZ-BD00 Build/HinovaMIZ-BD00; wv) AppleWebKit/537.36 (KHTML, like Gecko) Version/4.0 Chrome/142.0.7444.172 Mobile Safari/537.36 XWEB/1420045 MMWEBSDK/20250904 MMWEBID/8976 MicroMessenger/8.0.65.2960(0x28004153) WeChat/arm64 Weixin NetType/WIFI Language/zh_CN ABI/arm64"
