14.108.233.226 - - [09/Dec/2025:12:04:27 +0800] "GET /wp-content/uploads/2025/11/1762864378-QZ_Photo-5-300x169.webp HTTP/1.1" 200 12270 "http://cqqizhou.com/wp-admin/post.php?post=2339&action=edit" "Mozilla/5.0 (Windows NT 10.0; Win64; x64) AppleWebKit/537.36 (KHTML, like Gecko) Chrome/142.0.0.0 Safari/537.36 Edg/142.0.0.0"
14.108.233.226 - - [09/Dec/2025:12:04:27 +0800] "GET /wp-content/uploads/2025/11/1762864376-QZ_Photo-4-300x169.webp HTTP/1.1" 200 19486 "http://cqqizhou.com/wp-admin/post.php?post=2339&action=edit" "Mozilla/5.0 (Windows NT 10.0; Win64; x64) AppleWebKit/537.36 (KHTML, like Gecko) Chrome/142.0.0.0 Safari/537.36 Edg/142.0.0.0"
14.108.233.226 - - [09/Dec/2025:12:04:28 +0800] "GET /wp-content/uploads/2025/11/1762864375-QZ_Photo-3-300x169.webp HTTP/1.1" 200 20310 "http://cqqizhou.com/wp-admin/post.php?post=2339&action=edit" "Mozilla/5.0 (Windows NT 10.0; Win64; x64) AppleWebKit/537.36 (KHTML, like Gecko) Chrome/142.0.0.0 Safari/537.36 Edg/142.0.0.0"
14.108.233.226 - - [09/Dec/2025:12:04:28 +0800] "GET /wp-content/uploads/2025/11/1762864370-QZ_Photo-1-300x169.webp HTTP/1.1" 200 14946 "http://cqqizhou.com/wp-admin/post.php?post=2339&action=edit" "Mozilla/5.0 (Windows NT 10.0; Win64; x64) AppleWebKit/537.36 (KHTML, like Gecko) Chrome/142.0.0.0 Safari/537.36 Edg/142.0.0.0"
14.108.233.226 - - [09/Dec/2025:12:04:28 +0800] "GET /wp-content/uploads/2025/11/1762864369-QZ_Photo-11-300x169.webp HTTP/1.1" 200 15154 "http://cqqizhou.com/wp-admin/post.php?post=2339&action=edit" "Mozilla/5.0 (Windows NT 10.0; Win64; x64) AppleWebKit/537.36 (KHTML, like Gecko) Chrome/142.0.0.0 Safari/537.36 Edg/142.0.0.0"
14.108.233.226 - - [09/Dec/2025:12:04:28 +0800] "GET /wp-content/uploads/2025/11/1762861550-%E4%B8%87%E5%98%89%E7%9B%9B%E5%BA%93%E5%85%A8%E6%99%AF%E5%9B%BE-300x75.webp HTTP/1.1" 200 7286 "http://cqqizhou.com/wp-admin/post.php?post=2339&action=edit" "Mozilla/5.0 (Windows NT 10.0; Win64; x64) AppleWebKit/537.36 (KHTML, like Gecko) Chrome/142.0.0.0 Safari/537.36 Edg/142.0.0.0"
14.108.233.226 - - [09/Dec/2025:12:04:28 +0800] "GET /wp-content/uploads/2025/11/1762861549-%E5%85%A8%E6%99%AF%E5%90%AF%E8%88%9F%E5%9D%A4%E7%85%8C%E5%BA%93-300x75.webp HTTP/1.1" 200 6656 "http://cqqizhou.com/wp-admin/post.php?post=2339&action=edit" "Mozilla/5.0 (Windows NT 10.0; Win64; x64) AppleWebKit/537.36 (KHTML, like Gecko) Chrome/142.0.0.0 Safari/537.36 Edg/142.0.0.0"
14.108.233.226 - - [09/Dec/2025:12:04:28 +0800] "GET /wp-content/uploads/2025/09/1756868614-20250903104654_74_5-300x135.webp HTTP/1.1" 200 10886 "http://cqqizhou.com/wp-admin/post.php?post=2339&action=edit" "Mozilla/5.0 (Windows NT 10.0; Win64; x64) AppleWebKit/537.36 (KHTML, like Gecko) Chrome/142.0.0.0 Safari/537.36 Edg/142.0.0.0"
14.108.233.226 - - [09/Dec/2025:12:04:28 +0800] "GET /wp-content/uploads/2025/11/1762826323-Contacts2000x400_20251111-300x60.webp HTTP/1.1" 200 3518 "http://cqqizhou.com/wp-admin/post.php?post=2339&action=edit" "Mozilla/5.0 (Windows NT 10.0; Win64; x64) AppleWebKit/537.36 (KHTML, like Gecko) Chrome/142.0.0.0 Safari/537.36 Edg/142.0.0.0"
14.108.233.226 - - [09/Dec/2025:12:04:28 +0800] "GET /wp-content/uploads/2025/09/1756868585-20250903104658_78_5-300x135.webp HTTP/1.1" 200 9352 "http://cqqizhou.com/wp-admin/post.php?post=2339&action=edit" "Mozilla/5.0 (Windows NT 10.0; Win64; x64) AppleWebKit/537.36 (KHTML, like Gecko) Chrome/142.0.0.0 Safari/537.36 Edg/142.0.0.0"
14.108.233.226 - - [09/Dec/2025:12:04:28 +0800] "GET /wp-content/uploads/2025/08/1755826456-DSC01841-300x169.webp HTTP/1.1" 200 18996 "http://cqqizhou.com/wp-admin/post.php?post=2339&action=edit" "Mozilla/5.0 (Windows NT 10.0; Win64; x64) AppleWebKit/537.36 (KHTML, like Gecko) Chrome/142.0.0.0 Safari/537.36 Edg/142.0.0.0"
14.108.233.226 - - [09/Dec/2025:12:04:28 +0800] "GET /wp-content/uploads/2025/08/1755826390-DSC01765-300x169.webp HTTP/1.1" 200 13468 "http://cqqizhou.com/wp-admin/post.php?post=2339&action=edit" "Mozilla/5.0 (Windows NT 10.0; Win64; x64) AppleWebKit/537.36 (KHTML, like Gecko) Chrome/142.0.0.0 Safari/537.36 Edg/142.0.0.0"
14.108.233.226 - - [09/Dec/2025:12:04:28 +0800] "GET /wp-content/uploads/2025/07/1751826322-Services_images_W900px-300x169.webp HTTP/1.1" 200 20554 "http://cqqizhou.com/wp-admin/post.php?post=2339&action=edit" "Mozilla/5.0 (Windows NT 10.0; Win64; x64) AppleWebKit/537.36 (KHTML, like Gecko) Chrome/142.0.0.0 Safari/537.36 Edg/142.0.0.0"
14.108.233.226 - - [09/Dec/2025:12:04:28 +0800] "GET /wp-content/uploads/2025/07/1753587901-Slider_3840%C3%972160_20250727-300x169.webp HTTP/1.1" 200 10454 "http://cqqizhou.com/wp-admin/post.php?post=2339&action=edit" "Mozilla/5.0 (Windows NT 10.0; Win64; x64) AppleWebKit/537.36 (KHTML, like Gecko) Chrome/142.0.0.0 Safari/537.36 Edg/142.0.0.0"
14.108.233.226 - - [09/Dec/2025:12:04:28 +0800] "GET /wp-content/uploads/2025/07/1753456770-%E7%83%AD%E9%95%80%E9%94%8C%E5%8D%B7product_Single600-300x300.webp HTTP/1.1" 200 15134 "http://cqqizhou.com/wp-admin/post.php?post=2339&action=edit" "Mozilla/5.0 (Windows NT 10.0; Win64; x64) AppleWebKit/537.36 (KHTML, like Gecko) Chrome/142.0.0.0 Safari/537.36 Edg/142.0.0.0"
14.108.233.226 - - [09/Dec/2025:12:04:28 +0800] "GET /wp-content/uploads/2025/07/1753456723-%E5%8F%8C%E7%9B%B8%E9%92%A2roduct_Single600-300x300.webp HTTP/1.1" 200 12454 "http://cqqizhou.com/wp-admin/post.php?post=2339&action=edit" "Mozilla/5.0 (Windows NT 10.0; Win64; x64) AppleWebKit/537.36 (KHTML, like Gecko) Chrome/142.0.0.0 Safari/537.36 Edg/142.0.0.0"
14.108.233.226 - - [09/Dec/2025:12:04:28 +0800] "GET /wp-content/uploads/2025/07/1753455746-DSC01472-300x169.webp HTTP/1.1" 200 9040 "http://cqqizhou.com/wp-admin/post.php?post=2339&action=edit" "Mozilla/5.0 (Windows NT 10.0; Win64; x64) AppleWebKit/537.36 (KHTML, like Gecko) Chrome/142.0.0.0 Safari/537.36 Edg/142.0.0.0"
14.108.233.226 - - [09/Dec/2025:12:04:28 +0800] "GET /wp-content/uploads/2025/07/1753455650-DSC01469-300x169.webp HTTP/1.1" 200 8050 "http://cqqizhou.com/wp-admin/post.php?post=2339&action=edit" "Mozilla/5.0 (Windows NT 10.0; Win64; x64) AppleWebKit/537.36 (KHTML, like Gecko) Chrome/142.0.0.0 Safari/537.36 Edg/142.0.0.0"
14.108.233.226 - - [09/Dec/2025:12:04:28 +0800] "GET /wp-content/uploads/2025/07/1753454299-Article_images_W900px-300x169.webp HTTP/1.1" 200 15072 "http://cqqizhou.com/wp-admin/post.php?post=2339&action=edit" "Mozilla/5.0 (Windows NT 10.0; Win64; x64) AppleWebKit/537.36 (KHTML, like Gecko) Chrome/142.0.0.0 Safari/537.36 Edg/142.0.0.0"
14.108.233.226 - - [09/Dec/2025:12:04:28 +0800] "GET /wp-content/uploads/2025/07/1753454089-Article_images_W900px-300x169.webp HTTP/1.1" 200 9480 "http://cqqizhou.com/wp-admin/post.php?post=2339&action=edit" "Mozilla/5.0 (Windows NT 10.0; Win64; x64) AppleWebKit/537.36 (KHTML, like Gecko) Chrome/142.0.0.0 Safari/537.36 Edg/142.0.0.0"
14.108.233.226 - - [09/Dec/2025:12:04:28 +0800] "GET /wp-content/uploads/2025/07/1753453986-Article_images_W900px-300x169.webp HTTP/1.1" 200 14302 "http://cqqizhou.com/wp-admin/post.php?post=2339&action=edit" "Mozilla/5.0 (Windows NT 10.0; Win64; x64) AppleWebKit/537.36 (KHTML, like Gecko) Chrome/142.0.0.0 Safari/537.36 Edg/142.0.0.0"
14.108.233.226 - - [09/Dec/2025:12:04:28 +0800] "GET /wp-content/uploads/2025/07/1753453719-Article_images1_W900px-300x169.webp HTTP/1.1" 200 17316 "http://cqqizhou.com/wp-admin/post.php?post=2339&action=edit" "Mozilla/5.0 (Windows NT 10.0; Win64; x64) AppleWebKit/537.36 (KHTML, like Gecko) Chrome/142.0.0.0 Safari/537.36 Edg/142.0.0.0"
14.108.233.226 - - [09/Dec/2025:12:04:28 +0800] "GET /wp-content/uploads/2025/07/1753453127-%E4%BD%99%E5%8D%B7product_Single600%C3%97284-300x142.webp HTTP/1.1" 200 10690 "http://cqqizhou.com/wp-admin/post.php?post=2339&action=edit" "Mozilla/5.0 (Windows NT 10.0; Win64; x64) AppleWebKit/537.36 (KHTML, like Gecko) Chrome/142.0.0.0 Safari/537.36 Edg/142.0.0.0"
14.108.233.226 - - [09/Dec/2025:12:04:28 +0800] "GET /wp-content/uploads/2025/07/1753451773-%E5%86%B7%E8%BD%A7%E5%8D%B7roduct_Single600-300x300.webp HTTP/1.1" 200 12928 "http://cqqizhou.com/wp-admin/post.php?post=2339&action=edit" "Mozilla/5.0 (Windows NT 10.0; Win64; x64) AppleWebKit/537.36 (KHTML, like Gecko) Chrome/142.0.0.0 Safari/537.36 Edg/142.0.0.0"
14.108.233.226 - - [09/Dec/2025:12:04:28 +0800] "GET /wp-content/uploads/2025/07/1753453029-%E9%85%B8%E6%B4%97%E5%8D%B7product_Single600-300x300.webp HTTP/1.1" 200 10112 "http://cqqizhou.com/wp-admin/post.php?post=2339&action=edit" "Mozilla/5.0 (Windows NT 10.0; Win64; x64) AppleWebKit/537.36 (KHTML, like Gecko) Chrome/142.0.0.0 Safari/537.36 Edg/142.0.0.0"
14.108.233.226 - - [09/Dec/2025:12:04:28 +0800] "GET /wp-content/uploads/2025/07/1753453096-%E5%8F%8C%E7%9B%B8%E9%92%A2product_Single600%C3%97284-300x142.webp HTTP/1.1" 200 7412 "http://cqqizhou.com/wp-admin/post.php?post=2339&action=edit" "Mozilla/5.0 (Windows NT 10.0; Win64; x64) AppleWebKit/537.36 (KHTML, like Gecko) Chrome/142.0.0.0 Safari/537.36 Edg/142.0.0.0"
14.108.233.226 - - [09/Dec/2025:12:04:28 +0800] "GET /wp-content/uploads/2025/07/1753407887-Logistics_Banner2000%C3%97400px-%E6%8B%B7%E8%B4%9D-300x60.webp HTTP/1.1" 200 2264 "http://cqqizhou.com/wp-admin/post.php?post=2339&action=edit" "Mozilla/5.0 (Windows NT 10.0; Win64; x64) AppleWebKit/537.36 (KHTML, like Gecko) Chrome/142.0.0.0 Safari/537.36 Edg/142.0.0.0"
14.108.233.226 - - [09/Dec/2025:12:04:28 +0800] "GET /wp-content/uploads/2025/07/1753410289-News2000%C3%97400_202571-300x60.webp HTTP/1.1" 200 2022 "http://cqqizhou.com/wp-admin/post.php?post=2339&action=edit" "Mozilla/5.0 (Windows NT 10.0; Win64; x64) AppleWebKit/537.36 (KHTML, like Gecko) Chrome/142.0.0.0 Safari/537.36 Edg/142.0.0.0"
14.108.233.226 - - [09/Dec/2025:12:04:28 +0800] "GET /wp-content/uploads/2025/07/1751864682-Logistics800x500_2-300x188.webp HTTP/1.1" 200 9470 "http://cqqizhou.com/wp-admin/post.php?post=2339&action=edit" "Mozilla/5.0 (Windows NT 10.0; Win64; x64) AppleWebKit/537.36 (KHTML, like Gecko) Chrome/142.0.0.0 Safari/537.36 Edg/142.0.0.0"
14.108.233.226 - - [09/Dec/2025:12:04:28 +0800] "GET /wp-content/uploads/2025/07/1753405252-Services_Banner2000%C3%97400px2-300x60.webp HTTP/1.1" 200 3400 "http://cqqizhou.com/wp-admin/post.php?post=2339&action=edit" "Mozilla/5.0 (Windows NT 10.0; Win64; x64) AppleWebKit/537.36 (KHTML, like Gecko) Chrome/142.0.0.0 Safari/537.36 Edg/142.0.0.0"
14.108.233.226 - - [09/Dec/2025:12:04:28 +0800] "GET /wp-content/uploads/2025/07/1751857929-3D-one-stop-supply-chain-service-W900px2.webp HTTP/1.1" 200 38362 "http://cqqizhou.com/wp-admin/post.php?post=2339&action=edit" "Mozilla/5.0 (Windows NT 10.0; Win64; x64) AppleWebKit/537.36 (KHTML, like Gecko) Chrome/142.0.0.0 Safari/537.36 Edg/142.0.0.0"
14.108.233.226 - - [09/Dec/2025:12:04:28 +0800] "GET /wp-content/uploads/2025/07/1751864664-Logistics800x500_1-300x188.webp HTTP/1.1" 200 18996 "http://cqqizhou.com/wp-admin/post.php?post=2339&action=edit" "Mozilla/5.0 (Windows NT 10.0; Win64; x64) AppleWebKit/537.36 (KHTML, like Gecko) Chrome/142.0.0.0 Safari/537.36 Edg/142.0.0.0"
14.108.233.226 - - [09/Dec/2025:12:04:28 +0800] "GET /wp-content/uploads/2025/07/1751829518-Precision-processing-services800x500.webp HTTP/1.1" 200 28964 "http://cqqizhou.com/wp-admin/post.php?post=2339&action=edit" "Mozilla/5.0 (Windows NT 10.0; Win64; x64) AppleWebKit/537.36 (KHTML, like Gecko) Chrome/142.0.0.0 Safari/537.36 Edg/142.0.0.0"
14.108.233.226 - - [09/Dec/2025:12:04:32 +0800] "POST /wp-admin/admin-ajax.php HTTP/1.1" 200 32 "http://cqqizhou.com/wp-admin/post.php?post=2339&action=edit" "Mozilla/5.0 (Windows NT 10.0; Win64; x64) AppleWebKit/537.36 (KHTML, like Gecko) Chrome/142.0.0.0 Safari/537.36 Edg/142.0.0.0"
14.108.233.226 - - [09/Dec/2025:12:04:34 +0800] "POST /wp-admin/admin-ajax.php HTTP/1.1" 200 112 "http://cqqizhou.com/wp-admin/post.php?post=2339&action=edit" "Mozilla/5.0 (Windows NT 10.0; Win64; x64) AppleWebKit/537.36 (KHTML, like Gecko) Chrome/142.0.0.0 Safari/537.36 Edg/142.0.0.0"
14.108.233.226 - - [09/Dec/2025:12:04:45 +0800] "POST /wp-admin/admin-ajax.php HTTP/1.1" 200 112 "http://cqqizhou.com/wp-admin/post.php?post=2339&action=edit" "Mozilla/5.0 (Windows NT 10.0; Win64; x64) AppleWebKit/537.36 (KHTML, like Gecko) Chrome/142.0.0.0 Safari/537.36 Edg/142.0.0.0"
36.133.115.36 - - [09/Dec/2025:12:04:49 +0800] "POST /wp-cron.php?doing_wp_cron=1765253089.0934870243072509765625 HTTP/1.1" 200 31 "-" "WordPress/6.8.3; http://cqqizhou.com"
14.108.233.226 - - [09/Dec/2025:12:04:49 +0800] "POST /wp-admin/async-upload.php HTTP/1.1" 200 727 "http://cqqizhou.com/wp-admin/post.php?post=2339&action=edit" "Mozilla/5.0 (Windows NT 10.0; Win64; x64) AppleWebKit/537.36 (KHTML, like Gecko) Chrome/142.0.0.0 Safari/537.36 Edg/142.0.0.0"
14.108.233.226 - - [09/Dec/2025:12:04:49 +0800] "GET /wp-content/uploads/2025/12/1765253089-20251209103501_96_61-300x225.webp HTTP/1.1" 200 9894 "http://cqqizhou.com/wp-admin/post.php?post=2339&action=edit" "Mozilla/5.0 (Windows NT 10.0; Win64; x64) AppleWebKit/537.36 (KHTML, like Gecko) Chrome/142.0.0.0 Safari/537.36 Edg/142.0.0.0"
14.108.233.226 - - [09/Dec/2025:12:04:52 +0800] "GET /wp-json/wp/v2/media/2346?context=view&_locale=user HTTP/1.1" 200 989 "http://cqqizhou.com/wp-admin/post.php?post=2339&action=edit" "Mozilla/5.0 (Windows NT 10.0; Win64; x64) AppleWebKit/537.36 (KHTML, like Gecko) Chrome/142.0.0.0 Safari/537.36 Edg/142.0.0.0"
14.108.233.226 - - [09/Dec/2025:12:04:52 +0800] "GET /wp-content/uploads/2025/12/1765253089-20251209103501_96_61-150x150.webp HTTP/1.1" 200 5198 "http://cqqizhou.com/wp-admin/post.php?post=2339&action=edit" "Mozilla/5.0 (Windows NT 10.0; Win64; x64) AppleWebKit/537.36 (KHTML, like Gecko) Chrome/142.0.0.0 Safari/537.36 Edg/142.0.0.0"
14.108.233.226 - - [09/Dec/2025:12:04:54 +0800] "POST /wp-admin/admin-ajax.php HTTP/1.1" 200 112 "http://cqqizhou.com/wp-admin/post.php?post=2339&action=edit" "Mozilla/5.0 (Windows NT 10.0; Win64; x64) AppleWebKit/537.36 (KHTML, like Gecko) Chrome/142.0.0.0 Safari/537.36 Edg/142.0.0.0"
14.108.233.226 - - [09/Dec/2025:12:04:55 +0800] "POST /wp-json/wp/v2/posts/2339?_locale=user HTTP/1.1" 200 3295 "http://cqqizhou.com/wp-admin/post.php?post=2339&action=edit" "Mozilla/5.0 (Windows NT 10.0; Win64; x64) AppleWebKit/537.36 (KHTML, like Gecko) Chrome/142.0.0.0 Safari/537.36 Edg/142.0.0.0"
14.108.233.226 - - [09/Dec/2025:12:04:56 +0800] "POST /wp-admin/post.php?post=2339&action=edit&meta-box-loader=1&meta-box-loader-nonce=1b2120c261&_locale=user HTTP/1.1" 302 5 "http://cqqizhou.com/wp-admin/post.php?post=2339&action=edit" "Mozilla/5.0 (Windows NT 10.0; Win64; x64) AppleWebKit/537.36 (KHTML, like Gecko) Chrome/142.0.0.0 Safari/537.36 Edg/142.0.0.0"
14.108.233.226 - - [09/Dec/2025:12:04:57 +0800] "GET /wp-admin/post.php?post=2339&action=edit&message=4 HTTP/1.1" 200 195323 "http://cqqizhou.com/wp-admin/post.php?post=2339&action=edit" "Mozilla/5.0 (Windows NT 10.0; Win64; x64) AppleWebKit/537.36 (KHTML, like Gecko) Chrome/142.0.0.0 Safari/537.36 Edg/142.0.0.0"
14.108.233.226 - - [09/Dec/2025:12:05:04 +0800] "POST /wp-admin/admin-ajax.php HTTP/1.1" 200 112 "http://cqqizhou.com/wp-admin/post.php?post=2339&action=edit" "Mozilla/5.0 (Windows NT 10.0; Win64; x64) AppleWebKit/537.36 (KHTML, like Gecko) Chrome/142.0.0.0 Safari/537.36 Edg/142.0.0.0"
36.133.115.36 - - [09/Dec/2025:12:05:49 +0800] "POST /wp-cron.php?doing_wp_cron=1765253149.9249160289764404296875 HTTP/1.1" 200 31 "-" "WordPress/6.8.3; http://cqqizhou.com"
14.108.233.226 - - [09/Dec/2025:12:05:50 +0800] "POST /wp-admin/admin-ajax.php HTTP/1.1" 200 112 "http://cqqizhou.com/wp-admin/post.php?post=2339&action=edit" "Mozilla/5.0 (Windows NT 10.0; Win64; x64) AppleWebKit/537.36 (KHTML, like Gecko) Chrome/142.0.0.0 Safari/537.36 Edg/142.0.0.0"
14.108.233.226 - - [09/Dec/2025:12:06:00 +0800] "POST /wp-admin/admin-ajax.php HTTP/1.1" 200 112 "http://cqqizhou.com/wp-admin/post.php?post=2339&action=edit" "Mozilla/5.0 (Windows NT 10.0; Win64; x64) AppleWebKit/537.36 (KHTML, like Gecko) Chrome/142.0.0.0 Safari/537.36 Edg/142.0.0.0"
14.108.233.226 - - [09/Dec/2025:12:06:05 +0800] "GET /news/ HTTP/1.1" 200 19840 "-" "Mozilla/5.0 (Windows NT 10.0; Win64; x64) AppleWebKit/537.36 (KHTML, like Gecko) Chrome/132.0.0.0 Safari/537.36 NetType/WIFI MicroMessenger/7.0.20.1781(0x6700143B) WindowsWechat(0x63090a13) UnifiedPCWindowsWechat(0xf2541510) XWEB/17071 Flue"
14.108.233.226 - - [09/Dec/2025:12:06:05 +0800] "GET /wp-content/uploads/2025/07/1753410289-News2000%C3%97400_202571.webp HTTP/1.1" 200 17830 "http://cqqizhou.com/news/" "Mozilla/5.0 (Windows NT 10.0; Win64; x64) AppleWebKit/537.36 (KHTML, like Gecko) Chrome/132.0.0.0 Safari/537.36 NetType/WIFI MicroMessenger/7.0.20.1781(0x6700143B) WindowsWechat(0x63090a13) UnifiedPCWindowsWechat(0xf2541510) XWEB/17071 Flue"
14.108.233.226 - - [09/Dec/2025:12:06:05 +0800] "GET /wp-content/uploads/2025/12/1765253089-20251209103501_96_61.webp HTTP/1.1" 200 37758 "http://cqqizhou.com/news/" "Mozilla/5.0 (Windows NT 10.0; Win64; x64) AppleWebKit/537.36 (KHTML, like Gecko) Chrome/132.0.0.0 Safari/537.36 NetType/WIFI MicroMessenger/7.0.20.1781(0x6700143B) WindowsWechat(0x63090a13) UnifiedPCWindowsWechat(0xf2541510) XWEB/17071 Flue"
14.108.233.226 - - [09/Dec/2025:12:06:05 +0800] "GET /wp-content/uploads/2025/09/1756868614-20250903104654_74_5.webp HTTP/1.1" 200 47858 "http://cqqizhou.com/news/" "Mozilla/5.0 (Windows NT 10.0; Win64; x64) AppleWebKit/537.36 (KHTML, like Gecko) Chrome/132.0.0.0 Safari/537.36 NetType/WIFI MicroMessenger/7.0.20.1781(0x6700143B) WindowsWechat(0x63090a13) UnifiedPCWindowsWechat(0xf2541510) XWEB/17071 Flue"
14.108.233.226 - - [09/Dec/2025:12:06:05 +0800] "GET /wp-content/uploads/2025/08/1755826456-DSC01841.webp HTTP/1.1" 200 87046 "http://cqqizhou.com/news/" "Mozilla/5.0 (Windows NT 10.0; Win64; x64) AppleWebKit/537.36 (KHTML, like Gecko) Chrome/132.0.0.0 Safari/537.36 NetType/WIFI MicroMessenger/7.0.20.1781(0x6700143B) WindowsWechat(0x63090a13) UnifiedPCWindowsWechat(0xf2541510) XWEB/17071 Flue"
14.108.233.226 - - [09/Dec/2025:12:06:05 +0800] "GET /wp-content/uploads/2025/07/1753455746-DSC01472.webp HTTP/1.1" 200 31854 "http://cqqizhou.com/news/" "Mozilla/5.0 (Windows NT 10.0; Win64; x64) AppleWebKit/537.36 (KHTML, like Gecko) Chrome/132.0.0.0 Safari/537.36 NetType/WIFI MicroMessenger/7.0.20.1781(0x6700143B) WindowsWechat(0x63090a13) UnifiedPCWindowsWechat(0xf2541510) XWEB/17071 Flue"
14.108.233.226 - - [09/Dec/2025:12:06:05 +0800] "GET /wp-content/uploads/2025/08/1755826390-DSC01765.webp HTTP/1.1" 200 71514 "http://cqqizhou.com/news/" "Mozilla/5.0 (Windows NT 10.0; Win64; x64) AppleWebKit/537.36 (KHTML, like Gecko) Chrome/132.0.0.0 Safari/537.36 NetType/WIFI MicroMessenger/7.0.20.1781(0x6700143B) WindowsWechat(0x63090a13) UnifiedPCWindowsWechat(0xf2541510) XWEB/17071 Flue"
14.108.233.226 - - [09/Dec/2025:12:06:05 +0800] "GET /wp-content/uploads/2025/07/1753454089-Article_images_W900px.webp HTTP/1.1" 200 27552 "http://cqqizhou.com/news/" "Mozilla/5.0 (Windows NT 10.0; Win64; x64) AppleWebKit/537.36 (KHTML, like Gecko) Chrome/132.0.0.0 Safari/537.36 NetType/WIFI MicroMessenger/7.0.20.1781(0x6700143B) WindowsWechat(0x63090a13) UnifiedPCWindowsWechat(0xf2541510) XWEB/17071 Flue"
14.108.233.226 - - [09/Dec/2025:12:06:05 +0800] "GET /wp-content/uploads/2025/07/1753454299-Article_images_W900px.webp HTTP/1.1" 200 52418 "http://cqqizhou.com/news/" "Mozilla/5.0 (Windows NT 10.0; Win64; x64) AppleWebKit/537.36 (KHTML, like Gecko) Chrome/132.0.0.0 Safari/537.36 NetType/WIFI MicroMessenger/7.0.20.1781(0x6700143B) WindowsWechat(0x63090a13) UnifiedPCWindowsWechat(0xf2541510) XWEB/17071 Flue"
14.108.233.226 - - [09/Dec/2025:12:06:05 +0800] "GET /wp-content/uploads/2025/07/1751425283-qizhou.kf_.qq_.com_.webp HTTP/1.1" 200 16864 "http://cqqizhou.com/news/" "Mozilla/5.0 (Windows NT 10.0; Win64; x64) AppleWebKit/537.36 (KHTML, like Gecko) Chrome/132.0.0.0 Safari/537.36 NetType/WIFI MicroMessenger/7.0.20.1781(0x6700143B) WindowsWechat(0x63090a13) UnifiedPCWindowsWechat(0xf2541510) XWEB/17071 Flue"
14.108.233.226 - - [09/Dec/2025:12:06:14 +0800] "GET /news/ HTTP/1.1" 200 27812 "-" "Mozilla/5.0 (Windows NT 10.0; Win64; x64) AppleWebKit/537.36 (KHTML, like Gecko) Chrome/142.0.0.0 Safari/537.36 Edg/142.0.0.0"
14.108.233.226 - - [09/Dec/2025:12:06:14 +0800] "GET /wp-content/uploads/2025/12/1765253089-20251209103501_96_61.webp HTTP/1.1" 200 37758 "http://cqqizhou.com/news/" "Mozilla/5.0 (Windows NT 10.0; Win64; x64) AppleWebKit/537.36 (KHTML, like Gecko) Chrome/142.0.0.0 Safari/537.36 Edg/142.0.0.0"
14.108.233.226 - - [09/Dec/2025:12:06:14 +0800] "GET /wp-content/uploads/2025/08/1755826390-DSC01765.webp HTTP/1.1" 200 71514 "http://cqqizhou.com/news/" "Mozilla/5.0 (Windows NT 10.0; Win64; x64) AppleWebKit/537.36 (KHTML, like Gecko) Chrome/142.0.0.0 Safari/537.36 Edg/142.0.0.0"
14.108.233.226 - - [09/Dec/2025:12:06:14 +0800] "GET /wp-content/uploads/2025/07/1753455746-DSC01472.webp HTTP/1.1" 200 31854 "http://cqqizhou.com/news/" "Mozilla/5.0 (Windows NT 10.0; Win64; x64) AppleWebKit/537.36 (KHTML, like Gecko) Chrome/142.0.0.0 Safari/537.36 Edg/142.0.0.0"
14.108.233.226 - - [09/Dec/2025:12:06:14 +0800] "GET /wp-content/uploads/2025/07/1753454089-Article_images_W900px.webp HTTP/1.1" 200 27552 "http://cqqizhou.com/news/" "Mozilla/5.0 (Windows NT 10.0; Win64; x64) AppleWebKit/537.36 (KHTML, like Gecko) Chrome/142.0.0.0 Safari/537.36 Edg/142.0.0.0"
14.108.233.226 - - [09/Dec/2025:12:06:14 +0800] "GET /wp-content/uploads/2025/07/1753454299-Article_images_W900px.webp HTTP/1.1" 200 52418 "http://cqqizhou.com/news/" "Mozilla/5.0 (Windows NT 10.0; Win64; x64) AppleWebKit/537.36 (KHTML, like Gecko) Chrome/142.0.0.0 Safari/537.36 Edg/142.0.0.0"
36.133.115.36 - - [09/Dec/2025:12:08:01 +0800] "POST /wp-cron.php?doing_wp_cron=1765253281.4245440959930419921875 HTTP/1.1" 200 31 "-" "WordPress/6.8.3; http://cqqizhou.com"
14.108.233.226 - - [09/Dec/2025:12:08:01 +0800] "POST /wp-admin/admin-ajax.php HTTP/1.1" 200 112 "http://cqqizhou.com/wp-admin/post.php?post=2339&action=edit" "Mozilla/5.0 (Windows NT 10.0; Win64; x64) AppleWebKit/537.36 (KHTML, like Gecko) Chrome/142.0.0.0 Safari/537.36 Edg/142.0.0.0"
36.133.115.36 - - [09/Dec/2025:12:10:02 +0800] "POST /wp-cron.php?doing_wp_cron=1765253402.4611940383911132812500 HTTP/1.1" 200 31 "-" "WordPress/6.8.3; http://cqqizhou.com"
14.108.233.226 - - [09/Dec/2025:12:10:02 +0800] "POST /wp-admin/admin-ajax.php HTTP/1.1" 200 112 "http://cqqizhou.com/wp-admin/post.php?post=2339&action=edit" "Mozilla/5.0 (Windows NT 10.0; Win64; x64) AppleWebKit/537.36 (KHTML, like Gecko) Chrome/142.0.0.0 Safari/537.36 Edg/142.0.0.0"
36.133.115.36 - - [09/Dec/2025:12:12:03 +0800] "POST /wp-cron.php?doing_wp_cron=1765253523.3848810195922851562500 HTTP/1.1" 200 31 "-" "WordPress/6.8.3; http://cqqizhou.com"
14.108.233.226 - - [09/Dec/2025:12:12:03 +0800] "POST /wp-admin/admin-ajax.php HTTP/1.1" 200 112 "http://cqqizhou.com/wp-admin/post.php?post=2339&action=edit" "Mozilla/5.0 (Windows NT 10.0; Win64; x64) AppleWebKit/537.36 (KHTML, like Gecko) Chrome/142.0.0.0 Safari/537.36 Edg/142.0.0.0"
36.133.115.36 - - [09/Dec/2025:12:14:04 +0800] "POST /wp-cron.php?doing_wp_cron=1765253644.3842880725860595703125 HTTP/1.1" 200 31 "-" "WordPress/6.8.3; http://cqqizhou.com"
14.108.233.226 - - [09/Dec/2025:12:14:04 +0800] "POST /wp-admin/admin-ajax.php HTTP/1.1" 200 112 "http://cqqizhou.com/wp-admin/post.php?post=2339&action=edit" "Mozilla/5.0 (Windows NT 10.0; Win64; x64) AppleWebKit/537.36 (KHTML, like Gecko) Chrome/142.0.0.0 Safari/537.36 Edg/142.0.0.0"
36.133.115.36 - - [09/Dec/2025:12:16:05 +0800] "POST /wp-cron.php?doing_wp_cron=1765253765.4211640357971191406250 HTTP/1.1" 200 31 "-" "WordPress/6.8.3; http://cqqizhou.com"
14.108.233.226 - - [09/Dec/2025:12:16:05 +0800] "POST /wp-admin/admin-ajax.php HTTP/1.1" 200 111 "http://cqqizhou.com/wp-admin/post.php?post=2339&action=edit" "Mozilla/5.0 (Windows NT 10.0; Win64; x64) AppleWebKit/537.36 (KHTML, like Gecko) Chrome/142.0.0.0 Safari/537.36 Edg/142.0.0.0"
36.133.115.36 - - [09/Dec/2025:12:18:53 +0800] "POST /wp-cron.php?doing_wp_cron=1765253933.8450660705566406250000 HTTP/1.1" 200 31 "-" "WordPress/6.8.3; http://cqqizhou.com"
103.42.117.165 - - [09/Dec/2025:12:18:53 +0800] "GET /wp-login.php HTTP/1.1" 200 2774 "-" "Mozilla/5.0 (X11; Ubuntu; Linux x86_64; rv:85.0) Gecko/20100101 Firefox/91.0"
103.42.117.165 - - [09/Dec/2025:12:18:55 +0800] "POST /wp-login.php HTTP/1.1" 200 2911 "-" "Mozilla/5.0 (X11; Ubuntu; Linux x86_64; rv:85.0) Gecko/20100101 Firefox/91.0"
36.133.115.36 - - [09/Dec/2025:12:32:40 +0800] "POST /wp-cron.php?doing_wp_cron=1765254760.0148940086364746093750 HTTP/1.1" 200 31 "-" "WordPress/6.8.3; http://cqqizhou.com"
141.98.11.170 - - [09/Dec/2025:12:32:40 +0800] "GET / HTTP/1.1" 200 33628 "-" "Mozilla/5.0 (Windows NT 10.0; Win64; x64) AppleWebKit/537.36 (KHTML, like Gecko) Chrome/90.0.4430.85 Safari/537.36 Edg/90.0.818.46"
36.133.115.36 - - [09/Dec/2025:12:34:52 +0800] "POST /wp-cron.php?doing_wp_cron=1765254892.2564499378204345703125 HTTP/1.1" 200 31 "-" "WordPress/6.8.3; http://cqqizhou.com"
51.68.107.159 - - [09/Dec/2025:12:34:52 +0800] "GET /robots.txt HTTP/1.1" 200 190 "-" "Mozilla/5.0 (compatible; MJ12bot/v2.0.4; http://mj12bot.com/)"
51.68.107.159 - - [09/Dec/2025:12:34:53 +0800] "GET / HTTP/1.1" 200 34049 "-" "Mozilla/5.0 (compatible; MJ12bot/v2.0.4; http://mj12bot.com/)"
61.31.138.40 - - [09/Dec/2025:12:36:10 +0800] "GET /phpmyadmin/index.php HTTP/1.1" 404 47 "-" "Mozilla/5.0 (Windows NT 10.0; Win64; x64) AppleWebKit/537.36 (KHTML, like Gecko) Chrome/120.0.0.0 Safari/537.36"
36.133.115.36 - - [09/Dec/2025:12:41:46 +0800] "POST /wp-cron.php?doing_wp_cron=1765255306.8837840557098388671875 HTTP/1.1" 200 31 "-" "WordPress/6.8.3; http://cqqizhou.com"
204.76.203.212 - - [09/Dec/2025:12:41:47 +0800] "GET / HTTP/1.1" 200 33627 "-" "Mozilla/5.0 (Windows NT 10.0; Win64; x64) AppleWebKit/537.36 (KHTML, like Gecko) Chrome/90.0.4430.85 Safari/537.36 Edg/90.0.818.46"
36.133.115.36 - - [09/Dec/2025:12:45:18 +0800] "POST /wp-cron.php?doing_wp_cron=1765255518.8015630245208740234375 HTTP/1.1" 200 31 "-" "WordPress/6.8.3; http://cqqizhou.com"
93.86.61.74 - - [09/Dec/2025:12:45:18 +0800] "GET /wp-login.php HTTP/1.1" 200 2774 "-" "Mozilla/5.0 (X11; Ubuntu; Linux x86_64; rv:85.0) Gecko/20100101 Firefox/91.0"
93.86.61.74 - - [09/Dec/2025:12:45:20 +0800] "POST /wp-login.php HTTP/1.1" 200 2911 "-" "Mozilla/5.0 (X11; Ubuntu; Linux x86_64; rv:85.0) Gecko/20100101 Firefox/91.0"
36.133.115.36 - - [09/Dec/2025:12:47:46 +0800] "POST /wp-cron.php?doing_wp_cron=1765255666.9586629867553710937500 HTTP/1.1" 200 31 "-" "WordPress/6.8.3; http://cqqizhou.com"
114.119.147.181 - - [09/Dec/2025:12:47:47 +0800] "GET /robots.txt HTTP/1.1" 200 190 "-" "Mozilla/5.0 (compatible;PetalBot;+https://webmaster.petalsearch.com/site/petalbot)"
36.133.115.36 - - [09/Dec/2025:12:58:05 +0800] "POST /wp-cron.php?doing_wp_cron=1765256285.5064918994903564453125 HTTP/1.1" 200 31 "-" "WordPress/6.8.3; http://cqqizhou.com"
3.137.73.221 - - [09/Dec/2025:12:58:05 +0800] "GET / HTTP/1.1" 301 5 "-" "cypex.ai/scanning Mozilla/5.0 (Macintosh; Intel Mac OS X 10_15_7) Chrome/126.0.0.0 Safari/537.36"
3.137.73.221 - - [09/Dec/2025:12:58:10 +0800] "GET / HTTP/1.1" 301 5 "-" "cypex.ai/scanning Mozilla/5.0 (Macintosh; Intel Mac OS X 10_15_7) Chrome/126.0.0.0 Safari/537.36"
36.133.115.36 - - [09/Dec/2025:13:10:12 +0800] "POST /wp-cron.php?doing_wp_cron=1765257012.8804900646209716796875 HTTP/1.1" 200 31 "-" "WordPress/6.8.3; http://cqqizhou.com"
43.153.19.83 - - [09/Dec/2025:13:10:13 +0800] "GET / HTTP/1.1" 200 33625 "-" "Mozilla/5.0 (iPhone; CPU iPhone OS 13_2_3 like Mac OS X) AppleWebKit/605.1.15 (KHTML, like Gecko) Version/13.0.3 Mobile/15E148 Safari/604.1"
47.251.116.203 - - [09/Dec/2025:13:23:43 +0800] "GET / HTTP/1.1" 200 34069 "-" "Mozilla/5.0 (Windows Server 2012 R2 Standard; x64) AppleWebKit/537.36 (KHTML, like Gecko) Chrome/118.0.5975.80 Safari/537.36"
36.133.115.36 - - [09/Dec/2025:13:29:02 +0800] "POST /wp-cron.php?doing_wp_cron=1765258142.7195301055908203125000 HTTP/1.1" 200 31 "-" "WordPress/6.8.3; http://cqqizhou.com"
204.76.203.212 - - [09/Dec/2025:13:29:03 +0800] "GET / HTTP/1.1" 200 33628 "-" "Mozilla/5.0 (Windows NT 10.0; Win64; x64) AppleWebKit/537.36 (KHTML, like Gecko) Chrome/90.0.4430.85 Safari/537.36 Edg/90.0.818.46"
36.133.115.36 - - [09/Dec/2025:13:53:24 +0800] "POST /wp-cron.php?doing_wp_cron=1765259604.4656600952148437500000 HTTP/1.1" 200 31 "-" "WordPress/6.8.3; http://cqqizhou.com"
204.76.203.18 - - [09/Dec/2025:13:53:24 +0800] "GET /backup/ HTTP/1.1" 301 5 "-" "-"
5.187.35.158 - - [09/Dec/2025:13:53:26 +0800] "GET / HTTP/1.1" 200 33627 "-" "Mozilla/5.0 (Windows NT 10.0; Win64; x64) AppleWebKit/537.36 (KHTML, like Gecko) Chrome/90.0.4430.85 Safari/537.36 Edg/90.0.818.46"
36.133.115.36 - - [09/Dec/2025:13:54:04 +0800] "POST /wp-cron.php?doing_wp_cron=1765259644.1845839023590087890625 HTTP/1.1" 200 31 "-" "WordPress/6.8.3; http://cqqizhou.com"
79.133.41.235 - - [09/Dec/2025:13:54:04 +0800] "GET /sendgrid.env HTTP/1.1" 404 8983 "-" "Mozilla/5.0 (X11; Linux x86_64) AppleWebKit/537.36 (KHTML, like Gecko) Chrome/116.0.0.0 Safari/537.36"
36.133.115.36 - - [09/Dec/2025:13:55:18 +0800] "POST /wp-cron.php?doing_wp_cron=1765259718.7963728904724121093750 HTTP/1.1" 200 31 "-" "WordPress/6.8.3; http://cqqizhou.com"
149.50.103.48 - - [09/Dec/2025:13:55:19 +0800] "GET / HTTP/1.1" 200 33628 "-" "Mozilla/5.0 (Windows NT 10.0; Win64; x64) AppleWebKit/537.36 (KHTML, like Gecko) Chrome/90.0.4430.85 Safari/537.36 Edg/90.0.818.46"
36.133.115.36 - - [09/Dec/2025:13:58:45 +0800] "POST /wp-cron.php?doing_wp_cron=1765259925.5115020275115966796875 HTTP/1.1" 200 31 "-" "WordPress/6.8.3; http://cqqizhou.com"
193.142.147.209 - - [09/Dec/2025:13:58:45 +0800] "GET /cgi-bin/luci/;stok=/locale HTTP/1.1" 301 5 "-" "-"
193.142.147.209 - - [09/Dec/2025:13:58:46 +0800] "GET /cgi-bin/luci/;stok=/locale HTTP/1.1" 404 31364 "http://36.133.115.36:80/cgi-bin/luci/;stok=/locale" "-"
141.98.11.170 - - [09/Dec/2025:13:59:39 +0800] "GET / HTTP/1.1" 200 33628 "-" "Mozilla/5.0 (Windows NT 10.0; Win64; x64) AppleWebKit/537.36 (KHTML, like Gecko) Chrome/90.0.4430.85 Safari/537.36 Edg/90.0.818.46"
216.26.246.243 - - [09/Dec/2025:14:01:33 +0800] "GET / HTTP/1.1" 200 34069 "-" "Mozilla/5.0 (Windows NT 10.0; WOW64; x64) AppleWebKit/537.36 (KHTML, like Gecko) Chrome/114.0.0.0 Safari/537.36 OPR/89.0.4447.51"
216.26.246.243 - - [09/Dec/2025:14:01:34 +0800] "GET /contacts/ HTTP/1.1" 200 21585 "http://cqqizhou.com" "Mozilla/5.0 (Windows NT 10.0; WOW64; x64) AppleWebKit/537.36 (KHTML, like Gecko) Chrome/114.0.0.0 Safari/537.36 OPR/89.0.4447.51"
36.133.115.36 - - [09/Dec/2025:14:01:36 +0800] "POST /wp-cron.php?doing_wp_cron=1765260096.3882429599761962890625 HTTP/1.1" 200 31 "-" "WordPress/6.8.3; http://cqqizhou.com"
216.26.246.243 - - [09/Dec/2025:14:01:36 +0800] "GET /bug HTTP/1.1" 301 5 "http://cqqizhou.com" "Mozilla/5.0 (Windows NT 10.0; WOW64; x64) AppleWebKit/537.36 (KHTML, like Gecko) Chrome/114.0.0.0 Safari/537.36 OPR/89.0.4447.51"
216.26.246.243 - - [09/Dec/2025:14:01:37 +0800] "GET /bug/ HTTP/1.1" 200 12837 "http://cqqizhou.com/bug" "Mozilla/5.0 (Windows NT 10.0; WOW64; x64) AppleWebKit/537.36 (KHTML, like Gecko) Chrome/114.0.0.0 Safari/537.36 OPR/89.0.4447.51"
216.26.246.243 - - [09/Dec/2025:14:01:38 +0800] "POST /wp-json/contact-form-7/v1/contact-forms/158/feedback HTTP/1.1" 200 218 "http://cqqizhou.com/contacts/" "Mozilla/5.0 (Windows NT 10.0; WOW64; x64) AppleWebKit/537.36 (KHTML, like Gecko) Chrome/114.0.0.0 Safari/537.36 OPR/89.0.4447.51"
104.28.246.114 - - [09/Dec/2025:14:03:16 +0800] "GET /style.php HTTP/1.1" 404 47 "-" "Go-http-client/1.1"
104.28.246.114 - - [09/Dec/2025:14:03:16 +0800] "GET /wp-content/style.php HTTP/1.1" 404 47 "-" "Go-http-client/1.1"
104.28.246.114 - - [09/Dec/2025:14:03:17 +0800] "GET /wp-content/themes/style.php HTTP/1.1" 404 47 "-" "Go-http-client/1.1"
104.28.246.114 - - [09/Dec/2025:14:03:17 +0800] "GET /wp-admin/style.php HTTP/1.1" 404 47 "-" "Go-http-client/1.1"
104.28.246.114 - - [09/Dec/2025:14:03:17 +0800] "GET /wp-includes/style.php HTTP/1.1" 404 47 "-" "Go-http-client/1.1"
104.28.246.114 - - [09/Dec/2025:14:03:17 +0800] "GET /chosen.php?p= HTTP/1.1" 404 47 "-" "Go-http-client/1.1"
104.28.246.114 - - [09/Dec/2025:14:03:18 +0800] "GET /file.php HTTP/1.1" 404 47 "-" "Go-http-client/1.1"
104.28.246.114 - - [09/Dec/2025:14:03:18 +0800] "GET /flower.php HTTP/1.1" 404 47 "-" "Go-http-client/1.1"
104.28.246.114 - - [09/Dec/2025:14:03:18 +0800] "GET /gifclass.php HTTP/1.1" 404 47 "-" "Go-http-client/1.1"
104.28.246.114 - - [09/Dec/2025:14:03:18 +0800] "GET /bless.php HTTP/1.1" 404 47 "-" "Go-http-client/1.1"
104.28.246.114 - - [09/Dec/2025:14:03:19 +0800] "GET /class-t.api.php HTTP/1.1" 404 47 "-" "Go-http-client/1.1"
104.28.246.114 - - [09/Dec/2025:14:03:19 +0800] "GET /blurbs.php HTTP/1.1" 404 47 "-" "Go-http-client/1.1"
104.28.246.114 - - [09/Dec/2025:14:03:19 +0800] "GET /akcc.php HTTP/1.1" 404 47 "-" "Go-http-client/1.1"
104.28.246.114 - - [09/Dec/2025:14:03:19 +0800] "GET /abcd.php HTTP/1.1" 404 47 "-" "Go-http-client/1.1"
104.28.246.114 - - [09/Dec/2025:14:03:20 +0800] "GET /shelp.php HTTP/1.1" 404 47 "-" "Go-http-client/1.1"
104.28.246.114 - - [09/Dec/2025:14:03:20 +0800] "GET /cord.php HTTP/1.1" 404 47 "-" "Go-http-client/1.1"
104.28.246.114 - - [09/Dec/2025:14:03:20 +0800] "GET /dex.php HTTP/1.1" 404 47 "-" "Go-http-client/1.1"
36.133.115.36 - - [09/Dec/2025:14:03:21 +0800] "POST /wp-cron.php?doing_wp_cron=1765260201.4483399391174316406250 HTTP/1.1" 200 31 "-" "WordPress/6.8.3; http://cqqizhou.com"
104.28.246.114 - - [09/Dec/2025:14:03:21 +0800] "GET /wp-admin/admin-ajax.php HTTP/1.1" 400 11 "-" "Go-http-client/1.1"
104.28.246.114 - - [09/Dec/2025:14:03:21 +0800] "GET /file2.php HTTP/1.1" 404 47 "-" "Go-http-client/1.1"
104.28.246.114 - - [09/Dec/2025:14:03:21 +0800] "GET //zwso.php HTTP/1.1" 404 47 "-" "Go-http-client/1.1"
104.28.246.114 - - [09/Dec/2025:14:03:22 +0800] "GET /wp-admin/zwso.php HTTP/1.1" 404 47 "-" "Go-http-client/1.1"
104.28.246.114 - - [09/Dec/2025:14:03:22 +0800] "GET /wp-content/plugins/hellopress/wp_mna.php HTTP/1.1" 404 47 "-" "Go-http-client/1.1"
104.28.246.114 - - [09/Dec/2025:14:03:22 +0800] "GET /bolt.php HTTP/1.1" 404 47 "-" "Go-http-client/1.1"
104.28.246.114 - - [09/Dec/2025:14:03:22 +0800] "GET /shlo.php HTTP/1.1" 404 47 "-" "Go-http-client/1.1"
104.28.246.114 - - [09/Dec/2025:14:03:23 +0800] "GET /133.php HTTP/1.1" 404 47 "-" "Go-http-client/1.1"
104.28.246.114 - - [09/Dec/2025:14:03:23 +0800] "GET /ahax.php HTTP/1.1" 404 47 "-" "Go-http-client/1.1"
104.28.246.114 - - [09/Dec/2025:14:03:23 +0800] "GET /php8.php HTTP/1.1" 404 47 "-" "Go-http-client/1.1"
104.28.246.114 - - [09/Dec/2025:14:03:24 +0800] "GET /lufix1.php HTTP/1.1" 404 47 "-" "Go-http-client/1.1"
104.28.246.114 - - [09/Dec/2025:14:03:24 +0800] "GET /witmm.php HTTP/1.1" 404 47 "-" "Go-http-client/1.1"
104.28.246.114 - - [09/Dec/2025:14:03:24 +0800] "GET /wp-admin/css/index.php HTTP/1.1" 404 47 "-" "Go-http-client/1.1"
104.28.246.114 - - [09/Dec/2025:14:03:24 +0800] "GET /wp-content/plugins/index.php HTTP/1.1" 200 31 "-" "Go-http-client/1.1"
104.28.246.114 - - [09/Dec/2025:14:03:25 +0800] "GET /wp-content/index.php HTTP/1.1" 200 31 "-" "Go-http-client/1.1"
104.28.246.114 - - [09/Dec/2025:14:03:25 +0800] "GET /ioxi-o.php HTTP/1.1" 404 47 "-" "Go-http-client/1.1"
104.28.246.114 - - [09/Dec/2025:14:03:25 +0800] "GET /222.php HTTP/1.1" 404 47 "-" "Go-http-client/1.1"
104.28.246.114 - - [09/Dec/2025:14:03:25 +0800] "GET /files.php HTTP/1.1" 404 47 "-" "Go-http-client/1.1"
104.28.246.114 - - [09/Dec/2025:14:03:26 +0800] "GET /wp-editor.php HTTP/1.1" 404 47 "-" "Go-http-client/1.1"
104.28.246.114 - - [09/Dec/2025:14:03:26 +0800] "GET /txets.php HTTP/1.1" 404 47 "-" "Go-http-client/1.1"
104.28.246.114 - - [09/Dec/2025:14:03:26 +0800] "GET /wp-content/txets.php HTTP/1.1" 404 47 "-" "Go-http-client/1.1"
104.28.246.114 - - [09/Dec/2025:14:03:26 +0800] "GET /wp-admin/txets.php HTTP/1.1" 404 47 "-" "Go-http-client/1.1"
104.28.246.114 - - [09/Dec/2025:14:03:27 +0800] "GET /postnews.php HTTP/1.1" 404 47 "-" "Go-http-client/1.1"
104.28.246.114 - - [09/Dec/2025:14:03:27 +0800] "GET /wp-content/postnews.php HTTP/1.1" 404 47 "-" "Go-http-client/1.1"
104.28.246.114 - - [09/Dec/2025:14:03:27 +0800] "GET /wp-admin/postnews.php HTTP/1.1" 404 47 "-" "Go-http-client/1.1"
36.133.115.36 - - [09/Dec/2025:14:06:28 +0800] "POST /wp-cron.php?doing_wp_cron=1765260388.1378929615020751953125 HTTP/1.1" 200 31 "-" "WordPress/6.8.3; http://cqqizhou.com"
14.108.233.226 - - [09/Dec/2025:14:06:28 +0800] "POST /wp-admin/admin-ajax.php HTTP/1.1" 200 112 "http://cqqizhou.com/wp-admin/post.php?post=2339&action=edit" "Mozilla/5.0 (Windows NT 10.0; Win64; x64) AppleWebKit/537.36 (KHTML, like Gecko) Chrome/142.0.0.0 Safari/537.36 Edg/142.0.0.0"
14.108.233.226 - - [09/Dec/2025:14:06:38 +0800] "POST /wp-admin/admin-ajax.php HTTP/1.1" 200 112 "http://cqqizhou.com/wp-admin/post.php?post=2339&action=edit" "Mozilla/5.0 (Windows NT 10.0; Win64; x64) AppleWebKit/537.36 (KHTML, like Gecko) Chrome/142.0.0.0 Safari/537.36 Edg/142.0.0.0"
14.108.233.226 - - [09/Dec/2025:14:06:41 +0800] "POST /wp-admin/admin-ajax.php HTTP/1.1" 200 32 "http://cqqizhou.com/wp-admin/post.php?post=2339&action=edit" "Mozilla/5.0 (Windows NT 10.0; Win64; x64) AppleWebKit/537.36 (KHTML, like Gecko) Chrome/142.0.0.0 Safari/537.36 Edg/142.0.0.0"
36.133.115.36 - - [09/Dec/2025:14:21:16 +0800] "POST /wp-cron.php?doing_wp_cron=1765261276.8038299083709716796875 HTTP/1.1" 200 31 "-" "WordPress/6.8.3; http://cqqizhou.com"
216.244.66.245 - - [09/Dec/2025:14:21:16 +0800] "GET /robots.txt HTTP/1.1" 200 390 "-" "Mozilla/5.0 (compatible; DotBot/1.2; +https://opensiteexplorer.org/dotbot; help@moz.com)"
216.244.66.245 - - [09/Dec/2025:14:29:07 +0800] "GET /2159/ HTTP/1.1" 200 97022 "-" "Mozilla/5.0 (compatible; DotBot/1.2; +https://opensiteexplorer.org/dotbot; help@moz.com)"
36.133.115.36 - - [09/Dec/2025:14:51:38 +0800] "POST /wp-cron.php?doing_wp_cron=1765263098.1950569152832031250000 HTTP/1.1" 200 31 "-" "WordPress/6.8.3; http://cqqizhou.com"
91.232.238.106 - - [09/Dec/2025:14:51:38 +0800] "GET /robots.txt HTTP/1.0" 200 378 "-" "xfa1"
36.133.115.36 - - [09/Dec/2025:14:55:28 +0800] "POST /wp-cron.php?doing_wp_cron=1765263328.8941719532012939453125 HTTP/1.1" 200 31 "-" "WordPress/6.8.3; http://cqqizhou.com"
170.106.84.136 - - [09/Dec/2025:14:55:28 +0800] "GET / HTTP/1.1" 301 5 "-" "Mozilla/5.0 (iPhone; CPU iPhone OS 13_2_3 like Mac OS X) AppleWebKit/605.1.15 (KHTML, like Gecko) Version/13.0.3 Mobile/15E148 Safari/604.1"
170.106.84.136 - - [09/Dec/2025:14:55:31 +0800] "GET / HTTP/1.1" 200 33627 "http://www.cqqizhou.com" "Mozilla/5.0 (iPhone; CPU iPhone OS 13_2_3 like Mac OS X) AppleWebKit/605.1.15 (KHTML, like Gecko) Version/13.0.3 Mobile/15E148 Safari/604.1"
36.133.115.36 - - [09/Dec/2025:14:57:06 +0800] "POST /wp-cron.php?doing_wp_cron=1765263426.4853630065917968750000 HTTP/1.1" 200 31 "-" "WordPress/6.8.3; http://cqqizhou.com"
14.108.232.115 - - [09/Dec/2025:14:57:06 +0800] "GET /news/ HTTP/1.1" 200 19564 "-" "Mozilla/5.0 (Linux; Android 13; ANY-AN00 Build/HONORANY-AN00; wv) AppleWebKit/537.36 (KHTML, like Gecko) Version/4.0 Chrome/142.0.7444.172 Mobile Safari/537.36 XWEB/1420045 MMWEBSDK/20251006 MMWEBID/8581 MicroMessenger/8.0.66.2980(0x28004234) WeChat/arm64 Weixin NetType/WIFI Language/zh_CN ABI/arm64"
14.108.232.115 - - [09/Dec/2025:14:57:06 +0800] "GET /wp-content/uploads/2025/12/1765253089-20251209103501_96_61.webp HTTP/1.1" 200 37758 "http://cqqizhou.com/news/" "Mozilla/5.0 (Linux; Android 13; ANY-AN00 Build/HONORANY-AN00; wv) AppleWebKit/537.36 (KHTML, like Gecko) Version/4.0 Chrome/142.0.7444.172 Mobile Safari/537.36 XWEB/1420045 MMWEBSDK/20251006 MMWEBID/8581 MicroMessenger/8.0.66.2980(0x28004234) WeChat/arm64 Weixin NetType/WIFI Language/zh_CN ABI/arm64"
14.108.232.115 - - [09/Dec/2025:14:57:06 +0800] "GET /wp-content/uploads/2025/09/1756868614-20250903104654_74_5.webp HTTP/1.1" 200 47858 "http://cqqizhou.com/news/" "Mozilla/5.0 (Linux; Android 13; ANY-AN00 Build/HONORANY-AN00; wv) AppleWebKit/537.36 (KHTML, like Gecko) Version/4.0 Chrome/142.0.7444.172 Mobile Safari/537.36 XWEB/1420045 MMWEBSDK/20251006 MMWEBID/8581 MicroMessenger/8.0.66.2980(0x28004234) WeChat/arm64 Weixin NetType/WIFI Language/zh_CN ABI/arm64"
14.108.232.115 - - [09/Dec/2025:14:57:06 +0800] "GET /wp-content/uploads/2025/08/1755826456-DSC01841.webp HTTP/1.1" 200 87046 "http://cqqizhou.com/news/" "Mozilla/5.0 (Linux; Android 13; ANY-AN00 Build/HONORANY-AN00; wv) AppleWebKit/537.36 (KHTML, like Gecko) Version/4.0 Chrome/142.0.7444.172 Mobile Safari/537.36 XWEB/1420045 MMWEBSDK/20251006 MMWEBID/8581 MicroMessenger/8.0.66.2980(0x28004234) WeChat/arm64 Weixin NetType/WIFI Language/zh_CN ABI/arm64"
14.108.232.115 - - [09/Dec/2025:14:57:06 +0800] "GET /wp-content/uploads/2025/08/1755826390-DSC01765.webp HTTP/1.1" 200 71514 "http://cqqizhou.com/news/" "Mozilla/5.0 (Linux; Android 13; ANY-AN00 Build/HONORANY-AN00; wv) AppleWebKit/537.36 (KHTML, like Gecko) Version/4.0 Chrome/142.0.7444.172 Mobile Safari/537.36 XWEB/1420045 MMWEBSDK/20251006 MMWEBID/8581 MicroMessenger/8.0.66.2980(0x28004234) WeChat/arm64 Weixin NetType/WIFI Language/zh_CN ABI/arm64"
14.108.232.115 - - [09/Dec/2025:14:57:06 +0800] "GET /wp-content/uploads/2025/07/1753455746-DSC01472.webp HTTP/1.1" 200 31854 "http://cqqizhou.com/news/" "Mozilla/5.0 (Linux; Android 13; ANY-AN00 Build/HONORANY-AN00; wv) AppleWebKit/537.36 (KHTML, like Gecko) Version/4.0 Chrome/142.0.7444.172 Mobile Safari/537.36 XWEB/1420045 MMWEBSDK/20251006 MMWEBID/8581 MicroMessenger/8.0.66.2980(0x28004234) WeChat/arm64 Weixin NetType/WIFI Language/zh_CN ABI/arm64"
14.108.232.115 - - [09/Dec/2025:14:57:07 +0800] "GET /wp-content/uploads/2025/07/1751425283-qizhou.kf_.qq_.com_.webp HTTP/1.1" 200 16864 "http://cqqizhou.com/news/" "Mozilla/5.0 (Linux; Android 13; ANY-AN00 Build/HONORANY-AN00; wv) AppleWebKit/537.36 (KHTML, like Gecko) Version/4.0 Chrome/142.0.7444.172 Mobile Safari/537.36 XWEB/1420045 MMWEBSDK/20251006 MMWEBID/8581 MicroMessenger/8.0.66.2980(0x28004234) WeChat/arm64 Weixin NetType/WIFI Language/zh_CN ABI/arm64"
14.108.232.115 - - [09/Dec/2025:14:57:07 +0800] "GET /wp-content/uploads/2025/07/1753454299-Article_images_W900px.webp HTTP/1.1" 200 52418 "http://cqqizhou.com/news/" "Mozilla/5.0 (Linux; Android 13; ANY-AN00 Build/HONORANY-AN00; wv) AppleWebKit/537.36 (KHTML, like Gecko) Version/4.0 Chrome/142.0.7444.172 Mobile Safari/537.36 XWEB/1420045 MMWEBSDK/20251006 MMWEBID/8581 MicroMessenger/8.0.66.2980(0x28004234) WeChat/arm64 Weixin NetType/WIFI Language/zh_CN ABI/arm64"
14.108.232.115 - - [09/Dec/2025:14:57:07 +0800] "GET /wp-content/uploads/2025/07/1753454089-Article_images_W900px.webp HTTP/1.1" 200 27552 "http://cqqizhou.com/news/" "Mozilla/5.0 (Linux; Android 13; ANY-AN00 Build/HONORANY-AN00; wv) AppleWebKit/537.36 (KHTML, like Gecko) Version/4.0 Chrome/142.0.7444.172 Mobile Safari/537.36 XWEB/1420045 MMWEBSDK/20251006 MMWEBID/8581 MicroMessenger/8.0.66.2980(0x28004234) WeChat/arm64 Weixin NetType/WIFI Language/zh_CN ABI/arm64"
14.108.232.115 - - [09/Dec/2025:14:57:07 +0800] "GET /wp-content/uploads/2025/07/1753410289-News2000%C3%97400_202571.webp HTTP/1.1" 200 17830 "http://cqqizhou.com/news/" "Mozilla/5.0 (Linux; Android 13; ANY-AN00 Build/HONORANY-AN00; wv) AppleWebKit/537.36 (KHTML, like Gecko) Version/4.0 Chrome/142.0.7444.172 Mobile Safari/537.36 XWEB/1420045 MMWEBSDK/20251006 MMWEBID/8581 MicroMessenger/8.0.66.2980(0x28004234) WeChat/arm64 Weixin NetType/WIFI Language/zh_CN ABI/arm64"
14.108.232.115 - - [09/Dec/2025:14:57:15 +0800] "GET /news/ HTTP/1.1" 200 19564 "-" "Mozilla/5.0 (Linux; Android 13; ANY-AN00 Build/HONORANY-AN00; wv) AppleWebKit/537.36 (KHTML, like Gecko) Version/4.0 Chrome/142.0.7444.172 Mobile Safari/537.36 XWEB/1420045 MMWEBSDK/20251006 MMWEBID/8581 MicroMessenger/8.0.66.2980(0x28004234) WeChat/arm64 Weixin NetType/WIFI Language/zh_CN ABI/arm64"
14.108.232.115 - - [09/Dec/2025:14:57:26 +0800] "GET /2339/ HTTP/1.1" 200 20654 "http://cqqizhou.com/news/" "Mozilla/5.0 (Linux; Android 13; ANY-AN00 Build/HONORANY-AN00; wv) AppleWebKit/537.36 (KHTML, like Gecko) Version/4.0 Chrome/142.0.7444.172 Mobile Safari/537.36 XWEB/1420045 MMWEBSDK/20251006 MMWEBID/8581 MicroMessenger/8.0.66.2980(0x28004234) WeChat/arm64 Weixin NetType/WIFI Language/zh_CN ABI/arm64"
14.108.232.115 - - [09/Dec/2025:14:57:26 +0800] "GET /wp-content/uploads/2025/12/1765248735-20251209104226_108_60.webp HTTP/1.1" 200 55962 "http://cqqizhou.com/2339/" "Mozilla/5.0 (Linux; Android 13; ANY-AN00 Build/HONORANY-AN00; wv) AppleWebKit/537.36 (KHTML, like Gecko) Version/4.0 Chrome/142.0.7444.172 Mobile Safari/537.36 XWEB/1420045 MMWEBSDK/20251006 MMWEBID/8581 MicroMessenger/8.0.66.2980(0x28004234) WeChat/arm64 Weixin NetType/WIFI Language/zh_CN ABI/arm64"
14.108.232.115 - - [09/Dec/2025:14:57:26 +0800] "GET /wp-content/uploads/2025/12/1765248770-20251209104226_107_60.webp HTTP/1.1" 200 66916 "http://cqqizhou.com/2339/" "Mozilla/5.0 (Linux; Android 13; ANY-AN00 Build/HONORANY-AN00; wv) AppleWebKit/537.36 (KHTML, like Gecko) Version/4.0 Chrome/142.0.7444.172 Mobile Safari/537.36 XWEB/1420045 MMWEBSDK/20251006 MMWEBID/8581 MicroMessenger/8.0.66.2980(0x28004234) WeChat/arm64 Weixin NetType/WIFI Language/zh_CN ABI/arm64"
14.108.232.115 - - [09/Dec/2025:14:57:26 +0800] "GET /wp-content/uploads/2025/09/1756868614-20250903104654_74_5-150x150.webp HTTP/1.1" 200 5712 "http://cqqizhou.com/2339/" "Mozilla/5.0 (Linux; Android 13; ANY-AN00 Build/HONORANY-AN00; wv) AppleWebKit/537.36 (KHTML, like Gecko) Version/4.0 Chrome/142.0.7444.172 Mobile Safari/537.36 XWEB/1420045 MMWEBSDK/20251006 MMWEBID/8581 MicroMessenger/8.0.66.2980(0x28004234) WeChat/arm64 Weixin NetType/WIFI Language/zh_CN ABI/arm64"
14.108.232.115 - - [09/Dec/2025:14:57:26 +0800] "GET /wp-content/uploads/2025/12/1765249046-20251209104228_110_60.webp HTTP/1.1" 200 64834 "http://cqqizhou.com/2339/" "Mozilla/5.0 (Linux; Android 13; ANY-AN00 Build/HONORANY-AN00; wv) AppleWebKit/537.36 (KHTML, like Gecko) Version/4.0 Chrome/142.0.7444.172 Mobile Safari/537.36 XWEB/1420045 MMWEBSDK/20251006 MMWEBID/8581 MicroMessenger/8.0.66.2980(0x28004234) WeChat/arm64 Weixin NetType/WIFI Language/zh_CN ABI/arm64"
14.108.232.115 - - [09/Dec/2025:14:57:37 +0800] "GET /news/ HTTP/1.1" 200 19564 "http://cqqizhou.com/2339/" "Mozilla/5.0 (Linux; Android 13; ANY-AN00 Build/HONORANY-AN00; wv) AppleWebKit/537.36 (KHTML, like Gecko) Version/4.0 Chrome/142.0.7444.172 Mobile Safari/537.36 XWEB/1420045 MMWEBSDK/20251006 MMWEBID/8581 MicroMessenger/8.0.66.2980(0x28004234) WeChat/arm64 Weixin NetType/WIFI Language/zh_CN ABI/arm64"
36.133.115.36 - - [09/Dec/2025:14:57:50 +0800] "POST /wp-cron.php?doing_wp_cron=1765263470.0455009937286376953125 HTTP/1.1" 200 31 "-" "WordPress/6.8.3; http://cqqizhou.com"
14.108.232.115 - - [09/Dec/2025:14:57:50 +0800] "GET /news/ HTTP/1.1" 200 19564 "-" "Mozilla/5.0 (Linux; Android 13; ANY-AN00 Build/HONORANY-AN00;) AppleWebKit/537.36 (KHTML, like Gecko) Version/4.0 Chrome/97.0.4692.98 Mobile Safari/537.36 T7/13.38 SP-engine/2.76.0 languageType/0 bdh_dvt/0 bdh_de/1 bdh_ds/1 bdapp/1.0 (bdhonorbrowser; bdhonorbrowser) bdhonorbrowser/9.6.0.4 (P1 13) NABar/1.0"
14.108.232.115 - - [09/Dec/2025:14:57:51 +0800] "GET /wp-content/uploads/2025/07/1753410289-News2000%C3%97400_202571.webp HTTP/1.1" 200 17830 "http://cqqizhou.com/news/" "Mozilla/5.0 (Linux; Android 13; ANY-AN00 Build/HONORANY-AN00;) AppleWebKit/537.36 (KHTML, like Gecko) Version/4.0 Chrome/97.0.4692.98 Mobile Safari/537.36 T7/13.38 SP-engine/2.76.0 languageType/0 bdh_dvt/0 bdh_de/1 bdh_ds/1 bdapp/1.0 (bdhonorbrowser; bdhonorbrowser) bdhonorbrowser/9.6.0.4 (P1 13) NABar/1.0"
14.108.232.115 - - [09/Dec/2025:14:57:51 +0800] "GET /wp-content/uploads/2025/12/1765253089-20251209103501_96_61.webp HTTP/1.1" 200 37758 "http://cqqizhou.com/news/" "Mozilla/5.0 (Linux; Android 13; ANY-AN00 Build/HONORANY-AN00;) AppleWebKit/537.36 (KHTML, like Gecko) Version/4.0 Chrome/97.0.4692.98 Mobile Safari/537.36 T7/13.38 SP-engine/2.76.0 languageType/0 bdh_dvt/0 bdh_de/1 bdh_ds/1 bdapp/1.0 (bdhonorbrowser; bdhonorbrowser) bdhonorbrowser/9.6.0.4 (P1 13) NABar/1.0"
14.108.232.115 - - [09/Dec/2025:14:57:51 +0800] "GET /wp-content/uploads/2025/09/1756868614-20250903104654_74_5.webp HTTP/1.1" 200 47858 "http://cqqizhou.com/news/" "Mozilla/5.0 (Linux; Android 13; ANY-AN00 Build/HONORANY-AN00;) AppleWebKit/537.36 (KHTML, like Gecko) Version/4.0 Chrome/97.0.4692.98 Mobile Safari/537.36 T7/13.38 SP-engine/2.76.0 languageType/0 bdh_dvt/0 bdh_de/1 bdh_ds/1 bdapp/1.0 (bdhonorbrowser; bdhonorbrowser) bdhonorbrowser/9.6.0.4 (P1 13) NABar/1.0"
14.108.232.115 - - [09/Dec/2025:14:57:51 +0800] "GET /wp-content/uploads/2025/08/1755826456-DSC01841.webp HTTP/1.1" 200 87046 "http://cqqizhou.com/news/" "Mozilla/5.0 (Linux; Android 13; ANY-AN00 Build/HONORANY-AN00;) AppleWebKit/537.36 (KHTML, like Gecko) Version/4.0 Chrome/97.0.4692.98 Mobile Safari/537.36 T7/13.38 SP-engine/2.76.0 languageType/0 bdh_dvt/0 bdh_de/1 bdh_ds/1 bdapp/1.0 (bdhonorbrowser; bdhonorbrowser) bdhonorbrowser/9.6.0.4 (P1 13) NABar/1.0"
14.108.232.115 - - [09/Dec/2025:14:57:51 +0800] "GET /wp-content/uploads/2025/08/1755826390-DSC01765.webp HTTP/1.1" 200 71514 "http://cqqizhou.com/news/" "Mozilla/5.0 (Linux; Android 13; ANY-AN00 Build/HONORANY-AN00;) AppleWebKit/537.36 (KHTML, like Gecko) Version/4.0 Chrome/97.0.4692.98 Mobile Safari/537.36 T7/13.38 SP-engine/2.76.0 languageType/0 bdh_dvt/0 bdh_de/1 bdh_ds/1 bdapp/1.0 (bdhonorbrowser; bdhonorbrowser) bdhonorbrowser/9.6.0.4 (P1 13) NABar/1.0"
14.108.232.115 - - [09/Dec/2025:14:57:51 +0800] "GET /wp-content/uploads/2025/07/1753455746-DSC01472.webp HTTP/1.1" 200 31854 "http://cqqizhou.com/news/" "Mozilla/5.0 (Linux; Android 13; ANY-AN00 Build/HONORANY-AN00;) AppleWebKit/537.36 (KHTML, like Gecko) Version/4.0 Chrome/97.0.4692.98 Mobile Safari/537.36 T7/13.38 SP-engine/2.76.0 languageType/0 bdh_dvt/0 bdh_de/1 bdh_ds/1 bdapp/1.0 (bdhonorbrowser; bdhonorbrowser) bdhonorbrowser/9.6.0.4 (P1 13) NABar/1.0"
