14.108.233.226 - - [09/Dec/2025:15:28:36 +0800] "POST /wp-admin/admin-ajax.php HTTP/1.1" 200 95 "http://cqqizhou.com/2339/" "Mozilla/5.0 (Windows NT 10.0; Win64; x64) AppleWebKit/537.36 (KHTML, like Gecko) Chrome/132.0.0.0 Safari/537.36 NetType/WIFI MicroMessenger/7.0.20.1781(0x6700143B) WindowsWechat(0x63090a13) UnifiedPCWindowsWechat(0xf2541510) XWEB/17071 Flue"
106.80.5.12 - - [09/Dec/2025:15:28:36 +0800] "GET /wp-content/uploads/2025/12/1765253089-20251209103501_96_61.webp HTTP/1.1" 200 37758 "http://cqqizhou.com/2339/" "Mozilla/5.0 (iPhone; CPU iPhone OS 18_7 like Mac OS X) AppleWebKit/605.1.15 (KHTML, like Gecko) Mobile/15E148 MicroMessenger/8.0.65(0x18004132) NetType/4G Language/zh_CN"
106.80.5.12 - - [09/Dec/2025:15:28:36 +0800] "GET /wp-content/uploads/2025/07/1753410289-News2000%C3%97400_202571.webp HTTP/1.1" 200 17830 "http://cqqizhou.com/2339/" "Mozilla/5.0 (iPhone; CPU iPhone OS 18_7 like Mac OS X) AppleWebKit/605.1.15 (KHTML, like Gecko) Mobile/15E148 MicroMessenger/8.0.65(0x18004132) NetType/4G Language/zh_CN"
106.80.5.12 - - [09/Dec/2025:15:28:36 +0800] "GET /wp-content/uploads/2025/12/1765248735-20251209104226_108_60.webp HTTP/1.1" 200 55962 "http://cqqizhou.com/2339/" "Mozilla/5.0 (iPhone; CPU iPhone OS 18_7 like Mac OS X) AppleWebKit/605.1.15 (KHTML, like Gecko) Mobile/15E148 MicroMessenger/8.0.65(0x18004132) NetType/4G Language/zh_CN"
106.80.5.12 - - [09/Dec/2025:15:28:36 +0800] "GET /wp-content/uploads/2025/12/1765248770-20251209104226_107_60.webp HTTP/1.1" 200 66916 "http://cqqizhou.com/2339/" "Mozilla/5.0 (iPhone; CPU iPhone OS 18_7 like Mac OS X) AppleWebKit/605.1.15 (KHTML, like Gecko) Mobile/15E148 MicroMessenger/8.0.65(0x18004132) NetType/4G Language/zh_CN"
106.80.5.12 - - [09/Dec/2025:15:28:36 +0800] "GET /wp-content/uploads/2025/09/1756868614-20250903104654_74_5-150x150.webp HTTP/1.1" 200 5712 "http://cqqizhou.com/2339/" "Mozilla/5.0 (iPhone; CPU iPhone OS 18_7 like Mac OS X) AppleWebKit/605.1.15 (KHTML, like Gecko) Mobile/15E148 MicroMessenger/8.0.65(0x18004132) NetType/4G Language/zh_CN"
106.80.5.12 - - [09/Dec/2025:15:28:36 +0800] "GET /wp-content/uploads/2025/08/1755826456-DSC01841.webp HTTP/1.1" 200 87046 "http://cqqizhou.com/2339/" "Mozilla/5.0 (iPhone; CPU iPhone OS 18_7 like Mac OS X) AppleWebKit/605.1.15 (KHTML, like Gecko) Mobile/15E148 MicroMessenger/8.0.65(0x18004132) NetType/4G Language/zh_CN"
106.80.5.12 - - [09/Dec/2025:15:28:36 +0800] "GET /wp-content/uploads/2025/09/1756868614-20250903104654_74_5.webp HTTP/1.1" 200 47858 "http://cqqizhou.com/2339/" "Mozilla/5.0 (iPhone; CPU iPhone OS 18_7 like Mac OS X) AppleWebKit/605.1.15 (KHTML, like Gecko) Mobile/15E148 MicroMessenger/8.0.65(0x18004132) NetType/4G Language/zh_CN"
106.80.5.12 - - [09/Dec/2025:15:28:36 +0800] "GET /wp-content/uploads/2025/07/1751425283-qizhou.kf_.qq_.com_.webp HTTP/1.1" 200 16864 "http://cqqizhou.com/2339/" "Mozilla/5.0 (iPhone; CPU iPhone OS 18_7 like Mac OS X) AppleWebKit/605.1.15 (KHTML, like Gecko) Mobile/15E148 MicroMessenger/8.0.65(0x18004132) NetType/4G Language/zh_CN"
14.108.233.226 - - [09/Dec/2025:15:28:45 +0800] "POST /wp-admin/admin-ajax.php HTTP/1.1" 200 78 "http://cqqizhou.com/wp-admin/admin.php?page=revslider&view=slide&id=3" "Mozilla/5.0 (Windows NT 10.0; Win64; x64) AppleWebKit/537.36 (KHTML, like Gecko) Chrome/142.0.0.0 Safari/537.36 Edg/142.0.0.0"
14.108.233.226 - - [09/Dec/2025:15:28:46 +0800] "GET /wp-content/uploads/2025/12/1765249046-20251209104228_110_60.webp HTTP/1.1" 200 64834 "http://cqqizhou.com/2339/" "Mozilla/5.0 (Windows NT 10.0; Win64; x64) AppleWebKit/537.36 (KHTML, like Gecko) Chrome/132.0.0.0 Safari/537.36 NetType/WIFI MicroMessenger/7.0.20.1781(0x6700143B) WindowsWechat(0x63090a13) UnifiedPCWindowsWechat(0xf2541510) XWEB/17071 Flue"
36.133.115.36 - - [09/Dec/2025:15:28:53 +0800] "POST /wp-cron.php?doing_wp_cron=1765265333.4128680229187011718750 HTTP/1.1" 200 31 "-" "WordPress/6.8.3; http://cqqizhou.com"
39.144.224.27 - - [09/Dec/2025:15:28:53 +0800] "GET /2339/ HTTP/1.1" 200 20654 "-" "Mozilla/5.0 (Linux; Android 15; PJE110 Build/TP1A.220905.001; wv) AppleWebKit/537.36 (KHTML, like Gecko) Version/4.0 Chrome/142.0.7444.172 Mobile Safari/537.36 XWEB/1420045 MMWEBSDK/20251006 MMWEBID/8832 MicroMessenger/8.0.66.2980(0x28004234) WeChat/arm64 Weixin NetType/5G Language/zh_CN ABI/arm64"
14.108.233.226 - - [09/Dec/2025:15:29:02 +0800] "POST /wp-admin/admin-ajax.php HTTP/1.1" 200 95 "http://cqqizhou.com/wp-admin/admin.php?page=revslider&view=slide&id=3" "Mozilla/5.0 (Windows NT 10.0; Win64; x64) AppleWebKit/537.36 (KHTML, like Gecko) Chrome/142.0.0.0 Safari/537.36 Edg/142.0.0.0"
14.108.233.226 - - [09/Dec/2025:15:29:03 +0800] "POST /wp-admin/admin-ajax.php HTTP/1.1" 200 120 "http://cqqizhou.com/wp-admin/admin.php?page=revslider&view=slide&id=3" "Mozilla/5.0 (Windows NT 10.0; Win64; x64) AppleWebKit/537.36 (KHTML, like Gecko) Chrome/142.0.0.0 Safari/537.36 Edg/142.0.0.0"
14.108.233.226 - - [09/Dec/2025:15:29:04 +0800] "POST /wp-admin/admin-ajax.php HTTP/1.1" 200 81 "http://cqqizhou.com/wp-admin/admin.php?page=revslider&view=slide&id=3" "Mozilla/5.0 (Windows NT 10.0; Win64; x64) AppleWebKit/537.36 (KHTML, like Gecko) Chrome/142.0.0.0 Safari/537.36 Edg/142.0.0.0"
14.108.233.226 - - [09/Dec/2025:15:29:05 +0800] "POST /wp-admin/admin-ajax.php HTTP/1.1" 200 80 "http://cqqizhou.com/wp-admin/admin.php?page=revslider&view=slide&id=3" "Mozilla/5.0 (Windows NT 10.0; Win64; x64) AppleWebKit/537.36 (KHTML, like Gecko) Chrome/142.0.0.0 Safari/537.36 Edg/142.0.0.0"
14.108.233.226 - - [09/Dec/2025:15:29:05 +0800] "POST /wp-admin/admin-ajax.php HTTP/1.1" 200 80 "http://cqqizhou.com/wp-admin/admin.php?page=revslider&view=slide&id=3" "Mozilla/5.0 (Windows NT 10.0; Win64; x64) AppleWebKit/537.36 (KHTML, like Gecko) Chrome/142.0.0.0 Safari/537.36 Edg/142.0.0.0"
14.108.233.226 - - [09/Dec/2025:15:29:05 +0800] "POST /wp-admin/admin-ajax.php HTTP/1.1" 200 80 "http://cqqizhou.com/wp-admin/admin.php?page=revslider&view=slide&id=3" "Mozilla/5.0 (Windows NT 10.0; Win64; x64) AppleWebKit/537.36 (KHTML, like Gecko) Chrome/142.0.0.0 Safari/537.36 Edg/142.0.0.0"
14.108.233.226 - - [09/Dec/2025:15:29:05 +0800] "POST /wp-admin/admin-ajax.php HTTP/1.1" 200 80 "http://cqqizhou.com/wp-admin/admin.php?page=revslider&view=slide&id=3" "Mozilla/5.0 (Windows NT 10.0; Win64; x64) AppleWebKit/537.36 (KHTML, like Gecko) Chrome/142.0.0.0 Safari/537.36 Edg/142.0.0.0"
14.108.233.226 - - [09/Dec/2025:15:29:05 +0800] "POST /wp-admin/admin-ajax.php HTTP/1.1" 200 80 "http://cqqizhou.com/wp-admin/admin.php?page=revslider&view=slide&id=3" "Mozilla/5.0 (Windows NT 10.0; Win64; x64) AppleWebKit/537.36 (KHTML, like Gecko) Chrome/142.0.0.0 Safari/537.36 Edg/142.0.0.0"
14.108.233.226 - - [09/Dec/2025:15:29:15 +0800] "POST /wp-admin/admin-ajax.php HTTP/1.1" 200 10775 "http://cqqizhou.com/wp-admin/admin.php?page=revslider&view=slide&id=3" "Mozilla/5.0 (Windows NT 10.0; Win64; x64) AppleWebKit/537.36 (KHTML, like Gecko) Chrome/142.0.0.0 Safari/537.36 Edg/142.0.0.0"
14.108.233.226 - - [09/Dec/2025:15:29:15 +0800] "GET /wp-content/uploads/2025/12/1765253089-20251209103501_96_61-300x225.webp HTTP/1.1" 200 9894 "http://cqqizhou.com/wp-admin/admin.php?page=revslider&view=slide&id=3" "Mozilla/5.0 (Windows NT 10.0; Win64; x64) AppleWebKit/537.36 (KHTML, like Gecko) Chrome/142.0.0.0 Safari/537.36 Edg/142.0.0.0"
14.108.233.226 - - [09/Dec/2025:15:29:15 +0800] "GET /wp-content/uploads/2025/12/1765249046-20251209104228_110_60-300x225.webp HTTP/1.1" 200 15678 "http://cqqizhou.com/wp-admin/admin.php?page=revslider&view=slide&id=3" "Mozilla/5.0 (Windows NT 10.0; Win64; x64) AppleWebKit/537.36 (KHTML, like Gecko) Chrome/142.0.0.0 Safari/537.36 Edg/142.0.0.0"
14.108.233.226 - - [09/Dec/2025:15:29:15 +0800] "GET /wp-content/uploads/2025/12/1765248770-20251209104226_107_60-300x225.webp HTTP/1.1" 200 17706 "http://cqqizhou.com/wp-admin/admin.php?page=revslider&view=slide&id=3" "Mozilla/5.0 (Windows NT 10.0; Win64; x64) AppleWebKit/537.36 (KHTML, like Gecko) Chrome/142.0.0.0 Safari/537.36 Edg/142.0.0.0"
14.108.233.226 - - [09/Dec/2025:15:29:15 +0800] "GET /wp-content/uploads/2025/12/1765248735-20251209104226_108_60-300x225.webp HTTP/1.1" 200 14478 "http://cqqizhou.com/wp-admin/admin.php?page=revslider&view=slide&id=3" "Mozilla/5.0 (Windows NT 10.0; Win64; x64) AppleWebKit/537.36 (KHTML, like Gecko) Chrome/142.0.0.0 Safari/537.36 Edg/142.0.0.0"
14.108.233.226 - - [09/Dec/2025:15:29:15 +0800] "GET /wp-content/uploads/2025/12/1765248683-20251209103502_98_60-300x225.webp HTTP/1.1" 200 15426 "http://cqqizhou.com/wp-admin/admin.php?page=revslider&view=slide&id=3" "Mozilla/5.0 (Windows NT 10.0; Win64; x64) AppleWebKit/537.36 (KHTML, like Gecko) Chrome/142.0.0.0 Safari/537.36 Edg/142.0.0.0"
14.108.233.226 - - [09/Dec/2025:15:29:15 +0800] "GET /wp-content/uploads/2025/12/1764853157-ISO3-214x300.webp HTTP/1.1" 200 13896 "http://cqqizhou.com/wp-admin/admin.php?page=revslider&view=slide&id=3" "Mozilla/5.0 (Windows NT 10.0; Win64; x64) AppleWebKit/537.36 (KHTML, like Gecko) Chrome/142.0.0.0 Safari/537.36 Edg/142.0.0.0"
14.108.233.226 - - [09/Dec/2025:15:29:15 +0800] "GET /wp-content/uploads/2025/12/1764853155-ISO2-214x300.webp HTTP/1.1" 200 12682 "http://cqqizhou.com/wp-admin/admin.php?page=revslider&view=slide&id=3" "Mozilla/5.0 (Windows NT 10.0; Win64; x64) AppleWebKit/537.36 (KHTML, like Gecko) Chrome/142.0.0.0 Safari/537.36 Edg/142.0.0.0"
14.108.233.226 - - [09/Dec/2025:15:29:15 +0800] "GET /wp-content/uploads/2025/12/1764853152-ISO1-214x300.webp HTTP/1.1" 200 13812 "http://cqqizhou.com/wp-admin/admin.php?page=revslider&view=slide&id=3" "Mozilla/5.0 (Windows NT 10.0; Win64; x64) AppleWebKit/537.36 (KHTML, like Gecko) Chrome/142.0.0.0 Safari/537.36 Edg/142.0.0.0"
14.108.233.226 - - [09/Dec/2025:15:29:15 +0800] "GET /wp-content/uploads/2025/11/1762908489-QZ_Photo-9-300x169.webp HTTP/1.1" 200 15230 "http://cqqizhou.com/wp-admin/admin.php?page=revslider&view=slide&id=3" "Mozilla/5.0 (Windows NT 10.0; Win64; x64) AppleWebKit/537.36 (KHTML, like Gecko) Chrome/142.0.0.0 Safari/537.36 Edg/142.0.0.0"
14.108.233.226 - - [09/Dec/2025:15:29:15 +0800] "GET /wp-content/uploads/2025/11/1762908477-QZ_Photo-2-300x169.webp HTTP/1.1" 200 19124 "http://cqqizhou.com/wp-admin/admin.php?page=revslider&view=slide&id=3" "Mozilla/5.0 (Windows NT 10.0; Win64; x64) AppleWebKit/537.36 (KHTML, like Gecko) Chrome/142.0.0.0 Safari/537.36 Edg/142.0.0.0"
14.108.233.226 - - [09/Dec/2025:15:29:15 +0800] "GET /wp-content/uploads/2025/11/1762864381-QZ_Photo-7-300x200.webp HTTP/1.1" 200 15268 "http://cqqizhou.com/wp-admin/admin.php?page=revslider&view=slide&id=3" "Mozilla/5.0 (Windows NT 10.0; Win64; x64) AppleWebKit/537.36 (KHTML, like Gecko) Chrome/142.0.0.0 Safari/537.36 Edg/142.0.0.0"
14.108.233.226 - - [09/Dec/2025:15:29:15 +0800] "GET /wp-content/uploads/2025/11/1762864385-QZ_Photo-10-300x169.webp HTTP/1.1" 200 16402 "http://cqqizhou.com/wp-admin/admin.php?page=revslider&view=slide&id=3" "Mozilla/5.0 (Windows NT 10.0; Win64; x64) AppleWebKit/537.36 (KHTML, like Gecko) Chrome/142.0.0.0 Safari/537.36 Edg/142.0.0.0"
14.108.233.226 - - [09/Dec/2025:15:29:15 +0800] "GET /wp-content/uploads/2025/11/1762864379-QZ_Photo-6-300x169.webp HTTP/1.1" 200 10400 "http://cqqizhou.com/wp-admin/admin.php?page=revslider&view=slide&id=3" "Mozilla/5.0 (Windows NT 10.0; Win64; x64) AppleWebKit/537.36 (KHTML, like Gecko) Chrome/142.0.0.0 Safari/537.36 Edg/142.0.0.0"
14.108.233.226 - - [09/Dec/2025:15:29:15 +0800] "GET /wp-content/uploads/2025/11/1762864378-QZ_Photo-5-300x169.webp HTTP/1.1" 200 12270 "http://cqqizhou.com/wp-admin/admin.php?page=revslider&view=slide&id=3" "Mozilla/5.0 (Windows NT 10.0; Win64; x64) AppleWebKit/537.36 (KHTML, like Gecko) Chrome/142.0.0.0 Safari/537.36 Edg/142.0.0.0"
14.108.233.226 - - [09/Dec/2025:15:29:15 +0800] "GET /wp-content/uploads/2025/11/1762864376-QZ_Photo-4-300x169.webp HTTP/1.1" 200 19486 "http://cqqizhou.com/wp-admin/admin.php?page=revslider&view=slide&id=3" "Mozilla/5.0 (Windows NT 10.0; Win64; x64) AppleWebKit/537.36 (KHTML, like Gecko) Chrome/142.0.0.0 Safari/537.36 Edg/142.0.0.0"
14.108.233.226 - - [09/Dec/2025:15:29:15 +0800] "GET /wp-content/uploads/2025/11/1762864375-QZ_Photo-3-300x169.webp HTTP/1.1" 200 20310 "http://cqqizhou.com/wp-admin/admin.php?page=revslider&view=slide&id=3" "Mozilla/5.0 (Windows NT 10.0; Win64; x64) AppleWebKit/537.36 (KHTML, like Gecko) Chrome/142.0.0.0 Safari/537.36 Edg/142.0.0.0"
14.108.233.226 - - [09/Dec/2025:15:29:15 +0800] "GET /wp-content/uploads/2025/11/1762864369-QZ_Photo-11-300x169.webp HTTP/1.1" 200 15154 "http://cqqizhou.com/wp-admin/admin.php?page=revslider&view=slide&id=3" "Mozilla/5.0 (Windows NT 10.0; Win64; x64) AppleWebKit/537.36 (KHTML, like Gecko) Chrome/142.0.0.0 Safari/537.36 Edg/142.0.0.0"
14.108.233.226 - - [09/Dec/2025:15:29:15 +0800] "GET /wp-content/uploads/2025/11/1762864370-QZ_Photo-1-300x169.webp HTTP/1.1" 200 14946 "http://cqqizhou.com/wp-admin/admin.php?page=revslider&view=slide&id=3" "Mozilla/5.0 (Windows NT 10.0; Win64; x64) AppleWebKit/537.36 (KHTML, like Gecko) Chrome/142.0.0.0 Safari/537.36 Edg/142.0.0.0"
14.108.233.226 - - [09/Dec/2025:15:29:15 +0800] "GET /wp-content/uploads/2025/11/1762861550-%E4%B8%87%E5%98%89%E7%9B%9B%E5%BA%93%E5%85%A8%E6%99%AF%E5%9B%BE-300x75.webp HTTP/1.1" 200 7286 "http://cqqizhou.com/wp-admin/admin.php?page=revslider&view=slide&id=3" "Mozilla/5.0 (Windows NT 10.0; Win64; x64) AppleWebKit/537.36 (KHTML, like Gecko) Chrome/142.0.0.0 Safari/537.36 Edg/142.0.0.0"
14.108.233.226 - - [09/Dec/2025:15:29:15 +0800] "GET /wp-content/uploads/2025/11/1762861549-%E5%85%A8%E6%99%AF%E5%90%AF%E8%88%9F%E5%9D%A4%E7%85%8C%E5%BA%93-300x75.webp HTTP/1.1" 200 6656 "http://cqqizhou.com/wp-admin/admin.php?page=revslider&view=slide&id=3" "Mozilla/5.0 (Windows NT 10.0; Win64; x64) AppleWebKit/537.36 (KHTML, like Gecko) Chrome/142.0.0.0 Safari/537.36 Edg/142.0.0.0"
14.108.233.226 - - [09/Dec/2025:15:29:15 +0800] "GET /wp-content/uploads/2025/11/1762826323-Contacts2000x400_20251111-300x60.webp HTTP/1.1" 200 3518 "http://cqqizhou.com/wp-admin/admin.php?page=revslider&view=slide&id=3" "Mozilla/5.0 (Windows NT 10.0; Win64; x64) AppleWebKit/537.36 (KHTML, like Gecko) Chrome/142.0.0.0 Safari/537.36 Edg/142.0.0.0"
14.108.233.226 - - [09/Dec/2025:15:29:15 +0800] "GET /wp-content/uploads/2025/09/1756868614-20250903104654_74_5-300x135.webp HTTP/1.1" 200 10886 "http://cqqizhou.com/wp-admin/admin.php?page=revslider&view=slide&id=3" "Mozilla/5.0 (Windows NT 10.0; Win64; x64) AppleWebKit/537.36 (KHTML, like Gecko) Chrome/142.0.0.0 Safari/537.36 Edg/142.0.0.0"
14.108.233.226 - - [09/Dec/2025:15:29:15 +0800] "GET /wp-content/uploads/2025/09/1756868585-20250903104658_78_5-300x135.webp HTTP/1.1" 200 9352 "http://cqqizhou.com/wp-admin/admin.php?page=revslider&view=slide&id=3" "Mozilla/5.0 (Windows NT 10.0; Win64; x64) AppleWebKit/537.36 (KHTML, like Gecko) Chrome/142.0.0.0 Safari/537.36 Edg/142.0.0.0"
14.108.233.226 - - [09/Dec/2025:15:29:15 +0800] "GET /wp-content/uploads/2025/08/1755826456-DSC01841-300x169.webp HTTP/1.1" 200 18996 "http://cqqizhou.com/wp-admin/admin.php?page=revslider&view=slide&id=3" "Mozilla/5.0 (Windows NT 10.0; Win64; x64) AppleWebKit/537.36 (KHTML, like Gecko) Chrome/142.0.0.0 Safari/537.36 Edg/142.0.0.0"
14.108.233.226 - - [09/Dec/2025:15:29:15 +0800] "GET /wp-content/uploads/2025/08/1755826390-DSC01765-300x169.webp HTTP/1.1" 200 13468 "http://cqqizhou.com/wp-admin/admin.php?page=revslider&view=slide&id=3" "Mozilla/5.0 (Windows NT 10.0; Win64; x64) AppleWebKit/537.36 (KHTML, like Gecko) Chrome/142.0.0.0 Safari/537.36 Edg/142.0.0.0"
14.108.233.226 - - [09/Dec/2025:15:29:15 +0800] "GET /wp-content/uploads/2025/07/1753587901-Slider_3840%C3%972160_20250727-300x169.webp HTTP/1.1" 200 10454 "http://cqqizhou.com/wp-admin/admin.php?page=revslider&view=slide&id=3" "Mozilla/5.0 (Windows NT 10.0; Win64; x64) AppleWebKit/537.36 (KHTML, like Gecko) Chrome/142.0.0.0 Safari/537.36 Edg/142.0.0.0"
14.108.233.226 - - [09/Dec/2025:15:29:15 +0800] "GET /wp-content/uploads/2025/07/1751826322-Services_images_W900px-300x169.webp HTTP/1.1" 200 20554 "http://cqqizhou.com/wp-admin/admin.php?page=revslider&view=slide&id=3" "Mozilla/5.0 (Windows NT 10.0; Win64; x64) AppleWebKit/537.36 (KHTML, like Gecko) Chrome/142.0.0.0 Safari/537.36 Edg/142.0.0.0"
14.108.233.226 - - [09/Dec/2025:15:29:15 +0800] "GET /wp-content/uploads/2025/07/1753456770-%E7%83%AD%E9%95%80%E9%94%8C%E5%8D%B7product_Single600-300x300.webp HTTP/1.1" 200 15134 "http://cqqizhou.com/wp-admin/admin.php?page=revslider&view=slide&id=3" "Mozilla/5.0 (Windows NT 10.0; Win64; x64) AppleWebKit/537.36 (KHTML, like Gecko) Chrome/142.0.0.0 Safari/537.36 Edg/142.0.0.0"
14.108.233.226 - - [09/Dec/2025:15:29:15 +0800] "GET /wp-content/uploads/2025/07/1753456723-%E5%8F%8C%E7%9B%B8%E9%92%A2roduct_Single600-300x300.webp HTTP/1.1" 200 12454 "http://cqqizhou.com/wp-admin/admin.php?page=revslider&view=slide&id=3" "Mozilla/5.0 (Windows NT 10.0; Win64; x64) AppleWebKit/537.36 (KHTML, like Gecko) Chrome/142.0.0.0 Safari/537.36 Edg/142.0.0.0"
14.108.233.226 - - [09/Dec/2025:15:29:15 +0800] "GET /wp-content/uploads/2025/07/1753455746-DSC01472-300x169.webp HTTP/1.1" 200 9040 "http://cqqizhou.com/wp-admin/admin.php?page=revslider&view=slide&id=3" "Mozilla/5.0 (Windows NT 10.0; Win64; x64) AppleWebKit/537.36 (KHTML, like Gecko) Chrome/142.0.0.0 Safari/537.36 Edg/142.0.0.0"
14.108.233.226 - - [09/Dec/2025:15:29:15 +0800] "GET /wp-content/uploads/2025/07/1753455650-DSC01469-300x169.webp HTTP/1.1" 200 8050 "http://cqqizhou.com/wp-admin/admin.php?page=revslider&view=slide&id=3" "Mozilla/5.0 (Windows NT 10.0; Win64; x64) AppleWebKit/537.36 (KHTML, like Gecko) Chrome/142.0.0.0 Safari/537.36 Edg/142.0.0.0"
14.108.233.226 - - [09/Dec/2025:15:29:15 +0800] "GET /wp-content/uploads/2025/07/1753454299-Article_images_W900px-300x169.webp HTTP/1.1" 200 15072 "http://cqqizhou.com/wp-admin/admin.php?page=revslider&view=slide&id=3" "Mozilla/5.0 (Windows NT 10.0; Win64; x64) AppleWebKit/537.36 (KHTML, like Gecko) Chrome/142.0.0.0 Safari/537.36 Edg/142.0.0.0"
14.108.233.226 - - [09/Dec/2025:15:29:15 +0800] "GET /wp-content/uploads/2025/07/1753453986-Article_images_W900px-300x169.webp HTTP/1.1" 200 14302 "http://cqqizhou.com/wp-admin/admin.php?page=revslider&view=slide&id=3" "Mozilla/5.0 (Windows NT 10.0; Win64; x64) AppleWebKit/537.36 (KHTML, like Gecko) Chrome/142.0.0.0 Safari/537.36 Edg/142.0.0.0"
14.108.233.226 - - [09/Dec/2025:15:29:15 +0800] "GET /wp-content/uploads/2025/07/1753454089-Article_images_W900px-300x169.webp HTTP/1.1" 200 9480 "http://cqqizhou.com/wp-admin/admin.php?page=revslider&view=slide&id=3" "Mozilla/5.0 (Windows NT 10.0; Win64; x64) AppleWebKit/537.36 (KHTML, like Gecko) Chrome/142.0.0.0 Safari/537.36 Edg/142.0.0.0"
14.108.233.226 - - [09/Dec/2025:15:29:15 +0800] "GET /wp-content/uploads/2025/07/1753453127-%E4%BD%99%E5%8D%B7product_Single600%C3%97284-300x142.webp HTTP/1.1" 200 10690 "http://cqqizhou.com/wp-admin/admin.php?page=revslider&view=slide&id=3" "Mozilla/5.0 (Windows NT 10.0; Win64; x64) AppleWebKit/537.36 (KHTML, like Gecko) Chrome/142.0.0.0 Safari/537.36 Edg/142.0.0.0"
14.108.233.226 - - [09/Dec/2025:15:29:15 +0800] "GET /wp-content/uploads/2025/07/1753453719-Article_images1_W900px-300x169.webp HTTP/1.1" 200 17316 "http://cqqizhou.com/wp-admin/admin.php?page=revslider&view=slide&id=3" "Mozilla/5.0 (Windows NT 10.0; Win64; x64) AppleWebKit/537.36 (KHTML, like Gecko) Chrome/142.0.0.0 Safari/537.36 Edg/142.0.0.0"
14.108.233.226 - - [09/Dec/2025:15:29:15 +0800] "GET /wp-content/uploads/2025/07/1753453096-%E5%8F%8C%E7%9B%B8%E9%92%A2product_Single600%C3%97284-300x142.webp HTTP/1.1" 200 7412 "http://cqqizhou.com/wp-admin/admin.php?page=revslider&view=slide&id=3" "Mozilla/5.0 (Windows NT 10.0; Win64; x64) AppleWebKit/537.36 (KHTML, like Gecko) Chrome/142.0.0.0 Safari/537.36 Edg/142.0.0.0"
14.108.233.226 - - [09/Dec/2025:15:29:15 +0800] "GET /wp-content/uploads/2025/07/1753453029-%E9%85%B8%E6%B4%97%E5%8D%B7product_Single600-300x300.webp HTTP/1.1" 200 10112 "http://cqqizhou.com/wp-admin/admin.php?page=revslider&view=slide&id=3" "Mozilla/5.0 (Windows NT 10.0; Win64; x64) AppleWebKit/537.36 (KHTML, like Gecko) Chrome/142.0.0.0 Safari/537.36 Edg/142.0.0.0"
14.108.233.226 - - [09/Dec/2025:15:29:15 +0800] "GET /wp-content/uploads/2025/07/1753410289-News2000%C3%97400_202571-300x60.webp HTTP/1.1" 200 2022 "http://cqqizhou.com/wp-admin/admin.php?page=revslider&view=slide&id=3" "Mozilla/5.0 (Windows NT 10.0; Win64; x64) AppleWebKit/537.36 (KHTML, like Gecko) Chrome/142.0.0.0 Safari/537.36 Edg/142.0.0.0"
14.108.233.226 - - [09/Dec/2025:15:29:15 +0800] "GET /wp-content/uploads/2025/07/1753451773-%E5%86%B7%E8%BD%A7%E5%8D%B7roduct_Single600-300x300.webp HTTP/1.1" 200 12928 "http://cqqizhou.com/wp-admin/admin.php?page=revslider&view=slide&id=3" "Mozilla/5.0 (Windows NT 10.0; Win64; x64) AppleWebKit/537.36 (KHTML, like Gecko) Chrome/142.0.0.0 Safari/537.36 Edg/142.0.0.0"
14.108.233.226 - - [09/Dec/2025:15:29:15 +0800] "GET /wp-content/uploads/2025/07/1751864682-Logistics800x500_2-300x188.webp HTTP/1.1" 200 9470 "http://cqqizhou.com/wp-admin/admin.php?page=revslider&view=slide&id=3" "Mozilla/5.0 (Windows NT 10.0; Win64; x64) AppleWebKit/537.36 (KHTML, like Gecko) Chrome/142.0.0.0 Safari/537.36 Edg/142.0.0.0"
14.108.233.226 - - [09/Dec/2025:15:29:15 +0800] "GET /wp-content/uploads/2025/07/1753407887-Logistics_Banner2000%C3%97400px-%E6%8B%B7%E8%B4%9D-300x60.webp HTTP/1.1" 200 2264 "http://cqqizhou.com/wp-admin/admin.php?page=revslider&view=slide&id=3" "Mozilla/5.0 (Windows NT 10.0; Win64; x64) AppleWebKit/537.36 (KHTML, like Gecko) Chrome/142.0.0.0 Safari/537.36 Edg/142.0.0.0"
14.108.233.226 - - [09/Dec/2025:15:29:15 +0800] "GET /wp-content/uploads/2025/07/1751864664-Logistics800x500_1-300x188.webp HTTP/1.1" 200 18996 "http://cqqizhou.com/wp-admin/admin.php?page=revslider&view=slide&id=3" "Mozilla/5.0 (Windows NT 10.0; Win64; x64) AppleWebKit/537.36 (KHTML, like Gecko) Chrome/142.0.0.0 Safari/537.36 Edg/142.0.0.0"
14.108.233.226 - - [09/Dec/2025:15:29:15 +0800] "GET /wp-content/uploads/2025/07/1753405252-Services_Banner2000%C3%97400px2-300x60.webp HTTP/1.1" 200 3400 "http://cqqizhou.com/wp-admin/admin.php?page=revslider&view=slide&id=3" "Mozilla/5.0 (Windows NT 10.0; Win64; x64) AppleWebKit/537.36 (KHTML, like Gecko) Chrome/142.0.0.0 Safari/537.36 Edg/142.0.0.0"
14.108.233.226 - - [09/Dec/2025:15:29:15 +0800] "GET /wp-content/uploads/2025/07/1751857929-3D-one-stop-supply-chain-service-W900px2.webp HTTP/1.1" 200 38362 "http://cqqizhou.com/wp-admin/admin.php?page=revslider&view=slide&id=3" "Mozilla/5.0 (Windows NT 10.0; Win64; x64) AppleWebKit/537.36 (KHTML, like Gecko) Chrome/142.0.0.0 Safari/537.36 Edg/142.0.0.0"
14.108.233.226 - - [09/Dec/2025:15:29:31 +0800] "GET /2215/ HTTP/1.1" 200 24355 "http://cqqizhou.com/2339/" "Mozilla/5.0 (Windows NT 10.0; Win64; x64) AppleWebKit/537.36 (KHTML, like Gecko) Chrome/132.0.0.0 Safari/537.36 NetType/WIFI MicroMessenger/7.0.20.1781(0x6700143B) WindowsWechat(0x63090a13) UnifiedPCWindowsWechat(0xf2541510) XWEB/17071 Flue"
14.108.233.226 - - [09/Dec/2025:15:29:31 +0800] "GET /wp-content/uploads/2025/08/1755826390-DSC01765-150x150.webp HTTP/1.1" 200 6586 "http://cqqizhou.com/2215/" "Mozilla/5.0 (Windows NT 10.0; Win64; x64) AppleWebKit/537.36 (KHTML, like Gecko) Chrome/132.0.0.0 Safari/537.36 NetType/WIFI MicroMessenger/7.0.20.1781(0x6700143B) WindowsWechat(0x63090a13) UnifiedPCWindowsWechat(0xf2541510) XWEB/17071 Flue"
14.108.233.226 - - [09/Dec/2025:15:29:31 +0800] "GET /wp-content/uploads/2025/07/1753455746-DSC01472.webp HTTP/1.1" 200 31854 "http://cqqizhou.com/2215/" "Mozilla/5.0 (Windows NT 10.0; Win64; x64) AppleWebKit/537.36 (KHTML, like Gecko) Chrome/132.0.0.0 Safari/537.36 NetType/WIFI MicroMessenger/7.0.20.1781(0x6700143B) WindowsWechat(0x63090a13) UnifiedPCWindowsWechat(0xf2541510) XWEB/17071 Flue"
14.108.233.226 - - [09/Dec/2025:15:29:33 +0800] "POST /wp-admin/admin-ajax.php HTTP/1.1" 403 33 "http://cqqizhou.com/2215/" "Mozilla/5.0 (Windows NT 10.0; Win64; x64) AppleWebKit/537.36 (KHTML, like Gecko) Chrome/132.0.0.0 Safari/537.36 NetType/WIFI MicroMessenger/7.0.20.1781(0x6700143B) WindowsWechat(0x63090a13) UnifiedPCWindowsWechat(0xf2541510) XWEB/17071 Flue"
106.80.5.12 - - [09/Dec/2025:15:29:38 +0800] "GET /wp-content/uploads/2025/12/1765249046-20251209104228_110_60.webp HTTP/1.1" 200 64834 "http://cqqizhou.com/2339/" "Mozilla/5.0 (iPhone; CPU iPhone OS 18_7 like Mac OS X) AppleWebKit/605.1.15 (KHTML, like Gecko) Mobile/15E148 MicroMessenger/8.0.65(0x18004132) NetType/4G Language/zh_CN"
14.108.233.226 - - [09/Dec/2025:15:29:43 +0800] "POST /wp-admin/admin-ajax.php HTTP/1.1" 403 33 "http://cqqizhou.com/2215/" "Mozilla/5.0 (Windows NT 10.0; Win64; x64) AppleWebKit/537.36 (KHTML, like Gecko) Chrome/132.0.0.0 Safari/537.36 NetType/WIFI MicroMessenger/7.0.20.1781(0x6700143B) WindowsWechat(0x63090a13) UnifiedPCWindowsWechat(0xf2541510) XWEB/17071 Flue"
36.133.115.36 - - [09/Dec/2025:15:29:46 +0800] "POST /wp-cron.php?doing_wp_cron=1765265386.3376688957214355468750 HTTP/1.1" 200 31 "-" "WordPress/6.8.3; http://cqqizhou.com"
14.108.233.226 - - [09/Dec/2025:15:29:46 +0800] "POST /wp-admin/admin-ajax.php HTTP/1.1" 200 78 "http://cqqizhou.com/wp-admin/admin.php?page=revslider&view=slide&id=3" "Mozilla/5.0 (Windows NT 10.0; Win64; x64) AppleWebKit/537.36 (KHTML, like Gecko) Chrome/142.0.0.0 Safari/537.36 Edg/142.0.0.0"
14.108.233.226 - - [09/Dec/2025:15:29:49 +0800] "GET /2165/ HTTP/1.1" 200 27313 "http://cqqizhou.com/2215/" "Mozilla/5.0 (Windows NT 10.0; Win64; x64) AppleWebKit/537.36 (KHTML, like Gecko) Chrome/132.0.0.0 Safari/537.36 NetType/WIFI MicroMessenger/7.0.20.1781(0x6700143B) WindowsWechat(0x63090a13) UnifiedPCWindowsWechat(0xf2541510) XWEB/17071 Flue"
14.108.233.226 - - [09/Dec/2025:15:29:49 +0800] "GET /wp-content/uploads/2025/07/1753455650-DSC01469.webp HTTP/1.1" 200 32132 "http://cqqizhou.com/2165/" "Mozilla/5.0 (Windows NT 10.0; Win64; x64) AppleWebKit/537.36 (KHTML, like Gecko) Chrome/132.0.0.0 Safari/537.36 NetType/WIFI MicroMessenger/7.0.20.1781(0x6700143B) WindowsWechat(0x63090a13) UnifiedPCWindowsWechat(0xf2541510) XWEB/17071 Flue"
14.108.233.226 - - [09/Dec/2025:15:29:49 +0800] "GET /wp-content/uploads/2025/07/1753454089-Article_images_W900px-150x150.webp HTTP/1.1" 200 5292 "http://cqqizhou.com/2165/" "Mozilla/5.0 (Windows NT 10.0; Win64; x64) AppleWebKit/537.36 (KHTML, like Gecko) Chrome/132.0.0.0 Safari/537.36 NetType/WIFI MicroMessenger/7.0.20.1781(0x6700143B) WindowsWechat(0x63090a13) UnifiedPCWindowsWechat(0xf2541510) XWEB/17071 Flue"
14.108.233.226 - - [09/Dec/2025:15:29:51 +0800] "GET /wp-content/uploads/2025/12/1765249046-20251209104228_110_60.webp HTTP/1.1" 200 64834 "http://cqqizhou.com/2339/" "Mozilla/5.0 (Windows NT 10.0; Win64; x64) AppleWebKit/537.36 (KHTML, like Gecko) Chrome/132.0.0.0 Safari/537.36 NetType/WIFI MicroMessenger/7.0.20.1781(0x6700143B) WindowsWechat(0x63090a13) UnifiedPCWindowsWechat(0xf2541510) XWEB/17071 Flue"
14.108.233.226 - - [09/Dec/2025:15:30:01 +0800] "POST /wp-admin/async-upload.php HTTP/1.1" 200 677 "http://cqqizhou.com/wp-admin/admin.php?page=revslider&view=slide&id=3" "Mozilla/5.0 (Windows NT 10.0; Win64; x64) AppleWebKit/537.36 (KHTML, like Gecko) Chrome/142.0.0.0 Safari/537.36 Edg/142.0.0.0"
14.108.233.226 - - [09/Dec/2025:15:30:01 +0800] "GET /wp-content/uploads/2025/12/1765265398-qizhou_Slider_3840%C3%972160_20251209-300x169.webp HTTP/1.1" 200 12652 "http://cqqizhou.com/wp-admin/admin.php?page=revslider&view=slide&id=3" "Mozilla/5.0 (Windows NT 10.0; Win64; x64) AppleWebKit/537.36 (KHTML, like Gecko) Chrome/142.0.0.0 Safari/537.36 Edg/142.0.0.0"
14.108.233.226 - - [09/Dec/2025:15:30:01 +0800] "GET /2231/ HTTP/1.1" 200 23918 "http://cqqizhou.com/2165/" "Mozilla/5.0 (Windows NT 10.0; Win64; x64) AppleWebKit/537.36 (KHTML, like Gecko) Chrome/132.0.0.0 Safari/537.36 NetType/WIFI MicroMessenger/7.0.20.1781(0x6700143B) WindowsWechat(0x63090a13) UnifiedPCWindowsWechat(0xf2541510) XWEB/17071 Flue"
14.108.233.226 - - [09/Dec/2025:15:30:01 +0800] "GET /wp-content/uploads/2025/09/1756868585-20250903104658_78_5.webp HTTP/1.1" 200 39636 "http://cqqizhou.com/2231/" "Mozilla/5.0 (Windows NT 10.0; Win64; x64) AppleWebKit/537.36 (KHTML, like Gecko) Chrome/132.0.0.0 Safari/537.36 NetType/WIFI MicroMessenger/7.0.20.1781(0x6700143B) WindowsWechat(0x63090a13) UnifiedPCWindowsWechat(0xf2541510) XWEB/17071 Flue"
14.108.233.226 - - [09/Dec/2025:15:30:01 +0800] "GET /wp-content/uploads/2025/08/1755826456-DSC01841-150x150.webp HTTP/1.1" 200 9850 "http://cqqizhou.com/2231/" "Mozilla/5.0 (Windows NT 10.0; Win64; x64) AppleWebKit/537.36 (KHTML, like Gecko) Chrome/132.0.0.0 Safari/537.36 NetType/WIFI MicroMessenger/7.0.20.1781(0x6700143B) WindowsWechat(0x63090a13) UnifiedPCWindowsWechat(0xf2541510) XWEB/17071 Flue"
14.108.233.226 - - [09/Dec/2025:15:30:01 +0800] "GET /wp-content/uploads/2025/12/1765253089-20251209103501_96_61-150x150.webp HTTP/1.1" 200 5198 "http://cqqizhou.com/2231/" "Mozilla/5.0 (Windows NT 10.0; Win64; x64) AppleWebKit/537.36 (KHTML, like Gecko) Chrome/132.0.0.0 Safari/537.36 NetType/WIFI MicroMessenger/7.0.20.1781(0x6700143B) WindowsWechat(0x63090a13) UnifiedPCWindowsWechat(0xf2541510) XWEB/17071 Flue"
14.108.233.226 - - [09/Dec/2025:15:30:03 +0800] "POST /wp-admin/admin-ajax.php HTTP/1.1" 200 95 "http://cqqizhou.com/2231/" "Mozilla/5.0 (Windows NT 10.0; Win64; x64) AppleWebKit/537.36 (KHTML, like Gecko) Chrome/132.0.0.0 Safari/537.36 NetType/WIFI MicroMessenger/7.0.20.1781(0x6700143B) WindowsWechat(0x63090a13) UnifiedPCWindowsWechat(0xf2541510) XWEB/17071 Flue"
14.108.233.226 - - [09/Dec/2025:15:30:03 +0800] "GET /wp-content/uploads/2025/12/1765265398-qizhou_Slider_3840%C3%972160_20251209-scaled.webp HTTP/1.1" 200 175208 "http://cqqizhou.com/wp-admin/admin.php?page=revslider&view=slide&id=3" "Mozilla/5.0 (Windows NT 10.0; Win64; x64) AppleWebKit/537.36 (KHTML, like Gecko) Chrome/142.0.0.0 Safari/537.36 Edg/142.0.0.0"
123.147.251.217 - - [09/Dec/2025:15:30:27 +0800] "GET /2231/ HTTP/1.1" 200 19690 "http://cqqizhou.com/2339/" "Mozilla/5.0 (Linux; Android 10; V1950A Build/QP1A.190711.020; wv) AppleWebKit/537.36 (KHTML, like Gecko) Version/4.0 Chrome/142.0.7444.172 Mobile Safari/537.36 XWEB/1420045 MMWEBSDK/20250904 MMWEBID/4677 MicroMessenger/8.0.65.2960(0x28004153) WeChat/arm64 Weixin NetType/5G Language/zh_CN ABI/arm64"
123.147.251.217 - - [09/Dec/2025:15:30:27 +0800] "GET /wp-content/uploads/2025/12/1765253089-20251209103501_96_61-150x150.webp HTTP/1.1" 200 5198 "http://cqqizhou.com/2231/" "Mozilla/5.0 (Linux; Android 10; V1950A Build/QP1A.190711.020; wv) AppleWebKit/537.36 (KHTML, like Gecko) Version/4.0 Chrome/142.0.7444.172 Mobile Safari/537.36 XWEB/1420045 MMWEBSDK/20250904 MMWEBID/4677 MicroMessenger/8.0.65.2960(0x28004153) WeChat/arm64 Weixin NetType/5G Language/zh_CN ABI/arm64"
123.147.251.217 - - [09/Dec/2025:15:30:27 +0800] "GET /wp-content/uploads/2025/08/1755826456-DSC01841-150x150.webp HTTP/1.1" 200 9850 "http://cqqizhou.com/2231/" "Mozilla/5.0 (Linux; Android 10; V1950A Build/QP1A.190711.020; wv) AppleWebKit/537.36 (KHTML, like Gecko) Version/4.0 Chrome/142.0.7444.172 Mobile Safari/537.36 XWEB/1420045 MMWEBSDK/20250904 MMWEBID/4677 MicroMessenger/8.0.65.2960(0x28004153) WeChat/arm64 Weixin NetType/5G Language/zh_CN ABI/arm64"
123.147.251.217 - - [09/Dec/2025:15:30:27 +0800] "GET /wp-content/uploads/2025/09/1756868585-20250903104658_78_5.webp HTTP/1.1" 200 39636 "http://cqqizhou.com/2231/" "Mozilla/5.0 (Linux; Android 10; V1950A Build/QP1A.190711.020; wv) AppleWebKit/537.36 (KHTML, like Gecko) Version/4.0 Chrome/142.0.7444.172 Mobile Safari/537.36 XWEB/1420045 MMWEBSDK/20250904 MMWEBID/4677 MicroMessenger/8.0.65.2960(0x28004153) WeChat/arm64 Weixin NetType/5G Language/zh_CN ABI/arm64"
14.108.233.226 - - [09/Dec/2025:15:30:28 +0800] "POST /wp-admin/admin-ajax.php HTTP/1.1" 200 19449 "http://cqqizhou.com/wp-admin/admin.php?page=revslider&view=slide&id=3" "Mozilla/5.0 (Windows NT 10.0; Win64; x64) AppleWebKit/537.36 (KHTML, like Gecko) Chrome/142.0.0.0 Safari/537.36 Edg/142.0.0.0"
14.108.233.226 - - [09/Dec/2025:15:30:28 +0800] "GET /wp-admin/load-scripts.php?c=0&load%5Bchunk_0%5D=jquery-core,jquery-migrate&ver=6.8.3 HTTP/1.1" 200 34479 "http://cqqizhou.com/wp-admin/admin.php?page=revslider&view=slide&id=3" "Mozilla/5.0 (Windows NT 10.0; Win64; x64) AppleWebKit/537.36 (KHTML, like Gecko) Chrome/142.0.0.0 Safari/537.36 Edg/142.0.0.0"
14.108.233.226 - - [09/Dec/2025:15:30:28 +0800] "GET /wp-admin/load-scripts.php?c=0&load%5Bchunk_0%5D=react,react-dom,wp-hooks&ver=6.8.3 HTTP/1.1" 200 47028 "http://cqqizhou.com/wp-admin/admin.php?page=revslider&view=slide&id=3" "Mozilla/5.0 (Windows NT 10.0; Win64; x64) AppleWebKit/537.36 (KHTML, like Gecko) Chrome/142.0.0.0 Safari/537.36 Edg/142.0.0.0"
14.108.233.226 - - [09/Dec/2025:15:30:29 +0800] "GET /wp-json/sliderrevolution/sliders/1?srengine=7&slideid=2 HTTP/1.1" 200 2058 "http://cqqizhou.com/wp-admin/admin.php?page=revslider&view=slide&id=3" "Mozilla/5.0 (Windows NT 10.0; Win64; x64) AppleWebKit/537.36 (KHTML, like Gecko) Chrome/142.0.0.0 Safari/537.36 Edg/142.0.0.0"
14.108.233.226 - - [09/Dec/2025:15:30:29 +0800] "GET /wp-json/sliderrevolution/sliders/1?srengine=7&slideid=3 HTTP/1.1" 200 2284 "http://cqqizhou.com/wp-admin/admin.php?page=revslider&view=slide&id=3" "Mozilla/5.0 (Windows NT 10.0; Win64; x64) AppleWebKit/537.36 (KHTML, like Gecko) Chrome/142.0.0.0 Safari/537.36 Edg/142.0.0.0"
36.133.115.36 - - [09/Dec/2025:15:30:46 +0800] "POST /wp-cron.php?doing_wp_cron=1765265446.3375968933105468750000 HTTP/1.1" 200 31 "-" "WordPress/6.8.3; http://cqqizhou.com"
14.108.233.226 - - [09/Dec/2025:15:30:46 +0800] "POST /wp-admin/admin-ajax.php HTTP/1.1" 200 78 "http://cqqizhou.com/wp-admin/admin.php?page=revslider&view=slide&id=3" "Mozilla/5.0 (Windows NT 10.0; Win64; x64) AppleWebKit/537.36 (KHTML, like Gecko) Chrome/142.0.0.0 Safari/537.36 Edg/142.0.0.0"
14.108.233.226 - - [09/Dec/2025:15:31:05 +0800] "GET /2339/ HTTP/1.1" 304 0 "-" "Mozilla/5.0 (Windows NT 10.0; Win64; x64) AppleWebKit/537.36 (KHTML, like Gecko) Chrome/132.0.0.0 Safari/537.36 NetType/WIFI MicroMessenger/7.0.20.1781(0x6700143B) WindowsWechat(0x63090a13) UnifiedPCWindowsWechat(0xf2541510) XWEB/17071 Flue"
14.108.233.226 - - [09/Dec/2025:15:31:06 +0800] "POST /wp-admin/admin-ajax.php HTTP/1.1" 200 95 "http://cqqizhou.com/2339/" "Mozilla/5.0 (Windows NT 10.0; Win64; x64) AppleWebKit/537.36 (KHTML, like Gecko) Chrome/132.0.0.0 Safari/537.36 NetType/WIFI MicroMessenger/7.0.20.1781(0x6700143B) WindowsWechat(0x63090a13) UnifiedPCWindowsWechat(0xf2541510) XWEB/17071 Flue"
39.144.225.56 - - [09/Dec/2025:15:31:34 +0800] "GET /2339/ HTTP/1.1" 200 20654 "-" "Mozilla/5.0 (Linux; Android 11; V2156A Build/RP1A.200720.012; wv) AppleWebKit/537.36 (KHTML, like Gecko) Version/4.0 Chrome/142.0.7444.172 Mobile Safari/537.36 XWEB/1420045 MMWEBSDK/20250904 MMWEBID/7449 MicroMessenger/8.0.64.2940(0x28004050) WeChat/arm64 Weixin NetType/5G Language/zh_CN ABI/arm64"
39.144.225.56 - - [09/Dec/2025:15:31:35 +0800] "GET /wp-content/uploads/2025/12/1765253089-20251209103501_96_61.webp HTTP/1.1" 200 37758 "http://cqqizhou.com/2339/" "Mozilla/5.0 (Linux; Android 11; V2156A Build/RP1A.200720.012; wv) AppleWebKit/537.36 (KHTML, like Gecko) Version/4.0 Chrome/142.0.7444.172 Mobile Safari/537.36 XWEB/1420045 MMWEBSDK/20250904 MMWEBID/7449 MicroMessenger/8.0.64.2940(0x28004050) WeChat/arm64 Weixin NetType/5G Language/zh_CN ABI/arm64"
39.144.225.56 - - [09/Dec/2025:15:31:35 +0800] "GET /wp-content/uploads/2025/12/1765248735-20251209104226_108_60.webp HTTP/1.1" 200 55962 "http://cqqizhou.com/2339/" "Mozilla/5.0 (Linux; Android 11; V2156A Build/RP1A.200720.012; wv) AppleWebKit/537.36 (KHTML, like Gecko) Version/4.0 Chrome/142.0.7444.172 Mobile Safari/537.36 XWEB/1420045 MMWEBSDK/20250904 MMWEBID/7449 MicroMessenger/8.0.64.2940(0x28004050) WeChat/arm64 Weixin NetType/5G Language/zh_CN ABI/arm64"
39.144.225.56 - - [09/Dec/2025:15:31:35 +0800] "GET /wp-content/uploads/2025/12/1765248770-20251209104226_107_60.webp HTTP/1.1" 200 66916 "http://cqqizhou.com/2339/" "Mozilla/5.0 (Linux; Android 11; V2156A Build/RP1A.200720.012; wv) AppleWebKit/537.36 (KHTML, like Gecko) Version/4.0 Chrome/142.0.7444.172 Mobile Safari/537.36 XWEB/1420045 MMWEBSDK/20250904 MMWEBID/7449 MicroMessenger/8.0.64.2940(0x28004050) WeChat/arm64 Weixin NetType/5G Language/zh_CN ABI/arm64"
39.144.225.56 - - [09/Dec/2025:15:31:35 +0800] "GET /wp-content/uploads/2025/09/1756868614-20250903104654_74_5-150x150.webp HTTP/1.1" 200 5712 "http://cqqizhou.com/2339/" "Mozilla/5.0 (Linux; Android 11; V2156A Build/RP1A.200720.012; wv) AppleWebKit/537.36 (KHTML, like Gecko) Version/4.0 Chrome/142.0.7444.172 Mobile Safari/537.36 XWEB/1420045 MMWEBSDK/20250904 MMWEBID/7449 MicroMessenger/8.0.64.2940(0x28004050) WeChat/arm64 Weixin NetType/5G Language/zh_CN ABI/arm64"
39.144.225.56 - - [09/Dec/2025:15:31:35 +0800] "GET /wp-content/uploads/2025/09/1756868614-20250903104654_74_5.webp HTTP/1.1" 200 47858 "http://cqqizhou.com/2339/" "Mozilla/5.0 (Linux; Android 11; V2156A Build/RP1A.200720.012; wv) AppleWebKit/537.36 (KHTML, like Gecko) Version/4.0 Chrome/142.0.7444.172 Mobile Safari/537.36 XWEB/1420045 MMWEBSDK/20250904 MMWEBID/7449 MicroMessenger/8.0.64.2940(0x28004050) WeChat/arm64 Weixin NetType/5G Language/zh_CN ABI/arm64"
39.144.225.56 - - [09/Dec/2025:15:31:35 +0800] "GET /wp-content/uploads/2025/07/1753410289-News2000%C3%97400_202571.webp HTTP/1.1" 200 17830 "http://cqqizhou.com/2339/" "Mozilla/5.0 (Linux; Android 11; V2156A Build/RP1A.200720.012; wv) AppleWebKit/537.36 (KHTML, like Gecko) Version/4.0 Chrome/142.0.7444.172 Mobile Safari/537.36 XWEB/1420045 MMWEBSDK/20250904 MMWEBID/7449 MicroMessenger/8.0.64.2940(0x28004050) WeChat/arm64 Weixin NetType/5G Language/zh_CN ABI/arm64"
39.144.225.56 - - [09/Dec/2025:15:31:35 +0800] "GET /wp-content/uploads/2025/08/1755826456-DSC01841.webp HTTP/1.1" 200 87046 "http://cqqizhou.com/2339/" "Mozilla/5.0 (Linux; Android 11; V2156A Build/RP1A.200720.012; wv) AppleWebKit/537.36 (KHTML, like Gecko) Version/4.0 Chrome/142.0.7444.172 Mobile Safari/537.36 XWEB/1420045 MMWEBSDK/20250904 MMWEBID/7449 MicroMessenger/8.0.64.2940(0x28004050) WeChat/arm64 Weixin NetType/5G Language/zh_CN ABI/arm64"
39.144.225.56 - - [09/Dec/2025:15:31:35 +0800] "GET /wp-content/uploads/2025/07/1751425283-qizhou.kf_.qq_.com_.webp HTTP/1.1" 200 16864 "http://cqqizhou.com/2339/" "Mozilla/5.0 (Linux; Android 11; V2156A Build/RP1A.200720.012; wv) AppleWebKit/537.36 (KHTML, like Gecko) Version/4.0 Chrome/142.0.7444.172 Mobile Safari/537.36 XWEB/1420045 MMWEBSDK/20250904 MMWEBID/7449 MicroMessenger/8.0.64.2940(0x28004050) WeChat/arm64 Weixin NetType/5G Language/zh_CN ABI/arm64"
39.144.225.56 - - [09/Dec/2025:15:31:35 +0800] "GET /wp-content/uploads/2025/12/1765249046-20251209104228_110_60.webp HTTP/1.1" 200 64834 "http://cqqizhou.com/2339/" "Mozilla/5.0 (Linux; Android 11; V2156A Build/RP1A.200720.012; wv) AppleWebKit/537.36 (KHTML, like Gecko) Version/4.0 Chrome/142.0.7444.172 Mobile Safari/537.36 XWEB/1420045 MMWEBSDK/20250904 MMWEBID/7449 MicroMessenger/8.0.64.2940(0x28004050) WeChat/arm64 Weixin NetType/5G Language/zh_CN ABI/arm64"
14.108.233.226 - - [09/Dec/2025:15:31:43 +0800] "GET /2231/ HTTP/1.1" 200 23918 "http://cqqizhou.com/2339/" "Mozilla/5.0 (Windows NT 10.0; Win64; x64) AppleWebKit/537.36 (KHTML, like Gecko) Chrome/132.0.0.0 Safari/537.36 NetType/WIFI MicroMessenger/7.0.20.1781(0x6700143B) WindowsWechat(0x63090a13) UnifiedPCWindowsWechat(0xf2541510) XWEB/17071 Flue"
14.108.233.226 - - [09/Dec/2025:15:31:43 +0800] "GET /wp-content/uploads/2025/09/1756868585-20250903104658_78_5.webp HTTP/1.1" 200 39636 "http://cqqizhou.com/2231/" "Mozilla/5.0 (Windows NT 10.0; Win64; x64) AppleWebKit/537.36 (KHTML, like Gecko) Chrome/132.0.0.0 Safari/537.36 NetType/WIFI MicroMessenger/7.0.20.1781(0x6700143B) WindowsWechat(0x63090a13) UnifiedPCWindowsWechat(0xf2541510) XWEB/17071 Flue"
14.108.233.226 - - [09/Dec/2025:15:31:43 +0800] "GET /wp-content/uploads/2025/08/1755826456-DSC01841-150x150.webp HTTP/1.1" 200 9850 "http://cqqizhou.com/2231/" "Mozilla/5.0 (Windows NT 10.0; Win64; x64) AppleWebKit/537.36 (KHTML, like Gecko) Chrome/132.0.0.0 Safari/537.36 NetType/WIFI MicroMessenger/7.0.20.1781(0x6700143B) WindowsWechat(0x63090a13) UnifiedPCWindowsWechat(0xf2541510) XWEB/17071 Flue"
14.108.233.226 - - [09/Dec/2025:15:31:43 +0800] "GET /wp-content/uploads/2025/12/1765253089-20251209103501_96_61-150x150.webp HTTP/1.1" 200 5198 "http://cqqizhou.com/2231/" "Mozilla/5.0 (Windows NT 10.0; Win64; x64) AppleWebKit/537.36 (KHTML, like Gecko) Chrome/132.0.0.0 Safari/537.36 NetType/WIFI MicroMessenger/7.0.20.1781(0x6700143B) WindowsWechat(0x63090a13) UnifiedPCWindowsWechat(0xf2541510) XWEB/17071 Flue"
14.108.233.226 - - [09/Dec/2025:15:31:45 +0800] "POST /wp-admin/admin-ajax.php HTTP/1.1" 200 95 "http://cqqizhou.com/2231/" "Mozilla/5.0 (Windows NT 10.0; Win64; x64) AppleWebKit/537.36 (KHTML, like Gecko) Chrome/132.0.0.0 Safari/537.36 NetType/WIFI MicroMessenger/7.0.20.1781(0x6700143B) WindowsWechat(0x63090a13) UnifiedPCWindowsWechat(0xf2541510) XWEB/17071 Flue"
36.133.115.36 - - [09/Dec/2025:15:31:46 +0800] "POST /wp-cron.php?doing_wp_cron=1765265506.3389649391174316406250 HTTP/1.1" 200 31 "-" "WordPress/6.8.3; http://cqqizhou.com"
14.108.233.226 - - [09/Dec/2025:15:31:46 +0800] "POST /wp-admin/admin-ajax.php HTTP/1.1" 200 78 "http://cqqizhou.com/wp-admin/admin.php?page=revslider&view=slide&id=3" "Mozilla/5.0 (Windows NT 10.0; Win64; x64) AppleWebKit/537.36 (KHTML, like Gecko) Chrome/142.0.0.0 Safari/537.36 Edg/142.0.0.0"
106.80.5.12 - - [09/Dec/2025:15:31:54 +0800] "GET /2339/ HTTP/1.1" 200 20654 "-" "Mozilla/5.0 (iPhone; CPU iPhone OS 18_7 like Mac OS X) AppleWebKit/605.1.15 (KHTML, like Gecko) Mobile/15E148 MicroMessenger/8.0.65(0x18004132) NetType/4G Language/zh_CN"
106.80.5.12 - - [09/Dec/2025:15:31:59 +0800] "GET / HTTP/1.1" 200 33634 "http://cqqizhou.com/2339/" "Mozilla/5.0 (iPhone; CPU iPhone OS 18_7 like Mac OS X) AppleWebKit/605.1.15 (KHTML, like Gecko) Mobile/15E148 MicroMessenger/8.0.65(0x18004132) NetType/4G Language/zh_CN"
14.108.233.226 - - [09/Dec/2025:15:32:00 +0800] "GET /2215/ HTTP/1.1" 200 24355 "http://cqqizhou.com/2231/" "Mozilla/5.0 (Windows NT 10.0; Win64; x64) AppleWebKit/537.36 (KHTML, like Gecko) Chrome/132.0.0.0 Safari/537.36 NetType/WIFI MicroMessenger/7.0.20.1781(0x6700143B) WindowsWechat(0x63090a13) UnifiedPCWindowsWechat(0xf2541510) XWEB/17071 Flue"
14.108.233.226 - - [09/Dec/2025:15:32:00 +0800] "GET /wp-content/uploads/2025/08/1755826390-DSC01765-150x150.webp HTTP/1.1" 200 6586 "http://cqqizhou.com/2215/" "Mozilla/5.0 (Windows NT 10.0; Win64; x64) AppleWebKit/537.36 (KHTML, like Gecko) Chrome/132.0.0.0 Safari/537.36 NetType/WIFI MicroMessenger/7.0.20.1781(0x6700143B) WindowsWechat(0x63090a13) UnifiedPCWindowsWechat(0xf2541510) XWEB/17071 Flue"
14.108.233.226 - - [09/Dec/2025:15:32:00 +0800] "GET /wp-content/uploads/2025/07/1753455746-DSC01472.webp HTTP/1.1" 200 31854 "http://cqqizhou.com/2215/" "Mozilla/5.0 (Windows NT 10.0; Win64; x64) AppleWebKit/537.36 (KHTML, like Gecko) Chrome/132.0.0.0 Safari/537.36 NetType/WIFI MicroMessenger/7.0.20.1781(0x6700143B) WindowsWechat(0x63090a13) UnifiedPCWindowsWechat(0xf2541510) XWEB/17071 Flue"
106.80.5.12 - - [09/Dec/2025:15:32:00 +0800] "GET /wp-content/uploads/2025/07/1753456770-%E7%83%AD%E9%95%80%E9%94%8C%E5%8D%B7product_Single600.webp HTTP/1.1" 200 27502 "http://cqqizhou.com/" "Mozilla/5.0 (iPhone; CPU iPhone OS 18_7 like Mac OS X) AppleWebKit/605.1.15 (KHTML, like Gecko) Mobile/15E148 MicroMessenger/8.0.65(0x18004132) NetType/4G Language/zh_CN"
106.80.5.12 - - [09/Dec/2025:15:32:00 +0800] "GET /wp-content/uploads/2025/07/1753456723-%E5%8F%8C%E7%9B%B8%E9%92%A2roduct_Single600.webp HTTP/1.1" 200 22790 "http://cqqizhou.com/" "Mozilla/5.0 (iPhone; CPU iPhone OS 18_7 like Mac OS X) AppleWebKit/605.1.15 (KHTML, like Gecko) Mobile/15E148 MicroMessenger/8.0.65(0x18004132) NetType/4G Language/zh_CN"
106.80.5.12 - - [09/Dec/2025:15:32:00 +0800] "GET /wp-content/uploads/2025/07/1753453127-%E4%BD%99%E5%8D%B7product_Single600%C3%97284.webp HTTP/1.1" 200 18744 "http://cqqizhou.com/" "Mozilla/5.0 (iPhone; CPU iPhone OS 18_7 like Mac OS X) AppleWebKit/605.1.15 (KHTML, like Gecko) Mobile/15E148 MicroMessenger/8.0.65(0x18004132) NetType/4G Language/zh_CN"
106.80.5.12 - - [09/Dec/2025:15:32:00 +0800] "GET /wp-content/uploads/2025/07/1753453096-%E5%8F%8C%E7%9B%B8%E9%92%A2product_Single600%C3%97284.webp HTTP/1.1" 200 14562 "http://cqqizhou.com/" "Mozilla/5.0 (iPhone; CPU iPhone OS 18_7 like Mac OS X) AppleWebKit/605.1.15 (KHTML, like Gecko) Mobile/15E148 MicroMessenger/8.0.65(0x18004132) NetType/4G Language/zh_CN"
106.80.5.12 - - [09/Dec/2025:15:32:01 +0800] "GET /wp-content/uploads/revslider/slider-1/1750929639-yuanjing_Slider_3840%C3%972160_20250626171955-scaled.webp HTTP/1.1" 200 203290 "http://cqqizhou.com/" "Mozilla/5.0 (iPhone; CPU iPhone OS 18_7 like Mac OS X) AppleWebKit/605.1.15 (KHTML, like Gecko) Mobile/15E148 MicroMessenger/8.0.65(0x18004132) NetType/4G Language/zh_CN"
14.108.233.226 - - [09/Dec/2025:15:32:01 +0800] "POST /wp-admin/admin-ajax.php HTTP/1.1" 200 95 "http://cqqizhou.com/wp-admin/admin.php?page=revslider&view=slide&id=3" "Mozilla/5.0 (Windows NT 10.0; Win64; x64) AppleWebKit/537.36 (KHTML, like Gecko) Chrome/142.0.0.0 Safari/537.36 Edg/142.0.0.0"
106.80.5.12 - - [09/Dec/2025:15:32:01 +0800] "GET /wp-content/uploads/2025/07/1753587901-Slider_3840%C3%972160_20250727-scaled-50x100.webp HTTP/1.1" 200 1660 "http://cqqizhou.com/" "Mozilla/5.0 (iPhone; CPU iPhone OS 18_7 like Mac OS X) AppleWebKit/605.1.15 (KHTML, like Gecko) Mobile/15E148 MicroMessenger/8.0.65(0x18004132) NetType/4G Language/zh_CN"
106.80.5.12 - - [09/Dec/2025:15:32:01 +0800] "GET /wp-content/uploads/revslider/slider-1/1750861156-logistics_Slider_3840%C3%972160_20250625191356-scaled-50x100.webp HTTP/1.1" 200 1416 "http://cqqizhou.com/" "Mozilla/5.0 (iPhone; CPU iPhone OS 18_7 like Mac OS X) AppleWebKit/605.1.15 (KHTML, like Gecko) Mobile/15E148 MicroMessenger/8.0.65(0x18004132) NetType/4G Language/zh_CN"
14.108.233.226 - - [09/Dec/2025:15:32:02 +0800] "POST /wp-admin/admin-ajax.php HTTP/1.1" 403 33 "http://cqqizhou.com/2215/" "Mozilla/5.0 (Windows NT 10.0; Win64; x64) AppleWebKit/537.36 (KHTML, like Gecko) Chrome/132.0.0.0 Safari/537.36 NetType/WIFI MicroMessenger/7.0.20.1781(0x6700143B) WindowsWechat(0x63090a13) UnifiedPCWindowsWechat(0xf2541510) XWEB/17071 Flue"
14.108.233.226 - - [09/Dec/2025:15:32:02 +0800] "POST /wp-admin/admin-ajax.php HTTP/1.1" 200 120 "http://cqqizhou.com/wp-admin/admin.php?page=revslider&view=slide&id=3" "Mozilla/5.0 (Windows NT 10.0; Win64; x64) AppleWebKit/537.36 (KHTML, like Gecko) Chrome/142.0.0.0 Safari/537.36 Edg/142.0.0.0"
106.80.5.12 - - [09/Dec/2025:15:32:02 +0800] "GET /wp-json/sliderrevolution/sliders/1?srengine=7&slideid=2 HTTP/1.1" 200 2058 "http://cqqizhou.com/" "Mozilla/5.0 (iPhone; CPU iPhone OS 18_7 like Mac OS X) AppleWebKit/605.1.15 (KHTML, like Gecko) Mobile/15E148 MicroMessenger/8.0.65(0x18004132) NetType/4G Language/zh_CN"
106.80.5.12 - - [09/Dec/2025:15:32:02 +0800] "GET /wp-json/sliderrevolution/sliders/1?srengine=7&slideid=3 HTTP/1.1" 200 2284 "http://cqqizhou.com/" "Mozilla/5.0 (iPhone; CPU iPhone OS 18_7 like Mac OS X) AppleWebKit/605.1.15 (KHTML, like Gecko) Mobile/15E148 MicroMessenger/8.0.65(0x18004132) NetType/4G Language/zh_CN"
106.80.5.12 - - [09/Dec/2025:15:32:02 +0800] "GET /wp-content/uploads/2025/07/1753587901-Slider_3840%C3%972160_20250727-scaled.webp HTTP/1.1" 200 141034 "http://cqqizhou.com/" "Mozilla/5.0 (iPhone; CPU iPhone OS 18_7 like Mac OS X) AppleWebKit/605.1.15 (KHTML, like Gecko) Mobile/15E148 MicroMessenger/8.0.65(0x18004132) NetType/4G Language/zh_CN"
106.80.5.12 - - [09/Dec/2025:15:32:02 +0800] "GET /wp-content/uploads/revslider/slider-1/1750861156-logistics_Slider_3840%C3%972160_20250625191356-scaled.webp HTTP/1.1" 200 197360 "http://cqqizhou.com/" "Mozilla/5.0 (iPhone; CPU iPhone OS 18_7 like Mac OS X) AppleWebKit/605.1.15 (KHTML, like Gecko) Mobile/15E148 MicroMessenger/8.0.65(0x18004132) NetType/4G Language/zh_CN"
14.108.233.226 - - [09/Dec/2025:15:32:02 +0800] "POST /wp-admin/admin-ajax.php HTTP/1.1" 200 81 "http://cqqizhou.com/wp-admin/admin.php?page=revslider&view=slide&id=3" "Mozilla/5.0 (Windows NT 10.0; Win64; x64) AppleWebKit/537.36 (KHTML, like Gecko) Chrome/142.0.0.0 Safari/537.36 Edg/142.0.0.0"
14.108.233.226 - - [09/Dec/2025:15:32:03 +0800] "POST /wp-admin/admin-ajax.php HTTP/1.1" 200 80 "http://cqqizhou.com/wp-admin/admin.php?page=revslider&view=slide&id=3" "Mozilla/5.0 (Windows NT 10.0; Win64; x64) AppleWebKit/537.36 (KHTML, like Gecko) Chrome/142.0.0.0 Safari/537.36 Edg/142.0.0.0"
14.108.233.226 - - [09/Dec/2025:15:32:03 +0800] "POST /wp-admin/admin-ajax.php HTTP/1.1" 200 80 "http://cqqizhou.com/wp-admin/admin.php?page=revslider&view=slide&id=3" "Mozilla/5.0 (Windows NT 10.0; Win64; x64) AppleWebKit/537.36 (KHTML, like Gecko) Chrome/142.0.0.0 Safari/537.36 Edg/142.0.0.0"
14.108.233.226 - - [09/Dec/2025:15:32:03 +0800] "POST /wp-admin/admin-ajax.php HTTP/1.1" 200 80 "http://cqqizhou.com/wp-admin/admin.php?page=revslider&view=slide&id=3" "Mozilla/5.0 (Windows NT 10.0; Win64; x64) AppleWebKit/537.36 (KHTML, like Gecko) Chrome/142.0.0.0 Safari/537.36 Edg/142.0.0.0"
14.108.233.226 - - [09/Dec/2025:15:32:03 +0800] "POST /wp-admin/admin-ajax.php HTTP/1.1" 200 80 "http://cqqizhou.com/wp-admin/admin.php?page=revslider&view=slide&id=3" "Mozilla/5.0 (Windows NT 10.0; Win64; x64) AppleWebKit/537.36 (KHTML, like Gecko) Chrome/142.0.0.0 Safari/537.36 Edg/142.0.0.0"
14.108.233.226 - - [09/Dec/2025:15:32:03 +0800] "POST /wp-admin/admin-ajax.php HTTP/1.1" 200 80 "http://cqqizhou.com/wp-admin/admin.php?page=revslider&view=slide&id=3" "Mozilla/5.0 (Windows NT 10.0; Win64; x64) AppleWebKit/537.36 (KHTML, like Gecko) Chrome/142.0.0.0 Safari/537.36 Edg/142.0.0.0"
