125.80.163.58 - - [09/Dec/2025:16:09:54 +0800] "GET /wp-content/uploads/2025/09/1756868614-20250903104654_74_5-150x150.webp HTTP/1.1" 200 5712 "http://cqqizhou.com/2339/" "Mozilla/5.0 (iPhone; CPU iPhone OS 18_6_2 like Mac OS X) AppleWebKit/605.1.15 (KHTML, like Gecko) Mobile/15E148 MicroMessenger/8.0.66(0x18004229) NetType/WIFI Language/zh_CN"
125.80.163.58 - - [09/Dec/2025:16:09:54 +0800] "GET /wp-content/uploads/2025/09/1756868614-20250903104654_74_5.webp HTTP/1.1" 200 47858 "http://cqqizhou.com/2339/" "Mozilla/5.0 (iPhone; CPU iPhone OS 18_6_2 like Mac OS X) AppleWebKit/605.1.15 (KHTML, like Gecko) Mobile/15E148 MicroMessenger/8.0.66(0x18004229) NetType/WIFI Language/zh_CN"
125.80.163.58 - - [09/Dec/2025:16:09:54 +0800] "GET /wp-content/uploads/2025/08/1755826456-DSC01841.webp HTTP/1.1" 200 87046 "http://cqqizhou.com/2339/" "Mozilla/5.0 (iPhone; CPU iPhone OS 18_6_2 like Mac OS X) AppleWebKit/605.1.15 (KHTML, like Gecko) Mobile/15E148 MicroMessenger/8.0.66(0x18004229) NetType/WIFI Language/zh_CN"
125.80.163.58 - - [09/Dec/2025:16:09:54 +0800] "GET /wp-content/uploads/2025/07/1751425283-qizhou.kf_.qq_.com_.webp HTTP/1.1" 200 16864 "http://cqqizhou.com/2339/" "Mozilla/5.0 (iPhone; CPU iPhone OS 18_6_2 like Mac OS X) AppleWebKit/605.1.15 (KHTML, like Gecko) Mobile/15E148 MicroMessenger/8.0.66(0x18004229) NetType/WIFI Language/zh_CN"
14.108.232.115 - - [09/Dec/2025:16:09:55 +0800] "GET /wp-content/uploads/2025/07/1751967322-Storage-processing_images_W900%C3%97300.webp HTTP/1.1" 200 23120 "http://cqqizhou.com/wp-content/uploads/elementor/css/post-1666.css?ver=1765265079" "Mozilla/5.0 (Windows NT 10.0; WOW64) AppleWebKit/537.36 (KHTML, like Gecko) Chrome/86.0.4240.198 Safari/537.36"
106.88.96.230 - - [09/Dec/2025:16:10:05 +0800] "GET /2339/ HTTP/1.1" 200 20654 "-" "Mozilla/5.0 (iPhone; CPU iPhone OS 18_6_2 like Mac OS X) AppleWebKit/605.1.15 (KHTML, like Gecko) Mobile/15E148 MicroMessenger/8.0.54(0x1800363a) NetType/4G Language/zh_CN"
106.88.96.230 - - [09/Dec/2025:16:10:06 +0800] "GET /wp-content/uploads/2025/12/1765253089-20251209103501_96_61.webp HTTP/1.1" 200 37758 "http://cqqizhou.com/2339/" "Mozilla/5.0 (iPhone; CPU iPhone OS 18_6_2 like Mac OS X) AppleWebKit/605.1.15 (KHTML, like Gecko) Mobile/15E148 MicroMessenger/8.0.54(0x1800363a) NetType/4G Language/zh_CN"
106.88.96.230 - - [09/Dec/2025:16:10:06 +0800] "GET /wp-content/uploads/2025/07/1753410289-News2000%C3%97400_202571.webp HTTP/1.1" 200 17830 "http://cqqizhou.com/2339/" "Mozilla/5.0 (iPhone; CPU iPhone OS 18_6_2 like Mac OS X) AppleWebKit/605.1.15 (KHTML, like Gecko) Mobile/15E148 MicroMessenger/8.0.54(0x1800363a) NetType/4G Language/zh_CN"
106.88.96.230 - - [09/Dec/2025:16:10:06 +0800] "GET /wp-content/uploads/2025/12/1765248735-20251209104226_108_60.webp HTTP/1.1" 200 55962 "http://cqqizhou.com/2339/" "Mozilla/5.0 (iPhone; CPU iPhone OS 18_6_2 like Mac OS X) AppleWebKit/605.1.15 (KHTML, like Gecko) Mobile/15E148 MicroMessenger/8.0.54(0x1800363a) NetType/4G Language/zh_CN"
106.88.96.230 - - [09/Dec/2025:16:10:06 +0800] "GET /wp-content/uploads/2025/12/1765248770-20251209104226_107_60.webp HTTP/1.1" 200 66916 "http://cqqizhou.com/2339/" "Mozilla/5.0 (iPhone; CPU iPhone OS 18_6_2 like Mac OS X) AppleWebKit/605.1.15 (KHTML, like Gecko) Mobile/15E148 MicroMessenger/8.0.54(0x1800363a) NetType/4G Language/zh_CN"
106.88.96.230 - - [09/Dec/2025:16:10:06 +0800] "GET /wp-content/uploads/2025/09/1756868614-20250903104654_74_5-150x150.webp HTTP/1.1" 200 5712 "http://cqqizhou.com/2339/" "Mozilla/5.0 (iPhone; CPU iPhone OS 18_6_2 like Mac OS X) AppleWebKit/605.1.15 (KHTML, like Gecko) Mobile/15E148 MicroMessenger/8.0.54(0x1800363a) NetType/4G Language/zh_CN"
106.88.96.230 - - [09/Dec/2025:16:10:06 +0800] "GET /wp-content/uploads/2025/09/1756868614-20250903104654_74_5.webp HTTP/1.1" 200 47858 "http://cqqizhou.com/2339/" "Mozilla/5.0 (iPhone; CPU iPhone OS 18_6_2 like Mac OS X) AppleWebKit/605.1.15 (KHTML, like Gecko) Mobile/15E148 MicroMessenger/8.0.54(0x1800363a) NetType/4G Language/zh_CN"
106.88.96.230 - - [09/Dec/2025:16:10:06 +0800] "GET /wp-content/uploads/2025/08/1755826456-DSC01841.webp HTTP/1.1" 200 87046 "http://cqqizhou.com/2339/" "Mozilla/5.0 (iPhone; CPU iPhone OS 18_6_2 like Mac OS X) AppleWebKit/605.1.15 (KHTML, like Gecko) Mobile/15E148 MicroMessenger/8.0.54(0x1800363a) NetType/4G Language/zh_CN"
106.88.96.230 - - [09/Dec/2025:16:10:06 +0800] "GET /wp-content/uploads/2025/07/1751425283-qizhou.kf_.qq_.com_.webp HTTP/1.1" 200 16864 "http://cqqizhou.com/2339/" "Mozilla/5.0 (iPhone; CPU iPhone OS 18_6_2 like Mac OS X) AppleWebKit/605.1.15 (KHTML, like Gecko) Mobile/15E148 MicroMessenger/8.0.54(0x1800363a) NetType/4G Language/zh_CN"
125.80.163.58 - - [09/Dec/2025:16:10:10 +0800] "GET /wp-content/uploads/2025/12/1765249046-20251209104228_110_60.webp HTTP/1.1" 200 64834 "http://cqqizhou.com/2339/" "Mozilla/5.0 (iPhone; CPU iPhone OS 18_6_2 like Mac OS X) AppleWebKit/605.1.15 (KHTML, like Gecko) Mobile/15E148 MicroMessenger/8.0.66(0x18004229) NetType/WIFI Language/zh_CN"
106.88.96.230 - - [09/Dec/2025:16:10:26 +0800] "GET /wp-content/uploads/2025/12/1765249046-20251209104228_110_60.webp HTTP/1.1" 200 64834 "http://cqqizhou.com/2339/" "Mozilla/5.0 (iPhone; CPU iPhone OS 18_6_2 like Mac OS X) AppleWebKit/605.1.15 (KHTML, like Gecko) Mobile/15E148 MicroMessenger/8.0.54(0x1800363a) NetType/4G Language/zh_CN"
36.133.115.36 - - [09/Dec/2025:16:11:11 +0800] "POST /wp-cron.php?doing_wp_cron=1765267871.1103019714355468750000 HTTP/1.1" 200 31 "-" "WordPress/6.8.3; http://cqqizhou.com"
183.226.149.188 - - [09/Dec/2025:16:11:11 +0800] "GET /2339/ HTTP/1.1" 200 20654 "-" "Mozilla/5.0 (Linux; Android 12; BRA-AL00 Build/HUAWEIBRA-AL00; wv) AppleWebKit/537.36 (KHTML, like Gecko) Version/4.0 Chrome/142.0.7444.172 Mobile Safari/537.36 XWEB/1420045 MMWEBSDK/20251006 MMWEBID/8256 MicroMessenger/8.0.66.2980(0x28004234) WeChat/arm64 Weixin NetType/WIFI Language/zh_CN ABI/arm64"
183.226.149.188 - - [09/Dec/2025:16:11:11 +0800] "GET /wp-content/uploads/2025/12/1765253089-20251209103501_96_61.webp HTTP/1.1" 200 37758 "http://cqqizhou.com/2339/" "Mozilla/5.0 (Linux; Android 12; BRA-AL00 Build/HUAWEIBRA-AL00; wv) AppleWebKit/537.36 (KHTML, like Gecko) Version/4.0 Chrome/142.0.7444.172 Mobile Safari/537.36 XWEB/1420045 MMWEBSDK/20251006 MMWEBID/8256 MicroMessenger/8.0.66.2980(0x28004234) WeChat/arm64 Weixin NetType/WIFI Language/zh_CN ABI/arm64"
183.226.149.188 - - [09/Dec/2025:16:11:11 +0800] "GET /wp-content/uploads/2025/12/1765248735-20251209104226_108_60.webp HTTP/1.1" 200 55962 "http://cqqizhou.com/2339/" "Mozilla/5.0 (Linux; Android 12; BRA-AL00 Build/HUAWEIBRA-AL00; wv) AppleWebKit/537.36 (KHTML, like Gecko) Version/4.0 Chrome/142.0.7444.172 Mobile Safari/537.36 XWEB/1420045 MMWEBSDK/20251006 MMWEBID/8256 MicroMessenger/8.0.66.2980(0x28004234) WeChat/arm64 Weixin NetType/WIFI Language/zh_CN ABI/arm64"
183.226.149.188 - - [09/Dec/2025:16:11:11 +0800] "GET /wp-content/uploads/2025/12/1765248770-20251209104226_107_60.webp HTTP/1.1" 200 66916 "http://cqqizhou.com/2339/" "Mozilla/5.0 (Linux; Android 12; BRA-AL00 Build/HUAWEIBRA-AL00; wv) AppleWebKit/537.36 (KHTML, like Gecko) Version/4.0 Chrome/142.0.7444.172 Mobile Safari/537.36 XWEB/1420045 MMWEBSDK/20251006 MMWEBID/8256 MicroMessenger/8.0.66.2980(0x28004234) WeChat/arm64 Weixin NetType/WIFI Language/zh_CN ABI/arm64"
183.226.149.188 - - [09/Dec/2025:16:11:11 +0800] "GET /wp-content/uploads/2025/09/1756868614-20250903104654_74_5-150x150.webp HTTP/1.1" 200 5712 "http://cqqizhou.com/2339/" "Mozilla/5.0 (Linux; Android 12; BRA-AL00 Build/HUAWEIBRA-AL00; wv) AppleWebKit/537.36 (KHTML, like Gecko) Version/4.0 Chrome/142.0.7444.172 Mobile Safari/537.36 XWEB/1420045 MMWEBSDK/20251006 MMWEBID/8256 MicroMessenger/8.0.66.2980(0x28004234) WeChat/arm64 Weixin NetType/WIFI Language/zh_CN ABI/arm64"
183.226.149.188 - - [09/Dec/2025:16:11:11 +0800] "GET /wp-content/uploads/2025/09/1756868614-20250903104654_74_5.webp HTTP/1.1" 200 47858 "http://cqqizhou.com/2339/" "Mozilla/5.0 (Linux; Android 12; BRA-AL00 Build/HUAWEIBRA-AL00; wv) AppleWebKit/537.36 (KHTML, like Gecko) Version/4.0 Chrome/142.0.7444.172 Mobile Safari/537.36 XWEB/1420045 MMWEBSDK/20251006 MMWEBID/8256 MicroMessenger/8.0.66.2980(0x28004234) WeChat/arm64 Weixin NetType/WIFI Language/zh_CN ABI/arm64"
183.226.149.188 - - [09/Dec/2025:16:11:11 +0800] "GET /wp-content/uploads/2025/07/1753410289-News2000%C3%97400_202571.webp HTTP/1.1" 200 17830 "http://cqqizhou.com/2339/" "Mozilla/5.0 (Linux; Android 12; BRA-AL00 Build/HUAWEIBRA-AL00; wv) AppleWebKit/537.36 (KHTML, like Gecko) Version/4.0 Chrome/142.0.7444.172 Mobile Safari/537.36 XWEB/1420045 MMWEBSDK/20251006 MMWEBID/8256 MicroMessenger/8.0.66.2980(0x28004234) WeChat/arm64 Weixin NetType/WIFI Language/zh_CN ABI/arm64"
183.226.149.188 - - [09/Dec/2025:16:11:11 +0800] "GET /wp-content/uploads/2025/08/1755826456-DSC01841.webp HTTP/1.1" 200 87046 "http://cqqizhou.com/2339/" "Mozilla/5.0 (Linux; Android 12; BRA-AL00 Build/HUAWEIBRA-AL00; wv) AppleWebKit/537.36 (KHTML, like Gecko) Version/4.0 Chrome/142.0.7444.172 Mobile Safari/537.36 XWEB/1420045 MMWEBSDK/20251006 MMWEBID/8256 MicroMessenger/8.0.66.2980(0x28004234) WeChat/arm64 Weixin NetType/WIFI Language/zh_CN ABI/arm64"
183.226.149.188 - - [09/Dec/2025:16:11:11 +0800] "GET /wp-content/uploads/2025/07/1751425283-qizhou.kf_.qq_.com_.webp HTTP/1.1" 200 16864 "http://cqqizhou.com/2339/" "Mozilla/5.0 (Linux; Android 12; BRA-AL00 Build/HUAWEIBRA-AL00; wv) AppleWebKit/537.36 (KHTML, like Gecko) Version/4.0 Chrome/142.0.7444.172 Mobile Safari/537.36 XWEB/1420045 MMWEBSDK/20251006 MMWEBID/8256 MicroMessenger/8.0.66.2980(0x28004234) WeChat/arm64 Weixin NetType/WIFI Language/zh_CN ABI/arm64"
183.226.149.188 - - [09/Dec/2025:16:11:11 +0800] "GET /wp-content/uploads/2025/12/1765249046-20251209104228_110_60.webp HTTP/1.1" 200 64834 "http://cqqizhou.com/2339/" "Mozilla/5.0 (Linux; Android 12; BRA-AL00 Build/HUAWEIBRA-AL00; wv) AppleWebKit/537.36 (KHTML, like Gecko) Version/4.0 Chrome/142.0.7444.172 Mobile Safari/537.36 XWEB/1420045 MMWEBSDK/20251006 MMWEBID/8256 MicroMessenger/8.0.66.2980(0x28004234) WeChat/arm64 Weixin NetType/WIFI Language/zh_CN ABI/arm64"
183.226.149.188 - - [09/Dec/2025:16:11:27 +0800] "GET /2215/ HTTP/1.1" 200 20157 "http://cqqizhou.com/2339/" "Mozilla/5.0 (Linux; Android 12; BRA-AL00 Build/HUAWEIBRA-AL00; wv) AppleWebKit/537.36 (KHTML, like Gecko) Version/4.0 Chrome/142.0.7444.172 Mobile Safari/537.36 XWEB/1420045 MMWEBSDK/20251006 MMWEBID/8256 MicroMessenger/8.0.66.2980(0x28004234) WeChat/arm64 Weixin NetType/WIFI Language/zh_CN ABI/arm64"
183.226.149.188 - - [09/Dec/2025:16:11:27 +0800] "GET /wp-content/uploads/2025/08/1755826390-DSC01765-150x150.webp HTTP/1.1" 200 6586 "http://cqqizhou.com/2215/" "Mozilla/5.0 (Linux; Android 12; BRA-AL00 Build/HUAWEIBRA-AL00; wv) AppleWebKit/537.36 (KHTML, like Gecko) Version/4.0 Chrome/142.0.7444.172 Mobile Safari/537.36 XWEB/1420045 MMWEBSDK/20251006 MMWEBID/8256 MicroMessenger/8.0.66.2980(0x28004234) WeChat/arm64 Weixin NetType/WIFI Language/zh_CN ABI/arm64"
14.108.233.226 - - [09/Dec/2025:16:11:42 +0800] "GET /2339/ HTTP/1.1" 200 20654 "-" "Mozilla/5.0 (iPhone; CPU iPhone OS 18_7 like Mac OS X) AppleWebKit/605.1.15 (KHTML, like Gecko) Mobile/15E148 MicroMessenger/8.0.66(0x18004229) NetType/WIFI Language/zh_CN"
14.108.233.226 - - [09/Dec/2025:16:11:42 +0800] "GET /wp-content/uploads/2025/12/1765253089-20251209103501_96_61.webp HTTP/1.1" 200 37758 "http://cqqizhou.com/2339/" "Mozilla/5.0 (iPhone; CPU iPhone OS 18_7 like Mac OS X) AppleWebKit/605.1.15 (KHTML, like Gecko) Mobile/15E148 MicroMessenger/8.0.66(0x18004229) NetType/WIFI Language/zh_CN"
14.108.233.226 - - [09/Dec/2025:16:11:42 +0800] "GET /wp-content/uploads/2025/07/1753410289-News2000%C3%97400_202571.webp HTTP/1.1" 200 17830 "http://cqqizhou.com/2339/" "Mozilla/5.0 (iPhone; CPU iPhone OS 18_7 like Mac OS X) AppleWebKit/605.1.15 (KHTML, like Gecko) Mobile/15E148 MicroMessenger/8.0.66(0x18004229) NetType/WIFI Language/zh_CN"
14.108.233.226 - - [09/Dec/2025:16:11:42 +0800] "GET /wp-content/uploads/2025/12/1765248735-20251209104226_108_60.webp HTTP/1.1" 200 55962 "http://cqqizhou.com/2339/" "Mozilla/5.0 (iPhone; CPU iPhone OS 18_7 like Mac OS X) AppleWebKit/605.1.15 (KHTML, like Gecko) Mobile/15E148 MicroMessenger/8.0.66(0x18004229) NetType/WIFI Language/zh_CN"
14.108.233.226 - - [09/Dec/2025:16:11:42 +0800] "GET /wp-content/uploads/2025/12/1765248770-20251209104226_107_60.webp HTTP/1.1" 200 66916 "http://cqqizhou.com/2339/" "Mozilla/5.0 (iPhone; CPU iPhone OS 18_7 like Mac OS X) AppleWebKit/605.1.15 (KHTML, like Gecko) Mobile/15E148 MicroMessenger/8.0.66(0x18004229) NetType/WIFI Language/zh_CN"
14.108.233.226 - - [09/Dec/2025:16:11:42 +0800] "GET /wp-content/uploads/2025/09/1756868614-20250903104654_74_5-150x150.webp HTTP/1.1" 200 5712 "http://cqqizhou.com/2339/" "Mozilla/5.0 (iPhone; CPU iPhone OS 18_7 like Mac OS X) AppleWebKit/605.1.15 (KHTML, like Gecko) Mobile/15E148 MicroMessenger/8.0.66(0x18004229) NetType/WIFI Language/zh_CN"
14.108.233.226 - - [09/Dec/2025:16:11:42 +0800] "GET /wp-content/uploads/2025/09/1756868614-20250903104654_74_5.webp HTTP/1.1" 200 47858 "http://cqqizhou.com/2339/" "Mozilla/5.0 (iPhone; CPU iPhone OS 18_7 like Mac OS X) AppleWebKit/605.1.15 (KHTML, like Gecko) Mobile/15E148 MicroMessenger/8.0.66(0x18004229) NetType/WIFI Language/zh_CN"
14.108.233.226 - - [09/Dec/2025:16:11:42 +0800] "GET /wp-content/uploads/2025/08/1755826456-DSC01841.webp HTTP/1.1" 200 87046 "http://cqqizhou.com/2339/" "Mozilla/5.0 (iPhone; CPU iPhone OS 18_7 like Mac OS X) AppleWebKit/605.1.15 (KHTML, like Gecko) Mobile/15E148 MicroMessenger/8.0.66(0x18004229) NetType/WIFI Language/zh_CN"
14.108.233.226 - - [09/Dec/2025:16:11:42 +0800] "GET /wp-content/uploads/2025/07/1751425283-qizhou.kf_.qq_.com_.webp HTTP/1.1" 200 16864 "http://cqqizhou.com/2339/" "Mozilla/5.0 (iPhone; CPU iPhone OS 18_7 like Mac OS X) AppleWebKit/605.1.15 (KHTML, like Gecko) Mobile/15E148 MicroMessenger/8.0.66(0x18004229) NetType/WIFI Language/zh_CN"
14.108.232.115 - - [09/Dec/2025:16:11:43 +0800] "GET /wp-content/uploads/revslider/slider-1/1750929639-yuanjing_Slider_3840%C3%972160_20250626171955-scaled-50x100.webp HTTP/1.1" 200 1784 "http://cqqizhou.com/" "Mozilla/5.0 (Windows NT 10.0; WOW64) AppleWebKit/537.36 (KHTML, like Gecko) Chrome/86.0.4240.198 Safari/537.36"
36.133.115.36 - - [09/Dec/2025:16:11:47 +0800] "POST /wp-cron.php?doing_wp_cron=1765267907.1445739269256591796875 HTTP/1.1" 200 31 "-" "WordPress/6.8.3; http://cqqizhou.com"
14.108.233.226 - - [09/Dec/2025:16:11:47 +0800] "GET /2339/ HTTP/1.1" 200 20654 "-" "Mozilla/5.0 (iPhone; CPU iPhone OS 18_7 like Mac OS X) AppleWebKit/605.1.15 (KHTML, like Gecko) Mobile/15E148 MicroMessenger/8.0.66(0x18004229) NetType/WIFI Language/zh_CN"
14.108.232.115 - - [09/Dec/2025:16:11:51 +0800] "GET /wp-content/uploads/2025/07/1751988544-Logistics-delivery_images_W900%C3%97300.webp HTTP/1.1" 200 26142 "http://cqqizhou.com/wp-content/uploads/elementor/css/post-1666.css?ver=1765265079" "Mozilla/5.0 (Windows NT 10.0; WOW64) AppleWebKit/537.36 (KHTML, like Gecko) Chrome/86.0.4240.198 Safari/537.36"
14.108.232.115 - - [09/Dec/2025:16:12:04 +0800] "GET / HTTP/1.1" 304 0 "http://cqqizhou.com/" "Mozilla/5.0 (Windows NT 10.0; WOW64) AppleWebKit/537.36 (KHTML, like Gecko) Chrome/86.0.4240.198 Safari/537.36"
14.108.232.115 - - [09/Dec/2025:16:12:05 +0800] "GET /wp-content/uploads/2025/12/1765265398-qizhou_Slider_3840%C3%972160_20251209-scaled-50x100.webp HTTP/1.1" 304 0 "http://cqqizhou.com/" "Mozilla/5.0 (Windows NT 10.0; WOW64) AppleWebKit/537.36 (KHTML, like Gecko) Chrome/86.0.4240.198 Safari/537.36"
14.108.232.115 - - [09/Dec/2025:16:12:05 +0800] "GET /wp-json/sliderrevolution/sliders/1?srengine=7&slideid=2 HTTP/1.1" 200 2058 "http://cqqizhou.com/" "Mozilla/5.0 (Windows NT 10.0; WOW64) AppleWebKit/537.36 (KHTML, like Gecko) Chrome/86.0.4240.198 Safari/537.36"
14.108.232.115 - - [09/Dec/2025:16:12:05 +0800] "GET /wp-json/sliderrevolution/sliders/1?srengine=7&slideid=3 HTTP/1.1" 200 2286 "http://cqqizhou.com/" "Mozilla/5.0 (Windows NT 10.0; WOW64) AppleWebKit/537.36 (KHTML, like Gecko) Chrome/86.0.4240.198 Safari/537.36"
14.108.232.115 - - [09/Dec/2025:16:12:05 +0800] "GET /wp-content/uploads/2025/12/1765265398-qizhou_Slider_3840%C3%972160_20251209-scaled.webp HTTP/1.1" 304 0 "http://cqqizhou.com/" "Mozilla/5.0 (Windows NT 10.0; WOW64) AppleWebKit/537.36 (KHTML, like Gecko) Chrome/86.0.4240.198 Safari/537.36"
14.108.232.115 - - [09/Dec/2025:16:12:06 +0800] "POST /wp-admin/admin-ajax.php HTTP/1.1" 200 116 "http://cqqizhou.com/" "Mozilla/5.0 (Windows NT 10.0; WOW64) AppleWebKit/537.36 (KHTML, like Gecko) Chrome/86.0.4240.198 Safari/537.36"
170.106.72.93 - - [09/Dec/2025:16:12:23 +0800] "GET / HTTP/1.1" 301 5 "-" "Mozilla/5.0 (iPhone; CPU iPhone OS 13_2_3 like Mac OS X) AppleWebKit/605.1.15 (KHTML, like Gecko) Version/13.0.3 Mobile/15E148 Safari/604.1"
170.106.72.93 - - [09/Dec/2025:16:12:25 +0800] "GET / HTTP/1.1" 200 33704 "http://36.133.115.36" "Mozilla/5.0 (iPhone; CPU iPhone OS 13_2_3 like Mac OS X) AppleWebKit/605.1.15 (KHTML, like Gecko) Version/13.0.3 Mobile/15E148 Safari/604.1"
183.226.149.188 - - [09/Dec/2025:16:12:32 +0800] "GET /2339/ HTTP/1.1" 200 20654 "-" "Mozilla/5.0 (Linux; Android 12; BRA-AL00 Build/HUAWEIBRA-AL00; wv) AppleWebKit/537.36 (KHTML, like Gecko) Version/4.0 Chrome/142.0.7444.172 Mobile Safari/537.36 XWEB/1420045 MMWEBSDK/20251006 MMWEBID/8256 MicroMessenger/8.0.66.2980(0x28004234) WeChat/arm64 Weixin NetType/WIFI Language/zh_CN ABI/arm64"
183.226.149.188 - - [09/Dec/2025:16:12:39 +0800] "GET /2215/ HTTP/1.1" 200 20157 "http://cqqizhou.com/2339/" "Mozilla/5.0 (Linux; Android 12; BRA-AL00 Build/HUAWEIBRA-AL00; wv) AppleWebKit/537.36 (KHTML, like Gecko) Version/4.0 Chrome/142.0.7444.172 Mobile Safari/537.36 XWEB/1420045 MMWEBSDK/20251006 MMWEBID/8256 MicroMessenger/8.0.66.2980(0x28004234) WeChat/arm64 Weixin NetType/WIFI Language/zh_CN ABI/arm64"
36.133.115.36 - - [09/Dec/2025:16:13:06 +0800] "POST /wp-cron.php?doing_wp_cron=1765267986.9112350940704345703125 HTTP/1.1" 200 31 "-" "WordPress/6.8.3; http://cqqizhou.com"
183.226.149.188 - - [09/Dec/2025:16:13:07 +0800] "GET /2339/ HTTP/1.1" 200 20654 "-" "Mozilla/5.0 (Linux; Android 12; BRA-AL00 Build/HUAWEIBRA-AL00; wv) AppleWebKit/537.36 (KHTML, like Gecko) Version/4.0 Chrome/142.0.7444.172 Mobile Safari/537.36 XWEB/1420045 MMWEBSDK/20251006 MMWEBID/8256 MicroMessenger/8.0.66.2980(0x28004234) WeChat/arm64 Weixin NetType/WIFI Language/zh_CN ABI/arm64"
14.108.232.115 - - [09/Dec/2025:16:13:57 +0800] "GET / HTTP/1.1" 304 0 "http://cqqizhou.com/" "Mozilla/5.0 (Windows NT 10.0; WOW64) AppleWebKit/537.36 (KHTML, like Gecko) Chrome/86.0.4240.198 Safari/537.36"
36.133.115.36 - - [09/Dec/2025:16:13:58 +0800] "POST /wp-cron.php?doing_wp_cron=1765268038.5070540904998779296875 HTTP/1.1" 200 31 "-" "WordPress/6.8.3; http://cqqizhou.com"
14.108.232.115 - - [09/Dec/2025:16:13:58 +0800] "GET /wp-json/sliderrevolution/sliders/1?srengine=7&slideid=2 HTTP/1.1" 200 2058 "http://cqqizhou.com/" "Mozilla/5.0 (Windows NT 10.0; WOW64) AppleWebKit/537.36 (KHTML, like Gecko) Chrome/86.0.4240.198 Safari/537.36"
14.108.232.115 - - [09/Dec/2025:16:13:58 +0800] "GET /wp-json/sliderrevolution/sliders/1?srengine=7&slideid=3 HTTP/1.1" 200 2286 "http://cqqizhou.com/" "Mozilla/5.0 (Windows NT 10.0; WOW64) AppleWebKit/537.36 (KHTML, like Gecko) Chrome/86.0.4240.198 Safari/537.36"
14.108.232.115 - - [09/Dec/2025:16:13:58 +0800] "POST /wp-admin/admin-ajax.php HTTP/1.1" 200 116 "http://cqqizhou.com/" "Mozilla/5.0 (Windows NT 10.0; WOW64) AppleWebKit/537.36 (KHTML, like Gecko) Chrome/86.0.4240.198 Safari/537.36"
36.133.115.36 - - [09/Dec/2025:16:15:27 +0800] "POST /wp-cron.php?doing_wp_cron=1765268127.8404660224914550781250 HTTP/1.1" 200 31 "-" "WordPress/6.8.3; http://cqqizhou.com"
39.144.224.124 - - [09/Dec/2025:16:15:28 +0800] "GET /2339/ HTTP/1.1" 200 20654 "-" "Mozilla/5.0 (iPhone; CPU iPhone OS 16_1_1 like Mac OS X) AppleWebKit/605.1.15 (KHTML, like Gecko) Mobile/15E148 MicroMessenger/8.0.59(0x18003b2e) NetType/4G Language/zh_CN"
39.144.224.124 - - [09/Dec/2025:16:15:29 +0800] "GET /wp-content/uploads/2025/07/1753410289-News2000%C3%97400_202571.webp HTTP/1.1" 200 17830 "http://cqqizhou.com/2339/" "Mozilla/5.0 (iPhone; CPU iPhone OS 16_1_1 like Mac OS X) AppleWebKit/605.1.15 (KHTML, like Gecko) Mobile/15E148 MicroMessenger/8.0.59(0x18003b2e) NetType/4G Language/zh_CN"
39.144.224.124 - - [09/Dec/2025:16:15:30 +0800] "GET /wp-content/uploads/2025/12/1765253089-20251209103501_96_61.webp HTTP/1.1" 200 37758 "http://cqqizhou.com/2339/" "Mozilla/5.0 (iPhone; CPU iPhone OS 16_1_1 like Mac OS X) AppleWebKit/605.1.15 (KHTML, like Gecko) Mobile/15E148 MicroMessenger/8.0.59(0x18003b2e) NetType/4G Language/zh_CN"
39.144.224.124 - - [09/Dec/2025:16:15:30 +0800] "GET /wp-content/uploads/2025/12/1765248735-20251209104226_108_60.webp HTTP/1.1" 200 55962 "http://cqqizhou.com/2339/" "Mozilla/5.0 (iPhone; CPU iPhone OS 16_1_1 like Mac OS X) AppleWebKit/605.1.15 (KHTML, like Gecko) Mobile/15E148 MicroMessenger/8.0.59(0x18003b2e) NetType/4G Language/zh_CN"
39.144.224.124 - - [09/Dec/2025:16:15:30 +0800] "GET /wp-content/uploads/2025/12/1765248770-20251209104226_107_60.webp HTTP/1.1" 200 66916 "http://cqqizhou.com/2339/" "Mozilla/5.0 (iPhone; CPU iPhone OS 16_1_1 like Mac OS X) AppleWebKit/605.1.15 (KHTML, like Gecko) Mobile/15E148 MicroMessenger/8.0.59(0x18003b2e) NetType/4G Language/zh_CN"
39.144.224.124 - - [09/Dec/2025:16:15:30 +0800] "GET /wp-content/uploads/2025/09/1756868614-20250903104654_74_5-150x150.webp HTTP/1.1" 200 5712 "http://cqqizhou.com/2339/" "Mozilla/5.0 (iPhone; CPU iPhone OS 16_1_1 like Mac OS X) AppleWebKit/605.1.15 (KHTML, like Gecko) Mobile/15E148 MicroMessenger/8.0.59(0x18003b2e) NetType/4G Language/zh_CN"
39.144.224.124 - - [09/Dec/2025:16:15:30 +0800] "GET /wp-content/uploads/2025/09/1756868614-20250903104654_74_5.webp HTTP/1.1" 200 47858 "http://cqqizhou.com/2339/" "Mozilla/5.0 (iPhone; CPU iPhone OS 16_1_1 like Mac OS X) AppleWebKit/605.1.15 (KHTML, like Gecko) Mobile/15E148 MicroMessenger/8.0.59(0x18003b2e) NetType/4G Language/zh_CN"
39.144.224.124 - - [09/Dec/2025:16:15:30 +0800] "GET /wp-content/uploads/2025/08/1755826456-DSC01841.webp HTTP/1.1" 200 87046 "http://cqqizhou.com/2339/" "Mozilla/5.0 (iPhone; CPU iPhone OS 16_1_1 like Mac OS X) AppleWebKit/605.1.15 (KHTML, like Gecko) Mobile/15E148 MicroMessenger/8.0.59(0x18003b2e) NetType/4G Language/zh_CN"
39.144.224.124 - - [09/Dec/2025:16:15:30 +0800] "GET /wp-content/uploads/2025/07/1751425283-qizhou.kf_.qq_.com_.webp HTTP/1.1" 200 16864 "http://cqqizhou.com/2339/" "Mozilla/5.0 (iPhone; CPU iPhone OS 16_1_1 like Mac OS X) AppleWebKit/605.1.15 (KHTML, like Gecko) Mobile/15E148 MicroMessenger/8.0.59(0x18003b2e) NetType/4G Language/zh_CN"
36.133.115.36 - - [09/Dec/2025:16:19:16 +0800] "POST /wp-cron.php?doing_wp_cron=1765268356.1702499389648437500000 HTTP/1.1" 200 31 "-" "WordPress/6.8.3; http://cqqizhou.com"
103.65.236.57 - - [09/Dec/2025:16:19:16 +0800] "GET /?auto-login=1&user_id=1&token=c4ca4238a0 HTTP/1.1" 301 5 "-" "getfile/5.0-REAL"
36.133.115.36 - - [09/Dec/2025:16:21:01 +0800] "POST /wp-cron.php?doing_wp_cron=1765268461.6080260276794433593750 HTTP/1.1" 200 31 "-" "WordPress/6.8.3; http://cqqizhou.com"
223.160.194.254 - - [09/Dec/2025:16:21:01 +0800] "GET /2339/ HTTP/1.1" 200 20655 "-" "Mozilla/5.0 (Linux; Android 14; 23127PN0CC Build/UKQ1.230804.001; wv) AppleWebKit/537.36 (KHTML, like Gecko) Version/4.0 Chrome/142.0.7444.172 Mobile Safari/537.36 XWEB/1420045 MMWEBSDK/20250201 MMWEBID/8087 MicroMessenger/8.0.60.2860(0x28003C55) WeChat/arm64 Weixin NetType/4G Language/zh_CN ABI/arm64"
223.160.194.254 - - [09/Dec/2025:16:21:02 +0800] "GET /wp-content/uploads/2025/12/1765253089-20251209103501_96_61.webp HTTP/1.1" 200 37758 "http://cqqizhou.com/2339/" "Mozilla/5.0 (Linux; Android 14; 23127PN0CC Build/UKQ1.230804.001; wv) AppleWebKit/537.36 (KHTML, like Gecko) Version/4.0 Chrome/142.0.7444.172 Mobile Safari/537.36 XWEB/1420045 MMWEBSDK/20250201 MMWEBID/8087 MicroMessenger/8.0.60.2860(0x28003C55) WeChat/arm64 Weixin NetType/4G Language/zh_CN ABI/arm64"
223.160.194.254 - - [09/Dec/2025:16:21:02 +0800] "GET /wp-content/uploads/2025/12/1765248735-20251209104226_108_60.webp HTTP/1.1" 200 55962 "http://cqqizhou.com/2339/" "Mozilla/5.0 (Linux; Android 14; 23127PN0CC Build/UKQ1.230804.001; wv) AppleWebKit/537.36 (KHTML, like Gecko) Version/4.0 Chrome/142.0.7444.172 Mobile Safari/537.36 XWEB/1420045 MMWEBSDK/20250201 MMWEBID/8087 MicroMessenger/8.0.60.2860(0x28003C55) WeChat/arm64 Weixin NetType/4G Language/zh_CN ABI/arm64"
223.160.194.254 - - [09/Dec/2025:16:21:02 +0800] "GET /wp-content/uploads/2025/09/1756868614-20250903104654_74_5.webp HTTP/1.1" 200 47858 "http://cqqizhou.com/2339/" "Mozilla/5.0 (Linux; Android 14; 23127PN0CC Build/UKQ1.230804.001; wv) AppleWebKit/537.36 (KHTML, like Gecko) Version/4.0 Chrome/142.0.7444.172 Mobile Safari/537.36 XWEB/1420045 MMWEBSDK/20250201 MMWEBID/8087 MicroMessenger/8.0.60.2860(0x28003C55) WeChat/arm64 Weixin NetType/4G Language/zh_CN ABI/arm64"
223.160.194.254 - - [09/Dec/2025:16:21:02 +0800] "GET /wp-content/uploads/2025/12/1765248770-20251209104226_107_60.webp HTTP/1.1" 200 66916 "http://cqqizhou.com/2339/" "Mozilla/5.0 (Linux; Android 14; 23127PN0CC Build/UKQ1.230804.001; wv) AppleWebKit/537.36 (KHTML, like Gecko) Version/4.0 Chrome/142.0.7444.172 Mobile Safari/537.36 XWEB/1420045 MMWEBSDK/20250201 MMWEBID/8087 MicroMessenger/8.0.60.2860(0x28003C55) WeChat/arm64 Weixin NetType/4G Language/zh_CN ABI/arm64"
223.160.194.254 - - [09/Dec/2025:16:21:02 +0800] "GET /wp-content/uploads/2025/09/1756868614-20250903104654_74_5-150x150.webp HTTP/1.1" 200 5712 "http://cqqizhou.com/2339/" "Mozilla/5.0 (Linux; Android 14; 23127PN0CC Build/UKQ1.230804.001; wv) AppleWebKit/537.36 (KHTML, like Gecko) Version/4.0 Chrome/142.0.7444.172 Mobile Safari/537.36 XWEB/1420045 MMWEBSDK/20250201 MMWEBID/8087 MicroMessenger/8.0.60.2860(0x28003C55) WeChat/arm64 Weixin NetType/4G Language/zh_CN ABI/arm64"
223.160.194.254 - - [09/Dec/2025:16:21:02 +0800] "GET /wp-content/uploads/2025/07/1753410289-News2000%C3%97400_202571.webp HTTP/1.1" 200 17830 "http://cqqizhou.com/2339/" "Mozilla/5.0 (Linux; Android 14; 23127PN0CC Build/UKQ1.230804.001; wv) AppleWebKit/537.36 (KHTML, like Gecko) Version/4.0 Chrome/142.0.7444.172 Mobile Safari/537.36 XWEB/1420045 MMWEBSDK/20250201 MMWEBID/8087 MicroMessenger/8.0.60.2860(0x28003C55) WeChat/arm64 Weixin NetType/4G Language/zh_CN ABI/arm64"
223.160.194.254 - - [09/Dec/2025:16:21:02 +0800] "GET /wp-content/uploads/2025/12/1765249046-20251209104228_110_60.webp HTTP/1.1" 200 64834 "http://cqqizhou.com/2339/" "Mozilla/5.0 (Linux; Android 14; 23127PN0CC Build/UKQ1.230804.001; wv) AppleWebKit/537.36 (KHTML, like Gecko) Version/4.0 Chrome/142.0.7444.172 Mobile Safari/537.36 XWEB/1420045 MMWEBSDK/20250201 MMWEBID/8087 MicroMessenger/8.0.60.2860(0x28003C55) WeChat/arm64 Weixin NetType/4G Language/zh_CN ABI/arm64"
223.160.194.254 - - [09/Dec/2025:16:21:02 +0800] "GET /wp-content/uploads/2025/07/1751425283-qizhou.kf_.qq_.com_.webp HTTP/1.1" 200 16864 "http://cqqizhou.com/2339/" "Mozilla/5.0 (Linux; Android 14; 23127PN0CC Build/UKQ1.230804.001; wv) AppleWebKit/537.36 (KHTML, like Gecko) Version/4.0 Chrome/142.0.7444.172 Mobile Safari/537.36 XWEB/1420045 MMWEBSDK/20250201 MMWEBID/8087 MicroMessenger/8.0.60.2860(0x28003C55) WeChat/arm64 Weixin NetType/4G Language/zh_CN ABI/arm64"
223.160.194.254 - - [09/Dec/2025:16:21:02 +0800] "GET /wp-content/uploads/2025/08/1755826456-DSC01841.webp HTTP/1.1" 200 87046 "http://cqqizhou.com/2339/" "Mozilla/5.0 (Linux; Android 14; 23127PN0CC Build/UKQ1.230804.001; wv) AppleWebKit/537.36 (KHTML, like Gecko) Version/4.0 Chrome/142.0.7444.172 Mobile Safari/537.36 XWEB/1420045 MMWEBSDK/20250201 MMWEBID/8087 MicroMessenger/8.0.60.2860(0x28003C55) WeChat/arm64 Weixin NetType/4G Language/zh_CN ABI/arm64"
123.147.252.97 - - [09/Dec/2025:16:21:24 +0800] "GET /2339/ HTTP/1.1" 200 20654 "-" "Mozilla/5.0 (iPhone; CPU iPhone OS 18_6_2 like Mac OS X) AppleWebKit/605.1.15 (KHTML, like Gecko) Mobile/15E148 wxwork/5.0.2 MicroMessenger/7.0.1 Language/zh ColorScheme/Light wwmver/3.26.502.378"
123.147.252.97 - - [09/Dec/2025:16:21:25 +0800] "GET /wp-content/uploads/2025/12/1765253089-20251209103501_96_61.webp HTTP/1.1" 200 37758 "http://cqqizhou.com/2339/" "Mozilla/5.0 (iPhone; CPU iPhone OS 18_6_2 like Mac OS X) AppleWebKit/605.1.15 (KHTML, like Gecko) Mobile/15E148 wxwork/5.0.2 MicroMessenger/7.0.1 Language/zh ColorScheme/Light wwmver/3.26.502.378"
123.147.252.97 - - [09/Dec/2025:16:21:25 +0800] "GET /wp-content/uploads/2025/07/1753410289-News2000%C3%97400_202571.webp HTTP/1.1" 200 17830 "http://cqqizhou.com/2339/" "Mozilla/5.0 (iPhone; CPU iPhone OS 18_6_2 like Mac OS X) AppleWebKit/605.1.15 (KHTML, like Gecko) Mobile/15E148 wxwork/5.0.2 MicroMessenger/7.0.1 Language/zh ColorScheme/Light wwmver/3.26.502.378"
123.147.252.97 - - [09/Dec/2025:16:21:25 +0800] "GET /wp-content/uploads/2025/12/1765248735-20251209104226_108_60.webp HTTP/1.1" 200 55962 "http://cqqizhou.com/2339/" "Mozilla/5.0 (iPhone; CPU iPhone OS 18_6_2 like Mac OS X) AppleWebKit/605.1.15 (KHTML, like Gecko) Mobile/15E148 wxwork/5.0.2 MicroMessenger/7.0.1 Language/zh ColorScheme/Light wwmver/3.26.502.378"
123.147.252.97 - - [09/Dec/2025:16:21:25 +0800] "GET /wp-content/uploads/2025/12/1765248770-20251209104226_107_60.webp HTTP/1.1" 200 66916 "http://cqqizhou.com/2339/" "Mozilla/5.0 (iPhone; CPU iPhone OS 18_6_2 like Mac OS X) AppleWebKit/605.1.15 (KHTML, like Gecko) Mobile/15E148 wxwork/5.0.2 MicroMessenger/7.0.1 Language/zh ColorScheme/Light wwmver/3.26.502.378"
123.147.252.97 - - [09/Dec/2025:16:21:25 +0800] "GET /wp-content/uploads/2025/09/1756868614-20250903104654_74_5-150x150.webp HTTP/1.1" 200 5712 "http://cqqizhou.com/2339/" "Mozilla/5.0 (iPhone; CPU iPhone OS 18_6_2 like Mac OS X) AppleWebKit/605.1.15 (KHTML, like Gecko) Mobile/15E148 wxwork/5.0.2 MicroMessenger/7.0.1 Language/zh ColorScheme/Light wwmver/3.26.502.378"
123.147.252.97 - - [09/Dec/2025:16:21:25 +0800] "GET /wp-content/uploads/2025/09/1756868614-20250903104654_74_5.webp HTTP/1.1" 200 47858 "http://cqqizhou.com/2339/" "Mozilla/5.0 (iPhone; CPU iPhone OS 18_6_2 like Mac OS X) AppleWebKit/605.1.15 (KHTML, like Gecko) Mobile/15E148 wxwork/5.0.2 MicroMessenger/7.0.1 Language/zh ColorScheme/Light wwmver/3.26.502.378"
123.147.252.97 - - [09/Dec/2025:16:21:25 +0800] "GET /wp-content/uploads/2025/08/1755826456-DSC01841.webp HTTP/1.1" 200 87046 "http://cqqizhou.com/2339/" "Mozilla/5.0 (iPhone; CPU iPhone OS 18_6_2 like Mac OS X) AppleWebKit/605.1.15 (KHTML, like Gecko) Mobile/15E148 wxwork/5.0.2 MicroMessenger/7.0.1 Language/zh ColorScheme/Light wwmver/3.26.502.378"
123.147.252.97 - - [09/Dec/2025:16:21:25 +0800] "GET /wp-content/uploads/2025/07/1751425283-qizhou.kf_.qq_.com_.webp HTTP/1.1" 200 16864 "http://cqqizhou.com/2339/" "Mozilla/5.0 (iPhone; CPU iPhone OS 18_6_2 like Mac OS X) AppleWebKit/605.1.15 (KHTML, like Gecko) Mobile/15E148 wxwork/5.0.2 MicroMessenger/7.0.1 Language/zh ColorScheme/Light wwmver/3.26.502.378"
36.133.115.36 - - [09/Dec/2025:16:21:56 +0800] "POST /wp-cron.php?doing_wp_cron=1765268516.7035551071166992187500 HTTP/1.1" 200 31 "-" "WordPress/6.8.3; http://cqqizhou.com"
106.83.34.119 - - [09/Dec/2025:16:21:56 +0800] "GET /2339/ HTTP/1.1" 200 20654 "-" "Mozilla/5.0 (Linux; Android 15; 2407FRK8EC Build/AP3A.240617.008; wv) AppleWebKit/537.36 (KHTML, like Gecko) Version/4.0 Chrome/138.0.7204.180 Mobile Safari/537.36 XWEB/1380275 MMWEBSDK/20250202 MMWEBID/9961 wxwork/5.0.0 MicroMessenger/7.0.1 NetType/4G Language/zh Lang/zh ColorScheme/Light wwmver/3.26.500.650"
106.83.34.119 - - [09/Dec/2025:16:21:57 +0800] "GET /wp-content/uploads/2025/12/1765248735-20251209104226_108_60.webp HTTP/1.1" 304 0 "http://cqqizhou.com/2339/" "Mozilla/5.0 (Linux; Android 15; 2407FRK8EC Build/AP3A.240617.008; wv) AppleWebKit/537.36 (KHTML, like Gecko) Version/4.0 Chrome/138.0.7204.180 Mobile Safari/537.36 XWEB/1380275 MMWEBSDK/20250202 MMWEBID/9961 wxwork/5.0.0 MicroMessenger/7.0.1 NetType/4G Language/zh Lang/zh ColorScheme/Light wwmver/3.26.500.650"
106.83.34.119 - - [09/Dec/2025:16:21:57 +0800] "GET /wp-content/uploads/2025/12/1765248770-20251209104226_107_60.webp HTTP/1.1" 304 0 "http://cqqizhou.com/2339/" "Mozilla/5.0 (Linux; Android 15; 2407FRK8EC Build/AP3A.240617.008; wv) AppleWebKit/537.36 (KHTML, like Gecko) Version/4.0 Chrome/138.0.7204.180 Mobile Safari/537.36 XWEB/1380275 MMWEBSDK/20250202 MMWEBID/9961 wxwork/5.0.0 MicroMessenger/7.0.1 NetType/4G Language/zh Lang/zh ColorScheme/Light wwmver/3.26.500.650"
106.83.34.119 - - [09/Dec/2025:16:21:57 +0800] "GET /wp-content/uploads/2025/12/1765253089-20251209103501_96_61.webp HTTP/1.1" 304 0 "http://cqqizhou.com/2339/" "Mozilla/5.0 (Linux; Android 15; 2407FRK8EC Build/AP3A.240617.008; wv) AppleWebKit/537.36 (KHTML, like Gecko) Version/4.0 Chrome/138.0.7204.180 Mobile Safari/537.36 XWEB/1380275 MMWEBSDK/20250202 MMWEBID/9961 wxwork/5.0.0 MicroMessenger/7.0.1 NetType/4G Language/zh Lang/zh ColorScheme/Light wwmver/3.26.500.650"
106.83.34.119 - - [09/Dec/2025:16:21:57 +0800] "GET /wp-content/uploads/2025/12/1765249046-20251209104228_110_60.webp HTTP/1.1" 304 0 "http://cqqizhou.com/2339/" "Mozilla/5.0 (Linux; Android 15; 2407FRK8EC Build/AP3A.240617.008; wv) AppleWebKit/537.36 (KHTML, like Gecko) Version/4.0 Chrome/138.0.7204.180 Mobile Safari/537.36 XWEB/1380275 MMWEBSDK/20250202 MMWEBID/9961 wxwork/5.0.0 MicroMessenger/7.0.1 NetType/4G Language/zh Lang/zh ColorScheme/Light wwmver/3.26.500.650"
106.83.34.119 - - [09/Dec/2025:16:22:02 +0800] "GET /services/ HTTP/1.1" 200 25815 "http://cqqizhou.com/2339/" "Mozilla/5.0 (Linux; Android 15; 2407FRK8EC Build/AP3A.240617.008; wv) AppleWebKit/537.36 (KHTML, like Gecko) Version/4.0 Chrome/138.0.7204.180 Mobile Safari/537.36 XWEB/1380275 MMWEBSDK/20250202 MMWEBID/9961 wxwork/5.0.0 MicroMessenger/7.0.1 NetType/4G Language/zh Lang/zh ColorScheme/Light wwmver/3.26.500.650"
106.83.34.119 - - [09/Dec/2025:16:22:02 +0800] "GET /wp-content/uploads/2025/07/1751829518-Precision-processing-services800x500.webp HTTP/1.1" 200 28964 "http://cqqizhou.com/services/" "Mozilla/5.0 (Linux; Android 15; 2407FRK8EC Build/AP3A.240617.008; wv) AppleWebKit/537.36 (KHTML, like Gecko) Version/4.0 Chrome/138.0.7204.180 Mobile Safari/537.36 XWEB/1380275 MMWEBSDK/20250202 MMWEBID/9961 wxwork/5.0.0 MicroMessenger/7.0.1 NetType/4G Language/zh Lang/zh ColorScheme/Light wwmver/3.26.500.650"
106.83.34.119 - - [09/Dec/2025:16:22:02 +0800] "GET /wp-content/uploads/2025/12/1764853155-ISO2-731x1024.webp HTTP/1.1" 200 91446 "http://cqqizhou.com/services/" "Mozilla/5.0 (Linux; Android 15; 2407FRK8EC Build/AP3A.240617.008; wv) AppleWebKit/537.36 (KHTML, like Gecko) Version/4.0 Chrome/138.0.7204.180 Mobile Safari/537.36 XWEB/1380275 MMWEBSDK/20250202 MMWEBID/9961 wxwork/5.0.0 MicroMessenger/7.0.1 NetType/4G Language/zh Lang/zh ColorScheme/Light wwmver/3.26.500.650"
106.83.34.119 - - [09/Dec/2025:16:22:02 +0800] "GET /wp-content/uploads/2025/12/1764853157-ISO3-731x1024.webp HTTP/1.1" 200 105856 "http://cqqizhou.com/services/" "Mozilla/5.0 (Linux; Android 15; 2407FRK8EC Build/AP3A.240617.008; wv) AppleWebKit/537.36 (KHTML, like Gecko) Version/4.0 Chrome/138.0.7204.180 Mobile Safari/537.36 XWEB/1380275 MMWEBSDK/20250202 MMWEBID/9961 wxwork/5.0.0 MicroMessenger/7.0.1 NetType/4G Language/zh Lang/zh ColorScheme/Light wwmver/3.26.500.650"
123.147.252.97 - - [09/Dec/2025:16:22:06 +0800] "GET /wp-content/uploads/2025/12/1765249046-20251209104228_110_60.webp HTTP/1.1" 200 64834 "http://cqqizhou.com/2339/" "Mozilla/5.0 (iPhone; CPU iPhone OS 18_6_2 like Mac OS X) AppleWebKit/605.1.15 (KHTML, like Gecko) Mobile/15E148 wxwork/5.0.2 MicroMessenger/7.0.1 Language/zh ColorScheme/Light wwmver/3.26.502.378"
106.83.34.119 - - [09/Dec/2025:16:22:09 +0800] "GET /services/ HTTP/1.1" 200 25815 "http://cqqizhou.com/services/" "Mozilla/5.0 (Linux; Android 15; 2407FRK8EC Build/AP3A.240617.008; wv) AppleWebKit/537.36 (KHTML, like Gecko) Version/4.0 Chrome/138.0.7204.180 Mobile Safari/537.36 XWEB/1380275 MMWEBSDK/20250202 MMWEBID/9961 wxwork/5.0.0 MicroMessenger/7.0.1 NetType/4G Language/zh Lang/zh ColorScheme/Light wwmver/3.26.500.650"
106.83.34.119 - - [09/Dec/2025:16:22:22 +0800] "GET /wp-content/uploads/2025/07/1751829454-Smart-warehousing800x500.webp HTTP/1.1" 200 79504 "http://cqqizhou.com/services/" "Mozilla/5.0 (Linux; Android 15; 2407FRK8EC Build/AP3A.240617.008; wv) AppleWebKit/537.36 (KHTML, like Gecko) Version/4.0 Chrome/138.0.7204.180 Mobile Safari/537.36 XWEB/1380275 MMWEBSDK/20250202 MMWEBID/9961 wxwork/5.0.0 MicroMessenger/7.0.1 NetType/4G Language/zh Lang/zh ColorScheme/Light wwmver/3.26.500.650"
14.108.233.226 - - [09/Dec/2025:16:22:23 +0800] "GET /wp-admin/index.php HTTP/1.1" 200 60676 "-" "Mozilla/5.0 (Windows NT 10.0; Win64; x64) AppleWebKit/537.36 (KHTML, like Gecko) Chrome/142.0.0.0 Safari/537.36 Edg/142.0.0.0"
106.83.34.119 - - [09/Dec/2025:16:22:24 +0800] "GET /wp-content/uploads/2025/12/1764853152-ISO1-731x1024.webp HTTP/1.1" 200 111032 "http://cqqizhou.com/services/" "Mozilla/5.0 (Linux; Android 15; 2407FRK8EC Build/AP3A.240617.008; wv) AppleWebKit/537.36 (KHTML, like Gecko) Version/4.0 Chrome/138.0.7204.180 Mobile Safari/537.36 XWEB/1380275 MMWEBSDK/20250202 MMWEBID/9961 wxwork/5.0.0 MicroMessenger/7.0.1 NetType/4G Language/zh Lang/zh ColorScheme/Light wwmver/3.26.500.650"
14.108.233.226 - - [09/Dec/2025:16:22:26 +0800] "GET /wp-admin/admin.php?page=revslider HTTP/1.1" 200 156117 "http://cqqizhou.com/wp-admin/index.php" "Mozilla/5.0 (Windows NT 10.0; Win64; x64) AppleWebKit/537.36 (KHTML, like Gecko) Chrome/142.0.0.0 Safari/537.36 Edg/142.0.0.0"
14.108.233.226 - - [09/Dec/2025:16:22:26 +0800] "GET /wp-admin/load-styles.php?c=0&dir=ltr&load%5Bchunk_0%5D=dashicons,admin-bar,common,forms,admin-menu,dashboard,list-tables,edit,revisions,media,themes,about,nav-menus,wp-pointer,widgets&load%5Bchunk_1%5D=,site-icon,l10n,buttons,wp-auth-check,wp-jquery-ui-dialog,wp-color-picker,media-views&ver=6.8.3 HTTP/1.1" 200 110038 "http://cqqizhou.com/wp-admin/admin.php?page=revslider" "Mozilla/5.0 (Windows NT 10.0; Win64; x64) AppleWebKit/537.36 (KHTML, like Gecko) Chrome/142.0.0.0 Safari/537.36 Edg/142.0.0.0"
14.108.233.226 - - [09/Dec/2025:16:22:26 +0800] "GET /wp-admin/load-scripts.php?c=0&load%5Bchunk_0%5D=jquery-core,jquery-migrate,utils,wp-hooks&ver=6.8.3 HTTP/1.1" 200 36523 "http://cqqizhou.com/wp-admin/admin.php?page=revslider" "Mozilla/5.0 (Windows NT 10.0; Win64; x64) AppleWebKit/537.36 (KHTML, like Gecko) Chrome/142.0.0.0 Safari/537.36 Edg/142.0.0.0"
14.108.233.226 - - [09/Dec/2025:16:22:27 +0800] "GET /wp-admin/load-scripts.php?c=0&load%5Bchunk_0%5D=hoverIntent,wp-dom-ready&ver=6.8.3 HTTP/1.1" 200 944 "http://cqqizhou.com/wp-admin/admin.php?page=revslider" "Mozilla/5.0 (Windows NT 10.0; Win64; x64) AppleWebKit/537.36 (KHTML, like Gecko) Chrome/142.0.0.0 Safari/537.36 Edg/142.0.0.0"
14.108.233.226 - - [09/Dec/2025:16:22:48 +0800] "GET /wp-content/plugins/revslider/admin/views/features/assets/addonsvideo.mp4 HTTP/1.1" 206 288751 "http://cqqizhou.com/wp-admin/admin.php?page=revslider" "Mozilla/5.0 (Windows NT 10.0; Win64; x64) AppleWebKit/537.36 (KHTML, like Gecko) Chrome/142.0.0.0 Safari/537.36 Edg/142.0.0.0"
14.108.233.226 - - [09/Dec/2025:16:22:48 +0800] "GET /wp-content/plugins/revslider/admin/views/features/assets/templatesvideo.mp4 HTTP/1.1" 206 615471 "http://cqqizhou.com/wp-admin/admin.php?page=revslider" "Mozilla/5.0 (Windows NT 10.0; Win64; x64) AppleWebKit/537.36 (KHTML, like Gecko) Chrome/142.0.0.0 Safari/537.36 Edg/142.0.0.0"
14.108.233.226 - - [09/Dec/2025:16:22:48 +0800] "GET /wp-content/plugins/revslider/admin/views/features/assets/templatesvideo.mp4 HTTP/1.1" 206 58415 "http://cqqizhou.com/wp-admin/admin.php?page=revslider" "Mozilla/5.0 (Windows NT 10.0; Win64; x64) AppleWebKit/537.36 (KHTML, like Gecko) Chrome/142.0.0.0 Safari/537.36 Edg/142.0.0.0"
14.108.233.226 - - [09/Dec/2025:16:22:48 +0800] "GET /wp-content/plugins/revslider/admin/views/features/assets/library_video.mp4 HTTP/1.1" 206 282385 "http://cqqizhou.com/wp-admin/admin.php?page=revslider" "Mozilla/5.0 (Windows NT 10.0; Win64; x64) AppleWebKit/537.36 (KHTML, like Gecko) Chrome/142.0.0.0 Safari/537.36 Edg/142.0.0.0"
14.108.233.226 - - [09/Dec/2025:16:22:48 +0800] "GET /wp-content/plugins/revslider/admin/views/features/assets/templatesvideo.mp4 HTTP/1.1" 206 58415 "http://cqqizhou.com/wp-admin/admin.php?page=revslider" "Mozilla/5.0 (Windows NT 10.0; Win64; x64) AppleWebKit/537.36 (KHTML, like Gecko) Chrome/142.0.0.0 Safari/537.36 Edg/142.0.0.0"
14.108.233.226 - - [09/Dec/2025:16:22:48 +0800] "GET /wp-content/plugins/revslider/admin/views/features/assets/supportvideo-1.mp4 HTTP/1.1" 206 196850 "http://cqqizhou.com/wp-admin/admin.php?page=revslider" "Mozilla/5.0 (Windows NT 10.0; Win64; x64) AppleWebKit/537.36 (KHTML, like Gecko) Chrome/142.0.0.0 Safari/537.36 Edg/142.0.0.0"
14.108.233.226 - - [09/Dec/2025:16:22:48 +0800] "GET /wp-content/plugins/revslider/admin/views/features/assets/library_video.mp4 HTTP/1.1" 206 20241 "http://cqqizhou.com/wp-admin/admin.php?page=revslider" "Mozilla/5.0 (Windows NT 10.0; Win64; x64) AppleWebKit/537.36 (KHTML, like Gecko) Chrome/142.0.0.0 Safari/537.36 Edg/142.0.0.0"
14.108.233.226 - - [09/Dec/2025:16:22:48 +0800] "GET /wp-content/plugins/revslider/admin/views/features/assets/library_video.mp4 HTTP/1.1" 206 20241 "http://cqqizhou.com/wp-admin/admin.php?page=revslider" "Mozilla/5.0 (Windows NT 10.0; Win64; x64) AppleWebKit/537.36 (KHTML, like Gecko) Chrome/142.0.0.0 Safari/537.36 Edg/142.0.0.0"
14.108.233.226 - - [09/Dec/2025:16:22:48 +0800] "GET /wp-content/plugins/revslider/admin/views/features/assets/library_video.mp4 HTTP/1.1" 206 111616 "http://cqqizhou.com/wp-admin/admin.php?page=revslider" "Mozilla/5.0 (Windows NT 10.0; Win64; x64) AppleWebKit/537.36 (KHTML, like Gecko) Chrome/142.0.0.0 Safari/537.36 Edg/142.0.0.0"
14.108.233.226 - - [09/Dec/2025:16:22:48 +0800] "GET /wp-content/plugins/revslider/admin/views/features/assets/library_video.mp4 HTTP/1.1" 206 785 "http://cqqizhou.com/wp-admin/admin.php?page=revslider" "Mozilla/5.0 (Windows NT 10.0; Win64; x64) AppleWebKit/537.36 (KHTML, like Gecko) Chrome/142.0.0.0 Safari/537.36 Edg/142.0.0.0"
36.133.115.36 - - [09/Dec/2025:16:22:53 +0800] "POST /wp-cron.php?doing_wp_cron=1765268573.0159659385681152343750 HTTP/1.1" 200 31 "-" "WordPress/6.8.3; http://cqqizhou.com"
14.108.233.226 - - [09/Dec/2025:16:22:53 +0800] "GET /wp-admin/admin.php?page=revslider&view=slide&id=1 HTTP/1.1" 200 211264 "http://cqqizhou.com/wp-admin/admin.php?page=revslider" "Mozilla/5.0 (Windows NT 10.0; Win64; x64) AppleWebKit/537.36 (KHTML, like Gecko) Chrome/142.0.0.0 Safari/537.36 Edg/142.0.0.0"
106.83.34.119 - - [09/Dec/2025:16:23:00 +0800] "GET /wp-content/uploads/2025/07/1753405252-Services_Banner2000%C3%97400px2.webp HTTP/1.1" 200 23730 "http://cqqizhou.com/wp-content/uploads/elementor/css/post-1659.css?ver=1765192366" "Mozilla/5.0 (Linux; Android 15; 2407FRK8EC Build/AP3A.240617.008; wv) AppleWebKit/537.36 (KHTML, like Gecko) Version/4.0 Chrome/138.0.7204.180 Mobile Safari/537.36 XWEB/1380275 MMWEBSDK/20250202 MMWEBID/9961 wxwork/5.0.0 MicroMessenger/7.0.1 NetType/4G Language/zh Lang/zh ColorScheme/Light wwmver/3.26.500.650"
106.87.124.32 - - [09/Dec/2025:16:23:05 +0800] "GET /2214/ HTTP/1.1" 200 21359 "http://cqqizhou.com/2215/" "Mozilla/5.0 (iPhone; CPU iPhone OS 18_7 like Mac OS X) AppleWebKit/605.1.15 (KHTML, like Gecko) Mobile/15E148 MicroMessenger/8.0.60(0x18003c32) NetType/4G Language/zh_CN"
106.87.124.32 - - [09/Dec/2025:16:23:06 +0800] "GET /2214/ HTTP/1.1" 200 21359 "http://cqqizhou.com/2215/" "Mozilla/5.0 (iPhone; CPU iPhone OS 18_7 like Mac OS X) AppleWebKit/605.1.15 (KHTML, like Gecko) Mobile/15E148 MicroMessenger/8.0.60(0x18003c32) NetType/4G Language/zh_CN"
106.87.124.32 - - [09/Dec/2025:16:23:06 +0800] "GET /wp-content/uploads/2025/07/1753455746-DSC01472-150x150.webp HTTP/1.1" 200 4760 "http://cqqizhou.com/2214/" "Mozilla/5.0 (iPhone; CPU iPhone OS 18_7 like Mac OS X) AppleWebKit/605.1.15 (KHTML, like Gecko) Mobile/15E148 MicroMessenger/8.0.60(0x18003c32) NetType/4G Language/zh_CN"
106.87.124.32 - - [09/Dec/2025:16:23:06 +0800] "GET /wp-content/uploads/2025/08/1755826390-DSC01765.webp HTTP/1.1" 200 71514 "http://cqqizhou.com/2214/" "Mozilla/5.0 (iPhone; CPU iPhone OS 18_7 like Mac OS X) AppleWebKit/605.1.15 (KHTML, like Gecko) Mobile/15E148 MicroMessenger/8.0.60(0x18003c32) NetType/4G Language/zh_CN"
106.87.124.32 - - [09/Dec/2025:16:23:06 +0800] "GET /wp-content/uploads/2025/08/1755826456-DSC01841-150x150.webp HTTP/1.1" 200 9850 "http://cqqizhou.com/2214/" "Mozilla/5.0 (iPhone; CPU iPhone OS 18_7 like Mac OS X) AppleWebKit/605.1.15 (KHTML, like Gecko) Mobile/15E148 MicroMessenger/8.0.60(0x18003c32) NetType/4G Language/zh_CN"
39.144.224.183 - - [09/Dec/2025:16:23:06 +0800] "GET /2339/ HTTP/1.1" 200 20654 "-" "Mozilla/5.0 (Linux; Android 12; PLA-AL10 Build/HUAWEIPLA-AL10; wv) AppleWebKit/537.36 (KHTML, like Gecko) Version/4.0 Chrome/142.0.7444.172 Mobile Safari/537.36 XWEB/1420045 MMWEBSDK/20251006 MMWEBID/9393 MicroMessenger/8.0.66.2980(0x28004234) WeChat/arm64 Weixin NetType/4G Language/zh_CN ABI/arm64"
39.144.224.183 - - [09/Dec/2025:16:23:06 +0800] "GET /wp-content/uploads/2025/12/1765253089-20251209103501_96_61.webp HTTP/1.1" 200 37758 "http://cqqizhou.com/2339/" "Mozilla/5.0 (Linux; Android 12; PLA-AL10 Build/HUAWEIPLA-AL10; wv) AppleWebKit/537.36 (KHTML, like Gecko) Version/4.0 Chrome/142.0.7444.172 Mobile Safari/537.36 XWEB/1420045 MMWEBSDK/20251006 MMWEBID/9393 MicroMessenger/8.0.66.2980(0x28004234) WeChat/arm64 Weixin NetType/4G Language/zh_CN ABI/arm64"
39.144.224.183 - - [09/Dec/2025:16:23:06 +0800] "GET /wp-content/uploads/2025/12/1765248735-20251209104226_108_60.webp HTTP/1.1" 200 55962 "http://cqqizhou.com/2339/" "Mozilla/5.0 (Linux; Android 12; PLA-AL10 Build/HUAWEIPLA-AL10; wv) AppleWebKit/537.36 (KHTML, like Gecko) Version/4.0 Chrome/142.0.7444.172 Mobile Safari/537.36 XWEB/1420045 MMWEBSDK/20251006 MMWEBID/9393 MicroMessenger/8.0.66.2980(0x28004234) WeChat/arm64 Weixin NetType/4G Language/zh_CN ABI/arm64"
39.144.224.183 - - [09/Dec/2025:16:23:06 +0800] "GET /wp-content/uploads/2025/12/1765248770-20251209104226_107_60.webp HTTP/1.1" 200 66916 "http://cqqizhou.com/2339/" "Mozilla/5.0 (Linux; Android 12; PLA-AL10 Build/HUAWEIPLA-AL10; wv) AppleWebKit/537.36 (KHTML, like Gecko) Version/4.0 Chrome/142.0.7444.172 Mobile Safari/537.36 XWEB/1420045 MMWEBSDK/20251006 MMWEBID/9393 MicroMessenger/8.0.66.2980(0x28004234) WeChat/arm64 Weixin NetType/4G Language/zh_CN ABI/arm64"
39.144.224.183 - - [09/Dec/2025:16:23:07 +0800] "GET /wp-content/uploads/2025/09/1756868614-20250903104654_74_5-150x150.webp HTTP/1.1" 200 5712 "http://cqqizhou.com/2339/" "Mozilla/5.0 (Linux; Android 12; PLA-AL10 Build/HUAWEIPLA-AL10; wv) AppleWebKit/537.36 (KHTML, like Gecko) Version/4.0 Chrome/142.0.7444.172 Mobile Safari/537.36 XWEB/1420045 MMWEBSDK/20251006 MMWEBID/9393 MicroMessenger/8.0.66.2980(0x28004234) WeChat/arm64 Weixin NetType/4G Language/zh_CN ABI/arm64"
39.144.224.183 - - [09/Dec/2025:16:23:07 +0800] "GET /wp-content/uploads/2025/09/1756868614-20250903104654_74_5.webp HTTP/1.1" 200 47858 "http://cqqizhou.com/2339/" "Mozilla/5.0 (Linux; Android 12; PLA-AL10 Build/HUAWEIPLA-AL10; wv) AppleWebKit/537.36 (KHTML, like Gecko) Version/4.0 Chrome/142.0.7444.172 Mobile Safari/537.36 XWEB/1420045 MMWEBSDK/20251006 MMWEBID/9393 MicroMessenger/8.0.66.2980(0x28004234) WeChat/arm64 Weixin NetType/4G Language/zh_CN ABI/arm64"
39.144.224.183 - - [09/Dec/2025:16:23:07 +0800] "GET /wp-content/uploads/2025/07/1753410289-News2000%C3%97400_202571.webp HTTP/1.1" 200 17830 "http://cqqizhou.com/2339/" "Mozilla/5.0 (Linux; Android 12; PLA-AL10 Build/HUAWEIPLA-AL10; wv) AppleWebKit/537.36 (KHTML, like Gecko) Version/4.0 Chrome/142.0.7444.172 Mobile Safari/537.36 XWEB/1420045 MMWEBSDK/20251006 MMWEBID/9393 MicroMessenger/8.0.66.2980(0x28004234) WeChat/arm64 Weixin NetType/4G Language/zh_CN ABI/arm64"
39.144.224.183 - - [09/Dec/2025:16:23:07 +0800] "GET /wp-content/uploads/2025/12/1765249046-20251209104228_110_60.webp HTTP/1.1" 200 64834 "http://cqqizhou.com/2339/" "Mozilla/5.0 (Linux; Android 12; PLA-AL10 Build/HUAWEIPLA-AL10; wv) AppleWebKit/537.36 (KHTML, like Gecko) Version/4.0 Chrome/142.0.7444.172 Mobile Safari/537.36 XWEB/1420045 MMWEBSDK/20251006 MMWEBID/9393 MicroMessenger/8.0.66.2980(0x28004234) WeChat/arm64 Weixin NetType/4G Language/zh_CN ABI/arm64"
39.144.224.183 - - [09/Dec/2025:16:23:07 +0800] "GET /wp-content/uploads/2025/08/1755826456-DSC01841.webp HTTP/1.1" 200 87046 "http://cqqizhou.com/2339/" "Mozilla/5.0 (Linux; Android 12; PLA-AL10 Build/HUAWEIPLA-AL10; wv) AppleWebKit/537.36 (KHTML, like Gecko) Version/4.0 Chrome/142.0.7444.172 Mobile Safari/537.36 XWEB/1420045 MMWEBSDK/20251006 MMWEBID/9393 MicroMessenger/8.0.66.2980(0x28004234) WeChat/arm64 Weixin NetType/4G Language/zh_CN ABI/arm64"
39.144.224.183 - - [09/Dec/2025:16:23:07 +0800] "GET /wp-content/uploads/2025/07/1751425283-qizhou.kf_.qq_.com_.webp HTTP/1.1" 200 16864 "http://cqqizhou.com/2339/" "Mozilla/5.0 (Linux; Android 12; PLA-AL10 Build/HUAWEIPLA-AL10; wv) AppleWebKit/537.36 (KHTML, like Gecko) Version/4.0 Chrome/142.0.7444.172 Mobile Safari/537.36 XWEB/1420045 MMWEBSDK/20251006 MMWEBID/9393 MicroMessenger/8.0.66.2980(0x28004234) WeChat/arm64 Weixin NetType/4G Language/zh_CN ABI/arm64"
14.108.233.226 - - [09/Dec/2025:16:23:15 +0800] "POST /wp-admin/admin-ajax.php HTTP/1.1" 200 6678 "http://cqqizhou.com/wp-admin/admin.php?page=revslider&view=slide&id=1" "Mozilla/5.0 (Windows NT 10.0; Win64; x64) AppleWebKit/537.36 (KHTML, like Gecko) Chrome/142.0.0.0 Safari/537.36 Edg/142.0.0.0"
